[dinesh@ve0518 debug]$ ./start-master.sh && ./start-tserver0.sh && ./start-tserver1.sh && ./start-tserver2.sh
I0825 15:14:24.117295 6364 mem_tracker.cc:137] MemTracker: hard memory limit is 75.496170 GB
I0825 15:14:24.117410 6364 mem_tracker.cc:139] MemTracker: soft memory limit is 45.297703 GB
I0825 15:14:24.117377 6366 mem_tracker.cc:137] MemTracker: hard memory limit is 75.496170 GB
I0825 15:14:24.117465 6366 mem_tracker.cc:139] MemTracker: soft memory limit is 45.297703 GB
I0825 15:14:24.121318 6364 master_main.cc:58] Initializing master server...
I0825 15:14:24.121325 6366 tablet_server_main.cc:54] Initializing tablet server...
I0825 15:14:24.121762 6364 hybrid_clock.cc:178] HybridClock initialized. Resolution in nanos?: 1 Wait times tolerance adjustment: 1.0005 Current error: 461841
I0825 15:14:24.122143 6366 hybrid_clock.cc:178] HybridClock initialized. Resolution in nanos?: 1 Wait times tolerance adjustment: 1.0005 Current error: 461841
I0825 15:14:24.122738 6370 mem_tracker.cc:137] MemTracker: hard memory limit is 75.496170 GB
I0825 15:14:24.122738 6368 mem_tracker.cc:137] MemTracker: hard memory limit is 75.496170 GB
I0825 15:14:24.122891 6370 mem_tracker.cc:139] MemTracker: soft memory limit is 45.297703 GB
I0825 15:14:24.122894 6368 mem_tracker.cc:139] MemTracker: soft memory limit is 45.297703 GB
I0825 15:14:24.125963 6366 fs_manager.cc:242] Opened local filesystem: /tmp/kudutest-4519/create-table-itest.CreateTableITest.TestSpreadReplicasEvenly.1472161943177725-27674/minicluster-data/ts-0 uuid: "d9caa1baaef84124a4a530b35945fad3" format_stamp: "Formatted at 2016-08-25 21:52:23 on ve0518.halxg.cloudera.com"
I0825 15:14:24.127140 6368 tablet_server_main.cc:54] Initializing tablet server...
I0825 15:14:24.127140 6370 tablet_server_main.cc:54] Initializing tablet server...
I0825 15:14:24.127604 6364 fs_manager.cc:242] Opened local filesystem: /tmp/kudutest-4519/create-table-itest.CreateTableITest.TestSpreadReplicasEvenly.1472161943177725-27674/minicluster-data/master-0 uuid: "3b313b752ce844209ce84009c91c94df" format_stamp: "Formatted at 2016-08-25 21:52:23 on ve0518.halxg.cloudera.com"
I0825 15:14:24.128062 6370 hybrid_clock.cc:178] HybridClock initialized. Resolution in nanos?: 1 Wait times tolerance adjustment: 1.0005 Current error: 461841
I0825 15:14:24.128064 6368 hybrid_clock.cc:178] HybridClock initialized. Resolution in nanos?: 1 Wait times tolerance adjustment: 1.0005 Current error: 461841
I0825 15:14:24.130220 6366 ts_tablet_manager.cc:609] Loading metadata for tablet f32f6e0b1f354643b6b030599a359fa6
I0825 15:14:24.131731 6366 ts_tablet_manager.cc:609] Loading metadata for tablet 17aec689be0047b987494787029f6e08
I0825 15:14:24.131948 6366 ts_tablet_manager.cc:609] Loading metadata for tablet 1f7a6bd64c604f7fada909bd575708cd
I0825 15:14:24.132118 6368 fs_manager.cc:242] Opened local filesystem: /tmp/kudutest-4519/create-table-itest.CreateTableITest.TestSpreadReplicasEvenly.1472161943177725-27674/minicluster-data/ts-1 uuid: "92f34d06b19146db82cf42701d2363c5" format_stamp: "Formatted at 2016-08-25 21:52:23 on ve0518.halxg.cloudera.com"
I0825 15:14:24.132118 6370 fs_manager.cc:242] Opened local filesystem: /tmp/kudutest-4519/create-table-itest.CreateTableITest.TestSpreadReplicasEvenly.1472161943177725-27674/minicluster-data/ts-2 uuid: "401cb2671e94452f87838515c7408bdc" format_stamp: "Formatted at 2016-08-25 21:52:23 on ve0518.halxg.cloudera.com"
I0825 15:14:24.132344 6366 ts_tablet_manager.cc:765] Registered tablet f32f6e0b1f354643b6b030599a359fa6
I0825 15:14:24.132587 6366 ts_tablet_manager.cc:765] Registered tablet 17aec689be0047b987494787029f6e08
I0825 15:14:24.132638 6395 ts_tablet_manager.cc:633] T f32f6e0b1f354643b6b030599a359fa6 P d9caa1baaef84124a4a530b35945fad3: Bootstrapping tablet
I0825 15:14:24.132642 6366 ts_tablet_manager.cc:765] Registered tablet 1f7a6bd64c604f7fada909bd575708cd
I0825 15:14:24.132822 6366 tablet_server_main.cc:57] Starting tablet server...
I0825 15:14:24.133164 6395 tablet_bootstrap.cc:394] T f32f6e0b1f354643b6b030599a359fa6 P d9caa1baaef84124a4a530b35945fad3: Bootstrap starting.
I0825 15:14:24.133496 6364 master_main.cc:61] Starting Master server...
I0825 15:14:24.135030 6395 tablet_bootstrap.cc:554] T f32f6e0b1f354643b6b030599a359fa6 P d9caa1baaef84124a4a530b35945fad3: Time spent opening tablet: real 0.001s user 0.001s sys 0.000s
I0825 15:14:24.135228 6395 tablet_bootstrap.cc:610] T f32f6e0b1f354643b6b030599a359fa6 P d9caa1baaef84124a4a530b35945fad3: Will attempt to recover log segment /tmp/kudutest-4519/create-table-itest.CreateTableITest.TestSpreadReplicasEvenly.1472161943177725-27674/minicluster-data/ts-0/wals/f32f6e0b1f354643b6b030599a359fa6/wal-000000001 to /tmp/kudutest-4519/create-table-itest.CreateTableITest.TestSpreadReplicasEvenly.1472161943177725-27674/minicluster-data/ts-0/wals/f32f6e0b1f354643b6b030599a359fa6.recovery/wal-000000001
I0825 15:14:24.135248 6395 tablet_bootstrap.cc:618] T f32f6e0b1f354643b6b030599a359fa6 P d9caa1baaef84124a4a530b35945fad3: Moving log directory /tmp/kudutest-4519/create-table-itest.CreateTableITest.TestSpreadReplicasEvenly.1472161943177725-27674/minicluster-data/ts-0/wals/f32f6e0b1f354643b6b030599a359fa6 to recovery directory /tmp/kudutest-4519/create-table-itest.CreateTableITest.TestSpreadReplicasEvenly.1472161943177725-27674/minicluster-data/ts-0/wals/f32f6e0b1f354643b6b030599a359fa6.recovery in preparation for log replay
W0825 15:14:24.135803 6395 log_util.cc:311] Could not read footer for segment: /tmp/kudutest-4519/create-table-itest.CreateTableITest.TestSpreadReplicasEvenly.1472161943177725-27674/minicluster-data/ts-0/wals/f32f6e0b1f354643b6b030599a359fa6.recovery/wal-000000001: Not found: Footer not found. Footer magic doesn't match
I0825 15:14:24.135830 6395 log_reader.cc:152] Log segment /tmp/kudutest-4519/create-table-itest.CreateTableITest.TestSpreadReplicasEvenly.1472161943177725-27674/minicluster-data/ts-0/wals/f32f6e0b1f354643b6b030599a359fa6.recovery/wal-000000001 was likely left in-progress after a previous crash. Will try to rebuild footer by scanning data.
I0825 15:14:24.135982 6395 log_util.cc:569] Scanning /tmp/kudutest-4519/create-table-itest.CreateTableITest.TestSpreadReplicasEvenly.1472161943177725-27674/minicluster-data/ts-0/wals/f32f6e0b1f354643b6b030599a359fa6.recovery/wal-000000001 for valid entry headers following offset 142...
I0825 15:14:24.136854 6370 ts_tablet_manager.cc:609] Loading metadata for tablet f32f6e0b1f354643b6b030599a359fa6
I0825 15:14:24.136862 6368 ts_tablet_manager.cc:609] Loading metadata for tablet f32f6e0b1f354643b6b030599a359fa6
I0825 15:14:24.137724 6364 rpc_server.cc:164] RPC server started. Bound to: 127.0.0.1:57007
I0825 15:14:24.138031 6364 webserver.cc:122] Starting webserver on localhost:0
I0825 15:14:24.138046 6364 webserver.cc:133] Document root disabled
I0825 15:14:24.138447 6364 net_util.cc:183] Address 127.0.0.1:0 for localhost:0 duplicates an earlier resolved entry.
I0825 15:14:24.138464 6368 ts_tablet_manager.cc:609] Loading metadata for tablet 17aec689be0047b987494787029f6e08
I0825 15:14:24.138465 6370 ts_tablet_manager.cc:609] Loading metadata for tablet 17aec689be0047b987494787029f6e08
I0825 15:14:24.138736 6370 ts_tablet_manager.cc:609] Loading metadata for tablet 1f7a6bd64c604f7fada909bd575708cd
I0825 15:14:24.138737 6368 ts_tablet_manager.cc:609] Loading metadata for tablet 1f7a6bd64c604f7fada909bd575708cd
I0825 15:14:24.138751 6364 webserver.cc:216] Webserver started. Bound to: http://127.0.0.1:52504/
I0825 15:14:24.139219 6370 ts_tablet_manager.cc:765] Registered tablet f32f6e0b1f354643b6b030599a359fa6
I0825 15:14:24.139219 6368 ts_tablet_manager.cc:765] Registered tablet f32f6e0b1f354643b6b030599a359fa6
I0825 15:14:24.139269 6364 server_base.cc:234] Dumped server information to /tmp/kudutest-4519/create-table-itest.CreateTableITest.TestSpreadReplicasEvenly.1472161943177725-27674/minicluster-data/master-0/info.pb
I0825 15:14:24.139502 6370 ts_tablet_manager.cc:765] Registered tablet 17aec689be0047b987494787029f6e08
I0825 15:14:24.139508 6512 ts_tablet_manager.cc:633] T f32f6e0b1f354643b6b030599a359fa6 P 92f34d06b19146db82cf42701d2363c5: Bootstrapping tablet
I0825 15:14:24.139549 6368 ts_tablet_manager.cc:765] Registered tablet 17aec689be0047b987494787029f6e08
I0825 15:14:24.139583 6513 ts_tablet_manager.cc:633] T f32f6e0b1f354643b6b030599a359fa6 P 401cb2671e94452f87838515c7408bdc: Bootstrapping tablet
I0825 15:14:24.139614 6368 ts_tablet_manager.cc:765] Registered tablet 1f7a6bd64c604f7fada909bd575708cd
I0825 15:14:24.139629 6370 ts_tablet_manager.cc:765] Registered tablet 1f7a6bd64c604f7fada909bd575708cd
I0825 15:14:24.139761 6368 tablet_server_main.cc:57] Starting tablet server...
I0825 15:14:24.139818 6370 tablet_server_main.cc:57] Starting tablet server...
I0825 15:14:24.139924 6512 tablet_bootstrap.cc:394] T f32f6e0b1f354643b6b030599a359fa6 P 92f34d06b19146db82cf42701d2363c5: Bootstrap starting.
I0825 15:14:24.140028 6513 tablet_bootstrap.cc:394] T f32f6e0b1f354643b6b030599a359fa6 P 401cb2671e94452f87838515c7408bdc: Bootstrap starting.
I0825 15:14:24.141216 6512 tablet_bootstrap.cc:554] T f32f6e0b1f354643b6b030599a359fa6 P 92f34d06b19146db82cf42701d2363c5: Time spent opening tablet: real 0.000s user 0.001s sys 0.000s
I0825 15:14:24.141379 6512 tablet_bootstrap.cc:610] T f32f6e0b1f354643b6b030599a359fa6 P 92f34d06b19146db82cf42701d2363c5: Will attempt to recover log segment /tmp/kudutest-4519/create-table-itest.CreateTableITest.TestSpreadReplicasEvenly.1472161943177725-27674/minicluster-data/ts-1/wals/f32f6e0b1f354643b6b030599a359fa6/wal-000000001 to /tmp/kudutest-4519/create-table-itest.CreateTableITest.TestSpreadReplicasEvenly.1472161943177725-27674/minicluster-data/ts-1/wals/f32f6e0b1f354643b6b030599a359fa6.recovery/wal-000000001
I0825 15:14:24.141398 6512 tablet_bootstrap.cc:618] T f32f6e0b1f354643b6b030599a359fa6 P 92f34d06b19146db82cf42701d2363c5: Moving log directory /tmp/kudutest-4519/create-table-itest.CreateTableITest.TestSpreadReplicasEvenly.1472161943177725-27674/minicluster-data/ts-1/wals/f32f6e0b1f354643b6b030599a359fa6 to recovery directory /tmp/kudutest-4519/create-table-itest.CreateTableITest.TestSpreadReplicasEvenly.1472161943177725-27674/minicluster-data/ts-1/wals/f32f6e0b1f354643b6b030599a359fa6.recovery in preparation for log replay
I0825 15:14:24.141445 6513 tablet_bootstrap.cc:554] T f32f6e0b1f354643b6b030599a359fa6 P 401cb2671e94452f87838515c7408bdc: Time spent opening tablet: real 0.001s user 0.000s sys 0.000s
I0825 15:14:24.141609 6513 tablet_bootstrap.cc:610] T f32f6e0b1f354643b6b030599a359fa6 P 401cb2671e94452f87838515c7408bdc: Will attempt to recover log segment /tmp/kudutest-4519/create-table-itest.CreateTableITest.TestSpreadReplicasEvenly.1472161943177725-27674/minicluster-data/ts-2/wals/f32f6e0b1f354643b6b030599a359fa6/wal-000000001 to /tmp/kudutest-4519/create-table-itest.CreateTableITest.TestSpreadReplicasEvenly.1472161943177725-27674/minicluster-data/ts-2/wals/f32f6e0b1f354643b6b030599a359fa6.recovery/wal-000000001
I0825 15:14:24.141629 6513 tablet_bootstrap.cc:618] T f32f6e0b1f354643b6b030599a359fa6 P 401cb2671e94452f87838515c7408bdc: Moving log directory /tmp/kudutest-4519/create-table-itest.CreateTableITest.TestSpreadReplicasEvenly.1472161943177725-27674/minicluster-data/ts-2/wals/f32f6e0b1f354643b6b030599a359fa6 to recovery directory /tmp/kudutest-4519/create-table-itest.CreateTableITest.TestSpreadReplicasEvenly.1472161943177725-27674/minicluster-data/ts-2/wals/f32f6e0b1f354643b6b030599a359fa6.recovery in preparation for log replay
W0825 15:14:24.141856 6512 log_util.cc:311] Could not read footer for segment: /tmp/kudutest-4519/create-table-itest.CreateTableITest.TestSpreadReplicasEvenly.1472161943177725-27674/minicluster-data/ts-1/wals/f32f6e0b1f354643b6b030599a359fa6.recovery/wal-000000001: Not found: Footer not found. Footer magic doesn't match
I0825 15:14:24.141885 6512 log_reader.cc:152] Log segment /tmp/kudutest-4519/create-table-itest.CreateTableITest.TestSpreadReplicasEvenly.1472161943177725-27674/minicluster-data/ts-1/wals/f32f6e0b1f354643b6b030599a359fa6.recovery/wal-000000001 was likely left in-progress after a previous crash. Will try to rebuild footer by scanning data.
W0825 15:14:24.142097 6513 log_util.cc:311] Could not read footer for segment: /tmp/kudutest-4519/create-table-itest.CreateTableITest.TestSpreadReplicasEvenly.1472161943177725-27674/minicluster-data/ts-2/wals/f32f6e0b1f354643b6b030599a359fa6.recovery/wal-000000001: Not found: Footer not found. Footer magic doesn't match
I0825 15:14:24.142120 6513 log_reader.cc:152] Log segment /tmp/kudutest-4519/create-table-itest.CreateTableITest.TestSpreadReplicasEvenly.1472161943177725-27674/minicluster-data/ts-2/wals/f32f6e0b1f354643b6b030599a359fa6.recovery/wal-000000001 was likely left in-progress after a previous crash. Will try to rebuild footer by scanning data.
I0825 15:14:24.142148 6516 tablet_bootstrap.cc:394] T 00000000000000000000000000000000 P 3b313b752ce844209ce84009c91c94df: Bootstrap starting.
I0825 15:14:24.142221 6513 log_util.cc:569] Scanning /tmp/kudutest-4519/create-table-itest.CreateTableITest.TestSpreadReplicasEvenly.1472161943177725-27674/minicluster-data/ts-2/wals/f32f6e0b1f354643b6b030599a359fa6.recovery/wal-000000001 for valid entry headers following offset 142...
I0825 15:14:24.142807 6366 rpc_server.cc:164] RPC server started. Bound to: 127.108.26.0:37291
I0825 15:14:24.143075 6366 webserver.cc:122] Starting webserver on 127.108.26.0:0
I0825 15:14:24.143090 6366 webserver.cc:133] Document root disabled
I0825 15:14:24.143419 6366 webserver.cc:216] Webserver started. Bound to: http://127.108.26.0:38131/
I0825 15:14:24.143646 6512 log_util.cc:569] Scanning /tmp/kudutest-4519/create-table-itest.CreateTableITest.TestSpreadReplicasEvenly.1472161943177725-27674/minicluster-data/ts-1/wals/f32f6e0b1f354643b6b030599a359fa6.recovery/wal-000000001 for valid entry headers following offset 180...
I0825 15:14:24.143822 6366 server_base.cc:234] Dumped server information to /tmp/kudutest-4519/create-table-itest.CreateTableITest.TestSpreadReplicasEvenly.1472161943177725-27674/minicluster-data/ts-0/info.pb
I0825 15:14:24.144174 6366 tablet_server_main.cc:60] Tablet server successfully started.
I0825 15:14:24.145365 6516 tablet_bootstrap.cc:554] T 00000000000000000000000000000000 P 3b313b752ce844209ce84009c91c94df: Time spent opening tablet: real 0.002s user 0.002s sys 0.000s
I0825 15:14:24.145500 6516 tablet_bootstrap.cc:610] T 00000000000000000000000000000000 P 3b313b752ce844209ce84009c91c94df: Will attempt to recover log segment /tmp/kudutest-4519/create-table-itest.CreateTableITest.TestSpreadReplicasEvenly.1472161943177725-27674/minicluster-data/master-0/wals/00000000000000000000000000000000/wal-000000001 to /tmp/kudutest-4519/create-table-itest.CreateTableITest.TestSpreadReplicasEvenly.1472161943177725-27674/minicluster-data/master-0/wals/00000000000000000000000000000000.recovery/wal-000000001
I0825 15:14:24.145514 6516 tablet_bootstrap.cc:618] T 00000000000000000000000000000000 P 3b313b752ce844209ce84009c91c94df: Moving log directory /tmp/kudutest-4519/create-table-itest.CreateTableITest.TestSpreadReplicasEvenly.1472161943177725-27674/minicluster-data/master-0/wals/00000000000000000000000000000000 to recovery directory /tmp/kudutest-4519/create-table-itest.CreateTableITest.TestSpreadReplicasEvenly.1472161943177725-27674/minicluster-data/master-0/wals/00000000000000000000000000000000.recovery in preparation for log replay
W0825 15:14:24.145854 6516 log_util.cc:311] Could not read footer for segment: /tmp/kudutest-4519/create-table-itest.CreateTableITest.TestSpreadReplicasEvenly.1472161943177725-27674/minicluster-data/master-0/wals/00000000000000000000000000000000.recovery/wal-000000001: Not found: Footer not found. Footer magic doesn't match
I0825 15:14:24.145875 6516 log_reader.cc:152] Log segment /tmp/kudutest-4519/create-table-itest.CreateTableITest.TestSpreadReplicasEvenly.1472161943177725-27674/minicluster-data/master-0/wals/00000000000000000000000000000000.recovery/wal-000000001 was likely left in-progress after a previous crash. Will try to rebuild footer by scanning data.
I0825 15:14:24.147984 6620 heartbeater.cc:254] Connected to a leader master server at 127.0.0.1:57007
I0825 15:14:24.148020 6516 log_util.cc:569] Scanning /tmp/kudutest-4519/create-table-itest.CreateTableITest.TestSpreadReplicasEvenly.1472161943177725-27674/minicluster-data/master-0/wals/00000000000000000000000000000000.recovery/wal-000000001 for valid entry headers following offset 24088...
I0825 15:14:24.148069 6620 heartbeater.cc:319] Registering TS with master...
I0825 15:14:24.148126 6620 heartbeater.cc:325] Sending a full tablet report to master...
W0825 15:14:24.149266 6620 heartbeater.cc:402] Failed to heartbeat to 127.0.0.1:57007: Service unavailable: catalog manager has not been initialized
I0825 15:14:24.149307 6620 heartbeater.cc:319] Registering TS with master...
I0825 15:14:24.149334 6620 heartbeater.cc:325] Sending a full tablet report to master...
W0825 15:14:24.149842 6620 heartbeater.cc:402] Failed to heartbeat to 127.0.0.1:57007: Service unavailable: catalog manager has not been initialized
I0825 15:14:24.149880 6620 heartbeater.cc:319] Registering TS with master...
I0825 15:14:24.149907 6620 heartbeater.cc:325] Sending a full tablet report to master...
I0825 15:14:24.150259 6368 rpc_server.cc:164] RPC server started. Bound to: 127.108.26.1:33958
W0825 15:14:24.150363 6620 heartbeater.cc:402] Failed to heartbeat to 127.0.0.1:57007: Service unavailable: catalog manager has not been initialized
W0825 15:14:24.150390 6620 heartbeater.cc:283] Failed 3 heartbeats in a row: no longer allowing fast heartbeat attempts.
I0825 15:14:24.150427 6620 heartbeater.cc:319] Registering TS with master...
I0825 15:14:24.150454 6620 heartbeater.cc:325] Sending a full tablet report to master...
I0825 15:14:24.150573 6368 webserver.cc:122] Starting webserver on 127.108.26.1:0
I0825 15:14:24.150588 6368 webserver.cc:133] Document root disabled
W0825 15:14:24.150876 6620 heartbeater.cc:402] Failed to heartbeat to 127.0.0.1:57007: Service unavailable: catalog manager has not been initialized
I0825 15:14:24.150943 6370 rpc_server.cc:164] RPC server started. Bound to: 127.108.26.2:35954
I0825 15:14:24.150984 6368 webserver.cc:216] Webserver started. Bound to: http://127.108.26.1:48742/
I0825 15:14:24.151160 6370 webserver.cc:122] Starting webserver on 127.108.26.2:0
I0825 15:14:24.151186 6370 webserver.cc:133] Document root disabled
I0825 15:14:24.151481 6368 server_base.cc:234] Dumped server information to /tmp/kudutest-4519/create-table-itest.CreateTableITest.TestSpreadReplicasEvenly.1472161943177725-27674/minicluster-data/ts-1/info.pb
I0825 15:14:24.151528 6370 webserver.cc:216] Webserver started. Bound to: http://127.108.26.2:49926/
I0825 15:14:24.151774 6368 tablet_server_main.cc:60] Tablet server successfully started.
I0825 15:14:24.151903 6370 server_base.cc:234] Dumped server information to /tmp/kudutest-4519/create-table-itest.CreateTableITest.TestSpreadReplicasEvenly.1472161943177725-27674/minicluster-data/ts-2/info.pb
I0825 15:14:24.152196 6370 tablet_server_main.cc:60] Tablet server successfully started.
I0825 15:14:24.154254 6765 heartbeater.cc:254] Connected to a leader master server at 127.0.0.1:57007
I0825 15:14:24.154325 6765 heartbeater.cc:319] Registering TS with master...
I0825 15:14:24.154372 6765 heartbeater.cc:325] Sending a full tablet report to master...
I0825 15:14:24.155015 6767 heartbeater.cc:254] Connected to a leader master server at 127.0.0.1:57007
W0825 15:14:24.155056 6765 heartbeater.cc:402] Failed to heartbeat to 127.0.0.1:57007: Service unavailable: catalog manager has not been initialized
I0825 15:14:24.155084 6765 heartbeater.cc:319] Registering TS with master...
I0825 15:14:24.155103 6765 heartbeater.cc:325] Sending a full tablet report to master...
I0825 15:14:24.155108 6767 heartbeater.cc:319] Registering TS with master...
I0825 15:14:24.155170 6767 heartbeater.cc:325] Sending a full tablet report to master...
W0825 15:14:24.155504 6765 heartbeater.cc:402] Failed to heartbeat to 127.0.0.1:57007: Service unavailable: catalog manager has not been initialized
I0825 15:14:24.155529 6765 heartbeater.cc:319] Registering TS with master...
I0825 15:14:24.155549 6765 heartbeater.cc:325] Sending a full tablet report to master...
W0825 15:14:24.155850 6767 heartbeater.cc:402] Failed to heartbeat to 127.0.0.1:57007: Service unavailable: catalog manager has not been initialized
I0825 15:14:24.155882 6767 heartbeater.cc:319] Registering TS with master...
I0825 15:14:24.155905 6767 heartbeater.cc:325] Sending a full tablet report to master...
W0825 15:14:24.156008 6765 heartbeater.cc:402] Failed to heartbeat to 127.0.0.1:57007: Service unavailable: catalog manager has not been initialized
W0825 15:14:24.156023 6765 heartbeater.cc:283] Failed 3 heartbeats in a row: no longer allowing fast heartbeat attempts.
I0825 15:14:24.156052 6765 heartbeater.cc:319] Registering TS with master...
I0825 15:14:24.156072 6765 heartbeater.cc:325] Sending a full tablet report to master...
W0825 15:14:24.156319 6767 heartbeater.cc:402] Failed to heartbeat to 127.0.0.1:57007: Service unavailable: catalog manager has not been initialized
I0825 15:14:24.156347 6767 heartbeater.cc:319] Registering TS with master...
I0825 15:14:24.156368 6767 heartbeater.cc:325] Sending a full tablet report to master...
W0825 15:14:24.156409 6765 heartbeater.cc:402] Failed to heartbeat to 127.0.0.1:57007: Service unavailable: catalog manager has not been initialized
W0825 15:14:24.156719 6767 heartbeater.cc:402] Failed to heartbeat to 127.0.0.1:57007: Service unavailable: catalog manager has not been initialized
W0825 15:14:24.156731 6767 heartbeater.cc:283] Failed 3 heartbeats in a row: no longer allowing fast heartbeat attempts.
I0825 15:14:24.156757 6767 heartbeater.cc:319] Registering TS with master...
I0825 15:14:24.156792 6767 heartbeater.cc:325] Sending a full tablet report to master...
W0825 15:14:24.157196 6767 heartbeater.cc:402] Failed to heartbeat to 127.0.0.1:57007: Service unavailable: catalog manager has not been initialized
I0825 15:14:24.191339 6513 log_util.cc:606] Found no log entry headers
I0825 15:14:24.191387 6513 log_util.cc:215] Ignoring log segment corruption in /tmp/kudutest-4519/create-table-itest.CreateTableITest.TestSpreadReplicasEvenly.1472161943177725-27674/minicluster-data/ts-2/wals/f32f6e0b1f354643b6b030599a359fa6.recovery/wal-000000001 because there are no log entries following the corrupted one. The server probably crashed in the middle of writing an entry to the write-ahead log or downloaded an active log via remote bootstrap. Error detail: Corruption: CRC mismatch in log entry header: Log file corruption detected. Failed trying to read batch #0 at offset 130 for log segment /tmp/kudutest-4519/create-table-itest.CreateTableITest.TestSpreadReplicasEvenly.1472161943177725-27674/minicluster-data/ts-2/wals/f32f6e0b1f354643b6b030599a359fa6.recovery/wal-000000001: Prior entries:
I0825 15:14:24.191450 6513 log_util.cc:359] Successfully rebuilt footer for segment: /tmp/kudutest-4519/create-table-itest.CreateTableITest.TestSpreadReplicasEvenly.1472161943177725-27674/minicluster-data/ts-2/wals/f32f6e0b1f354643b6b030599a359fa6.recovery/wal-000000001 (valid entries through byte offset 130)
I0825 15:14:24.191980 6513 tablet.cc:855] T f32f6e0b1f354643b6b030599a359fa6 Rewinding schema during bootstrap to Schema [ 10:key[int32 NOT NULL], 11:int_val[int32 NOT NULL], 12:string_val[string NULLABLE] ]
I0825 15:14:24.192996 6513 log.cc:332] Log is configured to *not* fsync() on all Append() calls
I0825 15:14:24.193580 6395 log_util.cc:606] Found no log entry headers
I0825 15:14:24.193625 6395 log_util.cc:215] Ignoring log segment corruption in /tmp/kudutest-4519/create-table-itest.CreateTableITest.TestSpreadReplicasEvenly.1472161943177725-27674/minicluster-data/ts-0/wals/f32f6e0b1f354643b6b030599a359fa6.recovery/wal-000000001 because there are no log entries following the corrupted one. The server probably crashed in the middle of writing an entry to the write-ahead log or downloaded an active log via remote bootstrap. Error detail: Corruption: CRC mismatch in log entry header: Log file corruption detected. Failed trying to read batch #0 at offset 130 for log segment /tmp/kudutest-4519/create-table-itest.CreateTableITest.TestSpreadReplicasEvenly.1472161943177725-27674/minicluster-data/ts-0/wals/f32f6e0b1f354643b6b030599a359fa6.recovery/wal-000000001: Prior entries:
I0825 15:14:24.193686 6395 log_util.cc:359] Successfully rebuilt footer for segment: /tmp/kudutest-4519/create-table-itest.CreateTableITest.TestSpreadReplicasEvenly.1472161943177725-27674/minicluster-data/ts-0/wals/f32f6e0b1f354643b6b030599a359fa6.recovery/wal-000000001 (valid entries through byte offset 130)
I0825 15:14:24.194211 6395 tablet.cc:855] T f32f6e0b1f354643b6b030599a359fa6 Rewinding schema during bootstrap to Schema [ 10:key[int32 NOT NULL], 11:int_val[int32 NOT NULL], 12:string_val[string NULLABLE] ]
I0825 15:14:24.194268 6513 tablet_bootstrap.cc:394] T f32f6e0b1f354643b6b030599a359fa6 P 401cb2671e94452f87838515c7408bdc: Bootstrap replayed 1/1 log segments. Stats: ops{read=0 overwritten=0 applied=0 ignored=0} inserts{seen=0 ignored=0} mutations{seen=0 ignored=0} orphaned_commits=0. Pending: 0 replicates
I0825 15:14:24.194310 6513 tablet_bootstrap.cc:1031] T f32f6e0b1f354643b6b030599a359fa6 P 401cb2671e94452f87838515c7408bdc: ReplayState: Previous OpId: 0.0, Committed OpId: 0.0, Pending Replicates: 0, Pending Commits: 0
I0825 15:14:24.195221 6395 log.cc:332] Log is configured to *not* fsync() on all Append() calls
I0825 15:14:24.195482 6513 tablet_bootstrap.cc:647] T f32f6e0b1f354643b6b030599a359fa6 P 401cb2671e94452f87838515c7408bdc: Preparing to delete log recovery files and directory /tmp/kudutest-4519/create-table-itest.CreateTableITest.TestSpreadReplicasEvenly.1472161943177725-27674/minicluster-data/ts-2/wals/f32f6e0b1f354643b6b030599a359fa6.recovery
I0825 15:14:24.195502 6513 tablet_bootstrap.cc:650] T f32f6e0b1f354643b6b030599a359fa6 P 401cb2671e94452f87838515c7408bdc: Renaming log recovery dir from /tmp/kudutest-4519/create-table-itest.CreateTableITest.TestSpreadReplicasEvenly.1472161943177725-27674/minicluster-data/ts-2/wals/f32f6e0b1f354643b6b030599a359fa6.recovery to /tmp/kudutest-4519/create-table-itest.CreateTableITest.TestSpreadReplicasEvenly.1472161943177725-27674/minicluster-data/ts-2/wals/f32f6e0b1f354643b6b030599a359fa6.recovery-1472163264195497
I0825 15:14:24.195525 6513 tablet_bootstrap.cc:660] T f32f6e0b1f354643b6b030599a359fa6 P 401cb2671e94452f87838515c7408bdc: Deleting all files from renamed log recovery directory /tmp/kudutest-4519/create-table-itest.CreateTableITest.TestSpreadReplicasEvenly.1472161943177725-27674/minicluster-data/ts-2/wals/f32f6e0b1f354643b6b030599a359fa6.recovery-1472163264195497
I0825 15:14:24.195643 6513 tablet_bootstrap.cc:663] T f32f6e0b1f354643b6b030599a359fa6 P 401cb2671e94452f87838515c7408bdc: Completed deletion of old log recovery files and directory /tmp/kudutest-4519/create-table-itest.CreateTableITest.TestSpreadReplicasEvenly.1472161943177725-27674/minicluster-data/ts-2/wals/f32f6e0b1f354643b6b030599a359fa6.recovery-1472163264195497
I0825 15:14:24.195703 6513 tablet_bootstrap.cc:394] T f32f6e0b1f354643b6b030599a359fa6 P 401cb2671e94452f87838515c7408bdc: Bootstrap complete.
I0825 15:14:24.195930 6516 log_util.cc:606] Found no log entry headers
I0825 15:14:24.195977 6516 log_util.cc:215] Ignoring log segment corruption in /tmp/kudutest-4519/create-table-itest.CreateTableITest.TestSpreadReplicasEvenly.1472161943177725-27674/minicluster-data/master-0/wals/00000000000000000000000000000000.recovery/wal-000000001 because there are no log entries following the corrupted one. The server probably crashed in the middle of writing an entry to the write-ahead log or downloaded an active log via remote bootstrap. Error detail: Corruption: CRC mismatch in log entry header: Log file corruption detected. Failed trying to read batch #0 at offset 24076 for log segment /tmp/kudutest-4519/create-table-itest.CreateTableITest.TestSpreadReplicasEvenly.1472161943177725-27674/minicluster-data/master-0/wals/00000000000000000000000000000000.recovery/wal-000000001: Prior entries: [off=23466 REPLICATE (0.41)] [off=23500 COMMIT (0.41)] [off=24042 REPLICATE (0.42)] [off=24076 COMMIT (0.42)]
I0825 15:14:24.196007 6516 log_util.cc:359] Successfully rebuilt footer for segment: /tmp/kudutest-4519/create-table-itest.CreateTableITest.TestSpreadReplicasEvenly.1472161943177725-27674/minicluster-data/master-0/wals/00000000000000000000000000000000.recovery/wal-000000001 (valid entries through byte offset 24076)
I0825 15:14:24.196295 6395 tablet_bootstrap.cc:394] T f32f6e0b1f354643b6b030599a359fa6 P d9caa1baaef84124a4a530b35945fad3: Bootstrap replayed 1/1 log segments. Stats: ops{read=0 overwritten=0 applied=0 ignored=0} inserts{seen=0 ignored=0} mutations{seen=0 ignored=0} orphaned_commits=0. Pending: 0 replicates
I0825 15:14:24.196310 6516 tablet.cc:855] T 00000000000000000000000000000000 Rewinding schema during bootstrap to Schema [ 10:entry_type[int8 NOT NULL], 11:entry_id[string NOT NULL], 12:metadata[string NOT NULL] ]
I0825 15:14:24.196341 6395 tablet_bootstrap.cc:1031] T f32f6e0b1f354643b6b030599a359fa6 P d9caa1baaef84124a4a530b35945fad3: ReplayState: Previous OpId: 0.0, Committed OpId: 0.0, Pending Replicates: 0, Pending Commits: 0
I0825 15:14:24.196992 6516 log.cc:332] Log is configured to *not* fsync() on all Append() calls
I0825 15:14:24.197530 6395 tablet_bootstrap.cc:647] T f32f6e0b1f354643b6b030599a359fa6 P d9caa1baaef84124a4a530b35945fad3: Preparing to delete log recovery files and directory /tmp/kudutest-4519/create-table-itest.CreateTableITest.TestSpreadReplicasEvenly.1472161943177725-27674/minicluster-data/ts-0/wals/f32f6e0b1f354643b6b030599a359fa6.recovery
I0825 15:14:24.197552 6395 tablet_bootstrap.cc:650] T f32f6e0b1f354643b6b030599a359fa6 P d9caa1baaef84124a4a530b35945fad3: Renaming log recovery dir from /tmp/kudutest-4519/create-table-itest.CreateTableITest.TestSpreadReplicasEvenly.1472161943177725-27674/minicluster-data/ts-0/wals/f32f6e0b1f354643b6b030599a359fa6.recovery to /tmp/kudutest-4519/create-table-itest.CreateTableITest.TestSpreadReplicasEvenly.1472161943177725-27674/minicluster-data/ts-0/wals/f32f6e0b1f354643b6b030599a359fa6.recovery-1472163264197546
I0825 15:14:24.197579 6395 tablet_bootstrap.cc:660] T f32f6e0b1f354643b6b030599a359fa6 P d9caa1baaef84124a4a530b35945fad3: Deleting all files from renamed log recovery directory /tmp/kudutest-4519/create-table-itest.CreateTableITest.TestSpreadReplicasEvenly.1472161943177725-27674/minicluster-data/ts-0/wals/f32f6e0b1f354643b6b030599a359fa6.recovery-1472163264197546
I0825 15:14:24.197736 6395 tablet_bootstrap.cc:663] T f32f6e0b1f354643b6b030599a359fa6 P d9caa1baaef84124a4a530b35945fad3: Completed deletion of old log recovery files and directory /tmp/kudutest-4519/create-table-itest.CreateTableITest.TestSpreadReplicasEvenly.1472161943177725-27674/minicluster-data/ts-0/wals/f32f6e0b1f354643b6b030599a359fa6.recovery-1472163264197546
I0825 15:14:24.197790 6395 tablet_bootstrap.cc:394] T f32f6e0b1f354643b6b030599a359fa6 P d9caa1baaef84124a4a530b35945fad3: Bootstrap complete.
I0825 15:14:24.199162 6512 log_util.cc:606] Found no log entry headers
I0825 15:14:24.199184 6512 log_util.cc:215] Ignoring log segment corruption in /tmp/kudutest-4519/create-table-itest.CreateTableITest.TestSpreadReplicasEvenly.1472161943177725-27674/minicluster-data/ts-1/wals/f32f6e0b1f354643b6b030599a359fa6.recovery/wal-000000001 because there are no log entries following the corrupted one. The server probably crashed in the middle of writing an entry to the write-ahead log or downloaded an active log via remote bootstrap. Error detail: Corruption: CRC mismatch in log entry header: Log file corruption detected. Failed trying to read batch #0 at offset 168 for log segment /tmp/kudutest-4519/create-table-itest.CreateTableITest.TestSpreadReplicasEvenly.1472161943177725-27674/minicluster-data/ts-1/wals/f32f6e0b1f354643b6b030599a359fa6.recovery/wal-000000001: Prior entries: [off=168 REPLICATE (1.1)]
I0825 15:14:24.199216 6512 log_util.cc:359] Successfully rebuilt footer for segment: /tmp/kudutest-4519/create-table-itest.CreateTableITest.TestSpreadReplicasEvenly.1472161943177725-27674/minicluster-data/ts-1/wals/f32f6e0b1f354643b6b030599a359fa6.recovery/wal-000000001 (valid entries through byte offset 168)
I0825 15:14:24.199498 6512 tablet.cc:855] T f32f6e0b1f354643b6b030599a359fa6 Rewinding schema during bootstrap to Schema [ 10:key[int32 NOT NULL], 11:int_val[int32 NOT NULL], 12:string_val[string NULLABLE] ]
I0825 15:14:24.200286 6512 log.cc:332] Log is configured to *not* fsync() on all Append() calls
I0825 15:14:24.201587 6512 tablet_bootstrap.cc:394] T f32f6e0b1f354643b6b030599a359fa6 P 92f34d06b19146db82cf42701d2363c5: Bootstrap replayed 1/1 log segments. Stats: ops{read=1 overwritten=0 applied=0 ignored=0} inserts{seen=0 ignored=0} mutations{seen=0 ignored=0} orphaned_commits=0. Pending: 1 replicates
I0825 15:14:24.201730 6512 tablet_bootstrap.cc:1031] T f32f6e0b1f354643b6b030599a359fa6 P 92f34d06b19146db82cf42701d2363c5: ReplayState: Previous OpId: 1.1, Committed OpId: 0.0, Pending Replicates: 1, Pending Commits: 0
I0825 15:14:24.201738 6512 tablet_bootstrap.cc:1031] T f32f6e0b1f354643b6b030599a359fa6 P 92f34d06b19146db82cf42701d2363c5: Dumping REPLICATES:
I0825 15:14:24.201742 6512 tablet_bootstrap.cc:1031] T f32f6e0b1f354643b6b030599a359fa6 P 92f34d06b19146db82cf42701d2363c5: type: REPLICATE replicate { id { term: 1 index: 1 } timestamp: 6029975321926193152 op_type: NO_OP noop_request { } }
I0825 15:14:24.202376 6512 tablet_bootstrap.cc:647] T f32f6e0b1f354643b6b030599a359fa6 P 92f34d06b19146db82cf42701d2363c5: Preparing to delete log recovery files and directory /tmp/kudutest-4519/create-table-itest.CreateTableITest.TestSpreadReplicasEvenly.1472161943177725-27674/minicluster-data/ts-1/wals/f32f6e0b1f354643b6b030599a359fa6.recovery
I0825 15:14:24.202392 6512 tablet_bootstrap.cc:650] T f32f6e0b1f354643b6b030599a359fa6 P 92f34d06b19146db82cf42701d2363c5: Renaming log recovery dir from /tmp/kudutest-4519/create-table-itest.CreateTableITest.TestSpreadReplicasEvenly.1472161943177725-27674/minicluster-data/ts-1/wals/f32f6e0b1f354643b6b030599a359fa6.recovery to /tmp/kudutest-4519/create-table-itest.CreateTableITest.TestSpreadReplicasEvenly.1472161943177725-27674/minicluster-data/ts-1/wals/f32f6e0b1f354643b6b030599a359fa6.recovery-1472163264202388
I0825 15:14:24.202414 6512 tablet_bootstrap.cc:660] T f32f6e0b1f354643b6b030599a359fa6 P 92f34d06b19146db82cf42701d2363c5: Deleting all files from renamed log recovery directory /tmp/kudutest-4519/create-table-itest.CreateTableITest.TestSpreadReplicasEvenly.1472161943177725-27674/minicluster-data/ts-1/wals/f32f6e0b1f354643b6b030599a359fa6.recovery-1472163264202388
I0825 15:14:24.202577 6512 tablet_bootstrap.cc:663] T f32f6e0b1f354643b6b030599a359fa6 P 92f34d06b19146db82cf42701d2363c5: Completed deletion of old log recovery files and directory /tmp/kudutest-4519/create-table-itest.CreateTableITest.TestSpreadReplicasEvenly.1472161943177725-27674/minicluster-data/ts-1/wals/f32f6e0b1f354643b6b030599a359fa6.recovery-1472163264202388
I0825 15:14:24.202610 6512 tablet_bootstrap.cc:394] T f32f6e0b1f354643b6b030599a359fa6 P 92f34d06b19146db82cf42701d2363c5: Bootstrap complete.
I0825 15:14:24.202867 6513 ts_tablet_manager.cc:638] T f32f6e0b1f354643b6b030599a359fa6 P 401cb2671e94452f87838515c7408bdc: Time spent bootstrapping tablet: real 0.063s user 0.025s sys 0.037s
I0825 15:14:24.204181 6513 raft_consensus.cc:269] T f32f6e0b1f354643b6b030599a359fa6 P 401cb2671e94452f87838515c7408bdc [term 43 FOLLOWER]: Replica starting. Triggering 0 pending transactions. Active config: opid_index: -1 local: false peers { permanent_uuid: "d9caa1baaef84124a4a530b35945fad3" member_type: VOTER last_known_addr { host: "127.108.26.0" port: 37291 } } peers { permanent_uuid: "92f34d06b19146db82cf42701d2363c5" member_type: VOTER last_known_addr { host: "127.108.26.1" port: 33958 } } peers { permanent_uuid: "401cb2671e94452f87838515c7408bdc" member_type: VOTER last_known_addr { host: "127.108.26.2" port: 35954 } }
I0825 15:14:24.204468 6513 raft_consensus.cc:478] T f32f6e0b1f354643b6b030599a359fa6 P 401cb2671e94452f87838515c7408bdc [term 43 FOLLOWER]: Becoming Follower/Learner. State: Replica: 401cb2671e94452f87838515c7408bdc, State: 1, Role: FOLLOWER Watermarks: {Received: term: 0 index: 0 Committed: term: 0 index: 0}
I0825 15:14:24.204540 6513 consensus_queue.cc:162] T f32f6e0b1f354643b6b030599a359fa6 P 401cb2671e94452f87838515c7408bdc [NON_LEADER]: Queue going to NON_LEADER mode. State: All replicated op: 0.0, Majority replicated op: 0.0, Committed index: 0.0, Last appended: 0.0, Current term: 0, Majority size: -1, State: 1, Mode: NON_LEADER
I0825 15:14:24.204900 6767 heartbeater.cc:319] Registering TS with master...
I0825 15:14:24.204958 6767 heartbeater.cc:325] Sending a full tablet report to master...
I0825 15:14:24.205130 6513 ts_tablet_manager.cc:664] T f32f6e0b1f354643b6b030599a359fa6 P 401cb2671e94452f87838515c7408bdc: Time spent starting tablet: real 0.002s user 0.000s sys 0.002s
I0825 15:14:24.205229 6513 ts_tablet_manager.cc:633] T 17aec689be0047b987494787029f6e08 P 401cb2671e94452f87838515c7408bdc: Bootstrapping tablet
I0825 15:14:24.205368 6513 tablet_bootstrap.cc:394] T 17aec689be0047b987494787029f6e08 P 401cb2671e94452f87838515c7408bdc: Bootstrap starting.
I0825 15:14:24.205910 6513 tablet_bootstrap.cc:554] T 17aec689be0047b987494787029f6e08 P 401cb2671e94452f87838515c7408bdc: Time spent opening tablet: real 0.000s user 0.000s sys 0.000s
I0825 15:14:24.205987 6513 tablet_bootstrap.cc:610] T 17aec689be0047b987494787029f6e08 P 401cb2671e94452f87838515c7408bdc: Will attempt to recover log segment /tmp/kudutest-4519/create-table-itest.CreateTableITest.TestSpreadReplicasEvenly.1472161943177725-27674/minicluster-data/ts-2/wals/17aec689be0047b987494787029f6e08/wal-000000001 to /tmp/kudutest-4519/create-table-itest.CreateTableITest.TestSpreadReplicasEvenly.1472161943177725-27674/minicluster-data/ts-2/wals/17aec689be0047b987494787029f6e08.recovery/wal-000000001
I0825 15:14:24.205998 6513 tablet_bootstrap.cc:618] T 17aec689be0047b987494787029f6e08 P 401cb2671e94452f87838515c7408bdc: Moving log directory /tmp/kudutest-4519/create-table-itest.CreateTableITest.TestSpreadReplicasEvenly.1472161943177725-27674/minicluster-data/ts-2/wals/17aec689be0047b987494787029f6e08 to recovery directory /tmp/kudutest-4519/create-table-itest.CreateTableITest.TestSpreadReplicasEvenly.1472161943177725-27674/minicluster-data/ts-2/wals/17aec689be0047b987494787029f6e08.recovery in preparation for log replay
W0825 15:14:24.206004 6767 heartbeater.cc:402] Failed to heartbeat to 127.0.0.1:57007: Service unavailable: catalog manager has not been initialized
I0825 15:14:24.206037 6767 heartbeater.cc:319] Registering TS with master...
I0825 15:14:24.206058 6767 heartbeater.cc:325] Sending a full tablet report to master...
W0825 15:14:24.206152 6513 log_util.cc:311] Could not read footer for segment: /tmp/kudutest-4519/create-table-itest.CreateTableITest.TestSpreadReplicasEvenly.1472161943177725-27674/minicluster-data/ts-2/wals/17aec689be0047b987494787029f6e08.recovery/wal-000000001: Not found: Footer not found. Footer magic doesn't match
I0825 15:14:24.206168 6513 log_reader.cc:152] Log segment /tmp/kudutest-4519/create-table-itest.CreateTableITest.TestSpreadReplicasEvenly.1472161943177725-27674/minicluster-data/ts-2/wals/17aec689be0047b987494787029f6e08.recovery/wal-000000001 was likely left in-progress after a previous crash. Will try to rebuild footer by scanning data.
I0825 15:14:24.206188 6513 log_util.cc:569] Scanning /tmp/kudutest-4519/create-table-itest.CreateTableITest.TestSpreadReplicasEvenly.1472161943177725-27674/minicluster-data/ts-2/wals/17aec689be0047b987494787029f6e08.recovery/wal-000000001 for valid entry headers following offset 142...
W0825 15:14:24.206575 6767 heartbeater.cc:402] Failed to heartbeat to 127.0.0.1:57007: Service unavailable: catalog manager has not been initialized
I0825 15:14:24.206985 6516 tablet_bootstrap.cc:394] T 00000000000000000000000000000000 P 3b313b752ce844209ce84009c91c94df: Bootstrap replayed 1/1 log segments. Stats: ops{read=42 overwritten=0 applied=42 ignored=41} inserts{seen=0 ignored=0} mutations{seen=0 ignored=0} orphaned_commits=0. Pending: 0 replicates
I0825 15:14:24.207020 6516 tablet_bootstrap.cc:1031] T 00000000000000000000000000000000 P 3b313b752ce844209ce84009c91c94df: ReplayState: Previous OpId: 0.42, Committed OpId: 0.42, Pending Replicates: 0, Pending Commits: 0
I0825 15:14:24.207520 6516 tablet_bootstrap.cc:647] T 00000000000000000000000000000000 P 3b313b752ce844209ce84009c91c94df: Preparing to delete log recovery files and directory /tmp/kudutest-4519/create-table-itest.CreateTableITest.TestSpreadReplicasEvenly.1472161943177725-27674/minicluster-data/master-0/wals/00000000000000000000000000000000.recovery
I0825 15:14:24.207535 6516 tablet_bootstrap.cc:650] T 00000000000000000000000000000000 P 3b313b752ce844209ce84009c91c94df: Renaming log recovery dir from /tmp/kudutest-4519/create-table-itest.CreateTableITest.TestSpreadReplicasEvenly.1472161943177725-27674/minicluster-data/master-0/wals/00000000000000000000000000000000.recovery to /tmp/kudutest-4519/create-table-itest.CreateTableITest.TestSpreadReplicasEvenly.1472161943177725-27674/minicluster-data/master-0/wals/00000000000000000000000000000000.recovery-1472163264207531
I0825 15:14:24.207562 6516 tablet_bootstrap.cc:660] T 00000000000000000000000000000000 P 3b313b752ce844209ce84009c91c94df: Deleting all files from renamed log recovery directory /tmp/kudutest-4519/create-table-itest.CreateTableITest.TestSpreadReplicasEvenly.1472161943177725-27674/minicluster-data/master-0/wals/00000000000000000000000000000000.recovery-1472163264207531
I0825 15:14:24.207765 6516 tablet_bootstrap.cc:663] T 00000000000000000000000000000000 P 3b313b752ce844209ce84009c91c94df: Completed deletion of old log recovery files and directory /tmp/kudutest-4519/create-table-itest.CreateTableITest.TestSpreadReplicasEvenly.1472161943177725-27674/minicluster-data/master-0/wals/00000000000000000000000000000000.recovery-1472163264207531
I0825 15:14:24.207795 6516 tablet_bootstrap.cc:394] T 00000000000000000000000000000000 P 3b313b752ce844209ce84009c91c94df: Bootstrap complete.
I0825 15:14:24.208515 6395 ts_tablet_manager.cc:638] T f32f6e0b1f354643b6b030599a359fa6 P d9caa1baaef84124a4a530b35945fad3: Time spent bootstrapping tablet: real 0.076s user 0.031s sys 0.043s
I0825 15:14:24.209933 6395 raft_consensus.cc:269] T f32f6e0b1f354643b6b030599a359fa6 P d9caa1baaef84124a4a530b35945fad3 [term 48 FOLLOWER]: Replica starting. Triggering 0 pending transactions. Active config: opid_index: -1 local: false peers { permanent_uuid: "d9caa1baaef84124a4a530b35945fad3" member_type: VOTER last_known_addr { host: "127.108.26.0" port: 37291 } } peers { permanent_uuid: "92f34d06b19146db82cf42701d2363c5" member_type: VOTER last_known_addr { host: "127.108.26.1" port: 33958 } } peers { permanent_uuid: "401cb2671e94452f87838515c7408bdc" member_type: VOTER last_known_addr { host: "127.108.26.2" port: 35954 } }
I0825 15:14:24.210237 6395 raft_consensus.cc:478] T f32f6e0b1f354643b6b030599a359fa6 P d9caa1baaef84124a4a530b35945fad3 [term 48 FOLLOWER]: Becoming Follower/Learner. State: Replica: d9caa1baaef84124a4a530b35945fad3, State: 1, Role: FOLLOWER Watermarks: {Received: term: 0 index: 0 Committed: term: 0 index: 0}
I0825 15:14:24.210321 6395 consensus_queue.cc:162] T f32f6e0b1f354643b6b030599a359fa6 P d9caa1baaef84124a4a530b35945fad3 [NON_LEADER]: Queue going to NON_LEADER mode. State: All replicated op: 0.0, Majority replicated op: 0.0, Committed index: 0.0, Last appended: 0.0, Current term: 0, Majority size: -1, State: 1, Mode: NON_LEADER
I0825 15:14:24.210728 6620 heartbeater.cc:319] Registering TS with master...
I0825 15:14:24.210790 6620 heartbeater.cc:325] Sending a full tablet report to master...
I0825 15:14:24.210937 6395 ts_tablet_manager.cc:664] T f32f6e0b1f354643b6b030599a359fa6 P d9caa1baaef84124a4a530b35945fad3: Time spent starting tablet: real 0.002s user 0.002s sys 0.001s
I0825 15:14:24.211038 6395 ts_tablet_manager.cc:633] T 17aec689be0047b987494787029f6e08 P d9caa1baaef84124a4a530b35945fad3: Bootstrapping tablet
I0825 15:14:24.211220 6395 tablet_bootstrap.cc:394] T 17aec689be0047b987494787029f6e08 P d9caa1baaef84124a4a530b35945fad3: Bootstrap starting.
W0825 15:14:24.211500 6620 heartbeater.cc:402] Failed to heartbeat to 127.0.0.1:57007: Service unavailable: catalog manager has not been initialized
I0825 15:14:24.211544 6620 heartbeater.cc:319] Registering TS with master...
I0825 15:14:24.211570 6620 heartbeater.cc:325] Sending a full tablet report to master...
I0825 15:14:24.211817 6395 tablet_bootstrap.cc:554] T 17aec689be0047b987494787029f6e08 P d9caa1baaef84124a4a530b35945fad3: Time spent opening tablet: real 0.000s user 0.001s sys 0.000s
I0825 15:14:24.211916 6395 tablet_bootstrap.cc:610] T 17aec689be0047b987494787029f6e08 P d9caa1baaef84124a4a530b35945fad3: Will attempt to recover log segment /tmp/kudutest-4519/create-table-itest.CreateTableITest.TestSpreadReplicasEvenly.1472161943177725-27674/minicluster-data/ts-0/wals/17aec689be0047b987494787029f6e08/wal-000000001 to /tmp/kudutest-4519/create-table-itest.CreateTableITest.TestSpreadReplicasEvenly.1472161943177725-27674/minicluster-data/ts-0/wals/17aec689be0047b987494787029f6e08.recovery/wal-000000001
I0825 15:14:24.211930 6395 tablet_bootstrap.cc:618] T 17aec689be0047b987494787029f6e08 P d9caa1baaef84124a4a530b35945fad3: Moving log directory /tmp/kudutest-4519/create-table-itest.CreateTableITest.TestSpreadReplicasEvenly.1472161943177725-27674/minicluster-data/ts-0/wals/17aec689be0047b987494787029f6e08 to recovery directory /tmp/kudutest-4519/create-table-itest.CreateTableITest.TestSpreadReplicasEvenly.1472161943177725-27674/minicluster-data/ts-0/wals/17aec689be0047b987494787029f6e08.recovery in preparation for log replay
W0825 15:14:24.212075 6620 heartbeater.cc:402] Failed to heartbeat to 127.0.0.1:57007: Service unavailable: catalog manager has not been initialized
W0825 15:14:24.212121 6395 log_util.cc:311] Could not read footer for segment: /tmp/kudutest-4519/create-table-itest.CreateTableITest.TestSpreadReplicasEvenly.1472161943177725-27674/minicluster-data/ts-0/wals/17aec689be0047b987494787029f6e08.recovery/wal-000000001: Not found: Footer not found. Footer magic doesn't match
I0825 15:14:24.212136 6395 log_reader.cc:152] Log segment /tmp/kudutest-4519/create-table-itest.CreateTableITest.TestSpreadReplicasEvenly.1472161943177725-27674/minicluster-data/ts-0/wals/17aec689be0047b987494787029f6e08.recovery/wal-000000001 was likely left in-progress after a previous crash. Will try to rebuild footer by scanning data.
I0825 15:14:24.212927 6512 ts_tablet_manager.cc:638] T f32f6e0b1f354643b6b030599a359fa6 P 92f34d06b19146db82cf42701d2363c5: Time spent bootstrapping tablet: real 0.073s user 0.024s sys 0.049s
I0825 15:14:24.213248 6395 log_util.cc:569] Scanning /tmp/kudutest-4519/create-table-itest.CreateTableITest.TestSpreadReplicasEvenly.1472161943177725-27674/minicluster-data/ts-0/wals/17aec689be0047b987494787029f6e08.recovery/wal-000000001 for valid entry headers following offset 180...
I0825 15:14:24.213913 6512 raft_consensus.cc:269] T f32f6e0b1f354643b6b030599a359fa6 P 92f34d06b19146db82cf42701d2363c5 [term 47 FOLLOWER]: Replica starting. Triggering 1 pending transactions. Active config: opid_index: -1 local: false peers { permanent_uuid: "d9caa1baaef84124a4a530b35945fad3" member_type: VOTER last_known_addr { host: "127.108.26.0" port: 37291 } } peers { permanent_uuid: "92f34d06b19146db82cf42701d2363c5" member_type: VOTER last_known_addr { host: "127.108.26.1" port: 33958 } } peers { permanent_uuid: "401cb2671e94452f87838515c7408bdc" member_type: VOTER last_known_addr { host: "127.108.26.2" port: 35954 } }
I0825 15:14:24.214202 6512 raft_consensus.cc:478] T f32f6e0b1f354643b6b030599a359fa6 P 92f34d06b19146db82cf42701d2363c5 [term 47 FOLLOWER]: Becoming Follower/Learner. State: Replica: 92f34d06b19146db82cf42701d2363c5, State: 1, Role: FOLLOWER Watermarks: {Received: term: 1 index: 1 Committed: term: 0 index: 0}
I0825 15:14:24.214258 6512 consensus_queue.cc:162] T f32f6e0b1f354643b6b030599a359fa6 P 92f34d06b19146db82cf42701d2363c5 [NON_LEADER]: Queue going to NON_LEADER mode. State: All replicated op: 0.0, Majority replicated op: 0.0, Committed index: 0.0, Last appended: 1.1, Current term: 0, Majority size: -1, State: 1, Mode: NON_LEADER
I0825 15:14:24.214555 6765 heartbeater.cc:319] Registering TS with master...
I0825 15:14:24.214607 6765 heartbeater.cc:325] Sending a full tablet report to master...
I0825 15:14:24.214722 6512 ts_tablet_manager.cc:664] T f32f6e0b1f354643b6b030599a359fa6 P 92f34d06b19146db82cf42701d2363c5: Time spent starting tablet: real 0.002s user 0.001s sys 0.000s
I0825 15:14:24.214812 6512 ts_tablet_manager.cc:633] T 17aec689be0047b987494787029f6e08 P 92f34d06b19146db82cf42701d2363c5: Bootstrapping tablet
I0825 15:14:24.214951 6512 tablet_bootstrap.cc:394] T 17aec689be0047b987494787029f6e08 P 92f34d06b19146db82cf42701d2363c5: Bootstrap starting.
W0825 15:14:24.215350 6765 heartbeater.cc:402] Failed to heartbeat to 127.0.0.1:57007: Service unavailable: catalog manager has not been initialized
I0825 15:14:24.215370 6765 heartbeater.cc:319] Registering TS with master...
I0825 15:14:24.215394 6765 heartbeater.cc:325] Sending a full tablet report to master...
I0825 15:14:24.215432 6516 local_consensus.cc:60] T 00000000000000000000000000000000 P 3b313b752ce844209ce84009c91c94df: Starting LocalConsensus...
