I0825 15:14:25.870981 6814 raft_consensus.cc:1931] T 1f7a6bd64c604f7fada909bd575708cd P d9caa1baaef84124a4a530b35945fad3 [term 56 FOLLOWER]: Snoozing failure detection for election timeout plus an additional 2.568s
I0825 15:14:25.871023 6814 raft_consensus.cc:379] T 1f7a6bd64c604f7fada909bd575708cd P d9caa1baaef84124a4a530b35945fad3 [term 56 FOLLOWER]: Starting election with config: opid_index: -1 local: false peers { permanent_uuid: "401cb2671e94452f87838515c7408bdc" member_type: VOTER last_known_addr { host: "127.108.26.2" port: 35954 } } peers { permanent_uuid: "92f34d06b19146db82cf42701d2363c5" member_type: VOTER last_known_addr { host: "127.108.26.1" port: 33958 } } peers { permanent_uuid: "d9caa1baaef84124a4a530b35945fad3" member_type: VOTER last_known_addr { host: "127.108.26.0" port: 37291 } }
I0825 15:14:25.871816 6814 leader_election.cc:222] T 1f7a6bd64c604f7fada909bd575708cd P d9caa1baaef84124a4a530b35945fad3 [CANDIDATE]: Term 56 election: Requesting vote from peer 401cb2671e94452f87838515c7408bdc
I0825 15:14:25.871912 6814 leader_election.cc:222] T 1f7a6bd64c604f7fada909bd575708cd P d9caa1baaef84124a4a530b35945fad3 [CANDIDATE]: Term 56 election: Requesting vote from peer 92f34d06b19146db82cf42701d2363c5
I0825 15:14:25.873383 6674 raft_consensus.cc:1980] T 1f7a6bd64c604f7fada909bd575708cd P 92f34d06b19146db82cf42701d2363c5 [term 46 FOLLOWER]: Advancing to term 56
I0825 15:14:25.873584 6683 raft_consensus.cc:1980] T 1f7a6bd64c604f7fada909bd575708cd P 401cb2671e94452f87838515c7408bdc [term 46 FOLLOWER]: Advancing to term 56
I0825 15:14:25.873838 6674 raft_consensus.cc:1589] T 1f7a6bd64c604f7fada909bd575708cd P 92f34d06b19146db82cf42701d2363c5 [term 56 FOLLOWER]: Leader election vote request: Denying vote to candidate d9caa1baaef84124a4a530b35945fad3 for term 56 because replica has last-logged OpId of term: 1 index: 1, which is greater than that of the candidate, which has last-logged OpId of term: 0 index: 0.
I0825 15:14:25.874001 6683 raft_consensus.cc:1931] T 1f7a6bd64c604f7fada909bd575708cd P 401cb2671e94452f87838515c7408bdc [term 56 FOLLOWER]: Snoozing failure detection for election timeout plus an additional 8.213s
I0825 15:14:25.874121 6383 leader_election.cc:360] T 1f7a6bd64c604f7fada909bd575708cd P d9caa1baaef84124a4a530b35945fad3 [CANDIDATE]: Term 56 election: Vote denied by peer 92f34d06b19146db82cf42701d2363c5. Message: Invalid argument: T 1f7a6bd64c604f7fada909bd575708cd P 92f34d06b19146db82cf42701d2363c5 [term 56 FOLLOWER]: Leader election vote request: Denying vote to candidate d9caa1baaef84124a4a530b35945fad3 for term 56 because replica has last-logged OpId of term: 1 index: 1, which is greater than that of the candidate, which has last-logged OpId of term: 0 index: 0.
I0825 15:14:25.874414 6683 raft_consensus.cc:1640] T 1f7a6bd64c604f7fada909bd575708cd P 401cb2671e94452f87838515c7408bdc [term 56 FOLLOWER]: Leader election vote request: Granting yes vote for candidate d9caa1baaef84124a4a530b35945fad3 in term 56.
I0825 15:14:25.874856 6383 leader_election.cc:346] T 1f7a6bd64c604f7fada909bd575708cd P d9caa1baaef84124a4a530b35945fad3 [CANDIDATE]: Term 56 election: Vote granted by peer 401cb2671e94452f87838515c7408bdc
I0825 15:14:25.874886 6383 leader_election.cc:247] T 1f7a6bd64c604f7fada909bd575708cd P d9caa1baaef84124a4a530b35945fad3 [CANDIDATE]: Term 56 election: Election decided. Result: candidate won.
I0825 15:14:25.875171 6823 raft_consensus.cc:1931] T 1f7a6bd64c604f7fada909bd575708cd P d9caa1baaef84124a4a530b35945fad3 [term 56 FOLLOWER]: Snoozing failure detection for election timeout plus an additional 8.883s
I0825 15:14:25.875210 6823 raft_consensus.cc:1822] T 1f7a6bd64c604f7fada909bd575708cd P d9caa1baaef84124a4a530b35945fad3 [term 56 FOLLOWER]: Leader election won for term 56
I0825 15:14:25.875488 6823 raft_consensus.cc:443] T 1f7a6bd64c604f7fada909bd575708cd P d9caa1baaef84124a4a530b35945fad3 [term 56 LEADER]: Becoming Leader. State: Replica: d9caa1baaef84124a4a530b35945fad3, State: 1, Role: LEADER Watermarks: {Received: term: 0 index: 0 Committed: term: 0 index: 0}
I0825 15:14:25.875699 6823 consensus_queue.cc:145] T 1f7a6bd64c604f7fada909bd575708cd P d9caa1baaef84124a4a530b35945fad3 [LEADER]: Queue going to LEADER mode. State: All replicated op: 0.0, Majority replicated op: 0.0, Committed index: 0.0, Last appended: 0.0, Current term: 56, Majority size: 2, State: 1, Mode: LEADER, active raft config: opid_index: -1 local: false peers { permanent_uuid: "401cb2671e94452f87838515c7408bdc" member_type: VOTER last_known_addr { host: "127.108.26.2" port: 35954 } } peers { permanent_uuid: "92f34d06b19146db82cf42701d2363c5" member_type: VOTER last_known_addr { host: "127.108.26.1" port: 33958 } } peers { permanent_uuid: "d9caa1baaef84124a4a530b35945fad3" member_type: VOTER last_known_addr { host: "127.108.26.0" port: 37291 } }
I0825 15:14:25.877763 6433 catalog_manager.cc:1650] Tablet: 1f7a6bd64c604f7fada909bd575708cd reported consensus state change. New consensus state: current_term: 56 leader_uuid: "d9caa1baaef84124a4a530b35945fad3" config { opid_index: -1 local: false peers { permanent_uuid: "401cb2671e94452f87838515c7408bdc" member_type: VOTER last_known_addr { host: "127.108.26.2" port: 35954 } } peers { permanent_uuid: "92f34d06b19146db82cf42701d2363c5" member_type: VOTER last_known_addr { host: "127.108.26.1" port: 33958 } } peers { permanent_uuid: "d9caa1baaef84124a4a530b35945fad3" member_type: VOTER last_known_addr { host: "127.108.26.0" port: 37291 } } }
W0825 15:14:25.877954 6827 raft_consensus_state.cc:541] T 1f7a6bd64c604f7fada909bd575708cd P d9caa1baaef84124a4a530b35945fad3 [term 56 LEADER]: Can't advance the committed index across term boundaries until operations from the current term are replicated. Last committed operation was: term: 0 index: 0, New majority replicated is: term: 0 index: 0, Current term is: 56
I0825 15:14:25.922194 6812 raft_consensus.cc:363] T 1f7a6bd64c604f7fada909bd575708cd P 92f34d06b19146db82cf42701d2363c5 [term 56 FOLLOWER]: No leader contacted us within the election timeout. Triggering leader election
I0825 15:14:25.922216 6812 raft_consensus.cc:1980] T 1f7a6bd64c604f7fada909bd575708cd P 92f34d06b19146db82cf42701d2363c5 [term 56 FOLLOWER]: Advancing to term 57
I0825 15:14:25.922569 6812 raft_consensus.cc:1931] T 1f7a6bd64c604f7fada909bd575708cd P 92f34d06b19146db82cf42701d2363c5 [term 57 FOLLOWER]: Snoozing failure detection for election timeout plus an additional 19.837s
I0825 15:14:25.922610 6812 raft_consensus.cc:379] T 1f7a6bd64c604f7fada909bd575708cd P 92f34d06b19146db82cf42701d2363c5 [term 57 FOLLOWER]: Starting election with config: opid_index: -1 local: false peers { permanent_uuid: "401cb2671e94452f87838515c7408bdc" member_type: VOTER last_known_addr { host: "127.108.26.2" port: 35954 } } peers { permanent_uuid: "92f34d06b19146db82cf42701d2363c5" member_type: VOTER last_known_addr { host: "127.108.26.1" port: 33958 } } peers { permanent_uuid: "d9caa1baaef84124a4a530b35945fad3" member_type: VOTER last_known_addr { host: "127.108.26.0" port: 37291 } }
I0825 15:14:25.923295 6812 leader_election.cc:222] T 1f7a6bd64c604f7fada909bd575708cd P 92f34d06b19146db82cf42701d2363c5 [CANDIDATE]: Term 57 election: Requesting vote from peer 401cb2671e94452f87838515c7408bdc
I0825 15:14:25.923383 6812 leader_election.cc:222] T 1f7a6bd64c604f7fada909bd575708cd P 92f34d06b19146db82cf42701d2363c5 [CANDIDATE]: Term 57 election: Requesting vote from peer d9caa1baaef84124a4a530b35945fad3
I0825 15:14:25.924440 6683 raft_consensus.cc:1980] T 1f7a6bd64c604f7fada909bd575708cd P 401cb2671e94452f87838515c7408bdc [term 56 FOLLOWER]: Advancing to term 57
I0825 15:14:25.924535 6506 raft_consensus.cc:1603] T 1f7a6bd64c604f7fada909bd575708cd P d9caa1baaef84124a4a530b35945fad3 [term 56 LEADER]: Leader election vote request: Denying vote to candidate 92f34d06b19146db82cf42701d2363c5 for term 57 because replica is either leader or believes a valid leader to be alive.
I0825 15:14:25.924746 6436 leader_election.cc:360] T 1f7a6bd64c604f7fada909bd575708cd P 92f34d06b19146db82cf42701d2363c5 [CANDIDATE]: Term 57 election: Vote denied by peer d9caa1baaef84124a4a530b35945fad3. Message: Invalid argument: T 1f7a6bd64c604f7fada909bd575708cd P d9caa1baaef84124a4a530b35945fad3 [term 56 LEADER]: Leader election vote request: Denying vote to candidate 92f34d06b19146db82cf42701d2363c5 for term 57 because replica is either leader or believes a valid leader to be alive.
I0825 15:14:25.924809 6683 raft_consensus.cc:1931] T 1f7a6bd64c604f7fada909bd575708cd P 401cb2671e94452f87838515c7408bdc [term 57 FOLLOWER]: Snoozing failure detection for election timeout plus an additional 9.202s
I0825 15:14:25.925168 6683 raft_consensus.cc:1640] T 1f7a6bd64c604f7fada909bd575708cd P 401cb2671e94452f87838515c7408bdc [term 57 FOLLOWER]: Leader election vote request: Granting yes vote for candidate 92f34d06b19146db82cf42701d2363c5 in term 57.
I0825 15:14:25.925370 6445 leader_election.cc:346] T 1f7a6bd64c604f7fada909bd575708cd P 92f34d06b19146db82cf42701d2363c5 [CANDIDATE]: Term 57 election: Vote granted by peer 401cb2671e94452f87838515c7408bdc
I0825 15:14:25.925405 6445 leader_election.cc:247] T 1f7a6bd64c604f7fada909bd575708cd P 92f34d06b19146db82cf42701d2363c5 [CANDIDATE]: Term 57 election: Election decided. Result: candidate won.
I0825 15:14:25.925645 6831 raft_consensus.cc:1931] T 1f7a6bd64c604f7fada909bd575708cd P 92f34d06b19146db82cf42701d2363c5 [term 57 FOLLOWER]: Snoozing failure detection for election timeout plus an additional 5.139s
I0825 15:14:25.925681 6831 raft_consensus.cc:1822] T 1f7a6bd64c604f7fada909bd575708cd P 92f34d06b19146db82cf42701d2363c5 [term 57 FOLLOWER]: Leader election won for term 57
I0825 15:14:25.925983 6831 raft_consensus.cc:443] T 1f7a6bd64c604f7fada909bd575708cd P 92f34d06b19146db82cf42701d2363c5 [term 57 LEADER]: Becoming Leader. State: Replica: 92f34d06b19146db82cf42701d2363c5, State: 1, Role: LEADER Watermarks: {Received: term: 1 index: 1 Committed: term: 0 index: 0}
I0825 15:14:25.926172 6831 consensus_queue.cc:145] T 1f7a6bd64c604f7fada909bd575708cd P 92f34d06b19146db82cf42701d2363c5 [LEADER]: Queue going to LEADER mode. State: All replicated op: 0.0, Majority replicated op: 0.0, Committed index: 0.0, Last appended: 1.1, Current term: 57, Majority size: 2, State: 1, Mode: LEADER, active raft config: opid_index: -1 local: false peers { permanent_uuid: "401cb2671e94452f87838515c7408bdc" member_type: VOTER last_known_addr { host: "127.108.26.2" port: 35954 } } peers { permanent_uuid: "92f34d06b19146db82cf42701d2363c5" member_type: VOTER last_known_addr { host: "127.108.26.1" port: 33958 } } peers { permanent_uuid: "d9caa1baaef84124a4a530b35945fad3" member_type: VOTER last_known_addr { host: "127.108.26.0" port: 37291 } }
I0825 15:14:25.927829 6433 catalog_manager.cc:1650] Tablet: 1f7a6bd64c604f7fada909bd575708cd reported consensus state change. New consensus state: current_term: 57 leader_uuid: "92f34d06b19146db82cf42701d2363c5" config { opid_index: -1 local: false peers { permanent_uuid: "401cb2671e94452f87838515c7408bdc" member_type: VOTER last_known_addr { host: "127.108.26.2" port: 35954 } } peers { permanent_uuid: "92f34d06b19146db82cf42701d2363c5" member_type: VOTER last_known_addr { host: "127.108.26.1" port: 33958 } } peers { permanent_uuid: "d9caa1baaef84124a4a530b35945fad3" member_type: VOTER last_known_addr { host: "127.108.26.0" port: 37291 } } }
W0825 15:14:25.927851 6835 raft_consensus_state.cc:541] T 1f7a6bd64c604f7fada909bd575708cd P 92f34d06b19146db82cf42701d2363c5 [term 57 LEADER]: Can't advance the committed index across term boundaries until operations from the current term are replicated. Last committed operation was: term: 0 index: 0, New majority replicated is: term: 0 index: 0, Current term is: 57
I0825 15:14:26.068382 6782 raft_consensus.cc:363] T f32f6e0b1f354643b6b030599a359fa6 P d9caa1baaef84124a4a530b35945fad3 [term 48 FOLLOWER]: No leader contacted us within the election timeout. Triggering leader election
I0825 15:14:26.068406 6782 raft_consensus.cc:1980] T f32f6e0b1f354643b6b030599a359fa6 P d9caa1baaef84124a4a530b35945fad3 [term 48 FOLLOWER]: Advancing to term 49
I0825 15:14:26.068771 6782 raft_consensus.cc:1931] T f32f6e0b1f354643b6b030599a359fa6 P d9caa1baaef84124a4a530b35945fad3 [term 49 FOLLOWER]: Snoozing failure detection for election timeout plus an additional 18.745s
I0825 15:14:26.068816 6782 raft_consensus.cc:379] T f32f6e0b1f354643b6b030599a359fa6 P d9caa1baaef84124a4a530b35945fad3 [term 49 FOLLOWER]: Starting election with config: opid_index: -1 local: false peers { permanent_uuid: "d9caa1baaef84124a4a530b35945fad3" member_type: VOTER last_known_addr { host: "127.108.26.0" port: 37291 } } peers { permanent_uuid: "92f34d06b19146db82cf42701d2363c5" member_type: VOTER last_known_addr { host: "127.108.26.1" port: 33958 } } peers { permanent_uuid: "401cb2671e94452f87838515c7408bdc" member_type: VOTER last_known_addr { host: "127.108.26.2" port: 35954 } }
I0825 15:14:26.069419 6782 leader_election.cc:222] T f32f6e0b1f354643b6b030599a359fa6 P d9caa1baaef84124a4a530b35945fad3 [CANDIDATE]: Term 49 election: Requesting vote from peer 92f34d06b19146db82cf42701d2363c5
I0825 15:14:26.069499 6782 leader_election.cc:222] T f32f6e0b1f354643b6b030599a359fa6 P d9caa1baaef84124a4a530b35945fad3 [CANDIDATE]: Term 49 election: Requesting vote from peer 401cb2671e94452f87838515c7408bdc
I0825 15:14:26.069799 6683 raft_consensus.cc:1980] T f32f6e0b1f354643b6b030599a359fa6 P 401cb2671e94452f87838515c7408bdc [term 43 FOLLOWER]: Advancing to term 49
I0825 15:14:26.069871 6674 raft_consensus.cc:1980] T f32f6e0b1f354643b6b030599a359fa6 P 92f34d06b19146db82cf42701d2363c5 [term 47 FOLLOWER]: Advancing to term 49
I0825 15:14:26.070139 6683 raft_consensus.cc:1931] T f32f6e0b1f354643b6b030599a359fa6 P 401cb2671e94452f87838515c7408bdc [term 49 FOLLOWER]: Snoozing failure detection for election timeout plus an additional 15.919s
I0825 15:14:26.070217 6674 raft_consensus.cc:1589] T f32f6e0b1f354643b6b030599a359fa6 P 92f34d06b19146db82cf42701d2363c5 [term 49 FOLLOWER]: Leader election vote request: Denying vote to candidate d9caa1baaef84124a4a530b35945fad3 for term 49 because replica has last-logged OpId of term: 1 index: 1, which is greater than that of the candidate, which has last-logged OpId of term: 0 index: 0.
I0825 15:14:26.070452 6383 leader_election.cc:360] T f32f6e0b1f354643b6b030599a359fa6 P d9caa1baaef84124a4a530b35945fad3 [CANDIDATE]: Term 49 election: Vote denied by peer 92f34d06b19146db82cf42701d2363c5. Message: Invalid argument: T f32f6e0b1f354643b6b030599a359fa6 P 92f34d06b19146db82cf42701d2363c5 [term 49 FOLLOWER]: Leader election vote request: Denying vote to candidate d9caa1baaef84124a4a530b35945fad3 for term 49 because replica has last-logged OpId of term: 1 index: 1, which is greater than that of the candidate, which has last-logged OpId of term: 0 index: 0.
I0825 15:14:26.070524 6683 raft_consensus.cc:1640] T f32f6e0b1f354643b6b030599a359fa6 P 401cb2671e94452f87838515c7408bdc [term 49 FOLLOWER]: Leader election vote request: Granting yes vote for candidate d9caa1baaef84124a4a530b35945fad3 in term 49.
I0825 15:14:26.070688 6383 leader_election.cc:346] T f32f6e0b1f354643b6b030599a359fa6 P d9caa1baaef84124a4a530b35945fad3 [CANDIDATE]: Term 49 election: Vote granted by peer 401cb2671e94452f87838515c7408bdc
I0825 15:14:26.070724 6383 leader_election.cc:247] T f32f6e0b1f354643b6b030599a359fa6 P d9caa1baaef84124a4a530b35945fad3 [CANDIDATE]: Term 49 election: Election decided. Result: candidate won.
I0825 15:14:26.071020 6836 raft_consensus.cc:1931] T f32f6e0b1f354643b6b030599a359fa6 P d9caa1baaef84124a4a530b35945fad3 [term 49 FOLLOWER]: Snoozing failure detection for election timeout plus an additional 19.961s
I0825 15:14:26.071069 6836 raft_consensus.cc:1822] T f32f6e0b1f354643b6b030599a359fa6 P d9caa1baaef84124a4a530b35945fad3 [term 49 FOLLOWER]: Leader election won for term 49
I0825 15:14:26.071454 6836 raft_consensus.cc:443] T f32f6e0b1f354643b6b030599a359fa6 P d9caa1baaef84124a4a530b35945fad3 [term 49 LEADER]: Becoming Leader. State: Replica: d9caa1baaef84124a4a530b35945fad3, State: 1, Role: LEADER Watermarks: {Received: term: 0 index: 0 Committed: term: 0 index: 0}
I0825 15:14:26.071543 6836 consensus_queue.cc:145] T f32f6e0b1f354643b6b030599a359fa6 P d9caa1baaef84124a4a530b35945fad3 [LEADER]: Queue going to LEADER mode. State: All replicated op: 0.0, Majority replicated op: 0.0, Committed index: 0.0, Last appended: 0.0, Current term: 49, Majority size: 2, State: 1, Mode: LEADER, active raft config: opid_index: -1 local: false peers { permanent_uuid: "d9caa1baaef84124a4a530b35945fad3" member_type: VOTER last_known_addr { host: "127.108.26.0" port: 37291 } } peers { permanent_uuid: "92f34d06b19146db82cf42701d2363c5" member_type: VOTER last_known_addr { host: "127.108.26.1" port: 33958 } } peers { permanent_uuid: "401cb2671e94452f87838515c7408bdc" member_type: VOTER last_known_addr { host: "127.108.26.2" port: 35954 } }
I0825 15:14:26.072968 6433 catalog_manager.cc:1650] Tablet: f32f6e0b1f354643b6b030599a359fa6 reported consensus state change. New consensus state: current_term: 49 leader_uuid: "d9caa1baaef84124a4a530b35945fad3" config { opid_index: -1 local: false peers { permanent_uuid: "d9caa1baaef84124a4a530b35945fad3" member_type: VOTER last_known_addr { host: "127.108.26.0" port: 37291 } } peers { permanent_uuid: "92f34d06b19146db82cf42701d2363c5" member_type: VOTER last_known_addr { host: "127.108.26.1" port: 33958 } } peers { permanent_uuid: "401cb2671e94452f87838515c7408bdc" member_type: VOTER last_known_addr { host: "127.108.26.2" port: 35954 } } }
I0825 15:14:26.208367 6799 raft_consensus.cc:363] T 17aec689be0047b987494787029f6e08 P d9caa1baaef84124a4a530b35945fad3 [term 48 FOLLOWER]: No leader contacted us within the election timeout. Triggering leader election
I0825 15:14:26.208408 6799 raft_consensus.cc:1980] T 17aec689be0047b987494787029f6e08 P d9caa1baaef84124a4a530b35945fad3 [term 48 FOLLOWER]: Advancing to term 49
I0825 15:14:26.208806 6799 raft_consensus.cc:1931] T 17aec689be0047b987494787029f6e08 P d9caa1baaef84124a4a530b35945fad3 [term 49 FOLLOWER]: Snoozing failure detection for election timeout plus an additional 6.148s
I0825 15:14:26.208853 6799 raft_consensus.cc:379] T 17aec689be0047b987494787029f6e08 P d9caa1baaef84124a4a530b35945fad3 [term 49 FOLLOWER]: Starting election with config: opid_index: -1 local: false peers { permanent_uuid: "92f34d06b19146db82cf42701d2363c5" member_type: VOTER last_known_addr { host: "127.108.26.1" port: 33958 } } peers { permanent_uuid: "d9caa1baaef84124a4a530b35945fad3" member_type: VOTER last_known_addr { host: "127.108.26.0" port: 37291 } } peers { permanent_uuid: "401cb2671e94452f87838515c7408bdc" member_type: VOTER last_known_addr { host: "127.108.26.2" port: 35954 } }
I0825 15:14:26.209414 6799 leader_election.cc:222] T 17aec689be0047b987494787029f6e08 P d9caa1baaef84124a4a530b35945fad3 [CANDIDATE]: Term 49 election: Requesting vote from peer 92f34d06b19146db82cf42701d2363c5
I0825 15:14:26.209504 6799 leader_election.cc:222] T 17aec689be0047b987494787029f6e08 P d9caa1baaef84124a4a530b35945fad3 [CANDIDATE]: Term 49 election: Requesting vote from peer 401cb2671e94452f87838515c7408bdc
I0825 15:14:26.209815 6683 raft_consensus.cc:1980] T 17aec689be0047b987494787029f6e08 P 401cb2671e94452f87838515c7408bdc [term 48 FOLLOWER]: Advancing to term 49
I0825 15:14:26.209853 6674 raft_consensus.cc:1980] T 17aec689be0047b987494787029f6e08 P 92f34d06b19146db82cf42701d2363c5 [term 48 FOLLOWER]: Advancing to term 49
I0825 15:14:26.210163 6683 raft_consensus.cc:1931] T 17aec689be0047b987494787029f6e08 P 401cb2671e94452f87838515c7408bdc [term 49 FOLLOWER]: Snoozing failure detection for election timeout plus an additional 3.348s
I0825 15:14:26.210187 6674 raft_consensus.cc:1931] T 17aec689be0047b987494787029f6e08 P 92f34d06b19146db82cf42701d2363c5 [term 49 FOLLOWER]: Snoozing failure detection for election timeout plus an additional 12.880s
I0825 15:14:26.210497 6674 raft_consensus.cc:1640] T 17aec689be0047b987494787029f6e08 P 92f34d06b19146db82cf42701d2363c5 [term 49 FOLLOWER]: Leader election vote request: Granting yes vote for candidate d9caa1baaef84124a4a530b35945fad3 in term 49.
I0825 15:14:26.210515 6683 raft_consensus.cc:1640] T 17aec689be0047b987494787029f6e08 P 401cb2671e94452f87838515c7408bdc [term 49 FOLLOWER]: Leader election vote request: Granting yes vote for candidate d9caa1baaef84124a4a530b35945fad3 in term 49.
I0825 15:14:26.210719 6383 leader_election.cc:346] T 17aec689be0047b987494787029f6e08 P d9caa1baaef84124a4a530b35945fad3 [CANDIDATE]: Term 49 election: Vote granted by peer 401cb2671e94452f87838515c7408bdc
I0825 15:14:26.210755 6383 leader_election.cc:247] T 17aec689be0047b987494787029f6e08 P d9caa1baaef84124a4a530b35945fad3 [CANDIDATE]: Term 49 election: Election decided. Result: candidate won.
I0825 15:14:26.211024 6383 leader_election.cc:346] T 17aec689be0047b987494787029f6e08 P d9caa1baaef84124a4a530b35945fad3 [CANDIDATE]: Term 49 election: Vote granted by peer 92f34d06b19146db82cf42701d2363c5
I0825 15:14:26.211025 6841 raft_consensus.cc:1931] T 17aec689be0047b987494787029f6e08 P d9caa1baaef84124a4a530b35945fad3 [term 49 FOLLOWER]: Snoozing failure detection for election timeout plus an additional 9.090s
I0825 15:14:26.211089 6841 raft_consensus.cc:1822] T 17aec689be0047b987494787029f6e08 P d9caa1baaef84124a4a530b35945fad3 [term 49 FOLLOWER]: Leader election won for term 49
I0825 15:14:26.211385 6841 raft_consensus.cc:443] T 17aec689be0047b987494787029f6e08 P d9caa1baaef84124a4a530b35945fad3 [term 49 LEADER]: Becoming Leader. State: Replica: d9caa1baaef84124a4a530b35945fad3, State: 1, Role: LEADER Watermarks: {Received: term: 1 index: 1 Committed: term: 0 index: 0}
I0825 15:14:26.211477 6841 consensus_queue.cc:145] T 17aec689be0047b987494787029f6e08 P d9caa1baaef84124a4a530b35945fad3 [LEADER]: Queue going to LEADER mode. State: All replicated op: 0.0, Majority replicated op: 0.0, Committed index: 0.0, Last appended: 1.1, Current term: 49, Majority size: 2, State: 1, Mode: LEADER, active raft config: opid_index: -1 local: false peers { permanent_uuid: "92f34d06b19146db82cf42701d2363c5" member_type: VOTER last_known_addr { host: "127.108.26.1" port: 33958 } } peers { permanent_uuid: "d9caa1baaef84124a4a530b35945fad3" member_type: VOTER last_known_addr { host: "127.108.26.0" port: 37291 } } peers { permanent_uuid: "401cb2671e94452f87838515c7408bdc" member_type: VOTER last_known_addr { host: "127.108.26.2" port: 35954 } }
I0825 15:14:26.212826 6433 catalog_manager.cc:1650] Tablet: 17aec689be0047b987494787029f6e08 reported consensus state change. New consensus state: current_term: 49 leader_uuid: "d9caa1baaef84124a4a530b35945fad3" config { opid_index: -1 local: false peers { permanent_uuid: "92f34d06b19146db82cf42701d2363c5" member_type: VOTER last_known_addr { host: "127.108.26.1" port: 33958 } } peers { permanent_uuid: "d9caa1baaef84124a4a530b35945fad3" member_type: VOTER last_known_addr { host: "127.108.26.0" port: 37291 } } peers { permanent_uuid: "401cb2671e94452f87838515c7408bdc" member_type: VOTER last_known_addr { host: "127.108.26.2" port: 35954 } } }
I0825 15:14:26.215440 6784 raft_consensus.cc:363] T f32f6e0b1f354643b6b030599a359fa6 P 92f34d06b19146db82cf42701d2363c5 [term 49 FOLLOWER]: No leader contacted us within the election timeout. Triggering leader election
I0825 15:14:26.215481 6784 raft_consensus.cc:1980] T f32f6e0b1f354643b6b030599a359fa6 P 92f34d06b19146db82cf42701d2363c5 [term 49 FOLLOWER]: Advancing to term 50
I0825 15:14:26.215925 6784 raft_consensus.cc:1931] T f32f6e0b1f354643b6b030599a359fa6 P 92f34d06b19146db82cf42701d2363c5 [term 50 FOLLOWER]: Snoozing failure detection for election timeout plus an additional 14.289s
I0825 15:14:26.215967 6784 raft_consensus.cc:379] T f32f6e0b1f354643b6b030599a359fa6 P 92f34d06b19146db82cf42701d2363c5 [term 50 FOLLOWER]: Starting election with config: opid_index: -1 local: false peers { permanent_uuid: "d9caa1baaef84124a4a530b35945fad3" member_type: VOTER last_known_addr { host: "127.108.26.0" port: 37291 } } peers { permanent_uuid: "92f34d06b19146db82cf42701d2363c5" member_type: VOTER last_known_addr { host: "127.108.26.1" port: 33958 } } peers { permanent_uuid: "401cb2671e94452f87838515c7408bdc" member_type: VOTER last_known_addr { host: "127.108.26.2" port: 35954 } }
I0825 15:14:26.216498 6784 leader_election.cc:222] T f32f6e0b1f354643b6b030599a359fa6 P 92f34d06b19146db82cf42701d2363c5 [CANDIDATE]: Term 50 election: Requesting vote from peer d9caa1baaef84124a4a530b35945fad3
I0825 15:14:26.216593 6784 leader_election.cc:222] T f32f6e0b1f354643b6b030599a359fa6 P 92f34d06b19146db82cf42701d2363c5 [CANDIDATE]: Term 50 election: Requesting vote from peer 401cb2671e94452f87838515c7408bdc
I0825 15:14:26.216953 6506 raft_consensus.cc:1603] T f32f6e0b1f354643b6b030599a359fa6 P d9caa1baaef84124a4a530b35945fad3 [term 49 LEADER]: Leader election vote request: Denying vote to candidate 92f34d06b19146db82cf42701d2363c5 for term 50 because replica is either leader or believes a valid leader to be alive.
I0825 15:14:26.216970 6683 raft_consensus.cc:1980] T f32f6e0b1f354643b6b030599a359fa6 P 401cb2671e94452f87838515c7408bdc [term 49 FOLLOWER]: Advancing to term 50
I0825 15:14:26.217116 6436 leader_election.cc:360] T f32f6e0b1f354643b6b030599a359fa6 P 92f34d06b19146db82cf42701d2363c5 [CANDIDATE]: Term 50 election: Vote denied by peer d9caa1baaef84124a4a530b35945fad3. Message: Invalid argument: T f32f6e0b1f354643b6b030599a359fa6 P d9caa1baaef84124a4a530b35945fad3 [term 49 LEADER]: Leader election vote request: Denying vote to candidate 92f34d06b19146db82cf42701d2363c5 for term 50 because replica is either leader or believes a valid leader to be alive.
I0825 15:14:26.217299 6683 raft_consensus.cc:1931] T f32f6e0b1f354643b6b030599a359fa6 P 401cb2671e94452f87838515c7408bdc [term 50 FOLLOWER]: Snoozing failure detection for election timeout plus an additional 5.096s
I0825 15:14:26.217631 6683 raft_consensus.cc:1640] T f32f6e0b1f354643b6b030599a359fa6 P 401cb2671e94452f87838515c7408bdc [term 50 FOLLOWER]: Leader election vote request: Granting yes vote for candidate 92f34d06b19146db82cf42701d2363c5 in term 50.
I0825 15:14:26.217846 6445 leader_election.cc:346] T f32f6e0b1f354643b6b030599a359fa6 P 92f34d06b19146db82cf42701d2363c5 [CANDIDATE]: Term 50 election: Vote granted by peer 401cb2671e94452f87838515c7408bdc
I0825 15:14:26.217875 6445 leader_election.cc:247] T f32f6e0b1f354643b6b030599a359fa6 P 92f34d06b19146db82cf42701d2363c5 [CANDIDATE]: Term 50 election: Election decided. Result: candidate won.
I0825 15:14:26.218158 6846 raft_consensus.cc:1931] T f32f6e0b1f354643b6b030599a359fa6 P 92f34d06b19146db82cf42701d2363c5 [term 50 FOLLOWER]: Snoozing failure detection for election timeout plus an additional 10.608s
I0825 15:14:26.218191 6846 raft_consensus.cc:1822] T f32f6e0b1f354643b6b030599a359fa6 P 92f34d06b19146db82cf42701d2363c5 [term 50 FOLLOWER]: Leader election won for term 50
I0825 15:14:26.218484 6846 raft_consensus.cc:443] T f32f6e0b1f354643b6b030599a359fa6 P 92f34d06b19146db82cf42701d2363c5 [term 50 LEADER]: Becoming Leader. State: Replica: 92f34d06b19146db82cf42701d2363c5, State: 1, Role: LEADER Watermarks: {Received: term: 1 index: 1 Committed: term: 0 index: 0}
I0825 15:14:26.218571 6846 consensus_queue.cc:145] T f32f6e0b1f354643b6b030599a359fa6 P 92f34d06b19146db82cf42701d2363c5 [LEADER]: Queue going to LEADER mode. State: All replicated op: 0.0, Majority replicated op: 0.0, Committed index: 0.0, Last appended: 1.1, Current term: 50, Majority size: 2, State: 1, Mode: LEADER, active raft config: opid_index: -1 local: false peers { permanent_uuid: "d9caa1baaef84124a4a530b35945fad3" member_type: VOTER last_known_addr { host: "127.108.26.0" port: 37291 } } peers { permanent_uuid: "92f34d06b19146db82cf42701d2363c5" member_type: VOTER last_known_addr { host: "127.108.26.1" port: 33958 } } peers { permanent_uuid: "401cb2671e94452f87838515c7408bdc" member_type: VOTER last_known_addr { host: "127.108.26.2" port: 35954 } }
I0825 15:14:26.219779 6433 catalog_manager.cc:1650] Tablet: f32f6e0b1f354643b6b030599a359fa6 reported consensus state change. New consensus state: current_term: 50 leader_uuid: "92f34d06b19146db82cf42701d2363c5" config { opid_index: -1 local: false peers { permanent_uuid: "d9caa1baaef84124a4a530b35945fad3" member_type: VOTER last_known_addr { host: "127.108.26.0" port: 37291 } } peers { permanent_uuid: "92f34d06b19146db82cf42701d2363c5" member_type: VOTER last_known_addr { host: "127.108.26.1" port: 33958 } } peers { permanent_uuid: "401cb2671e94452f87838515c7408bdc" member_type: VOTER last_known_addr { host: "127.108.26.2" port: 35954 } } }
I0825 15:14:26.377327 6683 raft_consensus.cc:800] T 1f7a6bd64c604f7fada909bd575708cd P 401cb2671e94452f87838515c7408bdc [term 57 FOLLOWER]: Rejecting Update request from peer d9caa1baaef84124a4a530b35945fad3 for earlier term 56. Current term is 57. Ops: []
I0825 15:14:26.377480 6674 raft_consensus.cc:800] T 1f7a6bd64c604f7fada909bd575708cd P 92f34d06b19146db82cf42701d2363c5 [term 57 LEADER]: Rejecting Update request from peer d9caa1baaef84124a4a530b35945fad3 for earlier term 56. Current term is 57. Ops: []
I0825 15:14:26.377887 6823 consensus_queue.cc:587] T 1f7a6bd64c604f7fada909bd575708cd P d9caa1baaef84124a4a530b35945fad3 [LEADER]: Peer responded invalid term: Peer: 401cb2671e94452f87838515c7408bdc, Is new: false, Last received: 0.0, Next index: 1, Last known committed idx: 0, Last exchange result: ERROR, Needs remote bootstrap: false
I0825 15:14:26.378006 6851 consensus_queue.cc:587] T 1f7a6bd64c604f7fada909bd575708cd P d9caa1baaef84124a4a530b35945fad3 [LEADER]: Peer responded invalid term: Peer: 92f34d06b19146db82cf42701d2363c5, Is new: false, Last received: 57.2, Next index: 3, Last known committed idx: 0, Last exchange result: ERROR, Needs remote bootstrap: false
I0825 15:14:26.378108 6827 raft_consensus.cc:1975] T 1f7a6bd64c604f7fada909bd575708cd P d9caa1baaef84124a4a530b35945fad3 [term 56 LEADER]: Stepping down as leader of term 56
I0825 15:14:26.378139 6827 raft_consensus.cc:478] T 1f7a6bd64c604f7fada909bd575708cd P d9caa1baaef84124a4a530b35945fad3 [term 56 LEADER]: Becoming Follower/Learner. State: Replica: d9caa1baaef84124a4a530b35945fad3, State: 1, Role: LEADER Watermarks: {Received: term: 56 index: 1 Committed: term: 0 index: 0}
I0825 15:14:26.378213 6827 consensus_queue.cc:162] T 1f7a6bd64c604f7fada909bd575708cd P d9caa1baaef84124a4a530b35945fad3 [NON_LEADER]: Queue going to NON_LEADER mode. State: All replicated op: 0.0, Majority replicated op: 0.0, Committed index: 0.0, Last appended: 56.1, Current term: 56, Majority size: -1, State: 1, Mode: NON_LEADER
I0825 15:14:26.378418 6827 consensus_peers.cc:351] T 1f7a6bd64c604f7fada909bd575708cd P d9caa1baaef84124a4a530b35945fad3 -> Peer 92f34d06b19146db82cf42701d2363c5 (127.108.26.1:33958): Closing peer: 92f34d06b19146db82cf42701d2363c5
I0825 15:14:26.378535 6827 consensus_peers.cc:351] T 1f7a6bd64c604f7fada909bd575708cd P d9caa1baaef84124a4a530b35945fad3 -> Peer 401cb2671e94452f87838515c7408bdc (127.108.26.2:35954): Closing peer: 401cb2671e94452f87838515c7408bdc
I0825 15:14:26.378628 6827 raft_consensus.cc:1980] T 1f7a6bd64c604f7fada909bd575708cd P d9caa1baaef84124a4a530b35945fad3 [term 56 FOLLOWER]: Advancing to term 57
I0825 15:14:26.427543 6683 raft_consensus.cc:832] T 1f7a6bd64c604f7fada909bd575708cd P 401cb2671e94452f87838515c7408bdc [term 57 FOLLOWER]: Refusing update from remote peer 92f34d06b19146db82cf42701d2363c5: Log matching property violated. Preceding OpId in replica: term: 0 index: 0. Preceding OpId from leader: term: 57 index: 2. (index mismatch)
I0825 15:14:26.427814 6506 raft_consensus.cc:832] T 1f7a6bd64c604f7fada909bd575708cd P d9caa1baaef84124a4a530b35945fad3 [term 57 FOLLOWER]: Refusing update from remote peer 92f34d06b19146db82cf42701d2363c5: Log matching property violated. Preceding OpId in replica: term: 56 index: 1. Preceding OpId from leader: term: 57 index: 2. (index mismatch)
I0825 15:14:26.427917 6852 consensus_queue.cc:577] T 1f7a6bd64c604f7fada909bd575708cd P 92f34d06b19146db82cf42701d2363c5 [LEADER]: Connected to new peer: Peer: 401cb2671e94452f87838515c7408bdc, Is new: false, Last received: 0.0, Next index: 1, Last known committed idx: 0, Last exchange result: ERROR, Needs remote bootstrap: false
I0825 15:14:26.428145 6852 log_cache.cc:306] T 1f7a6bd64c604f7fada909bd575708cd P 92f34d06b19146db82cf42701d2363c5: Successfully read 1 ops from disk (1..1)
I0825 15:14:26.428247 6831 consensus_queue.cc:563] T 1f7a6bd64c604f7fada909bd575708cd P 92f34d06b19146db82cf42701d2363c5 [LEADER]: Peer d9caa1baaef84124a4a530b35945fad3 log is divergent from this leader: its last log entry 56.1 is not in this leader's log and it has not received anything from this leader yet. Falling back to committed index 0
I0825 15:14:26.428273 6831 consensus_queue.cc:577] T 1f7a6bd64c604f7fada909bd575708cd P 92f34d06b19146db82cf42701d2363c5 [LEADER]: Connected to new peer: Peer: d9caa1baaef84124a4a530b35945fad3, Is new: false, Last received: 0.0, Next index: 1, Last known committed idx: 0, Last exchange result: ERROR, Needs remote bootstrap: false
I0825 15:14:26.428395 6831 log_cache.cc:306] T 1f7a6bd64c604f7fada909bd575708cd P 92f34d06b19146db82cf42701d2363c5: Successfully read 1 ops from disk (1..1)
I0825 15:14:26.428912 6506 raft_consensus_state.cc:401] T 1f7a6bd64c604f7fada909bd575708cd P d9caa1baaef84124a4a530b35945fad3 [term 57 FOLLOWER]: Aborting all transactions after (but not including): 0. Current State: Replica: d9caa1baaef84124a4a530b35945fad3, State: 1, Role: FOLLOWER Watermarks: {Received: term: 56 index: 1 Committed: term: 0 index: 0}
I0825 15:14:26.428948 6506 raft_consensus_state.cc:428] T 1f7a6bd64c604f7fada909bd575708cd P d9caa1baaef84124a4a530b35945fad3 [term 57 FOLLOWER]: Aborting uncommitted NO_OP operation due to leader change: 56.1
I0825 15:14:26.428978 6506 raft_consensus.cc:1869] T 1f7a6bd64c604f7fada909bd575708cd P d9caa1baaef84124a4a530b35945fad3: NO_OP replication failed: Aborted: Transaction aborted by new leader
I0825 15:14:26.430374 6854 raft_consensus_state.cc:534] T 1f7a6bd64c604f7fada909bd575708cd P 92f34d06b19146db82cf42701d2363c5 [term 57 LEADER]: Advanced the committed_index across terms. Last committed operation was: term: 0 index: 0 New committed index is: term: 57 index: 2
I0825 15:14:26.572681 6674 raft_consensus.cc:800] T f32f6e0b1f354643b6b030599a359fa6 P 92f34d06b19146db82cf42701d2363c5 [term 50 LEADER]: Rejecting Update request from peer d9caa1baaef84124a4a530b35945fad3 for earlier term 49. Current term is 50. Ops: []
I0825 15:14:26.572831 6683 raft_consensus.cc:800] T f32f6e0b1f354643b6b030599a359fa6 P 401cb2671e94452f87838515c7408bdc [term 50 FOLLOWER]: Rejecting Update request from peer d9caa1baaef84124a4a530b35945fad3 for earlier term 49. Current term is 50. Ops: []
I0825 15:14:26.572980 6855 consensus_queue.cc:587] T f32f6e0b1f354643b6b030599a359fa6 P d9caa1baaef84124a4a530b35945fad3 [LEADER]: Peer responded invalid term: Peer: 92f34d06b19146db82cf42701d2363c5, Is new: false, Last received: 50.2, Next index: 3, Last known committed idx: 0, Last exchange result: ERROR, Needs remote bootstrap: false
I0825 15:14:26.573099 6840 raft_consensus.cc:1975] T f32f6e0b1f354643b6b030599a359fa6 P d9caa1baaef84124a4a530b35945fad3 [term 49 LEADER]: Stepping down as leader of term 49
I0825 15:14:26.573150 6840 raft_consensus.cc:478] T f32f6e0b1f354643b6b030599a359fa6 P d9caa1baaef84124a4a530b35945fad3 [term 49 LEADER]: Becoming Follower/Learner. State: Replica: d9caa1baaef84124a4a530b35945fad3, State: 1, Role: LEADER Watermarks: {Received: term: 49 index: 1 Committed: term: 0 index: 0}
I0825 15:14:26.573196 6836 consensus_queue.cc:587] T f32f6e0b1f354643b6b030599a359fa6 P d9caa1baaef84124a4a530b35945fad3 [LEADER]: Peer responded invalid term: Peer: 401cb2671e94452f87838515c7408bdc, Is new: false, Last received: 0.0, Next index: 1, Last known committed idx: 0, Last exchange result: ERROR, Needs remote bootstrap: false
I0825 15:14:26.573277 6840 consensus_queue.cc:162] T f32f6e0b1f354643b6b030599a359fa6 P d9caa1baaef84124a4a530b35945fad3 [NON_LEADER]: Queue going to NON_LEADER mode. State: All replicated op: 0.0, Majority replicated op: 0.0, Committed index: 0.0, Last appended: 49.1, Current term: 49, Majority size: -1, State: 1, Mode: NON_LEADER
I0825 15:14:26.573480 6840 consensus_peers.cc:351] T f32f6e0b1f354643b6b030599a359fa6 P d9caa1baaef84124a4a530b35945fad3 -> Peer 401cb2671e94452f87838515c7408bdc (127.108.26.2:35954): Closing peer: 401cb2671e94452f87838515c7408bdc
I0825 15:14:26.573621 6840 consensus_peers.cc:351] T f32f6e0b1f354643b6b030599a359fa6 P d9caa1baaef84124a4a530b35945fad3 -> Peer 92f34d06b19146db82cf42701d2363c5 (127.108.26.1:33958): Closing peer: 92f34d06b19146db82cf42701d2363c5
I0825 15:14:26.573690 6840 raft_consensus.cc:1980] T f32f6e0b1f354643b6b030599a359fa6 P d9caa1baaef84124a4a530b35945fad3 [term 49 FOLLOWER]: Advancing to term 50
I0825 15:14:26.712508 6674 raft_consensus.cc:832] T 17aec689be0047b987494787029f6e08 P 92f34d06b19146db82cf42701d2363c5 [term 49 FOLLOWER]: Refusing update from remote peer d9caa1baaef84124a4a530b35945fad3: Log matching property violated. Preceding OpId in replica: term: 0 index: 0. Preceding OpId from leader: term: 49 index: 2. (index mismatch)
I0825 15:14:26.712667 6683 raft_consensus.cc:832] T 17aec689be0047b987494787029f6e08 P 401cb2671e94452f87838515c7408bdc [term 49 FOLLOWER]: Refusing update from remote peer d9caa1baaef84124a4a530b35945fad3: Log matching property violated. Preceding OpId in replica: term: 0 index: 0. Preceding OpId from leader: term: 49 index: 2. (index mismatch)
I0825 15:14:26.712795 6856 consensus_queue.cc:577] T 17aec689be0047b987494787029f6e08 P d9caa1baaef84124a4a530b35945fad3 [LEADER]: Connected to new peer: Peer: 92f34d06b19146db82cf42701d2363c5, Is new: false, Last received: 0.0, Next index: 1, Last known committed idx: 0, Last exchange result: ERROR, Needs remote bootstrap: false
I0825 15:14:26.712911 6856 log_cache.cc:306] T 17aec689be0047b987494787029f6e08 P d9caa1baaef84124a4a530b35945fad3: Successfully read 1 ops from disk (1..1)
I0825 15:14:26.712965 6841 consensus_queue.cc:577] T 17aec689be0047b987494787029f6e08 P d9caa1baaef84124a4a530b35945fad3 [LEADER]: Connected to new peer: Peer: 401cb2671e94452f87838515c7408bdc, Is new: false, Last received: 0.0, Next index: 1, Last known committed idx: 0, Last exchange result: ERROR, Needs remote bootstrap: false
I0825 15:14:26.713101 6841 log_cache.cc:306] T 17aec689be0047b987494787029f6e08 P d9caa1baaef84124a4a530b35945fad3: Successfully read 1 ops from disk (1..1)
I0825 15:14:26.715018 6859 raft_consensus_state.cc:534] T 17aec689be0047b987494787029f6e08 P d9caa1baaef84124a4a530b35945fad3 [term 49 LEADER]: Advanced the committed_index across terms. Last committed operation was: term: 0 index: 0 New committed index is: term: 49 index: 2
I0825 15:14:26.719573 6506 raft_consensus.cc:832] T f32f6e0b1f354643b6b030599a359fa6 P d9caa1baaef84124a4a530b35945fad3 [term 50 FOLLOWER]: Refusing update from remote peer 92f34d06b19146db82cf42701d2363c5: Log matching property violated. Preceding OpId in replica: term: 49 index: 1. Preceding OpId from leader: term: 50 index: 2. (index mismatch)
I0825 15:14:26.719705 6683 raft_consensus.cc:832] T f32f6e0b1f354643b6b030599a359fa6 P 401cb2671e94452f87838515c7408bdc [term 50 FOLLOWER]: Refusing update from remote peer 92f34d06b19146db82cf42701d2363c5: Log matching property violated. Preceding OpId in replica: term: 0 index: 0. Preceding OpId from leader: term: 50 index: 2. (index mismatch)
I0825 15:14:26.719902 6846 consensus_queue.cc:563] T f32f6e0b1f354643b6b030599a359fa6 P 92f34d06b19146db82cf42701d2363c5 [LEADER]: Peer d9caa1baaef84124a4a530b35945fad3 log is divergent from this leader: its last log entry 49.1 is not in this leader's log and it has not received anything from this leader yet. Falling back to committed index 0
I0825 15:14:26.719929 6846 consensus_queue.cc:577] T f32f6e0b1f354643b6b030599a359fa6 P 92f34d06b19146db82cf42701d2363c5 [LEADER]: Connected to new peer: Peer: d9caa1baaef84124a4a530b35945fad3, Is new: false, Last received: 0.0, Next index: 1, Last known committed idx: 0, Last exchange result: ERROR, Needs remote bootstrap: false
I0825 15:14:26.720016 6846 log_cache.cc:306] T f32f6e0b1f354643b6b030599a359fa6 P 92f34d06b19146db82cf42701d2363c5: Successfully read 1 ops from disk (1..1)
I0825 15:14:26.720150 6860 consensus_queue.cc:577] T f32f6e0b1f354643b6b030599a359fa6 P 92f34d06b19146db82cf42701d2363c5 [LEADER]: Connected to new peer: Peer: 401cb2671e94452f87838515c7408bdc, Is new: false, Last received: 0.0, Next index: 1, Last known committed idx: 0, Last exchange result: ERROR, Needs remote bootstrap: false
I0825 15:14:26.720271 6860 log_cache.cc:306] T f32f6e0b1f354643b6b030599a359fa6 P 92f34d06b19146db82cf42701d2363c5: Successfully read 1 ops from disk (1..1)
I0825 15:14:26.720446 6506 raft_consensus_state.cc:401] T f32f6e0b1f354643b6b030599a359fa6 P d9caa1baaef84124a4a530b35945fad3 [term 50 FOLLOWER]: Aborting all transactions after (but not including): 0. Current State: Replica: d9caa1baaef84124a4a530b35945fad3, State: 1, Role: FOLLOWER Watermarks: {Received: term: 49 index: 1 Committed: term: 0 index: 0}
I0825 15:14:26.720468 6506 raft_consensus_state.cc:428] T f32f6e0b1f354643b6b030599a359fa6 P d9caa1baaef84124a4a530b35945fad3 [term 50 FOLLOWER]: Aborting uncommitted NO_OP operation due to leader change: 49.1
I0825 15:14:26.720487 6506 raft_consensus.cc:1869] T f32f6e0b1f354643b6b030599a359fa6 P d9caa1baaef84124a4a530b35945fad3: NO_OP replication failed: Aborted: Transaction aborted by new leader
I0825 15:14:26.721595 6862 raft_consensus_state.cc:534] T f32f6e0b1f354643b6b030599a359fa6 P 92f34d06b19146db82cf42701d2363c5 [term 50 LEADER]: Advanced the committed_index across terms. Last committed operation was: term: 0 index: 0 New committed index is: term: 50 index: 2
I0825 15:16:24.454344 6374 delta_tracker.cc:446] Flushing 33 deltas from DMS 0...
I0825 15:16:24.456564 6374 delta_tracker.cc:398] Flushed delta block: 482005392666535073 ts range: [6029980730434019328, 6029980741912727552]
I0825 15:16:24.456668 6374 delta_tracker.cc:405] Reopened delta block for read: 482005392666535073
I0825 15:16:24.459153 6374 maintenance_manager.cc:357] Time spent running FlushDeltaMemStoresOp(00000000000000000000000000000000): real 0.005s user 0.003s sys 0.000s