I0825 15:14:24.215457 6512 tablet_bootstrap.cc:554] T 17aec689be0047b987494787029f6e08 P 92f34d06b19146db82cf42701d2363c5: Time spent opening tablet: real 0.000s user 0.000s sys 0.000s
I0825 15:14:24.215529 6512 tablet_bootstrap.cc:610] T 17aec689be0047b987494787029f6e08 P 92f34d06b19146db82cf42701d2363c5: Will attempt to recover log segment /tmp/kudutest-4519/create-table-itest.CreateTableITest.TestSpreadReplicasEvenly.1472161943177725-27674/minicluster-data/ts-1/wals/17aec689be0047b987494787029f6e08/wal-000000001 to /tmp/kudutest-4519/create-table-itest.CreateTableITest.TestSpreadReplicasEvenly.1472161943177725-27674/minicluster-data/ts-1/wals/17aec689be0047b987494787029f6e08.recovery/wal-000000001
I0825 15:14:24.215540 6512 tablet_bootstrap.cc:618] T 17aec689be0047b987494787029f6e08 P 92f34d06b19146db82cf42701d2363c5: Moving log directory /tmp/kudutest-4519/create-table-itest.CreateTableITest.TestSpreadReplicasEvenly.1472161943177725-27674/minicluster-data/ts-1/wals/17aec689be0047b987494787029f6e08 to recovery directory /tmp/kudutest-4519/create-table-itest.CreateTableITest.TestSpreadReplicasEvenly.1472161943177725-27674/minicluster-data/ts-1/wals/17aec689be0047b987494787029f6e08.recovery in preparation for log replay
I0825 15:14:24.215574 6516 sys_catalog.cc:237] T 00000000000000000000000000000000 P 3b313b752ce844209ce84009c91c94df [sys.catalog]: SysCatalogTable state changed. Reason: Started TabletPeer. Latest consensus state: current_term: 1 leader_uuid: "3b313b752ce844209ce84009c91c94df" config { opid_index: -1 local: true peers { permanent_uuid: "3b313b752ce844209ce84009c91c94df" member_type: VOTER } }
I0825 15:14:24.215595 6516 sys_catalog.cc:240] T 00000000000000000000000000000000 P 3b313b752ce844209ce84009c91c94df [sys.catalog]: This master's current role is: LEADER, previous role was: FOLLOWER
W0825 15:14:24.215670 6512 log_util.cc:311] Could not read footer for segment: /tmp/kudutest-4519/create-table-itest.CreateTableITest.TestSpreadReplicasEvenly.1472161943177725-27674/minicluster-data/ts-1/wals/17aec689be0047b987494787029f6e08.recovery/wal-000000001: Not found: Footer not found. Footer magic doesn't match
I0825 15:14:24.215682 6512 log_reader.cc:152] Log segment /tmp/kudutest-4519/create-table-itest.CreateTableITest.TestSpreadReplicasEvenly.1472161943177725-27674/minicluster-data/ts-1/wals/17aec689be0047b987494787029f6e08.recovery/wal-000000001 was likely left in-progress after a previous crash. Will try to rebuild footer by scanning data.
I0825 15:14:24.215724 6512 log_util.cc:569] Scanning /tmp/kudutest-4519/create-table-itest.CreateTableITest.TestSpreadReplicasEvenly.1472161943177725-27674/minicluster-data/ts-1/wals/17aec689be0047b987494787029f6e08.recovery/wal-000000001 for valid entry headers following offset 142...
W0825 15:14:24.215989 6765 heartbeater.cc:402] Failed to heartbeat to 127.0.0.1:57007: Service unavailable: catalog manager has not been initialized
I0825 15:14:24.216183 6516 sys_catalog.cc:314] T 00000000000000000000000000000000 P 3b313b752ce844209ce84009c91c94df [sys.catalog]: configured and running, proceeding with master startup.
I0825 15:14:24.216188 6786 catalog_manager.cc:627] Loading table and tablet metadata into memory...
I0825 15:14:24.220155 6786 catalog_manager.cc:211] Loaded metadata for table test-table [id=162312d1479340109aec6ff77ce314f1]
I0825 15:14:24.221405 6786 catalog_manager.cc:261] Loaded metadata for tablet 17aec689be0047b987494787029f6e08 (table test-table [id=162312d1479340109aec6ff77ce314f1])
I0825 15:14:24.221565 6786 catalog_manager.cc:261] Loaded metadata for tablet 1f7a6bd64c604f7fada909bd575708cd (table test-table [id=162312d1479340109aec6ff77ce314f1])
I0825 15:14:24.221720 6786 catalog_manager.cc:261] Loaded metadata for tablet f32f6e0b1f354643b6b030599a359fa6 (table test-table [id=162312d1479340109aec6ff77ce314f1])
W0825 15:14:24.221964 6788 catalog_manager.cc:348] Catalog manager is not initialized!
I0825 15:14:24.222079 6364 master_main.cc:64] Master server successfully started.
I0825 15:14:24.252359 6513 log_util.cc:606] Found no log entry headers
I0825 15:14:24.252400 6513 log_util.cc:215] Ignoring log segment corruption in /tmp/kudutest-4519/create-table-itest.CreateTableITest.TestSpreadReplicasEvenly.1472161943177725-27674/minicluster-data/ts-2/wals/17aec689be0047b987494787029f6e08.recovery/wal-000000001 because there are no log entries following the corrupted one. The server probably crashed in the middle of writing an entry to the write-ahead log or downloaded an active log via remote bootstrap. Error detail: Corruption: CRC mismatch in log entry header: Log file corruption detected. Failed trying to read batch #0 at offset 130 for log segment /tmp/kudutest-4519/create-table-itest.CreateTableITest.TestSpreadReplicasEvenly.1472161943177725-27674/minicluster-data/ts-2/wals/17aec689be0047b987494787029f6e08.recovery/wal-000000001: Prior entries:
I0825 15:14:24.252424 6513 log_util.cc:359] Successfully rebuilt footer for segment: /tmp/kudutest-4519/create-table-itest.CreateTableITest.TestSpreadReplicasEvenly.1472161943177725-27674/minicluster-data/ts-2/wals/17aec689be0047b987494787029f6e08.recovery/wal-000000001 (valid entries through byte offset 130)
I0825 15:14:24.252689 6513 tablet.cc:855] T 17aec689be0047b987494787029f6e08 Rewinding schema during bootstrap to Schema [ 10:key[int32 NOT NULL], 11:int_val[int32 NOT NULL], 12:string_val[string NULLABLE] ]
I0825 15:14:24.254199 6513 tablet_bootstrap.cc:394] T 17aec689be0047b987494787029f6e08 P 401cb2671e94452f87838515c7408bdc: Bootstrap replayed 1/1 log segments. Stats: ops{read=0 overwritten=0 applied=0 ignored=0} inserts{seen=0 ignored=0} mutations{seen=0 ignored=0} orphaned_commits=0. Pending: 0 replicates
I0825 15:14:24.254230 6513 tablet_bootstrap.cc:1031] T 17aec689be0047b987494787029f6e08 P 401cb2671e94452f87838515c7408bdc: ReplayState: Previous OpId: 0.0, Committed OpId: 0.0, Pending Replicates: 0, Pending Commits: 0
I0825 15:14:24.254564 6513 tablet_bootstrap.cc:647] T 17aec689be0047b987494787029f6e08 P 401cb2671e94452f87838515c7408bdc: Preparing to delete log recovery files and directory /tmp/kudutest-4519/create-table-itest.CreateTableITest.TestSpreadReplicasEvenly.1472161943177725-27674/minicluster-data/ts-2/wals/17aec689be0047b987494787029f6e08.recovery
I0825 15:14:24.254577 6513 tablet_bootstrap.cc:650] T 17aec689be0047b987494787029f6e08 P 401cb2671e94452f87838515c7408bdc: Renaming log recovery dir from /tmp/kudutest-4519/create-table-itest.CreateTableITest.TestSpreadReplicasEvenly.1472161943177725-27674/minicluster-data/ts-2/wals/17aec689be0047b987494787029f6e08.recovery to /tmp/kudutest-4519/create-table-itest.CreateTableITest.TestSpreadReplicasEvenly.1472161943177725-27674/minicluster-data/ts-2/wals/17aec689be0047b987494787029f6e08.recovery-1472163264254575
I0825 15:14:24.254597 6513 tablet_bootstrap.cc:660] T 17aec689be0047b987494787029f6e08 P 401cb2671e94452f87838515c7408bdc: Deleting all files from renamed log recovery directory /tmp/kudutest-4519/create-table-itest.CreateTableITest.TestSpreadReplicasEvenly.1472161943177725-27674/minicluster-data/ts-2/wals/17aec689be0047b987494787029f6e08.recovery-1472163264254575
I0825 15:14:24.254659 6513 tablet_bootstrap.cc:663] T 17aec689be0047b987494787029f6e08 P 401cb2671e94452f87838515c7408bdc: Completed deletion of old log recovery files and directory /tmp/kudutest-4519/create-table-itest.CreateTableITest.TestSpreadReplicasEvenly.1472161943177725-27674/minicluster-data/ts-2/wals/17aec689be0047b987494787029f6e08.recovery-1472163264254575
I0825 15:14:24.254681 6513 tablet_bootstrap.cc:394] T 17aec689be0047b987494787029f6e08 P 401cb2671e94452f87838515c7408bdc: Bootstrap complete.
I0825 15:14:24.261416 6513 ts_tablet_manager.cc:638] T 17aec689be0047b987494787029f6e08 P 401cb2671e94452f87838515c7408bdc: Time spent bootstrapping tablet: real 0.056s user 0.019s sys 0.037s
I0825 15:14:24.262109 6513 raft_consensus.cc:269] T 17aec689be0047b987494787029f6e08 P 401cb2671e94452f87838515c7408bdc [term 47 FOLLOWER]: Replica starting. Triggering 0 pending transactions. Active config: opid_index: -1 local: false peers { permanent_uuid: "92f34d06b19146db82cf42701d2363c5" member_type: VOTER last_known_addr { host: "127.108.26.1" port: 33958 } } peers { permanent_uuid: "d9caa1baaef84124a4a530b35945fad3" member_type: VOTER last_known_addr { host: "127.108.26.0" port: 37291 } } peers { permanent_uuid: "401cb2671e94452f87838515c7408bdc" member_type: VOTER last_known_addr { host: "127.108.26.2" port: 35954 } }
I0825 15:14:24.262163 6513 raft_consensus.cc:478] T 17aec689be0047b987494787029f6e08 P 401cb2671e94452f87838515c7408bdc [term 47 FOLLOWER]: Becoming Follower/Learner. State: Replica: 401cb2671e94452f87838515c7408bdc, State: 1, Role: FOLLOWER Watermarks: {Received: term: 0 index: 0 Committed: term: 0 index: 0}
I0825 15:14:24.262197 6513 consensus_queue.cc:162] T 17aec689be0047b987494787029f6e08 P 401cb2671e94452f87838515c7408bdc [NON_LEADER]: Queue going to NON_LEADER mode. State: All replicated op: 0.0, Majority replicated op: 0.0, Committed index: 0.0, Last appended: 0.0, Current term: 0, Majority size: -1, State: 1, Mode: NON_LEADER
I0825 15:14:24.262411 6767 heartbeater.cc:319] Registering TS with master...
I0825 15:14:24.262470 6767 heartbeater.cc:325] Sending a full tablet report to master...
I0825 15:14:24.262491 6513 ts_tablet_manager.cc:664] T 17aec689be0047b987494787029f6e08 P 401cb2671e94452f87838515c7408bdc: Time spent starting tablet: real 0.001s user 0.001s sys 0.000s
I0825 15:14:24.262557 6513 ts_tablet_manager.cc:633] T 1f7a6bd64c604f7fada909bd575708cd P 401cb2671e94452f87838515c7408bdc: Bootstrapping tablet
I0825 15:14:24.262689 6513 tablet_bootstrap.cc:394] T 1f7a6bd64c604f7fada909bd575708cd P 401cb2671e94452f87838515c7408bdc: Bootstrap starting.
I0825 15:14:24.263257 6513 tablet_bootstrap.cc:554] T 1f7a6bd64c604f7fada909bd575708cd P 401cb2671e94452f87838515c7408bdc: Time spent opening tablet: real 0.000s user 0.000s sys 0.000s
I0825 15:14:24.263334 6513 tablet_bootstrap.cc:610] T 1f7a6bd64c604f7fada909bd575708cd P 401cb2671e94452f87838515c7408bdc: Will attempt to recover log segment /tmp/kudutest-4519/create-table-itest.CreateTableITest.TestSpreadReplicasEvenly.1472161943177725-27674/minicluster-data/ts-2/wals/1f7a6bd64c604f7fada909bd575708cd/wal-000000001 to /tmp/kudutest-4519/create-table-itest.CreateTableITest.TestSpreadReplicasEvenly.1472161943177725-27674/minicluster-data/ts-2/wals/1f7a6bd64c604f7fada909bd575708cd.recovery/wal-000000001
I0825 15:14:24.263345 6513 tablet_bootstrap.cc:618] T 1f7a6bd64c604f7fada909bd575708cd P 401cb2671e94452f87838515c7408bdc: Moving log directory /tmp/kudutest-4519/create-table-itest.CreateTableITest.TestSpreadReplicasEvenly.1472161943177725-27674/minicluster-data/ts-2/wals/1f7a6bd64c604f7fada909bd575708cd to recovery directory /tmp/kudutest-4519/create-table-itest.CreateTableITest.TestSpreadReplicasEvenly.1472161943177725-27674/minicluster-data/ts-2/wals/1f7a6bd64c604f7fada909bd575708cd.recovery in preparation for log replay
W0825 15:14:24.263480 6513 log_util.cc:311] Could not read footer for segment: /tmp/kudutest-4519/create-table-itest.CreateTableITest.TestSpreadReplicasEvenly.1472161943177725-27674/minicluster-data/ts-2/wals/1f7a6bd64c604f7fada909bd575708cd.recovery/wal-000000001: Not found: Footer not found. Footer magic doesn't match
I0825 15:14:24.263492 6513 log_reader.cc:152] Log segment /tmp/kudutest-4519/create-table-itest.CreateTableITest.TestSpreadReplicasEvenly.1472161943177725-27674/minicluster-data/ts-2/wals/1f7a6bd64c604f7fada909bd575708cd.recovery/wal-000000001 was likely left in-progress after a previous crash. Will try to rebuild footer by scanning data.
I0825 15:14:24.263517 6513 log_util.cc:569] Scanning /tmp/kudutest-4519/create-table-itest.CreateTableITest.TestSpreadReplicasEvenly.1472161943177725-27674/minicluster-data/ts-2/wals/1f7a6bd64c604f7fada909bd575708cd.recovery/wal-000000001 for valid entry headers following offset 142...
I0825 15:14:24.263579 6433 ts_manager.cc:82] Registered new tablet server { permanent_uuid: "401cb2671e94452f87838515c7408bdc" instance_seqno: 1472163264148703 } with Master
I0825 15:14:24.264892 6395 log_util.cc:606] Found no log entry headers
I0825 15:14:24.264925 6395 log_util.cc:215] Ignoring log segment corruption in /tmp/kudutest-4519/create-table-itest.CreateTableITest.TestSpreadReplicasEvenly.1472161943177725-27674/minicluster-data/ts-0/wals/17aec689be0047b987494787029f6e08.recovery/wal-000000001 because there are no log entries following the corrupted one. The server probably crashed in the middle of writing an entry to the write-ahead log or downloaded an active log via remote bootstrap. Error detail: Corruption: CRC mismatch in log entry header: Log file corruption detected. Failed trying to read batch #0 at offset 168 for log segment /tmp/kudutest-4519/create-table-itest.CreateTableITest.TestSpreadReplicasEvenly.1472161943177725-27674/minicluster-data/ts-0/wals/17aec689be0047b987494787029f6e08.recovery/wal-000000001: Prior entries: [off=168 REPLICATE (1.1)]
I0825 15:14:24.264958 6395 log_util.cc:359] Successfully rebuilt footer for segment: /tmp/kudutest-4519/create-table-itest.CreateTableITest.TestSpreadReplicasEvenly.1472161943177725-27674/minicluster-data/ts-0/wals/17aec689be0047b987494787029f6e08.recovery/wal-000000001 (valid entries through byte offset 168)
I0825 15:14:24.265244 6395 tablet.cc:855] T 17aec689be0047b987494787029f6e08 Rewinding schema during bootstrap to Schema [ 10:key[int32 NOT NULL], 11:int_val[int32 NOT NULL], 12:string_val[string NULLABLE] ]
I0825 15:14:24.266577 6512 log_util.cc:606] Found no log entry headers
I0825 15:14:24.266594 6512 log_util.cc:215] Ignoring log segment corruption in /tmp/kudutest-4519/create-table-itest.CreateTableITest.TestSpreadReplicasEvenly.1472161943177725-27674/minicluster-data/ts-1/wals/17aec689be0047b987494787029f6e08.recovery/wal-000000001 because there are no log entries following the corrupted one. The server probably crashed in the middle of writing an entry to the write-ahead log or downloaded an active log via remote bootstrap. Error detail: Corruption: CRC mismatch in log entry header: Log file corruption detected. Failed trying to read batch #0 at offset 130 for log segment /tmp/kudutest-4519/create-table-itest.CreateTableITest.TestSpreadReplicasEvenly.1472161943177725-27674/minicluster-data/ts-1/wals/17aec689be0047b987494787029f6e08.recovery/wal-000000001: Prior entries:
I0825 15:14:24.266607 6512 log_util.cc:359] Successfully rebuilt footer for segment: /tmp/kudutest-4519/create-table-itest.CreateTableITest.TestSpreadReplicasEvenly.1472161943177725-27674/minicluster-data/ts-1/wals/17aec689be0047b987494787029f6e08.recovery/wal-000000001 (valid entries through byte offset 130)
I0825 15:14:24.266789 6512 tablet.cc:855] T 17aec689be0047b987494787029f6e08 Rewinding schema during bootstrap to Schema [ 10:key[int32 NOT NULL], 11:int_val[int32 NOT NULL], 12:string_val[string NULLABLE] ]
I0825 15:14:24.267033 6395 tablet_bootstrap.cc:394] T 17aec689be0047b987494787029f6e08 P d9caa1baaef84124a4a530b35945fad3: Bootstrap replayed 1/1 log segments. Stats: ops{read=1 overwritten=0 applied=0 ignored=0} inserts{seen=0 ignored=0} mutations{seen=0 ignored=0} orphaned_commits=0. Pending: 1 replicates
I0825 15:14:24.267139 6395 tablet_bootstrap.cc:1031] T 17aec689be0047b987494787029f6e08 P d9caa1baaef84124a4a530b35945fad3: ReplayState: Previous OpId: 1.1, Committed OpId: 0.0, Pending Replicates: 1, Pending Commits: 0
I0825 15:14:24.267150 6395 tablet_bootstrap.cc:1031] T 17aec689be0047b987494787029f6e08 P d9caa1baaef84124a4a530b35945fad3: Dumping REPLICATES:
I0825 15:14:24.267156 6395 tablet_bootstrap.cc:1031] T 17aec689be0047b987494787029f6e08 P d9caa1baaef84124a4a530b35945fad3: type: REPLICATE replicate { id { term: 1 index: 1 } timestamp: 6029975321432735744 op_type: NO_OP noop_request { } }
I0825 15:14:24.267536 6395 tablet_bootstrap.cc:647] T 17aec689be0047b987494787029f6e08 P d9caa1baaef84124a4a530b35945fad3: Preparing to delete log recovery files and directory /tmp/kudutest-4519/create-table-itest.CreateTableITest.TestSpreadReplicasEvenly.1472161943177725-27674/minicluster-data/ts-0/wals/17aec689be0047b987494787029f6e08.recovery
I0825 15:14:24.267551 6395 tablet_bootstrap.cc:650] T 17aec689be0047b987494787029f6e08 P d9caa1baaef84124a4a530b35945fad3: Renaming log recovery dir from /tmp/kudutest-4519/create-table-itest.CreateTableITest.TestSpreadReplicasEvenly.1472161943177725-27674/minicluster-data/ts-0/wals/17aec689be0047b987494787029f6e08.recovery to /tmp/kudutest-4519/create-table-itest.CreateTableITest.TestSpreadReplicasEvenly.1472161943177725-27674/minicluster-data/ts-0/wals/17aec689be0047b987494787029f6e08.recovery-1472163264267549
I0825 15:14:24.267575 6395 tablet_bootstrap.cc:660] T 17aec689be0047b987494787029f6e08 P d9caa1baaef84124a4a530b35945fad3: Deleting all files from renamed log recovery directory /tmp/kudutest-4519/create-table-itest.CreateTableITest.TestSpreadReplicasEvenly.1472161943177725-27674/minicluster-data/ts-0/wals/17aec689be0047b987494787029f6e08.recovery-1472163264267549
I0825 15:14:24.267710 6395 tablet_bootstrap.cc:663] T 17aec689be0047b987494787029f6e08 P d9caa1baaef84124a4a530b35945fad3: Completed deletion of old log recovery files and directory /tmp/kudutest-4519/create-table-itest.CreateTableITest.TestSpreadReplicasEvenly.1472161943177725-27674/minicluster-data/ts-0/wals/17aec689be0047b987494787029f6e08.recovery-1472163264267549
I0825 15:14:24.267736 6395 tablet_bootstrap.cc:394] T 17aec689be0047b987494787029f6e08 P d9caa1baaef84124a4a530b35945fad3: Bootstrap complete.
I0825 15:14:24.267848 6512 tablet_bootstrap.cc:394] T 17aec689be0047b987494787029f6e08 P 92f34d06b19146db82cf42701d2363c5: Bootstrap replayed 1/1 log segments. Stats: ops{read=0 overwritten=0 applied=0 ignored=0} inserts{seen=0 ignored=0} mutations{seen=0 ignored=0} orphaned_commits=0. Pending: 0 replicates
I0825 15:14:24.267876 6512 tablet_bootstrap.cc:1031] T 17aec689be0047b987494787029f6e08 P 92f34d06b19146db82cf42701d2363c5: ReplayState: Previous OpId: 0.0, Committed OpId: 0.0, Pending Replicates: 0, Pending Commits: 0
I0825 15:14:24.268146 6512 tablet_bootstrap.cc:647] T 17aec689be0047b987494787029f6e08 P 92f34d06b19146db82cf42701d2363c5: Preparing to delete log recovery files and directory /tmp/kudutest-4519/create-table-itest.CreateTableITest.TestSpreadReplicasEvenly.1472161943177725-27674/minicluster-data/ts-1/wals/17aec689be0047b987494787029f6e08.recovery
I0825 15:14:24.268158 6512 tablet_bootstrap.cc:650] T 17aec689be0047b987494787029f6e08 P 92f34d06b19146db82cf42701d2363c5: Renaming log recovery dir from /tmp/kudutest-4519/create-table-itest.CreateTableITest.TestSpreadReplicasEvenly.1472161943177725-27674/minicluster-data/ts-1/wals/17aec689be0047b987494787029f6e08.recovery to /tmp/kudutest-4519/create-table-itest.CreateTableITest.TestSpreadReplicasEvenly.1472161943177725-27674/minicluster-data/ts-1/wals/17aec689be0047b987494787029f6e08.recovery-1472163264268157
I0825 15:14:24.268178 6512 tablet_bootstrap.cc:660] T 17aec689be0047b987494787029f6e08 P 92f34d06b19146db82cf42701d2363c5: Deleting all files from renamed log recovery directory /tmp/kudutest-4519/create-table-itest.CreateTableITest.TestSpreadReplicasEvenly.1472161943177725-27674/minicluster-data/ts-1/wals/17aec689be0047b987494787029f6e08.recovery-1472163264268157
I0825 15:14:24.268232 6512 tablet_bootstrap.cc:663] T 17aec689be0047b987494787029f6e08 P 92f34d06b19146db82cf42701d2363c5: Completed deletion of old log recovery files and directory /tmp/kudutest-4519/create-table-itest.CreateTableITest.TestSpreadReplicasEvenly.1472161943177725-27674/minicluster-data/ts-1/wals/17aec689be0047b987494787029f6e08.recovery-1472163264268157
I0825 15:14:24.268247 6512 tablet_bootstrap.cc:394] T 17aec689be0047b987494787029f6e08 P 92f34d06b19146db82cf42701d2363c5: Bootstrap complete.
I0825 15:14:24.277791 6395 ts_tablet_manager.cc:638] T 17aec689be0047b987494787029f6e08 P d9caa1baaef84124a4a530b35945fad3: Time spent bootstrapping tablet: real 0.067s user 0.021s sys 0.046s
I0825 15:14:24.278144 6512 ts_tablet_manager.cc:638] T 17aec689be0047b987494787029f6e08 P 92f34d06b19146db82cf42701d2363c5: Time spent bootstrapping tablet: real 0.063s user 0.023s sys 0.041s
I0825 15:14:24.278509 6395 raft_consensus.cc:269] T 17aec689be0047b987494787029f6e08 P d9caa1baaef84124a4a530b35945fad3 [term 46 FOLLOWER]: Replica starting. Triggering 1 pending transactions. Active config: opid_index: -1 local: false peers { permanent_uuid: "92f34d06b19146db82cf42701d2363c5" member_type: VOTER last_known_addr { host: "127.108.26.1" port: 33958 } } peers { permanent_uuid: "d9caa1baaef84124a4a530b35945fad3" member_type: VOTER last_known_addr { host: "127.108.26.0" port: 37291 } } peers { permanent_uuid: "401cb2671e94452f87838515c7408bdc" member_type: VOTER last_known_addr { host: "127.108.26.2" port: 35954 } }
I0825 15:14:24.278692 6395 raft_consensus.cc:478] T 17aec689be0047b987494787029f6e08 P d9caa1baaef84124a4a530b35945fad3 [term 46 FOLLOWER]: Becoming Follower/Learner. State: Replica: d9caa1baaef84124a4a530b35945fad3, State: 1, Role: FOLLOWER Watermarks: {Received: term: 1 index: 1 Committed: term: 0 index: 0}
I0825 15:14:24.278702 6512 raft_consensus.cc:269] T 17aec689be0047b987494787029f6e08 P 92f34d06b19146db82cf42701d2363c5 [term 48 FOLLOWER]: Replica starting. Triggering 0 pending transactions. Active config: opid_index: -1 local: false peers { permanent_uuid: "92f34d06b19146db82cf42701d2363c5" member_type: VOTER last_known_addr { host: "127.108.26.1" port: 33958 } } peers { permanent_uuid: "d9caa1baaef84124a4a530b35945fad3" member_type: VOTER last_known_addr { host: "127.108.26.0" port: 37291 } } peers { permanent_uuid: "401cb2671e94452f87838515c7408bdc" member_type: VOTER last_known_addr { host: "127.108.26.2" port: 35954 } }
I0825 15:14:24.278729 6395 consensus_queue.cc:162] T 17aec689be0047b987494787029f6e08 P d9caa1baaef84124a4a530b35945fad3 [NON_LEADER]: Queue going to NON_LEADER mode. State: All replicated op: 0.0, Majority replicated op: 0.0, Committed index: 0.0, Last appended: 1.1, Current term: 0, Majority size: -1, State: 1, Mode: NON_LEADER
I0825 15:14:24.278746 6512 raft_consensus.cc:478] T 17aec689be0047b987494787029f6e08 P 92f34d06b19146db82cf42701d2363c5 [term 48 FOLLOWER]: Becoming Follower/Learner. State: Replica: 92f34d06b19146db82cf42701d2363c5, State: 1, Role: FOLLOWER Watermarks: {Received: term: 0 index: 0 Committed: term: 0 index: 0}
I0825 15:14:24.278796 6512 consensus_queue.cc:162] T 17aec689be0047b987494787029f6e08 P 92f34d06b19146db82cf42701d2363c5 [NON_LEADER]: Queue going to NON_LEADER mode. State: All replicated op: 0.0, Majority replicated op: 0.0, Committed index: 0.0, Last appended: 0.0, Current term: 0, Majority size: -1, State: 1, Mode: NON_LEADER
I0825 15:14:24.278988 6620 heartbeater.cc:319] Registering TS with master...
I0825 15:14:24.279014 6765 heartbeater.cc:319] Registering TS with master...
I0825 15:14:24.279042 6395 ts_tablet_manager.cc:664] T 17aec689be0047b987494787029f6e08 P d9caa1baaef84124a4a530b35945fad3: Time spent starting tablet: real 0.001s user 0.001s sys 0.000s
I0825 15:14:24.279047 6512 ts_tablet_manager.cc:664] T 17aec689be0047b987494787029f6e08 P 92f34d06b19146db82cf42701d2363c5: Time spent starting tablet: real 0.001s user 0.000s sys 0.000s
I0825 15:14:24.279052 6620 heartbeater.cc:325] Sending a full tablet report to master...
I0825 15:14:24.279072 6765 heartbeater.cc:325] Sending a full tablet report to master...
I0825 15:14:24.279175 6512 ts_tablet_manager.cc:633] T 1f7a6bd64c604f7fada909bd575708cd P 92f34d06b19146db82cf42701d2363c5: Bootstrapping tablet
I0825 15:14:24.279184 6395 ts_tablet_manager.cc:633] T 1f7a6bd64c604f7fada909bd575708cd P d9caa1baaef84124a4a530b35945fad3: Bootstrapping tablet
I0825 15:14:24.279314 6512 tablet_bootstrap.cc:394] T 1f7a6bd64c604f7fada909bd575708cd P 92f34d06b19146db82cf42701d2363c5: Bootstrap starting.
I0825 15:14:24.279357 6395 tablet_bootstrap.cc:394] T 1f7a6bd64c604f7fada909bd575708cd P d9caa1baaef84124a4a530b35945fad3: Bootstrap starting.
I0825 15:14:24.279662 6433 ts_manager.cc:82] Registered new tablet server { permanent_uuid: "d9caa1baaef84124a4a530b35945fad3" instance_seqno: 1472163264140568 } with Master
I0825 15:14:24.279737 6432 ts_manager.cc:82] Registered new tablet server { permanent_uuid: "92f34d06b19146db82cf42701d2363c5" instance_seqno: 1472163264148159 } with Master
I0825 15:14:24.279742 6512 tablet_bootstrap.cc:554] T 1f7a6bd64c604f7fada909bd575708cd P 92f34d06b19146db82cf42701d2363c5: Time spent opening tablet: real 0.000s user 0.000s sys 0.000s
I0825 15:14:24.279837 6512 tablet_bootstrap.cc:610] T 1f7a6bd64c604f7fada909bd575708cd P 92f34d06b19146db82cf42701d2363c5: Will attempt to recover log segment /tmp/kudutest-4519/create-table-itest.CreateTableITest.TestSpreadReplicasEvenly.1472161943177725-27674/minicluster-data/ts-1/wals/1f7a6bd64c604f7fada909bd575708cd/wal-000000001 to /tmp/kudutest-4519/create-table-itest.CreateTableITest.TestSpreadReplicasEvenly.1472161943177725-27674/minicluster-data/ts-1/wals/1f7a6bd64c604f7fada909bd575708cd.recovery/wal-000000001
I0825 15:14:24.279849 6512 tablet_bootstrap.cc:618] T 1f7a6bd64c604f7fada909bd575708cd P 92f34d06b19146db82cf42701d2363c5: Moving log directory /tmp/kudutest-4519/create-table-itest.CreateTableITest.TestSpreadReplicasEvenly.1472161943177725-27674/minicluster-data/ts-1/wals/1f7a6bd64c604f7fada909bd575708cd to recovery directory /tmp/kudutest-4519/create-table-itest.CreateTableITest.TestSpreadReplicasEvenly.1472161943177725-27674/minicluster-data/ts-1/wals/1f7a6bd64c604f7fada909bd575708cd.recovery in preparation for log replay
I0825 15:14:24.279901 6395 tablet_bootstrap.cc:554] T 1f7a6bd64c604f7fada909bd575708cd P d9caa1baaef84124a4a530b35945fad3: Time spent opening tablet: real 0.000s user 0.000s sys 0.000s
W0825 15:14:24.279976 6512 log_util.cc:311] Could not read footer for segment: /tmp/kudutest-4519/create-table-itest.CreateTableITest.TestSpreadReplicasEvenly.1472161943177725-27674/minicluster-data/ts-1/wals/1f7a6bd64c604f7fada909bd575708cd.recovery/wal-000000001: Not found: Footer not found. Footer magic doesn't match
I0825 15:14:24.279978 6395 tablet_bootstrap.cc:610] T 1f7a6bd64c604f7fada909bd575708cd P d9caa1baaef84124a4a530b35945fad3: Will attempt to recover log segment /tmp/kudutest-4519/create-table-itest.CreateTableITest.TestSpreadReplicasEvenly.1472161943177725-27674/minicluster-data/ts-0/wals/1f7a6bd64c604f7fada909bd575708cd/wal-000000001 to /tmp/kudutest-4519/create-table-itest.CreateTableITest.TestSpreadReplicasEvenly.1472161943177725-27674/minicluster-data/ts-0/wals/1f7a6bd64c604f7fada909bd575708cd.recovery/wal-000000001
I0825 15:14:24.279988 6512 log_reader.cc:152] Log segment /tmp/kudutest-4519/create-table-itest.CreateTableITest.TestSpreadReplicasEvenly.1472161943177725-27674/minicluster-data/ts-1/wals/1f7a6bd64c604f7fada909bd575708cd.recovery/wal-000000001 was likely left in-progress after a previous crash. Will try to rebuild footer by scanning data.
I0825 15:14:24.279991 6395 tablet_bootstrap.cc:618] T 1f7a6bd64c604f7fada909bd575708cd P d9caa1baaef84124a4a530b35945fad3: Moving log directory /tmp/kudutest-4519/create-table-itest.CreateTableITest.TestSpreadReplicasEvenly.1472161943177725-27674/minicluster-data/ts-0/wals/1f7a6bd64c604f7fada909bd575708cd to recovery directory /tmp/kudutest-4519/create-table-itest.CreateTableITest.TestSpreadReplicasEvenly.1472161943177725-27674/minicluster-data/ts-0/wals/1f7a6bd64c604f7fada909bd575708cd.recovery in preparation for log replay
I0825 15:14:24.280035 6512 log_util.cc:569] Scanning /tmp/kudutest-4519/create-table-itest.CreateTableITest.TestSpreadReplicasEvenly.1472161943177725-27674/minicluster-data/ts-1/wals/1f7a6bd64c604f7fada909bd575708cd.recovery/wal-000000001 for valid entry headers following offset 180...
W0825 15:14:24.280135 6395 log_util.cc:311] Could not read footer for segment: /tmp/kudutest-4519/create-table-itest.CreateTableITest.TestSpreadReplicasEvenly.1472161943177725-27674/minicluster-data/ts-0/wals/1f7a6bd64c604f7fada909bd575708cd.recovery/wal-000000001: Not found: Footer not found. Footer magic doesn't match
I0825 15:14:24.280148 6395 log_reader.cc:152] Log segment /tmp/kudutest-4519/create-table-itest.CreateTableITest.TestSpreadReplicasEvenly.1472161943177725-27674/minicluster-data/ts-0/wals/1f7a6bd64c604f7fada909bd575708cd.recovery/wal-000000001 was likely left in-progress after a previous crash. Will try to rebuild footer by scanning data.
I0825 15:14:24.280172 6395 log_util.cc:569] Scanning /tmp/kudutest-4519/create-table-itest.CreateTableITest.TestSpreadReplicasEvenly.1472161943177725-27674/minicluster-data/ts-0/wals/1f7a6bd64c604f7fada909bd575708cd.recovery/wal-000000001 for valid entry headers following offset 142...
I0825 15:14:24.309275 6513 log_util.cc:606] Found no log entry headers
I0825 15:14:24.309305 6513 log_util.cc:215] Ignoring log segment corruption in /tmp/kudutest-4519/create-table-itest.CreateTableITest.TestSpreadReplicasEvenly.1472161943177725-27674/minicluster-data/ts-2/wals/1f7a6bd64c604f7fada909bd575708cd.recovery/wal-000000001 because there are no log entries following the corrupted one. The server probably crashed in the middle of writing an entry to the write-ahead log or downloaded an active log via remote bootstrap. Error detail: Corruption: CRC mismatch in log entry header: Log file corruption detected. Failed trying to read batch #0 at offset 130 for log segment /tmp/kudutest-4519/create-table-itest.CreateTableITest.TestSpreadReplicasEvenly.1472161943177725-27674/minicluster-data/ts-2/wals/1f7a6bd64c604f7fada909bd575708cd.recovery/wal-000000001: Prior entries:
I0825 15:14:24.309329 6513 log_util.cc:359] Successfully rebuilt footer for segment: /tmp/kudutest-4519/create-table-itest.CreateTableITest.TestSpreadReplicasEvenly.1472161943177725-27674/minicluster-data/ts-2/wals/1f7a6bd64c604f7fada909bd575708cd.recovery/wal-000000001 (valid entries through byte offset 130)
I0825 15:14:24.309568 6513 tablet.cc:855] T 1f7a6bd64c604f7fada909bd575708cd Rewinding schema during bootstrap to Schema [ 10:key[int32 NOT NULL], 11:int_val[int32 NOT NULL], 12:string_val[string NULLABLE] ]
I0825 15:14:24.311024 6513 tablet_bootstrap.cc:394] T 1f7a6bd64c604f7fada909bd575708cd P 401cb2671e94452f87838515c7408bdc: Bootstrap replayed 1/1 log segments. Stats: ops{read=0 overwritten=0 applied=0 ignored=0} inserts{seen=0 ignored=0} mutations{seen=0 ignored=0} orphaned_commits=0. Pending: 0 replicates
I0825 15:14:24.311079 6513 tablet_bootstrap.cc:1031] T 1f7a6bd64c604f7fada909bd575708cd P 401cb2671e94452f87838515c7408bdc: ReplayState: Previous OpId: 0.0, Committed OpId: 0.0, Pending Replicates: 0, Pending Commits: 0
I0825 15:14:24.311532 6513 tablet_bootstrap.cc:647] T 1f7a6bd64c604f7fada909bd575708cd P 401cb2671e94452f87838515c7408bdc: Preparing to delete log recovery files and directory /tmp/kudutest-4519/create-table-itest.CreateTableITest.TestSpreadReplicasEvenly.1472161943177725-27674/minicluster-data/ts-2/wals/1f7a6bd64c604f7fada909bd575708cd.recovery
I0825 15:14:24.311553 6513 tablet_bootstrap.cc:650] T 1f7a6bd64c604f7fada909bd575708cd P 401cb2671e94452f87838515c7408bdc: Renaming log recovery dir from /tmp/kudutest-4519/create-table-itest.CreateTableITest.TestSpreadReplicasEvenly.1472161943177725-27674/minicluster-data/ts-2/wals/1f7a6bd64c604f7fada909bd575708cd.recovery to /tmp/kudutest-4519/create-table-itest.CreateTableITest.TestSpreadReplicasEvenly.1472161943177725-27674/minicluster-data/ts-2/wals/1f7a6bd64c604f7fada909bd575708cd.recovery-1472163264311548
I0825 15:14:24.311583 6513 tablet_bootstrap.cc:660] T 1f7a6bd64c604f7fada909bd575708cd P 401cb2671e94452f87838515c7408bdc: Deleting all files from renamed log recovery directory /tmp/kudutest-4519/create-table-itest.CreateTableITest.TestSpreadReplicasEvenly.1472161943177725-27674/minicluster-data/ts-2/wals/1f7a6bd64c604f7fada909bd575708cd.recovery-1472163264311548
I0825 15:14:24.311687 6513 tablet_bootstrap.cc:663] T 1f7a6bd64c604f7fada909bd575708cd P 401cb2671e94452f87838515c7408bdc: Completed deletion of old log recovery files and directory /tmp/kudutest-4519/create-table-itest.CreateTableITest.TestSpreadReplicasEvenly.1472161943177725-27674/minicluster-data/ts-2/wals/1f7a6bd64c604f7fada909bd575708cd.recovery-1472163264311548
I0825 15:14:24.311738 6513 tablet_bootstrap.cc:394] T 1f7a6bd64c604f7fada909bd575708cd P 401cb2671e94452f87838515c7408bdc: Bootstrap complete.
I0825 15:14:24.319461 6513 ts_tablet_manager.cc:638] T 1f7a6bd64c604f7fada909bd575708cd P 401cb2671e94452f87838515c7408bdc: Time spent bootstrapping tablet: real 0.057s user 0.020s sys 0.037s
I0825 15:14:24.320245 6513 raft_consensus.cc:269] T 1f7a6bd64c604f7fada909bd575708cd P 401cb2671e94452f87838515c7408bdc [term 46 FOLLOWER]: Replica starting. Triggering 0 pending transactions. Active config: opid_index: -1 local: false peers { permanent_uuid: "401cb2671e94452f87838515c7408bdc" member_type: VOTER last_known_addr { host: "127.108.26.2" port: 35954 } } peers { permanent_uuid: "92f34d06b19146db82cf42701d2363c5" member_type: VOTER last_known_addr { host: "127.108.26.1" port: 33958 } } peers { permanent_uuid: "d9caa1baaef84124a4a530b35945fad3" member_type: VOTER last_known_addr { host: "127.108.26.0" port: 37291 } }
I0825 15:14:24.320300 6513 raft_consensus.cc:478] T 1f7a6bd64c604f7fada909bd575708cd P 401cb2671e94452f87838515c7408bdc [term 46 FOLLOWER]: Becoming Follower/Learner. State: Replica: 401cb2671e94452f87838515c7408bdc, State: 1, Role: FOLLOWER Watermarks: {Received: term: 0 index: 0 Committed: term: 0 index: 0}
I0825 15:14:24.320334 6513 consensus_queue.cc:162] T 1f7a6bd64c604f7fada909bd575708cd P 401cb2671e94452f87838515c7408bdc [NON_LEADER]: Queue going to NON_LEADER mode. State: All replicated op: 0.0, Majority replicated op: 0.0, Committed index: 0.0, Last appended: 0.0, Current term: 0, Majority size: -1, State: 1, Mode: NON_LEADER
I0825 15:14:24.320698 6513 ts_tablet_manager.cc:664] T 1f7a6bd64c604f7fada909bd575708cd P 401cb2671e94452f87838515c7408bdc: Time spent starting tablet: real 0.001s user 0.001s sys 0.000s
I0825 15:14:24.328280 6512 log_util.cc:606] Found no log entry headers
I0825 15:14:24.328315 6512 log_util.cc:215] Ignoring log segment corruption in /tmp/kudutest-4519/create-table-itest.CreateTableITest.TestSpreadReplicasEvenly.1472161943177725-27674/minicluster-data/ts-1/wals/1f7a6bd64c604f7fada909bd575708cd.recovery/wal-000000001 because there are no log entries following the corrupted one. The server probably crashed in the middle of writing an entry to the write-ahead log or downloaded an active log via remote bootstrap. Error detail: Corruption: CRC mismatch in log entry header: Log file corruption detected. Failed trying to read batch #0 at offset 168 for log segment /tmp/kudutest-4519/create-table-itest.CreateTableITest.TestSpreadReplicasEvenly.1472161943177725-27674/minicluster-data/ts-1/wals/1f7a6bd64c604f7fada909bd575708cd.recovery/wal-000000001: Prior entries: [off=168 REPLICATE (1.1)]
I0825 15:14:24.328331 6512 log_util.cc:359] Successfully rebuilt footer for segment: /tmp/kudutest-4519/create-table-itest.CreateTableITest.TestSpreadReplicasEvenly.1472161943177725-27674/minicluster-data/ts-1/wals/1f7a6bd64c604f7fada909bd575708cd.recovery/wal-000000001 (valid entries through byte offset 168)
I0825 15:14:24.328495 6512 tablet.cc:855] T 1f7a6bd64c604f7fada909bd575708cd Rewinding schema during bootstrap to Schema [ 10:key[int32 NOT NULL], 11:int_val[int32 NOT NULL], 12:string_val[string NULLABLE] ]
I0825 15:14:24.329946 6512 tablet_bootstrap.cc:394] T 1f7a6bd64c604f7fada909bd575708cd P 92f34d06b19146db82cf42701d2363c5: Bootstrap replayed 1/1 log segments. Stats: ops{read=1 overwritten=0 applied=0 ignored=0} inserts{seen=0 ignored=0} mutations{seen=0 ignored=0} orphaned_commits=0. Pending: 1 replicates
I0825 15:14:24.330008 6512 tablet_bootstrap.cc:1031] T 1f7a6bd64c604f7fada909bd575708cd P 92f34d06b19146db82cf42701d2363c5: ReplayState: Previous OpId: 1.1, Committed OpId: 0.0, Pending Replicates: 1, Pending Commits: 0
I0825 15:14:24.330014 6512 tablet_bootstrap.cc:1031] T 1f7a6bd64c604f7fada909bd575708cd P 92f34d06b19146db82cf42701d2363c5: Dumping REPLICATES:
I0825 15:14:24.330018 6512 tablet_bootstrap.cc:1031] T 1f7a6bd64c604f7fada909bd575708cd P 92f34d06b19146db82cf42701d2363c5: type: REPLICATE replicate { id { term: 1 index: 1 } timestamp: 6029975321384198144 op_type: NO_OP noop_request { } }
I0825 15:14:24.330126 6395 log_util.cc:606] Found no log entry headers
I0825 15:14:24.330149 6395 log_util.cc:215] Ignoring log segment corruption in /tmp/kudutest-4519/create-table-itest.CreateTableITest.TestSpreadReplicasEvenly.1472161943177725-27674/minicluster-data/ts-0/wals/1f7a6bd64c604f7fada909bd575708cd.recovery/wal-000000001 because there are no log entries following the corrupted one. The server probably crashed in the middle of writing an entry to the write-ahead log or downloaded an active log via remote bootstrap. Error detail: Corruption: CRC mismatch in log entry header: Log file corruption detected. Failed trying to read batch #0 at offset 130 for log segment /tmp/kudutest-4519/create-table-itest.CreateTableITest.TestSpreadReplicasEvenly.1472161943177725-27674/minicluster-data/ts-0/wals/1f7a6bd64c604f7fada909bd575708cd.recovery/wal-000000001: Prior entries:
I0825 15:14:24.330165 6395 log_util.cc:359] Successfully rebuilt footer for segment: /tmp/kudutest-4519/create-table-itest.CreateTableITest.TestSpreadReplicasEvenly.1472161943177725-27674/minicluster-data/ts-0/wals/1f7a6bd64c604f7fada909bd575708cd.recovery/wal-000000001 (valid entries through byte offset 130)
I0825 15:14:24.330291 6512 tablet_bootstrap.cc:647] T 1f7a6bd64c604f7fada909bd575708cd P 92f34d06b19146db82cf42701d2363c5: Preparing to delete log recovery files and directory /tmp/kudutest-4519/create-table-itest.CreateTableITest.TestSpreadReplicasEvenly.1472161943177725-27674/minicluster-data/ts-1/wals/1f7a6bd64c604f7fada909bd575708cd.recovery
I0825 15:14:24.330303 6512 tablet_bootstrap.cc:650] T 1f7a6bd64c604f7fada909bd575708cd P 92f34d06b19146db82cf42701d2363c5: Renaming log recovery dir from /tmp/kudutest-4519/create-table-itest.CreateTableITest.TestSpreadReplicasEvenly.1472161943177725-27674/minicluster-data/ts-1/wals/1f7a6bd64c604f7fada909bd575708cd.recovery to /tmp/kudutest-4519/create-table-itest.CreateTableITest.TestSpreadReplicasEvenly.1472161943177725-27674/minicluster-data/ts-1/wals/1f7a6bd64c604f7fada909bd575708cd.recovery-1472163264330301
I0825 15:14:24.330322 6512 tablet_bootstrap.cc:660] T 1f7a6bd64c604f7fada909bd575708cd P 92f34d06b19146db82cf42701d2363c5: Deleting all files from renamed log recovery directory /tmp/kudutest-4519/create-table-itest.CreateTableITest.TestSpreadReplicasEvenly.1472161943177725-27674/minicluster-data/ts-1/wals/1f7a6bd64c604f7fada909bd575708cd.recovery-1472163264330301
I0825 15:14:24.330338 6395 tablet.cc:855] T 1f7a6bd64c604f7fada909bd575708cd Rewinding schema during bootstrap to Schema [ 10:key[int32 NOT NULL], 11:int_val[int32 NOT NULL], 12:string_val[string NULLABLE] ]
I0825 15:14:24.330428 6512 tablet_bootstrap.cc:663] T 1f7a6bd64c604f7fada909bd575708cd P 92f34d06b19146db82cf42701d2363c5: Completed deletion of old log recovery files and directory /tmp/kudutest-4519/create-table-itest.CreateTableITest.TestSpreadReplicasEvenly.1472161943177725-27674/minicluster-data/ts-1/wals/1f7a6bd64c604f7fada909bd575708cd.recovery-1472163264330301
I0825 15:14:24.330446 6512 tablet_bootstrap.cc:394] T 1f7a6bd64c604f7fada909bd575708cd P 92f34d06b19146db82cf42701d2363c5: Bootstrap complete.
I0825 15:14:24.331507 6395 tablet_bootstrap.cc:394] T 1f7a6bd64c604f7fada909bd575708cd P d9caa1baaef84124a4a530b35945fad3: Bootstrap replayed 1/1 log segments. Stats: ops{read=0 overwritten=0 applied=0 ignored=0} inserts{seen=0 ignored=0} mutations{seen=0 ignored=0} orphaned_commits=0. Pending: 0 replicates
I0825 15:14:24.331537 6395 tablet_bootstrap.cc:1031] T 1f7a6bd64c604f7fada909bd575708cd P d9caa1baaef84124a4a530b35945fad3: ReplayState: Previous OpId: 0.0, Committed OpId: 0.0, Pending Replicates: 0, Pending Commits: 0
I0825 15:14:24.331848 6395 tablet_bootstrap.cc:647] T 1f7a6bd64c604f7fada909bd575708cd P d9caa1baaef84124a4a530b35945fad3: Preparing to delete log recovery files and directory /tmp/kudutest-4519/create-table-itest.CreateTableITest.TestSpreadReplicasEvenly.1472161943177725-27674/minicluster-data/ts-0/wals/1f7a6bd64c604f7fada909bd575708cd.recovery
I0825 15:14:24.331864 6395 tablet_bootstrap.cc:650] T 1f7a6bd64c604f7fada909bd575708cd P d9caa1baaef84124a4a530b35945fad3: Renaming log recovery dir from /tmp/kudutest-4519/create-table-itest.CreateTableITest.TestSpreadReplicasEvenly.1472161943177725-27674/minicluster-data/ts-0/wals/1f7a6bd64c604f7fada909bd575708cd.recovery to /tmp/kudutest-4519/create-table-itest.CreateTableITest.TestSpreadReplicasEvenly.1472161943177725-27674/minicluster-data/ts-0/wals/1f7a6bd64c604f7fada909bd575708cd.recovery-1472163264331861
I0825 15:14:24.331887 6395 tablet_bootstrap.cc:660] T 1f7a6bd64c604f7fada909bd575708cd P d9caa1baaef84124a4a530b35945fad3: Deleting all files from renamed log recovery directory /tmp/kudutest-4519/create-table-itest.CreateTableITest.TestSpreadReplicasEvenly.1472161943177725-27674/minicluster-data/ts-0/wals/1f7a6bd64c604f7fada909bd575708cd.recovery-1472163264331861
I0825 15:14:24.331940 6395 tablet_bootstrap.cc:663] T 1f7a6bd64c604f7fada909bd575708cd P d9caa1baaef84124a4a530b35945fad3: Completed deletion of old log recovery files and directory /tmp/kudutest-4519/create-table-itest.CreateTableITest.TestSpreadReplicasEvenly.1472161943177725-27674/minicluster-data/ts-0/wals/1f7a6bd64c604f7fada909bd575708cd.recovery-1472163264331861
I0825 15:14:24.331959 6395 tablet_bootstrap.cc:394] T 1f7a6bd64c604f7fada909bd575708cd P d9caa1baaef84124a4a530b35945fad3: Bootstrap complete.
I0825 15:14:24.340060 6512 ts_tablet_manager.cc:638] T 1f7a6bd64c604f7fada909bd575708cd P 92f34d06b19146db82cf42701d2363c5: Time spent bootstrapping tablet: real 0.061s user 0.022s sys 0.040s
I0825 15:14:24.340643 6512 raft_consensus.cc:269] T 1f7a6bd64c604f7fada909bd575708cd P 92f34d06b19146db82cf42701d2363c5 [term 46 FOLLOWER]: Replica starting. Triggering 1 pending transactions. Active config: opid_index: -1 local: false peers { permanent_uuid: "401cb2671e94452f87838515c7408bdc" member_type: VOTER last_known_addr { host: "127.108.26.2" port: 35954 } } peers { permanent_uuid: "92f34d06b19146db82cf42701d2363c5" member_type: VOTER last_known_addr { host: "127.108.26.1" port: 33958 } } peers { permanent_uuid: "d9caa1baaef84124a4a530b35945fad3" member_type: VOTER last_known_addr { host: "127.108.26.0" port: 37291 } }
I0825 15:14:24.340708 6512 raft_consensus.cc:478] T 1f7a6bd64c604f7fada909bd575708cd P 92f34d06b19146db82cf42701d2363c5 [term 46 FOLLOWER]: Becoming Follower/Learner. State: Replica: 92f34d06b19146db82cf42701d2363c5, State: 1, Role: FOLLOWER Watermarks: {Received: term: 1 index: 1 Committed: term: 0 index: 0}
I0825 15:14:24.340739 6512 consensus_queue.cc:162] T 1f7a6bd64c604f7fada909bd575708cd P 92f34d06b19146db82cf42701d2363c5 [NON_LEADER]: Queue going to NON_LEADER mode. State: All replicated op: 0.0, Majority replicated op: 0.0, Committed index: 0.0, Last appended: 1.1, Current term: 0, Majority size: -1, State: 1, Mode: NON_LEADER
I0825 15:14:24.341087 6512 ts_tablet_manager.cc:664] T 1f7a6bd64c604f7fada909bd575708cd P 92f34d06b19146db82cf42701d2363c5: Time spent starting tablet: real 0.001s user 0.000s sys 0.000s
I0825 15:14:24.341379 6395 ts_tablet_manager.cc:638] T 1f7a6bd64c604f7fada909bd575708cd P d9caa1baaef84124a4a530b35945fad3: Time spent bootstrapping tablet: real 0.062s user 0.020s sys 0.041s
I0825 15:14:24.342046 6395 raft_consensus.cc:269] T 1f7a6bd64c604f7fada909bd575708cd P d9caa1baaef84124a4a530b35945fad3 [term 55 FOLLOWER]: Replica starting. Triggering 0 pending transactions. Active config: opid_index: -1 local: false peers { permanent_uuid: "401cb2671e94452f87838515c7408bdc" member_type: VOTER last_known_addr { host: "127.108.26.2" port: 35954 } } peers { permanent_uuid: "92f34d06b19146db82cf42701d2363c5" member_type: VOTER last_known_addr { host: "127.108.26.1" port: 33958 } } peers { permanent_uuid: "d9caa1baaef84124a4a530b35945fad3" member_type: VOTER last_known_addr { host: "127.108.26.0" port: 37291 } }
I0825 15:14:24.342108 6395 raft_consensus.cc:478] T 1f7a6bd64c604f7fada909bd575708cd P d9caa1baaef84124a4a530b35945fad3 [term 55 FOLLOWER]: Becoming Follower/Learner. State: Replica: d9caa1baaef84124a4a530b35945fad3, State: 1, Role: FOLLOWER Watermarks: {Received: term: 0 index: 0 Committed: term: 0 index: 0}
I0825 15:14:24.342138 6395 consensus_queue.cc:162] T 1f7a6bd64c604f7fada909bd575708cd P d9caa1baaef84124a4a530b35945fad3 [NON_LEADER]: Queue going to NON_LEADER mode. State: All replicated op: 0.0, Majority replicated op: 0.0, Committed index: 0.0, Last appended: 0.0, Current term: 0, Majority size: -1, State: 1, Mode: NON_LEADER
I0825 15:14:24.342425 6395 ts_tablet_manager.cc:664] T 1f7a6bd64c604f7fada909bd575708cd P d9caa1baaef84124a4a530b35945fad3: Time spent starting tablet: real 0.001s user 0.001s sys 0.001s [dinesh@ve0518 debug]$
I0825 15:14:25.829818 6791 raft_consensus.cc:363] T 17aec689be0047b987494787029f6e08 P 401cb2671e94452f87838515c7408bdc [term 47 FOLLOWER]: No leader contacted us within the election timeout. Triggering leader election
I0825 15:14:25.829849 6791 raft_consensus.cc:1980] T 17aec689be0047b987494787029f6e08 P 401cb2671e94452f87838515c7408bdc [term 47 FOLLOWER]: Advancing to term 48
I0825 15:14:25.830371 6791 raft_consensus.cc:1931] T 17aec689be0047b987494787029f6e08 P 401cb2671e94452f87838515c7408bdc [term 48 FOLLOWER]: Snoozing failure detection for election timeout plus an additional 13.868s
I0825 15:14:25.830427 6791 raft_consensus.cc:379] T 17aec689be0047b987494787029f6e08 P 401cb2671e94452f87838515c7408bdc [term 48 FOLLOWER]: Starting election with config: opid_index: -1 local: false peers { permanent_uuid: "92f34d06b19146db82cf42701d2363c5" member_type: VOTER last_known_addr { host: "127.108.26.1" port: 33958 } } peers { permanent_uuid: "d9caa1baaef84124a4a530b35945fad3" member_type: VOTER last_known_addr { host: "127.108.26.0" port: 37291 } } peers { permanent_uuid: "401cb2671e94452f87838515c7408bdc" member_type: VOTER last_known_addr { host: "127.108.26.2" port: 35954 } }
I0825 15:14:25.831483 6791 leader_election.cc:222] T 17aec689be0047b987494787029f6e08 P 401cb2671e94452f87838515c7408bdc [CANDIDATE]: Term 48 election: Requesting vote from peer 92f34d06b19146db82cf42701d2363c5
I0825 15:14:25.831634 6791 leader_election.cc:222] T 17aec689be0047b987494787029f6e08 P 401cb2671e94452f87838515c7408bdc [CANDIDATE]: Term 48 election: Requesting vote from peer d9caa1baaef84124a4a530b35945fad3
I0825 15:14:25.833935 6506 raft_consensus.cc:1980] T 17aec689be0047b987494787029f6e08 P d9caa1baaef84124a4a530b35945fad3 [term 46 FOLLOWER]: Advancing to term 48
I0825 15:14:25.834007 6674 raft_consensus.cc:1572] T 17aec689be0047b987494787029f6e08 P 92f34d06b19146db82cf42701d2363c5 [term 48 FOLLOWER]: Leader election vote request: Denying vote to candidate 401cb2671e94452f87838515c7408bdc in current term 48: Already voted for candidate 92f34d06b19146db82cf42701d2363c5 in this term.
I0825 15:14:25.834427 6506 raft_consensus.cc:1589] T 17aec689be0047b987494787029f6e08 P d9caa1baaef84124a4a530b35945fad3 [term 48 FOLLOWER]: Leader election vote request: Denying vote to candidate 401cb2671e94452f87838515c7408bdc for term 48 because replica has last-logged OpId of term: 1 index: 1, which is greater than that of the candidate, which has last-logged OpId of term: 0 index: 0.
I0825 15:14:25.834640 6444 leader_election.cc:360] T 17aec689be0047b987494787029f6e08 P 401cb2671e94452f87838515c7408bdc [CANDIDATE]: Term 48 election: Vote denied by peer 92f34d06b19146db82cf42701d2363c5. Message: Invalid argument: T 17aec689be0047b987494787029f6e08 P 92f34d06b19146db82cf42701d2363c5 [term 48 FOLLOWER]: Leader election vote request: Denying vote to candidate 401cb2671e94452f87838515c7408bdc in current term 48: Already voted for candidate 92f34d06b19146db82cf42701d2363c5 in this term.
I0825 15:14:25.834959 6437 leader_election.cc:360] T 17aec689be0047b987494787029f6e08 P 401cb2671e94452f87838515c7408bdc [CANDIDATE]: Term 48 election: Vote denied by peer d9caa1baaef84124a4a530b35945fad3. Message: Invalid argument: T 17aec689be0047b987494787029f6e08 P d9caa1baaef84124a4a530b35945fad3 [term 48 FOLLOWER]: Leader election vote request: Denying vote to candidate 401cb2671e94452f87838515c7408bdc for term 48 because replica has last-logged OpId of term: 1 index: 1, which is greater than that of the candidate, which has last-logged OpId of term: 0 index: 0.
I0825 15:14:25.835006 6437 leader_election.cc:247] T 17aec689be0047b987494787029f6e08 P 401cb2671e94452f87838515c7408bdc [CANDIDATE]: Term 48 election: Election decided. Result: candidate lost.
I0825 15:14:25.835373 6820 raft_consensus.cc:1931] T 17aec689be0047b987494787029f6e08 P 401cb2671e94452f87838515c7408bdc [term 48 FOLLOWER]: Snoozing failure detection for election timeout plus an additional 16.722s
I0825 15:14:25.835444 6820 raft_consensus.cc:1784] T 17aec689be0047b987494787029f6e08 P 401cb2671e94452f87838515c7408bdc [term 48 FOLLOWER]: Leader election lost for term 48. Reason: None given
I0825 15:14:25.870713 6814 raft_consensus.cc:363] T 1f7a6bd64c604f7fada909bd575708cd P d9caa1baaef84124a4a530b35945fad3 [term 55 FOLLOWER]: No leader contacted us within the election timeout. Triggering leader election
I0825 15:14:25.870731 6814 raft_consensus.cc:1980] T 1f7a6bd64c604f7fada909bd575708cd P d9caa1baaef84124a4a530b35945fad3 [term 55 FOLLOWER]: Advancing to term 56
