[==========] Running 1 test from 1 test case. [----------] Global test environment set-up. [----------] 1 test from AlterTableRandomized [ RUN ] AlterTableRandomized.TestRandomSequence
I0721 23:22:17.766331 10972 external_mini_cluster.cc:559] Running /tmp/run_tha_testJdYyRY/build/release/bin/kudu-master kudu-master --fs_wal_dir=/tmp/kudutest-1000/alter_table-randomized-test.AlterTableRandomized.TestRandomSequence.1469143337762994-10972/minicluster-data/master --fs_data_dirs=/tmp/kudutest-1000/alter_table-randomized-test.AlterTableRandomized.TestRandomSequence.1469143337762994-10972/minicluster-data/master --rpc_bind_addresses=127.0.0.1:0 --webserver_interface=localhost --webserver_port=0 --metrics_log_interval_ms=1000 --log_dir=/tmp/kudutest-1000/alter_table-randomized-test.AlterTableRandomized.TestRandomSequence.1469143337762994-10972/minicluster-data/master --server_dump_info_path=/tmp/kudutest-1000/alter_table-randomized-test.AlterTableRandomized.TestRandomSequence.1469143337762994-10972/minicluster-data/master/info.pb --server_dump_info_format=pb --rpc_server_allow_ephemeral_ports --logtostderr --logbuflevel=-1
I0721 23:22:17.770305 10977 mem_tracker.cc:138] MemTracker: hard memory limit is 11.777661 GB
I0721 23:22:17.770359 10977 mem_tracker.cc:140] MemTracker: soft memory limit is 7.066597 GB
I0721 23:22:17.771215 10977 master_main.cc:58] Initializing master server...
I0721 23:22:17.771325 10977 hybrid_clock.cc:178] HybridClock initialized. Resolution in nanos?: 1 Wait times tolerance adjustment: 1.0005 Current error: 1133158
I0721 23:22:17.772006 10977 server_base.cc:165] Could not load existing FS layout: Not found: /tmp/kudutest-1000/alter_table-randomized-test.AlterTableRandomized.TestRandomSequence.1469143337762994-10972/minicluster-data/master/instance: No such file or directory (error 2)
I0721 23:22:17.772017 10977 server_base.cc:166] Creating new FS layout
I0721 23:22:17.779157 10977 fs_manager.cc:345] Generated new instance metadata in path /tmp/kudutest-1000/alter_table-randomized-test.AlterTableRandomized.TestRandomSequence.1469143337762994-10972/minicluster-data/master/instance: uuid: "ed427968d4be45578319d4ea8dca073a" format_stamp: "Formatted at 2016-07-21 23:22:17 on dist-test-slave-dist-test-slave-zjmv"
I0721 23:22:17.784764 10977 fs_manager.cc:242] Opened local filesystem: /tmp/kudutest-1000/alter_table-randomized-test.AlterTableRandomized.TestRandomSequence.1469143337762994-10972/minicluster-data/master uuid: "ed427968d4be45578319d4ea8dca073a" format_stamp: "Formatted at 2016-07-21 23:22:17 on dist-test-slave-dist-test-slave-zjmv"
I0721 23:22:17.786073 10977 master_main.cc:61] Starting Master server...
I0721 23:22:17.789170 10977 rpc_server.cc:164] RPC server started. Bound to: 127.0.0.1:46345
I0721 23:22:17.789201 10977 webserver.cc:122] Starting webserver on localhost:0
I0721 23:22:17.789203 10977 webserver.cc:133] Document root disabled
I0721 23:22:17.789391 10977 net_util.cc:183] Address 127.0.0.1:0 for localhost:0 duplicates an earlier resolved entry.
I0721 23:22:17.789479 10977 webserver.cc:217] Webserver started. Bound to: http://127.0.0.1:45186/
I0721 23:22:17.789578 10977 server_base.cc:235] Dumped server information to /tmp/kudutest-1000/alter_table-randomized-test.AlterTableRandomized.TestRandomSequence.1469143337762994-10972/minicluster-data/master/info.pb
I0721 23:22:17.794167 11019 tablet_bootstrap.cc:400] T 00000000000000000000000000000000 P ed427968d4be45578319d4ea8dca073a: Bootstrap starting.
I0721 23:22:17.794296 11019 tablet_bootstrap.cc:563] T 00000000000000000000000000000000 P ed427968d4be45578319d4ea8dca073a: Time spent opening tablet: real 0.000s user 0.000s sys 0.000s
I0721 23:22:17.794389 11019 tablet_bootstrap.cc:503] T 00000000000000000000000000000000 P ed427968d4be45578319d4ea8dca073a: No blocks or log segments found. Creating new log.
I0721 23:22:17.794492 11019 log.cc:349] Log is configured to *not* fsync() on all Append() calls
I0721 23:22:17.794906 11019 tablet_bootstrap.cc:400] T 00000000000000000000000000000000 P ed427968d4be45578319d4ea8dca073a: No bootstrap required, opened a new log
I0721 23:22:17.795228 11019 raft_consensus.cc:269] T 00000000000000000000000000000000 P ed427968d4be45578319d4ea8dca073a [term 0 FOLLOWER]: Replica starting. Triggering 0 pending transactions. Active config: opid_index: -1 peers { permanent_uuid: "ed427968d4be45578319d4ea8dca073a" member_type: VOTER }
I0721 23:22:17.795248 11019 raft_consensus.cc:301] T 00000000000000000000000000000000 P ed427968d4be45578319d4ea8dca073a [term 0 FOLLOWER]: Consensus starting up: Expiring failure detector timer to make a prompt election more likely
I0721 23:22:17.795260 11019 raft_consensus.cc:499] T 00000000000000000000000000000000 P ed427968d4be45578319d4ea8dca073a [term 0 FOLLOWER]: Becoming Follower/Learner. State: Replica: ed427968d4be45578319d4ea8dca073a, State: 1, Role: FOLLOWER Watermarks: {Received: term: 0 index: 0 Committed: term: 0 index: 0}
I0721 23:22:17.795286 11019 consensus_queue.cc:162] T 00000000000000000000000000000000 P ed427968d4be45578319d4ea8dca073a [NON_LEADER]: Queue going to NON_LEADER mode. State: All replicated op: 0.0, Majority replicated op: 0.0, Committed index: 0.0, Last appended: 0.0, Current term: 0, Majority size: -1, State: 1, Mode: NON_LEADER
I0721 23:22:17.795295 11019 raft_consensus.cc:314] T 00000000000000000000000000000000 P ed427968d4be45578319d4ea8dca073a [term 0 FOLLOWER]: Only one voter in the Raft config. Triggering election immediately
I0721 23:22:17.795300 11019 raft_consensus.cc:370] T 00000000000000000000000000000000 P ed427968d4be45578319d4ea8dca073a [term 0 FOLLOWER]: No leader contacted us within the election timeout. Triggering leader election
I0721 23:22:17.795305 11019 raft_consensus.cc:2019] T 00000000000000000000000000000000 P ed427968d4be45578319d4ea8dca073a [term 0 FOLLOWER]: Advancing to term 1
I0721 23:22:17.795553 11019 raft_consensus.cc:1970] T 00000000000000000000000000000000 P ed427968d4be45578319d4ea8dca073a [term 1 FOLLOWER]: Snoozing failure detection for election timeout plus an additional 1.536s
I0721 23:22:17.795574 11019 raft_consensus.cc:386] T 00000000000000000000000000000000 P ed427968d4be45578319d4ea8dca073a [term 1 FOLLOWER]: Starting election with config: opid_index: -1 peers { permanent_uuid: "ed427968d4be45578319d4ea8dca073a" member_type: VOTER }
I0721 23:22:17.796164 11019 leader_election.cc:248] T 00000000000000000000000000000000 P ed427968d4be45578319d4ea8dca073a [CANDIDATE]: Term 1 election: Election decided. Result: candidate won.
I0721 23:22:17.796510 11019 sys_catalog.cc:235] T 00000000000000000000000000000000 P ed427968d4be45578319d4ea8dca073a [sys.catalog]: SysCatalogTable state changed. Reason: Started TabletPeer. Latest consensus state: current_term: 1 config { opid_index: -1 peers { permanent_uuid: "ed427968d4be45578319d4ea8dca073a" member_type: VOTER } }
I0721 23:22:17.796525 11019 sys_catalog.cc:238] T 00000000000000000000000000000000 P ed427968d4be45578319d4ea8dca073a [sys.catalog]: This master's current role is: FOLLOWER
I0721 23:22:17.796532 11023 raft_consensus.cc:1970] T 00000000000000000000000000000000 P ed427968d4be45578319d4ea8dca073a [term 1 FOLLOWER]: Snoozing failure detection for election timeout plus an additional 1.553s
I0721 23:22:17.796540 11023 raft_consensus.cc:1859] T 00000000000000000000000000000000 P ed427968d4be45578319d4ea8dca073a [term 1 FOLLOWER]: Leader election won for term 1
I0721 23:22:17.796670 11023 raft_consensus.cc:464] T 00000000000000000000000000000000 P ed427968d4be45578319d4ea8dca073a [term 1 LEADER]: Becoming Leader. State: Replica: ed427968d4be45578319d4ea8dca073a, State: 1, Role: LEADER Watermarks: {Received: term: 0 index: 0 Committed: term: 0 index: 0}
I0721 23:22:17.796700 11023 consensus_queue.cc:145] T 00000000000000000000000000000000 P ed427968d4be45578319d4ea8dca073a [LEADER]: Queue going to LEADER mode. State: All replicated op: 0.0, Majority replicated op: 0.0, Committed index: 0.0, Last appended: 0.0, Current term: 1, Majority size: 1, State: 1, Mode: LEADER, active raft config: opid_index: -1 peers { permanent_uuid: "ed427968d4be45578319d4ea8dca073a" member_type: VOTER }
I0721 23:22:17.796990 10972 external_mini_cluster.cc:595] Started /tmp/run_tha_testJdYyRY/build/release/bin/kudu-master as pid 10977
I0721 23:22:17.797039 10972 external_mini_cluster.cc:559] Running /tmp/run_tha_testJdYyRY/build/release/bin/kudu-tserver kudu-tserver --fs_wal_dir=/tmp/kudutest-1000/alter_table-randomized-test.AlterTableRandomized.TestRandomSequence.1469143337762994-10972/minicluster-data/ts-0 --fs_data_dirs=/tmp/kudutest-1000/alter_table-randomized-test.AlterTableRandomized.TestRandomSequence.1469143337762994-10972/minicluster-data/ts-0 --rpc_bind_addresses=127.42.220.0:0 --local_ip_for_outbound_sockets=127.42.220.0 --webserver_interface=127.42.220.0 --webserver_port=0 --tserver_master_addrs=127.0.0.1:46345 --metrics_log_interval_ms=1000 --log_dir=/tmp/kudutest-1000/alter_table-randomized-test.AlterTableRandomized.TestRandomSequence.1469143337762994-10972/minicluster-data/ts-0 --never_fsync --log_container_preallocate_bytes=0 --server_dump_info_path=/tmp/kudutest-1000/alter_table-randomized-test.AlterTableRandomized.TestRandomSequence.1469143337762994-10972/minicluster-data/ts-0/info.pb --server_dump_info_format=pb --rpc_server_allow_ephemeral_ports --logtostderr --logbuflevel=-1
I0721 23:22:17.797822 11025 sys_catalog.cc:235] T 00000000000000000000000000000000 P ed427968d4be45578319d4ea8dca073a [sys.catalog]: SysCatalogTable state changed. Reason: New leader ed427968d4be45578319d4ea8dca073a. Latest consensus state: current_term: 1 leader_uuid: "ed427968d4be45578319d4ea8dca073a" config { opid_index: -1 peers { permanent_uuid: "ed427968d4be45578319d4ea8dca073a" member_type: VOTER } }
I0721 23:22:17.797978 11025 sys_catalog.cc:238] T 00000000000000000000000000000000 P ed427968d4be45578319d4ea8dca073a [sys.catalog]: This master's current role is: LEADER
I0721 23:22:17.797840 11019 sys_catalog.cc:313] T 00000000000000000000000000000000 P ed427968d4be45578319d4ea8dca073a [sys.catalog]: configured and running, proceeding with master startup.
I0721 23:22:17.797921 11024 sys_catalog.cc:235] T 00000000000000000000000000000000 P ed427968d4be45578319d4ea8dca073a [sys.catalog]: SysCatalogTable state changed. Reason: RaftConsensus started. Latest consensus state: current_term: 1 leader_uuid: "ed427968d4be45578319d4ea8dca073a" config { opid_index: -1 peers { permanent_uuid: "ed427968d4be45578319d4ea8dca073a" member_type: VOTER } }
I0721 23:22:17.797996 11024 sys_catalog.cc:238] T 00000000000000000000000000000000 P ed427968d4be45578319d4ea8dca073a [sys.catalog]: This master's current role is: LEADER
W0721 23:22:17.798198 11027 catalog_manager.cc:351] Catalog manager background task thread going to sleep: Service unavailable: Catalog manager is not initialized. State: 1
I0721 23:22:17.798264 10977 master_main.cc:64] Master server successfully started.
I0721 23:22:17.798357 11028 raft_consensus_state.cc:534] T 00000000000000000000000000000000 P ed427968d4be45578319d4ea8dca073a [term 1 LEADER]: Advanced the committed_index across terms. Last committed operation was: term: 0 index: 0 New committed index is: term: 1 index: 1
I0721 23:22:17.798421 11029 catalog_manager.cc:642] Loading table and tablet metadata into memory...
I0721 23:22:17.803019 11026 mem_tracker.cc:138] MemTracker: hard memory limit is 11.777661 GB
I0721 23:22:17.803086 11026 mem_tracker.cc:140] MemTracker: soft memory limit is 7.066597 GB
I0721 23:22:17.804461 11026 tablet_server_main.cc:54] Initializing tablet server...
I0721 23:22:17.804616 11026 hybrid_clock.cc:178] HybridClock initialized. Resolution in nanos?: 1 Wait times tolerance adjustment: 1.0005 Current error: 1133158
I0721 23:22:17.805344 11026 server_base.cc:165] Could not load existing FS layout: Not found: /tmp/kudutest-1000/alter_table-randomized-test.AlterTableRandomized.TestRandomSequence.1469143337762994-10972/minicluster-data/ts-0/instance: No such file or directory (error 2)
I0721 23:22:17.805356 11026 server_base.cc:166] Creating new FS layout
I0721 23:22:17.806582 11026 fs_manager.cc:345] Generated new instance metadata in path /tmp/kudutest-1000/alter_table-randomized-test.AlterTableRandomized.TestRandomSequence.1469143337762994-10972/minicluster-data/ts-0/instance: uuid: "2aeff3d0fc13436a9d6090b9a6aaa6aa" format_stamp: "Formatted at 2016-07-21 23:22:17 on dist-test-slave-dist-test-slave-zjmv"
I0721 23:22:17.807243 11026 fs_manager.cc:242] Opened local filesystem: /tmp/kudutest-1000/alter_table-randomized-test.AlterTableRandomized.TestRandomSequence.1469143337762994-10972/minicluster-data/ts-0 uuid: "2aeff3d0fc13436a9d6090b9a6aaa6aa" format_stamp: "Formatted at 2016-07-21 23:22:17 on dist-test-slave-dist-test-slave-zjmv"
I0721 23:22:17.809375 11026 tablet_server_main.cc:57] Starting tablet server...
I0721 23:22:17.817800 11026 rpc_server.cc:164] RPC server started. Bound to: 127.42.220.0:48563
I0721 23:22:17.817842 11026 webserver.cc:122] Starting webserver on 127.42.220.0:0
I0721 23:22:17.817865 11026 webserver.cc:133] Document root disabled
I0721 23:22:17.817983 11026 webserver.cc:217] Webserver started. Bound to: http://127.42.220.0:58085/
I0721 23:22:17.818084 11026 server_base.cc:235] Dumped server information to /tmp/kudutest-1000/alter_table-randomized-test.AlterTableRandomized.TestRandomSequence.1469143337762994-10972/minicluster-data/ts-0/info.pb
I0721 23:22:17.827595 10972 external_mini_cluster.cc:595] Started /tmp/run_tha_testJdYyRY/build/release/bin/kudu-tserver as pid 11026
I0721 23:22:17.827649 10972 external_mini_cluster.cc:559] Running /tmp/run_tha_testJdYyRY/build/release/bin/kudu-tserver kudu-tserver --fs_wal_dir=/tmp/kudutest-1000/alter_table-randomized-test.AlterTableRandomized.TestRandomSequence.1469143337762994-10972/minicluster-data/ts-1 --fs_data_dirs=/tmp/kudutest-1000/alter_table-randomized-test.AlterTableRandomized.TestRandomSequence.1469143337762994-10972/minicluster-data/ts-1 --rpc_bind_addresses=127.42.220.1:0 --local_ip_for_outbound_sockets=127.42.220.1 --webserver_interface=127.42.220.1 --webserver_port=0 --tserver_master_addrs=127.0.0.1:46345 --metrics_log_interval_ms=1000 --log_dir=/tmp/kudutest-1000/alter_table-randomized-test.AlterTableRandomized.TestRandomSequence.1469143337762994-10972/minicluster-data/ts-1 --never_fsync --log_container_preallocate_bytes=0 --server_dump_info_path=/tmp/kudutest-1000/alter_table-randomized-test.AlterTableRandomized.TestRandomSequence.1469143337762994-10972/minicluster-data/ts-1/info.pb --server_dump_info_format=pb --rpc_server_allow_ephemeral_ports --logtostderr --logbuflevel=-1
I0721 23:22:17.838043 11026 tablet_server_main.cc:60] Tablet server successfully started.
I0721 23:22:17.842797 11144 mem_tracker.cc:138] MemTracker: hard memory limit is 11.777661 GB
I0721 23:22:17.842903 11144 mem_tracker.cc:140] MemTracker: soft memory limit is 7.066597 GB
I0721 23:22:17.844202 11144 tablet_server_main.cc:54] Initializing tablet server...
I0721 23:22:17.844350 11144 hybrid_clock.cc:178] HybridClock initialized. Resolution in nanos?: 1 Wait times tolerance adjustment: 1.0005 Current error: 1133158
I0721 23:22:17.845335 11144 server_base.cc:165] Could not load existing FS layout: Not found: /tmp/kudutest-1000/alter_table-randomized-test.AlterTableRandomized.TestRandomSequence.1469143337762994-10972/minicluster-data/ts-1/instance: No such file or directory (error 2)
I0721 23:22:17.845345 11144 server_base.cc:166] Creating new FS layout
I0721 23:22:17.846876 11144 fs_manager.cc:345] Generated new instance metadata in path /tmp/kudutest-1000/alter_table-randomized-test.AlterTableRandomized.TestRandomSequence.1469143337762994-10972/minicluster-data/ts-1/instance: uuid: "d248c9dacad642be9a5fabec3add151e" format_stamp: "Formatted at 2016-07-21 23:22:17 on dist-test-slave-dist-test-slave-zjmv"
I0721 23:22:17.847612 11144 fs_manager.cc:242] Opened local filesystem: /tmp/kudutest-1000/alter_table-randomized-test.AlterTableRandomized.TestRandomSequence.1469143337762994-10972/minicluster-data/ts-1 uuid: "d248c9dacad642be9a5fabec3add151e" format_stamp: "Formatted at 2016-07-21 23:22:17 on dist-test-slave-dist-test-slave-zjmv"
I0721 23:22:17.849845 11144 tablet_server_main.cc:57] Starting tablet server...
I0721 23:22:17.850513 11143 heartbeater.cc:255] Connected to a leader master server at 127.0.0.1:46345
I0721 23:22:17.850529 11143 heartbeater.cc:322] Registering TS with master...
I0721 23:22:17.850541 11143 heartbeater.cc:328] Sending a full tablet report to master...
I0721 23:22:17.850690 10996 ts_manager.cc:81] Registered new tablet server { permanent_uuid: "2aeff3d0fc13436a9d6090b9a6aaa6aa" instance_seqno: 1469143337816059 } with Master
I0721 23:22:17.869731 11144 rpc_server.cc:164] RPC server started. Bound to: 127.42.220.1:37489
I0721 23:22:17.869786 11144 webserver.cc:122] Starting webserver on 127.42.220.1:0
I0721 23:22:17.869803 11144 webserver.cc:133] Document root disabled
I0721 23:22:17.869896 11144 webserver.cc:217] Webserver started. Bound to: http://127.42.220.1:57305/
I0721 23:22:17.869994 11144 server_base.cc:235] Dumped server information to /tmp/kudutest-1000/alter_table-randomized-test.AlterTableRandomized.TestRandomSequence.1469143337762994-10972/minicluster-data/ts-1/info.pb
I0721 23:22:17.878443 10972 external_mini_cluster.cc:595] Started /tmp/run_tha_testJdYyRY/build/release/bin/kudu-tserver as pid 11144
I0721 23:22:17.878515 10972 external_mini_cluster.cc:559] Running /tmp/run_tha_testJdYyRY/build/release/bin/kudu-tserver kudu-tserver --fs_wal_dir=/tmp/kudutest-1000/alter_table-randomized-test.AlterTableRandomized.TestRandomSequence.1469143337762994-10972/minicluster-data/ts-2 --fs_data_dirs=/tmp/kudutest-1000/alter_table-randomized-test.AlterTableRandomized.TestRandomSequence.1469143337762994-10972/minicluster-data/ts-2 --rpc_bind_addresses=127.42.220.2:0 --local_ip_for_outbound_sockets=127.42.220.2 --webserver_interface=127.42.220.2 --webserver_port=0 --tserver_master_addrs=127.0.0.1:46345 --metrics_log_interval_ms=1000 --log_dir=/tmp/kudutest-1000/alter_table-randomized-test.AlterTableRandomized.TestRandomSequence.1469143337762994-10972/minicluster-data/ts-2 --never_fsync --log_container_preallocate_bytes=0 --server_dump_info_path=/tmp/kudutest-1000/alter_table-randomized-test.AlterTableRandomized.TestRandomSequence.1469143337762994-10972/minicluster-data/ts-2/info.pb --server_dump_info_format=pb --rpc_server_allow_ephemeral_ports --logtostderr --logbuflevel=-1
I0721 23:22:17.881947 11144 tablet_server_main.cc:60] Tablet server successfully started.
I0721 23:22:17.882740 11260 heartbeater.cc:255] Connected to a leader master server at 127.0.0.1:46345
I0721 23:22:17.882755 11260 heartbeater.cc:322] Registering TS with master...
I0721 23:22:17.882762 11260 heartbeater.cc:328] Sending a full tablet report to master...
I0721 23:22:17.882894 10996 ts_manager.cc:81] Registered new tablet server { permanent_uuid: "d248c9dacad642be9a5fabec3add151e" instance_seqno: 1469143337867998 } with Master
I0721 23:22:17.892956 11261 mem_tracker.cc:138] MemTracker: hard memory limit is 11.777661 GB
I0721 23:22:17.893024 11261 mem_tracker.cc:140] MemTracker: soft memory limit is 7.066597 GB
I0721 23:22:17.893990 11261 tablet_server_main.cc:54] Initializing tablet server...
I0721 23:22:17.894125 11261 hybrid_clock.cc:178] HybridClock initialized. Resolution in nanos?: 1 Wait times tolerance adjustment: 1.0005 Current error: 1133158
I0721 23:22:17.894906 11261 server_base.cc:165] Could not load existing FS layout: Not found: /tmp/kudutest-1000/alter_table-randomized-test.AlterTableRandomized.TestRandomSequence.1469143337762994-10972/minicluster-data/ts-2/instance: No such file or directory (error 2)
I0721 23:22:17.894918 11261 server_base.cc:166] Creating new FS layout
I0721 23:22:17.895951 11261 fs_manager.cc:345] Generated new instance metadata in path /tmp/kudutest-1000/alter_table-randomized-test.AlterTableRandomized.TestRandomSequence.1469143337762994-10972/minicluster-data/ts-2/instance: uuid: "4d5cad21cdbe462d87174e9da291a046" format_stamp: "Formatted at 2016-07-21 23:22:17 on dist-test-slave-dist-test-slave-zjmv"
I0721 23:22:17.896661 11261 fs_manager.cc:242] Opened local filesystem: /tmp/kudutest-1000/alter_table-randomized-test.AlterTableRandomized.TestRandomSequence.1469143337762994-10972/minicluster-data/ts-2 uuid: "4d5cad21cdbe462d87174e9da291a046" format_stamp: "Formatted at 2016-07-21 23:22:17 on dist-test-slave-dist-test-slave-zjmv"
I0721 23:22:17.899147 11261 tablet_server_main.cc:57] Starting tablet server...
I0721 23:22:17.908040 11261 rpc_server.cc:164] RPC server started. Bound to: 127.42.220.2:37062
I0721 23:22:17.908077 11261 webserver.cc:122] Starting webserver on 127.42.220.2:0
I0721 23:22:17.908087 11261 webserver.cc:133] Document root disabled
I0721 23:22:17.908181 11261 webserver.cc:217] Webserver started. Bound to: http://127.42.220.2:59314/
I0721 23:22:17.908283 11261 server_base.cc:235] Dumped server information to /tmp/kudutest-1000/alter_table-randomized-test.AlterTableRandomized.TestRandomSequence.1469143337762994-10972/minicluster-data/ts-2/info.pb
I0721 23:22:17.908504 11261 tablet_server_main.cc:60] Tablet server successfully started.
I0721 23:22:17.909140 11376 heartbeater.cc:255] Connected to a leader master server at 127.0.0.1:46345
I0721 23:22:17.909157 11376 heartbeater.cc:322] Registering TS with master...
I0721 23:22:17.909168 11376 heartbeater.cc:328] Sending a full tablet report to master...
I0721 23:22:17.909302 10996 ts_manager.cc:81] Registered new tablet server { permanent_uuid: "4d5cad21cdbe462d87174e9da291a046" instance_seqno: 1469143337906358 } with Master
I0721 23:22:17.909308 10972 external_mini_cluster.cc:595] Started /tmp/run_tha_testJdYyRY/build/release/bin/kudu-tserver as pid 11261
I0721 23:22:17.910662 10972 external_mini_cluster.cc:322] 3 TS(s) registered with Master
I0721 23:22:17.912690 10972 test_util.cc:132] Using random seed: -1765291662
I0721 23:22:17.913514 10996 catalog_manager.cc:769] CreateTable from {real_user=slave, eff_user=} at 127.0.0.1:52512: name: "test-table" schema { columns { name: "key" type: INT32 is_key: true is_nullable: false encoding: AUTO_ENCODING compression: DEFAULT_COMPRESSION cfile_block_size: 0 } } num_replicas: 3 split_rows_range_bounds { rows: "\006\001\363\377\3773\007\001\362\377\3777" } partition_schema { range_schema { columns { name: "key" } } }
I0721 23:22:17.915200 11080 tablet_service.cc:610] Processing CreateTablet for tablet e0dce1c9e4f94fa0bb7b93d2834c0364 (table=test-table [id=41787a805a7a407ca4ef642fee224d02]), partition=range: [(int32 key=872415219), (int32 key=939524082))
I0721 23:22:17.915220 11313 tablet_service.cc:610] Processing CreateTablet for tablet e0dce1c9e4f94fa0bb7b93d2834c0364 (table=test-table [id=41787a805a7a407ca4ef642fee224d02]), partition=range: [(int32 key=872415219), (int32 key=939524082))
I0721 23:22:17.915396 11197 tablet_service.cc:610] Processing CreateTablet for tablet e0dce1c9e4f94fa0bb7b93d2834c0364 (table=test-table [id=41787a805a7a407ca4ef642fee224d02]), partition=range: [(int32 key=872415219), (int32 key=939524082))
I0721 23:22:17.916043 11313 ts_tablet_manager.cc:765] Registered tablet e0dce1c9e4f94fa0bb7b93d2834c0364
I0721 23:22:17.916358 11080 ts_tablet_manager.cc:765] Registered tablet e0dce1c9e4f94fa0bb7b93d2834c0364
I0721 23:22:17.916512 11197 ts_tablet_manager.cc:765] Registered tablet e0dce1c9e4f94fa0bb7b93d2834c0364
I0721 23:22:17.916517 11390 ts_tablet_manager.cc:631] T e0dce1c9e4f94fa0bb7b93d2834c0364 P 2aeff3d0fc13436a9d6090b9a6aaa6aa: Bootstrapping tablet
I0721 23:22:17.916669 11391 ts_tablet_manager.cc:631] T e0dce1c9e4f94fa0bb7b93d2834c0364 P d248c9dacad642be9a5fabec3add151e: Bootstrapping tablet
I0721 23:22:17.916802 11390 tablet_bootstrap.cc:400] T e0dce1c9e4f94fa0bb7b93d2834c0364 P 2aeff3d0fc13436a9d6090b9a6aaa6aa: Bootstrap starting.
I0721 23:22:17.916873 11391 tablet_bootstrap.cc:400] T e0dce1c9e4f94fa0bb7b93d2834c0364 P d248c9dacad642be9a5fabec3add151e: Bootstrap starting.
I0721 23:22:17.916883 11389 ts_tablet_manager.cc:631] T e0dce1c9e4f94fa0bb7b93d2834c0364 P 4d5cad21cdbe462d87174e9da291a046: Bootstrapping tablet
I0721 23:22:17.917002 11390 tablet_bootstrap.cc:563] T e0dce1c9e4f94fa0bb7b93d2834c0364 P 2aeff3d0fc13436a9d6090b9a6aaa6aa: Time spent opening tablet: real 0.000s user 0.000s sys 0.000s
I0721 23:22:17.917027 11391 tablet_bootstrap.cc:563] T e0dce1c9e4f94fa0bb7b93d2834c0364 P d248c9dacad642be9a5fabec3add151e: Time spent opening tablet: real 0.000s user 0.000s sys 0.000s
I0721 23:22:17.917031 11389 tablet_bootstrap.cc:400] T e0dce1c9e4f94fa0bb7b93d2834c0364 P 4d5cad21cdbe462d87174e9da291a046: Bootstrap starting.
I0721 23:22:17.917142 11390 tablet_bootstrap.cc:503] T e0dce1c9e4f94fa0bb7b93d2834c0364 P 2aeff3d0fc13436a9d6090b9a6aaa6aa: No blocks or log segments found. Creating new log.
I0721 23:22:17.917146 11391 tablet_bootstrap.cc:503] T e0dce1c9e4f94fa0bb7b93d2834c0364 P d248c9dacad642be9a5fabec3add151e: No blocks or log segments found. Creating new log.
I0721 23:22:17.917171 11389 tablet_bootstrap.cc:563] T e0dce1c9e4f94fa0bb7b93d2834c0364 P 4d5cad21cdbe462d87174e9da291a046: Time spent opening tablet: real 0.000s user 0.000s sys 0.000s
I0721 23:22:17.917242 11390 log.cc:349] Log is configured to *not* fsync() on all Append() calls
I0721 23:22:17.917254 11391 log.cc:349] Log is configured to *not* fsync() on all Append() calls
I0721 23:22:17.917368 11389 tablet_bootstrap.cc:503] T e0dce1c9e4f94fa0bb7b93d2834c0364 P 4d5cad21cdbe462d87174e9da291a046: No blocks or log segments found. Creating new log.
I0721 23:22:17.917501 11389 log.cc:349] Log is configured to *not* fsync() on all Append() calls
I0721 23:22:17.917697 11391 tablet_bootstrap.cc:400] T e0dce1c9e4f94fa0bb7b93d2834c0364 P d248c9dacad642be9a5fabec3add151e: No bootstrap required, opened a new log
I0721 23:22:17.917721 11391 ts_tablet_manager.cc:636] T e0dce1c9e4f94fa0bb7b93d2834c0364 P d248c9dacad642be9a5fabec3add151e: Time spent bootstrapping tablet: real 0.001s user 0.000s sys 0.000s
I0721 23:22:17.917946 11389 tablet_bootstrap.cc:400] T e0dce1c9e4f94fa0bb7b93d2834c0364 P 4d5cad21cdbe462d87174e9da291a046: No bootstrap required, opened a new log
I0721 23:22:17.917953 11390 tablet_bootstrap.cc:400] T e0dce1c9e4f94fa0bb7b93d2834c0364 P 2aeff3d0fc13436a9d6090b9a6aaa6aa: No bootstrap required, opened a new log
I0721 23:22:17.917969 11389 ts_tablet_manager.cc:636] T e0dce1c9e4f94fa0bb7b93d2834c0364 P 4d5cad21cdbe462d87174e9da291a046: Time spent bootstrapping tablet: real 0.001s user 0.000s sys 0.000s
I0721 23:22:17.917970 11390 ts_tablet_manager.cc:636] T e0dce1c9e4f94fa0bb7b93d2834c0364 P 2aeff3d0fc13436a9d6090b9a6aaa6aa: Time spent bootstrapping tablet: real 0.001s user 0.000s sys 0.000s
I0721 23:22:17.918090 11391 raft_consensus.cc:269] T e0dce1c9e4f94fa0bb7b93d2834c0364 P d248c9dacad642be9a5fabec3add151e [term 0 FOLLOWER]: Replica starting. Triggering 0 pending transactions. Active config: opid_index: -1 peers { permanent_uuid: "2aeff3d0fc13436a9d6090b9a6aaa6aa" member_type: VOTER last_known_addr { host: "127.42.220.0" port: 48563 } } peers { permanent_uuid: "4d5cad21cdbe462d87174e9da291a046" member_type: VOTER last_known_addr { host: "127.42.220.2" port: 37062 } } peers { permanent_uuid: "d248c9dacad642be9a5fabec3add151e" member_type: VOTER last_known_addr { host: "127.42.220.1" port: 37489 } }
I0721 23:22:17.918108 11391 raft_consensus.cc:301] T e0dce1c9e4f94fa0bb7b93d2834c0364 P d248c9dacad642be9a5fabec3add151e [term 0 FOLLOWER]: Consensus starting up: Expiring failure detector timer to make a prompt election more likely
I0721 23:22:17.918119 11391 raft_consensus.cc:499] T e0dce1c9e4f94fa0bb7b93d2834c0364 P d248c9dacad642be9a5fabec3add151e [term 0 FOLLOWER]: Becoming Follower/Learner. State: Replica: d248c9dacad642be9a5fabec3add151e, State: 1, Role: FOLLOWER Watermarks: {Received: term: 0 index: 0 Committed: term: 0 index: 0}
I0721 23:22:17.918130 11391 consensus_queue.cc:162] T e0dce1c9e4f94fa0bb7b93d2834c0364 P d248c9dacad642be9a5fabec3add151e [NON_LEADER]: Queue going to NON_LEADER mode. State: All replicated op: 0.0, Majority replicated op: 0.0, Committed index: 0.0, Last appended: 0.0, Current term: 0, Majority size: -1, State: 1, Mode: NON_LEADER
I0721 23:22:17.918264 11389 raft_consensus.cc:269] T e0dce1c9e4f94fa0bb7b93d2834c0364 P 4d5cad21cdbe462d87174e9da291a046 [term 0 FOLLOWER]: Replica starting. Triggering 0 pending transactions. Active config: opid_index: -1 peers { permanent_uuid: "2aeff3d0fc13436a9d6090b9a6aaa6aa" member_type: VOTER last_known_addr { host: "127.42.220.0" port: 48563 } } peers { permanent_uuid: "4d5cad21cdbe462d87174e9da291a046" member_type: VOTER last_known_addr { host: "127.42.220.2" port: 37062 } } peers { permanent_uuid: "d248c9dacad642be9a5fabec3add151e" member_type: VOTER last_known_addr { host: "127.42.220.1" port: 37489 } }
I0721 23:22:17.918277 11391 ts_tablet_manager.cc:663] T e0dce1c9e4f94fa0bb7b93d2834c0364 P d248c9dacad642be9a5fabec3add151e: Time spent starting tablet: real 0.001s user 0.000s sys 0.000s
I0721 23:22:17.918280 11389 raft_consensus.cc:301] T e0dce1c9e4f94fa0bb7b93d2834c0364 P 4d5cad21cdbe462d87174e9da291a046 [term 0 FOLLOWER]: Consensus starting up: Expiring failure detector timer to make a prompt election more likely
I0721 23:22:17.918292 11389 raft_consensus.cc:499] T e0dce1c9e4f94fa0bb7b93d2834c0364 P 4d5cad21cdbe462d87174e9da291a046 [term 0 FOLLOWER]: Becoming Follower/Learner. State: Replica: 4d5cad21cdbe462d87174e9da291a046, State: 1, Role: FOLLOWER Watermarks: {Received: term: 0 index: 0 Committed: term: 0 index: 0}
I0721 23:22:17.918301 11389 consensus_queue.cc:162] T e0dce1c9e4f94fa0bb7b93d2834c0364 P 4d5cad21cdbe462d87174e9da291a046 [NON_LEADER]: Queue going to NON_LEADER mode. State: All replicated op: 0.0, Majority replicated op: 0.0, Committed index: 0.0, Last appended: 0.0, Current term: 0, Majority size: -1, State: 1, Mode: NON_LEADER
I0721 23:22:17.918314 11390 raft_consensus.cc:269] T e0dce1c9e4f94fa0bb7b93d2834c0364 P 2aeff3d0fc13436a9d6090b9a6aaa6aa [term 0 FOLLOWER]: Replica starting. Triggering 0 pending transactions. Active config: opid_index: -1 peers { permanent_uuid: "2aeff3d0fc13436a9d6090b9a6aaa6aa" member_type: VOTER last_known_addr { host: "127.42.220.0" port: 48563 } } peers { permanent_uuid: "4d5cad21cdbe462d87174e9da291a046" member_type: VOTER last_known_addr { host: "127.42.220.2" port: 37062 } } peers { permanent_uuid: "d248c9dacad642be9a5fabec3add151e" member_type: VOTER last_known_addr { host: "127.42.220.1" port: 37489 } }
I0721 23:22:17.918329 11390 raft_consensus.cc:301] T e0dce1c9e4f94fa0bb7b93d2834c0364 P 2aeff3d0fc13436a9d6090b9a6aaa6aa [term 0 FOLLOWER]: Consensus starting up: Expiring failure detector timer to make a prompt election more likely
I0721 23:22:17.918340 11390 raft_consensus.cc:499] T e0dce1c9e4f94fa0bb7b93d2834c0364 P 2aeff3d0fc13436a9d6090b9a6aaa6aa [term 0 FOLLOWER]: Becoming Follower/Learner. State: Replica: 2aeff3d0fc13436a9d6090b9a6aaa6aa, State: 1, Role: FOLLOWER Watermarks: {Received: term: 0 index: 0 Committed: term: 0 index: 0}
I0721 23:22:17.918350 11390 consensus_queue.cc:162] T e0dce1c9e4f94fa0bb7b93d2834c0364 P 2aeff3d0fc13436a9d6090b9a6aaa6aa [NON_LEADER]: Queue going to NON_LEADER mode. State: All replicated op: 0.0, Majority replicated op: 0.0, Committed index: 0.0, Last appended: 0.0, Current term: 0, Majority size: -1, State: 1, Mode: NON_LEADER
I0721 23:22:17.918421 11389 ts_tablet_manager.cc:663] T e0dce1c9e4f94fa0bb7b93d2834c0364 P 4d5cad21cdbe462d87174e9da291a046: Time spent starting tablet: real 0.000s user 0.000s sys 0.000s
I0721 23:22:17.918500 11390 ts_tablet_manager.cc:663] T e0dce1c9e4f94fa0bb7b93d2834c0364 P 2aeff3d0fc13436a9d6090b9a6aaa6aa: Time spent starting tablet: real 0.001s user 0.000s sys 0.000s
I0721 23:22:18.056320 11400 raft_consensus.cc:370] T e0dce1c9e4f94fa0bb7b93d2834c0364 P 4d5cad21cdbe462d87174e9da291a046 [term 0 FOLLOWER]: No leader contacted us within the election timeout. Triggering leader election
I0721 23:22:18.056344 11400 raft_consensus.cc:2019] T e0dce1c9e4f94fa0bb7b93d2834c0364 P 4d5cad21cdbe462d87174e9da291a046 [term 0 FOLLOWER]: Advancing to term 1
I0721 23:22:18.056757 11400 raft_consensus.cc:1970] T e0dce1c9e4f94fa0bb7b93d2834c0364 P 4d5cad21cdbe462d87174e9da291a046 [term 1 FOLLOWER]: Snoozing failure detection for election timeout plus an additional 1.536s
I0721 23:22:18.056807 11400 raft_consensus.cc:386] T e0dce1c9e4f94fa0bb7b93d2834c0364 P 4d5cad21cdbe462d87174e9da291a046 [term 1 FOLLOWER]: Starting election with config: opid_index: -1 peers { permanent_uuid: "2aeff3d0fc13436a9d6090b9a6aaa6aa" member_type: VOTER last_known_addr { host: "127.42.220.0" port: 48563 } } peers { permanent_uuid: "4d5cad21cdbe462d87174e9da291a046" member_type: VOTER last_known_addr { host: "127.42.220.2" port: 37062 } } peers { permanent_uuid: "d248c9dacad642be9a5fabec3add151e" member_type: VOTER last_known_addr { host: "127.42.220.1" port: 37489 } }
I0721 23:22:18.057893 11400 leader_election.cc:223] T e0dce1c9e4f94fa0bb7b93d2834c0364 P 4d5cad21cdbe462d87174e9da291a046 [CANDIDATE]: Term 1 election: Requesting vote from peer 2aeff3d0fc13436a9d6090b9a6aaa6aa
I0721 23:22:18.057920 11400 leader_election.cc:223] T e0dce1c9e4f94fa0bb7b93d2834c0364 P 4d5cad21cdbe462d87174e9da291a046 [CANDIDATE]: Term 1 election: Requesting vote from peer d248c9dacad642be9a5fabec3add151e
I0721 23:22:18.058627 11217 raft_consensus.cc:2019] T e0dce1c9e4f94fa0bb7b93d2834c0364 P d248c9dacad642be9a5fabec3add151e [term 0 FOLLOWER]: Advancing to term 1
I0721 23:22:18.058895 11217 raft_consensus.cc:1970] T e0dce1c9e4f94fa0bb7b93d2834c0364 P d248c9dacad642be9a5fabec3add151e [term 1 FOLLOWER]: Snoozing failure detection for election timeout plus an additional 1.625s
I0721 23:22:18.059087 11100 raft_consensus.cc:2019] T e0dce1c9e4f94fa0bb7b93d2834c0364 P 2aeff3d0fc13436a9d6090b9a6aaa6aa [term 0 FOLLOWER]: Advancing to term 1
I0721 23:22:18.059448 11100 raft_consensus.cc:1970] T e0dce1c9e4f94fa0bb7b93d2834c0364 P 2aeff3d0fc13436a9d6090b9a6aaa6aa [term 1 FOLLOWER]: Snoozing failure detection for election timeout plus an additional 1.581s
I0721 23:22:18.059717 11217 raft_consensus.cc:1677] T e0dce1c9e4f94fa0bb7b93d2834c0364 P d248c9dacad642be9a5fabec3add151e [term 1 FOLLOWER]: Leader election vote request: Granting yes vote for candidate 4d5cad21cdbe462d87174e9da291a046 in term 1.
I0721 23:22:18.059886 11270 leader_election.cc:347] T e0dce1c9e4f94fa0bb7b93d2834c0364 P 4d5cad21cdbe462d87174e9da291a046 [CANDIDATE]: Term 1 election: Vote granted by peer d248c9dacad642be9a5fabec3add151e
I0721 23:22:18.059916 11270 leader_election.cc:248] T e0dce1c9e4f94fa0bb7b93d2834c0364 P 4d5cad21cdbe462d87174e9da291a046 [CANDIDATE]: Term 1 election: Election decided. Result: candidate won.
I0721 23:22:18.059990 11402 raft_consensus.cc:1970] T e0dce1c9e4f94fa0bb7b93d2834c0364 P 4d5cad21cdbe462d87174e9da291a046 [term 1 FOLLOWER]: Snoozing failure detection for election timeout plus an additional 1.571s
I0721 23:22:18.060014 11402 raft_consensus.cc:1859] T e0dce1c9e4f94fa0bb7b93d2834c0364 P 4d5cad21cdbe462d87174e9da291a046 [term 1 FOLLOWER]: Leader election won for term 1
I0721 23:22:18.060164 11402 raft_consensus.cc:464] T e0dce1c9e4f94fa0bb7b93d2834c0364 P 4d5cad21cdbe462d87174e9da291a046 [term 1 LEADER]: Becoming Leader. State: Replica: 4d5cad21cdbe462d87174e9da291a046, State: 1, Role: LEADER Watermarks: {Received: term: 0 index: 0 Committed: term: 0 index: 0}
I0721 23:22:18.060232 11100 raft_consensus.cc:1677] T e0dce1c9e4f94fa0bb7b93d2834c0364 P 2aeff3d0fc13436a9d6090b9a6aaa6aa [term 1 FOLLOWER]: Leader election vote request: Granting yes vote for candidate 4d5cad21cdbe462d87174e9da291a046 in term 1.
I0721 23:22:18.060243 11402 consensus_queue.cc:145] T e0dce1c9e4f94fa0bb7b93d2834c0364 P 4d5cad21cdbe462d87174e9da291a046 [LEADER]: Queue going to LEADER mode. State: All replicated op: 0.0, Majority replicated op: 0.0, Committed index: 0.0, Last appended: 0.0, Current term: 1, Majority size: 2, State: 1, Mode: LEADER, active raft config: opid_index: -1 peers { permanent_uuid: "2aeff3d0fc13436a9d6090b9a6aaa6aa" member_type: VOTER last_known_addr { host: "127.42.220.0" port: 48563 } } peers { permanent_uuid: "4d5cad21cdbe462d87174e9da291a046" member_type: VOTER last_known_addr { host: "127.42.220.2" port: 37062 } } peers { permanent_uuid: "d248c9dacad642be9a5fabec3add151e" member_type: VOTER last_known_addr { host: "127.42.220.1" port: 37489 } }
I0721 23:22:18.060339 11268 leader_election.cc:347] T e0dce1c9e4f94fa0bb7b93d2834c0364 P 4d5cad21cdbe462d87174e9da291a046 [CANDIDATE]: Term 1 election: Vote granted by peer 2aeff3d0fc13436a9d6090b9a6aaa6aa
I0721 23:22:18.062013 10994 catalog_manager.cc:1957] Tablet: e0dce1c9e4f94fa0bb7b93d2834c0364 reported consensus state change. New consensus state: current_term: 1 leader_uuid: "4d5cad21cdbe462d87174e9da291a046" config { opid_index: -1 peers { permanent_uuid: "2aeff3d0fc13436a9d6090b9a6aaa6aa" member_type: VOTER last_known_addr { host: "127.42.220.0" port: 48563 } } peers { permanent_uuid: "4d5cad21cdbe462d87174e9da291a046" member_type: VOTER last_known_addr { host: "127.42.220.2" port: 37062 } } peers { permanent_uuid: "d248c9dacad642be9a5fabec3add151e" member_type: VOTER last_known_addr { host: "127.42.220.1" port: 37489 } } }
W0721 23:22:18.062055 11408 raft_consensus_state.cc:541] T e0dce1c9e4f94fa0bb7b93d2834c0364 P 4d5cad21cdbe462d87174e9da291a046 [term 1 LEADER]: Can't advance the committed index across term boundaries until operations from the current term are replicated. Last committed operation was: term: 0 index: 0, New majority replicated is: term: 0 index: 0, Current term is: 1
I0721 23:22:18.091650 10972 test_util.cc:132] Using random seed: -1765112704
I0721 23:22:18.091670 10972 alter_table-randomized-test.cc:493] Verifying 0 rows in 1 tablets
I0721 23:22:18.106091 11217 raft_consensus.cc:869] T e0dce1c9e4f94fa0bb7b93d2834c0364 P d248c9dacad642be9a5fabec3add151e [term 1 FOLLOWER]: Refusing update from remote peer 4d5cad21cdbe462d87174e9da291a046: Log matching property violated. Preceding OpId in replica: term: 0 index: 0. Preceding OpId from leader: term: 1 index: 2. (index mismatch)
I0721 23:22:18.106101 11100 raft_consensus.cc:869] T e0dce1c9e4f94fa0bb7b93d2834c0364 P 2aeff3d0fc13436a9d6090b9a6aaa6aa [term 1 FOLLOWER]: Refusing update from remote peer 4d5cad21cdbe462d87174e9da291a046: Log matching property violated. Preceding OpId in replica: term: 0 index: 0. Preceding OpId from leader: term: 1 index: 2. (index mismatch)
I0721 23:22:18.106247 11405 consensus_queue.cc:578] T e0dce1c9e4f94fa0bb7b93d2834c0364 P 4d5cad21cdbe462d87174e9da291a046 [LEADER]: Connected to new peer: Peer: d248c9dacad642be9a5fabec3add151e, Is new: false, Last received: 0.0, Next index: 1, Last known committed idx: 0, Last exchange result: ERROR, Needs remote bootstrap: false
I0721 23:22:18.106298 11402 consensus_queue.cc:578] T e0dce1c9e4f94fa0bb7b93d2834c0364 P 4d5cad21cdbe462d87174e9da291a046 [LEADER]: Connected to new peer: Peer: 2aeff3d0fc13436a9d6090b9a6aaa6aa, Is new: false, Last received: 0.0, Next index: 1, Last known committed idx: 0, Last exchange result: ERROR, Needs remote bootstrap: false
I0721 23:22:18.125859 11408 raft_consensus_state.cc:534] T e0dce1c9e4f94fa0bb7b93d2834c0364 P 4d5cad21cdbe462d87174e9da291a046 [term 1 LEADER]: Advanced the committed_index across terms. Last committed operation was: term: 0 index: 0 New committed index is: term: 1 index: 2
I0721 23:22:18.179244 10972 alter_table-randomized-test.cc:385] Beginning Alterations
I0721 23:22:18.179445 10972 alter_table-randomized-test.cc:413] Adding column c656, existing columns: key
I0721 23:22:18.179481 10972 alter_table-randomized-test.cc:466] Dropping range partition: [872415219, 939524082) resulting partitions: ()
I0721 23:22:18.179491 10972 alter_table-randomized-test.cc:434] Dropping column c656, existing columns: key, c656
I0721 23:22:18.179498 10972 alter_table-randomized-test.cc:450] Adding range partition: [671088630, 738197493) resulting partitions: (671088630, 738197493)
I0721 23:22:18.179505 10972 alter_table-randomized-test.cc:450] Adding range partition: [872415219, 939524082) resulting partitions: (671088630, 738197493], (872415219, 939524082)
I0721 23:22:18.179509 10972 alter_table-randomized-test.cc:413] Adding column c338, existing columns: key
I0721 23:22:18.179513 10972 alter_table-randomized-test.cc:434] Dropping column c338, existing columns: key, c338
I0721 23:22:18.179520 10972 alter_table-randomized-test.cc:450] Adding range partition: [805306356, 872415219) resulting partitions: (671088630, 738197493], (805306356, 872415219], (872415219, 939524082)
I0721 23:22:18.179523 10972 alter_table-randomized-test.cc:407] Committing Alterations
I0721 23:22:18.179740 10994 catalog_manager.cc:1359] Servicing AlterTable request from {real_user=slave, eff_user=} at 127.0.0.1:52512: table { table_name: "test-table" } alter_schema_steps { type: ADD_COLUMN add_column { schema { name: "c656" type: INT32 is_nullable: false read_default_value: "4B\035\037" write_default_value: "4B\035\037" encoding: AUTO_ENCODING compression: DEFAULT_COMPRESSION cfile_block_size: 0 } } } alter_schema_steps { type: DROP_RANGE_PARTITION drop_range_partition { range_bounds { rows: "\006\001\363\377\3773\007\001\362\377\3777" } } } alter_schema_steps { type: DROP_COLUMN drop_column { name: "c656" } } alter_schema_steps { type: ADD_RANGE_PARTITION add_range_partition { range_bounds { rows: "\006\001\366\377\377\'\007\001\365\377\377+" } } } alter_schema_steps { type: ADD_RANGE_PARTITION add_range_partition { range_bounds { rows: "\006\001\363\377\3773\007\001\362\377\3777" } } } alter_schema_steps { type: ADD_COLUMN add_column { schema { name: "c338" type: INT32 is_nullable: false read_default_value: "Wx\302}" write_default_value: "Wx\302}" encoding: AUTO_ENCODING compression: DEFAULT_COMPRESSION cfile_block_size: 0 } } } alter_schema_steps { type: DROP_COLUMN drop_column { name: "c338" } } alter_schema_steps { type: ADD_RANGE_PARTITION add_range_partition { range_bounds { rows: "\006\001\364\377\377/\007\001\363\377\3773" } } } schema { columns { name: "key" type: INT32 is_key: true is_nullable: false encoding: AUTO_ENCODING compression: DEFAULT_COMPRESSION cfile_block_size: 0 } }
W0721 23:22:18.180270 10994 catalog_manager.cc:2160] Unable to reset TS proxy: Not found: No leader found: Tablet 1ad8690bd1174f529ca41865f7d98cea has no consensus state
W0721 23:22:18.180286 10994 catalog_manager.cc:2770] Failed to send alter table request: Not found: Failed to reset TS proxy: No leader found: Tablet 1ad8690bd1174f529ca41865f7d98cea has no consensus state
W0721 23:22:18.180290 10994 catalog_manager.cc:2160] Unable to reset TS proxy: Not found: No leader found: Tablet 67b0e5f3081d4c34be5dac68a0b10025 has no consensus state
W0721 23:22:18.180292 10994 catalog_manager.cc:2770] Failed to send alter table request: Not found: Failed to reset TS proxy: No leader found: Tablet 67b0e5f3081d4c34be5dac68a0b10025 has no consensus state
W0721 23:22:18.180294 10994 catalog_manager.cc:2160] Unable to reset TS proxy: Not found: No leader found: Tablet 0249e3dbe50545f99e40b25143970dc6 has no consensus state
W0721 23:22:18.180297 10994 catalog_manager.cc:2770] Failed to send alter table request: Not found: Failed to reset TS proxy: No leader found: Tablet 0249e3dbe50545f99e40b25143970dc6 has no consensus state
I0721 23:22:18.180300 10994 catalog_manager.cc:2796] Sending DeleteTablet for 3 replicas of tablet e0dce1c9e4f94fa0bb7b93d2834c0364
I0721 23:22:18.180307 10994 catalog_manager.cc:2812] T 00000000000000000000000000000000 P ed427968d4be45578319d4ea8dca073a: Deleting tablet e0dce1c9e4f94fa0bb7b93d2834c0364 on peer 2aeff3d0fc13436a9d6090b9a6aaa6aa with delete type TABLET_DATA_DELETED (Partition dropped at 2016-07-21 23:22:18 UTC)
I0721 23:22:18.180332 10994 catalog_manager.cc:2812] T 00000000000000000000000000000000 P ed427968d4be45578319d4ea8dca073a: Deleting tablet e0dce1c9e4f94fa0bb7b93d2834c0364 on peer 4d5cad21cdbe462d87174e9da291a046 with delete type TABLET_DATA_DELETED (Partition dropped at 2016-07-21 23:22:18 UTC)
I0721 23:22:18.180394 10994 catalog_manager.cc:2812] T 00000000000000000000000000000000 P ed427968d4be45578319d4ea8dca073a: Deleting tablet e0dce1c9e4f94fa0bb7b93d2834c0364 on peer d248c9dacad642be9a5fabec3add151e with delete type TABLET_DATA_DELETED (Partition dropped at 2016-07-21 23:22:18 UTC)
I0721 23:22:18.180431 11313 tablet_service.cc:651] Processing DeleteTablet for tablet e0dce1c9e4f94fa0bb7b93d2834c0364 with delete_type TABLET_DATA_DELETED (Partition dropped at 2016-07-21 23:22:18 UTC) from {real_user=slave, eff_user=} at 127.0.0.1:50147
I0721 23:22:18.180433 11080 tablet_service.cc:651] Processing DeleteTablet for tablet e0dce1c9e4f94fa0bb7b93d2834c0364 with delete_type TABLET_DATA_DELETED (Partition dropped at 2016-07-21 23:22:18 UTC) from {real_user=slave, eff_user=} at 127.0.0.1:50545
I0721 23:22:18.180449 11313 tablet_peer.cc:214] Initiating TabletPeer shutdown for tablet: e0dce1c9e4f94fa0bb7b93d2834c0364
I0721 23:22:18.180449 11080 tablet_peer.cc:214] Initiating TabletPeer shutdown for tablet: e0dce1c9e4f94fa0bb7b93d2834c0364
I0721 23:22:18.180456 11313 maintenance_manager.cc:176] Unregistered op CompactRowSetsOp(e0dce1c9e4f94fa0bb7b93d2834c0364)
I0721 23:22:18.180456 11080 maintenance_manager.cc:176] Unregistered op CompactRowSetsOp(e0dce1c9e4f94fa0bb7b93d2834c0364)
I0721 23:22:18.180461 11313 maintenance_manager.cc:176] Unregistered op MinorDeltaCompactionOp(e0dce1c9e4f94fa0bb7b93d2834c0364)
I0721 23:22:18.180462 11080 maintenance_manager.cc:176] Unregistered op MinorDeltaCompactionOp(e0dce1c9e4f94fa0bb7b93d2834c0364)
I0721 23:22:18.180465 11313 maintenance_manager.cc:176] Unregistered op MajorDeltaCompactionOp(e0dce1c9e4f94fa0bb7b93d2834c0364)
I0721 23:22:18.180467 11080 maintenance_manager.cc:176] Unregistered op MajorDeltaCompactionOp(e0dce1c9e4f94fa0bb7b93d2834c0364)
I0721 23:22:18.180471 11313 maintenance_manager.cc:176] Unregistered op FlushMRSOp(e0dce1c9e4f94fa0bb7b93d2834c0364)
I0721 23:22:18.180474 11080 maintenance_manager.cc:176] Unregistered op FlushMRSOp(e0dce1c9e4f94fa0bb7b93d2834c0364)
I0721 23:22:18.180479 11313 maintenance_manager.cc:176] Unregistered op FlushDeltaMemStoresOp(e0dce1c9e4f94fa0bb7b93d2834c0364)
I0721 23:22:18.180479 11080 maintenance_manager.cc:176] Unregistered op FlushDeltaMemStoresOp(e0dce1c9e4f94fa0bb7b93d2834c0364)
I0721 23:22:18.180483 11313 maintenance_manager.cc:176] Unregistered op LogGCOp(e0dce1c9e4f94fa0bb7b93d2834c0364)
I0721 23:22:18.180485 11080 maintenance_manager.cc:176] Unregistered op LogGCOp(e0dce1c9e4f94fa0bb7b93d2834c0364)
I0721 23:22:18.180483 11197 tablet_service.cc:651] Processing DeleteTablet for tablet e0dce1c9e4f94fa0bb7b93d2834c0364 with delete_type TABLET_DATA_DELETED (Partition dropped at 2016-07-21 23:22:18 UTC) from {real_user=slave, eff_user=} at 127.0.0.1:53308
I0721 23:22:18.180491 11313 raft_consensus.cc:1495] T e0dce1c9e4f94fa0bb7b93d2834c0364 P 4d5cad21cdbe462d87174e9da291a046 [term 1 LEADER]: Raft consensus shutting down.
I0721 23:22:18.180491 11080 raft_consensus.cc:1495] T e0dce1c9e4f94fa0bb7b93d2834c0364 P 2aeff3d0fc13436a9d6090b9a6aaa6aa [term 1 FOLLOWER]: Raft consensus shutting down.
I0721 23:22:18.180498 11197 tablet_peer.cc:214] Initiating TabletPeer shutdown for tablet: e0dce1c9e4f94fa0bb7b93d2834c0364
I0721 23:22:18.180500 11080 raft_consensus.cc:1511] T e0dce1c9e4f94fa0bb7b93d2834c0364 P 2aeff3d0fc13436a9d6090b9a6aaa6aa [term 1 FOLLOWER]: Raft consensus is shut down!
I0721 23:22:18.180505 11197 maintenance_manager.cc:176] Unregistered op CompactRowSetsOp(e0dce1c9e4f94fa0bb7b93d2834c0364)
I0721 23:22:18.180510 11197 maintenance_manager.cc:176] Unregistered op MinorDeltaCompactionOp(e0dce1c9e4f94fa0bb7b93d2834c0364)
I0721 23:22:18.180515 11197 maintenance_manager.cc:176] Unregistered op MajorDeltaCompactionOp(e0dce1c9e4f94fa0bb7b93d2834c0364)
I0721 23:22:18.180519 11197 maintenance_manager.cc:176] Unregistered op FlushMRSOp(e0dce1c9e4f94fa0bb7b93d2834c0364)
I0721 23:22:18.180522 11197 maintenance_manager.cc:176] Unregistered op FlushDeltaMemStoresOp(e0dce1c9e4f94fa0bb7b93d2834c0364)
I0721 23:22:18.180527 11197 maintenance_manager.cc:176] Unregistered op LogGCOp(e0dce1c9e4f94fa0bb7b93d2834c0364)
I0721 23:22:18.180533 11197 raft_consensus.cc:1495] T e0dce1c9e4f94fa0bb7b93d2834c0364 P d248c9dacad642be9a5fabec3add151e [term 1 FOLLOWER]: Raft consensus shutting down.
I0721 23:22:18.180539 11197 raft_consensus.cc:1511] T e0dce1c9e4f94fa0bb7b93d2834c0364 P d248c9dacad642be9a5fabec3add151e [term 1 FOLLOWER]: Raft consensus is shut down!
I0721 23:22:18.180570 11313 consensus_peers.cc:358] T e0dce1c9e4f94fa0bb7b93d2834c0364 P 4d5cad21cdbe462d87174e9da291a046 -> Peer d248c9dacad642be9a5fabec3add151e (127.42.220.1:37489): Closing peer: d248c9dacad642be9a5fabec3add151e
I0721 23:22:18.180603 11313 consensus_peers.cc:358] T e0dce1c9e4f94fa0bb7b93d2834c0364 P 4d5cad21cdbe462d87174e9da291a046 -> Peer 2aeff3d0fc13436a9d6090b9a6aaa6aa (127.42.220.0:48563): Closing peer: 2aeff3d0fc13436a9d6090b9a6aaa6aa
I0721 23:22:18.180682 11313 raft_consensus.cc:1511] T e0dce1c9e4f94fa0bb7b93d2834c0364 P 4d5cad21cdbe462d87174e9da291a046 [term 1 LEADER]: Raft consensus is shut down!
I0721 23:22:18.180883 11080 ts_tablet_manager.cc:960] T e0dce1c9e4f94fa0bb7b93d2834c0364 P 2aeff3d0fc13436a9d6090b9a6aaa6aa: Deleting tablet data with delete state TABLET_DATA_DELETED
I0721 23:22:18.180886 11197 ts_tablet_manager.cc:960] T e0dce1c9e4f94fa0bb7b93d2834c0364 P d248c9dacad642be9a5fabec3add151e: Deleting tablet data with delete state TABLET_DATA_DELETED
