I0721 23:22:33.570564 13288 tablet.cc:1375] T 4d01ea135b3e48929ff3ed0d140be9ab Phase 2 snapshot: MvccSnapshot[committed={T|T < 6017611176212320256}]
I0721 23:22:33.570633 12389 catalog_manager.cc:2796] Sending DeleteTablet for 3 replicas of tablet 5dd0e72041574e04a29b049aff2b2a01
I0721 23:22:33.570647 12389 catalog_manager.cc:2812] T 00000000000000000000000000000000 P ed427968d4be45578319d4ea8dca073a: Deleting tablet 5dd0e72041574e04a29b049aff2b2a01 on peer 4d5cad21cdbe462d87174e9da291a046 with delete type TABLET_DATA_DELETED (Partition dropped at 2016-07-21 23:22:33 UTC)
I0721 23:22:33.570734 12389 catalog_manager.cc:2812] T 00000000000000000000000000000000 P ed427968d4be45578319d4ea8dca073a: Deleting tablet 5dd0e72041574e04a29b049aff2b2a01 on peer 2aeff3d0fc13436a9d6090b9a6aaa6aa with delete type TABLET_DATA_DELETED (Partition dropped at 2016-07-21 23:22:33 UTC)
I0721 23:22:33.570739 11310 tablet_service.cc:651] Processing DeleteTablet for tablet 5dd0e72041574e04a29b049aff2b2a01 with delete_type TABLET_DATA_DELETED (Partition dropped at 2016-07-21 23:22:33 UTC) from {real_user=slave, eff_user=} at 127.0.0.1:50160
I0721 23:22:33.570749 13329 tablet.cc:1416] T 8be26ea17cb04d4882ac6cc20f435a0e Flush successful on 1 rows (4433 bytes)
I0721 23:22:33.570752 11310 tablet_peer.cc:214] Initiating TabletPeer shutdown for tablet: 5dd0e72041574e04a29b049aff2b2a01
I0721 23:22:33.570761 11310 maintenance_manager.cc:176] Unregistered op CompactRowSetsOp(5dd0e72041574e04a29b049aff2b2a01)
I0721 23:22:33.570767 11310 maintenance_manager.cc:176] Unregistered op MinorDeltaCompactionOp(5dd0e72041574e04a29b049aff2b2a01)
I0721 23:22:33.570771 11310 maintenance_manager.cc:176] Unregistered op MajorDeltaCompactionOp(5dd0e72041574e04a29b049aff2b2a01)
I0721 23:22:33.570776 11310 maintenance_manager.cc:176] Unregistered op FlushMRSOp(5dd0e72041574e04a29b049aff2b2a01)
I0721 23:22:33.570780 11310 maintenance_manager.cc:176] Unregistered op FlushDeltaMemStoresOp(5dd0e72041574e04a29b049aff2b2a01)
I0721 23:22:33.570785 11310 maintenance_manager.cc:176] Unregistered op LogGCOp(5dd0e72041574e04a29b049aff2b2a01)
I0721 23:22:33.570792 11310 raft_consensus.cc:1495] T 5dd0e72041574e04a29b049aff2b2a01 P 4d5cad21cdbe462d87174e9da291a046 [term 3 LEADER]: Raft consensus shutting down.
I0721 23:22:33.570816 12863 tablet_service.cc:651] Processing DeleteTablet for tablet 5dd0e72041574e04a29b049aff2b2a01 with delete_type TABLET_DATA_DELETED (Partition dropped at 2016-07-21 23:22:33 UTC) from {real_user=slave, eff_user=} at 127.0.0.1:50567
I0721 23:22:33.570818 13329 tablet.cc:824] T 108436043bbd40508e5ab0de98130fd0 Alter schema from Schema [ 0:key[int32 NOT NULL], 8:c659[int32 NOT NULL], 18:c366[int32 NOT NULL], 19:c879[int32 NULLABLE], 20:c587[int32 NOT NULL], 21:c237[int32 NULLABLE] ] version 13 to Schema [ 0:key[int32 NOT NULL], 8:c659[int32 NOT NULL], 19:c879[int32 NULLABLE], 20:c587[int32 NOT NULL], 22:c39[int32 NULLABLE], 23:c75[int32 NULLABLE] ] version 14
I0721 23:22:33.570830 12863 tablet_peer.cc:214] Initiating TabletPeer shutdown for tablet: 5dd0e72041574e04a29b049aff2b2a01
I0721 23:22:33.570838 12863 maintenance_manager.cc:176] Unregistered op CompactRowSetsOp(5dd0e72041574e04a29b049aff2b2a01)
I0721 23:22:33.570837 11310 consensus_peers.cc:358] T 5dd0e72041574e04a29b049aff2b2a01 P 4d5cad21cdbe462d87174e9da291a046 -> Peer d248c9dacad642be9a5fabec3add151e (127.42.220.1:37489): Closing peer: d248c9dacad642be9a5fabec3add151e
I0721 23:22:33.570844 12863 maintenance_manager.cc:176] Unregistered op MinorDeltaCompactionOp(5dd0e72041574e04a29b049aff2b2a01)
I0721 23:22:33.570850 12863 maintenance_manager.cc:176] Unregistered op MajorDeltaCompactionOp(5dd0e72041574e04a29b049aff2b2a01)
I0721 23:22:33.570850 13329 tablet.cc:772] T 108436043bbd40508e5ab0de98130fd0 Flush: entering stage 1 (old memrowset already frozen for inserts)
I0721 23:22:33.570855 13329 compaction.cc:588] Selected 1 rowsets to compact:
I0721 23:22:33.570858 12863 maintenance_manager.cc:176] Unregistered op FlushMRSOp(5dd0e72041574e04a29b049aff2b2a01)
I0721 23:22:33.570863 12863 maintenance_manager.cc:176] Unregistered op FlushDeltaMemStoresOp(5dd0e72041574e04a29b049aff2b2a01)
I0721 23:22:33.570858 13329 compaction.cc:591] memrowset(current size on disk: ~0 bytes)
I0721 23:22:33.570866 13329 tablet.cc:774] T 108436043bbd40508e5ab0de98130fd0 Memstore in-memory size: 763 bytes
I0721 23:22:33.570868 12863 maintenance_manager.cc:176] Unregistered op LogGCOp(5dd0e72041574e04a29b049aff2b2a01)
I0721 23:22:33.570871 13329 tablet.cc:1238] T 108436043bbd40508e5ab0de98130fd0 Flush: entering phase 1 (flushing snapshot). Phase 1 snapshot: MvccSnapshot[committed={T|T < 6017611176200990720}]
I0721 23:22:33.570874 12863 raft_consensus.cc:1495] T 5dd0e72041574e04a29b049aff2b2a01 P 2aeff3d0fc13436a9d6090b9a6aaa6aa [term 3 FOLLOWER]: Raft consensus shutting down.
I0721 23:22:33.570876 11310 consensus_peers.cc:358] T 5dd0e72041574e04a29b049aff2b2a01 P 4d5cad21cdbe462d87174e9da291a046 -> Peer 2aeff3d0fc13436a9d6090b9a6aaa6aa (127.42.220.0:48563): Closing peer: 2aeff3d0fc13436a9d6090b9a6aaa6aa
I0721 23:22:33.570888 12863 raft_consensus.cc:1511] T 5dd0e72041574e04a29b049aff2b2a01 P 2aeff3d0fc13436a9d6090b9a6aaa6aa [term 3 FOLLOWER]: Raft consensus is shut down!
I0721 23:22:33.570922 13329 multi_column_writer.cc:85] Opened CFile writer for column key[int32 NOT NULL]
I0721 23:22:33.570932 11310 raft_consensus.cc:1511] T 5dd0e72041574e04a29b049aff2b2a01 P 4d5cad21cdbe462d87174e9da291a046 [term 3 LEADER]: Raft consensus is shut down!
I0721 23:22:33.570945 13329 multi_column_writer.cc:85] Opened CFile writer for column c659[int32 NOT NULL]
I0721 23:22:33.570963 13329 multi_column_writer.cc:85] Opened CFile writer for column c879[int32 NULLABLE]
I0721 23:22:33.570992 13329 multi_column_writer.cc:85] Opened CFile writer for column c587[int32 NOT NULL]
I0721 23:22:33.571009 13329 multi_column_writer.cc:85] Opened CFile writer for column c39[int32 NULLABLE]
I0721 23:22:33.571038 13329 multi_column_writer.cc:85] Opened CFile writer for column c75[int32 NULLABLE]
I0721 23:22:33.571162 12389 catalog_manager.cc:2812] T 00000000000000000000000000000000 P ed427968d4be45578319d4ea8dca073a: Deleting tablet 5dd0e72041574e04a29b049aff2b2a01 on peer d248c9dacad642be9a5fabec3add151e with delete type TABLET_DATA_DELETED (Partition dropped at 2016-07-21 23:22:33 UTC)
I0721 23:22:33.571306 13155 tablet_service.cc:651] Processing DeleteTablet for tablet 5dd0e72041574e04a29b049aff2b2a01 with delete_type TABLET_DATA_DELETED (Partition dropped at 2016-07-21 23:22:33 UTC) from {real_user=slave, eff_user=} at 127.0.0.1:53330
I0721 23:22:33.571319 13155 tablet_peer.cc:214] Initiating TabletPeer shutdown for tablet: 5dd0e72041574e04a29b049aff2b2a01
I0721 23:22:33.571328 13155 maintenance_manager.cc:176] Unregistered op CompactRowSetsOp(5dd0e72041574e04a29b049aff2b2a01)
I0721 23:22:33.571334 13155 maintenance_manager.cc:176] Unregistered op MinorDeltaCompactionOp(5dd0e72041574e04a29b049aff2b2a01)
I0721 23:22:33.571343 13155 maintenance_manager.cc:176] Unregistered op MajorDeltaCompactionOp(5dd0e72041574e04a29b049aff2b2a01)
I0721 23:22:33.571349 13155 maintenance_manager.cc:176] Unregistered op FlushMRSOp(5dd0e72041574e04a29b049aff2b2a01)
I0721 23:22:33.571360 13155 maintenance_manager.cc:176] Unregistered op FlushDeltaMemStoresOp(5dd0e72041574e04a29b049aff2b2a01)
I0721 23:22:33.571367 13155 maintenance_manager.cc:176] Unregistered op LogGCOp(5dd0e72041574e04a29b049aff2b2a01)
I0721 23:22:33.571372 13155 raft_consensus.cc:1495] T 5dd0e72041574e04a29b049aff2b2a01 P d248c9dacad642be9a5fabec3add151e [term 3 FOLLOWER]: Raft consensus shutting down.
I0721 23:22:33.571378 13155 raft_consensus.cc:1511] T 5dd0e72041574e04a29b049aff2b2a01 P d248c9dacad642be9a5fabec3add151e [term 3 FOLLOWER]: Raft consensus is shut down!
I0721 23:22:33.571579 13329 tablet.cc:1318] T 108436043bbd40508e5ab0de98130fd0 Flush: entering phase 2 (starting to duplicate updates in new rowsets)
I0721 23:22:33.571612 13329 tablet.cc:1373] T 108436043bbd40508e5ab0de98130fd0 Flush Phase 2: carrying over any updates which arrived during Phase 1
I0721 23:22:33.571622 13329 tablet.cc:1375] T 108436043bbd40508e5ab0de98130fd0 Phase 2 snapshot: MvccSnapshot[committed={T|T < 6017611176200990720}]
I0721 23:22:33.570302 13289 tablet.cc:1416] T 8be26ea17cb04d4882ac6cc20f435a0e Flush successful on 1 rows (4433 bytes)
I0721 23:22:33.572159 11310 ts_tablet_manager.cc:960] T 5dd0e72041574e04a29b049aff2b2a01 P 4d5cad21cdbe462d87174e9da291a046: Deleting tablet data with delete state TABLET_DATA_DELETED
I0721 23:22:33.572443 13290 tablet.cc:824] T 67b0e5f3081d4c34be5dac68a0b10025 Alter schema from Schema [ 0:key[int32 NOT NULL], 8:c659[int32 NOT NULL], 18:c366[int32 NOT NULL], 19:c879[int32 NULLABLE], 20:c587[int32 NOT NULL], 21:c237[int32 NULLABLE] ] version 13 to Schema [ 0:key[int32 NOT NULL], 8:c659[int32 NOT NULL], 19:c879[int32 NULLABLE], 20:c587[int32 NOT NULL], 22:c39[int32 NULLABLE], 23:c75[int32 NULLABLE] ] version 14
I0721 23:22:33.572479 13290 tablet.cc:772] T 67b0e5f3081d4c34be5dac68a0b10025 Flush: entering stage 1 (old memrowset already frozen for inserts)
I0721 23:22:33.572485 13290 compaction.cc:588] Selected 1 rowsets to compact:
I0721 23:22:33.572489 13290 compaction.cc:591] memrowset(current size on disk: ~0 bytes)
I0721 23:22:33.572494 13290 tablet.cc:774] T 67b0e5f3081d4c34be5dac68a0b10025 Memstore in-memory size: 763 bytes
I0721 23:22:33.572499 13290 tablet.cc:1238] T 67b0e5f3081d4c34be5dac68a0b10025 Flush: entering phase 1 (flushing snapshot). Phase 1 snapshot: MvccSnapshot[committed={T|T < 6017611176202338304}]
I0721 23:22:33.572548 13290 multi_column_writer.cc:85] Opened CFile writer for column key[int32 NOT NULL]
I0721 23:22:33.572571 13290 multi_column_writer.cc:85] Opened CFile writer for column c659[int32 NOT NULL]
I0721 23:22:33.572590 13290 multi_column_writer.cc:85] Opened CFile writer for column c879[int32 NULLABLE]
I0721 23:22:33.572608 13290 multi_column_writer.cc:85] Opened CFile writer for column c587[int32 NOT NULL]
I0721 23:22:33.572624 13290 multi_column_writer.cc:85] Opened CFile writer for column c39[int32 NULLABLE]
I0721 23:22:33.572645 13290 multi_column_writer.cc:85] Opened CFile writer for column c75[int32 NULLABLE]
I0721 23:22:33.573005 11310 ts_tablet_manager.cc:970] T 5dd0e72041574e04a29b049aff2b2a01 P 4d5cad21cdbe462d87174e9da291a046: Tablet deleted. Last logged OpId: 3.40
I0721 23:22:33.573048 13290 tablet.cc:1318] T 67b0e5f3081d4c34be5dac68a0b10025 Flush: entering phase 2 (starting to duplicate updates in new rowsets)
I0721 23:22:33.573073 13290 tablet.cc:1373] T 67b0e5f3081d4c34be5dac68a0b10025 Flush Phase 2: carrying over any updates which arrived during Phase 1
I0721 23:22:33.573081 13290 tablet.cc:1375] T 67b0e5f3081d4c34be5dac68a0b10025 Phase 2 snapshot: MvccSnapshot[committed={T|T < 6017611176202338304}]
I0721 23:22:33.573356 12865 tablet_service.cc:610] Processing CreateTablet for tablet 81b7d9ef70e345fab9ef27dcfdb6c592 (table=test-table [id=41787a805a7a407ca4ef642fee224d02]), partition=range: [(int32 key=1677721575), (int32 key=1744830438))
I0721 23:22:33.573509 13290 tablet.cc:1416] T 67b0e5f3081d4c34be5dac68a0b10025 Flush successful on 3 rows (4457 bytes)
I0721 23:22:33.573817 13339 tablet.cc:824] T 7270680365d24fdd841c47868cca7794 Alter schema from Schema [ 0:key[int32 NOT NULL], 8:c659[int32 NOT NULL], 18:c366[int32 NOT NULL], 19:c879[int32 NULLABLE], 20:c587[int32 NOT NULL], 21:c237[int32 NULLABLE] ] version 13 to Schema [ 0:key[int32 NOT NULL], 8:c659[int32 NOT NULL], 19:c879[int32 NULLABLE], 20:c587[int32 NOT NULL], 22:c39[int32 NULLABLE], 23:c75[int32 NULLABLE] ] version 14
I0721 23:22:33.573861 13339 tablet.cc:763] MemRowSet was empty: no flush needed.
I0721 23:22:33.573884 13333 tablet.cc:824] T 4d01ea135b3e48929ff3ed0d140be9ab Alter schema from Schema [ 0:key[int32 NOT NULL], 8:c659[int32 NOT NULL], 18:c366[int32 NOT NULL], 19:c879[int32 NULLABLE], 20:c587[int32 NOT NULL], 21:c237[int32 NULLABLE] ] version 13 to Schema [ 0:key[int32 NOT NULL], 8:c659[int32 NOT NULL], 19:c879[int32 NULLABLE], 20:c587[int32 NOT NULL], 22:c39[int32 NULLABLE], 23:c75[int32 NULLABLE] ] version 14
I0721 23:22:33.573921 13333 tablet.cc:772] T 4d01ea135b3e48929ff3ed0d140be9ab Flush: entering stage 1 (old memrowset already frozen for inserts)
I0721 23:22:33.573927 13333 compaction.cc:588] Selected 1 rowsets to compact:
I0721 23:22:33.573931 13333 compaction.cc:591] memrowset(current size on disk: ~0 bytes)
I0721 23:22:33.573935 13333 tablet.cc:774] T 4d01ea135b3e48929ff3ed0d140be9ab Memstore in-memory size: 763 bytes
I0721 23:22:33.573940 13333 tablet.cc:1238] T 4d01ea135b3e48929ff3ed0d140be9ab Flush: entering phase 1 (flushing snapshot). Phase 1 snapshot: MvccSnapshot[committed={T|T < 6017611176212320256}]
I0721 23:22:33.574010 13333 multi_column_writer.cc:85] Opened CFile writer for column key[int32 NOT NULL]
I0721 23:22:33.574031 13333 multi_column_writer.cc:85] Opened CFile writer for column c659[int32 NOT NULL]
I0721 23:22:33.574048 13333 multi_column_writer.cc:85] Opened CFile writer for column c879[int32 NULLABLE]
I0721 23:22:33.574066 13333 multi_column_writer.cc:85] Opened CFile writer for column c587[int32 NOT NULL]
I0721 23:22:33.574082 13333 multi_column_writer.cc:85] Opened CFile writer for column c39[int32 NULLABLE]
I0721 23:22:33.574112 13333 multi_column_writer.cc:85] Opened CFile writer for column c75[int32 NULLABLE]
I0721 23:22:33.574273 11311 tablet_service.cc:610] Processing CreateTablet for tablet 81b7d9ef70e345fab9ef27dcfdb6c592 (table=test-table [id=41787a805a7a407ca4ef642fee224d02]), partition=range: [(int32 key=1677721575), (int32 key=1744830438))
I0721 23:22:33.574316 12865 ts_tablet_manager.cc:765] Registered tablet 81b7d9ef70e345fab9ef27dcfdb6c592
I0721 23:22:33.574460 13154 tablet_service.cc:610] Processing CreateTablet for tablet 81b7d9ef70e345fab9ef27dcfdb6c592 (table=test-table [id=41787a805a7a407ca4ef642fee224d02]), partition=range: [(int32 key=1677721575), (int32 key=1744830438))
I0721 23:22:33.574569 13333 tablet.cc:1318] T 4d01ea135b3e48929ff3ed0d140be9ab Flush: entering phase 2 (starting to duplicate updates in new rowsets)
I0721 23:22:33.574586 13336 tablet.cc:1318] T 6a4c4010ca524867aed3bcd8ce342a34 Flush: entering phase 2 (starting to duplicate updates in new rowsets)
I0721 23:22:33.574595 13333 tablet.cc:1373] T 4d01ea135b3e48929ff3ed0d140be9ab Flush Phase 2: carrying over any updates which arrived during Phase 1
I0721 23:22:33.574604 13333 tablet.cc:1375] T 4d01ea135b3e48929ff3ed0d140be9ab Phase 2 snapshot: MvccSnapshot[committed={T|T < 6017611176212320256}]
I0721 23:22:33.574616 13336 tablet.cc:1373] T 6a4c4010ca524867aed3bcd8ce342a34 Flush Phase 2: carrying over any updates which arrived during Phase 1
I0721 23:22:33.574623 13336 tablet.cc:1375] T 6a4c4010ca524867aed3bcd8ce342a34 Phase 2 snapshot: MvccSnapshot[committed={T|T < 6017611176209891328}]
I0721 23:22:33.574887 13332 tablet.cc:1318] T 4d01ea135b3e48929ff3ed0d140be9ab Flush: entering phase 2 (starting to duplicate updates in new rowsets)
I0721 23:22:33.574918 13332 tablet.cc:1373] T 4d01ea135b3e48929ff3ed0d140be9ab Flush Phase 2: carrying over any updates which arrived during Phase 1
I0721 23:22:33.574924 13332 tablet.cc:1375] T 4d01ea135b3e48929ff3ed0d140be9ab Phase 2 snapshot: MvccSnapshot[committed={T|T < 6017611176212320256}]
I0721 23:22:33.575007 13154 ts_tablet_manager.cc:765] Registered tablet 81b7d9ef70e345fab9ef27dcfdb6c592
I0721 23:22:33.575068 13333 tablet.cc:1416] T 4d01ea135b3e48929ff3ed0d140be9ab Flush successful on 2 rows (4445 bytes)
I0721 23:22:33.575376 12863 ts_tablet_manager.cc:960] T 5dd0e72041574e04a29b049aff2b2a01 P 2aeff3d0fc13436a9d6090b9a6aaa6aa: Deleting tablet data with delete state TABLET_DATA_DELETED
I0721 23:22:33.575470 13335 tablet.cc:824] T 8be26ea17cb04d4882ac6cc20f435a0e Alter schema from Schema [ 0:key[int32 NOT NULL], 8:c659[int32 NOT NULL], 18:c366[int32 NOT NULL], 19:c879[int32 NULLABLE], 20:c587[int32 NOT NULL], 21:c237[int32 NULLABLE] ] version 13 to Schema [ 0:key[int32 NOT NULL], 8:c659[int32 NOT NULL], 19:c879[int32 NULLABLE], 20:c587[int32 NOT NULL], 22:c39[int32 NULLABLE], 23:c75[int32 NULLABLE] ] version 14
I0721 23:22:33.575511 13335 tablet.cc:772] T 8be26ea17cb04d4882ac6cc20f435a0e Flush: entering stage 1 (old memrowset already frozen for inserts)
I0721 23:22:33.575517 13335 compaction.cc:588] Selected 1 rowsets to compact:
I0721 23:22:33.575521 13335 compaction.cc:591] memrowset(current size on disk: ~0 bytes)
I0721 23:22:33.575525 13335 tablet.cc:774] T 8be26ea17cb04d4882ac6cc20f435a0e Memstore in-memory size: 763 bytes
I0721 23:22:33.575533 13335 tablet.cc:1238] T 8be26ea17cb04d4882ac6cc20f435a0e Flush: entering phase 1 (flushing snapshot). Phase 1 snapshot: MvccSnapshot[committed={T|T < 6017611176201572352}]
I0721 23:22:33.575577 13335 multi_column_writer.cc:85] Opened CFile writer for column key[int32 NOT NULL]
I0721 23:22:33.575601 13335 multi_column_writer.cc:85] Opened CFile writer for column c659[int32 NOT NULL]
I0721 23:22:33.575628 13335 multi_column_writer.cc:85] Opened CFile writer for column c879[int32 NULLABLE]
I0721 23:22:33.575645 13335 multi_column_writer.cc:85] Opened CFile writer for column c587[int32 NOT NULL]
I0721 23:22:33.575664 13335 multi_column_writer.cc:85] Opened CFile writer for column c39[int32 NULLABLE]
I0721 23:22:33.575677 13326 tablet.cc:1318] T 108436043bbd40508e5ab0de98130fd0 Flush: entering phase 2 (starting to duplicate updates in new rowsets)
I0721 23:22:33.575695 13332 tablet.cc:1416] T 4d01ea135b3e48929ff3ed0d140be9ab Flush successful on 2 rows (4445 bytes)
I0721 23:22:33.575762 11310 tablet_bootstrap.cc:400] T 5dd0e72041574e04a29b049aff2b2a01 P 4d5cad21cdbe462d87174e9da291a046: Deleted tablet blocks from disk
I0721 23:22:33.575778 13290 tablet.cc:824] T 108436043bbd40508e5ab0de98130fd0 Alter schema from Schema [ 0:key[int32 NOT NULL], 8:c659[int32 NOT NULL], 18:c366[int32 NOT NULL], 19:c879[int32 NULLABLE], 20:c587[int32 NOT NULL], 21:c237[int32 NULLABLE] ] version 13 to Schema [ 0:key[int32 NOT NULL], 8:c659[int32 NOT NULL], 19:c879[int32 NULLABLE], 20:c587[int32 NOT NULL], 22:c39[int32 NULLABLE], 23:c75[int32 NULLABLE] ] version 14
I0721 23:22:33.575809 13290 tablet.cc:772] T 108436043bbd40508e5ab0de98130fd0 Flush: entering stage 1 (old memrowset already frozen for inserts)
I0721 23:22:33.575814 13290 compaction.cc:588] Selected 1 rowsets to compact:
I0721 23:22:33.575817 13290 compaction.cc:591] memrowset(current size on disk: ~0 bytes)
I0721 23:22:33.575820 13290 tablet.cc:774] T 108436043bbd40508e5ab0de98130fd0 Memstore in-memory size: 763 bytes
I0721 23:22:33.575825 13290 tablet.cc:1238] T 108436043bbd40508e5ab0de98130fd0 Flush: entering phase 1 (flushing snapshot). Phase 1 snapshot: MvccSnapshot[committed={T|T < 6017611176200990720}]
I0721 23:22:33.575927 12378 catalog_manager.cc:2499] TS 4d5cad21cdbe462d87174e9da291a046: tablet 5dd0e72041574e04a29b049aff2b2a01 (table test-table [id=41787a805a7a407ca4ef642fee224d02]) successfully deleted
I0721 23:22:33.576127 13330 tablet.cc:1416] T 6a4c4010ca524867aed3bcd8ce342a34 Flush successful on 1 rows (4433 bytes)
I0721 23:22:33.576421 13336 tablet.cc:1416] T 6a4c4010ca524867aed3bcd8ce342a34 Flush successful on 1 rows (4433 bytes)
I0721 23:22:33.575698 13326 tablet.cc:1373] T 108436043bbd40508e5ab0de98130fd0 Flush Phase 2: carrying over any updates which arrived during Phase 1
I0721 23:22:33.576573 13326 tablet.cc:1375] T 108436043bbd40508e5ab0de98130fd0 Phase 2 snapshot: MvccSnapshot[committed={T|T < 6017611176200990720}]
I0721 23:22:33.576596 13335 multi_column_writer.cc:85] Opened CFile writer for column c75[int32 NULLABLE]
I0721 23:22:33.576650 13290 multi_column_writer.cc:85] Opened CFile writer for column key[int32 NOT NULL]
I0721 23:22:33.576678 13290 multi_column_writer.cc:85] Opened CFile writer for column c659[int32 NOT NULL]
I0721 23:22:33.576697 13290 multi_column_writer.cc:85] Opened CFile writer for column c879[int32 NULLABLE]
I0721 23:22:33.576845 13290 multi_column_writer.cc:85] Opened CFile writer for column c587[int32 NOT NULL]
I0721 23:22:33.576889 11311 ts_tablet_manager.cc:765] Registered tablet 81b7d9ef70e345fab9ef27dcfdb6c592
I0721 23:22:33.576908 13290 multi_column_writer.cc:85] Opened CFile writer for column c39[int32 NULLABLE]
I0721 23:22:33.576943 13290 multi_column_writer.cc:85] Opened CFile writer for column c75[int32 NULLABLE]
I0721 23:22:33.577100 12863 ts_tablet_manager.cc:970] T 5dd0e72041574e04a29b049aff2b2a01 P 2aeff3d0fc13436a9d6090b9a6aaa6aa: Tablet deleted. Last logged OpId: 3.40
I0721 23:22:33.577417 13290 tablet.cc:1318] T 108436043bbd40508e5ab0de98130fd0 Flush: entering phase 2 (starting to duplicate updates in new rowsets)
I0721 23:22:33.577445 13290 tablet.cc:1373] T 108436043bbd40508e5ab0de98130fd0 Flush Phase 2: carrying over any updates which arrived during Phase 1
I0721 23:22:33.577450 13290 tablet.cc:1375] T 108436043bbd40508e5ab0de98130fd0 Phase 2 snapshot: MvccSnapshot[committed={T|T < 6017611176200990720}]
I0721 23:22:33.577514 12863 tablet_bootstrap.cc:400] T 5dd0e72041574e04a29b049aff2b2a01 P 2aeff3d0fc13436a9d6090b9a6aaa6aa: Deleted tablet blocks from disk
I0721 23:22:33.577719 13341 ts_tablet_manager.cc:631] T 81b7d9ef70e345fab9ef27dcfdb6c592 P 2aeff3d0fc13436a9d6090b9a6aaa6aa: Bootstrapping tablet
I0721 23:22:33.577939 13335 tablet.cc:1318] T 8be26ea17cb04d4882ac6cc20f435a0e Flush: entering phase 2 (starting to duplicate updates in new rowsets)
I0721 23:22:33.577977 13335 tablet.cc:1373] T 8be26ea17cb04d4882ac6cc20f435a0e Flush Phase 2: carrying over any updates which arrived during Phase 1
I0721 23:22:33.577991 13335 tablet.cc:1375] T 8be26ea17cb04d4882ac6cc20f435a0e Phase 2 snapshot: MvccSnapshot[committed={T|T < 6017611176201572352}]
I0721 23:22:33.578014 13341 tablet_bootstrap.cc:400] T 81b7d9ef70e345fab9ef27dcfdb6c592 P 2aeff3d0fc13436a9d6090b9a6aaa6aa: Bootstrap starting.
I0721 23:22:33.578150 13341 tablet_bootstrap.cc:563] T 81b7d9ef70e345fab9ef27dcfdb6c592 P 2aeff3d0fc13436a9d6090b9a6aaa6aa: Time spent opening tablet: real 0.000s user 0.000s sys 0.000s
I0721 23:22:33.578171 12377 catalog_manager.cc:2499] TS 2aeff3d0fc13436a9d6090b9a6aaa6aa: tablet 5dd0e72041574e04a29b049aff2b2a01 (table test-table [id=41787a805a7a407ca4ef642fee224d02]) successfully deleted
I0721 23:22:33.578282 13341 tablet_bootstrap.cc:503] T 81b7d9ef70e345fab9ef27dcfdb6c592 P 2aeff3d0fc13436a9d6090b9a6aaa6aa: No blocks or log segments found. Creating new log.
I0721 23:22:33.578531 13155 ts_tablet_manager.cc:960] T 5dd0e72041574e04a29b049aff2b2a01 P d248c9dacad642be9a5fabec3add151e: Deleting tablet data with delete state TABLET_DATA_DELETED
I0721 23:22:33.578569 13329 tablet.cc:1416] T 108436043bbd40508e5ab0de98130fd0 Flush successful on 5 rows (4485 bytes)
I0721 23:22:33.578743 13290 tablet.cc:1416] T 108436043bbd40508e5ab0de98130fd0 Flush successful on 5 rows (4485 bytes)
I0721 23:22:33.578059 13326 tablet.cc:1416] T 108436043bbd40508e5ab0de98130fd0 Flush successful on 5 rows (4485 bytes)
I0721 23:22:33.579587 13288 tablet.cc:1416] T 4d01ea135b3e48929ff3ed0d140be9ab Flush successful on 2 rows (4445 bytes)
I0721 23:22:33.579694 13342 ts_tablet_manager.cc:631] T 81b7d9ef70e345fab9ef27dcfdb6c592 P d248c9dacad642be9a5fabec3add151e: Bootstrapping tablet
I0721 23:22:33.579869 13342 tablet_bootstrap.cc:400] T 81b7d9ef70e345fab9ef27dcfdb6c592 P d248c9dacad642be9a5fabec3add151e: Bootstrap starting.
I0721 23:22:33.579891 13105 tablet.cc:1450] T 108436043bbd40508e5ab0de98130fd0 Compaction: stage 1 complete, picked 4 rowsets to compact
I0721 23:22:33.579900 13105 compaction.cc:588] Selected 4 rowsets to compact:
I0721 23:22:33.579903 13105 compaction.cc:591] RowSet(0)(current size on disk: ~453 bytes)
I0721 23:22:33.579906 13105 compaction.cc:591] RowSet(1)(current size on disk: ~491 bytes)
I0721 23:22:33.579910 13105 compaction.cc:591] RowSet(2)(current size on disk: ~536 bytes)
I0721 23:22:33.579913 13105 compaction.cc:591] RowSet(3)(current size on disk: ~723 bytes)
I0721 23:22:33.579918 13105 tablet.cc:1238] T 108436043bbd40508e5ab0de98130fd0 Compaction: entering phase 1 (flushing snapshot). Phase 1 snapshot: MvccSnapshot[committed={T|T < 6017611176200990720}]
I0721 23:22:33.580000 13342 tablet_bootstrap.cc:563] T 81b7d9ef70e345fab9ef27dcfdb6c592 P d248c9dacad642be9a5fabec3add151e: Time spent opening tablet: real 0.000s user 0.000s sys 0.000s
I0721 23:22:33.580015 13105 multi_column_writer.cc:85] Opened CFile writer for column key[int32 NOT NULL]
I0721 23:22:33.580037 13105 multi_column_writer.cc:85] Opened CFile writer for column c659[int32 NOT NULL]
I0721 23:22:33.580059 13105 multi_column_writer.cc:85] Opened CFile writer for column c879[int32 NULLABLE]
I0721 23:22:33.580076 13105 multi_column_writer.cc:85] Opened CFile writer for column c587[int32 NOT NULL]
I0721 23:22:33.580102 13342 tablet_bootstrap.cc:503] T 81b7d9ef70e345fab9ef27dcfdb6c592 P d248c9dacad642be9a5fabec3add151e: No blocks or log segments found. Creating new log.
I0721 23:22:33.580348 13155 ts_tablet_manager.cc:970] T 5dd0e72041574e04a29b049aff2b2a01 P d248c9dacad642be9a5fabec3add151e: Tablet deleted. Last logged OpId: 3.40
I0721 23:22:33.580412 13343 ts_tablet_manager.cc:631] T 81b7d9ef70e345fab9ef27dcfdb6c592 P 4d5cad21cdbe462d87174e9da291a046: Bootstrapping tablet
I0721 23:22:33.580448 13335 tablet.cc:1416] T 8be26ea17cb04d4882ac6cc20f435a0e Flush successful on 1 rows (4433 bytes)
I0721 23:22:33.580745 13105 multi_column_writer.cc:85] Opened CFile writer for column c39[int32 NULLABLE]
I0721 23:22:33.580772 13105 multi_column_writer.cc:85] Opened CFile writer for column c75[int32 NULLABLE]
I0721 23:22:33.580587 13343 tablet_bootstrap.cc:400] T 81b7d9ef70e345fab9ef27dcfdb6c592 P 4d5cad21cdbe462d87174e9da291a046: Bootstrap starting.
I0721 23:22:33.581030 13343 tablet_bootstrap.cc:563] T 81b7d9ef70e345fab9ef27dcfdb6c592 P 4d5cad21cdbe462d87174e9da291a046: Time spent opening tablet: real 0.000s user 0.000s sys 0.000s
I0721 23:22:33.581961 13155 tablet_bootstrap.cc:400] T 5dd0e72041574e04a29b049aff2b2a01 P d248c9dacad642be9a5fabec3add151e: Deleted tablet blocks from disk
I0721 23:22:33.582075 12379 catalog_manager.cc:2499] TS d248c9dacad642be9a5fabec3add151e: tablet 5dd0e72041574e04a29b049aff2b2a01 (table test-table [id=41787a805a7a407ca4ef642fee224d02]) successfully deleted
I0721 23:22:33.582631 13343 tablet_bootstrap.cc:503] T 81b7d9ef70e345fab9ef27dcfdb6c592 P 4d5cad21cdbe462d87174e9da291a046: No blocks or log segments found. Creating new log.
I0721 23:22:33.582965 13105 tablet.cc:1318] T 108436043bbd40508e5ab0de98130fd0 Compaction: entering phase 2 (starting to duplicate updates in new rowsets)
I0721 23:22:33.582990 13105 tablet.cc:1373] T 108436043bbd40508e5ab0de98130fd0 Compaction Phase 2: carrying over any updates which arrived during Phase 1
I0721 23:22:33.583003 13105 tablet.cc:1375] T 108436043bbd40508e5ab0de98130fd0 Phase 2 snapshot: MvccSnapshot[committed={T|T < 6017611176200990720}]
I0721 23:22:33.583999 13105 tablet.cc:1416] T 108436043bbd40508e5ab0de98130fd0 Compaction successful on 14 rows (4594 bytes)
I0721 23:22:33.584563 13105 maintenance_manager.cc:353] Time spent running CompactRowSetsOp(108436043bbd40508e5ab0de98130fd0): real 0.005s user 0.000s sys 0.000s
I0721 23:22:33.597892 13342 tablet_bootstrap.cc:400] T 81b7d9ef70e345fab9ef27dcfdb6c592 P d248c9dacad642be9a5fabec3add151e: No bootstrap required, opened a new log
I0721 23:22:33.597929 13342 ts_tablet_manager.cc:636] T 81b7d9ef70e345fab9ef27dcfdb6c592 P d248c9dacad642be9a5fabec3add151e: Time spent bootstrapping tablet: real 0.018s user 0.000s sys 0.000s
I0721 23:22:33.601857 13343 tablet_bootstrap.cc:400] T 81b7d9ef70e345fab9ef27dcfdb6c592 P 4d5cad21cdbe462d87174e9da291a046: No bootstrap required, opened a new log
I0721 23:22:33.601914 13343 ts_tablet_manager.cc:636] T 81b7d9ef70e345fab9ef27dcfdb6c592 P 4d5cad21cdbe462d87174e9da291a046: Time spent bootstrapping tablet: real 0.021s user 0.000s sys 0.000s
I0721 23:22:33.613847 13341 tablet_bootstrap.cc:400] T 81b7d9ef70e345fab9ef27dcfdb6c592 P 2aeff3d0fc13436a9d6090b9a6aaa6aa: No bootstrap required, opened a new log
I0721 23:22:33.613875 13342 raft_consensus.cc:269] T 81b7d9ef70e345fab9ef27dcfdb6c592 P d248c9dacad642be9a5fabec3add151e [term 0 FOLLOWER]: Replica starting. Triggering 0 pending transactions. Active config: opid_index: -1 peers { permanent_uuid: "2aeff3d0fc13436a9d6090b9a6aaa6aa" member_type: VOTER last_known_addr { host: "127.42.220.0" port: 48563 } } peers { permanent_uuid: "4d5cad21cdbe462d87174e9da291a046" member_type: VOTER last_known_addr { host: "127.42.220.2" port: 37062 } } peers { permanent_uuid: "d248c9dacad642be9a5fabec3add151e" member_type: VOTER last_known_addr { host: "127.42.220.1" port: 37489 } }
I0721 23:22:33.613895 13342 raft_consensus.cc:301] T 81b7d9ef70e345fab9ef27dcfdb6c592 P d248c9dacad642be9a5fabec3add151e [term 0 FOLLOWER]: Consensus starting up: Expiring failure detector timer to make a prompt election more likely
I0721 23:22:33.613909 13342 raft_consensus.cc:499] T 81b7d9ef70e345fab9ef27dcfdb6c592 P d248c9dacad642be9a5fabec3add151e [term 0 FOLLOWER]: Becoming Follower/Learner. State: Replica: d248c9dacad642be9a5fabec3add151e, State: 1, Role: FOLLOWER Watermarks: {Received: term: 0 index: 0 Committed: term: 0 index: 0}
I0721 23:22:33.613924 13342 consensus_queue.cc:162] T 81b7d9ef70e345fab9ef27dcfdb6c592 P d248c9dacad642be9a5fabec3add151e [NON_LEADER]: Queue going to NON_LEADER mode. State: All replicated op: 0.0, Majority replicated op: 0.0, Committed index: 0.0, Last appended: 0.0, Current term: 0, Majority size: -1, State: 1, Mode: NON_LEADER
I0721 23:22:33.613965 13341 ts_tablet_manager.cc:636] T 81b7d9ef70e345fab9ef27dcfdb6c592 P 2aeff3d0fc13436a9d6090b9a6aaa6aa: Time spent bootstrapping tablet: real 0.036s user 0.004s sys 0.000s
I0721 23:22:33.621848 13343 raft_consensus.cc:269] T 81b7d9ef70e345fab9ef27dcfdb6c592 P 4d5cad21cdbe462d87174e9da291a046 [term 0 FOLLOWER]: Replica starting. Triggering 0 pending transactions. Active config: opid_index: -1 peers { permanent_uuid: "2aeff3d0fc13436a9d6090b9a6aaa6aa" member_type: VOTER last_known_addr { host: "127.42.220.0" port: 48563 } } peers { permanent_uuid: "4d5cad21cdbe462d87174e9da291a046" member_type: VOTER last_known_addr { host: "127.42.220.2" port: 37062 } } peers { permanent_uuid: "d248c9dacad642be9a5fabec3add151e" member_type: VOTER last_known_addr { host: "127.42.220.1" port: 37489 } }
I0721 23:22:33.621866 13343 raft_consensus.cc:301] T 81b7d9ef70e345fab9ef27dcfdb6c592 P 4d5cad21cdbe462d87174e9da291a046 [term 0 FOLLOWER]: Consensus starting up: Expiring failure detector timer to make a prompt election more likely
I0721 23:22:33.621876 13343 raft_consensus.cc:499] T 81b7d9ef70e345fab9ef27dcfdb6c592 P 4d5cad21cdbe462d87174e9da291a046 [term 0 FOLLOWER]: Becoming Follower/Learner. State: Replica: 4d5cad21cdbe462d87174e9da291a046, State: 1, Role: FOLLOWER Watermarks: {Received: term: 0 index: 0 Committed: term: 0 index: 0}
I0721 23:22:33.621901 13343 consensus_queue.cc:162] T 81b7d9ef70e345fab9ef27dcfdb6c592 P 4d5cad21cdbe462d87174e9da291a046 [NON_LEADER]: Queue going to NON_LEADER mode. State: All replicated op: 0.0, Majority replicated op: 0.0, Committed index: 0.0, Last appended: 0.0, Current term: 0, Majority size: -1, State: 1, Mode: NON_LEADER
I0721 23:22:33.622061 13343 ts_tablet_manager.cc:663] T 81b7d9ef70e345fab9ef27dcfdb6c592 P 4d5cad21cdbe462d87174e9da291a046: Time spent starting tablet: real 0.020s user 0.000s sys 0.004s
I0721 23:22:33.622129 12389 catalog_manager.cc:1856] TS 4d5cad21cdbe462d87174e9da291a046 does not have the latest schema for tablet 81b7d9ef70e345fab9ef27dcfdb6c592 (table test-table [id=41787a805a7a407ca4ef642fee224d02]). Expected version 14 got 0
W0721 23:22:33.622344 12389 catalog_manager.cc:2160] Unable to reset TS proxy: Not found: No leader found: Tablet 81b7d9ef70e345fab9ef27dcfdb6c592 consensus state has no leader
W0721 23:22:33.622356 12389 catalog_manager.cc:2770] Failed to send alter table request: Not found: Failed to reset TS proxy: No leader found: Tablet 81b7d9ef70e345fab9ef27dcfdb6c592 consensus state has no leader
I0721 23:22:33.622524 12389 catalog_manager.cc:1856] TS 4d5cad21cdbe462d87174e9da291a046 does not have the latest schema for tablet 81b7d9ef70e345fab9ef27dcfdb6c592 (table test-table [id=41787a805a7a407ca4ef642fee224d02]). Expected version 14 got 0
W0721 23:22:33.622702 12389 catalog_manager.cc:2160] Unable to reset TS proxy: Not found: No leader found: Tablet 81b7d9ef70e345fab9ef27dcfdb6c592 consensus state has no leader
W0721 23:22:33.622715 12389 catalog_manager.cc:2770] Failed to send alter table request: Not found: Failed to reset TS proxy: No leader found: Tablet 81b7d9ef70e345fab9ef27dcfdb6c592 consensus state has no leader
I0721 23:22:33.633877 13341 raft_consensus.cc:269] T 81b7d9ef70e345fab9ef27dcfdb6c592 P 2aeff3d0fc13436a9d6090b9a6aaa6aa [term 0 FOLLOWER]: Replica starting. Triggering 0 pending transactions. Active config: opid_index: -1 peers { permanent_uuid: "2aeff3d0fc13436a9d6090b9a6aaa6aa" member_type: VOTER last_known_addr { host: "127.42.220.0" port: 48563 } } peers { permanent_uuid: "4d5cad21cdbe462d87174e9da291a046" member_type: VOTER last_known_addr { host: "127.42.220.2" port: 37062 } } peers { permanent_uuid: "d248c9dacad642be9a5fabec3add151e" member_type: VOTER last_known_addr { host: "127.42.220.1" port: 37489 } }
I0721 23:22:33.633894 13341 raft_consensus.cc:301] T 81b7d9ef70e345fab9ef27dcfdb6c592 P 2aeff3d0fc13436a9d6090b9a6aaa6aa [term 0 FOLLOWER]: Consensus starting up: Expiring failure detector timer to make a prompt election more likely
I0721 23:22:33.633903 13341 raft_consensus.cc:499] T 81b7d9ef70e345fab9ef27dcfdb6c592 P 2aeff3d0fc13436a9d6090b9a6aaa6aa [term 0 FOLLOWER]: Becoming Follower/Learner. State: Replica: 2aeff3d0fc13436a9d6090b9a6aaa6aa, State: 1, Role: FOLLOWER Watermarks: {Received: term: 0 index: 0 Committed: term: 0 index: 0}
I0721 23:22:33.633913 13341 consensus_queue.cc:162] T 81b7d9ef70e345fab9ef27dcfdb6c592 P 2aeff3d0fc13436a9d6090b9a6aaa6aa [NON_LEADER]: Queue going to NON_LEADER mode. State: All replicated op: 0.0, Majority replicated op: 0.0, Committed index: 0.0, Last appended: 0.0, Current term: 0, Majority size: -1, State: 1, Mode: NON_LEADER
I0721 23:22:33.634181 12389 catalog_manager.cc:1856] TS d248c9dacad642be9a5fabec3add151e does not have the latest schema for tablet 81b7d9ef70e345fab9ef27dcfdb6c592 (table test-table [id=41787a805a7a407ca4ef642fee224d02]). Expected version 14 got 0
W0721 23:22:33.634443 12389 catalog_manager.cc:2160] Unable to reset TS proxy: Not found: No leader found: Tablet 81b7d9ef70e345fab9ef27dcfdb6c592 consensus state has no leader
W0721 23:22:33.634454 12389 catalog_manager.cc:2770] Failed to send alter table request: Not found: Failed to reset TS proxy: No leader found: Tablet 81b7d9ef70e345fab9ef27dcfdb6c592 consensus state has no leader
I0721 23:22:33.634601 13342 ts_tablet_manager.cc:663] T 81b7d9ef70e345fab9ef27dcfdb6c592 P d248c9dacad642be9a5fabec3add151e: Time spent starting tablet: real 0.037s user 0.000s sys 0.004s
I0721 23:22:33.634734 12389 catalog_manager.cc:1856] TS d248c9dacad642be9a5fabec3add151e does not have the latest schema for tablet 81b7d9ef70e345fab9ef27dcfdb6c592 (table test-table [id=41787a805a7a407ca4ef642fee224d02]). Expected version 14 got 0
W0721 23:22:33.634930 12389 catalog_manager.cc:2160] Unable to reset TS proxy: Not found: No leader found: Tablet 81b7d9ef70e345fab9ef27dcfdb6c592 consensus state has no leader
W0721 23:22:33.634941 12389 catalog_manager.cc:2770] Failed to send alter table request: Not found: Failed to reset TS proxy: No leader found: Tablet 81b7d9ef70e345fab9ef27dcfdb6c592 consensus state has no leader
I0721 23:22:33.641883 13341 ts_tablet_manager.cc:663] T 81b7d9ef70e345fab9ef27dcfdb6c592 P 2aeff3d0fc13436a9d6090b9a6aaa6aa: Time spent starting tablet: real 0.028s user 0.004s sys 0.000s
I0721 23:22:33.642035 12389 catalog_manager.cc:1856] TS 2aeff3d0fc13436a9d6090b9a6aaa6aa does not have the latest schema for tablet 81b7d9ef70e345fab9ef27dcfdb6c592 (table test-table [id=41787a805a7a407ca4ef642fee224d02]). Expected version 14 got 0
W0721 23:22:33.642230 12389 catalog_manager.cc:2160] Unable to reset TS proxy: Not found: No leader found: Tablet 81b7d9ef70e345fab9ef27dcfdb6c592 consensus state has no leader
W0721 23:22:33.642241 12389 catalog_manager.cc:2770] Failed to send alter table request: Not found: Failed to reset TS proxy: No leader found: Tablet 81b7d9ef70e345fab9ef27dcfdb6c592 consensus state has no leader
I0721 23:22:33.642518 12389 catalog_manager.cc:1856] TS 2aeff3d0fc13436a9d6090b9a6aaa6aa does not have the latest schema for tablet 81b7d9ef70e345fab9ef27dcfdb6c592 (table test-table [id=41787a805a7a407ca4ef642fee224d02]). Expected version 14 got 0
W0721 23:22:33.642743 12389 catalog_manager.cc:2160] Unable to reset TS proxy: Not found: No leader found: Tablet 81b7d9ef70e345fab9ef27dcfdb6c592 consensus state has no leader
W0721 23:22:33.642755 12389 catalog_manager.cc:2770] Failed to send alter table request: Not found: Failed to reset TS proxy: No leader found: Tablet 81b7d9ef70e345fab9ef27dcfdb6c592 consensus state has no leader
I0721 23:22:33.822055 13105 tablet.cc:1450] T 7270680365d24fdd841c47868cca7794 Compaction: stage 1 complete, picked 3 rowsets to compact
I0721 23:22:33.822072 13105 compaction.cc:588] Selected 3 rowsets to compact:
I0721 23:22:33.822077 13105 compaction.cc:591] RowSet(0)(current size on disk: ~685 bytes)
I0721 23:22:33.822078 13105 compaction.cc:591] RowSet(2)(current size on disk: ~475 bytes)
I0721 23:22:33.822080 13105 compaction.cc:591] RowSet(3)(current size on disk: ~740 bytes)
I0721 23:22:33.822084 13105 tablet.cc:1238] T 7270680365d24fdd841c47868cca7794 Compaction: entering phase 1 (flushing snapshot). Phase 1 snapshot: MvccSnapshot[committed={T|T < 6017611176202047488}]
I0721 23:22:33.822156 13105 multi_column_writer.cc:85] Opened CFile writer for column key[int32 NOT NULL]
I0721 23:22:33.822175 13105 multi_column_writer.cc:85] Opened CFile writer for column c659[int32 NOT NULL]
I0721 23:22:33.822187 13105 multi_column_writer.cc:85] Opened CFile writer for column c879[int32 NULLABLE]
I0721 23:22:33.822202 13105 multi_column_writer.cc:85] Opened CFile writer for column c587[int32 NOT NULL]
I0721 23:22:33.822221 13105 multi_column_writer.cc:85] Opened CFile writer for column c39[int32 NULLABLE]
I0721 23:22:33.822247 13105 multi_column_writer.cc:85] Opened CFile writer for column c75[int32 NULLABLE]
I0721 23:22:33.822805 13105 tablet.cc:1318] T 7270680365d24fdd841c47868cca7794 Compaction: entering phase 2 (starting to duplicate updates in new rowsets)
I0721 23:22:33.822839 13105 tablet.cc:1373] T 7270680365d24fdd841c47868cca7794 Compaction Phase 2: carrying over any updates which arrived during Phase 1
I0721 23:22:33.822842 13105 tablet.cc:1375] T 7270680365d24fdd841c47868cca7794 Phase 2 snapshot: MvccSnapshot[committed={T|T < 6017611176202047488}]
I0721 23:22:33.823465 13105 tablet.cc:1416] T 7270680365d24fdd841c47868cca7794 Compaction successful on 13 rows (4602 bytes)
I0721 23:22:33.823698 13105 maintenance_manager.cc:353] Time spent running CompactRowSetsOp(7270680365d24fdd841c47868cca7794): real 0.002s user 0.004s sys 0.000s
I0721 23:22:33.975927 13349 raft_consensus.cc:370] T 81b7d9ef70e345fab9ef27dcfdb6c592 P d248c9dacad642be9a5fabec3add151e [term 0 FOLLOWER]: No leader contacted us within the election timeout. Triggering leader election
I0721 23:22:33.975950 13349 raft_consensus.cc:2019] T 81b7d9ef70e345fab9ef27dcfdb6c592 P d248c9dacad642be9a5fabec3add151e [term 0 FOLLOWER]: Advancing to term 1
I0721 23:22:33.976385 13349 raft_consensus.cc:1970] T 81b7d9ef70e345fab9ef27dcfdb6c592 P d248c9dacad642be9a5fabec3add151e [term 1 FOLLOWER]: Snoozing failure detection for election timeout plus an additional 1.649s
I0721 23:22:33.976457 13349 raft_consensus.cc:386] T 81b7d9ef70e345fab9ef27dcfdb6c592 P d248c9dacad642be9a5fabec3add151e [term 1 FOLLOWER]: Starting election with config: opid_index: -1 peers { permanent_uuid: "2aeff3d0fc13436a9d6090b9a6aaa6aa" member_type: VOTER last_known_addr { host: "127.42.220.0" port: 48563 } } peers { permanent_uuid: "4d5cad21cdbe462d87174e9da291a046" member_type: VOTER last_known_addr { host: "127.42.220.2" port: 37062 } } peers { permanent_uuid: "d248c9dacad642be9a5fabec3add151e" member_type: VOTER last_known_addr { host: "127.42.220.1" port: 37489 } }
I0721 23:22:33.977319 13349 leader_election.cc:223] T 81b7d9ef70e345fab9ef27dcfdb6c592 P d248c9dacad642be9a5fabec3add151e [CANDIDATE]: Term 1 election: Requesting vote from peer 2aeff3d0fc13436a9d6090b9a6aaa6aa
I0721 23:22:33.977344 13349 leader_election.cc:223] T 81b7d9ef70e345fab9ef27dcfdb6c592 P d248c9dacad642be9a5fabec3add151e [CANDIDATE]: Term 1 election: Requesting vote from peer 4d5cad21cdbe462d87174e9da291a046
I0721 23:22:33.978423 11328 raft_consensus.cc:2019] T 81b7d9ef70e345fab9ef27dcfdb6c592 P 4d5cad21cdbe462d87174e9da291a046 [term 0 FOLLOWER]: Advancing to term 1
I0721 23:22:33.978776 11328 raft_consensus.cc:1970] T 81b7d9ef70e345fab9ef27dcfdb6c592 P 4d5cad21cdbe462d87174e9da291a046 [term 1 FOLLOWER]: Snoozing failure detection for election timeout plus an additional 1.573s
I0721 23:22:33.979142 12881 raft_consensus.cc:2019] T 81b7d9ef70e345fab9ef27dcfdb6c592 P 2aeff3d0fc13436a9d6090b9a6aaa6aa [term 0 FOLLOWER]: Advancing to term 1
I0721 23:22:33.979365 11328 raft_consensus.cc:1677] T 81b7d9ef70e345fab9ef27dcfdb6c592 P 4d5cad21cdbe462d87174e9da291a046 [term 1 FOLLOWER]: Leader election vote request: Granting yes vote for candidate d248c9dacad642be9a5fabec3add151e in term 1.
I0721 23:22:33.979437 13109 leader_election.cc:347] T 81b7d9ef70e345fab9ef27dcfdb6c592 P d248c9dacad642be9a5fabec3add151e [CANDIDATE]: Term 1 election: Vote granted by peer 4d5cad21cdbe462d87174e9da291a046
I0721 23:22:33.979465 13109 leader_election.cc:248] T 81b7d9ef70e345fab9ef27dcfdb6c592 P d248c9dacad642be9a5fabec3add151e [CANDIDATE]: Term 1 election: Election decided. Result: candidate won.
I0721 23:22:33.979509 13352 raft_consensus.cc:1970] T 81b7d9ef70e345fab9ef27dcfdb6c592 P d248c9dacad642be9a5fabec3add151e [term 1 FOLLOWER]: Snoozing failure detection for election timeout plus an additional 1.517s
I0721 23:22:33.979531 13352 raft_consensus.cc:1859] T 81b7d9ef70e345fab9ef27dcfdb6c592 P d248c9dacad642be9a5fabec3add151e [term 1 FOLLOWER]: Leader election won for term 1
I0721 23:22:33.979574 12881 raft_consensus.cc:1970] T 81b7d9ef70e345fab9ef27dcfdb6c592 P 2aeff3d0fc13436a9d6090b9a6aaa6aa [term 1 FOLLOWER]: Snoozing failure detection for election timeout plus an additional 1.512s
I0721 23:22:33.979650 13352 raft_consensus.cc:464] T 81b7d9ef70e345fab9ef27dcfdb6c592 P d248c9dacad642be9a5fabec3add151e [term 1 LEADER]: Becoming Leader. State: Replica: d248c9dacad642be9a5fabec3add151e, State: 1, Role: LEADER Watermarks: {Received: term: 0 index: 0 Committed: term: 0 index: 0}
I0721 23:22:33.979739 13352 consensus_queue.cc:145] T 81b7d9ef70e345fab9ef27dcfdb6c592 P d248c9dacad642be9a5fabec3add151e [LEADER]: Queue going to LEADER mode. State: All replicated op: 0.0, Majority replicated op: 0.0, Committed index: 0.0, Last appended: 0.0, Current term: 1, Majority size: 2, State: 1, Mode: LEADER, active raft config: opid_index: -1 peers { permanent_uuid: "2aeff3d0fc13436a9d6090b9a6aaa6aa" member_type: VOTER last_known_addr { host: "127.42.220.0" port: 48563 } } peers { permanent_uuid: "4d5cad21cdbe462d87174e9da291a046" member_type: VOTER last_known_addr { host: "127.42.220.2" port: 37062 } } peers { permanent_uuid: "d248c9dacad642be9a5fabec3add151e" member_type: VOTER last_known_addr { host: "127.42.220.1" port: 37489 } }
I0721 23:22:33.980108 12881 raft_consensus.cc:1677] T 81b7d9ef70e345fab9ef27dcfdb6c592 P 2aeff3d0fc13436a9d6090b9a6aaa6aa [term 1 FOLLOWER]: Leader election vote request: Granting yes vote for candidate d248c9dacad642be9a5fabec3add151e in term 1.
I0721 23:22:33.980182 13108 leader_election.cc:347] T 81b7d9ef70e345fab9ef27dcfdb6c592 P d248c9dacad642be9a5fabec3add151e [CANDIDATE]: Term 1 election: Vote granted by peer 2aeff3d0fc13436a9d6090b9a6aaa6aa
I0721 23:22:33.980497 12389 catalog_manager.cc:1856] TS d248c9dacad642be9a5fabec3add151e does not have the latest schema for tablet 81b7d9ef70e345fab9ef27dcfdb6c592 (table test-table [id=41787a805a7a407ca4ef642fee224d02]). Expected version 14 got 0
I0721 23:22:33.980550 12389 catalog_manager.cc:1957] Tablet: 81b7d9ef70e345fab9ef27dcfdb6c592 reported consensus state change. New consensus state: current_term: 1 leader_uuid: "d248c9dacad642be9a5fabec3add151e" config { opid_index: -1 peers { permanent_uuid: "2aeff3d0fc13436a9d6090b9a6aaa6aa" member_type: VOTER last_known_addr { host: "127.42.220.0" port: 48563 } } peers { permanent_uuid: "4d5cad21cdbe462d87174e9da291a046" member_type: VOTER last_known_addr { host: "127.42.220.2" port: 37062 } } peers { permanent_uuid: "d248c9dacad642be9a5fabec3add151e" member_type: VOTER last_known_addr { host: "127.42.220.1" port: 37489 } } }
W0721 23:22:33.980644 13363 raft_consensus_state.cc:541] T 81b7d9ef70e345fab9ef27dcfdb6c592 P d248c9dacad642be9a5fabec3add151e [term 1 LEADER]: Can't advance the committed index across term boundaries until operations from the current term are replicated. Last committed operation was: term: 0 index: 0, New majority replicated is: term: 0 index: 0, Current term is: 1
I0721 23:22:33.981442 11328 raft_consensus.cc:869] T 81b7d9ef70e345fab9ef27dcfdb6c592 P 4d5cad21cdbe462d87174e9da291a046 [term 1 FOLLOWER]: Refusing update from remote peer d248c9dacad642be9a5fabec3add151e: Log matching property violated. Preceding OpId in replica: term: 0 index: 0. Preceding OpId from leader: term: 1 index: 2. (index mismatch)
I0721 23:22:33.981456 12881 raft_consensus.cc:869] T 81b7d9ef70e345fab9ef27dcfdb6c592 P 2aeff3d0fc13436a9d6090b9a6aaa6aa [term 1 FOLLOWER]: Refusing update from remote peer d248c9dacad642be9a5fabec3add151e: Log matching property violated. Preceding OpId in replica: term: 0 index: 0. Preceding OpId from leader: term: 1 index: 2. (index mismatch)
I0721 23:22:33.981539 13352 consensus_queue.cc:578] T 81b7d9ef70e345fab9ef27dcfdb6c592 P d248c9dacad642be9a5fabec3add151e [LEADER]: Connected to new peer: Peer: 4d5cad21cdbe462d87174e9da291a046, Is new: false, Last received: 0.0, Next index: 1, Last known committed idx: 0, Last exchange result: ERROR, Needs remote bootstrap: false
I0721 23:22:33.981569 13360 consensus_queue.cc:578] T 81b7d9ef70e345fab9ef27dcfdb6c592 P d248c9dacad642be9a5fabec3add151e [LEADER]: Connected to new peer: Peer: 2aeff3d0fc13436a9d6090b9a6aaa6aa, Is new: false, Last received: 0.0, Next index: 1, Last known committed idx: 0, Last exchange result: ERROR, Needs remote bootstrap: false
I0721 23:22:33.981963 12389 catalog_manager.cc:1856] TS 2aeff3d0fc13436a9d6090b9a6aaa6aa does not have the latest schema for tablet 81b7d9ef70e345fab9ef27dcfdb6c592 (table test-table [id=41787a805a7a407ca4ef642fee224d02]). Expected version 14 got 0
I0721 23:22:33.982156 13339 tablet.cc:824] T 81b7d9ef70e345fab9ef27dcfdb6c592 Alter schema from Schema [ 0:key[int32 NOT NULL], 8:c659[int32 NOT NULL], 19:c879[int32 NULLABLE], 20:c587[int32 NOT NULL], 22:c39[int32 NULLABLE], 23:c75[int32 NULLABLE] ] version 0 to Schema [ 0:key[int32 NOT NULL], 8:c659[int32 NOT NULL], 19:c879[int32 NULLABLE], 20:c587[int32 NOT NULL], 22:c39[int32 NULLABLE], 23:c75[int32 NULLABLE] ] version 14
I0721 23:22:33.982187 12390 catalog_manager.cc:1856] TS 4d5cad21cdbe462d87174e9da291a046 does not have the latest schema for tablet 81b7d9ef70e345fab9ef27dcfdb6c592 (table test-table [id=41787a805a7a407ca4ef642fee224d02]). Expected version 14 got 0
I0721 23:22:33.982652 13363 raft_consensus_state.cc:534] T 81b7d9ef70e345fab9ef27dcfdb6c592 P d248c9dacad642be9a5fabec3add151e [term 1 LEADER]: Advanced the committed_index across terms. Last committed operation was: term: 0 index: 0 New committed index is: term: 1 index: 2
I0721 23:22:33.983355 12390 catalog_manager.cc:2970] test-table [id=41787a805a7a407ca4ef642fee224d02] - Alter table completed version=14
I0721 23:22:34.034071 13330 tablet.cc:824] T 81b7d9ef70e345fab9ef27dcfdb6c592 Alter schema from Schema [ 0:key[int32 NOT NULL], 8:c659[int32 NOT NULL], 19:c879[int32 NULLABLE], 20:c587[int32 NOT NULL], 22:c39[int32 NULLABLE], 23:c75[int32 NULLABLE] ] version 0 to Schema [ 0:key[int32 NOT NULL], 8:c659[int32 NOT NULL], 19:c879[int32 NULLABLE], 20:c587[int32 NOT NULL], 22:c39[int32 NULLABLE], 23:c75[int32 NULLABLE] ] version 14
I0721 23:22:34.034184 12390 catalog_manager.cc:1856] TS 4d5cad21cdbe462d87174e9da291a046 does not have the latest schema for tablet 81b7d9ef70e345fab9ef27dcfdb6c592 (table test-table [id=41787a805a7a407ca4ef642fee224d02]). Expected version 14 got 0
I0721 23:22:34.034185 13332 tablet.cc:824] T 81b7d9ef70e345fab9ef27dcfdb6c592 Alter schema from Schema [ 0:key[int32 NOT NULL], 8:c659[int32 NOT NULL], 19:c879[int32 NULLABLE], 20:c587[int32 NOT NULL], 22:c39[int32 NULLABLE], 23:c75[int32 NULLABLE] ] version 0 to Schema [ 0:key[int32 NOT NULL], 8:c659[int32 NOT NULL], 19:c879[int32 NULLABLE], 20:c587[int32 NOT NULL], 22:c39[int32 NULLABLE], 23:c75[int32 NULLABLE] ] version 14
I0721 23:22:34.034812 12389 catalog_manager.cc:1856] TS 2aeff3d0fc13436a9d6090b9a6aaa6aa does not have the latest schema for tablet 81b7d9ef70e345fab9ef27dcfdb6c592 (table test-table [id=41787a805a7a407ca4ef642fee224d02]). Expected version 14 got 0
I0721 23:22:34.102973 10972 alter_table-randomized-test.cc:385] Beginning Alterations
I0721 23:22:34.103166 10972 alter_table-randomized-test.cc:450] Adding range partition: [134217726, 201326589) resulting partitions: (134217726, 201326589], (402653178, 469762041], (805306356, 872415219], (1342177260, 1409286123], (1543503849, 1610612712], (1610612712, 1677721575], (1677721575, 1744830438], (1744830438, 1811939301], (2013265890, 2080374753)
