I0721 23:22:21.456061 11658 tablet.cc:772] T 1d2b22ac3e8c47c5974bea835eebce29 Flush: entering stage 1 (old memrowset already frozen for inserts)
I0721 23:22:21.456078 11658 compaction.cc:588] Selected 1 rowsets to compact:
I0721 23:22:21.456081 11658 compaction.cc:591] memrowset(current size on disk: ~0 bytes)
I0721 23:22:21.456086 11658 tablet.cc:774] T 1d2b22ac3e8c47c5974bea835eebce29 Memstore in-memory size: 763 bytes
I0721 23:22:21.456091 11658 tablet.cc:1238] T 1d2b22ac3e8c47c5974bea835eebce29 Flush: entering phase 1 (flushing snapshot). Phase 1 snapshot: MvccSnapshot[committed={T|T < 6017611126558916608}]
I0721 23:22:21.456307 11811 multi_column_writer.cc:85] Opened CFile writer for column c123[int32 NOT NULL]
I0721 23:22:21.456342 11811 multi_column_writer.cc:85] Opened CFile writer for column c137[int32 NULLABLE]
I0721 23:22:21.456457 11810 tablet.cc:1318] T a9b0f2a221544cd19161aa7461f19068 Flush: entering phase 2 (starting to duplicate updates in new rowsets)
I0721 23:22:21.456475 11810 tablet.cc:1373] T a9b0f2a221544cd19161aa7461f19068 Flush Phase 2: carrying over any updates which arrived during Phase 1
I0721 23:22:21.456481 11810 tablet.cc:1375] T a9b0f2a221544cd19161aa7461f19068 Phase 2 snapshot: MvccSnapshot[committed={T|T < 6017611126537191424}]
I0721 23:22:21.456606 11803 tablet_bootstrap.cc:400] T 9b57343f7776457f86d235d3cfb90b70 P d248c9dacad642be9a5fabec3add151e: No bootstrap required, opened a new log
I0721 23:22:21.456624 11803 ts_tablet_manager.cc:636] T 9b57343f7776457f86d235d3cfb90b70 P d248c9dacad642be9a5fabec3add151e: Time spent bootstrapping tablet: real 0.014s user 0.000s sys 0.000s
I0721 23:22:21.456660 11811 tablet.cc:1318] T b2671d47f6ac4321a3daf62b2de4d3c2 Flush: entering phase 2 (starting to duplicate updates in new rowsets)
I0721 23:22:21.456679 11811 tablet.cc:1373] T b2671d47f6ac4321a3daf62b2de4d3c2 Flush Phase 2: carrying over any updates which arrived during Phase 1
I0721 23:22:21.456686 11811 tablet.cc:1375] T b2671d47f6ac4321a3daf62b2de4d3c2 Phase 2 snapshot: MvccSnapshot[committed={T|T < 6017611126537834496}]
I0721 23:22:21.456990 11658 multi_column_writer.cc:85] Opened CFile writer for column key[int32 NOT NULL]
I0721 23:22:21.457420 11810 tablet.cc:1416] T a9b0f2a221544cd19161aa7461f19068 Flush successful on 1 rows (4292 bytes)
I0721 23:22:21.457466 11658 multi_column_writer.cc:85] Opened CFile writer for column c123[int32 NOT NULL]
I0721 23:22:21.457496 11658 multi_column_writer.cc:85] Opened CFile writer for column c137[int32 NULLABLE]
I0721 23:22:21.457641 11641 multi_column_writer.cc:85] Opened CFile writer for column key[int32 NOT NULL]
I0721 23:22:21.457670 11641 multi_column_writer.cc:85] Opened CFile writer for column c123[int32 NOT NULL]
I0721 23:22:21.457887 11641 multi_column_writer.cc:85] Opened CFile writer for column c137[int32 NULLABLE]
I0721 23:22:21.457978 11658 tablet.cc:1318] T 1d2b22ac3e8c47c5974bea835eebce29 Flush: entering phase 2 (starting to duplicate updates in new rowsets)
I0721 23:22:21.457988 11806 raft_consensus.cc:269] T d0cce9fea65345d899d95b40bf02db82 P 2aeff3d0fc13436a9d6090b9a6aaa6aa [term 0 FOLLOWER]: Replica starting. Triggering 0 pending transactions. Active config: opid_index: -1 peers { permanent_uuid: "2aeff3d0fc13436a9d6090b9a6aaa6aa" member_type: VOTER last_known_addr { host: "127.42.220.0" port: 48563 } } peers { permanent_uuid: "d248c9dacad642be9a5fabec3add151e" member_type: VOTER last_known_addr { host: "127.42.220.1" port: 37489 } } peers { permanent_uuid: "4d5cad21cdbe462d87174e9da291a046" member_type: VOTER last_known_addr { host: "127.42.220.2" port: 37062 } }
I0721 23:22:21.457998 11658 tablet.cc:1373] T 1d2b22ac3e8c47c5974bea835eebce29 Flush Phase 2: carrying over any updates which arrived during Phase 1
I0721 23:22:21.458005 11658 tablet.cc:1375] T 1d2b22ac3e8c47c5974bea835eebce29 Phase 2 snapshot: MvccSnapshot[committed={T|T < 6017611126558916608}]
I0721 23:22:21.458004 11806 raft_consensus.cc:301] T d0cce9fea65345d899d95b40bf02db82 P 2aeff3d0fc13436a9d6090b9a6aaa6aa [term 0 FOLLOWER]: Consensus starting up: Expiring failure detector timer to make a prompt election more likely
I0721 23:22:21.458016 11806 raft_consensus.cc:499] T d0cce9fea65345d899d95b40bf02db82 P 2aeff3d0fc13436a9d6090b9a6aaa6aa [term 0 FOLLOWER]: Becoming Follower/Learner. State: Replica: 2aeff3d0fc13436a9d6090b9a6aaa6aa, State: 1, Role: FOLLOWER Watermarks: {Received: term: 0 index: 0 Committed: term: 0 index: 0}
I0721 23:22:21.458029 11806 consensus_queue.cc:162] T d0cce9fea65345d899d95b40bf02db82 P 2aeff3d0fc13436a9d6090b9a6aaa6aa [NON_LEADER]: Queue going to NON_LEADER mode. State: All replicated op: 0.0, Majority replicated op: 0.0, Committed index: 0.0, Last appended: 0.0, Current term: 0, Majority size: -1, State: 1, Mode: NON_LEADER
I0721 23:22:21.458122 11803 raft_consensus.cc:269] T 9b57343f7776457f86d235d3cfb90b70 P d248c9dacad642be9a5fabec3add151e [term 0 FOLLOWER]: Replica starting. Triggering 0 pending transactions. Active config: opid_index: -1 peers { permanent_uuid: "2aeff3d0fc13436a9d6090b9a6aaa6aa" member_type: VOTER last_known_addr { host: "127.42.220.0" port: 48563 } } peers { permanent_uuid: "d248c9dacad642be9a5fabec3add151e" member_type: VOTER last_known_addr { host: "127.42.220.1" port: 37489 } } peers { permanent_uuid: "4d5cad21cdbe462d87174e9da291a046" member_type: VOTER last_known_addr { host: "127.42.220.2" port: 37062 } }
I0721 23:22:21.458138 11803 raft_consensus.cc:301] T 9b57343f7776457f86d235d3cfb90b70 P d248c9dacad642be9a5fabec3add151e [term 0 FOLLOWER]: Consensus starting up: Expiring failure detector timer to make a prompt election more likely
I0721 23:22:21.458149 11803 raft_consensus.cc:499] T 9b57343f7776457f86d235d3cfb90b70 P d248c9dacad642be9a5fabec3add151e [term 0 FOLLOWER]: Becoming Follower/Learner. State: Replica: d248c9dacad642be9a5fabec3add151e, State: 1, Role: FOLLOWER Watermarks: {Received: term: 0 index: 0 Committed: term: 0 index: 0}
I0721 23:22:21.458159 11803 consensus_queue.cc:162] T 9b57343f7776457f86d235d3cfb90b70 P d248c9dacad642be9a5fabec3add151e [NON_LEADER]: Queue going to NON_LEADER mode. State: All replicated op: 0.0, Majority replicated op: 0.0, Committed index: 0.0, Last appended: 0.0, Current term: 0, Majority size: -1, State: 1, Mode: NON_LEADER
I0721 23:22:21.458322 11811 tablet.cc:1416] T b2671d47f6ac4321a3daf62b2de4d3c2 Flush successful on 1 rows (4292 bytes)
I0721 23:22:21.458595 11658 tablet.cc:1416] T 1d2b22ac3e8c47c5974bea835eebce29 Flush successful on 3 rows (4308 bytes)
I0721 23:22:21.459264 11641 tablet.cc:1318] T b2671d47f6ac4321a3daf62b2de4d3c2 Flush: entering phase 2 (starting to duplicate updates in new rowsets)
I0721 23:22:21.459286 11641 tablet.cc:1373] T b2671d47f6ac4321a3daf62b2de4d3c2 Flush Phase 2: carrying over any updates which arrived during Phase 1
I0721 23:22:21.459293 11641 tablet.cc:1375] T b2671d47f6ac4321a3daf62b2de4d3c2 Phase 2 snapshot: MvccSnapshot[committed={T|T < 6017611126537834496}]
I0721 23:22:21.459722 11641 tablet.cc:1416] T b2671d47f6ac4321a3daf62b2de4d3c2 Flush successful on 1 rows (4292 bytes)
I0721 23:22:21.461886 11805 tablet_bootstrap.cc:400] T 0c5c7515d77f4072bde96a5bde4c4e23 P 4d5cad21cdbe462d87174e9da291a046: No bootstrap required, opened a new log
I0721 23:22:21.461908 11805 ts_tablet_manager.cc:636] T 0c5c7515d77f4072bde96a5bde4c4e23 P 4d5cad21cdbe462d87174e9da291a046: Time spent bootstrapping tablet: real 0.010s user 0.000s sys 0.000s
I0721 23:22:21.462179 11806 ts_tablet_manager.cc:663] T d0cce9fea65345d899d95b40bf02db82 P 2aeff3d0fc13436a9d6090b9a6aaa6aa: Time spent starting tablet: real 0.007s user 0.000s sys 0.000s
I0721 23:22:21.462206 11806 ts_tablet_manager.cc:631] T 0c5c7515d77f4072bde96a5bde4c4e23 P 2aeff3d0fc13436a9d6090b9a6aaa6aa: Bootstrapping tablet
I0721 23:22:21.462335 11806 tablet_bootstrap.cc:400] T 0c5c7515d77f4072bde96a5bde4c4e23 P 2aeff3d0fc13436a9d6090b9a6aaa6aa: Bootstrap starting.
I0721 23:22:21.462419 11806 tablet_bootstrap.cc:563] T 0c5c7515d77f4072bde96a5bde4c4e23 P 2aeff3d0fc13436a9d6090b9a6aaa6aa: Time spent opening tablet: real 0.000s user 0.000s sys 0.000s
I0721 23:22:21.462518 11806 tablet_bootstrap.cc:503] T 0c5c7515d77f4072bde96a5bde4c4e23 P 2aeff3d0fc13436a9d6090b9a6aaa6aa: No blocks or log segments found. Creating new log.
I0721 23:22:21.462760 11803 ts_tablet_manager.cc:663] T 9b57343f7776457f86d235d3cfb90b70 P d248c9dacad642be9a5fabec3add151e: Time spent starting tablet: real 0.006s user 0.000s sys 0.000s
I0721 23:22:21.462779 11803 ts_tablet_manager.cc:631] T 0c5c7515d77f4072bde96a5bde4c4e23 P d248c9dacad642be9a5fabec3add151e: Bootstrapping tablet
I0721 23:22:21.462908 11803 tablet_bootstrap.cc:400] T 0c5c7515d77f4072bde96a5bde4c4e23 P d248c9dacad642be9a5fabec3add151e: Bootstrap starting.
I0721 23:22:21.462992 11803 tablet_bootstrap.cc:563] T 0c5c7515d77f4072bde96a5bde4c4e23 P d248c9dacad642be9a5fabec3add151e: Time spent opening tablet: real 0.000s user 0.000s sys 0.000s
I0721 23:22:21.463088 11803 tablet_bootstrap.cc:503] T 0c5c7515d77f4072bde96a5bde4c4e23 P d248c9dacad642be9a5fabec3add151e: No blocks or log segments found. Creating new log.
I0721 23:22:21.463459 10995 catalog_manager.cc:1856] TS d248c9dacad642be9a5fabec3add151e does not have the latest schema for tablet 9b57343f7776457f86d235d3cfb90b70 (table test-table [id=41787a805a7a407ca4ef642fee224d02]). Expected version 4 got 0
I0721 23:22:21.463579 10994 catalog_manager.cc:1856] TS 2aeff3d0fc13436a9d6090b9a6aaa6aa does not have the latest schema for tablet d0cce9fea65345d899d95b40bf02db82 (table test-table [id=41787a805a7a407ca4ef642fee224d02]). Expected version 4 got 0
I0721 23:22:21.466147 11805 raft_consensus.cc:269] T 0c5c7515d77f4072bde96a5bde4c4e23 P 4d5cad21cdbe462d87174e9da291a046 [term 0 FOLLOWER]: Replica starting. Triggering 0 pending transactions. Active config: opid_index: -1 peers { permanent_uuid: "2aeff3d0fc13436a9d6090b9a6aaa6aa" member_type: VOTER last_known_addr { host: "127.42.220.0" port: 48563 } } peers { permanent_uuid: "d248c9dacad642be9a5fabec3add151e" member_type: VOTER last_known_addr { host: "127.42.220.1" port: 37489 } } peers { permanent_uuid: "4d5cad21cdbe462d87174e9da291a046" member_type: VOTER last_known_addr { host: "127.42.220.2" port: 37062 } }
I0721 23:22:21.466164 11805 raft_consensus.cc:301] T 0c5c7515d77f4072bde96a5bde4c4e23 P 4d5cad21cdbe462d87174e9da291a046 [term 0 FOLLOWER]: Consensus starting up: Expiring failure detector timer to make a prompt election more likely
I0721 23:22:21.466174 11805 raft_consensus.cc:499] T 0c5c7515d77f4072bde96a5bde4c4e23 P 4d5cad21cdbe462d87174e9da291a046 [term 0 FOLLOWER]: Becoming Follower/Learner. State: Replica: 4d5cad21cdbe462d87174e9da291a046, State: 1, Role: FOLLOWER Watermarks: {Received: term: 0 index: 0 Committed: term: 0 index: 0}
I0721 23:22:21.466192 11805 consensus_queue.cc:162] T 0c5c7515d77f4072bde96a5bde4c4e23 P 4d5cad21cdbe462d87174e9da291a046 [NON_LEADER]: Queue going to NON_LEADER mode. State: All replicated op: 0.0, Majority replicated op: 0.0, Committed index: 0.0, Last appended: 0.0, Current term: 0, Majority size: -1, State: 1, Mode: NON_LEADER
W0721 23:22:21.466351 10995 catalog_manager.cc:2160] Unable to reset TS proxy: Not found: No leader found: Tablet 9b57343f7776457f86d235d3cfb90b70 consensus state has no leader
W0721 23:22:21.466362 10995 catalog_manager.cc:2770] Failed to send alter table request: Not found: Failed to reset TS proxy: No leader found: Tablet 9b57343f7776457f86d235d3cfb90b70 consensus state has no leader
I0721 23:22:21.466550 10995 catalog_manager.cc:1856] TS d248c9dacad642be9a5fabec3add151e does not have the latest schema for tablet 9b57343f7776457f86d235d3cfb90b70 (table test-table [id=41787a805a7a407ca4ef642fee224d02]). Expected version 4 got 0
W0721 23:22:21.466625 10994 catalog_manager.cc:2160] Unable to reset TS proxy: Not found: No leader found: Tablet d0cce9fea65345d899d95b40bf02db82 consensus state has no leader
W0721 23:22:21.466635 10994 catalog_manager.cc:2770] Failed to send alter table request: Not found: Failed to reset TS proxy: No leader found: Tablet d0cce9fea65345d899d95b40bf02db82 consensus state has no leader
I0721 23:22:21.466876 10994 catalog_manager.cc:1856] TS 2aeff3d0fc13436a9d6090b9a6aaa6aa does not have the latest schema for tablet d0cce9fea65345d899d95b40bf02db82 (table test-table [id=41787a805a7a407ca4ef642fee224d02]). Expected version 4 got 0
W0721 23:22:21.467211 10995 catalog_manager.cc:2160] Unable to reset TS proxy: Not found: No leader found: Tablet 9b57343f7776457f86d235d3cfb90b70 consensus state has no leader
W0721 23:22:21.467223 10995 catalog_manager.cc:2770] Failed to send alter table request: Not found: Failed to reset TS proxy: No leader found: Tablet 9b57343f7776457f86d235d3cfb90b70 consensus state has no leader
W0721 23:22:21.467370 10994 catalog_manager.cc:2160] Unable to reset TS proxy: Not found: No leader found: Tablet d0cce9fea65345d899d95b40bf02db82 consensus state has no leader
W0721 23:22:21.467389 10994 catalog_manager.cc:2770] Failed to send alter table request: Not found: Failed to reset TS proxy: No leader found: Tablet d0cce9fea65345d899d95b40bf02db82 consensus state has no leader
I0721 23:22:21.469851 11806 tablet_bootstrap.cc:400] T 0c5c7515d77f4072bde96a5bde4c4e23 P 2aeff3d0fc13436a9d6090b9a6aaa6aa: No bootstrap required, opened a new log
I0721 23:22:21.469874 11806 ts_tablet_manager.cc:636] T 0c5c7515d77f4072bde96a5bde4c4e23 P 2aeff3d0fc13436a9d6090b9a6aaa6aa: Time spent bootstrapping tablet: real 0.008s user 0.000s sys 0.000s
I0721 23:22:21.470125 11805 ts_tablet_manager.cc:663] T 0c5c7515d77f4072bde96a5bde4c4e23 P 4d5cad21cdbe462d87174e9da291a046: Time spent starting tablet: real 0.008s user 0.000s sys 0.000s
I0721 23:22:21.470142 11805 ts_tablet_manager.cc:631] T d0cce9fea65345d899d95b40bf02db82 P 4d5cad21cdbe462d87174e9da291a046: Bootstrapping tablet
I0721 23:22:21.470283 11805 tablet_bootstrap.cc:400] T d0cce9fea65345d899d95b40bf02db82 P 4d5cad21cdbe462d87174e9da291a046: Bootstrap starting.
I0721 23:22:21.470383 11805 tablet_bootstrap.cc:563] T d0cce9fea65345d899d95b40bf02db82 P 4d5cad21cdbe462d87174e9da291a046: Time spent opening tablet: real 0.000s user 0.000s sys 0.000s
I0721 23:22:21.470475 11805 tablet_bootstrap.cc:503] T d0cce9fea65345d899d95b40bf02db82 P 4d5cad21cdbe462d87174e9da291a046: No blocks or log segments found. Creating new log.
I0721 23:22:21.470644 11803 tablet_bootstrap.cc:400] T 0c5c7515d77f4072bde96a5bde4c4e23 P d248c9dacad642be9a5fabec3add151e: No bootstrap required, opened a new log
I0721 23:22:21.470664 11803 ts_tablet_manager.cc:636] T 0c5c7515d77f4072bde96a5bde4c4e23 P d248c9dacad642be9a5fabec3add151e: Time spent bootstrapping tablet: real 0.008s user 0.000s sys 0.000s
I0721 23:22:21.471040 10994 catalog_manager.cc:1856] TS 4d5cad21cdbe462d87174e9da291a046 does not have the latest schema for tablet 0c5c7515d77f4072bde96a5bde4c4e23 (table test-table [id=41787a805a7a407ca4ef642fee224d02]). Expected version 4 got 0
W0721 23:22:21.471287 10994 catalog_manager.cc:2160] Unable to reset TS proxy: Not found: No leader found: Tablet 0c5c7515d77f4072bde96a5bde4c4e23 consensus state has no leader
W0721 23:22:21.471298 10994 catalog_manager.cc:2770] Failed to send alter table request: Not found: Failed to reset TS proxy: No leader found: Tablet 0c5c7515d77f4072bde96a5bde4c4e23 consensus state has no leader
I0721 23:22:21.471668 10994 catalog_manager.cc:1856] TS 4d5cad21cdbe462d87174e9da291a046 does not have the latest schema for tablet 0c5c7515d77f4072bde96a5bde4c4e23 (table test-table [id=41787a805a7a407ca4ef642fee224d02]). Expected version 4 got 0
W0721 23:22:21.471954 10994 catalog_manager.cc:2160] Unable to reset TS proxy: Not found: No leader found: Tablet 0c5c7515d77f4072bde96a5bde4c4e23 consensus state has no leader
W0721 23:22:21.471977 10994 catalog_manager.cc:2770] Failed to send alter table request: Not found: Failed to reset TS proxy: No leader found: Tablet 0c5c7515d77f4072bde96a5bde4c4e23 consensus state has no leader
I0721 23:22:21.473876 11803 raft_consensus.cc:269] T 0c5c7515d77f4072bde96a5bde4c4e23 P d248c9dacad642be9a5fabec3add151e [term 0 FOLLOWER]: Replica starting. Triggering 0 pending transactions. Active config: opid_index: -1 peers { permanent_uuid: "2aeff3d0fc13436a9d6090b9a6aaa6aa" member_type: VOTER last_known_addr { host: "127.42.220.0" port: 48563 } } peers { permanent_uuid: "d248c9dacad642be9a5fabec3add151e" member_type: VOTER last_known_addr { host: "127.42.220.1" port: 37489 } } peers { permanent_uuid: "4d5cad21cdbe462d87174e9da291a046" member_type: VOTER last_known_addr { host: "127.42.220.2" port: 37062 } }
I0721 23:22:21.473893 11803 raft_consensus.cc:301] T 0c5c7515d77f4072bde96a5bde4c4e23 P d248c9dacad642be9a5fabec3add151e [term 0 FOLLOWER]: Consensus starting up: Expiring failure detector timer to make a prompt election more likely
I0721 23:22:21.473904 11803 raft_consensus.cc:499] T 0c5c7515d77f4072bde96a5bde4c4e23 P d248c9dacad642be9a5fabec3add151e [term 0 FOLLOWER]: Becoming Follower/Learner. State: Replica: d248c9dacad642be9a5fabec3add151e, State: 1, Role: FOLLOWER Watermarks: {Received: term: 0 index: 0 Committed: term: 0 index: 0}
I0721 23:22:21.473925 11803 consensus_queue.cc:162] T 0c5c7515d77f4072bde96a5bde4c4e23 P d248c9dacad642be9a5fabec3add151e [NON_LEADER]: Queue going to NON_LEADER mode. State: All replicated op: 0.0, Majority replicated op: 0.0, Committed index: 0.0, Last appended: 0.0, Current term: 0, Majority size: -1, State: 1, Mode: NON_LEADER
I0721 23:22:21.474050 11806 raft_consensus.cc:269] T 0c5c7515d77f4072bde96a5bde4c4e23 P 2aeff3d0fc13436a9d6090b9a6aaa6aa [term 0 FOLLOWER]: Replica starting. Triggering 0 pending transactions. Active config: opid_index: -1 peers { permanent_uuid: "2aeff3d0fc13436a9d6090b9a6aaa6aa" member_type: VOTER last_known_addr { host: "127.42.220.0" port: 48563 } } peers { permanent_uuid: "d248c9dacad642be9a5fabec3add151e" member_type: VOTER last_known_addr { host: "127.42.220.1" port: 37489 } } peers { permanent_uuid: "4d5cad21cdbe462d87174e9da291a046" member_type: VOTER last_known_addr { host: "127.42.220.2" port: 37062 } }
I0721 23:22:21.474066 11806 raft_consensus.cc:301] T 0c5c7515d77f4072bde96a5bde4c4e23 P 2aeff3d0fc13436a9d6090b9a6aaa6aa [term 0 FOLLOWER]: Consensus starting up: Expiring failure detector timer to make a prompt election more likely
I0721 23:22:21.474087 11806 raft_consensus.cc:499] T 0c5c7515d77f4072bde96a5bde4c4e23 P 2aeff3d0fc13436a9d6090b9a6aaa6aa [term 0 FOLLOWER]: Becoming Follower/Learner. State: Replica: 2aeff3d0fc13436a9d6090b9a6aaa6aa, State: 1, Role: FOLLOWER Watermarks: {Received: term: 0 index: 0 Committed: term: 0 index: 0}
I0721 23:22:21.474109 11806 consensus_queue.cc:162] T 0c5c7515d77f4072bde96a5bde4c4e23 P 2aeff3d0fc13436a9d6090b9a6aaa6aa [NON_LEADER]: Queue going to NON_LEADER mode. State: All replicated op: 0.0, Majority replicated op: 0.0, Committed index: 0.0, Last appended: 0.0, Current term: 0, Majority size: -1, State: 1, Mode: NON_LEADER
I0721 23:22:21.477843 11803 ts_tablet_manager.cc:663] T 0c5c7515d77f4072bde96a5bde4c4e23 P d248c9dacad642be9a5fabec3add151e: Time spent starting tablet: real 0.007s user 0.000s sys 0.004s
I0721 23:22:21.477866 11803 ts_tablet_manager.cc:631] T cd48ba26a30f42b4a776b30f67eb48d3 P d248c9dacad642be9a5fabec3add151e: Bootstrapping tablet
I0721 23:22:21.478005 11803 tablet_bootstrap.cc:400] T cd48ba26a30f42b4a776b30f67eb48d3 P d248c9dacad642be9a5fabec3add151e: Bootstrap starting.
I0721 23:22:21.478098 11803 tablet_bootstrap.cc:563] T cd48ba26a30f42b4a776b30f67eb48d3 P d248c9dacad642be9a5fabec3add151e: Time spent opening tablet: real 0.000s user 0.000s sys 0.000s
I0721 23:22:21.478271 11803 tablet_bootstrap.cc:503] T cd48ba26a30f42b4a776b30f67eb48d3 P d248c9dacad642be9a5fabec3add151e: No blocks or log segments found. Creating new log.
I0721 23:22:21.478512 10994 catalog_manager.cc:1856] TS d248c9dacad642be9a5fabec3add151e does not have the latest schema for tablet 0c5c7515d77f4072bde96a5bde4c4e23 (table test-table [id=41787a805a7a407ca4ef642fee224d02]). Expected version 4 got 0
W0721 23:22:21.478724 10994 catalog_manager.cc:2160] Unable to reset TS proxy: Not found: No leader found: Tablet 0c5c7515d77f4072bde96a5bde4c4e23 consensus state has no leader
W0721 23:22:21.478735 10994 catalog_manager.cc:2770] Failed to send alter table request: Not found: Failed to reset TS proxy: No leader found: Tablet 0c5c7515d77f4072bde96a5bde4c4e23 consensus state has no leader
I0721 23:22:21.479131 11806 ts_tablet_manager.cc:663] T 0c5c7515d77f4072bde96a5bde4c4e23 P 2aeff3d0fc13436a9d6090b9a6aaa6aa: Time spent starting tablet: real 0.009s user 0.000s sys 0.004s
I0721 23:22:21.479151 11806 ts_tablet_manager.cc:631] T 6a4c4010ca524867aed3bcd8ce342a34 P 2aeff3d0fc13436a9d6090b9a6aaa6aa: Bootstrapping tablet
I0721 23:22:21.479285 11806 tablet_bootstrap.cc:400] T 6a4c4010ca524867aed3bcd8ce342a34 P 2aeff3d0fc13436a9d6090b9a6aaa6aa: Bootstrap starting.
I0721 23:22:21.479377 11806 tablet_bootstrap.cc:563] T 6a4c4010ca524867aed3bcd8ce342a34 P 2aeff3d0fc13436a9d6090b9a6aaa6aa: Time spent opening tablet: real 0.000s user 0.000s sys 0.000s
I0721 23:22:21.479480 11806 tablet_bootstrap.cc:503] T 6a4c4010ca524867aed3bcd8ce342a34 P 2aeff3d0fc13436a9d6090b9a6aaa6aa: No blocks or log segments found. Creating new log.
I0721 23:22:21.479760 10995 catalog_manager.cc:1856] TS d248c9dacad642be9a5fabec3add151e does not have the latest schema for tablet 0c5c7515d77f4072bde96a5bde4c4e23 (table test-table [id=41787a805a7a407ca4ef642fee224d02]). Expected version 4 got 0
I0721 23:22:21.479895 11805 tablet_bootstrap.cc:400] T d0cce9fea65345d899d95b40bf02db82 P 4d5cad21cdbe462d87174e9da291a046: No bootstrap required, opened a new log
I0721 23:22:21.479918 11805 ts_tablet_manager.cc:636] T d0cce9fea65345d899d95b40bf02db82 P 4d5cad21cdbe462d87174e9da291a046: Time spent bootstrapping tablet: real 0.010s user 0.000s sys 0.004s
W0721 23:22:21.480319 10995 catalog_manager.cc:2160] Unable to reset TS proxy: Not found: No leader found: Tablet 0c5c7515d77f4072bde96a5bde4c4e23 consensus state has no leader
W0721 23:22:21.480330 10995 catalog_manager.cc:2770] Failed to send alter table request: Not found: Failed to reset TS proxy: No leader found: Tablet 0c5c7515d77f4072bde96a5bde4c4e23 consensus state has no leader
I0721 23:22:21.480435 10994 catalog_manager.cc:1856] TS 2aeff3d0fc13436a9d6090b9a6aaa6aa does not have the latest schema for tablet 0c5c7515d77f4072bde96a5bde4c4e23 (table test-table [id=41787a805a7a407ca4ef642fee224d02]). Expected version 4 got 0
W0721 23:22:21.480617 10994 catalog_manager.cc:2160] Unable to reset TS proxy: Not found: No leader found: Tablet 0c5c7515d77f4072bde96a5bde4c4e23 consensus state has no leader
W0721 23:22:21.480628 10994 catalog_manager.cc:2770] Failed to send alter table request: Not found: Failed to reset TS proxy: No leader found: Tablet 0c5c7515d77f4072bde96a5bde4c4e23 consensus state has no leader
I0721 23:22:21.480937 10994 catalog_manager.cc:1856] TS 2aeff3d0fc13436a9d6090b9a6aaa6aa does not have the latest schema for tablet 0c5c7515d77f4072bde96a5bde4c4e23 (table test-table [id=41787a805a7a407ca4ef642fee224d02]). Expected version 4 got 0
W0721 23:22:21.481163 10994 catalog_manager.cc:2160] Unable to reset TS proxy: Not found: No leader found: Tablet 0c5c7515d77f4072bde96a5bde4c4e23 consensus state has no leader
W0721 23:22:21.481183 10994 catalog_manager.cc:2770] Failed to send alter table request: Not found: Failed to reset TS proxy: No leader found: Tablet 0c5c7515d77f4072bde96a5bde4c4e23 consensus state has no leader
I0721 23:22:21.485821 11803 tablet_bootstrap.cc:400] T cd48ba26a30f42b4a776b30f67eb48d3 P d248c9dacad642be9a5fabec3add151e: No bootstrap required, opened a new log
I0721 23:22:21.485841 11803 ts_tablet_manager.cc:636] T cd48ba26a30f42b4a776b30f67eb48d3 P d248c9dacad642be9a5fabec3add151e: Time spent bootstrapping tablet: real 0.008s user 0.000s sys 0.000s
I0721 23:22:21.486075 11806 tablet_bootstrap.cc:400] T 6a4c4010ca524867aed3bcd8ce342a34 P 2aeff3d0fc13436a9d6090b9a6aaa6aa: No bootstrap required, opened a new log
I0721 23:22:21.486104 11806 ts_tablet_manager.cc:636] T 6a4c4010ca524867aed3bcd8ce342a34 P 2aeff3d0fc13436a9d6090b9a6aaa6aa: Time spent bootstrapping tablet: real 0.007s user 0.000s sys 0.000s
I0721 23:22:21.489857 11806 raft_consensus.cc:269] T 6a4c4010ca524867aed3bcd8ce342a34 P 2aeff3d0fc13436a9d6090b9a6aaa6aa [term 0 FOLLOWER]: Replica starting. Triggering 0 pending transactions. Active config: opid_index: -1 peers { permanent_uuid: "d248c9dacad642be9a5fabec3add151e" member_type: VOTER last_known_addr { host: "127.42.220.1" port: 37489 } } peers { permanent_uuid: "2aeff3d0fc13436a9d6090b9a6aaa6aa" member_type: VOTER last_known_addr { host: "127.42.220.0" port: 48563 } } peers { permanent_uuid: "4d5cad21cdbe462d87174e9da291a046" member_type: VOTER last_known_addr { host: "127.42.220.2" port: 37062 } }
I0721 23:22:21.489876 11806 raft_consensus.cc:301] T 6a4c4010ca524867aed3bcd8ce342a34 P 2aeff3d0fc13436a9d6090b9a6aaa6aa [term 0 FOLLOWER]: Consensus starting up: Expiring failure detector timer to make a prompt election more likely
I0721 23:22:21.489887 11806 raft_consensus.cc:499] T 6a4c4010ca524867aed3bcd8ce342a34 P 2aeff3d0fc13436a9d6090b9a6aaa6aa [term 0 FOLLOWER]: Becoming Follower/Learner. State: Replica: 2aeff3d0fc13436a9d6090b9a6aaa6aa, State: 1, Role: FOLLOWER Watermarks: {Received: term: 0 index: 0 Committed: term: 0 index: 0}
I0721 23:22:21.489898 11806 consensus_queue.cc:162] T 6a4c4010ca524867aed3bcd8ce342a34 P 2aeff3d0fc13436a9d6090b9a6aaa6aa [NON_LEADER]: Queue going to NON_LEADER mode. State: All replicated op: 0.0, Majority replicated op: 0.0, Committed index: 0.0, Last appended: 0.0, Current term: 0, Majority size: -1, State: 1, Mode: NON_LEADER
I0721 23:22:21.490077 11803 raft_consensus.cc:269] T cd48ba26a30f42b4a776b30f67eb48d3 P d248c9dacad642be9a5fabec3add151e [term 0 FOLLOWER]: Replica starting. Triggering 0 pending transactions. Active config: opid_index: -1 peers { permanent_uuid: "2aeff3d0fc13436a9d6090b9a6aaa6aa" member_type: VOTER last_known_addr { host: "127.42.220.0" port: 48563 } } peers { permanent_uuid: "d248c9dacad642be9a5fabec3add151e" member_type: VOTER last_known_addr { host: "127.42.220.1" port: 37489 } } peers { permanent_uuid: "4d5cad21cdbe462d87174e9da291a046" member_type: VOTER last_known_addr { host: "127.42.220.2" port: 37062 } }
I0721 23:22:21.490090 11803 raft_consensus.cc:301] T cd48ba26a30f42b4a776b30f67eb48d3 P d248c9dacad642be9a5fabec3add151e [term 0 FOLLOWER]: Consensus starting up: Expiring failure detector timer to make a prompt election more likely
I0721 23:22:21.490102 11803 raft_consensus.cc:499] T cd48ba26a30f42b4a776b30f67eb48d3 P d248c9dacad642be9a5fabec3add151e [term 0 FOLLOWER]: Becoming Follower/Learner. State: Replica: d248c9dacad642be9a5fabec3add151e, State: 1, Role: FOLLOWER Watermarks: {Received: term: 0 index: 0 Committed: term: 0 index: 0}
I0721 23:22:21.490110 11803 consensus_queue.cc:162] T cd48ba26a30f42b4a776b30f67eb48d3 P d248c9dacad642be9a5fabec3add151e [NON_LEADER]: Queue going to NON_LEADER mode. State: All replicated op: 0.0, Majority replicated op: 0.0, Committed index: 0.0, Last appended: 0.0, Current term: 0, Majority size: -1, State: 1, Mode: NON_LEADER
I0721 23:22:21.493844 11806 ts_tablet_manager.cc:663] T 6a4c4010ca524867aed3bcd8ce342a34 P 2aeff3d0fc13436a9d6090b9a6aaa6aa: Time spent starting tablet: real 0.008s user 0.000s sys 0.000s
I0721 23:22:21.493863 11806 ts_tablet_manager.cc:631] T 9b57343f7776457f86d235d3cfb90b70 P 2aeff3d0fc13436a9d6090b9a6aaa6aa: Bootstrapping tablet
I0721 23:22:21.494014 11806 tablet_bootstrap.cc:400] T 9b57343f7776457f86d235d3cfb90b70 P 2aeff3d0fc13436a9d6090b9a6aaa6aa: Bootstrap starting.
I0721 23:22:21.494149 11806 tablet_bootstrap.cc:563] T 9b57343f7776457f86d235d3cfb90b70 P 2aeff3d0fc13436a9d6090b9a6aaa6aa: Time spent opening tablet: real 0.000s user 0.000s sys 0.000s
I0721 23:22:21.494253 11806 tablet_bootstrap.cc:503] T 9b57343f7776457f86d235d3cfb90b70 P 2aeff3d0fc13436a9d6090b9a6aaa6aa: No blocks or log segments found. Creating new log.
I0721 23:22:21.494524 10994 catalog_manager.cc:1856] TS 2aeff3d0fc13436a9d6090b9a6aaa6aa does not have the latest schema for tablet 6a4c4010ca524867aed3bcd8ce342a34 (table test-table [id=41787a805a7a407ca4ef642fee224d02]). Expected version 4 got 0
W0721 23:22:21.494737 10994 catalog_manager.cc:2160] Unable to reset TS proxy: Not found: No leader found: Tablet 6a4c4010ca524867aed3bcd8ce342a34 consensus state has no leader
W0721 23:22:21.494750 10994 catalog_manager.cc:2770] Failed to send alter table request: Not found: Failed to reset TS proxy: No leader found: Tablet 6a4c4010ca524867aed3bcd8ce342a34 consensus state has no leader
I0721 23:22:21.494917 11805 raft_consensus.cc:269] T d0cce9fea65345d899d95b40bf02db82 P 4d5cad21cdbe462d87174e9da291a046 [term 0 FOLLOWER]: Replica starting. Triggering 0 pending transactions. Active config: opid_index: -1 peers { permanent_uuid: "2aeff3d0fc13436a9d6090b9a6aaa6aa" member_type: VOTER last_known_addr { host: "127.42.220.0" port: 48563 } } peers { permanent_uuid: "d248c9dacad642be9a5fabec3add151e" member_type: VOTER last_known_addr { host: "127.42.220.1" port: 37489 } } peers { permanent_uuid: "4d5cad21cdbe462d87174e9da291a046" member_type: VOTER last_known_addr { host: "127.42.220.2" port: 37062 } }
I0721 23:22:21.494933 11805 raft_consensus.cc:301] T d0cce9fea65345d899d95b40bf02db82 P 4d5cad21cdbe462d87174e9da291a046 [term 0 FOLLOWER]: Consensus starting up: Expiring failure detector timer to make a prompt election more likely
I0721 23:22:21.494945 11805 raft_consensus.cc:499] T d0cce9fea65345d899d95b40bf02db82 P 4d5cad21cdbe462d87174e9da291a046 [term 0 FOLLOWER]: Becoming Follower/Learner. State: Replica: 4d5cad21cdbe462d87174e9da291a046, State: 1, Role: FOLLOWER Watermarks: {Received: term: 0 index: 0 Committed: term: 0 index: 0}
I0721 23:22:21.494956 11805 consensus_queue.cc:162] T d0cce9fea65345d899d95b40bf02db82 P 4d5cad21cdbe462d87174e9da291a046 [NON_LEADER]: Queue going to NON_LEADER mode. State: All replicated op: 0.0, Majority replicated op: 0.0, Committed index: 0.0, Last appended: 0.0, Current term: 0, Majority size: -1, State: 1, Mode: NON_LEADER
I0721 23:22:21.495077 11803 ts_tablet_manager.cc:663] T cd48ba26a30f42b4a776b30f67eb48d3 P d248c9dacad642be9a5fabec3add151e: Time spent starting tablet: real 0.009s user 0.000s sys 0.000s
I0721 23:22:21.495095 11803 ts_tablet_manager.cc:631] T d0cce9fea65345d899d95b40bf02db82 P d248c9dacad642be9a5fabec3add151e: Bootstrapping tablet
I0721 23:22:21.495220 11803 tablet_bootstrap.cc:400] T d0cce9fea65345d899d95b40bf02db82 P d248c9dacad642be9a5fabec3add151e: Bootstrap starting.
I0721 23:22:21.495307 11803 tablet_bootstrap.cc:563] T d0cce9fea65345d899d95b40bf02db82 P d248c9dacad642be9a5fabec3add151e: Time spent opening tablet: real 0.000s user 0.000s sys 0.000s
I0721 23:22:21.495401 11803 tablet_bootstrap.cc:503] T d0cce9fea65345d899d95b40bf02db82 P d248c9dacad642be9a5fabec3add151e: No blocks or log segments found. Creating new log.
I0721 23:22:21.495636 10994 catalog_manager.cc:1856] TS d248c9dacad642be9a5fabec3add151e does not have the latest schema for tablet cd48ba26a30f42b4a776b30f67eb48d3 (table test-table [id=41787a805a7a407ca4ef642fee224d02]). Expected version 4 got 0
W0721 23:22:21.495831 10994 catalog_manager.cc:2160] Unable to reset TS proxy: Not found: No leader found: Tablet cd48ba26a30f42b4a776b30f67eb48d3 consensus state has no leader
W0721 23:22:21.495842 10994 catalog_manager.cc:2770] Failed to send alter table request: Not found: Failed to reset TS proxy: No leader found: Tablet cd48ba26a30f42b4a776b30f67eb48d3 consensus state has no leader
I0721 23:22:21.496671 10995 catalog_manager.cc:1856] TS 2aeff3d0fc13436a9d6090b9a6aaa6aa does not have the latest schema for tablet 6a4c4010ca524867aed3bcd8ce342a34 (table test-table [id=41787a805a7a407ca4ef642fee224d02]). Expected version 4 got 0
I0721 23:22:21.496799 10994 catalog_manager.cc:1856] TS d248c9dacad642be9a5fabec3add151e does not have the latest schema for tablet cd48ba26a30f42b4a776b30f67eb48d3 (table test-table [id=41787a805a7a407ca4ef642fee224d02]). Expected version 4 got 0
W0721 23:22:21.497025 10995 catalog_manager.cc:2160] Unable to reset TS proxy: Not found: No leader found: Tablet 6a4c4010ca524867aed3bcd8ce342a34 consensus state has no leader
W0721 23:22:21.497037 10995 catalog_manager.cc:2770] Failed to send alter table request: Not found: Failed to reset TS proxy: No leader found: Tablet 6a4c4010ca524867aed3bcd8ce342a34 consensus state has no leader
W0721 23:22:21.497206 10994 catalog_manager.cc:2160] Unable to reset TS proxy: Not found: No leader found: Tablet cd48ba26a30f42b4a776b30f67eb48d3 consensus state has no leader
W0721 23:22:21.497218 10994 catalog_manager.cc:2770] Failed to send alter table request: Not found: Failed to reset TS proxy: No leader found: Tablet cd48ba26a30f42b4a776b30f67eb48d3 consensus state has no leader
I0721 23:22:21.501885 11805 ts_tablet_manager.cc:663] T d0cce9fea65345d899d95b40bf02db82 P 4d5cad21cdbe462d87174e9da291a046: Time spent starting tablet: real 0.022s user 0.000s sys 0.000s
I0721 23:22:21.502044 10994 catalog_manager.cc:1856] TS 4d5cad21cdbe462d87174e9da291a046 does not have the latest schema for tablet d0cce9fea65345d899d95b40bf02db82 (table test-table [id=41787a805a7a407ca4ef642fee224d02]). Expected version 4 got 0
W0721 23:22:21.502266 10994 catalog_manager.cc:2160] Unable to reset TS proxy: Not found: No leader found: Tablet d0cce9fea65345d899d95b40bf02db82 consensus state has no leader
W0721 23:22:21.502279 10994 catalog_manager.cc:2770] Failed to send alter table request: Not found: Failed to reset TS proxy: No leader found: Tablet d0cce9fea65345d899d95b40bf02db82 consensus state has no leader
I0721 23:22:21.502441 11805 ts_tablet_manager.cc:631] T 6a4c4010ca524867aed3bcd8ce342a34 P 4d5cad21cdbe462d87174e9da291a046: Bootstrapping tablet
I0721 23:22:21.502609 11805 tablet_bootstrap.cc:400] T 6a4c4010ca524867aed3bcd8ce342a34 P 4d5cad21cdbe462d87174e9da291a046: Bootstrap starting.
I0721 23:22:21.502732 11805 tablet_bootstrap.cc:563] T 6a4c4010ca524867aed3bcd8ce342a34 P 4d5cad21cdbe462d87174e9da291a046: Time spent opening tablet: real 0.000s user 0.000s sys 0.000s
I0721 23:22:21.502861 11805 tablet_bootstrap.cc:503] T 6a4c4010ca524867aed3bcd8ce342a34 P 4d5cad21cdbe462d87174e9da291a046: No blocks or log segments found. Creating new log.
I0721 23:22:21.503085 11806 tablet_bootstrap.cc:400] T 9b57343f7776457f86d235d3cfb90b70 P 2aeff3d0fc13436a9d6090b9a6aaa6aa: No bootstrap required, opened a new log
I0721 23:22:21.503116 11806 ts_tablet_manager.cc:636] T 9b57343f7776457f86d235d3cfb90b70 P 2aeff3d0fc13436a9d6090b9a6aaa6aa: Time spent bootstrapping tablet: real 0.009s user 0.000s sys 0.000s
I0721 23:22:21.503870 10994 catalog_manager.cc:1856] TS 4d5cad21cdbe462d87174e9da291a046 does not have the latest schema for tablet d0cce9fea65345d899d95b40bf02db82 (table test-table [id=41787a805a7a407ca4ef642fee224d02]). Expected version 4 got 0
W0721 23:22:21.504099 10994 catalog_manager.cc:2160] Unable to reset TS proxy: Not found: No leader found: Tablet d0cce9fea65345d899d95b40bf02db82 consensus state has no leader
W0721 23:22:21.504111 10994 catalog_manager.cc:2770] Failed to send alter table request: Not found: Failed to reset TS proxy: No leader found: Tablet d0cce9fea65345d899d95b40bf02db82 consensus state has no leader
I0721 23:22:21.509861 11803 tablet_bootstrap.cc:400] T d0cce9fea65345d899d95b40bf02db82 P d248c9dacad642be9a5fabec3add151e: No bootstrap required, opened a new log
I0721 23:22:21.509922 11803 ts_tablet_manager.cc:636] T d0cce9fea65345d899d95b40bf02db82 P d248c9dacad642be9a5fabec3add151e: Time spent bootstrapping tablet: real 0.015s user 0.004s sys 0.000s
I0721 23:22:21.510222 11806 raft_consensus.cc:269] T 9b57343f7776457f86d235d3cfb90b70 P 2aeff3d0fc13436a9d6090b9a6aaa6aa [term 0 FOLLOWER]: Replica starting. Triggering 0 pending transactions. Active config: opid_index: -1 peers { permanent_uuid: "2aeff3d0fc13436a9d6090b9a6aaa6aa" member_type: VOTER last_known_addr { host: "127.42.220.0" port: 48563 } } peers { permanent_uuid: "d248c9dacad642be9a5fabec3add151e" member_type: VOTER last_known_addr { host: "127.42.220.1" port: 37489 } } peers { permanent_uuid: "4d5cad21cdbe462d87174e9da291a046" member_type: VOTER last_known_addr { host: "127.42.220.2" port: 37062 } }
I0721 23:22:21.510265 11806 raft_consensus.cc:301] T 9b57343f7776457f86d235d3cfb90b70 P 2aeff3d0fc13436a9d6090b9a6aaa6aa [term 0 FOLLOWER]: Consensus starting up: Expiring failure detector timer to make a prompt election more likely
I0721 23:22:21.510299 11806 raft_consensus.cc:499] T 9b57343f7776457f86d235d3cfb90b70 P 2aeff3d0fc13436a9d6090b9a6aaa6aa [term 0 FOLLOWER]: Becoming Follower/Learner. State: Replica: 2aeff3d0fc13436a9d6090b9a6aaa6aa, State: 1, Role: FOLLOWER Watermarks: {Received: term: 0 index: 0 Committed: term: 0 index: 0}
I0721 23:22:21.510335 11806 consensus_queue.cc:162] T 9b57343f7776457f86d235d3cfb90b70 P 2aeff3d0fc13436a9d6090b9a6aaa6aa [NON_LEADER]: Queue going to NON_LEADER mode. State: All replicated op: 0.0, Majority replicated op: 0.0, Committed index: 0.0, Last appended: 0.0, Current term: 0, Majority size: -1, State: 1, Mode: NON_LEADER
I0721 23:22:21.510399 11805 tablet_bootstrap.cc:400] T 6a4c4010ca524867aed3bcd8ce342a34 P 4d5cad21cdbe462d87174e9da291a046: No bootstrap required, opened a new log
I0721 23:22:21.510442 11805 ts_tablet_manager.cc:636] T 6a4c4010ca524867aed3bcd8ce342a34 P 4d5cad21cdbe462d87174e9da291a046: Time spent bootstrapping tablet: real 0.008s user 0.000s sys 0.000s
I0721 23:22:21.513741 11803 raft_consensus.cc:269] T d0cce9fea65345d899d95b40bf02db82 P d248c9dacad642be9a5fabec3add151e [term 0 FOLLOWER]: Replica starting. Triggering 0 pending transactions. Active config: opid_index: -1 peers { permanent_uuid: "2aeff3d0fc13436a9d6090b9a6aaa6aa" member_type: VOTER last_known_addr { host: "127.42.220.0" port: 48563 } } peers { permanent_uuid: "d248c9dacad642be9a5fabec3add151e" member_type: VOTER last_known_addr { host: "127.42.220.1" port: 37489 } } peers { permanent_uuid: "4d5cad21cdbe462d87174e9da291a046" member_type: VOTER last_known_addr { host: "127.42.220.2" port: 37062 } }
I0721 23:22:21.513835 11803 raft_consensus.cc:301] T d0cce9fea65345d899d95b40bf02db82 P d248c9dacad642be9a5fabec3add151e [term 0 FOLLOWER]: Consensus starting up: Expiring failure detector timer to make a prompt election more likely
I0721 23:22:21.513876 11803 raft_consensus.cc:499] T d0cce9fea65345d899d95b40bf02db82 P d248c9dacad642be9a5fabec3add151e [term 0 FOLLOWER]: Becoming Follower/Learner. State: Replica: d248c9dacad642be9a5fabec3add151e, State: 1, Role: FOLLOWER Watermarks: {Received: term: 0 index: 0 Committed: term: 0 index: 0}
I0721 23:22:21.513908 11803 consensus_queue.cc:162] T d0cce9fea65345d899d95b40bf02db82 P d248c9dacad642be9a5fabec3add151e [NON_LEADER]: Queue going to NON_LEADER mode. State: All replicated op: 0.0, Majority replicated op: 0.0, Committed index: 0.0, Last appended: 0.0, Current term: 0, Majority size: -1, State: 1, Mode: NON_LEADER
I0721 23:22:21.517927 11805 raft_consensus.cc:269] T 6a4c4010ca524867aed3bcd8ce342a34 P 4d5cad21cdbe462d87174e9da291a046 [term 0 FOLLOWER]: Replica starting. Triggering 0 pending transactions. Active config: opid_index: -1 peers { permanent_uuid: "d248c9dacad642be9a5fabec3add151e" member_type: VOTER last_known_addr { host: "127.42.220.1" port: 37489 } } peers { permanent_uuid: "2aeff3d0fc13436a9d6090b9a6aaa6aa" member_type: VOTER last_known_addr { host: "127.42.220.0" port: 48563 } } peers { permanent_uuid: "4d5cad21cdbe462d87174e9da291a046" member_type: VOTER last_known_addr { host: "127.42.220.2" port: 37062 } }
I0721 23:22:21.518028 11806 ts_tablet_manager.cc:663] T 9b57343f7776457f86d235d3cfb90b70 P 2aeff3d0fc13436a9d6090b9a6aaa6aa: Time spent starting tablet: real 0.015s user 0.000s sys 0.004s
I0721 23:22:21.518158 10994 catalog_manager.cc:1856] TS 2aeff3d0fc13436a9d6090b9a6aaa6aa does not have the latest schema for tablet 9b57343f7776457f86d235d3cfb90b70 (table test-table [id=41787a805a7a407ca4ef642fee224d02]). Expected version 4 got 0
W0721 23:22:21.518362 10994 catalog_manager.cc:2160] Unable to reset TS proxy: Not found: No leader found: Tablet 9b57343f7776457f86d235d3cfb90b70 consensus state has no leader
W0721 23:22:21.518373 10994 catalog_manager.cc:2770] Failed to send alter table request: Not found: Failed to reset TS proxy: No leader found: Tablet 9b57343f7776457f86d235d3cfb90b70 consensus state has no leader
I0721 23:22:21.518481 11805 raft_consensus.cc:301] T 6a4c4010ca524867aed3bcd8ce342a34 P 4d5cad21cdbe462d87174e9da291a046 [term 0 FOLLOWER]: Consensus starting up: Expiring failure detector timer to make a prompt election more likely
I0721 23:22:21.518532 11806 ts_tablet_manager.cc:631] T cd48ba26a30f42b4a776b30f67eb48d3 P 2aeff3d0fc13436a9d6090b9a6aaa6aa: Bootstrapping tablet
I0721 23:22:21.518568 11805 raft_consensus.cc:499] T 6a4c4010ca524867aed3bcd8ce342a34 P 4d5cad21cdbe462d87174e9da291a046 [term 0 FOLLOWER]: Becoming Follower/Learner. State: Replica: 4d5cad21cdbe462d87174e9da291a046, State: 1, Role: FOLLOWER Watermarks: {Received: term: 0 index: 0 Committed: term: 0 index: 0}
I0721 23:22:21.518705 11806 tablet_bootstrap.cc:400] T cd48ba26a30f42b4a776b30f67eb48d3 P 2aeff3d0fc13436a9d6090b9a6aaa6aa: Bootstrap starting.
I0721 23:22:21.518745 11805 consensus_queue.cc:162] T 6a4c4010ca524867aed3bcd8ce342a34 P 4d5cad21cdbe462d87174e9da291a046 [NON_LEADER]: Queue going to NON_LEADER mode. State: All replicated op: 0.0, Majority replicated op: 0.0, Committed index: 0.0, Last appended: 0.0, Current term: 0, Majority size: -1, State: 1, Mode: NON_LEADER
I0721 23:22:21.518893 11806 tablet_bootstrap.cc:563] T cd48ba26a30f42b4a776b30f67eb48d3 P 2aeff3d0fc13436a9d6090b9a6aaa6aa: Time spent opening tablet: real 0.000s user 0.000s sys 0.000s
I0721 23:22:21.519033 11806 tablet_bootstrap.cc:503] T cd48ba26a30f42b4a776b30f67eb48d3 P 2aeff3d0fc13436a9d6090b9a6aaa6aa: No blocks or log segments found. Creating new log.
I0721 23:22:21.519425 10994 catalog_manager.cc:1856] TS 2aeff3d0fc13436a9d6090b9a6aaa6aa does not have the latest schema for tablet 9b57343f7776457f86d235d3cfb90b70 (table test-table [id=41787a805a7a407ca4ef642fee224d02]). Expected version 4 got 0
W0721 23:22:21.519654 10994 catalog_manager.cc:2160] Unable to reset TS proxy: Not found: No leader found: Tablet 9b57343f7776457f86d235d3cfb90b70 consensus state has no leader
W0721 23:22:21.519665 10994 catalog_manager.cc:2770] Failed to send alter table request: Not found: Failed to reset TS proxy: No leader found: Tablet 9b57343f7776457f86d235d3cfb90b70 consensus state has no leader
I0721 23:22:21.519814 11803 ts_tablet_manager.cc:663] T d0cce9fea65345d899d95b40bf02db82 P d248c9dacad642be9a5fabec3add151e: Time spent starting tablet: real 0.010s user 0.000s sys 0.000s
I0721 23:22:21.519831 11803 ts_tablet_manager.cc:631] T 6a4c4010ca524867aed3bcd8ce342a34 P d248c9dacad642be9a5fabec3add151e: Bootstrapping tablet
I0721 23:22:21.519965 11803 tablet_bootstrap.cc:400] T 6a4c4010ca524867aed3bcd8ce342a34 P d248c9dacad642be9a5fabec3add151e: Bootstrap starting.
I0721 23:22:21.520077 11803 tablet_bootstrap.cc:563] T 6a4c4010ca524867aed3bcd8ce342a34 P d248c9dacad642be9a5fabec3add151e: Time spent opening tablet: real 0.000s user 0.000s sys 0.000s
I0721 23:22:21.520171 11803 tablet_bootstrap.cc:503] T 6a4c4010ca524867aed3bcd8ce342a34 P d248c9dacad642be9a5fabec3add151e: No blocks or log segments found. Creating new log.
I0721 23:22:21.520442 10994 catalog_manager.cc:1856] TS d248c9dacad642be9a5fabec3add151e does not have the latest schema for tablet d0cce9fea65345d899d95b40bf02db82 (table test-table [id=41787a805a7a407ca4ef642fee224d02]). Expected version 4 got 0
W0721 23:22:21.520668 10994 catalog_manager.cc:2160] Unable to reset TS proxy: Not found: No leader found: Tablet d0cce9fea65345d899d95b40bf02db82 consensus state has no leader
W0721 23:22:21.520681 10994 catalog_manager.cc:2770] Failed to send alter table request: Not found: Failed to reset TS proxy: No leader found: Tablet d0cce9fea65345d899d95b40bf02db82 consensus state has no leader
I0721 23:22:21.520973 10994 catalog_manager.cc:1856] TS d248c9dacad642be9a5fabec3add151e does not have the latest schema for tablet d0cce9fea65345d899d95b40bf02db82 (table test-table [id=41787a805a7a407ca4ef642fee224d02]). Expected version 4 got 0
W0721 23:22:21.521210 10994 catalog_manager.cc:2160] Unable to reset TS proxy: Not found: No leader found: Tablet d0cce9fea65345d899d95b40bf02db82 consensus state has no leader
W0721 23:22:21.521222 10994 catalog_manager.cc:2770] Failed to send alter table request: Not found: Failed to reset TS proxy: No leader found: Tablet d0cce9fea65345d899d95b40bf02db82 consensus state has no leader
I0721 23:22:21.521834 11805 ts_tablet_manager.cc:663] T 6a4c4010ca524867aed3bcd8ce342a34 P 4d5cad21cdbe462d87174e9da291a046: Time spent starting tablet: real 0.011s user 0.000s sys 0.004s
I0721 23:22:21.521853 11805 ts_tablet_manager.cc:631] T cd48ba26a30f42b4a776b30f67eb48d3 P 4d5cad21cdbe462d87174e9da291a046: Bootstrapping tablet
I0721 23:22:21.521984 11805 tablet_bootstrap.cc:400] T cd48ba26a30f42b4a776b30f67eb48d3 P 4d5cad21cdbe462d87174e9da291a046: Bootstrap starting.
I0721 23:22:21.522092 11805 tablet_bootstrap.cc:563] T cd48ba26a30f42b4a776b30f67eb48d3 P 4d5cad21cdbe462d87174e9da291a046: Time spent opening tablet: real 0.000s user 0.000s sys 0.000s
I0721 23:22:21.522197 11805 tablet_bootstrap.cc:503] T cd48ba26a30f42b4a776b30f67eb48d3 P 4d5cad21cdbe462d87174e9da291a046: No blocks or log segments found. Creating new log.
I0721 23:22:21.522429 10994 catalog_manager.cc:1856] TS 4d5cad21cdbe462d87174e9da291a046 does not have the latest schema for tablet 6a4c4010ca524867aed3bcd8ce342a34 (table test-table [id=41787a805a7a407ca4ef642fee224d02]). Expected version 4 got 0
W0721 23:22:21.522635 10994 catalog_manager.cc:2160] Unable to reset TS proxy: Not found: No leader found: Tablet 6a4c4010ca524867aed3bcd8ce342a34 consensus state has no leader
W0721 23:22:21.522646 10994 catalog_manager.cc:2770] Failed to send alter table request: Not found: Failed to reset TS proxy: No leader found: Tablet 6a4c4010ca524867aed3bcd8ce342a34 consensus state has no leader
I0721 23:22:21.529922 10994 catalog_manager.cc:1856] TS 4d5cad21cdbe462d87174e9da291a046 does not have the latest schema for tablet 6a4c4010ca524867aed3bcd8ce342a34 (table test-table [id=41787a805a7a407ca4ef642fee224d02]). Expected version 4 got 0
W0721 23:22:21.530134 10994 catalog_manager.cc:2160] Unable to reset TS proxy: Not found: No leader found: Tablet 6a4c4010ca524867aed3bcd8ce342a34 consensus state has no leader
W0721 23:22:21.530148 10994 catalog_manager.cc:2770] Failed to send alter table request: Not found: Failed to reset TS proxy: No leader found: Tablet 6a4c4010ca524867aed3bcd8ce342a34 consensus state has no leader
I0721 23:22:21.530277 11803 tablet_bootstrap.cc:400] T 6a4c4010ca524867aed3bcd8ce342a34 P d248c9dacad642be9a5fabec3add151e: No bootstrap required, opened a new log
I0721 23:22:21.530295 11803 ts_tablet_manager.cc:636] T 6a4c4010ca524867aed3bcd8ce342a34 P d248c9dacad642be9a5fabec3add151e: Time spent bootstrapping tablet: real 0.010s user 0.000s sys 0.000s
I0721 23:22:21.537852 11805 tablet_bootstrap.cc:400] T cd48ba26a30f42b4a776b30f67eb48d3 P 4d5cad21cdbe462d87174e9da291a046: No bootstrap required, opened a new log
I0721 23:22:21.537873 11805 ts_tablet_manager.cc:636] T cd48ba26a30f42b4a776b30f67eb48d3 P 4d5cad21cdbe462d87174e9da291a046: Time spent bootstrapping tablet: real 0.016s user 0.000s sys 0.000s
I0721 23:22:21.538133 11806 tablet_bootstrap.cc:400] T cd48ba26a30f42b4a776b30f67eb48d3 P 2aeff3d0fc13436a9d6090b9a6aaa6aa: No bootstrap required, opened a new log
I0721 23:22:21.538151 11806 ts_tablet_manager.cc:636] T cd48ba26a30f42b4a776b30f67eb48d3 P 2aeff3d0fc13436a9d6090b9a6aaa6aa: Time spent bootstrapping tablet: real 0.020s user 0.000s sys 0.000s
I0721 23:22:21.538378 11803 raft_consensus.cc:269] T 6a4c4010ca524867aed3bcd8ce342a34 P d248c9dacad642be9a5fabec3add151e [term 0 FOLLOWER]: Replica starting. Triggering 0 pending transactions. Active config: opid_index: -1 peers { permanent_uuid: "d248c9dacad642be9a5fabec3add151e" member_type: VOTER last_known_addr { host: "127.42.220.1" port: 37489 } } peers { permanent_uuid: "2aeff3d0fc13436a9d6090b9a6aaa6aa" member_type: VOTER last_known_addr { host: "127.42.220.0" port: 48563 } } peers { permanent_uuid: "4d5cad21cdbe462d87174e9da291a046" member_type: VOTER last_known_addr { host: "127.42.220.2" port: 37062 } }
I0721 23:22:21.538391 11803 raft_consensus.cc:301] T 6a4c4010ca524867aed3bcd8ce342a34 P d248c9dacad642be9a5fabec3add151e [term 0 FOLLOWER]: Consensus starting up: Expiring failure detector timer to make a prompt election more likely
I0721 23:22:21.538399 11803 raft_consensus.cc:499] T 6a4c4010ca524867aed3bcd8ce342a34 P d248c9dacad642be9a5fabec3add151e [term 0 FOLLOWER]: Becoming Follower/Learner. State: Replica: d248c9dacad642be9a5fabec3add151e, State: 1, Role: FOLLOWER Watermarks: {Received: term: 0 index: 0 Committed: term: 0 index: 0}
I0721 23:22:21.538408 11803 consensus_queue.cc:162] T 6a4c4010ca524867aed3bcd8ce342a34 P d248c9dacad642be9a5fabec3add151e [NON_LEADER]: Queue going to NON_LEADER mode. State: All replicated op: 0.0, Majority replicated op: 0.0, Committed index: 0.0, Last appended: 0.0, Current term: 0, Majority size: -1, State: 1, Mode: NON_LEADER
