I0721 23:22:24.067512 11331 raft_consensus.cc:869] T 73806c9e0da348e5854f7d76bf67ad0f P 4d5cad21cdbe462d87174e9da291a046 [term 2 FOLLOWER]: Refusing update from remote peer d248c9dacad642be9a5fabec3add151e: Log matching property violated. Preceding OpId in replica: term: 1 index: 26. Preceding OpId from leader: term: 2 index: 28. (index mismatch)
I0721 23:22:24.067580 12271 consensus_queue.cc:578] T 73806c9e0da348e5854f7d76bf67ad0f P d248c9dacad642be9a5fabec3add151e [LEADER]: Connected to new peer: Peer: 2aeff3d0fc13436a9d6090b9a6aaa6aa, Is new: false, Last received: 1.26, Next index: 27, Last known committed idx: 26, Last exchange result: ERROR, Needs remote bootstrap: false
I0721 23:22:24.067622 12271 consensus_queue.cc:578] T 73806c9e0da348e5854f7d76bf67ad0f P d248c9dacad642be9a5fabec3add151e [LEADER]: Connected to new peer: Peer: 4d5cad21cdbe462d87174e9da291a046, Is new: false, Last received: 1.26, Next index: 27, Last known committed idx: 26, Last exchange result: ERROR, Needs remote bootstrap: false
I0721 23:22:24.068096 12274 raft_consensus_state.cc:534] T 73806c9e0da348e5854f7d76bf67ad0f P d248c9dacad642be9a5fabec3add151e [term 2 LEADER]: Advanced the committed_index across terms. Last committed operation was: term: 1 index: 26 New committed index is: term: 2 index: 28
I0721 23:22:24.134848 11815 raft_consensus.cc:366] T 1d2b22ac3e8c47c5974bea835eebce29 P d248c9dacad642be9a5fabec3add151e [term 1 FOLLOWER]: Failure of leader 2aeff3d0fc13436a9d6090b9a6aaa6aa detected. Triggering leader election
I0721 23:22:24.134889 11815 raft_consensus.cc:2019] T 1d2b22ac3e8c47c5974bea835eebce29 P d248c9dacad642be9a5fabec3add151e [term 1 FOLLOWER]: Advancing to term 2
I0721 23:22:24.135221 11815 raft_consensus.cc:1970] T 1d2b22ac3e8c47c5974bea835eebce29 P d248c9dacad642be9a5fabec3add151e [term 2 FOLLOWER]: Snoozing failure detection for election timeout plus an additional 1.579s
I0721 23:22:24.135262 11815 raft_consensus.cc:386] T 1d2b22ac3e8c47c5974bea835eebce29 P d248c9dacad642be9a5fabec3add151e [term 2 FOLLOWER]: Starting election with config: opid_index: -1 peers { permanent_uuid: "2aeff3d0fc13436a9d6090b9a6aaa6aa" member_type: VOTER last_known_addr { host: "127.42.220.0" port: 48563 } } peers { permanent_uuid: "d248c9dacad642be9a5fabec3add151e" member_type: VOTER last_known_addr { host: "127.42.220.1" port: 37489 } } peers { permanent_uuid: "4d5cad21cdbe462d87174e9da291a046" member_type: VOTER last_known_addr { host: "127.42.220.2" port: 37062 } }
I0721 23:22:24.136057 11815 leader_election.cc:223] T 1d2b22ac3e8c47c5974bea835eebce29 P d248c9dacad642be9a5fabec3add151e [CANDIDATE]: Term 2 election: Requesting vote from peer 2aeff3d0fc13436a9d6090b9a6aaa6aa
I0721 23:22:24.136086 11815 leader_election.cc:223] T 1d2b22ac3e8c47c5974bea835eebce29 P d248c9dacad642be9a5fabec3add151e [CANDIDATE]: Term 2 election: Requesting vote from peer 4d5cad21cdbe462d87174e9da291a046
I0721 23:22:24.136206 11331 raft_consensus.cc:2019] T 1d2b22ac3e8c47c5974bea835eebce29 P 4d5cad21cdbe462d87174e9da291a046 [term 1 FOLLOWER]: Advancing to term 2
I0721 23:22:24.136216 12064 raft_consensus.cc:2019] T 1d2b22ac3e8c47c5974bea835eebce29 P 2aeff3d0fc13436a9d6090b9a6aaa6aa [term 1 FOLLOWER]: Advancing to term 2
I0721 23:22:24.136507 12064 raft_consensus.cc:1970] T 1d2b22ac3e8c47c5974bea835eebce29 P 2aeff3d0fc13436a9d6090b9a6aaa6aa [term 2 FOLLOWER]: Snoozing failure detection for election timeout plus an additional 1.618s
I0721 23:22:24.136517 11331 raft_consensus.cc:1970] T 1d2b22ac3e8c47c5974bea835eebce29 P 4d5cad21cdbe462d87174e9da291a046 [term 2 FOLLOWER]: Snoozing failure detection for election timeout plus an additional 1.595s
I0721 23:22:24.137225 12064 raft_consensus.cc:1677] T 1d2b22ac3e8c47c5974bea835eebce29 P 2aeff3d0fc13436a9d6090b9a6aaa6aa [term 2 FOLLOWER]: Leader election vote request: Granting yes vote for candidate d248c9dacad642be9a5fabec3add151e in term 2.
I0721 23:22:24.137240 11331 raft_consensus.cc:1677] T 1d2b22ac3e8c47c5974bea835eebce29 P 4d5cad21cdbe462d87174e9da291a046 [term 2 FOLLOWER]: Leader election vote request: Granting yes vote for candidate d248c9dacad642be9a5fabec3add151e in term 2.
I0721 23:22:24.137327 11489 leader_election.cc:347] T 1d2b22ac3e8c47c5974bea835eebce29 P d248c9dacad642be9a5fabec3add151e [CANDIDATE]: Term 2 election: Vote granted by peer 2aeff3d0fc13436a9d6090b9a6aaa6aa
I0721 23:22:24.137342 11489 leader_election.cc:248] T 1d2b22ac3e8c47c5974bea835eebce29 P d248c9dacad642be9a5fabec3add151e [CANDIDATE]: Term 2 election: Election decided. Result: candidate won.
I0721 23:22:24.137359 11490 leader_election.cc:347] T 1d2b22ac3e8c47c5974bea835eebce29 P d248c9dacad642be9a5fabec3add151e [CANDIDATE]: Term 2 election: Vote granted by peer 4d5cad21cdbe462d87174e9da291a046
I0721 23:22:24.137539 12306 raft_consensus.cc:1970] T 1d2b22ac3e8c47c5974bea835eebce29 P d248c9dacad642be9a5fabec3add151e [term 2 FOLLOWER]: Snoozing failure detection for election timeout plus an additional 1.623s
I0721 23:22:24.137552 12306 raft_consensus.cc:1859] T 1d2b22ac3e8c47c5974bea835eebce29 P d248c9dacad642be9a5fabec3add151e [term 2 FOLLOWER]: Leader election won for term 2
I0721 23:22:24.137686 12306 raft_consensus.cc:464] T 1d2b22ac3e8c47c5974bea835eebce29 P d248c9dacad642be9a5fabec3add151e [term 2 LEADER]: Becoming Leader. State: Replica: d248c9dacad642be9a5fabec3add151e, State: 1, Role: LEADER Watermarks: {Received: term: 1 index: 24 Committed: term: 1 index: 24}
I0721 23:22:24.137715 12306 consensus_queue.cc:145] T 1d2b22ac3e8c47c5974bea835eebce29 P d248c9dacad642be9a5fabec3add151e [LEADER]: Queue going to LEADER mode. State: All replicated op: 1.24, Majority replicated op: 1.24, Committed index: 1.24, Last appended: 1.24, Current term: 2, Majority size: 2, State: 1, Mode: LEADER, active raft config: opid_index: -1 peers { permanent_uuid: "2aeff3d0fc13436a9d6090b9a6aaa6aa" member_type: VOTER last_known_addr { host: "127.42.220.0" port: 48563 } } peers { permanent_uuid: "d248c9dacad642be9a5fabec3add151e" member_type: VOTER last_known_addr { host: "127.42.220.1" port: 37489 } } peers { permanent_uuid: "4d5cad21cdbe462d87174e9da291a046" member_type: VOTER last_known_addr { host: "127.42.220.2" port: 37062 } }
I0721 23:22:24.138175 10995 catalog_manager.cc:1957] Tablet: 1d2b22ac3e8c47c5974bea835eebce29 reported consensus state change. New consensus state: current_term: 2 leader_uuid: "d248c9dacad642be9a5fabec3add151e" config { opid_index: -1 peers { permanent_uuid: "2aeff3d0fc13436a9d6090b9a6aaa6aa" member_type: VOTER last_known_addr { host: "127.42.220.0" port: 48563 } } peers { permanent_uuid: "d248c9dacad642be9a5fabec3add151e" member_type: VOTER last_known_addr { host: "127.42.220.1" port: 37489 } } peers { permanent_uuid: "4d5cad21cdbe462d87174e9da291a046" member_type: VOTER last_known_addr { host: "127.42.220.2" port: 37062 } } }
I0721 23:22:24.140419 11688 raft_consensus.cc:366] T a9b0f2a221544cd19161aa7461f19068 P 4d5cad21cdbe462d87174e9da291a046 [term 1 FOLLOWER]: Failure of leader 2aeff3d0fc13436a9d6090b9a6aaa6aa detected. Triggering leader election
I0721 23:22:24.140432 11688 raft_consensus.cc:2019] T a9b0f2a221544cd19161aa7461f19068 P 4d5cad21cdbe462d87174e9da291a046 [term 1 FOLLOWER]: Advancing to term 2
I0721 23:22:24.140671 11688 raft_consensus.cc:1970] T a9b0f2a221544cd19161aa7461f19068 P 4d5cad21cdbe462d87174e9da291a046 [term 2 FOLLOWER]: Snoozing failure detection for election timeout plus an additional 1.614s
I0721 23:22:24.140710 11688 raft_consensus.cc:386] T a9b0f2a221544cd19161aa7461f19068 P 4d5cad21cdbe462d87174e9da291a046 [term 2 FOLLOWER]: Starting election with config: opid_index: -1 peers { permanent_uuid: "d248c9dacad642be9a5fabec3add151e" member_type: VOTER last_known_addr { host: "127.42.220.1" port: 37489 } } peers { permanent_uuid: "2aeff3d0fc13436a9d6090b9a6aaa6aa" member_type: VOTER last_known_addr { host: "127.42.220.0" port: 48563 } } peers { permanent_uuid: "4d5cad21cdbe462d87174e9da291a046" member_type: VOTER last_known_addr { host: "127.42.220.2" port: 37062 } }
I0721 23:22:24.141376 11688 leader_election.cc:223] T a9b0f2a221544cd19161aa7461f19068 P 4d5cad21cdbe462d87174e9da291a046 [CANDIDATE]: Term 2 election: Requesting vote from peer d248c9dacad642be9a5fabec3add151e
I0721 23:22:24.141432 11688 leader_election.cc:223] T a9b0f2a221544cd19161aa7461f19068 P 4d5cad21cdbe462d87174e9da291a046 [CANDIDATE]: Term 2 election: Requesting vote from peer 2aeff3d0fc13436a9d6090b9a6aaa6aa
I0721 23:22:24.141605 12064 raft_consensus.cc:2019] T a9b0f2a221544cd19161aa7461f19068 P 2aeff3d0fc13436a9d6090b9a6aaa6aa [term 1 FOLLOWER]: Advancing to term 2
I0721 23:22:24.141595 11555 raft_consensus.cc:2019] T a9b0f2a221544cd19161aa7461f19068 P d248c9dacad642be9a5fabec3add151e [term 1 FOLLOWER]: Advancing to term 2
I0721 23:22:24.141873 12064 raft_consensus.cc:1970] T a9b0f2a221544cd19161aa7461f19068 P 2aeff3d0fc13436a9d6090b9a6aaa6aa [term 2 FOLLOWER]: Snoozing failure detection for election timeout plus an additional 1.629s
I0721 23:22:24.141885 11555 raft_consensus.cc:1970] T a9b0f2a221544cd19161aa7461f19068 P d248c9dacad642be9a5fabec3add151e [term 2 FOLLOWER]: Snoozing failure detection for election timeout plus an additional 1.520s
I0721 23:22:24.142426 12064 raft_consensus.cc:1677] T a9b0f2a221544cd19161aa7461f19068 P 2aeff3d0fc13436a9d6090b9a6aaa6aa [term 2 FOLLOWER]: Leader election vote request: Granting yes vote for candidate 4d5cad21cdbe462d87174e9da291a046 in term 2.
I0721 23:22:24.142498 11555 raft_consensus.cc:1677] T a9b0f2a221544cd19161aa7461f19068 P d248c9dacad642be9a5fabec3add151e [term 2 FOLLOWER]: Leader election vote request: Granting yes vote for candidate 4d5cad21cdbe462d87174e9da291a046 in term 2.
I0721 23:22:24.142541 11268 leader_election.cc:347] T a9b0f2a221544cd19161aa7461f19068 P 4d5cad21cdbe462d87174e9da291a046 [CANDIDATE]: Term 2 election: Vote granted by peer 2aeff3d0fc13436a9d6090b9a6aaa6aa
I0721 23:22:24.142557 11268 leader_election.cc:248] T a9b0f2a221544cd19161aa7461f19068 P 4d5cad21cdbe462d87174e9da291a046 [CANDIDATE]: Term 2 election: Election decided. Result: candidate won.
I0721 23:22:24.142581 11270 leader_election.cc:347] T a9b0f2a221544cd19161aa7461f19068 P 4d5cad21cdbe462d87174e9da291a046 [CANDIDATE]: Term 2 election: Vote granted by peer d248c9dacad642be9a5fabec3add151e
I0721 23:22:24.142729 12311 raft_consensus.cc:1970] T a9b0f2a221544cd19161aa7461f19068 P 4d5cad21cdbe462d87174e9da291a046 [term 2 FOLLOWER]: Snoozing failure detection for election timeout plus an additional 1.620s
I0721 23:22:24.142740 12311 raft_consensus.cc:1859] T a9b0f2a221544cd19161aa7461f19068 P 4d5cad21cdbe462d87174e9da291a046 [term 2 FOLLOWER]: Leader election won for term 2
I0721 23:22:24.142874 12311 raft_consensus.cc:464] T a9b0f2a221544cd19161aa7461f19068 P 4d5cad21cdbe462d87174e9da291a046 [term 2 LEADER]: Becoming Leader. State: Replica: 4d5cad21cdbe462d87174e9da291a046, State: 1, Role: LEADER Watermarks: {Received: term: 1 index: 17 Committed: term: 1 index: 17}
I0721 23:22:24.142910 12311 consensus_queue.cc:145] T a9b0f2a221544cd19161aa7461f19068 P 4d5cad21cdbe462d87174e9da291a046 [LEADER]: Queue going to LEADER mode. State: All replicated op: 1.17, Majority replicated op: 1.17, Committed index: 1.17, Last appended: 1.17, Current term: 2, Majority size: 2, State: 1, Mode: LEADER, active raft config: opid_index: -1 peers { permanent_uuid: "d248c9dacad642be9a5fabec3add151e" member_type: VOTER last_known_addr { host: "127.42.220.1" port: 37489 } } peers { permanent_uuid: "2aeff3d0fc13436a9d6090b9a6aaa6aa" member_type: VOTER last_known_addr { host: "127.42.220.0" port: 48563 } } peers { permanent_uuid: "4d5cad21cdbe462d87174e9da291a046" member_type: VOTER last_known_addr { host: "127.42.220.2" port: 37062 } }
I0721 23:22:24.143498 10995 catalog_manager.cc:1957] Tablet: a9b0f2a221544cd19161aa7461f19068 reported consensus state change. New consensus state: current_term: 2 leader_uuid: "4d5cad21cdbe462d87174e9da291a046" config { opid_index: -1 peers { permanent_uuid: "d248c9dacad642be9a5fabec3add151e" member_type: VOTER last_known_addr { host: "127.42.220.1" port: 37489 } } peers { permanent_uuid: "2aeff3d0fc13436a9d6090b9a6aaa6aa" member_type: VOTER last_known_addr { host: "127.42.220.0" port: 48563 } } peers { permanent_uuid: "4d5cad21cdbe462d87174e9da291a046" member_type: VOTER last_known_addr { host: "127.42.220.2" port: 37062 } } }
I0721 23:22:24.186810 11728 raft_consensus.cc:366] T b2671d47f6ac4321a3daf62b2de4d3c2 P 4d5cad21cdbe462d87174e9da291a046 [term 1 FOLLOWER]: Failure of leader 2aeff3d0fc13436a9d6090b9a6aaa6aa detected. Triggering leader election
I0721 23:22:24.186836 11728 raft_consensus.cc:2019] T b2671d47f6ac4321a3daf62b2de4d3c2 P 4d5cad21cdbe462d87174e9da291a046 [term 1 FOLLOWER]: Advancing to term 2
I0721 23:22:24.187155 11728 raft_consensus.cc:1970] T b2671d47f6ac4321a3daf62b2de4d3c2 P 4d5cad21cdbe462d87174e9da291a046 [term 2 FOLLOWER]: Snoozing failure detection for election timeout plus an additional 1.560s
I0721 23:22:24.187181 11728 raft_consensus.cc:386] T b2671d47f6ac4321a3daf62b2de4d3c2 P 4d5cad21cdbe462d87174e9da291a046 [term 2 FOLLOWER]: Starting election with config: opid_index: -1 peers { permanent_uuid: "d248c9dacad642be9a5fabec3add151e" member_type: VOTER last_known_addr { host: "127.42.220.1" port: 37489 } } peers { permanent_uuid: "2aeff3d0fc13436a9d6090b9a6aaa6aa" member_type: VOTER last_known_addr { host: "127.42.220.0" port: 48563 } } peers { permanent_uuid: "4d5cad21cdbe462d87174e9da291a046" member_type: VOTER last_known_addr { host: "127.42.220.2" port: 37062 } }
I0721 23:22:24.187929 11728 leader_election.cc:223] T b2671d47f6ac4321a3daf62b2de4d3c2 P 4d5cad21cdbe462d87174e9da291a046 [CANDIDATE]: Term 2 election: Requesting vote from peer d248c9dacad642be9a5fabec3add151e
I0721 23:22:24.187957 11728 leader_election.cc:223] T b2671d47f6ac4321a3daf62b2de4d3c2 P 4d5cad21cdbe462d87174e9da291a046 [CANDIDATE]: Term 2 election: Requesting vote from peer 2aeff3d0fc13436a9d6090b9a6aaa6aa
I0721 23:22:24.188050 12064 raft_consensus.cc:2019] T b2671d47f6ac4321a3daf62b2de4d3c2 P 2aeff3d0fc13436a9d6090b9a6aaa6aa [term 1 FOLLOWER]: Advancing to term 2
I0721 23:22:24.188060 11555 raft_consensus.cc:2019] T b2671d47f6ac4321a3daf62b2de4d3c2 P d248c9dacad642be9a5fabec3add151e [term 1 FOLLOWER]: Advancing to term 2
I0721 23:22:24.188338 12064 raft_consensus.cc:1970] T b2671d47f6ac4321a3daf62b2de4d3c2 P 2aeff3d0fc13436a9d6090b9a6aaa6aa [term 2 FOLLOWER]: Snoozing failure detection for election timeout plus an additional 1.631s
I0721 23:22:24.188340 11555 raft_consensus.cc:1970] T b2671d47f6ac4321a3daf62b2de4d3c2 P d248c9dacad642be9a5fabec3add151e [term 2 FOLLOWER]: Snoozing failure detection for election timeout plus an additional 1.594s
I0721 23:22:24.188908 12064 raft_consensus.cc:1677] T b2671d47f6ac4321a3daf62b2de4d3c2 P 2aeff3d0fc13436a9d6090b9a6aaa6aa [term 2 FOLLOWER]: Leader election vote request: Granting yes vote for candidate 4d5cad21cdbe462d87174e9da291a046 in term 2.
I0721 23:22:24.188933 11555 raft_consensus.cc:1677] T b2671d47f6ac4321a3daf62b2de4d3c2 P d248c9dacad642be9a5fabec3add151e [term 2 FOLLOWER]: Leader election vote request: Granting yes vote for candidate 4d5cad21cdbe462d87174e9da291a046 in term 2.
I0721 23:22:24.188979 11268 leader_election.cc:347] T b2671d47f6ac4321a3daf62b2de4d3c2 P 4d5cad21cdbe462d87174e9da291a046 [CANDIDATE]: Term 2 election: Vote granted by peer 2aeff3d0fc13436a9d6090b9a6aaa6aa
I0721 23:22:24.188999 11268 leader_election.cc:248] T b2671d47f6ac4321a3daf62b2de4d3c2 P 4d5cad21cdbe462d87174e9da291a046 [CANDIDATE]: Term 2 election: Election decided. Result: candidate won.
I0721 23:22:24.189103 11270 leader_election.cc:347] T b2671d47f6ac4321a3daf62b2de4d3c2 P 4d5cad21cdbe462d87174e9da291a046 [CANDIDATE]: Term 2 election: Vote granted by peer d248c9dacad642be9a5fabec3add151e
I0721 23:22:24.189105 12316 raft_consensus.cc:1970] T b2671d47f6ac4321a3daf62b2de4d3c2 P 4d5cad21cdbe462d87174e9da291a046 [term 2 FOLLOWER]: Snoozing failure detection for election timeout plus an additional 1.611s
I0721 23:22:24.189144 12316 raft_consensus.cc:1859] T b2671d47f6ac4321a3daf62b2de4d3c2 P 4d5cad21cdbe462d87174e9da291a046 [term 2 FOLLOWER]: Leader election won for term 2
I0721 23:22:24.189292 12316 raft_consensus.cc:464] T b2671d47f6ac4321a3daf62b2de4d3c2 P 4d5cad21cdbe462d87174e9da291a046 [term 2 LEADER]: Becoming Leader. State: Replica: 4d5cad21cdbe462d87174e9da291a046, State: 1, Role: LEADER Watermarks: {Received: term: 1 index: 18 Committed: term: 1 index: 18}
I0721 23:22:24.189359 12316 consensus_queue.cc:145] T b2671d47f6ac4321a3daf62b2de4d3c2 P 4d5cad21cdbe462d87174e9da291a046 [LEADER]: Queue going to LEADER mode. State: All replicated op: 1.18, Majority replicated op: 1.18, Committed index: 1.18, Last appended: 1.18, Current term: 2, Majority size: 2, State: 1, Mode: LEADER, active raft config: opid_index: -1 peers { permanent_uuid: "d248c9dacad642be9a5fabec3add151e" member_type: VOTER last_known_addr { host: "127.42.220.1" port: 37489 } } peers { permanent_uuid: "2aeff3d0fc13436a9d6090b9a6aaa6aa" member_type: VOTER last_known_addr { host: "127.42.220.0" port: 48563 } } peers { permanent_uuid: "4d5cad21cdbe462d87174e9da291a046" member_type: VOTER last_known_addr { host: "127.42.220.2" port: 37062 } }
I0721 23:22:24.189878 10995 catalog_manager.cc:1957] Tablet: b2671d47f6ac4321a3daf62b2de4d3c2 reported consensus state change. New consensus state: current_term: 2 leader_uuid: "4d5cad21cdbe462d87174e9da291a046" config { opid_index: -1 peers { permanent_uuid: "d248c9dacad642be9a5fabec3add151e" member_type: VOTER last_known_addr { host: "127.42.220.1" port: 37489 } } peers { permanent_uuid: "2aeff3d0fc13436a9d6090b9a6aaa6aa" member_type: VOTER last_known_addr { host: "127.42.220.0" port: 48563 } } peers { permanent_uuid: "4d5cad21cdbe462d87174e9da291a046" member_type: VOTER last_known_addr { host: "127.42.220.2" port: 37062 } } }
I0721 23:22:24.212128 11555 raft_consensus.cc:869] T b2671d47f6ac4321a3daf62b2de4d3c2 P d248c9dacad642be9a5fabec3add151e [term 2 FOLLOWER]: Refusing update from remote peer 4d5cad21cdbe462d87174e9da291a046: Log matching property violated. Preceding OpId in replica: term: 1 index: 18. Preceding OpId from leader: term: 2 index: 20. (index mismatch)
I0721 23:22:24.212129 12064 raft_consensus.cc:869] T b2671d47f6ac4321a3daf62b2de4d3c2 P 2aeff3d0fc13436a9d6090b9a6aaa6aa [term 2 FOLLOWER]: Refusing update from remote peer 4d5cad21cdbe462d87174e9da291a046: Log matching property violated. Preceding OpId in replica: term: 1 index: 18. Preceding OpId from leader: term: 2 index: 20. (index mismatch)
I0721 23:22:24.212214 12316 consensus_queue.cc:578] T b2671d47f6ac4321a3daf62b2de4d3c2 P 4d5cad21cdbe462d87174e9da291a046 [LEADER]: Connected to new peer: Peer: d248c9dacad642be9a5fabec3add151e, Is new: false, Last received: 1.18, Next index: 19, Last known committed idx: 18, Last exchange result: ERROR, Needs remote bootstrap: false
I0721 23:22:24.212252 12317 consensus_queue.cc:578] T b2671d47f6ac4321a3daf62b2de4d3c2 P 4d5cad21cdbe462d87174e9da291a046 [LEADER]: Connected to new peer: Peer: 2aeff3d0fc13436a9d6090b9a6aaa6aa, Is new: false, Last received: 1.18, Next index: 19, Last known committed idx: 18, Last exchange result: ERROR, Needs remote bootstrap: false
I0721 23:22:24.212710 12320 raft_consensus_state.cc:534] T b2671d47f6ac4321a3daf62b2de4d3c2 P 4d5cad21cdbe462d87174e9da291a046 [term 2 LEADER]: Advanced the committed_index across terms. Last committed operation was: term: 1 index: 18 New committed index is: term: 2 index: 20
I0721 23:22:24.215651 11555 raft_consensus.cc:869] T a9b0f2a221544cd19161aa7461f19068 P d248c9dacad642be9a5fabec3add151e [term 2 FOLLOWER]: Refusing update from remote peer 4d5cad21cdbe462d87174e9da291a046: Log matching property violated. Preceding OpId in replica: term: 1 index: 17. Preceding OpId from leader: term: 2 index: 19. (index mismatch)
I0721 23:22:24.215665 12064 raft_consensus.cc:869] T a9b0f2a221544cd19161aa7461f19068 P 2aeff3d0fc13436a9d6090b9a6aaa6aa [term 2 FOLLOWER]: Refusing update from remote peer 4d5cad21cdbe462d87174e9da291a046: Log matching property violated. Preceding OpId in replica: term: 1 index: 17. Preceding OpId from leader: term: 2 index: 19. (index mismatch)
I0721 23:22:24.215734 12311 consensus_queue.cc:578] T a9b0f2a221544cd19161aa7461f19068 P 4d5cad21cdbe462d87174e9da291a046 [LEADER]: Connected to new peer: Peer: d248c9dacad642be9a5fabec3add151e, Is new: false, Last received: 1.17, Next index: 18, Last known committed idx: 17, Last exchange result: ERROR, Needs remote bootstrap: false
I0721 23:22:24.215757 12312 consensus_queue.cc:578] T a9b0f2a221544cd19161aa7461f19068 P 4d5cad21cdbe462d87174e9da291a046 [LEADER]: Connected to new peer: Peer: 2aeff3d0fc13436a9d6090b9a6aaa6aa, Is new: false, Last received: 1.17, Next index: 18, Last known committed idx: 17, Last exchange result: ERROR, Needs remote bootstrap: false
I0721 23:22:24.216198 12315 raft_consensus_state.cc:534] T a9b0f2a221544cd19161aa7461f19068 P 4d5cad21cdbe462d87174e9da291a046 [term 2 LEADER]: Advanced the committed_index across terms. Last committed operation was: term: 1 index: 17 New committed index is: term: 2 index: 19
I0721 23:22:24.218425 11555 raft_consensus.cc:869] T 67b0e5f3081d4c34be5dac68a0b10025 P d248c9dacad642be9a5fabec3add151e [term 3 FOLLOWER]: Refusing update from remote peer 4d5cad21cdbe462d87174e9da291a046: Log matching property violated. Preceding OpId in replica: term: 2 index: 28. Preceding OpId from leader: term: 3 index: 30. (index mismatch)
I0721 23:22:24.218433 12064 raft_consensus.cc:869] T 67b0e5f3081d4c34be5dac68a0b10025 P 2aeff3d0fc13436a9d6090b9a6aaa6aa [term 3 FOLLOWER]: Refusing update from remote peer 4d5cad21cdbe462d87174e9da291a046: Log matching property violated. Preceding OpId in replica: term: 2 index: 28. Preceding OpId from leader: term: 3 index: 30. (index mismatch)
I0721 23:22:24.218493 12284 consensus_queue.cc:578] T 67b0e5f3081d4c34be5dac68a0b10025 P 4d5cad21cdbe462d87174e9da291a046 [LEADER]: Connected to new peer: Peer: d248c9dacad642be9a5fabec3add151e, Is new: false, Last received: 2.28, Next index: 29, Last known committed idx: 28, Last exchange result: ERROR, Needs remote bootstrap: false
I0721 23:22:24.218535 12283 consensus_queue.cc:578] T 67b0e5f3081d4c34be5dac68a0b10025 P 4d5cad21cdbe462d87174e9da291a046 [LEADER]: Connected to new peer: Peer: 2aeff3d0fc13436a9d6090b9a6aaa6aa, Is new: false, Last received: 2.28, Next index: 29, Last known committed idx: 28, Last exchange result: ERROR, Needs remote bootstrap: false
I0721 23:22:24.218979 12287 raft_consensus_state.cc:534] T 67b0e5f3081d4c34be5dac68a0b10025 P 4d5cad21cdbe462d87174e9da291a046 [term 3 LEADER]: Advanced the committed_index across terms. Last committed operation was: term: 2 index: 28 New committed index is: term: 3 index: 30
I0721 23:22:24.249050 11331 raft_consensus.cc:869] T 1d2b22ac3e8c47c5974bea835eebce29 P 4d5cad21cdbe462d87174e9da291a046 [term 2 FOLLOWER]: Refusing update from remote peer d248c9dacad642be9a5fabec3add151e: Log matching property violated. Preceding OpId in replica: term: 1 index: 24. Preceding OpId from leader: term: 2 index: 26. (index mismatch)
I0721 23:22:24.249056 12064 raft_consensus.cc:869] T 1d2b22ac3e8c47c5974bea835eebce29 P 2aeff3d0fc13436a9d6090b9a6aaa6aa [term 2 FOLLOWER]: Refusing update from remote peer d248c9dacad642be9a5fabec3add151e: Log matching property violated. Preceding OpId in replica: term: 1 index: 24. Preceding OpId from leader: term: 2 index: 26. (index mismatch)
I0721 23:22:24.249161 12306 consensus_queue.cc:578] T 1d2b22ac3e8c47c5974bea835eebce29 P d248c9dacad642be9a5fabec3add151e [LEADER]: Connected to new peer: Peer: 2aeff3d0fc13436a9d6090b9a6aaa6aa, Is new: false, Last received: 1.24, Next index: 25, Last known committed idx: 24, Last exchange result: ERROR, Needs remote bootstrap: false
I0721 23:22:24.249179 12307 consensus_queue.cc:578] T 1d2b22ac3e8c47c5974bea835eebce29 P d248c9dacad642be9a5fabec3add151e [LEADER]: Connected to new peer: Peer: 4d5cad21cdbe462d87174e9da291a046, Is new: false, Last received: 1.24, Next index: 25, Last known committed idx: 24, Last exchange result: ERROR, Needs remote bootstrap: false
I0721 23:22:24.249632 12310 raft_consensus_state.cc:534] T 1d2b22ac3e8c47c5974bea835eebce29 P d248c9dacad642be9a5fabec3add151e [term 2 LEADER]: Advanced the committed_index across terms. Last committed operation was: term: 1 index: 24 New committed index is: term: 2 index: 26
I0721 23:22:24.256227 10972 alter_table-randomized-test.cc:385] Beginning Alterations
I0721 23:22:24.256346 10972 alter_table-randomized-test.cc:434] Dropping column c137, existing columns: key, c137
I0721 23:22:24.256362 10972 alter_table-randomized-test.cc:413] Adding column c831, existing columns: key
I0721 23:22:24.256372 10972 alter_table-randomized-test.cc:466] Dropping range partition: [939524082, 1006632945) resulting partitions: (67108863, 134217726], (335544315, 402653178], (536870904, 603979767], (603979767, 671088630], (805306356, 872415219], (872415219, 939524082], (1073741808, 1140850671], (1140850671, 1207959534], (1207959534, 1275068397], (1543503849, 1610612712], (1610612712, 1677721575], (1811939301, 1879048164], (1879048164, 1946157027], (2013265890, 2080374753], (2080374753, 2147483616)
I0721 23:22:24.256382 10972 alter_table-randomized-test.cc:466] Dropping range partition: [1879048164, 1946157027) resulting partitions: (67108863, 134217726], (335544315, 402653178], (536870904, 603979767], (603979767, 671088630], (805306356, 872415219], (872415219, 939524082], (1073741808, 1140850671], (1140850671, 1207959534], (1207959534, 1275068397], (1543503849, 1610612712], (1610612712, 1677721575], (1811939301, 1879048164], (2013265890, 2080374753], (2080374753, 2147483616)
I0721 23:22:24.256386 10972 alter_table-randomized-test.cc:407] Committing Alterations
I0721 23:22:24.256511 10994 catalog_manager.cc:1359] Servicing AlterTable request from {real_user=slave, eff_user=} at 127.0.0.1:52512: table { table_name: "test-table" } alter_schema_steps { type: DROP_COLUMN drop_column { name: "c137" } } alter_schema_steps { type: ADD_COLUMN add_column { schema { name: "c831" type: INT32 is_nullable: false read_default_value: "\365WiJ" write_default_value: "\365WiJ" encoding: AUTO_ENCODING compression: DEFAULT_COMPRESSION cfile_block_size: 0 } } } alter_schema_steps { type: DROP_RANGE_PARTITION drop_range_partition { range_bounds { rows: "\006\001\000\362\377\3777\007\001\000\361\377\377;" } } } alter_schema_steps { type: DROP_RANGE_PARTITION drop_range_partition { range_bounds { rows: "\006\001\000\344\377\377o\007\001\000\343\377\377s" } } } schema { columns { name: "key" type: INT32 is_key: true is_nullable: false encoding: AUTO_ENCODING compression: DEFAULT_COMPRESSION cfile_block_size: 0 } columns { name: "c137" type: INT32 is_key: false is_nullable: true encoding: AUTO_ENCODING compression: DEFAULT_COMPRESSION cfile_block_size: 0 } }
I0721 23:22:24.256850 10994 catalog_manager.cc:2796] Sending DeleteTablet for 3 replicas of tablet 68eb87c25a5f404cbf5df0acb9b77106
I0721 23:22:24.256862 10994 catalog_manager.cc:2812] T 00000000000000000000000000000000 P ed427968d4be45578319d4ea8dca073a: Deleting tablet 68eb87c25a5f404cbf5df0acb9b77106 on peer 2aeff3d0fc13436a9d6090b9a6aaa6aa with delete type TABLET_DATA_DELETED (Partition dropped at 2016-07-21 23:22:24 UTC)
I0721 23:22:24.256870 10994 catalog_manager.cc:2812] T 00000000000000000000000000000000 P ed427968d4be45578319d4ea8dca073a: Deleting tablet 68eb87c25a5f404cbf5df0acb9b77106 on peer d248c9dacad642be9a5fabec3add151e with delete type TABLET_DATA_DELETED (Partition dropped at 2016-07-21 23:22:24 UTC)
I0721 23:22:24.256875 10994 catalog_manager.cc:2812] T 00000000000000000000000000000000 P ed427968d4be45578319d4ea8dca073a: Deleting tablet 68eb87c25a5f404cbf5df0acb9b77106 on peer 4d5cad21cdbe462d87174e9da291a046 with delete type TABLET_DATA_DELETED (Partition dropped at 2016-07-21 23:22:24 UTC)
I0721 23:22:24.256883 10994 catalog_manager.cc:2796] Sending DeleteTablet for 3 replicas of tablet 1d2b22ac3e8c47c5974bea835eebce29
I0721 23:22:24.256886 10994 catalog_manager.cc:2812] T 00000000000000000000000000000000 P ed427968d4be45578319d4ea8dca073a: Deleting tablet 1d2b22ac3e8c47c5974bea835eebce29 on peer 2aeff3d0fc13436a9d6090b9a6aaa6aa with delete type TABLET_DATA_DELETED (Partition dropped at 2016-07-21 23:22:24 UTC)
I0721 23:22:24.256893 10994 catalog_manager.cc:2812] T 00000000000000000000000000000000 P ed427968d4be45578319d4ea8dca073a: Deleting tablet 1d2b22ac3e8c47c5974bea835eebce29 on peer d248c9dacad642be9a5fabec3add151e with delete type TABLET_DATA_DELETED (Partition dropped at 2016-07-21 23:22:24 UTC)
I0721 23:22:24.256899 10994 catalog_manager.cc:2812] T 00000000000000000000000000000000 P ed427968d4be45578319d4ea8dca073a: Deleting tablet 1d2b22ac3e8c47c5974bea835eebce29 on peer 4d5cad21cdbe462d87174e9da291a046 with delete type TABLET_DATA_DELETED (Partition dropped at 2016-07-21 23:22:24 UTC)
I0721 23:22:24.257004 12040 tablet_service.cc:651] Processing DeleteTablet for tablet 68eb87c25a5f404cbf5df0acb9b77106 with delete_type TABLET_DATA_DELETED (Partition dropped at 2016-07-21 23:22:24 UTC) from {real_user=slave, eff_user=} at 127.0.0.1:50555
I0721 23:22:24.257014 12040 tablet_peer.cc:214] Initiating TabletPeer shutdown for tablet: 68eb87c25a5f404cbf5df0acb9b77106
I0721 23:22:24.257021 12040 maintenance_manager.cc:176] Unregistered op CompactRowSetsOp(68eb87c25a5f404cbf5df0acb9b77106)
I0721 23:22:24.257026 12040 maintenance_manager.cc:176] Unregistered op MinorDeltaCompactionOp(68eb87c25a5f404cbf5df0acb9b77106)
I0721 23:22:24.257030 12040 maintenance_manager.cc:176] Unregistered op MajorDeltaCompactionOp(68eb87c25a5f404cbf5df0acb9b77106)
I0721 23:22:24.257036 12040 maintenance_manager.cc:176] Unregistered op FlushMRSOp(68eb87c25a5f404cbf5df0acb9b77106)
I0721 23:22:24.257040 12040 maintenance_manager.cc:176] Unregistered op FlushDeltaMemStoresOp(68eb87c25a5f404cbf5df0acb9b77106)
I0721 23:22:24.257043 12040 maintenance_manager.cc:176] Unregistered op LogGCOp(68eb87c25a5f404cbf5df0acb9b77106)
I0721 23:22:24.257050 12040 raft_consensus.cc:1495] T 68eb87c25a5f404cbf5df0acb9b77106 P 2aeff3d0fc13436a9d6090b9a6aaa6aa [term 1 FOLLOWER]: Raft consensus shutting down.
I0721 23:22:24.257055 12040 raft_consensus.cc:1511] T 68eb87c25a5f404cbf5df0acb9b77106 P 2aeff3d0fc13436a9d6090b9a6aaa6aa [term 1 FOLLOWER]: Raft consensus is shut down!
I0721 23:22:24.257504 12172 tablet.cc:824] T 8be26ea17cb04d4882ac6cc20f435a0e Alter schema from Schema [ 0:key[int32 NOT NULL], 5:c137[int32 NULLABLE] ] version 5 to Schema [ 0:key[int32 NOT NULL], 6:c831[int32 NOT NULL] ] version 6
I0721 23:22:24.257531 12172 tablet.cc:772] T 8be26ea17cb04d4882ac6cc20f435a0e Flush: entering stage 1 (old memrowset already frozen for inserts)
I0721 23:22:24.257534 12172 compaction.cc:588] Selected 1 rowsets to compact:
I0721 23:22:24.257536 12172 compaction.cc:591] memrowset(current size on disk: ~0 bytes)
I0721 23:22:24.257539 12172 tablet.cc:774] T 8be26ea17cb04d4882ac6cc20f435a0e Memstore in-memory size: 763 bytes
I0721 23:22:24.257542 12172 tablet.cc:1238] T 8be26ea17cb04d4882ac6cc20f435a0e Flush: entering phase 1 (flushing snapshot). Phase 1 snapshot: MvccSnapshot[committed={T|T < 6017611138076626944}]
I0721 23:22:24.257607 11531 tablet_service.cc:651] Processing DeleteTablet for tablet 1d2b22ac3e8c47c5974bea835eebce29 with delete_type TABLET_DATA_DELETED (Partition dropped at 2016-07-21 23:22:24 UTC) from {real_user=slave, eff_user=} at 127.0.0.1:53314
I0721 23:22:24.257617 11531 tablet_peer.cc:214] Initiating TabletPeer shutdown for tablet: 1d2b22ac3e8c47c5974bea835eebce29
I0721 23:22:24.257623 11531 maintenance_manager.cc:176] Unregistered op CompactRowSetsOp(1d2b22ac3e8c47c5974bea835eebce29)
I0721 23:22:24.257627 11531 maintenance_manager.cc:176] Unregistered op MinorDeltaCompactionOp(1d2b22ac3e8c47c5974bea835eebce29)
I0721 23:22:24.257632 11531 maintenance_manager.cc:176] Unregistered op MajorDeltaCompactionOp(1d2b22ac3e8c47c5974bea835eebce29)
I0721 23:22:24.257637 11531 maintenance_manager.cc:176] Unregistered op FlushMRSOp(1d2b22ac3e8c47c5974bea835eebce29)
I0721 23:22:24.257640 11531 maintenance_manager.cc:176] Unregistered op FlushDeltaMemStoresOp(1d2b22ac3e8c47c5974bea835eebce29)
I0721 23:22:24.257644 11531 maintenance_manager.cc:176] Unregistered op LogGCOp(1d2b22ac3e8c47c5974bea835eebce29)
I0721 23:22:24.257648 11531 raft_consensus.cc:1495] T 1d2b22ac3e8c47c5974bea835eebce29 P d248c9dacad642be9a5fabec3add151e [term 2 LEADER]: Raft consensus shutting down.
I0721 23:22:24.257717 12170 tablet.cc:824] T 8be26ea17cb04d4882ac6cc20f435a0e Alter schema from Schema [ 0:key[int32 NOT NULL], 5:c137[int32 NULLABLE] ] version 5 to Schema [ 0:key[int32 NOT NULL], 6:c831[int32 NOT NULL] ] version 6
I0721 23:22:24.257721 12172 multi_column_writer.cc:85] Opened CFile writer for column key[int32 NOT NULL]
I0721 23:22:24.257740 12170 tablet.cc:772] T 8be26ea17cb04d4882ac6cc20f435a0e Flush: entering stage 1 (old memrowset already frozen for inserts)
I0721 23:22:24.257743 12170 compaction.cc:588] Selected 1 rowsets to compact:
I0721 23:22:24.257745 12172 multi_column_writer.cc:85] Opened CFile writer for column c831[int32 NOT NULL]
I0721 23:22:24.257745 12170 compaction.cc:591] memrowset(current size on disk: ~0 bytes)
I0721 23:22:24.257748 12170 tablet.cc:774] T 8be26ea17cb04d4882ac6cc20f435a0e Memstore in-memory size: 763 bytes
I0721 23:22:24.257751 12170 tablet.cc:1238] T 8be26ea17cb04d4882ac6cc20f435a0e Flush: entering phase 1 (flushing snapshot). Phase 1 snapshot: MvccSnapshot[committed={T|T < 6017611138076626944}]
I0721 23:22:24.257805 11532 tablet_service.cc:651] Processing DeleteTablet for tablet 68eb87c25a5f404cbf5df0acb9b77106 with delete_type TABLET_DATA_DELETED (Partition dropped at 2016-07-21 23:22:24 UTC) from {real_user=slave, eff_user=} at 127.0.0.1:53314
I0721 23:22:24.257818 11532 tablet_peer.cc:214] Initiating TabletPeer shutdown for tablet: 68eb87c25a5f404cbf5df0acb9b77106
I0721 23:22:24.257823 11532 maintenance_manager.cc:176] Unregistered op CompactRowSetsOp(68eb87c25a5f404cbf5df0acb9b77106)
I0721 23:22:24.257827 11532 maintenance_manager.cc:176] Unregistered op MinorDeltaCompactionOp(68eb87c25a5f404cbf5df0acb9b77106)
I0721 23:22:24.257830 11532 maintenance_manager.cc:176] Unregistered op MajorDeltaCompactionOp(68eb87c25a5f404cbf5df0acb9b77106)
I0721 23:22:24.257834 11532 maintenance_manager.cc:176] Unregistered op FlushMRSOp(68eb87c25a5f404cbf5df0acb9b77106)
I0721 23:22:24.257838 11532 maintenance_manager.cc:176] Unregistered op FlushDeltaMemStoresOp(68eb87c25a5f404cbf5df0acb9b77106)
I0721 23:22:24.257840 11532 maintenance_manager.cc:176] Unregistered op LogGCOp(68eb87c25a5f404cbf5df0acb9b77106)
I0721 23:22:24.257844 11532 raft_consensus.cc:1495] T 68eb87c25a5f404cbf5df0acb9b77106 P d248c9dacad642be9a5fabec3add151e [term 1 FOLLOWER]: Raft consensus shutting down.
I0721 23:22:24.257848 11532 raft_consensus.cc:1511] T 68eb87c25a5f404cbf5df0acb9b77106 P d248c9dacad642be9a5fabec3add151e [term 1 FOLLOWER]: Raft consensus is shut down!
I0721 23:22:24.257894 11306 tablet_service.cc:651] Processing DeleteTablet for tablet 1d2b22ac3e8c47c5974bea835eebce29 with delete_type TABLET_DATA_DELETED (Partition dropped at 2016-07-21 23:22:24 UTC) from {real_user=slave, eff_user=} at 127.0.0.1:50147
I0721 23:22:24.257903 11306 tablet_peer.cc:214] Initiating TabletPeer shutdown for tablet: 1d2b22ac3e8c47c5974bea835eebce29
I0721 23:22:24.257910 11306 maintenance_manager.cc:176] Unregistered op CompactRowSetsOp(1d2b22ac3e8c47c5974bea835eebce29)
I0721 23:22:24.257915 11306 maintenance_manager.cc:176] Unregistered op MinorDeltaCompactionOp(1d2b22ac3e8c47c5974bea835eebce29)
I0721 23:22:24.257918 11306 maintenance_manager.cc:176] Unregistered op MajorDeltaCompactionOp(1d2b22ac3e8c47c5974bea835eebce29)
I0721 23:22:24.257923 11306 maintenance_manager.cc:176] Unregistered op FlushMRSOp(1d2b22ac3e8c47c5974bea835eebce29)
I0721 23:22:24.257926 11306 maintenance_manager.cc:176] Unregistered op FlushDeltaMemStoresOp(1d2b22ac3e8c47c5974bea835eebce29)
I0721 23:22:24.257930 11306 maintenance_manager.cc:176] Unregistered op LogGCOp(1d2b22ac3e8c47c5974bea835eebce29)
I0721 23:22:24.257933 11306 raft_consensus.cc:1495] T 1d2b22ac3e8c47c5974bea835eebce29 P 4d5cad21cdbe462d87174e9da291a046 [term 2 FOLLOWER]: Raft consensus shutting down.
I0721 23:22:24.257937 11306 raft_consensus.cc:1511] T 1d2b22ac3e8c47c5974bea835eebce29 P 4d5cad21cdbe462d87174e9da291a046 [term 2 FOLLOWER]: Raft consensus is shut down!
I0721 23:22:24.257951 11313 tablet_service.cc:651] Processing DeleteTablet for tablet 68eb87c25a5f404cbf5df0acb9b77106 with delete_type TABLET_DATA_DELETED (Partition dropped at 2016-07-21 23:22:24 UTC) from {real_user=slave, eff_user=} at 127.0.0.1:50147
I0721 23:22:24.257949 12038 tablet_service.cc:651] Processing DeleteTablet for tablet 1d2b22ac3e8c47c5974bea835eebce29 with delete_type TABLET_DATA_DELETED (Partition dropped at 2016-07-21 23:22:24 UTC) from {real_user=slave, eff_user=} at 127.0.0.1:50555
I0721 23:22:24.257954 11313 tablet_peer.cc:214] Initiating TabletPeer shutdown for tablet: 68eb87c25a5f404cbf5df0acb9b77106
I0721 23:22:24.257958 11313 maintenance_manager.cc:176] Unregistered op CompactRowSetsOp(68eb87c25a5f404cbf5df0acb9b77106)
I0721 23:22:24.257958 12038 tablet_peer.cc:214] Initiating TabletPeer shutdown for tablet: 1d2b22ac3e8c47c5974bea835eebce29
I0721 23:22:24.257963 11313 maintenance_manager.cc:176] Unregistered op MinorDeltaCompactionOp(68eb87c25a5f404cbf5df0acb9b77106)
I0721 23:22:24.257963 12038 maintenance_manager.cc:176] Unregistered op CompactRowSetsOp(1d2b22ac3e8c47c5974bea835eebce29)
I0721 23:22:24.257966 11313 maintenance_manager.cc:176] Unregistered op MajorDeltaCompactionOp(68eb87c25a5f404cbf5df0acb9b77106)
I0721 23:22:24.257967 12038 maintenance_manager.cc:176] Unregistered op MinorDeltaCompactionOp(1d2b22ac3e8c47c5974bea835eebce29)
I0721 23:22:24.257972 11313 maintenance_manager.cc:176] Unregistered op FlushMRSOp(68eb87c25a5f404cbf5df0acb9b77106)
I0721 23:22:24.257972 12038 maintenance_manager.cc:176] Unregistered op MajorDeltaCompactionOp(1d2b22ac3e8c47c5974bea835eebce29)
I0721 23:22:24.257974 11313 maintenance_manager.cc:176] Unregistered op FlushDeltaMemStoresOp(68eb87c25a5f404cbf5df0acb9b77106)
I0721 23:22:24.257975 12038 maintenance_manager.cc:176] Unregistered op FlushMRSOp(1d2b22ac3e8c47c5974bea835eebce29)
I0721 23:22:24.257977 11313 maintenance_manager.cc:176] Unregistered op LogGCOp(68eb87c25a5f404cbf5df0acb9b77106)
I0721 23:22:24.257979 12038 maintenance_manager.cc:176] Unregistered op FlushDeltaMemStoresOp(1d2b22ac3e8c47c5974bea835eebce29)
I0721 23:22:24.257980 11313 raft_consensus.cc:1495] T 68eb87c25a5f404cbf5df0acb9b77106 P 4d5cad21cdbe462d87174e9da291a046 [term 1 LEADER]: Raft consensus shutting down.
I0721 23:22:24.257982 12038 maintenance_manager.cc:176] Unregistered op LogGCOp(1d2b22ac3e8c47c5974bea835eebce29)
I0721 23:22:24.257987 12038 raft_consensus.cc:1495] T 1d2b22ac3e8c47c5974bea835eebce29 P 2aeff3d0fc13436a9d6090b9a6aaa6aa [term 2 FOLLOWER]: Raft consensus shutting down.
I0721 23:22:24.257990 12038 raft_consensus.cc:1511] T 1d2b22ac3e8c47c5974bea835eebce29 P 2aeff3d0fc13436a9d6090b9a6aaa6aa [term 2 FOLLOWER]: Raft consensus is shut down!
I0721 23:22:24.258007 11313 consensus_peers.cc:358] T 68eb87c25a5f404cbf5df0acb9b77106 P 4d5cad21cdbe462d87174e9da291a046 -> Peer d248c9dacad642be9a5fabec3add151e (127.42.220.1:37489): Closing peer: d248c9dacad642be9a5fabec3add151e
I0721 23:22:24.258013 12172 tablet.cc:1318] T 8be26ea17cb04d4882ac6cc20f435a0e Flush: entering phase 2 (starting to duplicate updates in new rowsets)
I0721 23:22:24.258028 11313 consensus_peers.cc:358] T 68eb87c25a5f404cbf5df0acb9b77106 P 4d5cad21cdbe462d87174e9da291a046 -> Peer 2aeff3d0fc13436a9d6090b9a6aaa6aa (127.42.220.0:48563): Closing peer: 2aeff3d0fc13436a9d6090b9a6aaa6aa
I0721 23:22:24.258029 12172 tablet.cc:1373] T 8be26ea17cb04d4882ac6cc20f435a0e Flush Phase 2: carrying over any updates which arrived during Phase 1
I0721 23:22:24.258033 12172 tablet.cc:1375] T 8be26ea17cb04d4882ac6cc20f435a0e Phase 2 snapshot: MvccSnapshot[committed={T|T < 6017611138076626944}]
I0721 23:22:24.258066 11531 consensus_peers.cc:358] T 1d2b22ac3e8c47c5974bea835eebce29 P d248c9dacad642be9a5fabec3add151e -> Peer 4d5cad21cdbe462d87174e9da291a046 (127.42.220.2:37062): Closing peer: 4d5cad21cdbe462d87174e9da291a046
I0721 23:22:24.258096 11313 raft_consensus.cc:1511] T 68eb87c25a5f404cbf5df0acb9b77106 P 4d5cad21cdbe462d87174e9da291a046 [term 1 LEADER]: Raft consensus is shut down!
I0721 23:22:24.258110 11531 consensus_peers.cc:358] T 1d2b22ac3e8c47c5974bea835eebce29 P d248c9dacad642be9a5fabec3add151e -> Peer 2aeff3d0fc13436a9d6090b9a6aaa6aa (127.42.220.0:48563): Closing peer: 2aeff3d0fc13436a9d6090b9a6aaa6aa
I0721 23:22:24.258144 11531 raft_consensus.cc:1511] T 1d2b22ac3e8c47c5974bea835eebce29 P d248c9dacad642be9a5fabec3add151e [term 2 LEADER]: Raft consensus is shut down!
I0721 23:22:24.258287 12038 ts_tablet_manager.cc:960] T 1d2b22ac3e8c47c5974bea835eebce29 P 2aeff3d0fc13436a9d6090b9a6aaa6aa: Deleting tablet data with delete state TABLET_DATA_DELETED
I0721 23:22:24.258479 12172 tablet.cc:1416] T 8be26ea17cb04d4882ac6cc20f435a0e Flush successful on 2 rows (4253 bytes)
I0721 23:22:24.258545 11531 ts_tablet_manager.cc:960] T 1d2b22ac3e8c47c5974bea835eebce29 P d248c9dacad642be9a5fabec3add151e: Deleting tablet data with delete state TABLET_DATA_DELETED
I0721 23:22:24.258870 12040 ts_tablet_manager.cc:960] T 68eb87c25a5f404cbf5df0acb9b77106 P 2aeff3d0fc13436a9d6090b9a6aaa6aa: Deleting tablet data with delete state TABLET_DATA_DELETED
I0721 23:22:24.259251 11532 ts_tablet_manager.cc:960] T 68eb87c25a5f404cbf5df0acb9b77106 P d248c9dacad642be9a5fabec3add151e: Deleting tablet data with delete state TABLET_DATA_DELETED
I0721 23:22:24.259369 11313 ts_tablet_manager.cc:960] T 68eb87c25a5f404cbf5df0acb9b77106 P 4d5cad21cdbe462d87174e9da291a046: Deleting tablet data with delete state TABLET_DATA_DELETED
I0721 23:22:24.259851 12171 tablet.cc:824] T d0cce9fea65345d899d95b40bf02db82 Alter schema from Schema [ 0:key[int32 NOT NULL], 5:c137[int32 NULLABLE] ] version 5 to Schema [ 0:key[int32 NOT NULL], 6:c831[int32 NOT NULL] ] version 6
I0721 23:22:24.259878 12171 tablet.cc:763] MemRowSet was empty: no flush needed.
I0721 23:22:24.260471 11313 ts_tablet_manager.cc:970] T 68eb87c25a5f404cbf5df0acb9b77106 P 4d5cad21cdbe462d87174e9da291a046: Tablet deleted. Last logged OpId: 1.13
I0721 23:22:24.261360 11531 ts_tablet_manager.cc:970] T 1d2b22ac3e8c47c5974bea835eebce29 P d248c9dacad642be9a5fabec3add151e: Tablet deleted. Last logged OpId: 2.26
I0721 23:22:24.262087 11313 tablet_bootstrap.cc:400] T 68eb87c25a5f404cbf5df0acb9b77106 P 4d5cad21cdbe462d87174e9da291a046: Deleted tablet blocks from disk
I0721 23:22:24.262199 10983 catalog_manager.cc:2499] TS 4d5cad21cdbe462d87174e9da291a046: tablet 68eb87c25a5f404cbf5df0acb9b77106 (table test-table [id=41787a805a7a407ca4ef642fee224d02]) successfully deleted
I0721 23:22:24.262209 11531 tablet_bootstrap.cc:400] T 1d2b22ac3e8c47c5974bea835eebce29 P d248c9dacad642be9a5fabec3add151e: Deleted tablet blocks from disk
I0721 23:22:24.262279 10984 catalog_manager.cc:2499] TS d248c9dacad642be9a5fabec3add151e: tablet 1d2b22ac3e8c47c5974bea835eebce29 (table test-table [id=41787a805a7a407ca4ef642fee224d02]) successfully deleted
I0721 23:22:24.262653 11532 ts_tablet_manager.cc:970] T 68eb87c25a5f404cbf5df0acb9b77106 P d248c9dacad642be9a5fabec3add151e: Tablet deleted. Last logged OpId: 1.13
I0721 23:22:24.262984 12359 tablet.cc:824] T 73806c9e0da348e5854f7d76bf67ad0f Alter schema from Schema [ 0:key[int32 NOT NULL], 5:c137[int32 NULLABLE] ] version 5 to Schema [ 0:key[int32 NOT NULL], 6:c831[int32 NOT NULL] ] version 6
I0721 23:22:24.263044 12359 tablet.cc:772] T 73806c9e0da348e5854f7d76bf67ad0f Flush: entering stage 1 (old memrowset already frozen for inserts)
I0721 23:22:24.263053 12359 compaction.cc:588] Selected 1 rowsets to compact:
I0721 23:22:24.263056 12359 compaction.cc:591] memrowset(current size on disk: ~0 bytes)
I0721 23:22:24.263057 12359 tablet.cc:774] T 73806c9e0da348e5854f7d76bf67ad0f Memstore in-memory size: 763 bytes
I0721 23:22:24.263062 12359 tablet.cc:1238] T 73806c9e0da348e5854f7d76bf67ad0f Flush: entering phase 1 (flushing snapshot). Phase 1 snapshot: MvccSnapshot[committed={T|T < 6017611138078007296}]
I0721 23:22:24.263469 11306 ts_tablet_manager.cc:960] T 1d2b22ac3e8c47c5974bea835eebce29 P 4d5cad21cdbe462d87174e9da291a046: Deleting tablet data with delete state TABLET_DATA_DELETED
I0721 23:22:24.264075 11532 tablet_bootstrap.cc:400] T 68eb87c25a5f404cbf5df0acb9b77106 P d248c9dacad642be9a5fabec3add151e: Deleted tablet blocks from disk
I0721 23:22:24.264152 10984 catalog_manager.cc:2499] TS d248c9dacad642be9a5fabec3add151e: tablet 68eb87c25a5f404cbf5df0acb9b77106 (table test-table [id=41787a805a7a407ca4ef642fee224d02]) successfully deleted
I0721 23:22:24.264451 12359 multi_column_writer.cc:85] Opened CFile writer for column key[int32 NOT NULL]
I0721 23:22:24.264493 12359 multi_column_writer.cc:85] Opened CFile writer for column c831[int32 NOT NULL]
I0721 23:22:24.264585 11306 ts_tablet_manager.cc:970] T 1d2b22ac3e8c47c5974bea835eebce29 P 4d5cad21cdbe462d87174e9da291a046: Tablet deleted. Last logged OpId: 2.26
I0721 23:22:24.264586 12171 tablet.cc:824] T 4d01ea135b3e48929ff3ed0d140be9ab Alter schema from Schema [ 0:key[int32 NOT NULL], 5:c137[int32 NULLABLE] ] version 5 to Schema [ 0:key[int32 NOT NULL], 6:c831[int32 NOT NULL] ] version 6
I0721 23:22:24.264621 12171 tablet.cc:772] T 4d01ea135b3e48929ff3ed0d140be9ab Flush: entering stage 1 (old memrowset already frozen for inserts)
I0721 23:22:24.264626 12171 compaction.cc:588] Selected 1 rowsets to compact:
I0721 23:22:24.264627 12171 compaction.cc:591] memrowset(current size on disk: ~0 bytes)
I0721 23:22:24.264631 12171 tablet.cc:774] T 4d01ea135b3e48929ff3ed0d140be9ab Memstore in-memory size: 763 bytes
I0721 23:22:24.264633 12171 tablet.cc:1238] T 4d01ea135b3e48929ff3ed0d140be9ab Flush: entering phase 1 (flushing snapshot). Phase 1 snapshot: MvccSnapshot[committed={T|T < 6017611138076971008}]
I0721 23:22:24.264669 12171 multi_column_writer.cc:85] Opened CFile writer for column key[int32 NOT NULL]
I0721 23:22:24.264689 12171 multi_column_writer.cc:85] Opened CFile writer for column c831[int32 NOT NULL]
I0721 23:22:24.264811 11306 tablet_bootstrap.cc:400] T 1d2b22ac3e8c47c5974bea835eebce29 P 4d5cad21cdbe462d87174e9da291a046: Deleted tablet blocks from disk
I0721 23:22:24.264926 10983 catalog_manager.cc:2499] TS 4d5cad21cdbe462d87174e9da291a046: tablet 1d2b22ac3e8c47c5974bea835eebce29 (table test-table [id=41787a805a7a407ca4ef642fee224d02]) successfully deleted
I0721 23:22:24.265020 12171 tablet.cc:1318] T 4d01ea135b3e48929ff3ed0d140be9ab Flush: entering phase 2 (starting to duplicate updates in new rowsets)
I0721 23:22:24.265040 12171 tablet.cc:1373] T 4d01ea135b3e48929ff3ed0d140be9ab Flush Phase 2: carrying over any updates which arrived during Phase 1
I0721 23:22:24.265045 12171 tablet.cc:1375] T 4d01ea135b3e48929ff3ed0d140be9ab Phase 2 snapshot: MvccSnapshot[committed={T|T < 6017611138076971008}]
I0721 23:22:24.265323 12171 tablet.cc:1416] T 4d01ea135b3e48929ff3ed0d140be9ab Flush successful on 1 rows (4245 bytes)
I0721 23:22:24.265622 12359 tablet.cc:1318] T 73806c9e0da348e5854f7d76bf67ad0f Flush: entering phase 2 (starting to duplicate updates in new rowsets)
I0721 23:22:24.265703 12359 tablet.cc:1373] T 73806c9e0da348e5854f7d76bf67ad0f Flush Phase 2: carrying over any updates which arrived during Phase 1
I0721 23:22:24.265738 12359 tablet.cc:1375] T 73806c9e0da348e5854f7d76bf67ad0f Phase 2 snapshot: MvccSnapshot[committed={T|T < 6017611138078007296}]
I0721 23:22:24.266180 12359 tablet.cc:1416] T 73806c9e0da348e5854f7d76bf67ad0f Flush successful on 4 rows (4269 bytes)
I0721 23:22:24.269917 12170 multi_column_writer.cc:85] Opened CFile writer for column key[int32 NOT NULL]
I0721 23:22:24.269942 12170 multi_column_writer.cc:85] Opened CFile writer for column c831[int32 NOT NULL]
I0721 23:22:24.270172 12170 tablet.cc:1318] T 8be26ea17cb04d4882ac6cc20f435a0e Flush: entering phase 2 (starting to duplicate updates in new rowsets)
I0721 23:22:24.270184 12170 tablet.cc:1373] T 8be26ea17cb04d4882ac6cc20f435a0e Flush Phase 2: carrying over any updates which arrived during Phase 1
I0721 23:22:24.270187 12170 tablet.cc:1375] T 8be26ea17cb04d4882ac6cc20f435a0e Phase 2 snapshot: MvccSnapshot[committed={T|T < 6017611138076626944}]
I0721 23:22:24.270539 12038 ts_tablet_manager.cc:970] T 1d2b22ac3e8c47c5974bea835eebce29 P 2aeff3d0fc13436a9d6090b9a6aaa6aa: Tablet deleted. Last logged OpId: 2.26
I0721 23:22:24.270712 12172 tablet.cc:824] T 4d01ea135b3e48929ff3ed0d140be9ab Alter schema from Schema [ 0:key[int32 NOT NULL], 5:c137[int32 NULLABLE] ] version 5 to Schema [ 0:key[int32 NOT NULL], 6:c831[int32 NOT NULL] ] version 6
I0721 23:22:24.270740 12172 tablet.cc:772] T 4d01ea135b3e48929ff3ed0d140be9ab Flush: entering stage 1 (old memrowset already frozen for inserts)
I0721 23:22:24.270748 12172 compaction.cc:588] Selected 1 rowsets to compact:
I0721 23:22:24.270751 12172 compaction.cc:591] memrowset(current size on disk: ~0 bytes)
I0721 23:22:24.270753 12172 tablet.cc:774] T 4d01ea135b3e48929ff3ed0d140be9ab Memstore in-memory size: 763 bytes
I0721 23:22:24.270757 12172 tablet.cc:1238] T 4d01ea135b3e48929ff3ed0d140be9ab Flush: entering phase 1 (flushing snapshot). Phase 1 snapshot: MvccSnapshot[committed={T|T < 6017611138076971008}]
I0721 23:22:24.270790 12172 multi_column_writer.cc:85] Opened CFile writer for column key[int32 NOT NULL]
I0721 23:22:24.270804 12172 multi_column_writer.cc:85] Opened CFile writer for column c831[int32 NOT NULL]
