I0721 23:22:21.541880 11806 raft_consensus.cc:269] T cd48ba26a30f42b4a776b30f67eb48d3 P 2aeff3d0fc13436a9d6090b9a6aaa6aa [term 0 FOLLOWER]: Replica starting. Triggering 0 pending transactions. Active config: opid_index: -1 peers { permanent_uuid: "2aeff3d0fc13436a9d6090b9a6aaa6aa" member_type: VOTER last_known_addr { host: "127.42.220.0" port: 48563 } } peers { permanent_uuid: "d248c9dacad642be9a5fabec3add151e" member_type: VOTER last_known_addr { host: "127.42.220.1" port: 37489 } } peers { permanent_uuid: "4d5cad21cdbe462d87174e9da291a046" member_type: VOTER last_known_addr { host: "127.42.220.2" port: 37062 } }
I0721 23:22:21.541895 11806 raft_consensus.cc:301] T cd48ba26a30f42b4a776b30f67eb48d3 P 2aeff3d0fc13436a9d6090b9a6aaa6aa [term 0 FOLLOWER]: Consensus starting up: Expiring failure detector timer to make a prompt election more likely
I0721 23:22:21.541904 11806 raft_consensus.cc:499] T cd48ba26a30f42b4a776b30f67eb48d3 P 2aeff3d0fc13436a9d6090b9a6aaa6aa [term 0 FOLLOWER]: Becoming Follower/Learner. State: Replica: 2aeff3d0fc13436a9d6090b9a6aaa6aa, State: 1, Role: FOLLOWER Watermarks: {Received: term: 0 index: 0 Committed: term: 0 index: 0}
I0721 23:22:21.541913 11806 consensus_queue.cc:162] T cd48ba26a30f42b4a776b30f67eb48d3 P 2aeff3d0fc13436a9d6090b9a6aaa6aa [NON_LEADER]: Queue going to NON_LEADER mode. State: All replicated op: 0.0, Majority replicated op: 0.0, Committed index: 0.0, Last appended: 0.0, Current term: 0, Majority size: -1, State: 1, Mode: NON_LEADER
I0721 23:22:21.542009 11805 raft_consensus.cc:269] T cd48ba26a30f42b4a776b30f67eb48d3 P 4d5cad21cdbe462d87174e9da291a046 [term 0 FOLLOWER]: Replica starting. Triggering 0 pending transactions. Active config: opid_index: -1 peers { permanent_uuid: "2aeff3d0fc13436a9d6090b9a6aaa6aa" member_type: VOTER last_known_addr { host: "127.42.220.0" port: 48563 } } peers { permanent_uuid: "d248c9dacad642be9a5fabec3add151e" member_type: VOTER last_known_addr { host: "127.42.220.1" port: 37489 } } peers { permanent_uuid: "4d5cad21cdbe462d87174e9da291a046" member_type: VOTER last_known_addr { host: "127.42.220.2" port: 37062 } }
I0721 23:22:21.542023 11805 raft_consensus.cc:301] T cd48ba26a30f42b4a776b30f67eb48d3 P 4d5cad21cdbe462d87174e9da291a046 [term 0 FOLLOWER]: Consensus starting up: Expiring failure detector timer to make a prompt election more likely
I0721 23:22:21.542032 11805 raft_consensus.cc:499] T cd48ba26a30f42b4a776b30f67eb48d3 P 4d5cad21cdbe462d87174e9da291a046 [term 0 FOLLOWER]: Becoming Follower/Learner. State: Replica: 4d5cad21cdbe462d87174e9da291a046, State: 1, Role: FOLLOWER Watermarks: {Received: term: 0 index: 0 Committed: term: 0 index: 0}
I0721 23:22:21.542040 11805 consensus_queue.cc:162] T cd48ba26a30f42b4a776b30f67eb48d3 P 4d5cad21cdbe462d87174e9da291a046 [NON_LEADER]: Queue going to NON_LEADER mode. State: All replicated op: 0.0, Majority replicated op: 0.0, Committed index: 0.0, Last appended: 0.0, Current term: 0, Majority size: -1, State: 1, Mode: NON_LEADER
I0721 23:22:21.545898 11806 ts_tablet_manager.cc:663] T cd48ba26a30f42b4a776b30f67eb48d3 P 2aeff3d0fc13436a9d6090b9a6aaa6aa: Time spent starting tablet: real 0.008s user 0.000s sys 0.000s
I0721 23:22:21.546030 10994 catalog_manager.cc:1856] TS 2aeff3d0fc13436a9d6090b9a6aaa6aa does not have the latest schema for tablet cd48ba26a30f42b4a776b30f67eb48d3 (table test-table [id=41787a805a7a407ca4ef642fee224d02]). Expected version 4 got 0
W0721 23:22:21.546241 10994 catalog_manager.cc:2160] Unable to reset TS proxy: Not found: No leader found: Tablet cd48ba26a30f42b4a776b30f67eb48d3 consensus state has no leader
W0721 23:22:21.546249 10994 catalog_manager.cc:2770] Failed to send alter table request: Not found: Failed to reset TS proxy: No leader found: Tablet cd48ba26a30f42b4a776b30f67eb48d3 consensus state has no leader
I0721 23:22:21.546419 11805 ts_tablet_manager.cc:663] T cd48ba26a30f42b4a776b30f67eb48d3 P 4d5cad21cdbe462d87174e9da291a046: Time spent starting tablet: real 0.009s user 0.000s sys 0.000s
I0721 23:22:21.546438 11805 ts_tablet_manager.cc:631] T 9b57343f7776457f86d235d3cfb90b70 P 4d5cad21cdbe462d87174e9da291a046: Bootstrapping tablet
I0721 23:22:21.546563 11805 tablet_bootstrap.cc:400] T 9b57343f7776457f86d235d3cfb90b70 P 4d5cad21cdbe462d87174e9da291a046: Bootstrap starting.
I0721 23:22:21.546661 11805 tablet_bootstrap.cc:563] T 9b57343f7776457f86d235d3cfb90b70 P 4d5cad21cdbe462d87174e9da291a046: Time spent opening tablet: real 0.000s user 0.000s sys 0.000s
I0721 23:22:21.546756 11805 tablet_bootstrap.cc:503] T 9b57343f7776457f86d235d3cfb90b70 P 4d5cad21cdbe462d87174e9da291a046: No blocks or log segments found. Creating new log.
I0721 23:22:21.547015 10994 catalog_manager.cc:1856] TS 4d5cad21cdbe462d87174e9da291a046 does not have the latest schema for tablet cd48ba26a30f42b4a776b30f67eb48d3 (table test-table [id=41787a805a7a407ca4ef642fee224d02]). Expected version 4 got 0
W0721 23:22:21.547240 10994 catalog_manager.cc:2160] Unable to reset TS proxy: Not found: No leader found: Tablet cd48ba26a30f42b4a776b30f67eb48d3 consensus state has no leader
W0721 23:22:21.547248 10994 catalog_manager.cc:2770] Failed to send alter table request: Not found: Failed to reset TS proxy: No leader found: Tablet cd48ba26a30f42b4a776b30f67eb48d3 consensus state has no leader
I0721 23:22:21.547524 10995 catalog_manager.cc:1856] TS 4d5cad21cdbe462d87174e9da291a046 does not have the latest schema for tablet cd48ba26a30f42b4a776b30f67eb48d3 (table test-table [id=41787a805a7a407ca4ef642fee224d02]). Expected version 4 got 0
W0721 23:22:21.547672 10995 catalog_manager.cc:2160] Unable to reset TS proxy: Not found: No leader found: Tablet cd48ba26a30f42b4a776b30f67eb48d3 consensus state has no leader
W0721 23:22:21.547682 10995 catalog_manager.cc:2770] Failed to send alter table request: Not found: Failed to reset TS proxy: No leader found: Tablet cd48ba26a30f42b4a776b30f67eb48d3 consensus state has no leader
I0721 23:22:21.547809 10994 catalog_manager.cc:1856] TS 2aeff3d0fc13436a9d6090b9a6aaa6aa does not have the latest schema for tablet cd48ba26a30f42b4a776b30f67eb48d3 (table test-table [id=41787a805a7a407ca4ef642fee224d02]). Expected version 4 got 0
W0721 23:22:21.547973 10994 catalog_manager.cc:2160] Unable to reset TS proxy: Not found: No leader found: Tablet cd48ba26a30f42b4a776b30f67eb48d3 consensus state has no leader
W0721 23:22:21.547982 10994 catalog_manager.cc:2770] Failed to send alter table request: Not found: Failed to reset TS proxy: No leader found: Tablet cd48ba26a30f42b4a776b30f67eb48d3 consensus state has no leader
I0721 23:22:21.553901 11803 ts_tablet_manager.cc:663] T 6a4c4010ca524867aed3bcd8ce342a34 P d248c9dacad642be9a5fabec3add151e: Time spent starting tablet: real 0.024s user 0.004s sys 0.000s
I0721 23:22:21.554045 10994 catalog_manager.cc:1856] TS d248c9dacad642be9a5fabec3add151e does not have the latest schema for tablet 6a4c4010ca524867aed3bcd8ce342a34 (table test-table [id=41787a805a7a407ca4ef642fee224d02]). Expected version 4 got 0
W0721 23:22:21.554306 10994 catalog_manager.cc:2160] Unable to reset TS proxy: Not found: No leader found: Tablet 6a4c4010ca524867aed3bcd8ce342a34 consensus state has no leader
W0721 23:22:21.554316 10994 catalog_manager.cc:2770] Failed to send alter table request: Not found: Failed to reset TS proxy: No leader found: Tablet 6a4c4010ca524867aed3bcd8ce342a34 consensus state has no leader
I0721 23:22:21.554570 10994 catalog_manager.cc:1856] TS d248c9dacad642be9a5fabec3add151e does not have the latest schema for tablet 6a4c4010ca524867aed3bcd8ce342a34 (table test-table [id=41787a805a7a407ca4ef642fee224d02]). Expected version 4 got 0
W0721 23:22:21.554750 10994 catalog_manager.cc:2160] Unable to reset TS proxy: Not found: No leader found: Tablet 6a4c4010ca524867aed3bcd8ce342a34 consensus state has no leader
W0721 23:22:21.554760 10994 catalog_manager.cc:2770] Failed to send alter table request: Not found: Failed to reset TS proxy: No leader found: Tablet 6a4c4010ca524867aed3bcd8ce342a34 consensus state has no leader
I0721 23:22:21.561851 11805 tablet_bootstrap.cc:400] T 9b57343f7776457f86d235d3cfb90b70 P 4d5cad21cdbe462d87174e9da291a046: No bootstrap required, opened a new log
I0721 23:22:21.561902 11805 ts_tablet_manager.cc:636] T 9b57343f7776457f86d235d3cfb90b70 P 4d5cad21cdbe462d87174e9da291a046: Time spent bootstrapping tablet: real 0.015s user 0.000s sys 0.004s
I0721 23:22:21.573895 11805 raft_consensus.cc:269] T 9b57343f7776457f86d235d3cfb90b70 P 4d5cad21cdbe462d87174e9da291a046 [term 0 FOLLOWER]: Replica starting. Triggering 0 pending transactions. Active config: opid_index: -1 peers { permanent_uuid: "2aeff3d0fc13436a9d6090b9a6aaa6aa" member_type: VOTER last_known_addr { host: "127.42.220.0" port: 48563 } } peers { permanent_uuid: "d248c9dacad642be9a5fabec3add151e" member_type: VOTER last_known_addr { host: "127.42.220.1" port: 37489 } } peers { permanent_uuid: "4d5cad21cdbe462d87174e9da291a046" member_type: VOTER last_known_addr { host: "127.42.220.2" port: 37062 } }
I0721 23:22:21.573952 11805 raft_consensus.cc:301] T 9b57343f7776457f86d235d3cfb90b70 P 4d5cad21cdbe462d87174e9da291a046 [term 0 FOLLOWER]: Consensus starting up: Expiring failure detector timer to make a prompt election more likely
I0721 23:22:21.573989 11805 raft_consensus.cc:499] T 9b57343f7776457f86d235d3cfb90b70 P 4d5cad21cdbe462d87174e9da291a046 [term 0 FOLLOWER]: Becoming Follower/Learner. State: Replica: 4d5cad21cdbe462d87174e9da291a046, State: 1, Role: FOLLOWER Watermarks: {Received: term: 0 index: 0 Committed: term: 0 index: 0}
I0721 23:22:21.574025 11805 consensus_queue.cc:162] T 9b57343f7776457f86d235d3cfb90b70 P 4d5cad21cdbe462d87174e9da291a046 [NON_LEADER]: Queue going to NON_LEADER mode. State: All replicated op: 0.0, Majority replicated op: 0.0, Committed index: 0.0, Last appended: 0.0, Current term: 0, Majority size: -1, State: 1, Mode: NON_LEADER
I0721 23:22:21.582099 10994 catalog_manager.cc:1856] TS 4d5cad21cdbe462d87174e9da291a046 does not have the latest schema for tablet 9b57343f7776457f86d235d3cfb90b70 (table test-table [id=41787a805a7a407ca4ef642fee224d02]). Expected version 4 got 0
W0721 23:22:21.582406 10994 catalog_manager.cc:2160] Unable to reset TS proxy: Not found: No leader found: Tablet 9b57343f7776457f86d235d3cfb90b70 consensus state has no leader
W0721 23:22:21.582417 10994 catalog_manager.cc:2770] Failed to send alter table request: Not found: Failed to reset TS proxy: No leader found: Tablet 9b57343f7776457f86d235d3cfb90b70 consensus state has no leader
I0721 23:22:21.582536 11805 ts_tablet_manager.cc:663] T 9b57343f7776457f86d235d3cfb90b70 P 4d5cad21cdbe462d87174e9da291a046: Time spent starting tablet: real 0.021s user 0.000s sys 0.000s
I0721 23:22:21.582756 10994 catalog_manager.cc:1856] TS 4d5cad21cdbe462d87174e9da291a046 does not have the latest schema for tablet 9b57343f7776457f86d235d3cfb90b70 (table test-table [id=41787a805a7a407ca4ef642fee224d02]). Expected version 4 got 0
W0721 23:22:21.583008 10994 catalog_manager.cc:2160] Unable to reset TS proxy: Not found: No leader found: Tablet 9b57343f7776457f86d235d3cfb90b70 consensus state has no leader
W0721 23:22:21.583019 10994 catalog_manager.cc:2770] Failed to send alter table request: Not found: Failed to reset TS proxy: No leader found: Tablet 9b57343f7776457f86d235d3cfb90b70 consensus state has no leader
I0721 23:22:21.585947 11892 raft_consensus.cc:370] T cd48ba26a30f42b4a776b30f67eb48d3 P 2aeff3d0fc13436a9d6090b9a6aaa6aa [term 0 FOLLOWER]: No leader contacted us within the election timeout. Triggering leader election
I0721 23:22:21.585963 11892 raft_consensus.cc:2019] T cd48ba26a30f42b4a776b30f67eb48d3 P 2aeff3d0fc13436a9d6090b9a6aaa6aa [term 0 FOLLOWER]: Advancing to term 1
I0721 23:22:21.586426 11892 raft_consensus.cc:1970] T cd48ba26a30f42b4a776b30f67eb48d3 P 2aeff3d0fc13436a9d6090b9a6aaa6aa [term 1 FOLLOWER]: Snoozing failure detection for election timeout plus an additional 1.536s
I0721 23:22:21.586468 11892 raft_consensus.cc:386] T cd48ba26a30f42b4a776b30f67eb48d3 P 2aeff3d0fc13436a9d6090b9a6aaa6aa [term 1 FOLLOWER]: Starting election with config: opid_index: -1 peers { permanent_uuid: "2aeff3d0fc13436a9d6090b9a6aaa6aa" member_type: VOTER last_known_addr { host: "127.42.220.0" port: 48563 } } peers { permanent_uuid: "d248c9dacad642be9a5fabec3add151e" member_type: VOTER last_known_addr { host: "127.42.220.1" port: 37489 } } peers { permanent_uuid: "4d5cad21cdbe462d87174e9da291a046" member_type: VOTER last_known_addr { host: "127.42.220.2" port: 37062 } }
I0721 23:22:21.587436 11892 leader_election.cc:223] T cd48ba26a30f42b4a776b30f67eb48d3 P 2aeff3d0fc13436a9d6090b9a6aaa6aa [CANDIDATE]: Term 1 election: Requesting vote from peer d248c9dacad642be9a5fabec3add151e
I0721 23:22:21.587461 11892 leader_election.cc:223] T cd48ba26a30f42b4a776b30f67eb48d3 P 2aeff3d0fc13436a9d6090b9a6aaa6aa [CANDIDATE]: Term 1 election: Requesting vote from peer 4d5cad21cdbe462d87174e9da291a046
I0721 23:22:21.587613 11555 raft_consensus.cc:2019] T cd48ba26a30f42b4a776b30f67eb48d3 P d248c9dacad642be9a5fabec3add151e [term 0 FOLLOWER]: Advancing to term 1
I0721 23:22:21.587927 11555 raft_consensus.cc:1970] T cd48ba26a30f42b4a776b30f67eb48d3 P d248c9dacad642be9a5fabec3add151e [term 1 FOLLOWER]: Snoozing failure detection for election timeout plus an additional 1.564s
I0721 23:22:21.588218 11331 raft_consensus.cc:2019] T cd48ba26a30f42b4a776b30f67eb48d3 P 4d5cad21cdbe462d87174e9da291a046 [term 0 FOLLOWER]: Advancing to term 1
I0721 23:22:21.588634 11331 raft_consensus.cc:1970] T cd48ba26a30f42b4a776b30f67eb48d3 P 4d5cad21cdbe462d87174e9da291a046 [term 1 FOLLOWER]: Snoozing failure detection for election timeout plus an additional 1.624s
I0721 23:22:21.589000 11555 raft_consensus.cc:1677] T cd48ba26a30f42b4a776b30f67eb48d3 P d248c9dacad642be9a5fabec3add151e [term 1 FOLLOWER]: Leader election vote request: Granting yes vote for candidate 2aeff3d0fc13436a9d6090b9a6aaa6aa in term 1.
I0721 23:22:21.589118 11037 leader_election.cc:347] T cd48ba26a30f42b4a776b30f67eb48d3 P 2aeff3d0fc13436a9d6090b9a6aaa6aa [CANDIDATE]: Term 1 election: Vote granted by peer d248c9dacad642be9a5fabec3add151e
I0721 23:22:21.589156 11037 leader_election.cc:248] T cd48ba26a30f42b4a776b30f67eb48d3 P 2aeff3d0fc13436a9d6090b9a6aaa6aa [CANDIDATE]: Term 1 election: Election decided. Result: candidate won.
I0721 23:22:21.589280 11331 raft_consensus.cc:1677] T cd48ba26a30f42b4a776b30f67eb48d3 P 4d5cad21cdbe462d87174e9da291a046 [term 1 FOLLOWER]: Leader election vote request: Granting yes vote for candidate 2aeff3d0fc13436a9d6090b9a6aaa6aa in term 1.
I0721 23:22:21.589385 11036 leader_election.cc:347] T cd48ba26a30f42b4a776b30f67eb48d3 P 2aeff3d0fc13436a9d6090b9a6aaa6aa [CANDIDATE]: Term 1 election: Vote granted by peer 4d5cad21cdbe462d87174e9da291a046
I0721 23:22:21.589500 11894 raft_consensus.cc:1970] T cd48ba26a30f42b4a776b30f67eb48d3 P 2aeff3d0fc13436a9d6090b9a6aaa6aa [term 1 FOLLOWER]: Snoozing failure detection for election timeout plus an additional 1.562s
I0721 23:22:21.589534 11894 raft_consensus.cc:1859] T cd48ba26a30f42b4a776b30f67eb48d3 P 2aeff3d0fc13436a9d6090b9a6aaa6aa [term 1 FOLLOWER]: Leader election won for term 1
I0721 23:22:21.597867 11894 raft_consensus.cc:464] T cd48ba26a30f42b4a776b30f67eb48d3 P 2aeff3d0fc13436a9d6090b9a6aaa6aa [term 1 LEADER]: Becoming Leader. State: Replica: 2aeff3d0fc13436a9d6090b9a6aaa6aa, State: 1, Role: LEADER Watermarks: {Received: term: 0 index: 0 Committed: term: 0 index: 0}
I0721 23:22:21.597970 11894 consensus_queue.cc:145] T cd48ba26a30f42b4a776b30f67eb48d3 P 2aeff3d0fc13436a9d6090b9a6aaa6aa [LEADER]: Queue going to LEADER mode. State: All replicated op: 0.0, Majority replicated op: 0.0, Committed index: 0.0, Last appended: 0.0, Current term: 1, Majority size: 2, State: 1, Mode: LEADER, active raft config: opid_index: -1 peers { permanent_uuid: "2aeff3d0fc13436a9d6090b9a6aaa6aa" member_type: VOTER last_known_addr { host: "127.42.220.0" port: 48563 } } peers { permanent_uuid: "d248c9dacad642be9a5fabec3add151e" member_type: VOTER last_known_addr { host: "127.42.220.1" port: 37489 } } peers { permanent_uuid: "4d5cad21cdbe462d87174e9da291a046" member_type: VOTER last_known_addr { host: "127.42.220.2" port: 37062 } }
I0721 23:22:21.622218 10994 catalog_manager.cc:1856] TS 2aeff3d0fc13436a9d6090b9a6aaa6aa does not have the latest schema for tablet cd48ba26a30f42b4a776b30f67eb48d3 (table test-table [id=41787a805a7a407ca4ef642fee224d02]). Expected version 4 got 0
I0721 23:22:21.622272 10994 catalog_manager.cc:1957] Tablet: cd48ba26a30f42b4a776b30f67eb48d3 reported consensus state change. New consensus state: current_term: 1 leader_uuid: "2aeff3d0fc13436a9d6090b9a6aaa6aa" config { opid_index: -1 peers { permanent_uuid: "2aeff3d0fc13436a9d6090b9a6aaa6aa" member_type: VOTER last_known_addr { host: "127.42.220.0" port: 48563 } } peers { permanent_uuid: "d248c9dacad642be9a5fabec3add151e" member_type: VOTER last_known_addr { host: "127.42.220.1" port: 37489 } } peers { permanent_uuid: "4d5cad21cdbe462d87174e9da291a046" member_type: VOTER last_known_addr { host: "127.42.220.2" port: 37062 } } }
I0721 23:22:21.630897 11331 raft_consensus.cc:869] T cd48ba26a30f42b4a776b30f67eb48d3 P 4d5cad21cdbe462d87174e9da291a046 [term 1 FOLLOWER]: Refusing update from remote peer 2aeff3d0fc13436a9d6090b9a6aaa6aa: Log matching property violated. Preceding OpId in replica: term: 0 index: 0. Preceding OpId from leader: term: 1 index: 2. (index mismatch)
I0721 23:22:21.641952 11555 raft_consensus.cc:869] T cd48ba26a30f42b4a776b30f67eb48d3 P d248c9dacad642be9a5fabec3add151e [term 1 FOLLOWER]: Refusing update from remote peer 2aeff3d0fc13436a9d6090b9a6aaa6aa: Log matching property violated. Preceding OpId in replica: term: 0 index: 0. Preceding OpId from leader: term: 1 index: 2. (index mismatch)
I0721 23:22:21.642074 11900 consensus_queue.cc:578] T cd48ba26a30f42b4a776b30f67eb48d3 P 2aeff3d0fc13436a9d6090b9a6aaa6aa [LEADER]: Connected to new peer: Peer: 4d5cad21cdbe462d87174e9da291a046, Is new: false, Last received: 0.0, Next index: 1, Last known committed idx: 0, Last exchange result: ERROR, Needs remote bootstrap: false
I0721 23:22:21.642348 11900 consensus_queue.cc:578] T cd48ba26a30f42b4a776b30f67eb48d3 P 2aeff3d0fc13436a9d6090b9a6aaa6aa [LEADER]: Connected to new peer: Peer: d248c9dacad642be9a5fabec3add151e, Is new: false, Last received: 0.0, Next index: 1, Last known committed idx: 0, Last exchange result: ERROR, Needs remote bootstrap: false
I0721 23:22:21.642737 10994 catalog_manager.cc:1856] TS 4d5cad21cdbe462d87174e9da291a046 does not have the latest schema for tablet cd48ba26a30f42b4a776b30f67eb48d3 (table test-table [id=41787a805a7a407ca4ef642fee224d02]). Expected version 4 got 0
I0721 23:22:21.643581 11817 tablet.cc:824] T cd48ba26a30f42b4a776b30f67eb48d3 Alter schema from Schema [ 0:key[int32 NOT NULL], 4:c123[int32 NOT NULL], 5:c137[int32 NULLABLE] ] version 0 to Schema [ 0:key[int32 NOT NULL], 4:c123[int32 NOT NULL], 5:c137[int32 NULLABLE] ] version 4
I0721 23:22:21.644340 11903 raft_consensus_state.cc:534] T cd48ba26a30f42b4a776b30f67eb48d3 P 2aeff3d0fc13436a9d6090b9a6aaa6aa [term 1 LEADER]: Advanced the committed_index across terms. Last committed operation was: term: 0 index: 0 New committed index is: term: 1 index: 2
I0721 23:22:21.645107 11810 tablet.cc:824] T cd48ba26a30f42b4a776b30f67eb48d3 Alter schema from Schema [ 0:key[int32 NOT NULL], 4:c123[int32 NOT NULL], 5:c137[int32 NULLABLE] ] version 0 to Schema [ 0:key[int32 NOT NULL], 4:c123[int32 NOT NULL], 5:c137[int32 NULLABLE] ] version 4
I0721 23:22:21.646993 11807 tablet.cc:819] T cd48ba26a30f42b4a776b30f67eb48d3 Already running schema version 4 got alter request for version 4
I0721 23:22:21.647655 11658 tablet.cc:819] T cd48ba26a30f42b4a776b30f67eb48d3 Already running schema version 4 got alter request for version 4
I0721 23:22:21.654253 10994 catalog_manager.cc:1856] TS d248c9dacad642be9a5fabec3add151e does not have the latest schema for tablet cd48ba26a30f42b4a776b30f67eb48d3 (table test-table [id=41787a805a7a407ca4ef642fee224d02]). Expected version 4 got 0
I0721 23:22:21.655002 10994 catalog_manager.cc:1856] TS d248c9dacad642be9a5fabec3add151e does not have the latest schema for tablet cd48ba26a30f42b4a776b30f67eb48d3 (table test-table [id=41787a805a7a407ca4ef642fee224d02]). Expected version 4 got 0
I0721 23:22:21.655496 11645 tablet.cc:824] T cd48ba26a30f42b4a776b30f67eb48d3 Alter schema from Schema [ 0:key[int32 NOT NULL], 4:c123[int32 NOT NULL], 5:c137[int32 NULLABLE] ] version 0 to Schema [ 0:key[int32 NOT NULL], 4:c123[int32 NOT NULL], 5:c137[int32 NULLABLE] ] version 4
I0721 23:22:21.656546 11811 tablet.cc:819] T cd48ba26a30f42b4a776b30f67eb48d3 Already running schema version 4 got alter request for version 4
I0721 23:22:21.765902 11868 raft_consensus.cc:370] T 6a4c4010ca524867aed3bcd8ce342a34 P 2aeff3d0fc13436a9d6090b9a6aaa6aa [term 0 FOLLOWER]: No leader contacted us within the election timeout. Triggering leader election
I0721 23:22:21.765949 11868 raft_consensus.cc:2019] T 6a4c4010ca524867aed3bcd8ce342a34 P 2aeff3d0fc13436a9d6090b9a6aaa6aa [term 0 FOLLOWER]: Advancing to term 1
I0721 23:22:21.766333 11868 raft_consensus.cc:1970] T 6a4c4010ca524867aed3bcd8ce342a34 P 2aeff3d0fc13436a9d6090b9a6aaa6aa [term 1 FOLLOWER]: Snoozing failure detection for election timeout plus an additional 1.523s
I0721 23:22:21.766369 11868 raft_consensus.cc:386] T 6a4c4010ca524867aed3bcd8ce342a34 P 2aeff3d0fc13436a9d6090b9a6aaa6aa [term 1 FOLLOWER]: Starting election with config: opid_index: -1 peers { permanent_uuid: "d248c9dacad642be9a5fabec3add151e" member_type: VOTER last_known_addr { host: "127.42.220.1" port: 37489 } } peers { permanent_uuid: "2aeff3d0fc13436a9d6090b9a6aaa6aa" member_type: VOTER last_known_addr { host: "127.42.220.0" port: 48563 } } peers { permanent_uuid: "4d5cad21cdbe462d87174e9da291a046" member_type: VOTER last_known_addr { host: "127.42.220.2" port: 37062 } }
I0721 23:22:21.767366 11868 leader_election.cc:223] T 6a4c4010ca524867aed3bcd8ce342a34 P 2aeff3d0fc13436a9d6090b9a6aaa6aa [CANDIDATE]: Term 1 election: Requesting vote from peer d248c9dacad642be9a5fabec3add151e
I0721 23:22:21.767395 11868 leader_election.cc:223] T 6a4c4010ca524867aed3bcd8ce342a34 P 2aeff3d0fc13436a9d6090b9a6aaa6aa [CANDIDATE]: Term 1 election: Requesting vote from peer 4d5cad21cdbe462d87174e9da291a046
I0721 23:22:21.767513 11555 raft_consensus.cc:2019] T 6a4c4010ca524867aed3bcd8ce342a34 P d248c9dacad642be9a5fabec3add151e [term 0 FOLLOWER]: Advancing to term 1
I0721 23:22:21.767524 11331 raft_consensus.cc:2019] T 6a4c4010ca524867aed3bcd8ce342a34 P 4d5cad21cdbe462d87174e9da291a046 [term 0 FOLLOWER]: Advancing to term 1
I0721 23:22:21.767827 11555 raft_consensus.cc:1970] T 6a4c4010ca524867aed3bcd8ce342a34 P d248c9dacad642be9a5fabec3add151e [term 1 FOLLOWER]: Snoozing failure detection for election timeout plus an additional 1.506s
I0721 23:22:21.767846 11331 raft_consensus.cc:1970] T 6a4c4010ca524867aed3bcd8ce342a34 P 4d5cad21cdbe462d87174e9da291a046 [term 1 FOLLOWER]: Snoozing failure detection for election timeout plus an additional 1.628s
I0721 23:22:21.768657 11555 raft_consensus.cc:1677] T 6a4c4010ca524867aed3bcd8ce342a34 P d248c9dacad642be9a5fabec3add151e [term 1 FOLLOWER]: Leader election vote request: Granting yes vote for candidate 2aeff3d0fc13436a9d6090b9a6aaa6aa in term 1.
I0721 23:22:21.768661 11331 raft_consensus.cc:1677] T 6a4c4010ca524867aed3bcd8ce342a34 P 4d5cad21cdbe462d87174e9da291a046 [term 1 FOLLOWER]: Leader election vote request: Granting yes vote for candidate 2aeff3d0fc13436a9d6090b9a6aaa6aa in term 1.
I0721 23:22:21.768800 11036 leader_election.cc:347] T 6a4c4010ca524867aed3bcd8ce342a34 P 2aeff3d0fc13436a9d6090b9a6aaa6aa [CANDIDATE]: Term 1 election: Vote granted by peer 4d5cad21cdbe462d87174e9da291a046
I0721 23:22:21.768834 11036 leader_election.cc:248] T 6a4c4010ca524867aed3bcd8ce342a34 P 2aeff3d0fc13436a9d6090b9a6aaa6aa [CANDIDATE]: Term 1 election: Election decided. Result: candidate won.
I0721 23:22:21.768846 11037 leader_election.cc:347] T 6a4c4010ca524867aed3bcd8ce342a34 P 2aeff3d0fc13436a9d6090b9a6aaa6aa [CANDIDATE]: Term 1 election: Vote granted by peer d248c9dacad642be9a5fabec3add151e
I0721 23:22:21.768880 11869 raft_consensus.cc:1970] T 6a4c4010ca524867aed3bcd8ce342a34 P 2aeff3d0fc13436a9d6090b9a6aaa6aa [term 1 FOLLOWER]: Snoozing failure detection for election timeout plus an additional 1.598s
I0721 23:22:21.768893 11869 raft_consensus.cc:1859] T 6a4c4010ca524867aed3bcd8ce342a34 P 2aeff3d0fc13436a9d6090b9a6aaa6aa [term 1 FOLLOWER]: Leader election won for term 1
I0721 23:22:21.769048 11869 raft_consensus.cc:464] T 6a4c4010ca524867aed3bcd8ce342a34 P 2aeff3d0fc13436a9d6090b9a6aaa6aa [term 1 LEADER]: Becoming Leader. State: Replica: 2aeff3d0fc13436a9d6090b9a6aaa6aa, State: 1, Role: LEADER Watermarks: {Received: term: 0 index: 0 Committed: term: 0 index: 0}
I0721 23:22:21.769111 11869 consensus_queue.cc:145] T 6a4c4010ca524867aed3bcd8ce342a34 P 2aeff3d0fc13436a9d6090b9a6aaa6aa [LEADER]: Queue going to LEADER mode. State: All replicated op: 0.0, Majority replicated op: 0.0, Committed index: 0.0, Last appended: 0.0, Current term: 1, Majority size: 2, State: 1, Mode: LEADER, active raft config: opid_index: -1 peers { permanent_uuid: "d248c9dacad642be9a5fabec3add151e" member_type: VOTER last_known_addr { host: "127.42.220.1" port: 37489 } } peers { permanent_uuid: "2aeff3d0fc13436a9d6090b9a6aaa6aa" member_type: VOTER last_known_addr { host: "127.42.220.0" port: 48563 } } peers { permanent_uuid: "4d5cad21cdbe462d87174e9da291a046" member_type: VOTER last_known_addr { host: "127.42.220.2" port: 37062 } }
I0721 23:22:21.769721 10994 catalog_manager.cc:1856] TS 2aeff3d0fc13436a9d6090b9a6aaa6aa does not have the latest schema for tablet 6a4c4010ca524867aed3bcd8ce342a34 (table test-table [id=41787a805a7a407ca4ef642fee224d02]). Expected version 4 got 0
I0721 23:22:21.769837 10994 catalog_manager.cc:1957] Tablet: 6a4c4010ca524867aed3bcd8ce342a34 reported consensus state change. New consensus state: current_term: 1 leader_uuid: "2aeff3d0fc13436a9d6090b9a6aaa6aa" config { opid_index: -1 peers { permanent_uuid: "d248c9dacad642be9a5fabec3add151e" member_type: VOTER last_known_addr { host: "127.42.220.1" port: 37489 } } peers { permanent_uuid: "2aeff3d0fc13436a9d6090b9a6aaa6aa" member_type: VOTER last_known_addr { host: "127.42.220.0" port: 48563 } } peers { permanent_uuid: "4d5cad21cdbe462d87174e9da291a046" member_type: VOTER last_known_addr { host: "127.42.220.2" port: 37062 } } }
I0721 23:22:21.770617 11555 raft_consensus.cc:869] T 6a4c4010ca524867aed3bcd8ce342a34 P d248c9dacad642be9a5fabec3add151e [term 1 FOLLOWER]: Refusing update from remote peer 2aeff3d0fc13436a9d6090b9a6aaa6aa: Log matching property violated. Preceding OpId in replica: term: 0 index: 0. Preceding OpId from leader: term: 1 index: 2. (index mismatch)
I0721 23:22:21.770617 11331 raft_consensus.cc:869] T 6a4c4010ca524867aed3bcd8ce342a34 P 4d5cad21cdbe462d87174e9da291a046 [term 1 FOLLOWER]: Refusing update from remote peer 2aeff3d0fc13436a9d6090b9a6aaa6aa: Log matching property violated. Preceding OpId in replica: term: 0 index: 0. Preceding OpId from leader: term: 1 index: 2. (index mismatch)
I0721 23:22:21.770715 11908 consensus_queue.cc:578] T 6a4c4010ca524867aed3bcd8ce342a34 P 2aeff3d0fc13436a9d6090b9a6aaa6aa [LEADER]: Connected to new peer: Peer: d248c9dacad642be9a5fabec3add151e, Is new: false, Last received: 0.0, Next index: 1, Last known committed idx: 0, Last exchange result: ERROR, Needs remote bootstrap: false
I0721 23:22:21.770742 11869 consensus_queue.cc:578] T 6a4c4010ca524867aed3bcd8ce342a34 P 2aeff3d0fc13436a9d6090b9a6aaa6aa [LEADER]: Connected to new peer: Peer: 4d5cad21cdbe462d87174e9da291a046, Is new: false, Last received: 0.0, Next index: 1, Last known committed idx: 0, Last exchange result: ERROR, Needs remote bootstrap: false
I0721 23:22:21.771342 11911 raft_consensus_state.cc:534] T 6a4c4010ca524867aed3bcd8ce342a34 P 2aeff3d0fc13436a9d6090b9a6aaa6aa [term 1 LEADER]: Advanced the committed_index across terms. Last committed operation was: term: 0 index: 0 New committed index is: term: 1 index: 2
I0721 23:22:21.771364 10994 catalog_manager.cc:1856] TS d248c9dacad642be9a5fabec3add151e does not have the latest schema for tablet 6a4c4010ca524867aed3bcd8ce342a34 (table test-table [id=41787a805a7a407ca4ef642fee224d02]). Expected version 4 got 0
I0721 23:22:21.771391 11644 tablet.cc:824] T 6a4c4010ca524867aed3bcd8ce342a34 Alter schema from Schema [ 0:key[int32 NOT NULL], 4:c123[int32 NOT NULL], 5:c137[int32 NULLABLE] ] version 0 to Schema [ 0:key[int32 NOT NULL], 4:c123[int32 NOT NULL], 5:c137[int32 NULLABLE] ] version 4
I0721 23:22:21.771524 11829 tablet.cc:824] T 6a4c4010ca524867aed3bcd8ce342a34 Alter schema from Schema [ 0:key[int32 NOT NULL], 4:c123[int32 NOT NULL], 5:c137[int32 NULLABLE] ] version 0 to Schema [ 0:key[int32 NOT NULL], 4:c123[int32 NOT NULL], 5:c137[int32 NULLABLE] ] version 4
I0721 23:22:21.771839 11842 tablet.cc:824] T 6a4c4010ca524867aed3bcd8ce342a34 Alter schema from Schema [ 0:key[int32 NOT NULL], 4:c123[int32 NOT NULL], 5:c137[int32 NULLABLE] ] version 0 to Schema [ 0:key[int32 NOT NULL], 4:c123[int32 NOT NULL], 5:c137[int32 NULLABLE] ] version 4
I0721 23:22:21.772346 10995 catalog_manager.cc:1856] TS 4d5cad21cdbe462d87174e9da291a046 does not have the latest schema for tablet 6a4c4010ca524867aed3bcd8ce342a34 (table test-table [id=41787a805a7a407ca4ef642fee224d02]). Expected version 4 got 0
I0721 23:22:21.859663 11821 tablet.cc:824] T 1d2b22ac3e8c47c5974bea835eebce29 Alter schema from Schema [ 0:key[int32 NOT NULL] ] version 3 to Schema [ 0:key[int32 NOT NULL], 4:c123[int32 NOT NULL], 5:c137[int32 NULLABLE] ] version 4
I0721 23:22:21.859717 11821 tablet.cc:772] T 1d2b22ac3e8c47c5974bea835eebce29 Flush: entering stage 1 (old memrowset already frozen for inserts)
I0721 23:22:21.859724 11821 compaction.cc:588] Selected 1 rowsets to compact:
I0721 23:22:21.859727 11821 compaction.cc:591] memrowset(current size on disk: ~0 bytes)
I0721 23:22:21.859730 11821 tablet.cc:774] T 1d2b22ac3e8c47c5974bea835eebce29 Memstore in-memory size: 763 bytes
I0721 23:22:21.859733 11821 tablet.cc:1238] T 1d2b22ac3e8c47c5974bea835eebce29 Flush: entering phase 1 (flushing snapshot). Phase 1 snapshot: MvccSnapshot[committed={T|T < 6017611126558916608}]
I0721 23:22:21.859911 11821 multi_column_writer.cc:85] Opened CFile writer for column key[int32 NOT NULL]
I0721 23:22:21.859947 11821 multi_column_writer.cc:85] Opened CFile writer for column c123[int32 NOT NULL]
I0721 23:22:21.859973 11821 multi_column_writer.cc:85] Opened CFile writer for column c137[int32 NULLABLE]
I0721 23:22:21.860502 11821 tablet.cc:1318] T 1d2b22ac3e8c47c5974bea835eebce29 Flush: entering phase 2 (starting to duplicate updates in new rowsets)
I0721 23:22:21.860543 11821 tablet.cc:1373] T 1d2b22ac3e8c47c5974bea835eebce29 Flush Phase 2: carrying over any updates which arrived during Phase 1
I0721 23:22:21.860564 11821 tablet.cc:1375] T 1d2b22ac3e8c47c5974bea835eebce29 Phase 2 snapshot: MvccSnapshot[committed={T|T < 6017611126558916608}]
I0721 23:22:21.861021 11821 tablet.cc:1416] T 1d2b22ac3e8c47c5974bea835eebce29 Flush successful on 3 rows (4308 bytes)
I0721 23:22:21.979079 11849 raft_consensus.cc:370] T 0c5c7515d77f4072bde96a5bde4c4e23 P 4d5cad21cdbe462d87174e9da291a046 [term 0 FOLLOWER]: No leader contacted us within the election timeout. Triggering leader election
I0721 23:22:21.979152 11849 raft_consensus.cc:2019] T 0c5c7515d77f4072bde96a5bde4c4e23 P 4d5cad21cdbe462d87174e9da291a046 [term 0 FOLLOWER]: Advancing to term 1
I0721 23:22:21.979658 11849 raft_consensus.cc:1970] T 0c5c7515d77f4072bde96a5bde4c4e23 P 4d5cad21cdbe462d87174e9da291a046 [term 1 FOLLOWER]: Snoozing failure detection for election timeout plus an additional 1.585s
I0721 23:22:21.979724 11849 raft_consensus.cc:386] T 0c5c7515d77f4072bde96a5bde4c4e23 P 4d5cad21cdbe462d87174e9da291a046 [term 1 FOLLOWER]: Starting election with config: opid_index: -1 peers { permanent_uuid: "2aeff3d0fc13436a9d6090b9a6aaa6aa" member_type: VOTER last_known_addr { host: "127.42.220.0" port: 48563 } } peers { permanent_uuid: "d248c9dacad642be9a5fabec3add151e" member_type: VOTER last_known_addr { host: "127.42.220.1" port: 37489 } } peers { permanent_uuid: "4d5cad21cdbe462d87174e9da291a046" member_type: VOTER last_known_addr { host: "127.42.220.2" port: 37062 } }
I0721 23:22:21.980631 11849 leader_election.cc:223] T 0c5c7515d77f4072bde96a5bde4c4e23 P 4d5cad21cdbe462d87174e9da291a046 [CANDIDATE]: Term 1 election: Requesting vote from peer 2aeff3d0fc13436a9d6090b9a6aaa6aa
I0721 23:22:21.980679 11849 leader_election.cc:223] T 0c5c7515d77f4072bde96a5bde4c4e23 P 4d5cad21cdbe462d87174e9da291a046 [CANDIDATE]: Term 1 election: Requesting vote from peer d248c9dacad642be9a5fabec3add151e
I0721 23:22:21.980854 11099 raft_consensus.cc:2019] T 0c5c7515d77f4072bde96a5bde4c4e23 P 2aeff3d0fc13436a9d6090b9a6aaa6aa [term 0 FOLLOWER]: Advancing to term 1
I0721 23:22:21.980878 11555 raft_consensus.cc:2019] T 0c5c7515d77f4072bde96a5bde4c4e23 P d248c9dacad642be9a5fabec3add151e [term 0 FOLLOWER]: Advancing to term 1
I0721 23:22:21.981199 11099 raft_consensus.cc:1970] T 0c5c7515d77f4072bde96a5bde4c4e23 P 2aeff3d0fc13436a9d6090b9a6aaa6aa [term 1 FOLLOWER]: Snoozing failure detection for election timeout plus an additional 1.637s
I0721 23:22:21.981200 11555 raft_consensus.cc:1970] T 0c5c7515d77f4072bde96a5bde4c4e23 P d248c9dacad642be9a5fabec3add151e [term 1 FOLLOWER]: Snoozing failure detection for election timeout plus an additional 1.589s
I0721 23:22:21.981885 11099 raft_consensus.cc:1677] T 0c5c7515d77f4072bde96a5bde4c4e23 P 2aeff3d0fc13436a9d6090b9a6aaa6aa [term 1 FOLLOWER]: Leader election vote request: Granting yes vote for candidate 4d5cad21cdbe462d87174e9da291a046 in term 1.
I0721 23:22:21.981892 11555 raft_consensus.cc:1677] T 0c5c7515d77f4072bde96a5bde4c4e23 P d248c9dacad642be9a5fabec3add151e [term 1 FOLLOWER]: Leader election vote request: Granting yes vote for candidate 4d5cad21cdbe462d87174e9da291a046 in term 1.
I0721 23:22:21.982010 11268 leader_election.cc:347] T 0c5c7515d77f4072bde96a5bde4c4e23 P 4d5cad21cdbe462d87174e9da291a046 [CANDIDATE]: Term 1 election: Vote granted by peer 2aeff3d0fc13436a9d6090b9a6aaa6aa
I0721 23:22:21.982023 11268 leader_election.cc:248] T 0c5c7515d77f4072bde96a5bde4c4e23 P 4d5cad21cdbe462d87174e9da291a046 [CANDIDATE]: Term 1 election: Election decided. Result: candidate won.
I0721 23:22:21.982053 11270 leader_election.cc:347] T 0c5c7515d77f4072bde96a5bde4c4e23 P 4d5cad21cdbe462d87174e9da291a046 [CANDIDATE]: Term 1 election: Vote granted by peer d248c9dacad642be9a5fabec3add151e
I0721 23:22:21.982244 11916 raft_consensus.cc:1970] T 0c5c7515d77f4072bde96a5bde4c4e23 P 4d5cad21cdbe462d87174e9da291a046 [term 1 FOLLOWER]: Snoozing failure detection for election timeout plus an additional 1.533s
I0721 23:22:21.982271 11916 raft_consensus.cc:1859] T 0c5c7515d77f4072bde96a5bde4c4e23 P 4d5cad21cdbe462d87174e9da291a046 [term 1 FOLLOWER]: Leader election won for term 1
I0721 23:22:21.982456 11916 raft_consensus.cc:464] T 0c5c7515d77f4072bde96a5bde4c4e23 P 4d5cad21cdbe462d87174e9da291a046 [term 1 LEADER]: Becoming Leader. State: Replica: 4d5cad21cdbe462d87174e9da291a046, State: 1, Role: LEADER Watermarks: {Received: term: 0 index: 0 Committed: term: 0 index: 0}
I0721 23:22:21.982501 11916 consensus_queue.cc:145] T 0c5c7515d77f4072bde96a5bde4c4e23 P 4d5cad21cdbe462d87174e9da291a046 [LEADER]: Queue going to LEADER mode. State: All replicated op: 0.0, Majority replicated op: 0.0, Committed index: 0.0, Last appended: 0.0, Current term: 1, Majority size: 2, State: 1, Mode: LEADER, active raft config: opid_index: -1 peers { permanent_uuid: "2aeff3d0fc13436a9d6090b9a6aaa6aa" member_type: VOTER last_known_addr { host: "127.42.220.0" port: 48563 } } peers { permanent_uuid: "d248c9dacad642be9a5fabec3add151e" member_type: VOTER last_known_addr { host: "127.42.220.1" port: 37489 } } peers { permanent_uuid: "4d5cad21cdbe462d87174e9da291a046" member_type: VOTER last_known_addr { host: "127.42.220.2" port: 37062 } }
I0721 23:22:21.983059 10994 catalog_manager.cc:1856] TS 4d5cad21cdbe462d87174e9da291a046 does not have the latest schema for tablet 0c5c7515d77f4072bde96a5bde4c4e23 (table test-table [id=41787a805a7a407ca4ef642fee224d02]). Expected version 4 got 0
I0721 23:22:21.983124 10994 catalog_manager.cc:1957] Tablet: 0c5c7515d77f4072bde96a5bde4c4e23 reported consensus state change. New consensus state: current_term: 1 leader_uuid: "4d5cad21cdbe462d87174e9da291a046" config { opid_index: -1 peers { permanent_uuid: "2aeff3d0fc13436a9d6090b9a6aaa6aa" member_type: VOTER last_known_addr { host: "127.42.220.0" port: 48563 } } peers { permanent_uuid: "d248c9dacad642be9a5fabec3add151e" member_type: VOTER last_known_addr { host: "127.42.220.1" port: 37489 } } peers { permanent_uuid: "4d5cad21cdbe462d87174e9da291a046" member_type: VOTER last_known_addr { host: "127.42.220.2" port: 37062 } } }
I0721 23:22:21.983985 11555 raft_consensus.cc:869] T 0c5c7515d77f4072bde96a5bde4c4e23 P d248c9dacad642be9a5fabec3add151e [term 1 FOLLOWER]: Refusing update from remote peer 4d5cad21cdbe462d87174e9da291a046: Log matching property violated. Preceding OpId in replica: term: 0 index: 0. Preceding OpId from leader: term: 1 index: 2. (index mismatch)
I0721 23:22:21.984108 11099 raft_consensus.cc:869] T 0c5c7515d77f4072bde96a5bde4c4e23 P 2aeff3d0fc13436a9d6090b9a6aaa6aa [term 1 FOLLOWER]: Refusing update from remote peer 4d5cad21cdbe462d87174e9da291a046: Log matching property violated. Preceding OpId in replica: term: 0 index: 0. Preceding OpId from leader: term: 1 index: 2. (index mismatch)
I0721 23:22:21.984120 11917 consensus_queue.cc:578] T 0c5c7515d77f4072bde96a5bde4c4e23 P 4d5cad21cdbe462d87174e9da291a046 [LEADER]: Connected to new peer: Peer: d248c9dacad642be9a5fabec3add151e, Is new: false, Last received: 0.0, Next index: 1, Last known committed idx: 0, Last exchange result: ERROR, Needs remote bootstrap: false
I0721 23:22:21.984246 11916 consensus_queue.cc:578] T 0c5c7515d77f4072bde96a5bde4c4e23 P 4d5cad21cdbe462d87174e9da291a046 [LEADER]: Connected to new peer: Peer: 2aeff3d0fc13436a9d6090b9a6aaa6aa, Is new: false, Last received: 0.0, Next index: 1, Last known committed idx: 0, Last exchange result: ERROR, Needs remote bootstrap: false
I0721 23:22:21.984853 11810 tablet.cc:824] T 0c5c7515d77f4072bde96a5bde4c4e23 Alter schema from Schema [ 0:key[int32 NOT NULL], 4:c123[int32 NOT NULL], 5:c137[int32 NULLABLE] ] version 0 to Schema [ 0:key[int32 NOT NULL], 4:c123[int32 NOT NULL], 5:c137[int32 NULLABLE] ] version 4
I0721 23:22:21.984951 11920 raft_consensus_state.cc:534] T 0c5c7515d77f4072bde96a5bde4c4e23 P 4d5cad21cdbe462d87174e9da291a046 [term 1 LEADER]: Advanced the committed_index across terms. Last committed operation was: term: 0 index: 0 New committed index is: term: 1 index: 2
I0721 23:22:21.984957 10994 catalog_manager.cc:1856] TS d248c9dacad642be9a5fabec3add151e does not have the latest schema for tablet 0c5c7515d77f4072bde96a5bde4c4e23 (table test-table [id=41787a805a7a407ca4ef642fee224d02]). Expected version 4 got 0
I0721 23:22:21.985318 10995 catalog_manager.cc:1856] TS 2aeff3d0fc13436a9d6090b9a6aaa6aa does not have the latest schema for tablet 0c5c7515d77f4072bde96a5bde4c4e23 (table test-table [id=41787a805a7a407ca4ef642fee224d02]). Expected version 4 got 0
I0721 23:22:22.032939 11844 raft_consensus.cc:370] T d0cce9fea65345d899d95b40bf02db82 P 2aeff3d0fc13436a9d6090b9a6aaa6aa [term 0 FOLLOWER]: No leader contacted us within the election timeout. Triggering leader election
I0721 23:22:22.032954 11844 raft_consensus.cc:2019] T d0cce9fea65345d899d95b40bf02db82 P 2aeff3d0fc13436a9d6090b9a6aaa6aa [term 0 FOLLOWER]: Advancing to term 1
I0721 23:22:22.033300 11844 raft_consensus.cc:1970] T d0cce9fea65345d899d95b40bf02db82 P 2aeff3d0fc13436a9d6090b9a6aaa6aa [term 1 FOLLOWER]: Snoozing failure detection for election timeout plus an additional 1.577s
I0721 23:22:22.033373 11844 raft_consensus.cc:386] T d0cce9fea65345d899d95b40bf02db82 P 2aeff3d0fc13436a9d6090b9a6aaa6aa [term 1 FOLLOWER]: Starting election with config: opid_index: -1 peers { permanent_uuid: "2aeff3d0fc13436a9d6090b9a6aaa6aa" member_type: VOTER last_known_addr { host: "127.42.220.0" port: 48563 } } peers { permanent_uuid: "d248c9dacad642be9a5fabec3add151e" member_type: VOTER last_known_addr { host: "127.42.220.1" port: 37489 } } peers { permanent_uuid: "4d5cad21cdbe462d87174e9da291a046" member_type: VOTER last_known_addr { host: "127.42.220.2" port: 37062 } }
I0721 23:22:22.034111 11844 leader_election.cc:223] T d0cce9fea65345d899d95b40bf02db82 P 2aeff3d0fc13436a9d6090b9a6aaa6aa [CANDIDATE]: Term 1 election: Requesting vote from peer d248c9dacad642be9a5fabec3add151e
I0721 23:22:22.034150 11844 leader_election.cc:223] T d0cce9fea65345d899d95b40bf02db82 P 2aeff3d0fc13436a9d6090b9a6aaa6aa [CANDIDATE]: Term 1 election: Requesting vote from peer 4d5cad21cdbe462d87174e9da291a046
I0721 23:22:22.034340 11331 raft_consensus.cc:2019] T d0cce9fea65345d899d95b40bf02db82 P 4d5cad21cdbe462d87174e9da291a046 [term 0 FOLLOWER]: Advancing to term 1
I0721 23:22:22.034342 11555 raft_consensus.cc:2019] T d0cce9fea65345d899d95b40bf02db82 P d248c9dacad642be9a5fabec3add151e [term 0 FOLLOWER]: Advancing to term 1
I0721 23:22:22.034687 11555 raft_consensus.cc:1970] T d0cce9fea65345d899d95b40bf02db82 P d248c9dacad642be9a5fabec3add151e [term 1 FOLLOWER]: Snoozing failure detection for election timeout plus an additional 1.565s
I0721 23:22:22.034687 11331 raft_consensus.cc:1970] T d0cce9fea65345d899d95b40bf02db82 P 4d5cad21cdbe462d87174e9da291a046 [term 1 FOLLOWER]: Snoozing failure detection for election timeout plus an additional 1.524s
I0721 23:22:22.035326 11555 raft_consensus.cc:1677] T d0cce9fea65345d899d95b40bf02db82 P d248c9dacad642be9a5fabec3add151e [term 1 FOLLOWER]: Leader election vote request: Granting yes vote for candidate 2aeff3d0fc13436a9d6090b9a6aaa6aa in term 1.
I0721 23:22:22.035329 11331 raft_consensus.cc:1677] T d0cce9fea65345d899d95b40bf02db82 P 4d5cad21cdbe462d87174e9da291a046 [term 1 FOLLOWER]: Leader election vote request: Granting yes vote for candidate 2aeff3d0fc13436a9d6090b9a6aaa6aa in term 1.
I0721 23:22:22.035439 11036 leader_election.cc:347] T d0cce9fea65345d899d95b40bf02db82 P 2aeff3d0fc13436a9d6090b9a6aaa6aa [CANDIDATE]: Term 1 election: Vote granted by peer 4d5cad21cdbe462d87174e9da291a046
I0721 23:22:22.035457 11036 leader_election.cc:248] T d0cce9fea65345d899d95b40bf02db82 P 2aeff3d0fc13436a9d6090b9a6aaa6aa [CANDIDATE]: Term 1 election: Election decided. Result: candidate won.
I0721 23:22:22.035482 11037 leader_election.cc:347] T d0cce9fea65345d899d95b40bf02db82 P 2aeff3d0fc13436a9d6090b9a6aaa6aa [CANDIDATE]: Term 1 election: Vote granted by peer d248c9dacad642be9a5fabec3add151e
I0721 23:22:22.035630 11926 raft_consensus.cc:1970] T d0cce9fea65345d899d95b40bf02db82 P 2aeff3d0fc13436a9d6090b9a6aaa6aa [term 1 FOLLOWER]: Snoozing failure detection for election timeout plus an additional 1.567s
I0721 23:22:22.035648 11926 raft_consensus.cc:1859] T d0cce9fea65345d899d95b40bf02db82 P 2aeff3d0fc13436a9d6090b9a6aaa6aa [term 1 FOLLOWER]: Leader election won for term 1
I0721 23:22:22.035789 11926 raft_consensus.cc:464] T d0cce9fea65345d899d95b40bf02db82 P 2aeff3d0fc13436a9d6090b9a6aaa6aa [term 1 LEADER]: Becoming Leader. State: Replica: 2aeff3d0fc13436a9d6090b9a6aaa6aa, State: 1, Role: LEADER Watermarks: {Received: term: 0 index: 0 Committed: term: 0 index: 0}
I0721 23:22:22.035867 11926 consensus_queue.cc:145] T d0cce9fea65345d899d95b40bf02db82 P 2aeff3d0fc13436a9d6090b9a6aaa6aa [LEADER]: Queue going to LEADER mode. State: All replicated op: 0.0, Majority replicated op: 0.0, Committed index: 0.0, Last appended: 0.0, Current term: 1, Majority size: 2, State: 1, Mode: LEADER, active raft config: opid_index: -1 peers { permanent_uuid: "2aeff3d0fc13436a9d6090b9a6aaa6aa" member_type: VOTER last_known_addr { host: "127.42.220.0" port: 48563 } } peers { permanent_uuid: "d248c9dacad642be9a5fabec3add151e" member_type: VOTER last_known_addr { host: "127.42.220.1" port: 37489 } } peers { permanent_uuid: "4d5cad21cdbe462d87174e9da291a046" member_type: VOTER last_known_addr { host: "127.42.220.2" port: 37062 } }
I0721 23:22:22.036340 10994 catalog_manager.cc:1856] TS 2aeff3d0fc13436a9d6090b9a6aaa6aa does not have the latest schema for tablet d0cce9fea65345d899d95b40bf02db82 (table test-table [id=41787a805a7a407ca4ef642fee224d02]). Expected version 4 got 0
I0721 23:22:22.036392 10994 catalog_manager.cc:1957] Tablet: d0cce9fea65345d899d95b40bf02db82 reported consensus state change. New consensus state: current_term: 1 leader_uuid: "2aeff3d0fc13436a9d6090b9a6aaa6aa" config { opid_index: -1 peers { permanent_uuid: "2aeff3d0fc13436a9d6090b9a6aaa6aa" member_type: VOTER last_known_addr { host: "127.42.220.0" port: 48563 } } peers { permanent_uuid: "d248c9dacad642be9a5fabec3add151e" member_type: VOTER last_known_addr { host: "127.42.220.1" port: 37489 } } peers { permanent_uuid: "4d5cad21cdbe462d87174e9da291a046" member_type: VOTER last_known_addr { host: "127.42.220.2" port: 37062 } } }
I0721 23:22:22.037040 11331 raft_consensus.cc:869] T d0cce9fea65345d899d95b40bf02db82 P 4d5cad21cdbe462d87174e9da291a046 [term 1 FOLLOWER]: Refusing update from remote peer 2aeff3d0fc13436a9d6090b9a6aaa6aa: Log matching property violated. Preceding OpId in replica: term: 0 index: 0. Preceding OpId from leader: term: 1 index: 2. (index mismatch)
I0721 23:22:22.037058 11555 raft_consensus.cc:869] T d0cce9fea65345d899d95b40bf02db82 P d248c9dacad642be9a5fabec3add151e [term 1 FOLLOWER]: Refusing update from remote peer 2aeff3d0fc13436a9d6090b9a6aaa6aa: Log matching property violated. Preceding OpId in replica: term: 0 index: 0. Preceding OpId from leader: term: 1 index: 2. (index mismatch)
I0721 23:22:22.037132 11926 consensus_queue.cc:578] T d0cce9fea65345d899d95b40bf02db82 P 2aeff3d0fc13436a9d6090b9a6aaa6aa [LEADER]: Connected to new peer: Peer: 4d5cad21cdbe462d87174e9da291a046, Is new: false, Last received: 0.0, Next index: 1, Last known committed idx: 0, Last exchange result: ERROR, Needs remote bootstrap: false
I0721 23:22:22.037175 11927 consensus_queue.cc:578] T d0cce9fea65345d899d95b40bf02db82 P 2aeff3d0fc13436a9d6090b9a6aaa6aa [LEADER]: Connected to new peer: Peer: d248c9dacad642be9a5fabec3add151e, Is new: false, Last received: 0.0, Next index: 1, Last known committed idx: 0, Last exchange result: ERROR, Needs remote bootstrap: false
I0721 23:22:22.037612 10994 catalog_manager.cc:1856] TS 4d5cad21cdbe462d87174e9da291a046 does not have the latest schema for tablet d0cce9fea65345d899d95b40bf02db82 (table test-table [id=41787a805a7a407ca4ef642fee224d02]). Expected version 4 got 0
I0721 23:22:22.037904 10995 catalog_manager.cc:1856] TS d248c9dacad642be9a5fabec3add151e does not have the latest schema for tablet d0cce9fea65345d899d95b40bf02db82 (table test-table [id=41787a805a7a407ca4ef642fee224d02]). Expected version 4 got 0
I0721 23:22:22.038095 11817 tablet.cc:824] T d0cce9fea65345d899d95b40bf02db82 Alter schema from Schema [ 0:key[int32 NOT NULL], 4:c123[int32 NOT NULL], 5:c137[int32 NULLABLE] ] version 0 to Schema [ 0:key[int32 NOT NULL], 4:c123[int32 NOT NULL], 5:c137[int32 NULLABLE] ] version 4
I0721 23:22:22.038154 11930 raft_consensus_state.cc:534] T d0cce9fea65345d899d95b40bf02db82 P 2aeff3d0fc13436a9d6090b9a6aaa6aa [term 1 LEADER]: Advanced the committed_index across terms. Last committed operation was: term: 0 index: 0 New committed index is: term: 1 index: 2
I0721 23:22:22.038923 11645 tablet.cc:824] T d0cce9fea65345d899d95b40bf02db82 Alter schema from Schema [ 0:key[int32 NOT NULL], 4:c123[int32 NOT NULL], 5:c137[int32 NULLABLE] ] version 0 to Schema [ 0:key[int32 NOT NULL], 4:c123[int32 NOT NULL], 5:c137[int32 NULLABLE] ] version 4
I0721 23:22:22.038933 11658 tablet.cc:824] T d0cce9fea65345d899d95b40bf02db82 Alter schema from Schema [ 0:key[int32 NOT NULL], 4:c123[int32 NOT NULL], 5:c137[int32 NULLABLE] ] version 0 to Schema [ 0:key[int32 NOT NULL], 4:c123[int32 NOT NULL], 5:c137[int32 NULLABLE] ] version 4
I0721 23:22:22.039011 11807 tablet.cc:819] T d0cce9fea65345d899d95b40bf02db82 Already running schema version 4 got alter request for version 4
I0721 23:22:22.039110 10994 catalog_manager.cc:1856] TS 4d5cad21cdbe462d87174e9da291a046 does not have the latest schema for tablet d0cce9fea65345d899d95b40bf02db82 (table test-table [id=41787a805a7a407ca4ef642fee224d02]). Expected version 4 got 0
I0721 23:22:22.039757 11842 tablet.cc:819] T d0cce9fea65345d899d95b40bf02db82 Already running schema version 4 got alter request for version 4
I0721 23:22:22.144924 11898 raft_consensus.cc:370] T 9b57343f7776457f86d235d3cfb90b70 P 4d5cad21cdbe462d87174e9da291a046 [term 0 FOLLOWER]: No leader contacted us within the election timeout. Triggering leader election
I0721 23:22:22.144960 11898 raft_consensus.cc:2019] T 9b57343f7776457f86d235d3cfb90b70 P 4d5cad21cdbe462d87174e9da291a046 [term 0 FOLLOWER]: Advancing to term 1
I0721 23:22:22.145454 11898 raft_consensus.cc:1970] T 9b57343f7776457f86d235d3cfb90b70 P 4d5cad21cdbe462d87174e9da291a046 [term 1 FOLLOWER]: Snoozing failure detection for election timeout plus an additional 1.550s
I0721 23:22:22.145529 11898 raft_consensus.cc:386] T 9b57343f7776457f86d235d3cfb90b70 P 4d5cad21cdbe462d87174e9da291a046 [term 1 FOLLOWER]: Starting election with config: opid_index: -1 peers { permanent_uuid: "2aeff3d0fc13436a9d6090b9a6aaa6aa" member_type: VOTER last_known_addr { host: "127.42.220.0" port: 48563 } } peers { permanent_uuid: "d248c9dacad642be9a5fabec3add151e" member_type: VOTER last_known_addr { host: "127.42.220.1" port: 37489 } } peers { permanent_uuid: "4d5cad21cdbe462d87174e9da291a046" member_type: VOTER last_known_addr { host: "127.42.220.2" port: 37062 } }
