I0721 23:22:23.025527 12175 ts_tablet_manager.cc:636] T d8dc71543f874434a91e5a91e720b7b3 P 4d5cad21cdbe462d87174e9da291a046: Time spent bootstrapping tablet: real 0.002s user 0.000s sys 0.000s
I0721 23:22:23.025862 12037 tablet_bootstrap.cc:400] T 1ad8690bd1174f529ca41865f7d98cea P 2aeff3d0fc13436a9d6090b9a6aaa6aa: Deleted tablet blocks from disk
I0721 23:22:23.025976 12175 raft_consensus.cc:269] T d8dc71543f874434a91e5a91e720b7b3 P 4d5cad21cdbe462d87174e9da291a046 [term 0 FOLLOWER]: Replica starting. Triggering 0 pending transactions. Active config: opid_index: -1 peers { permanent_uuid: "2aeff3d0fc13436a9d6090b9a6aaa6aa" member_type: VOTER last_known_addr { host: "127.42.220.0" port: 48563 } } peers { permanent_uuid: "d248c9dacad642be9a5fabec3add151e" member_type: VOTER last_known_addr { host: "127.42.220.1" port: 37489 } } peers { permanent_uuid: "4d5cad21cdbe462d87174e9da291a046" member_type: VOTER last_known_addr { host: "127.42.220.2" port: 37062 } }
I0721 23:22:23.025990 12175 raft_consensus.cc:301] T d8dc71543f874434a91e5a91e720b7b3 P 4d5cad21cdbe462d87174e9da291a046 [term 0 FOLLOWER]: Consensus starting up: Expiring failure detector timer to make a prompt election more likely
I0721 23:22:23.026010 12175 raft_consensus.cc:499] T d8dc71543f874434a91e5a91e720b7b3 P 4d5cad21cdbe462d87174e9da291a046 [term 0 FOLLOWER]: Becoming Follower/Learner. State: Replica: 4d5cad21cdbe462d87174e9da291a046, State: 1, Role: FOLLOWER Watermarks: {Received: term: 0 index: 0 Committed: term: 0 index: 0}
I0721 23:22:23.025995 10982 catalog_manager.cc:2499] TS 2aeff3d0fc13436a9d6090b9a6aaa6aa: tablet 1ad8690bd1174f529ca41865f7d98cea (table test-table [id=41787a805a7a407ca4ef642fee224d02]) successfully deleted
I0721 23:22:23.026020 12175 consensus_queue.cc:162] T d8dc71543f874434a91e5a91e720b7b3 P 4d5cad21cdbe462d87174e9da291a046 [NON_LEADER]: Queue going to NON_LEADER mode. State: All replicated op: 0.0, Majority replicated op: 0.0, Committed index: 0.0, Last appended: 0.0, Current term: 0, Majority size: -1, State: 1, Mode: NON_LEADER
I0721 23:22:23.026034 12178 tablet_bootstrap.cc:400] T d165e55b67964c75b43791cdb2fd98ab P d248c9dacad642be9a5fabec3add151e: No bootstrap required, opened a new log
I0721 23:22:23.026052 12178 ts_tablet_manager.cc:636] T d165e55b67964c75b43791cdb2fd98ab P d248c9dacad642be9a5fabec3add151e: Time spent bootstrapping tablet: real 0.002s user 0.000s sys 0.000s
I0721 23:22:23.026191 12175 ts_tablet_manager.cc:663] T d8dc71543f874434a91e5a91e720b7b3 P 4d5cad21cdbe462d87174e9da291a046: Time spent starting tablet: real 0.001s user 0.000s sys 0.000s
I0721 23:22:23.026208 12175 ts_tablet_manager.cc:631] T d165e55b67964c75b43791cdb2fd98ab P 4d5cad21cdbe462d87174e9da291a046: Bootstrapping tablet
I0721 23:22:23.026263 10984 catalog_manager.cc:2499] TS d248c9dacad642be9a5fabec3add151e: tablet cd48ba26a30f42b4a776b30f67eb48d3 (table test-table [id=41787a805a7a407ca4ef642fee224d02]) successfully deleted
I0721 23:22:23.026298 12040 ts_tablet_manager.cc:765] Registered tablet 8be26ea17cb04d4882ac6cc20f435a0e
I0721 23:22:23.026340 12175 tablet_bootstrap.cc:400] T d165e55b67964c75b43791cdb2fd98ab P 4d5cad21cdbe462d87174e9da291a046: Bootstrap starting.
I0721 23:22:23.026373 12038 ts_tablet_manager.cc:765] Registered tablet d8dc71543f874434a91e5a91e720b7b3
I0721 23:22:23.026425 12175 tablet_bootstrap.cc:563] T d165e55b67964c75b43791cdb2fd98ab P 4d5cad21cdbe462d87174e9da291a046: Time spent opening tablet: real 0.000s user 0.000s sys 0.000s
I0721 23:22:23.026517 12175 tablet_bootstrap.cc:503] T d165e55b67964c75b43791cdb2fd98ab P 4d5cad21cdbe462d87174e9da291a046: No blocks or log segments found. Creating new log.
I0721 23:22:23.026592 12039 ts_tablet_manager.cc:765] Registered tablet 4d01ea135b3e48929ff3ed0d140be9ab
I0721 23:22:23.026654 12000 ts_tablet_manager.cc:631] T 8be26ea17cb04d4882ac6cc20f435a0e P 2aeff3d0fc13436a9d6090b9a6aaa6aa: Bootstrapping tablet
I0721 23:22:23.026818 10994 catalog_manager.cc:1856] TS 4d5cad21cdbe462d87174e9da291a046 does not have the latest schema for tablet d8dc71543f874434a91e5a91e720b7b3 (table test-table [id=41787a805a7a407ca4ef642fee224d02]). Expected version 5 got 0
I0721 23:22:23.026836 12000 tablet_bootstrap.cc:400] T 8be26ea17cb04d4882ac6cc20f435a0e P 2aeff3d0fc13436a9d6090b9a6aaa6aa: Bootstrap starting.
I0721 23:22:23.026929 12000 tablet_bootstrap.cc:563] T 8be26ea17cb04d4882ac6cc20f435a0e P 2aeff3d0fc13436a9d6090b9a6aaa6aa: Time spent opening tablet: real 0.000s user 0.000s sys 0.000s
I0721 23:22:23.027019 12000 tablet_bootstrap.cc:503] T 8be26ea17cb04d4882ac6cc20f435a0e P 2aeff3d0fc13436a9d6090b9a6aaa6aa: No blocks or log segments found. Creating new log.
W0721 23:22:23.027041 10994 catalog_manager.cc:2160] Unable to reset TS proxy: Not found: No leader found: Tablet d8dc71543f874434a91e5a91e720b7b3 consensus state has no leader
W0721 23:22:23.027052 10994 catalog_manager.cc:2770] Failed to send alter table request: Not found: Failed to reset TS proxy: No leader found: Tablet d8dc71543f874434a91e5a91e720b7b3 consensus state has no leader
I0721 23:22:23.027235 12178 raft_consensus.cc:269] T d165e55b67964c75b43791cdb2fd98ab P d248c9dacad642be9a5fabec3add151e [term 0 FOLLOWER]: Replica starting. Triggering 0 pending transactions. Active config: opid_index: -1 peers { permanent_uuid: "d248c9dacad642be9a5fabec3add151e" member_type: VOTER last_known_addr { host: "127.42.220.1" port: 37489 } } peers { permanent_uuid: "2aeff3d0fc13436a9d6090b9a6aaa6aa" member_type: VOTER last_known_addr { host: "127.42.220.0" port: 48563 } } peers { permanent_uuid: "4d5cad21cdbe462d87174e9da291a046" member_type: VOTER last_known_addr { host: "127.42.220.2" port: 37062 } }
I0721 23:22:23.027251 12178 raft_consensus.cc:301] T d165e55b67964c75b43791cdb2fd98ab P d248c9dacad642be9a5fabec3add151e [term 0 FOLLOWER]: Consensus starting up: Expiring failure detector timer to make a prompt election more likely
I0721 23:22:23.027261 12178 raft_consensus.cc:499] T d165e55b67964c75b43791cdb2fd98ab P d248c9dacad642be9a5fabec3add151e [term 0 FOLLOWER]: Becoming Follower/Learner. State: Replica: d248c9dacad642be9a5fabec3add151e, State: 1, Role: FOLLOWER Watermarks: {Received: term: 0 index: 0 Committed: term: 0 index: 0}
I0721 23:22:23.027271 12178 consensus_queue.cc:162] T d165e55b67964c75b43791cdb2fd98ab P d248c9dacad642be9a5fabec3add151e [NON_LEADER]: Queue going to NON_LEADER mode. State: All replicated op: 0.0, Majority replicated op: 0.0, Committed index: 0.0, Last appended: 0.0, Current term: 0, Majority size: -1, State: 1, Mode: NON_LEADER
I0721 23:22:23.027426 12178 ts_tablet_manager.cc:663] T d165e55b67964c75b43791cdb2fd98ab P d248c9dacad642be9a5fabec3add151e: Time spent starting tablet: real 0.001s user 0.000s sys 0.000s
I0721 23:22:23.027441 12178 ts_tablet_manager.cc:631] T 4d01ea135b3e48929ff3ed0d140be9ab P d248c9dacad642be9a5fabec3add151e: Bootstrapping tablet
I0721 23:22:23.027442 12175 tablet_bootstrap.cc:400] T d165e55b67964c75b43791cdb2fd98ab P 4d5cad21cdbe462d87174e9da291a046: No bootstrap required, opened a new log
I0721 23:22:23.027462 12175 ts_tablet_manager.cc:636] T d165e55b67964c75b43791cdb2fd98ab P 4d5cad21cdbe462d87174e9da291a046: Time spent bootstrapping tablet: real 0.001s user 0.000s sys 0.000s
I0721 23:22:23.027597 12178 tablet_bootstrap.cc:400] T 4d01ea135b3e48929ff3ed0d140be9ab P d248c9dacad642be9a5fabec3add151e: Bootstrap starting.
I0721 23:22:23.027698 12178 tablet_bootstrap.cc:563] T 4d01ea135b3e48929ff3ed0d140be9ab P d248c9dacad642be9a5fabec3add151e: Time spent opening tablet: real 0.000s user 0.000s sys 0.000s
I0721 23:22:23.027776 12175 raft_consensus.cc:269] T d165e55b67964c75b43791cdb2fd98ab P 4d5cad21cdbe462d87174e9da291a046 [term 0 FOLLOWER]: Replica starting. Triggering 0 pending transactions. Active config: opid_index: -1 peers { permanent_uuid: "d248c9dacad642be9a5fabec3add151e" member_type: VOTER last_known_addr { host: "127.42.220.1" port: 37489 } } peers { permanent_uuid: "2aeff3d0fc13436a9d6090b9a6aaa6aa" member_type: VOTER last_known_addr { host: "127.42.220.0" port: 48563 } } peers { permanent_uuid: "4d5cad21cdbe462d87174e9da291a046" member_type: VOTER last_known_addr { host: "127.42.220.2" port: 37062 } }
I0721 23:22:23.027788 12175 raft_consensus.cc:301] T d165e55b67964c75b43791cdb2fd98ab P 4d5cad21cdbe462d87174e9da291a046 [term 0 FOLLOWER]: Consensus starting up: Expiring failure detector timer to make a prompt election more likely
I0721 23:22:23.027788 12178 tablet_bootstrap.cc:503] T 4d01ea135b3e48929ff3ed0d140be9ab P d248c9dacad642be9a5fabec3add151e: No blocks or log segments found. Creating new log.
I0721 23:22:23.027797 12175 raft_consensus.cc:499] T d165e55b67964c75b43791cdb2fd98ab P 4d5cad21cdbe462d87174e9da291a046 [term 0 FOLLOWER]: Becoming Follower/Learner. State: Replica: 4d5cad21cdbe462d87174e9da291a046, State: 1, Role: FOLLOWER Watermarks: {Received: term: 0 index: 0 Committed: term: 0 index: 0}
I0721 23:22:23.027808 12175 consensus_queue.cc:162] T d165e55b67964c75b43791cdb2fd98ab P 4d5cad21cdbe462d87174e9da291a046 [NON_LEADER]: Queue going to NON_LEADER mode. State: All replicated op: 0.0, Majority replicated op: 0.0, Committed index: 0.0, Last appended: 0.0, Current term: 0, Majority size: -1, State: 1, Mode: NON_LEADER
I0721 23:22:23.027878 12000 tablet_bootstrap.cc:400] T 8be26ea17cb04d4882ac6cc20f435a0e P 2aeff3d0fc13436a9d6090b9a6aaa6aa: No bootstrap required, opened a new log
I0721 23:22:23.027899 12000 ts_tablet_manager.cc:636] T 8be26ea17cb04d4882ac6cc20f435a0e P 2aeff3d0fc13436a9d6090b9a6aaa6aa: Time spent bootstrapping tablet: real 0.001s user 0.000s sys 0.000s
I0721 23:22:23.027951 12175 ts_tablet_manager.cc:663] T d165e55b67964c75b43791cdb2fd98ab P 4d5cad21cdbe462d87174e9da291a046: Time spent starting tablet: real 0.000s user 0.000s sys 0.000s
I0721 23:22:23.027966 12175 ts_tablet_manager.cc:631] T 4d01ea135b3e48929ff3ed0d140be9ab P 4d5cad21cdbe462d87174e9da291a046: Bootstrapping tablet
I0721 23:22:23.028028 10994 catalog_manager.cc:1856] TS d248c9dacad642be9a5fabec3add151e does not have the latest schema for tablet d165e55b67964c75b43791cdb2fd98ab (table test-table [id=41787a805a7a407ca4ef642fee224d02]). Expected version 5 got 0
I0721 23:22:23.027788 11533 ts_tablet_manager.cc:970] T 1ad8690bd1174f529ca41865f7d98cea P d248c9dacad642be9a5fabec3add151e: Tablet deleted. Last logged OpId: 1.33
I0721 23:22:23.028095 12175 tablet_bootstrap.cc:400] T 4d01ea135b3e48929ff3ed0d140be9ab P 4d5cad21cdbe462d87174e9da291a046: Bootstrap starting.
I0721 23:22:23.028194 12175 tablet_bootstrap.cc:563] T 4d01ea135b3e48929ff3ed0d140be9ab P 4d5cad21cdbe462d87174e9da291a046: Time spent opening tablet: real 0.000s user 0.000s sys 0.000s
I0721 23:22:23.028292 12175 tablet_bootstrap.cc:503] T 4d01ea135b3e48929ff3ed0d140be9ab P 4d5cad21cdbe462d87174e9da291a046: No blocks or log segments found. Creating new log.
I0721 23:22:23.028323 11533 tablet_bootstrap.cc:400] T 1ad8690bd1174f529ca41865f7d98cea P d248c9dacad642be9a5fabec3add151e: Deleted tablet blocks from disk
W0721 23:22:23.028412 10994 catalog_manager.cc:2160] Unable to reset TS proxy: Not found: No leader found: Tablet d165e55b67964c75b43791cdb2fd98ab consensus state has no leader
W0721 23:22:23.028424 10994 catalog_manager.cc:2770] Failed to send alter table request: Not found: Failed to reset TS proxy: No leader found: Tablet d165e55b67964c75b43791cdb2fd98ab consensus state has no leader
I0721 23:22:23.028424 10996 catalog_manager.cc:1856] TS 4d5cad21cdbe462d87174e9da291a046 does not have the latest schema for tablet d165e55b67964c75b43791cdb2fd98ab (table test-table [id=41787a805a7a407ca4ef642fee224d02]). Expected version 5 got 0
I0721 23:22:23.028542 10984 catalog_manager.cc:2499] TS d248c9dacad642be9a5fabec3add151e: tablet 1ad8690bd1174f529ca41865f7d98cea (table test-table [id=41787a805a7a407ca4ef642fee224d02]) successfully deleted
I0721 23:22:23.028602 12000 raft_consensus.cc:269] T 8be26ea17cb04d4882ac6cc20f435a0e P 2aeff3d0fc13436a9d6090b9a6aaa6aa [term 0 FOLLOWER]: Replica starting. Triggering 0 pending transactions. Active config: opid_index: -1 peers { permanent_uuid: "2aeff3d0fc13436a9d6090b9a6aaa6aa" member_type: VOTER last_known_addr { host: "127.42.220.0" port: 48563 } } peers { permanent_uuid: "d248c9dacad642be9a5fabec3add151e" member_type: VOTER last_known_addr { host: "127.42.220.1" port: 37489 } } peers { permanent_uuid: "4d5cad21cdbe462d87174e9da291a046" member_type: VOTER last_known_addr { host: "127.42.220.2" port: 37062 } }
I0721 23:22:23.028615 12000 raft_consensus.cc:301] T 8be26ea17cb04d4882ac6cc20f435a0e P 2aeff3d0fc13436a9d6090b9a6aaa6aa [term 0 FOLLOWER]: Consensus starting up: Expiring failure detector timer to make a prompt election more likely
I0721 23:22:23.028625 12000 raft_consensus.cc:499] T 8be26ea17cb04d4882ac6cc20f435a0e P 2aeff3d0fc13436a9d6090b9a6aaa6aa [term 0 FOLLOWER]: Becoming Follower/Learner. State: Replica: 2aeff3d0fc13436a9d6090b9a6aaa6aa, State: 1, Role: FOLLOWER Watermarks: {Received: term: 0 index: 0 Committed: term: 0 index: 0}
I0721 23:22:23.028635 12000 consensus_queue.cc:162] T 8be26ea17cb04d4882ac6cc20f435a0e P 2aeff3d0fc13436a9d6090b9a6aaa6aa [NON_LEADER]: Queue going to NON_LEADER mode. State: All replicated op: 0.0, Majority replicated op: 0.0, Committed index: 0.0, Last appended: 0.0, Current term: 0, Majority size: -1, State: 1, Mode: NON_LEADER
I0721 23:22:23.028810 12000 ts_tablet_manager.cc:663] T 8be26ea17cb04d4882ac6cc20f435a0e P 2aeff3d0fc13436a9d6090b9a6aaa6aa: Time spent starting tablet: real 0.001s user 0.000s sys 0.000s
I0721 23:22:23.028841 12000 ts_tablet_manager.cc:631] T d8dc71543f874434a91e5a91e720b7b3 P 2aeff3d0fc13436a9d6090b9a6aaa6aa: Bootstrapping tablet
W0721 23:22:23.028843 10996 catalog_manager.cc:2160] Unable to reset TS proxy: Not found: No leader found: Tablet d165e55b67964c75b43791cdb2fd98ab consensus state has no leader
W0721 23:22:23.028858 10996 catalog_manager.cc:2770] Failed to send alter table request: Not found: Failed to reset TS proxy: No leader found: Tablet d165e55b67964c75b43791cdb2fd98ab consensus state has no leader
I0721 23:22:23.028890 12178 tablet_bootstrap.cc:400] T 4d01ea135b3e48929ff3ed0d140be9ab P d248c9dacad642be9a5fabec3add151e: No bootstrap required, opened a new log
I0721 23:22:23.028931 12178 ts_tablet_manager.cc:636] T 4d01ea135b3e48929ff3ed0d140be9ab P d248c9dacad642be9a5fabec3add151e: Time spent bootstrapping tablet: real 0.001s user 0.000s sys 0.000s
I0721 23:22:23.028987 12000 tablet_bootstrap.cc:400] T d8dc71543f874434a91e5a91e720b7b3 P 2aeff3d0fc13436a9d6090b9a6aaa6aa: Bootstrap starting.
I0721 23:22:23.029072 10996 catalog_manager.cc:1856] TS 4d5cad21cdbe462d87174e9da291a046 does not have the latest schema for tablet d165e55b67964c75b43791cdb2fd98ab (table test-table [id=41787a805a7a407ca4ef642fee224d02]). Expected version 5 got 0
I0721 23:22:23.029160 10994 catalog_manager.cc:1856] TS 2aeff3d0fc13436a9d6090b9a6aaa6aa does not have the latest schema for tablet 8be26ea17cb04d4882ac6cc20f435a0e (table test-table [id=41787a805a7a407ca4ef642fee224d02]). Expected version 5 got 0
I0721 23:22:23.029229 12175 tablet_bootstrap.cc:400] T 4d01ea135b3e48929ff3ed0d140be9ab P 4d5cad21cdbe462d87174e9da291a046: No bootstrap required, opened a new log
I0721 23:22:23.029247 12175 ts_tablet_manager.cc:636] T 4d01ea135b3e48929ff3ed0d140be9ab P 4d5cad21cdbe462d87174e9da291a046: Time spent bootstrapping tablet: real 0.001s user 0.004s sys 0.000s
I0721 23:22:23.029255 12000 tablet_bootstrap.cc:563] T d8dc71543f874434a91e5a91e720b7b3 P 2aeff3d0fc13436a9d6090b9a6aaa6aa: Time spent opening tablet: real 0.000s user 0.000s sys 0.000s
I0721 23:22:23.029279 12178 raft_consensus.cc:269] T 4d01ea135b3e48929ff3ed0d140be9ab P d248c9dacad642be9a5fabec3add151e [term 0 FOLLOWER]: Replica starting. Triggering 0 pending transactions. Active config: opid_index: -1 peers { permanent_uuid: "2aeff3d0fc13436a9d6090b9a6aaa6aa" member_type: VOTER last_known_addr { host: "127.42.220.0" port: 48563 } } peers { permanent_uuid: "d248c9dacad642be9a5fabec3add151e" member_type: VOTER last_known_addr { host: "127.42.220.1" port: 37489 } } peers { permanent_uuid: "4d5cad21cdbe462d87174e9da291a046" member_type: VOTER last_known_addr { host: "127.42.220.2" port: 37062 } }
I0721 23:22:23.029294 12178 raft_consensus.cc:301] T 4d01ea135b3e48929ff3ed0d140be9ab P d248c9dacad642be9a5fabec3add151e [term 0 FOLLOWER]: Consensus starting up: Expiring failure detector timer to make a prompt election more likely
I0721 23:22:23.029304 12178 raft_consensus.cc:499] T 4d01ea135b3e48929ff3ed0d140be9ab P d248c9dacad642be9a5fabec3add151e [term 0 FOLLOWER]: Becoming Follower/Learner. State: Replica: d248c9dacad642be9a5fabec3add151e, State: 1, Role: FOLLOWER Watermarks: {Received: term: 0 index: 0 Committed: term: 0 index: 0}
I0721 23:22:23.029315 12178 consensus_queue.cc:162] T 4d01ea135b3e48929ff3ed0d140be9ab P d248c9dacad642be9a5fabec3add151e [NON_LEADER]: Queue going to NON_LEADER mode. State: All replicated op: 0.0, Majority replicated op: 0.0, Committed index: 0.0, Last appended: 0.0, Current term: 0, Majority size: -1, State: 1, Mode: NON_LEADER
I0721 23:22:23.029352 12000 tablet_bootstrap.cc:503] T d8dc71543f874434a91e5a91e720b7b3 P 2aeff3d0fc13436a9d6090b9a6aaa6aa: No blocks or log segments found. Creating new log.
I0721 23:22:23.029561 12178 ts_tablet_manager.cc:663] T 4d01ea135b3e48929ff3ed0d140be9ab P d248c9dacad642be9a5fabec3add151e: Time spent starting tablet: real 0.001s user 0.000s sys 0.000s
I0721 23:22:23.029578 12178 ts_tablet_manager.cc:631] T d8dc71543f874434a91e5a91e720b7b3 P d248c9dacad642be9a5fabec3add151e: Bootstrapping tablet
I0721 23:22:23.029579 12175 raft_consensus.cc:269] T 4d01ea135b3e48929ff3ed0d140be9ab P 4d5cad21cdbe462d87174e9da291a046 [term 0 FOLLOWER]: Replica starting. Triggering 0 pending transactions. Active config: opid_index: -1 peers { permanent_uuid: "2aeff3d0fc13436a9d6090b9a6aaa6aa" member_type: VOTER last_known_addr { host: "127.42.220.0" port: 48563 } } peers { permanent_uuid: "d248c9dacad642be9a5fabec3add151e" member_type: VOTER last_known_addr { host: "127.42.220.1" port: 37489 } } peers { permanent_uuid: "4d5cad21cdbe462d87174e9da291a046" member_type: VOTER last_known_addr { host: "127.42.220.2" port: 37062 } }
I0721 23:22:23.029592 12175 raft_consensus.cc:301] T 4d01ea135b3e48929ff3ed0d140be9ab P 4d5cad21cdbe462d87174e9da291a046 [term 0 FOLLOWER]: Consensus starting up: Expiring failure detector timer to make a prompt election more likely
I0721 23:22:23.029602 12175 raft_consensus.cc:499] T 4d01ea135b3e48929ff3ed0d140be9ab P 4d5cad21cdbe462d87174e9da291a046 [term 0 FOLLOWER]: Becoming Follower/Learner. State: Replica: 4d5cad21cdbe462d87174e9da291a046, State: 1, Role: FOLLOWER Watermarks: {Received: term: 0 index: 0 Committed: term: 0 index: 0}
I0721 23:22:23.029613 12175 consensus_queue.cc:162] T 4d01ea135b3e48929ff3ed0d140be9ab P 4d5cad21cdbe462d87174e9da291a046 [NON_LEADER]: Queue going to NON_LEADER mode. State: All replicated op: 0.0, Majority replicated op: 0.0, Committed index: 0.0, Last appended: 0.0, Current term: 0, Majority size: -1, State: 1, Mode: NON_LEADER
W0721 23:22:23.029669 10994 catalog_manager.cc:2160] Unable to reset TS proxy: Not found: No leader found: Tablet 8be26ea17cb04d4882ac6cc20f435a0e consensus state has no leader
W0721 23:22:23.029678 10994 catalog_manager.cc:2770] Failed to send alter table request: Not found: Failed to reset TS proxy: No leader found: Tablet 8be26ea17cb04d4882ac6cc20f435a0e consensus state has no leader
I0721 23:22:23.029711 12178 tablet_bootstrap.cc:400] T d8dc71543f874434a91e5a91e720b7b3 P d248c9dacad642be9a5fabec3add151e: Bootstrap starting.
W0721 23:22:23.029722 10996 catalog_manager.cc:2160] Unable to reset TS proxy: Not found: No leader found: Tablet d165e55b67964c75b43791cdb2fd98ab consensus state has no leader
W0721 23:22:23.029731 10996 catalog_manager.cc:2770] Failed to send alter table request: Not found: Failed to reset TS proxy: No leader found: Tablet d165e55b67964c75b43791cdb2fd98ab consensus state has no leader
I0721 23:22:23.029815 12178 tablet_bootstrap.cc:563] T d8dc71543f874434a91e5a91e720b7b3 P d248c9dacad642be9a5fabec3add151e: Time spent opening tablet: real 0.000s user 0.000s sys 0.000s
I0721 23:22:23.029925 12178 tablet_bootstrap.cc:503] T d8dc71543f874434a91e5a91e720b7b3 P d248c9dacad642be9a5fabec3add151e: No blocks or log segments found. Creating new log.
I0721 23:22:23.030158 12175 ts_tablet_manager.cc:663] T 4d01ea135b3e48929ff3ed0d140be9ab P 4d5cad21cdbe462d87174e9da291a046: Time spent starting tablet: real 0.001s user 0.000s sys 0.000s
I0721 23:22:23.030165 10996 catalog_manager.cc:1856] TS d248c9dacad642be9a5fabec3add151e does not have the latest schema for tablet 4d01ea135b3e48929ff3ed0d140be9ab (table test-table [id=41787a805a7a407ca4ef642fee224d02]). Expected version 5 got 0
I0721 23:22:23.030261 12000 tablet_bootstrap.cc:400] T d8dc71543f874434a91e5a91e720b7b3 P 2aeff3d0fc13436a9d6090b9a6aaa6aa: No bootstrap required, opened a new log
I0721 23:22:23.030278 12000 ts_tablet_manager.cc:636] T d8dc71543f874434a91e5a91e720b7b3 P 2aeff3d0fc13436a9d6090b9a6aaa6aa: Time spent bootstrapping tablet: real 0.001s user 0.000s sys 0.004s
I0721 23:22:23.030350 10994 catalog_manager.cc:1856] TS 4d5cad21cdbe462d87174e9da291a046 does not have the latest schema for tablet 4d01ea135b3e48929ff3ed0d140be9ab (table test-table [id=41787a805a7a407ca4ef642fee224d02]). Expected version 5 got 0
W0721 23:22:23.030350 10996 catalog_manager.cc:2160] Unable to reset TS proxy: Not found: No leader found: Tablet 4d01ea135b3e48929ff3ed0d140be9ab consensus state has no leader
W0721 23:22:23.030401 10996 catalog_manager.cc:2770] Failed to send alter table request: Not found: Failed to reset TS proxy: No leader found: Tablet 4d01ea135b3e48929ff3ed0d140be9ab consensus state has no leader
I0721 23:22:23.030575 12000 raft_consensus.cc:269] T d8dc71543f874434a91e5a91e720b7b3 P 2aeff3d0fc13436a9d6090b9a6aaa6aa [term 0 FOLLOWER]: Replica starting. Triggering 0 pending transactions. Active config: opid_index: -1 peers { permanent_uuid: "2aeff3d0fc13436a9d6090b9a6aaa6aa" member_type: VOTER last_known_addr { host: "127.42.220.0" port: 48563 } } peers { permanent_uuid: "d248c9dacad642be9a5fabec3add151e" member_type: VOTER last_known_addr { host: "127.42.220.1" port: 37489 } } peers { permanent_uuid: "4d5cad21cdbe462d87174e9da291a046" member_type: VOTER last_known_addr { host: "127.42.220.2" port: 37062 } }
I0721 23:22:23.030586 12000 raft_consensus.cc:301] T d8dc71543f874434a91e5a91e720b7b3 P 2aeff3d0fc13436a9d6090b9a6aaa6aa [term 0 FOLLOWER]: Consensus starting up: Expiring failure detector timer to make a prompt election more likely
I0721 23:22:23.030596 12000 raft_consensus.cc:499] T d8dc71543f874434a91e5a91e720b7b3 P 2aeff3d0fc13436a9d6090b9a6aaa6aa [term 0 FOLLOWER]: Becoming Follower/Learner. State: Replica: 2aeff3d0fc13436a9d6090b9a6aaa6aa, State: 1, Role: FOLLOWER Watermarks: {Received: term: 0 index: 0 Committed: term: 0 index: 0}
I0721 23:22:23.030606 12000 consensus_queue.cc:162] T d8dc71543f874434a91e5a91e720b7b3 P 2aeff3d0fc13436a9d6090b9a6aaa6aa [NON_LEADER]: Queue going to NON_LEADER mode. State: All replicated op: 0.0, Majority replicated op: 0.0, Committed index: 0.0, Last appended: 0.0, Current term: 0, Majority size: -1, State: 1, Mode: NON_LEADER
W0721 23:22:23.030648 10994 catalog_manager.cc:2160] Unable to reset TS proxy: Not found: No leader found: Tablet 4d01ea135b3e48929ff3ed0d140be9ab consensus state has no leader
W0721 23:22:23.030658 10994 catalog_manager.cc:2770] Failed to send alter table request: Not found: Failed to reset TS proxy: No leader found: Tablet 4d01ea135b3e48929ff3ed0d140be9ab consensus state has no leader
I0721 23:22:23.030753 12000 ts_tablet_manager.cc:663] T d8dc71543f874434a91e5a91e720b7b3 P 2aeff3d0fc13436a9d6090b9a6aaa6aa: Time spent starting tablet: real 0.000s user 0.000s sys 0.000s
I0721 23:22:23.030774 12000 ts_tablet_manager.cc:631] T 4d01ea135b3e48929ff3ed0d140be9ab P 2aeff3d0fc13436a9d6090b9a6aaa6aa: Bootstrapping tablet
I0721 23:22:23.030864 12178 tablet_bootstrap.cc:400] T d8dc71543f874434a91e5a91e720b7b3 P d248c9dacad642be9a5fabec3add151e: No bootstrap required, opened a new log
I0721 23:22:23.030884 12000 tablet_bootstrap.cc:400] T 4d01ea135b3e48929ff3ed0d140be9ab P 2aeff3d0fc13436a9d6090b9a6aaa6aa: Bootstrap starting.
I0721 23:22:23.030890 12178 ts_tablet_manager.cc:636] T d8dc71543f874434a91e5a91e720b7b3 P d248c9dacad642be9a5fabec3add151e: Time spent bootstrapping tablet: real 0.001s user 0.000s sys 0.000s
I0721 23:22:23.030953 12000 tablet_bootstrap.cc:563] T 4d01ea135b3e48929ff3ed0d140be9ab P 2aeff3d0fc13436a9d6090b9a6aaa6aa: Time spent opening tablet: real 0.000s user 0.000s sys 0.000s
I0721 23:22:23.031046 12000 tablet_bootstrap.cc:503] T 4d01ea135b3e48929ff3ed0d140be9ab P 2aeff3d0fc13436a9d6090b9a6aaa6aa: No blocks or log segments found. Creating new log.
I0721 23:22:23.031162 10994 catalog_manager.cc:1856] TS 2aeff3d0fc13436a9d6090b9a6aaa6aa does not have the latest schema for tablet d8dc71543f874434a91e5a91e720b7b3 (table test-table [id=41787a805a7a407ca4ef642fee224d02]). Expected version 5 got 0
I0721 23:22:23.031174 12178 raft_consensus.cc:269] T d8dc71543f874434a91e5a91e720b7b3 P d248c9dacad642be9a5fabec3add151e [term 0 FOLLOWER]: Replica starting. Triggering 0 pending transactions. Active config: opid_index: -1 peers { permanent_uuid: "2aeff3d0fc13436a9d6090b9a6aaa6aa" member_type: VOTER last_known_addr { host: "127.42.220.0" port: 48563 } } peers { permanent_uuid: "d248c9dacad642be9a5fabec3add151e" member_type: VOTER last_known_addr { host: "127.42.220.1" port: 37489 } } peers { permanent_uuid: "4d5cad21cdbe462d87174e9da291a046" member_type: VOTER last_known_addr { host: "127.42.220.2" port: 37062 } }
I0721 23:22:23.031186 12178 raft_consensus.cc:301] T d8dc71543f874434a91e5a91e720b7b3 P d248c9dacad642be9a5fabec3add151e [term 0 FOLLOWER]: Consensus starting up: Expiring failure detector timer to make a prompt election more likely
I0721 23:22:23.031196 12178 raft_consensus.cc:499] T d8dc71543f874434a91e5a91e720b7b3 P d248c9dacad642be9a5fabec3add151e [term 0 FOLLOWER]: Becoming Follower/Learner. State: Replica: d248c9dacad642be9a5fabec3add151e, State: 1, Role: FOLLOWER Watermarks: {Received: term: 0 index: 0 Committed: term: 0 index: 0}
I0721 23:22:23.031215 12178 consensus_queue.cc:162] T d8dc71543f874434a91e5a91e720b7b3 P d248c9dacad642be9a5fabec3add151e [NON_LEADER]: Queue going to NON_LEADER mode. State: All replicated op: 0.0, Majority replicated op: 0.0, Committed index: 0.0, Last appended: 0.0, Current term: 0, Majority size: -1, State: 1, Mode: NON_LEADER
W0721 23:22:23.031375 10994 catalog_manager.cc:2160] Unable to reset TS proxy: Not found: No leader found: Tablet d8dc71543f874434a91e5a91e720b7b3 consensus state has no leader
W0721 23:22:23.031391 10994 catalog_manager.cc:2770] Failed to send alter table request: Not found: Failed to reset TS proxy: No leader found: Tablet d8dc71543f874434a91e5a91e720b7b3 consensus state has no leader
I0721 23:22:23.031401 12178 ts_tablet_manager.cc:663] T d8dc71543f874434a91e5a91e720b7b3 P d248c9dacad642be9a5fabec3add151e: Time spent starting tablet: real 0.000s user 0.000s sys 0.000s
I0721 23:22:23.031421 12178 ts_tablet_manager.cc:631] T 8be26ea17cb04d4882ac6cc20f435a0e P d248c9dacad642be9a5fabec3add151e: Bootstrapping tablet
I0721 23:22:23.031539 12000 tablet_bootstrap.cc:400] T 4d01ea135b3e48929ff3ed0d140be9ab P 2aeff3d0fc13436a9d6090b9a6aaa6aa: No bootstrap required, opened a new log
I0721 23:22:23.031550 12178 tablet_bootstrap.cc:400] T 8be26ea17cb04d4882ac6cc20f435a0e P d248c9dacad642be9a5fabec3add151e: Bootstrap starting.
I0721 23:22:23.031563 12000 ts_tablet_manager.cc:636] T 4d01ea135b3e48929ff3ed0d140be9ab P 2aeff3d0fc13436a9d6090b9a6aaa6aa: Time spent bootstrapping tablet: real 0.001s user 0.000s sys 0.000s
I0721 23:22:23.031628 12178 tablet_bootstrap.cc:563] T 8be26ea17cb04d4882ac6cc20f435a0e P d248c9dacad642be9a5fabec3add151e: Time spent opening tablet: real 0.000s user 0.000s sys 0.000s
I0721 23:22:23.031728 12178 tablet_bootstrap.cc:503] T 8be26ea17cb04d4882ac6cc20f435a0e P d248c9dacad642be9a5fabec3add151e: No blocks or log segments found. Creating new log.
I0721 23:22:23.031965 10994 catalog_manager.cc:1856] TS d248c9dacad642be9a5fabec3add151e does not have the latest schema for tablet d8dc71543f874434a91e5a91e720b7b3 (table test-table [id=41787a805a7a407ca4ef642fee224d02]). Expected version 5 got 0
I0721 23:22:23.031991 12000 raft_consensus.cc:269] T 4d01ea135b3e48929ff3ed0d140be9ab P 2aeff3d0fc13436a9d6090b9a6aaa6aa [term 0 FOLLOWER]: Replica starting. Triggering 0 pending transactions. Active config: opid_index: -1 peers { permanent_uuid: "2aeff3d0fc13436a9d6090b9a6aaa6aa" member_type: VOTER last_known_addr { host: "127.42.220.0" port: 48563 } } peers { permanent_uuid: "d248c9dacad642be9a5fabec3add151e" member_type: VOTER last_known_addr { host: "127.42.220.1" port: 37489 } } peers { permanent_uuid: "4d5cad21cdbe462d87174e9da291a046" member_type: VOTER last_known_addr { host: "127.42.220.2" port: 37062 } }
I0721 23:22:23.032004 12000 raft_consensus.cc:301] T 4d01ea135b3e48929ff3ed0d140be9ab P 2aeff3d0fc13436a9d6090b9a6aaa6aa [term 0 FOLLOWER]: Consensus starting up: Expiring failure detector timer to make a prompt election more likely
I0721 23:22:23.032014 12000 raft_consensus.cc:499] T 4d01ea135b3e48929ff3ed0d140be9ab P 2aeff3d0fc13436a9d6090b9a6aaa6aa [term 0 FOLLOWER]: Becoming Follower/Learner. State: Replica: 2aeff3d0fc13436a9d6090b9a6aaa6aa, State: 1, Role: FOLLOWER Watermarks: {Received: term: 0 index: 0 Committed: term: 0 index: 0}
I0721 23:22:23.032024 12000 consensus_queue.cc:162] T 4d01ea135b3e48929ff3ed0d140be9ab P 2aeff3d0fc13436a9d6090b9a6aaa6aa [NON_LEADER]: Queue going to NON_LEADER mode. State: All replicated op: 0.0, Majority replicated op: 0.0, Committed index: 0.0, Last appended: 0.0, Current term: 0, Majority size: -1, State: 1, Mode: NON_LEADER
W0721 23:22:23.032178 10994 catalog_manager.cc:2160] Unable to reset TS proxy: Not found: No leader found: Tablet d8dc71543f874434a91e5a91e720b7b3 consensus state has no leader
W0721 23:22:23.032202 10994 catalog_manager.cc:2770] Failed to send alter table request: Not found: Failed to reset TS proxy: No leader found: Tablet d8dc71543f874434a91e5a91e720b7b3 consensus state has no leader
I0721 23:22:23.032196 12000 ts_tablet_manager.cc:663] T 4d01ea135b3e48929ff3ed0d140be9ab P 2aeff3d0fc13436a9d6090b9a6aaa6aa: Time spent starting tablet: real 0.001s user 0.000s sys 0.000s
I0721 23:22:23.032246 12178 tablet_bootstrap.cc:400] T 8be26ea17cb04d4882ac6cc20f435a0e P d248c9dacad642be9a5fabec3add151e: No bootstrap required, opened a new log
I0721 23:22:23.032266 12178 ts_tablet_manager.cc:636] T 8be26ea17cb04d4882ac6cc20f435a0e P d248c9dacad642be9a5fabec3add151e: Time spent bootstrapping tablet: real 0.001s user 0.004s sys 0.000s
I0721 23:22:23.032332 10994 catalog_manager.cc:1856] TS 2aeff3d0fc13436a9d6090b9a6aaa6aa does not have the latest schema for tablet 4d01ea135b3e48929ff3ed0d140be9ab (table test-table [id=41787a805a7a407ca4ef642fee224d02]). Expected version 5 got 0
W0721 23:22:23.032523 10994 catalog_manager.cc:2160] Unable to reset TS proxy: Not found: No leader found: Tablet 4d01ea135b3e48929ff3ed0d140be9ab consensus state has no leader
I0721 23:22:23.032531 12178 raft_consensus.cc:269] T 8be26ea17cb04d4882ac6cc20f435a0e P d248c9dacad642be9a5fabec3add151e [term 0 FOLLOWER]: Replica starting. Triggering 0 pending transactions. Active config: opid_index: -1 peers { permanent_uuid: "2aeff3d0fc13436a9d6090b9a6aaa6aa" member_type: VOTER last_known_addr { host: "127.42.220.0" port: 48563 } } peers { permanent_uuid: "d248c9dacad642be9a5fabec3add151e" member_type: VOTER last_known_addr { host: "127.42.220.1" port: 37489 } } peers { permanent_uuid: "4d5cad21cdbe462d87174e9da291a046" member_type: VOTER last_known_addr { host: "127.42.220.2" port: 37062 } }
W0721 23:22:23.032541 10994 catalog_manager.cc:2770] Failed to send alter table request: Not found: Failed to reset TS proxy: No leader found: Tablet 4d01ea135b3e48929ff3ed0d140be9ab consensus state has no leader
I0721 23:22:23.032558 12178 raft_consensus.cc:301] T 8be26ea17cb04d4882ac6cc20f435a0e P d248c9dacad642be9a5fabec3add151e [term 0 FOLLOWER]: Consensus starting up: Expiring failure detector timer to make a prompt election more likely
I0721 23:22:23.032568 12178 raft_consensus.cc:499] T 8be26ea17cb04d4882ac6cc20f435a0e P d248c9dacad642be9a5fabec3add151e [term 0 FOLLOWER]: Becoming Follower/Learner. State: Replica: d248c9dacad642be9a5fabec3add151e, State: 1, Role: FOLLOWER Watermarks: {Received: term: 0 index: 0 Committed: term: 0 index: 0}
I0721 23:22:23.032578 12178 consensus_queue.cc:162] T 8be26ea17cb04d4882ac6cc20f435a0e P d248c9dacad642be9a5fabec3add151e [NON_LEADER]: Queue going to NON_LEADER mode. State: All replicated op: 0.0, Majority replicated op: 0.0, Committed index: 0.0, Last appended: 0.0, Current term: 0, Majority size: -1, State: 1, Mode: NON_LEADER
I0721 23:22:23.032588 10994 catalog_manager.cc:1856] TS d248c9dacad642be9a5fabec3add151e does not have the latest schema for tablet d8dc71543f874434a91e5a91e720b7b3 (table test-table [id=41787a805a7a407ca4ef642fee224d02]). Expected version 5 got 0
I0721 23:22:23.032822 12178 ts_tablet_manager.cc:663] T 8be26ea17cb04d4882ac6cc20f435a0e P d248c9dacad642be9a5fabec3add151e: Time spent starting tablet: real 0.001s user 0.000s sys 0.000s
W0721 23:22:23.032866 10994 catalog_manager.cc:2160] Unable to reset TS proxy: Not found: No leader found: Tablet d8dc71543f874434a91e5a91e720b7b3 consensus state has no leader
W0721 23:22:23.032876 10994 catalog_manager.cc:2770] Failed to send alter table request: Not found: Failed to reset TS proxy: No leader found: Tablet d8dc71543f874434a91e5a91e720b7b3 consensus state has no leader
I0721 23:22:23.032934 10994 catalog_manager.cc:1856] TS 2aeff3d0fc13436a9d6090b9a6aaa6aa does not have the latest schema for tablet 4d01ea135b3e48929ff3ed0d140be9ab (table test-table [id=41787a805a7a407ca4ef642fee224d02]). Expected version 5 got 0
I0721 23:22:23.033061 10996 catalog_manager.cc:1856] TS d248c9dacad642be9a5fabec3add151e does not have the latest schema for tablet 8be26ea17cb04d4882ac6cc20f435a0e (table test-table [id=41787a805a7a407ca4ef642fee224d02]). Expected version 5 got 0
W0721 23:22:23.033110 10994 catalog_manager.cc:2160] Unable to reset TS proxy: Not found: No leader found: Tablet 4d01ea135b3e48929ff3ed0d140be9ab consensus state has no leader
W0721 23:22:23.033124 10994 catalog_manager.cc:2770] Failed to send alter table request: Not found: Failed to reset TS proxy: No leader found: Tablet 4d01ea135b3e48929ff3ed0d140be9ab consensus state has no leader
W0721 23:22:23.033239 10996 catalog_manager.cc:2160] Unable to reset TS proxy: Not found: No leader found: Tablet 8be26ea17cb04d4882ac6cc20f435a0e consensus state has no leader
W0721 23:22:23.033253 10996 catalog_manager.cc:2770] Failed to send alter table request: Not found: Failed to reset TS proxy: No leader found: Tablet 8be26ea17cb04d4882ac6cc20f435a0e consensus state has no leader
I0721 23:22:23.035281 11993 tablet.cc:1450] T b2671d47f6ac4321a3daf62b2de4d3c2 Compaction: stage 1 complete, picked 2 rowsets to compact
I0721 23:22:23.035295 11993 compaction.cc:588] Selected 2 rowsets to compact:
I0721 23:22:23.035300 11993 compaction.cc:591] RowSet(0)(current size on disk: ~139 bytes)
I0721 23:22:23.035301 11993 compaction.cc:591] RowSet(2)(current size on disk: ~364 bytes)
I0721 23:22:23.035305 11993 tablet.cc:1238] T b2671d47f6ac4321a3daf62b2de4d3c2 Compaction: entering phase 1 (flushing snapshot). Phase 1 snapshot: MvccSnapshot[committed={T|T < 6017611130662445056 or (T in {6017611130662445056})}]
I0721 23:22:23.035374 11993 multi_column_writer.cc:85] Opened CFile writer for column key[int32 NOT NULL]
I0721 23:22:23.035404 11993 multi_column_writer.cc:85] Opened CFile writer for column c137[int32 NULLABLE]
I0721 23:22:23.035812 11993 tablet.cc:1318] T b2671d47f6ac4321a3daf62b2de4d3c2 Compaction: entering phase 2 (starting to duplicate updates in new rowsets)
I0721 23:22:23.035835 11993 tablet.cc:1373] T b2671d47f6ac4321a3daf62b2de4d3c2 Compaction Phase 2: carrying over any updates which arrived during Phase 1
I0721 23:22:23.035838 11993 tablet.cc:1375] T b2671d47f6ac4321a3daf62b2de4d3c2 Phase 2 snapshot: MvccSnapshot[committed={T|T < 6017611130662445056 or (T in {6017611130662445056})}]
I0721 23:22:23.036257 11993 tablet.cc:1416] T b2671d47f6ac4321a3daf62b2de4d3c2 Compaction successful on 4 rows (4265 bytes)
I0721 23:22:23.036380 11993 maintenance_manager.cc:353] Time spent running CompactRowSetsOp(b2671d47f6ac4321a3daf62b2de4d3c2): real 0.001s user 0.000s sys 0.000s
I0721 23:22:23.468039 12219 raft_consensus.cc:370] T 4d01ea135b3e48929ff3ed0d140be9ab P 2aeff3d0fc13436a9d6090b9a6aaa6aa [term 0 FOLLOWER]: No leader contacted us within the election timeout. Triggering leader election
I0721 23:22:23.468075 12219 raft_consensus.cc:2019] T 4d01ea135b3e48929ff3ed0d140be9ab P 2aeff3d0fc13436a9d6090b9a6aaa6aa [term 0 FOLLOWER]: Advancing to term 1
I0721 23:22:23.468468 12219 raft_consensus.cc:1970] T 4d01ea135b3e48929ff3ed0d140be9ab P 2aeff3d0fc13436a9d6090b9a6aaa6aa [term 1 FOLLOWER]: Snoozing failure detection for election timeout plus an additional 1.592s
I0721 23:22:23.468513 12219 raft_consensus.cc:386] T 4d01ea135b3e48929ff3ed0d140be9ab P 2aeff3d0fc13436a9d6090b9a6aaa6aa [term 1 FOLLOWER]: Starting election with config: opid_index: -1 peers { permanent_uuid: "2aeff3d0fc13436a9d6090b9a6aaa6aa" member_type: VOTER last_known_addr { host: "127.42.220.0" port: 48563 } } peers { permanent_uuid: "d248c9dacad642be9a5fabec3add151e" member_type: VOTER last_known_addr { host: "127.42.220.1" port: 37489 } } peers { permanent_uuid: "4d5cad21cdbe462d87174e9da291a046" member_type: VOTER last_known_addr { host: "127.42.220.2" port: 37062 } }
I0721 23:22:23.469347 12219 leader_election.cc:223] T 4d01ea135b3e48929ff3ed0d140be9ab P 2aeff3d0fc13436a9d6090b9a6aaa6aa [CANDIDATE]: Term 1 election: Requesting vote from peer d248c9dacad642be9a5fabec3add151e
I0721 23:22:23.469383 12219 leader_election.cc:223] T 4d01ea135b3e48929ff3ed0d140be9ab P 2aeff3d0fc13436a9d6090b9a6aaa6aa [CANDIDATE]: Term 1 election: Requesting vote from peer 4d5cad21cdbe462d87174e9da291a046
I0721 23:22:23.470257 11331 raft_consensus.cc:2019] T 4d01ea135b3e48929ff3ed0d140be9ab P 4d5cad21cdbe462d87174e9da291a046 [term 0 FOLLOWER]: Advancing to term 1
I0721 23:22:23.470296 11555 raft_consensus.cc:2019] T 4d01ea135b3e48929ff3ed0d140be9ab P d248c9dacad642be9a5fabec3add151e [term 0 FOLLOWER]: Advancing to term 1
I0721 23:22:23.470553 11331 raft_consensus.cc:1970] T 4d01ea135b3e48929ff3ed0d140be9ab P 4d5cad21cdbe462d87174e9da291a046 [term 1 FOLLOWER]: Snoozing failure detection for election timeout plus an additional 1.588s
I0721 23:22:23.470633 11555 raft_consensus.cc:1970] T 4d01ea135b3e48929ff3ed0d140be9ab P d248c9dacad642be9a5fabec3add151e [term 1 FOLLOWER]: Snoozing failure detection for election timeout plus an additional 1.561s
I0721 23:22:23.471134 11331 raft_consensus.cc:1677] T 4d01ea135b3e48929ff3ed0d140be9ab P 4d5cad21cdbe462d87174e9da291a046 [term 1 FOLLOWER]: Leader election vote request: Granting yes vote for candidate 2aeff3d0fc13436a9d6090b9a6aaa6aa in term 1.
I0721 23:22:23.471143 11555 raft_consensus.cc:1677] T 4d01ea135b3e48929ff3ed0d140be9ab P d248c9dacad642be9a5fabec3add151e [term 1 FOLLOWER]: Leader election vote request: Granting yes vote for candidate 2aeff3d0fc13436a9d6090b9a6aaa6aa in term 1.
I0721 23:22:23.471256 11998 leader_election.cc:347] T 4d01ea135b3e48929ff3ed0d140be9ab P 2aeff3d0fc13436a9d6090b9a6aaa6aa [CANDIDATE]: Term 1 election: Vote granted by peer d248c9dacad642be9a5fabec3add151e
I0721 23:22:23.471292 11998 leader_election.cc:248] T 4d01ea135b3e48929ff3ed0d140be9ab P 2aeff3d0fc13436a9d6090b9a6aaa6aa [CANDIDATE]: Term 1 election: Election decided. Result: candidate won.
I0721 23:22:23.471338 11997 leader_election.cc:347] T 4d01ea135b3e48929ff3ed0d140be9ab P 2aeff3d0fc13436a9d6090b9a6aaa6aa [CANDIDATE]: Term 1 election: Vote granted by peer 4d5cad21cdbe462d87174e9da291a046
I0721 23:22:23.471364 12221 raft_consensus.cc:1970] T 4d01ea135b3e48929ff3ed0d140be9ab P 2aeff3d0fc13436a9d6090b9a6aaa6aa [term 1 FOLLOWER]: Snoozing failure detection for election timeout plus an additional 1.538s
I0721 23:22:23.471398 12221 raft_consensus.cc:1859] T 4d01ea135b3e48929ff3ed0d140be9ab P 2aeff3d0fc13436a9d6090b9a6aaa6aa [term 1 FOLLOWER]: Leader election won for term 1
I0721 23:22:23.471586 12221 raft_consensus.cc:464] T 4d01ea135b3e48929ff3ed0d140be9ab P 2aeff3d0fc13436a9d6090b9a6aaa6aa [term 1 LEADER]: Becoming Leader. State: Replica: 2aeff3d0fc13436a9d6090b9a6aaa6aa, State: 1, Role: LEADER Watermarks: {Received: term: 0 index: 0 Committed: term: 0 index: 0}
I0721 23:22:23.471638 12221 consensus_queue.cc:145] T 4d01ea135b3e48929ff3ed0d140be9ab P 2aeff3d0fc13436a9d6090b9a6aaa6aa [LEADER]: Queue going to LEADER mode. State: All replicated op: 0.0, Majority replicated op: 0.0, Committed index: 0.0, Last appended: 0.0, Current term: 1, Majority size: 2, State: 1, Mode: LEADER, active raft config: opid_index: -1 peers { permanent_uuid: "2aeff3d0fc13436a9d6090b9a6aaa6aa" member_type: VOTER last_known_addr { host: "127.42.220.0" port: 48563 } } peers { permanent_uuid: "d248c9dacad642be9a5fabec3add151e" member_type: VOTER last_known_addr { host: "127.42.220.1" port: 37489 } } peers { permanent_uuid: "4d5cad21cdbe462d87174e9da291a046" member_type: VOTER last_known_addr { host: "127.42.220.2" port: 37062 } }
I0721 23:22:23.472141 10996 catalog_manager.cc:1856] TS 2aeff3d0fc13436a9d6090b9a6aaa6aa does not have the latest schema for tablet 4d01ea135b3e48929ff3ed0d140be9ab (table test-table [id=41787a805a7a407ca4ef642fee224d02]). Expected version 5 got 0
I0721 23:22:23.472192 10996 catalog_manager.cc:1957] Tablet: 4d01ea135b3e48929ff3ed0d140be9ab reported consensus state change. New consensus state: current_term: 1 leader_uuid: "2aeff3d0fc13436a9d6090b9a6aaa6aa" config { opid_index: -1 peers { permanent_uuid: "2aeff3d0fc13436a9d6090b9a6aaa6aa" member_type: VOTER last_known_addr { host: "127.42.220.0" port: 48563 } } peers { permanent_uuid: "d248c9dacad642be9a5fabec3add151e" member_type: VOTER last_known_addr { host: "127.42.220.1" port: 37489 } } peers { permanent_uuid: "4d5cad21cdbe462d87174e9da291a046" member_type: VOTER last_known_addr { host: "127.42.220.2" port: 37062 } } }
W0721 23:22:23.472322 12231 raft_consensus_state.cc:541] T 4d01ea135b3e48929ff3ed0d140be9ab P 2aeff3d0fc13436a9d6090b9a6aaa6aa [term 1 LEADER]: Can't advance the committed index across term boundaries until operations from the current term are replicated. Last committed operation was: term: 0 index: 0, New majority replicated is: term: 0 index: 0, Current term is: 1
I0721 23:22:23.472826 11555 raft_consensus.cc:869] T 4d01ea135b3e48929ff3ed0d140be9ab P d248c9dacad642be9a5fabec3add151e [term 1 FOLLOWER]: Refusing update from remote peer 2aeff3d0fc13436a9d6090b9a6aaa6aa: Log matching property violated. Preceding OpId in replica: term: 0 index: 0. Preceding OpId from leader: term: 1 index: 2. (index mismatch)
I0721 23:22:23.472831 11331 raft_consensus.cc:869] T 4d01ea135b3e48929ff3ed0d140be9ab P 4d5cad21cdbe462d87174e9da291a046 [term 1 FOLLOWER]: Refusing update from remote peer 2aeff3d0fc13436a9d6090b9a6aaa6aa: Log matching property violated. Preceding OpId in replica: term: 0 index: 0. Preceding OpId from leader: term: 1 index: 2. (index mismatch)
I0721 23:22:23.472910 12221 consensus_queue.cc:578] T 4d01ea135b3e48929ff3ed0d140be9ab P 2aeff3d0fc13436a9d6090b9a6aaa6aa [LEADER]: Connected to new peer: Peer: d248c9dacad642be9a5fabec3add151e, Is new: false, Last received: 0.0, Next index: 1, Last known committed idx: 0, Last exchange result: ERROR, Needs remote bootstrap: false
I0721 23:22:23.472942 12228 consensus_queue.cc:578] T 4d01ea135b3e48929ff3ed0d140be9ab P 2aeff3d0fc13436a9d6090b9a6aaa6aa [LEADER]: Connected to new peer: Peer: 4d5cad21cdbe462d87174e9da291a046, Is new: false, Last received: 0.0, Next index: 1, Last known committed idx: 0, Last exchange result: ERROR, Needs remote bootstrap: false
I0721 23:22:23.473309 10996 catalog_manager.cc:1856] TS d248c9dacad642be9a5fabec3add151e does not have the latest schema for tablet 4d01ea135b3e48929ff3ed0d140be9ab (table test-table [id=41787a805a7a407ca4ef642fee224d02]). Expected version 5 got 0
I0721 23:22:23.473430 12231 raft_consensus_state.cc:534] T 4d01ea135b3e48929ff3ed0d140be9ab P 2aeff3d0fc13436a9d6090b9a6aaa6aa [term 1 LEADER]: Advanced the committed_index across terms. Last committed operation was: term: 0 index: 0 New committed index is: term: 1 index: 2
I0721 23:22:23.473477 12172 tablet.cc:824] T 4d01ea135b3e48929ff3ed0d140be9ab Alter schema from Schema [ 0:key[int32 NOT NULL], 5:c137[int32 NULLABLE] ] version 0 to Schema [ 0:key[int32 NOT NULL], 5:c137[int32 NULLABLE] ] version 5
I0721 23:22:23.473608 10994 catalog_manager.cc:1856] TS 4d5cad21cdbe462d87174e9da291a046 does not have the latest schema for tablet 4d01ea135b3e48929ff3ed0d140be9ab (table test-table [id=41787a805a7a407ca4ef642fee224d02]). Expected version 5 got 0
I0721 23:22:23.473618 12170 tablet.cc:824] T 4d01ea135b3e48929ff3ed0d140be9ab Alter schema from Schema [ 0:key[int32 NOT NULL], 5:c137[int32 NULLABLE] ] version 0 to Schema [ 0:key[int32 NOT NULL], 5:c137[int32 NULLABLE] ] version 5
I0721 23:22:23.474424 12171 tablet.cc:824] T 4d01ea135b3e48929ff3ed0d140be9ab Alter schema from Schema [ 0:key[int32 NOT NULL], 5:c137[int32 NULLABLE] ] version 0 to Schema [ 0:key[int32 NOT NULL], 5:c137[int32 NULLABLE] ] version 5
I0721 23:22:23.474864 10994 catalog_manager.cc:1856] TS d248c9dacad642be9a5fabec3add151e does not have the latest schema for tablet 4d01ea135b3e48929ff3ed0d140be9ab (table test-table [id=41787a805a7a407ca4ef642fee224d02]). Expected version 5 got 0
I0721 23:22:23.516818 12196 raft_consensus.cc:370] T d165e55b67964c75b43791cdb2fd98ab P 4d5cad21cdbe462d87174e9da291a046 [term 0 FOLLOWER]: No leader contacted us within the election timeout. Triggering leader election
I0721 23:22:23.516834 12196 raft_consensus.cc:2019] T d165e55b67964c75b43791cdb2fd98ab P 4d5cad21cdbe462d87174e9da291a046 [term 0 FOLLOWER]: Advancing to term 1
I0721 23:22:23.517184 12196 raft_consensus.cc:1970] T d165e55b67964c75b43791cdb2fd98ab P 4d5cad21cdbe462d87174e9da291a046 [term 1 FOLLOWER]: Snoozing failure detection for election timeout plus an additional 1.608s
I0721 23:22:23.517225 12196 raft_consensus.cc:386] T d165e55b67964c75b43791cdb2fd98ab P 4d5cad21cdbe462d87174e9da291a046 [term 1 FOLLOWER]: Starting election with config: opid_index: -1 peers { permanent_uuid: "d248c9dacad642be9a5fabec3add151e" member_type: VOTER last_known_addr { host: "127.42.220.1" port: 37489 } } peers { permanent_uuid: "2aeff3d0fc13436a9d6090b9a6aaa6aa" member_type: VOTER last_known_addr { host: "127.42.220.0" port: 48563 } } peers { permanent_uuid: "4d5cad21cdbe462d87174e9da291a046" member_type: VOTER last_known_addr { host: "127.42.220.2" port: 37062 } }
I0721 23:22:23.518124 12196 leader_election.cc:223] T d165e55b67964c75b43791cdb2fd98ab P 4d5cad21cdbe462d87174e9da291a046 [CANDIDATE]: Term 1 election: Requesting vote from peer d248c9dacad642be9a5fabec3add151e
I0721 23:22:23.518167 12196 leader_election.cc:223] T d165e55b67964c75b43791cdb2fd98ab P 4d5cad21cdbe462d87174e9da291a046 [CANDIDATE]: Term 1 election: Requesting vote from peer 2aeff3d0fc13436a9d6090b9a6aaa6aa
I0721 23:22:23.518286 11555 raft_consensus.cc:2019] T d165e55b67964c75b43791cdb2fd98ab P d248c9dacad642be9a5fabec3add151e [term 0 FOLLOWER]: Advancing to term 1
I0721 23:22:23.518286 12064 raft_consensus.cc:2019] T d165e55b67964c75b43791cdb2fd98ab P 2aeff3d0fc13436a9d6090b9a6aaa6aa [term 0 FOLLOWER]: Advancing to term 1
I0721 23:22:23.518630 11555 raft_consensus.cc:1970] T d165e55b67964c75b43791cdb2fd98ab P d248c9dacad642be9a5fabec3add151e [term 1 FOLLOWER]: Snoozing failure detection for election timeout plus an additional 1.643s
I0721 23:22:23.518630 12064 raft_consensus.cc:1970] T d165e55b67964c75b43791cdb2fd98ab P 2aeff3d0fc13436a9d6090b9a6aaa6aa [term 1 FOLLOWER]: Snoozing failure detection for election timeout plus an additional 1.530s
I0721 23:22:23.519412 12064 raft_consensus.cc:1677] T d165e55b67964c75b43791cdb2fd98ab P 2aeff3d0fc13436a9d6090b9a6aaa6aa [term 1 FOLLOWER]: Leader election vote request: Granting yes vote for candidate 4d5cad21cdbe462d87174e9da291a046 in term 1.
I0721 23:22:23.519412 11555 raft_consensus.cc:1677] T d165e55b67964c75b43791cdb2fd98ab P d248c9dacad642be9a5fabec3add151e [term 1 FOLLOWER]: Leader election vote request: Granting yes vote for candidate 4d5cad21cdbe462d87174e9da291a046 in term 1.
I0721 23:22:23.519570 11270 leader_election.cc:347] T d165e55b67964c75b43791cdb2fd98ab P 4d5cad21cdbe462d87174e9da291a046 [CANDIDATE]: Term 1 election: Vote granted by peer d248c9dacad642be9a5fabec3add151e
I0721 23:22:23.519599 11270 leader_election.cc:248] T d165e55b67964c75b43791cdb2fd98ab P 4d5cad21cdbe462d87174e9da291a046 [CANDIDATE]: Term 1 election: Election decided. Result: candidate won.
I0721 23:22:23.519651 11268 leader_election.cc:347] T d165e55b67964c75b43791cdb2fd98ab P 4d5cad21cdbe462d87174e9da291a046 [CANDIDATE]: Term 1 election: Vote granted by peer 2aeff3d0fc13436a9d6090b9a6aaa6aa
I0721 23:22:23.519681 12198 raft_consensus.cc:1970] T d165e55b67964c75b43791cdb2fd98ab P 4d5cad21cdbe462d87174e9da291a046 [term 1 FOLLOWER]: Snoozing failure detection for election timeout plus an additional 1.590s
I0721 23:22:23.519693 12198 raft_consensus.cc:1859] T d165e55b67964c75b43791cdb2fd98ab P 4d5cad21cdbe462d87174e9da291a046 [term 1 FOLLOWER]: Leader election won for term 1
