I0721 23:22:18.181105 11196 tablet_service.cc:610] Processing CreateTablet for tablet 1ad8690bd1174f529ca41865f7d98cea (table=test-table [id=41787a805a7a407ca4ef642fee224d02]), partition=range: [(int32 key=671088630), (int32 key=738197493))
I0721 23:22:18.181258 11313 ts_tablet_manager.cc:960] T e0dce1c9e4f94fa0bb7b93d2834c0364 P 4d5cad21cdbe462d87174e9da291a046: Deleting tablet data with delete state TABLET_DATA_DELETED
I0721 23:22:18.181324 11195 tablet_service.cc:610] Processing CreateTablet for tablet 67b0e5f3081d4c34be5dac68a0b10025 (table=test-table [id=41787a805a7a407ca4ef642fee224d02]), partition=range: [(int32 key=805306356), (int32 key=872415219))
I0721 23:22:18.181390 11194 tablet_service.cc:610] Processing CreateTablet for tablet 0249e3dbe50545f99e40b25143970dc6 (table=test-table [id=41787a805a7a407ca4ef642fee224d02]), partition=range: [(int32 key=872415219), (int32 key=939524082))
I0721 23:22:18.181540 11311 tablet_service.cc:610] Processing CreateTablet for tablet 67b0e5f3081d4c34be5dac68a0b10025 (table=test-table [id=41787a805a7a407ca4ef642fee224d02]), partition=range: [(int32 key=805306356), (int32 key=872415219))
I0721 23:22:18.181895 11310 tablet_service.cc:610] Processing CreateTablet for tablet 0249e3dbe50545f99e40b25143970dc6 (table=test-table [id=41787a805a7a407ca4ef642fee224d02]), partition=range: [(int32 key=872415219), (int32 key=939524082))
I0721 23:22:18.181540 11312 tablet_service.cc:610] Processing CreateTablet for tablet 1ad8690bd1174f529ca41865f7d98cea (table=test-table [id=41787a805a7a407ca4ef642fee224d02]), partition=range: [(int32 key=671088630), (int32 key=738197493))
I0721 23:22:18.182090 11079 tablet_service.cc:610] Processing CreateTablet for tablet 1ad8690bd1174f529ca41865f7d98cea (table=test-table [id=41787a805a7a407ca4ef642fee224d02]), partition=range: [(int32 key=671088630), (int32 key=738197493))
I0721 23:22:18.182180 11078 tablet_service.cc:610] Processing CreateTablet for tablet 67b0e5f3081d4c34be5dac68a0b10025 (table=test-table [id=41787a805a7a407ca4ef642fee224d02]), partition=range: [(int32 key=805306356), (int32 key=872415219))
I0721 23:22:18.182267 11077 tablet_service.cc:610] Processing CreateTablet for tablet 0249e3dbe50545f99e40b25143970dc6 (table=test-table [id=41787a805a7a407ca4ef642fee224d02]), partition=range: [(int32 key=872415219), (int32 key=939524082))
I0721 23:22:18.182365 11313 ts_tablet_manager.cc:970] T e0dce1c9e4f94fa0bb7b93d2834c0364 P 4d5cad21cdbe462d87174e9da291a046: Tablet deleted. Last logged OpId: 1.62
I0721 23:22:18.182670 11311 ts_tablet_manager.cc:765] Registered tablet 67b0e5f3081d4c34be5dac68a0b10025
I0721 23:22:18.182670 11195 ts_tablet_manager.cc:765] Registered tablet 67b0e5f3081d4c34be5dac68a0b10025
I0721 23:22:18.182749 11391 ts_tablet_manager.cc:631] T 67b0e5f3081d4c34be5dac68a0b10025 P d248c9dacad642be9a5fabec3add151e: Bootstrapping tablet
I0721 23:22:18.182749 11389 ts_tablet_manager.cc:631] T 67b0e5f3081d4c34be5dac68a0b10025 P 4d5cad21cdbe462d87174e9da291a046: Bootstrapping tablet
I0721 23:22:18.182857 11313 tablet_bootstrap.cc:400] T e0dce1c9e4f94fa0bb7b93d2834c0364 P 4d5cad21cdbe462d87174e9da291a046: Deleted tablet blocks from disk
I0721 23:22:18.182930 11196 ts_tablet_manager.cc:765] Registered tablet 1ad8690bd1174f529ca41865f7d98cea
I0721 23:22:18.182978 11391 tablet_bootstrap.cc:400] T 67b0e5f3081d4c34be5dac68a0b10025 P d248c9dacad642be9a5fabec3add151e: Bootstrap starting.
I0721 23:22:18.183089 11197 ts_tablet_manager.cc:970] T e0dce1c9e4f94fa0bb7b93d2834c0364 P d248c9dacad642be9a5fabec3add151e: Tablet deleted. Last logged OpId: 1.62
I0721 23:22:18.183156 11391 tablet_bootstrap.cc:563] T 67b0e5f3081d4c34be5dac68a0b10025 P d248c9dacad642be9a5fabec3add151e: Time spent opening tablet: real 0.000s user 0.000s sys 0.000s
I0721 23:22:18.183162 10983 catalog_manager.cc:2499] TS 4d5cad21cdbe462d87174e9da291a046: tablet e0dce1c9e4f94fa0bb7b93d2834c0364 (table test-table [id=41787a805a7a407ca4ef642fee224d02]) successfully deleted
I0721 23:22:18.183280 11391 tablet_bootstrap.cc:503] T 67b0e5f3081d4c34be5dac68a0b10025 P d248c9dacad642be9a5fabec3add151e: No blocks or log segments found. Creating new log.
I0721 23:22:18.183423 11080 ts_tablet_manager.cc:970] T e0dce1c9e4f94fa0bb7b93d2834c0364 P 2aeff3d0fc13436a9d6090b9a6aaa6aa: Tablet deleted. Last logged OpId: 1.62
I0721 23:22:18.183621 11389 tablet_bootstrap.cc:400] T 67b0e5f3081d4c34be5dac68a0b10025 P 4d5cad21cdbe462d87174e9da291a046: Bootstrap starting.
I0721 23:22:18.183754 11389 tablet_bootstrap.cc:563] T 67b0e5f3081d4c34be5dac68a0b10025 P 4d5cad21cdbe462d87174e9da291a046: Time spent opening tablet: real 0.000s user 0.000s sys 0.000s
I0721 23:22:18.183802 11194 ts_tablet_manager.cc:765] Registered tablet 0249e3dbe50545f99e40b25143970dc6
I0721 23:22:18.183847 11389 tablet_bootstrap.cc:503] T 67b0e5f3081d4c34be5dac68a0b10025 P 4d5cad21cdbe462d87174e9da291a046: No blocks or log segments found. Creating new log.
I0721 23:22:18.184111 11078 ts_tablet_manager.cc:765] Registered tablet 67b0e5f3081d4c34be5dac68a0b10025
I0721 23:22:18.184115 11312 ts_tablet_manager.cc:765] Registered tablet 1ad8690bd1174f529ca41865f7d98cea
I0721 23:22:18.184151 11390 ts_tablet_manager.cc:631] T 67b0e5f3081d4c34be5dac68a0b10025 P 2aeff3d0fc13436a9d6090b9a6aaa6aa: Bootstrapping tablet
I0721 23:22:18.184247 11310 ts_tablet_manager.cc:765] Registered tablet 0249e3dbe50545f99e40b25143970dc6
I0721 23:22:18.184280 11390 tablet_bootstrap.cc:400] T 67b0e5f3081d4c34be5dac68a0b10025 P 2aeff3d0fc13436a9d6090b9a6aaa6aa: Bootstrap starting.
I0721 23:22:18.184406 11390 tablet_bootstrap.cc:563] T 67b0e5f3081d4c34be5dac68a0b10025 P 2aeff3d0fc13436a9d6090b9a6aaa6aa: Time spent opening tablet: real 0.000s user 0.000s sys 0.000s
I0721 23:22:18.184417 11389 tablet_bootstrap.cc:400] T 67b0e5f3081d4c34be5dac68a0b10025 P 4d5cad21cdbe462d87174e9da291a046: No bootstrap required, opened a new log
I0721 23:22:18.184434 11389 ts_tablet_manager.cc:636] T 67b0e5f3081d4c34be5dac68a0b10025 P 4d5cad21cdbe462d87174e9da291a046: Time spent bootstrapping tablet: real 0.002s user 0.000s sys 0.000s
I0721 23:22:18.184504 11390 tablet_bootstrap.cc:503] T 67b0e5f3081d4c34be5dac68a0b10025 P 2aeff3d0fc13436a9d6090b9a6aaa6aa: No blocks or log segments found. Creating new log.
I0721 23:22:18.184710 11389 raft_consensus.cc:269] T 67b0e5f3081d4c34be5dac68a0b10025 P 4d5cad21cdbe462d87174e9da291a046 [term 0 FOLLOWER]: Replica starting. Triggering 0 pending transactions. Active config: opid_index: -1 peers { permanent_uuid: "d248c9dacad642be9a5fabec3add151e" member_type: VOTER last_known_addr { host: "127.42.220.1" port: 37489 } } peers { permanent_uuid: "2aeff3d0fc13436a9d6090b9a6aaa6aa" member_type: VOTER last_known_addr { host: "127.42.220.0" port: 48563 } } peers { permanent_uuid: "4d5cad21cdbe462d87174e9da291a046" member_type: VOTER last_known_addr { host: "127.42.220.2" port: 37062 } }
I0721 23:22:18.184736 11389 raft_consensus.cc:301] T 67b0e5f3081d4c34be5dac68a0b10025 P 4d5cad21cdbe462d87174e9da291a046 [term 0 FOLLOWER]: Consensus starting up: Expiring failure detector timer to make a prompt election more likely
I0721 23:22:18.184747 11389 raft_consensus.cc:499] T 67b0e5f3081d4c34be5dac68a0b10025 P 4d5cad21cdbe462d87174e9da291a046 [term 0 FOLLOWER]: Becoming Follower/Learner. State: Replica: 4d5cad21cdbe462d87174e9da291a046, State: 1, Role: FOLLOWER Watermarks: {Received: term: 0 index: 0 Committed: term: 0 index: 0}
I0721 23:22:18.184759 11389 consensus_queue.cc:162] T 67b0e5f3081d4c34be5dac68a0b10025 P 4d5cad21cdbe462d87174e9da291a046 [NON_LEADER]: Queue going to NON_LEADER mode. State: All replicated op: 0.0, Majority replicated op: 0.0, Committed index: 0.0, Last appended: 0.0, Current term: 0, Majority size: -1, State: 1, Mode: NON_LEADER
I0721 23:22:18.184916 11389 ts_tablet_manager.cc:663] T 67b0e5f3081d4c34be5dac68a0b10025 P 4d5cad21cdbe462d87174e9da291a046: Time spent starting tablet: real 0.000s user 0.000s sys 0.000s
I0721 23:22:18.184934 11389 ts_tablet_manager.cc:631] T 1ad8690bd1174f529ca41865f7d98cea P 4d5cad21cdbe462d87174e9da291a046: Bootstrapping tablet
I0721 23:22:18.185006 10994 catalog_manager.cc:1856] TS 4d5cad21cdbe462d87174e9da291a046 does not have the latest schema for tablet 67b0e5f3081d4c34be5dac68a0b10025 (table test-table [id=41787a805a7a407ca4ef642fee224d02]). Expected version 1 got 0
I0721 23:22:18.185047 11389 tablet_bootstrap.cc:400] T 1ad8690bd1174f529ca41865f7d98cea P 4d5cad21cdbe462d87174e9da291a046: Bootstrap starting.
I0721 23:22:18.185088 11077 ts_tablet_manager.cc:765] Registered tablet 0249e3dbe50545f99e40b25143970dc6
I0721 23:22:18.185120 11389 tablet_bootstrap.cc:563] T 1ad8690bd1174f529ca41865f7d98cea P 4d5cad21cdbe462d87174e9da291a046: Time spent opening tablet: real 0.000s user 0.000s sys 0.000s
W0721 23:22:18.185186 10994 catalog_manager.cc:2160] Unable to reset TS proxy: Not found: No leader found: Tablet 67b0e5f3081d4c34be5dac68a0b10025 consensus state has no leader
W0721 23:22:18.185196 10994 catalog_manager.cc:2770] Failed to send alter table request: Not found: Failed to reset TS proxy: No leader found: Tablet 67b0e5f3081d4c34be5dac68a0b10025 consensus state has no leader
I0721 23:22:18.185215 11389 tablet_bootstrap.cc:503] T 1ad8690bd1174f529ca41865f7d98cea P 4d5cad21cdbe462d87174e9da291a046: No blocks or log segments found. Creating new log.
I0721 23:22:18.185420 11079 ts_tablet_manager.cc:765] Registered tablet 1ad8690bd1174f529ca41865f7d98cea
I0721 23:22:18.185709 11080 tablet_bootstrap.cc:400] T e0dce1c9e4f94fa0bb7b93d2834c0364 P 2aeff3d0fc13436a9d6090b9a6aaa6aa: Deleted tablet blocks from disk
I0721 23:22:18.185726 11391 tablet_bootstrap.cc:400] T 67b0e5f3081d4c34be5dac68a0b10025 P d248c9dacad642be9a5fabec3add151e: No bootstrap required, opened a new log
I0721 23:22:18.185737 11389 tablet_bootstrap.cc:400] T 1ad8690bd1174f529ca41865f7d98cea P 4d5cad21cdbe462d87174e9da291a046: No bootstrap required, opened a new log
I0721 23:22:18.185745 11391 ts_tablet_manager.cc:636] T 67b0e5f3081d4c34be5dac68a0b10025 P d248c9dacad642be9a5fabec3add151e: Time spent bootstrapping tablet: real 0.003s user 0.000s sys 0.000s
I0721 23:22:18.185751 11389 ts_tablet_manager.cc:636] T 1ad8690bd1174f529ca41865f7d98cea P 4d5cad21cdbe462d87174e9da291a046: Time spent bootstrapping tablet: real 0.001s user 0.000s sys 0.000s
I0721 23:22:18.185813 10982 catalog_manager.cc:2499] TS 2aeff3d0fc13436a9d6090b9a6aaa6aa: tablet e0dce1c9e4f94fa0bb7b93d2834c0364 (table test-table [id=41787a805a7a407ca4ef642fee224d02]) successfully deleted
I0721 23:22:18.185895 11197 tablet_bootstrap.cc:400] T e0dce1c9e4f94fa0bb7b93d2834c0364 P d248c9dacad642be9a5fabec3add151e: Deleted tablet blocks from disk
I0721 23:22:18.185964 10984 catalog_manager.cc:2499] TS d248c9dacad642be9a5fabec3add151e: tablet e0dce1c9e4f94fa0bb7b93d2834c0364 (table test-table [id=41787a805a7a407ca4ef642fee224d02]) successfully deleted
I0721 23:22:18.186025 11389 raft_consensus.cc:269] T 1ad8690bd1174f529ca41865f7d98cea P 4d5cad21cdbe462d87174e9da291a046 [term 0 FOLLOWER]: Replica starting. Triggering 0 pending transactions. Active config: opid_index: -1 peers { permanent_uuid: "d248c9dacad642be9a5fabec3add151e" member_type: VOTER last_known_addr { host: "127.42.220.1" port: 37489 } } peers { permanent_uuid: "2aeff3d0fc13436a9d6090b9a6aaa6aa" member_type: VOTER last_known_addr { host: "127.42.220.0" port: 48563 } } peers { permanent_uuid: "4d5cad21cdbe462d87174e9da291a046" member_type: VOTER last_known_addr { host: "127.42.220.2" port: 37062 } }
I0721 23:22:18.186043 11389 raft_consensus.cc:301] T 1ad8690bd1174f529ca41865f7d98cea P 4d5cad21cdbe462d87174e9da291a046 [term 0 FOLLOWER]: Consensus starting up: Expiring failure detector timer to make a prompt election more likely
I0721 23:22:18.186053 11389 raft_consensus.cc:499] T 1ad8690bd1174f529ca41865f7d98cea P 4d5cad21cdbe462d87174e9da291a046 [term 0 FOLLOWER]: Becoming Follower/Learner. State: Replica: 4d5cad21cdbe462d87174e9da291a046, State: 1, Role: FOLLOWER Watermarks: {Received: term: 0 index: 0 Committed: term: 0 index: 0}
I0721 23:22:18.186064 11389 consensus_queue.cc:162] T 1ad8690bd1174f529ca41865f7d98cea P 4d5cad21cdbe462d87174e9da291a046 [NON_LEADER]: Queue going to NON_LEADER mode. State: All replicated op: 0.0, Majority replicated op: 0.0, Committed index: 0.0, Last appended: 0.0, Current term: 0, Majority size: -1, State: 1, Mode: NON_LEADER
I0721 23:22:18.186228 11389 ts_tablet_manager.cc:663] T 1ad8690bd1174f529ca41865f7d98cea P 4d5cad21cdbe462d87174e9da291a046: Time spent starting tablet: real 0.000s user 0.000s sys 0.000s
I0721 23:22:18.186249 11389 ts_tablet_manager.cc:631] T 0249e3dbe50545f99e40b25143970dc6 P 4d5cad21cdbe462d87174e9da291a046: Bootstrapping tablet
I0721 23:22:18.186192 11391 raft_consensus.cc:269] T 67b0e5f3081d4c34be5dac68a0b10025 P d248c9dacad642be9a5fabec3add151e [term 0 FOLLOWER]: Replica starting. Triggering 0 pending transactions. Active config: opid_index: -1 peers { permanent_uuid: "d248c9dacad642be9a5fabec3add151e" member_type: VOTER last_known_addr { host: "127.42.220.1" port: 37489 } } peers { permanent_uuid: "2aeff3d0fc13436a9d6090b9a6aaa6aa" member_type: VOTER last_known_addr { host: "127.42.220.0" port: 48563 } } peers { permanent_uuid: "4d5cad21cdbe462d87174e9da291a046" member_type: VOTER last_known_addr { host: "127.42.220.2" port: 37062 } }
I0721 23:22:18.186285 11391 raft_consensus.cc:301] T 67b0e5f3081d4c34be5dac68a0b10025 P d248c9dacad642be9a5fabec3add151e [term 0 FOLLOWER]: Consensus starting up: Expiring failure detector timer to make a prompt election more likely
I0721 23:22:18.186296 11391 raft_consensus.cc:499] T 67b0e5f3081d4c34be5dac68a0b10025 P d248c9dacad642be9a5fabec3add151e [term 0 FOLLOWER]: Becoming Follower/Learner. State: Replica: d248c9dacad642be9a5fabec3add151e, State: 1, Role: FOLLOWER Watermarks: {Received: term: 0 index: 0 Committed: term: 0 index: 0}
I0721 23:22:18.186306 11391 consensus_queue.cc:162] T 67b0e5f3081d4c34be5dac68a0b10025 P d248c9dacad642be9a5fabec3add151e [NON_LEADER]: Queue going to NON_LEADER mode. State: All replicated op: 0.0, Majority replicated op: 0.0, Committed index: 0.0, Last appended: 0.0, Current term: 0, Majority size: -1, State: 1, Mode: NON_LEADER
I0721 23:22:18.186306 11390 tablet_bootstrap.cc:400] T 67b0e5f3081d4c34be5dac68a0b10025 P 2aeff3d0fc13436a9d6090b9a6aaa6aa: No bootstrap required, opened a new log
I0721 23:22:18.186321 11390 ts_tablet_manager.cc:636] T 67b0e5f3081d4c34be5dac68a0b10025 P 2aeff3d0fc13436a9d6090b9a6aaa6aa: Time spent bootstrapping tablet: real 0.002s user 0.000s sys 0.000s
I0721 23:22:18.186362 11389 tablet_bootstrap.cc:400] T 0249e3dbe50545f99e40b25143970dc6 P 4d5cad21cdbe462d87174e9da291a046: Bootstrap starting.
I0721 23:22:18.186446 11391 ts_tablet_manager.cc:663] T 67b0e5f3081d4c34be5dac68a0b10025 P d248c9dacad642be9a5fabec3add151e: Time spent starting tablet: real 0.001s user 0.000s sys 0.000s
I0721 23:22:18.186455 11389 tablet_bootstrap.cc:563] T 0249e3dbe50545f99e40b25143970dc6 P 4d5cad21cdbe462d87174e9da291a046: Time spent opening tablet: real 0.000s user 0.000s sys 0.000s
I0721 23:22:18.186472 11391 ts_tablet_manager.cc:631] T 1ad8690bd1174f529ca41865f7d98cea P d248c9dacad642be9a5fabec3add151e: Bootstrapping tablet
I0721 23:22:18.186540 11389 tablet_bootstrap.cc:503] T 0249e3dbe50545f99e40b25143970dc6 P 4d5cad21cdbe462d87174e9da291a046: No blocks or log segments found. Creating new log.
I0721 23:22:18.186588 11391 tablet_bootstrap.cc:400] T 1ad8690bd1174f529ca41865f7d98cea P d248c9dacad642be9a5fabec3add151e: Bootstrap starting.
I0721 23:22:18.186626 11390 raft_consensus.cc:269] T 67b0e5f3081d4c34be5dac68a0b10025 P 2aeff3d0fc13436a9d6090b9a6aaa6aa [term 0 FOLLOWER]: Replica starting. Triggering 0 pending transactions. Active config: opid_index: -1 peers { permanent_uuid: "d248c9dacad642be9a5fabec3add151e" member_type: VOTER last_known_addr { host: "127.42.220.1" port: 37489 } } peers { permanent_uuid: "2aeff3d0fc13436a9d6090b9a6aaa6aa" member_type: VOTER last_known_addr { host: "127.42.220.0" port: 48563 } } peers { permanent_uuid: "4d5cad21cdbe462d87174e9da291a046" member_type: VOTER last_known_addr { host: "127.42.220.2" port: 37062 } }
I0721 23:22:18.186640 11390 raft_consensus.cc:301] T 67b0e5f3081d4c34be5dac68a0b10025 P 2aeff3d0fc13436a9d6090b9a6aaa6aa [term 0 FOLLOWER]: Consensus starting up: Expiring failure detector timer to make a prompt election more likely
I0721 23:22:18.186650 11390 raft_consensus.cc:499] T 67b0e5f3081d4c34be5dac68a0b10025 P 2aeff3d0fc13436a9d6090b9a6aaa6aa [term 0 FOLLOWER]: Becoming Follower/Learner. State: Replica: 2aeff3d0fc13436a9d6090b9a6aaa6aa, State: 1, Role: FOLLOWER Watermarks: {Received: term: 0 index: 0 Committed: term: 0 index: 0}
I0721 23:22:18.186679 11390 consensus_queue.cc:162] T 67b0e5f3081d4c34be5dac68a0b10025 P 2aeff3d0fc13436a9d6090b9a6aaa6aa [NON_LEADER]: Queue going to NON_LEADER mode. State: All replicated op: 0.0, Majority replicated op: 0.0, Committed index: 0.0, Last appended: 0.0, Current term: 0, Majority size: -1, State: 1, Mode: NON_LEADER
I0721 23:22:18.186723 11391 tablet_bootstrap.cc:563] T 1ad8690bd1174f529ca41865f7d98cea P d248c9dacad642be9a5fabec3add151e: Time spent opening tablet: real 0.000s user 0.000s sys 0.000s
I0721 23:22:18.186816 11391 tablet_bootstrap.cc:503] T 1ad8690bd1174f529ca41865f7d98cea P d248c9dacad642be9a5fabec3add151e: No blocks or log segments found. Creating new log.
I0721 23:22:18.186815 10994 catalog_manager.cc:1856] TS 4d5cad21cdbe462d87174e9da291a046 does not have the latest schema for tablet 1ad8690bd1174f529ca41865f7d98cea (table test-table [id=41787a805a7a407ca4ef642fee224d02]). Expected version 1 got 0
I0721 23:22:18.186831 11390 ts_tablet_manager.cc:663] T 67b0e5f3081d4c34be5dac68a0b10025 P 2aeff3d0fc13436a9d6090b9a6aaa6aa: Time spent starting tablet: real 0.000s user 0.000s sys 0.000s
I0721 23:22:18.186856 11390 ts_tablet_manager.cc:631] T 0249e3dbe50545f99e40b25143970dc6 P 2aeff3d0fc13436a9d6090b9a6aaa6aa: Bootstrapping tablet
I0721 23:22:18.186988 11390 tablet_bootstrap.cc:400] T 0249e3dbe50545f99e40b25143970dc6 P 2aeff3d0fc13436a9d6090b9a6aaa6aa: Bootstrap starting.
W0721 23:22:18.187036 10994 catalog_manager.cc:2160] Unable to reset TS proxy: Not found: No leader found: Tablet 1ad8690bd1174f529ca41865f7d98cea consensus state has no leader
W0721 23:22:18.187057 10994 catalog_manager.cc:2770] Failed to send alter table request: Not found: Failed to reset TS proxy: No leader found: Tablet 1ad8690bd1174f529ca41865f7d98cea consensus state has no leader
I0721 23:22:18.187139 11390 tablet_bootstrap.cc:563] T 0249e3dbe50545f99e40b25143970dc6 P 2aeff3d0fc13436a9d6090b9a6aaa6aa: Time spent opening tablet: real 0.000s user 0.000s sys 0.000s
I0721 23:22:18.187177 10994 catalog_manager.cc:1856] TS d248c9dacad642be9a5fabec3add151e does not have the latest schema for tablet 67b0e5f3081d4c34be5dac68a0b10025 (table test-table [id=41787a805a7a407ca4ef642fee224d02]). Expected version 1 got 0
I0721 23:22:18.187227 11390 tablet_bootstrap.cc:503] T 0249e3dbe50545f99e40b25143970dc6 P 2aeff3d0fc13436a9d6090b9a6aaa6aa: No blocks or log segments found. Creating new log.
W0721 23:22:18.187393 10994 catalog_manager.cc:2160] Unable to reset TS proxy: Not found: No leader found: Tablet 67b0e5f3081d4c34be5dac68a0b10025 consensus state has no leader
W0721 23:22:18.187403 10994 catalog_manager.cc:2770] Failed to send alter table request: Not found: Failed to reset TS proxy: No leader found: Tablet 67b0e5f3081d4c34be5dac68a0b10025 consensus state has no leader
I0721 23:22:18.187500 11391 tablet_bootstrap.cc:400] T 1ad8690bd1174f529ca41865f7d98cea P d248c9dacad642be9a5fabec3add151e: No bootstrap required, opened a new log
I0721 23:22:18.187520 11391 ts_tablet_manager.cc:636] T 1ad8690bd1174f529ca41865f7d98cea P d248c9dacad642be9a5fabec3add151e: Time spent bootstrapping tablet: real 0.001s user 0.000s sys 0.000s
I0721 23:22:18.187518 10994 catalog_manager.cc:1856] TS 2aeff3d0fc13436a9d6090b9a6aaa6aa does not have the latest schema for tablet 67b0e5f3081d4c34be5dac68a0b10025 (table test-table [id=41787a805a7a407ca4ef642fee224d02]). Expected version 1 got 0
W0721 23:22:18.187703 10994 catalog_manager.cc:2160] Unable to reset TS proxy: Not found: No leader found: Tablet 67b0e5f3081d4c34be5dac68a0b10025 consensus state has no leader
W0721 23:22:18.187712 10994 catalog_manager.cc:2770] Failed to send alter table request: Not found: Failed to reset TS proxy: No leader found: Tablet 67b0e5f3081d4c34be5dac68a0b10025 consensus state has no leader
I0721 23:22:18.187750 11389 tablet_bootstrap.cc:400] T 0249e3dbe50545f99e40b25143970dc6 P 4d5cad21cdbe462d87174e9da291a046: No bootstrap required, opened a new log
I0721 23:22:18.187769 11389 ts_tablet_manager.cc:636] T 0249e3dbe50545f99e40b25143970dc6 P 4d5cad21cdbe462d87174e9da291a046: Time spent bootstrapping tablet: real 0.002s user 0.000s sys 0.000s
I0721 23:22:18.187902 10994 catalog_manager.cc:1856] TS 2aeff3d0fc13436a9d6090b9a6aaa6aa does not have the latest schema for tablet 67b0e5f3081d4c34be5dac68a0b10025 (table test-table [id=41787a805a7a407ca4ef642fee224d02]). Expected version 1 got 0
I0721 23:22:18.188014 11391 raft_consensus.cc:269] T 1ad8690bd1174f529ca41865f7d98cea P d248c9dacad642be9a5fabec3add151e [term 0 FOLLOWER]: Replica starting. Triggering 0 pending transactions. Active config: opid_index: -1 peers { permanent_uuid: "d248c9dacad642be9a5fabec3add151e" member_type: VOTER last_known_addr { host: "127.42.220.1" port: 37489 } } peers { permanent_uuid: "2aeff3d0fc13436a9d6090b9a6aaa6aa" member_type: VOTER last_known_addr { host: "127.42.220.0" port: 48563 } } peers { permanent_uuid: "4d5cad21cdbe462d87174e9da291a046" member_type: VOTER last_known_addr { host: "127.42.220.2" port: 37062 } }
I0721 23:22:18.188032 11391 raft_consensus.cc:301] T 1ad8690bd1174f529ca41865f7d98cea P d248c9dacad642be9a5fabec3add151e [term 0 FOLLOWER]: Consensus starting up: Expiring failure detector timer to make a prompt election more likely
I0721 23:22:18.188043 11391 raft_consensus.cc:499] T 1ad8690bd1174f529ca41865f7d98cea P d248c9dacad642be9a5fabec3add151e [term 0 FOLLOWER]: Becoming Follower/Learner. State: Replica: d248c9dacad642be9a5fabec3add151e, State: 1, Role: FOLLOWER Watermarks: {Received: term: 0 index: 0 Committed: term: 0 index: 0}
I0721 23:22:18.188057 11391 consensus_queue.cc:162] T 1ad8690bd1174f529ca41865f7d98cea P d248c9dacad642be9a5fabec3add151e [NON_LEADER]: Queue going to NON_LEADER mode. State: All replicated op: 0.0, Majority replicated op: 0.0, Committed index: 0.0, Last appended: 0.0, Current term: 0, Majority size: -1, State: 1, Mode: NON_LEADER
I0721 23:22:18.188154 11389 raft_consensus.cc:269] T 0249e3dbe50545f99e40b25143970dc6 P 4d5cad21cdbe462d87174e9da291a046 [term 0 FOLLOWER]: Replica starting. Triggering 0 pending transactions. Active config: opid_index: -1 peers { permanent_uuid: "2aeff3d0fc13436a9d6090b9a6aaa6aa" member_type: VOTER last_known_addr { host: "127.42.220.0" port: 48563 } } peers { permanent_uuid: "d248c9dacad642be9a5fabec3add151e" member_type: VOTER last_known_addr { host: "127.42.220.1" port: 37489 } } peers { permanent_uuid: "4d5cad21cdbe462d87174e9da291a046" member_type: VOTER last_known_addr { host: "127.42.220.2" port: 37062 } }
I0721 23:22:18.188172 11389 raft_consensus.cc:301] T 0249e3dbe50545f99e40b25143970dc6 P 4d5cad21cdbe462d87174e9da291a046 [term 0 FOLLOWER]: Consensus starting up: Expiring failure detector timer to make a prompt election more likely
I0721 23:22:18.188189 11389 raft_consensus.cc:499] T 0249e3dbe50545f99e40b25143970dc6 P 4d5cad21cdbe462d87174e9da291a046 [term 0 FOLLOWER]: Becoming Follower/Learner. State: Replica: 4d5cad21cdbe462d87174e9da291a046, State: 1, Role: FOLLOWER Watermarks: {Received: term: 0 index: 0 Committed: term: 0 index: 0}
W0721 23:22:18.188187 10994 catalog_manager.cc:2160] Unable to reset TS proxy: Not found: No leader found: Tablet 67b0e5f3081d4c34be5dac68a0b10025 consensus state has no leader
I0721 23:22:18.188204 11389 consensus_queue.cc:162] T 0249e3dbe50545f99e40b25143970dc6 P 4d5cad21cdbe462d87174e9da291a046 [NON_LEADER]: Queue going to NON_LEADER mode. State: All replicated op: 0.0, Majority replicated op: 0.0, Committed index: 0.0, Last appended: 0.0, Current term: 0, Majority size: -1, State: 1, Mode: NON_LEADER
W0721 23:22:18.188205 10994 catalog_manager.cc:2770] Failed to send alter table request: Not found: Failed to reset TS proxy: No leader found: Tablet 67b0e5f3081d4c34be5dac68a0b10025 consensus state has no leader
I0721 23:22:18.188318 11391 ts_tablet_manager.cc:663] T 1ad8690bd1174f529ca41865f7d98cea P d248c9dacad642be9a5fabec3add151e: Time spent starting tablet: real 0.001s user 0.000s sys 0.000s
I0721 23:22:18.188339 11391 ts_tablet_manager.cc:631] T 0249e3dbe50545f99e40b25143970dc6 P d248c9dacad642be9a5fabec3add151e: Bootstrapping tablet
I0721 23:22:18.188421 10994 catalog_manager.cc:1856] TS d248c9dacad642be9a5fabec3add151e does not have the latest schema for tablet 1ad8690bd1174f529ca41865f7d98cea (table test-table [id=41787a805a7a407ca4ef642fee224d02]). Expected version 1 got 0
I0721 23:22:18.188483 11391 tablet_bootstrap.cc:400] T 0249e3dbe50545f99e40b25143970dc6 P d248c9dacad642be9a5fabec3add151e: Bootstrap starting.
I0721 23:22:18.188626 11391 tablet_bootstrap.cc:563] T 0249e3dbe50545f99e40b25143970dc6 P d248c9dacad642be9a5fabec3add151e: Time spent opening tablet: real 0.000s user 0.000s sys 0.000s
W0721 23:22:18.188657 10994 catalog_manager.cc:2160] Unable to reset TS proxy: Not found: No leader found: Tablet 1ad8690bd1174f529ca41865f7d98cea consensus state has no leader
W0721 23:22:18.188668 10994 catalog_manager.cc:2770] Failed to send alter table request: Not found: Failed to reset TS proxy: No leader found: Tablet 1ad8690bd1174f529ca41865f7d98cea consensus state has no leader
I0721 23:22:18.188715 11391 tablet_bootstrap.cc:503] T 0249e3dbe50545f99e40b25143970dc6 P d248c9dacad642be9a5fabec3add151e: No blocks or log segments found. Creating new log.
I0721 23:22:18.188827 10994 catalog_manager.cc:1856] TS d248c9dacad642be9a5fabec3add151e does not have the latest schema for tablet 1ad8690bd1174f529ca41865f7d98cea (table test-table [id=41787a805a7a407ca4ef642fee224d02]). Expected version 1 got 0
I0721 23:22:18.188940 11389 ts_tablet_manager.cc:663] T 0249e3dbe50545f99e40b25143970dc6 P 4d5cad21cdbe462d87174e9da291a046: Time spent starting tablet: real 0.001s user 0.004s sys 0.000s
W0721 23:22:18.189057 10994 catalog_manager.cc:2160] Unable to reset TS proxy: Not found: No leader found: Tablet 1ad8690bd1174f529ca41865f7d98cea consensus state has no leader
I0721 23:22:18.189085 10995 catalog_manager.cc:1856] TS 4d5cad21cdbe462d87174e9da291a046 does not have the latest schema for tablet 0249e3dbe50545f99e40b25143970dc6 (table test-table [id=41787a805a7a407ca4ef642fee224d02]). Expected version 1 got 0
W0721 23:22:18.189087 10994 catalog_manager.cc:2770] Failed to send alter table request: Not found: Failed to reset TS proxy: No leader found: Tablet 1ad8690bd1174f529ca41865f7d98cea consensus state has no leader
I0721 23:22:18.189311 11391 tablet_bootstrap.cc:400] T 0249e3dbe50545f99e40b25143970dc6 P d248c9dacad642be9a5fabec3add151e: No bootstrap required, opened a new log
W0721 23:22:18.189312 10995 catalog_manager.cc:2160] Unable to reset TS proxy: Not found: No leader found: Tablet 0249e3dbe50545f99e40b25143970dc6 consensus state has no leader
W0721 23:22:18.189324 10995 catalog_manager.cc:2770] Failed to send alter table request: Not found: Failed to reset TS proxy: No leader found: Tablet 0249e3dbe50545f99e40b25143970dc6 consensus state has no leader
I0721 23:22:18.189330 11391 ts_tablet_manager.cc:636] T 0249e3dbe50545f99e40b25143970dc6 P d248c9dacad642be9a5fabec3add151e: Time spent bootstrapping tablet: real 0.001s user 0.004s sys 0.000s
I0721 23:22:18.189641 11391 raft_consensus.cc:269] T 0249e3dbe50545f99e40b25143970dc6 P d248c9dacad642be9a5fabec3add151e [term 0 FOLLOWER]: Replica starting. Triggering 0 pending transactions. Active config: opid_index: -1 peers { permanent_uuid: "2aeff3d0fc13436a9d6090b9a6aaa6aa" member_type: VOTER last_known_addr { host: "127.42.220.0" port: 48563 } } peers { permanent_uuid: "d248c9dacad642be9a5fabec3add151e" member_type: VOTER last_known_addr { host: "127.42.220.1" port: 37489 } } peers { permanent_uuid: "4d5cad21cdbe462d87174e9da291a046" member_type: VOTER last_known_addr { host: "127.42.220.2" port: 37062 } }
I0721 23:22:18.189656 11391 raft_consensus.cc:301] T 0249e3dbe50545f99e40b25143970dc6 P d248c9dacad642be9a5fabec3add151e [term 0 FOLLOWER]: Consensus starting up: Expiring failure detector timer to make a prompt election more likely
I0721 23:22:18.189676 11391 raft_consensus.cc:499] T 0249e3dbe50545f99e40b25143970dc6 P d248c9dacad642be9a5fabec3add151e [term 0 FOLLOWER]: Becoming Follower/Learner. State: Replica: d248c9dacad642be9a5fabec3add151e, State: 1, Role: FOLLOWER Watermarks: {Received: term: 0 index: 0 Committed: term: 0 index: 0}
I0721 23:22:18.189697 11391 consensus_queue.cc:162] T 0249e3dbe50545f99e40b25143970dc6 P d248c9dacad642be9a5fabec3add151e [NON_LEADER]: Queue going to NON_LEADER mode. State: All replicated op: 0.0, Majority replicated op: 0.0, Committed index: 0.0, Last appended: 0.0, Current term: 0, Majority size: -1, State: 1, Mode: NON_LEADER
I0721 23:22:18.189703 10995 catalog_manager.cc:1856] TS 4d5cad21cdbe462d87174e9da291a046 does not have the latest schema for tablet 0249e3dbe50545f99e40b25143970dc6 (table test-table [id=41787a805a7a407ca4ef642fee224d02]). Expected version 1 got 0
I0721 23:22:18.189810 11391 ts_tablet_manager.cc:663] T 0249e3dbe50545f99e40b25143970dc6 P d248c9dacad642be9a5fabec3add151e: Time spent starting tablet: real 0.000s user 0.000s sys 0.000s
I0721 23:22:18.189872 11390 tablet_bootstrap.cc:400] T 0249e3dbe50545f99e40b25143970dc6 P 2aeff3d0fc13436a9d6090b9a6aaa6aa: No bootstrap required, opened a new log
I0721 23:22:18.189894 11390 ts_tablet_manager.cc:636] T 0249e3dbe50545f99e40b25143970dc6 P 2aeff3d0fc13436a9d6090b9a6aaa6aa: Time spent bootstrapping tablet: real 0.003s user 0.000s sys 0.000s
W0721 23:22:18.189916 10995 catalog_manager.cc:2160] Unable to reset TS proxy: Not found: No leader found: Tablet 0249e3dbe50545f99e40b25143970dc6 consensus state has no leader
I0721 23:22:18.189918 10994 catalog_manager.cc:1856] TS d248c9dacad642be9a5fabec3add151e does not have the latest schema for tablet 0249e3dbe50545f99e40b25143970dc6 (table test-table [id=41787a805a7a407ca4ef642fee224d02]). Expected version 1 got 0
W0721 23:22:18.189929 10995 catalog_manager.cc:2770] Failed to send alter table request: Not found: Failed to reset TS proxy: No leader found: Tablet 0249e3dbe50545f99e40b25143970dc6 consensus state has no leader
W0721 23:22:18.190115 10994 catalog_manager.cc:2160] Unable to reset TS proxy: Not found: No leader found: Tablet 0249e3dbe50545f99e40b25143970dc6 consensus state has no leader
W0721 23:22:18.190124 10994 catalog_manager.cc:2770] Failed to send alter table request: Not found: Failed to reset TS proxy: No leader found: Tablet 0249e3dbe50545f99e40b25143970dc6 consensus state has no leader
I0721 23:22:18.190181 11390 raft_consensus.cc:269] T 0249e3dbe50545f99e40b25143970dc6 P 2aeff3d0fc13436a9d6090b9a6aaa6aa [term 0 FOLLOWER]: Replica starting. Triggering 0 pending transactions. Active config: opid_index: -1 peers { permanent_uuid: "2aeff3d0fc13436a9d6090b9a6aaa6aa" member_type: VOTER last_known_addr { host: "127.42.220.0" port: 48563 } } peers { permanent_uuid: "d248c9dacad642be9a5fabec3add151e" member_type: VOTER last_known_addr { host: "127.42.220.1" port: 37489 } } peers { permanent_uuid: "4d5cad21cdbe462d87174e9da291a046" member_type: VOTER last_known_addr { host: "127.42.220.2" port: 37062 } }
I0721 23:22:18.190201 11390 raft_consensus.cc:301] T 0249e3dbe50545f99e40b25143970dc6 P 2aeff3d0fc13436a9d6090b9a6aaa6aa [term 0 FOLLOWER]: Consensus starting up: Expiring failure detector timer to make a prompt election more likely
I0721 23:22:18.190212 11390 raft_consensus.cc:499] T 0249e3dbe50545f99e40b25143970dc6 P 2aeff3d0fc13436a9d6090b9a6aaa6aa [term 0 FOLLOWER]: Becoming Follower/Learner. State: Replica: 2aeff3d0fc13436a9d6090b9a6aaa6aa, State: 1, Role: FOLLOWER Watermarks: {Received: term: 0 index: 0 Committed: term: 0 index: 0}
I0721 23:22:18.190222 11390 consensus_queue.cc:162] T 0249e3dbe50545f99e40b25143970dc6 P 2aeff3d0fc13436a9d6090b9a6aaa6aa [NON_LEADER]: Queue going to NON_LEADER mode. State: All replicated op: 0.0, Majority replicated op: 0.0, Committed index: 0.0, Last appended: 0.0, Current term: 0, Majority size: -1, State: 1, Mode: NON_LEADER
I0721 23:22:18.190358 11390 ts_tablet_manager.cc:663] T 0249e3dbe50545f99e40b25143970dc6 P 2aeff3d0fc13436a9d6090b9a6aaa6aa: Time spent starting tablet: real 0.000s user 0.000s sys 0.000s
I0721 23:22:18.190378 11390 ts_tablet_manager.cc:631] T 1ad8690bd1174f529ca41865f7d98cea P 2aeff3d0fc13436a9d6090b9a6aaa6aa: Bootstrapping tablet
I0721 23:22:18.190446 10994 catalog_manager.cc:1856] TS 2aeff3d0fc13436a9d6090b9a6aaa6aa does not have the latest schema for tablet 0249e3dbe50545f99e40b25143970dc6 (table test-table [id=41787a805a7a407ca4ef642fee224d02]). Expected version 1 got 0
I0721 23:22:18.190490 11390 tablet_bootstrap.cc:400] T 1ad8690bd1174f529ca41865f7d98cea P 2aeff3d0fc13436a9d6090b9a6aaa6aa: Bootstrap starting.
I0721 23:22:18.190623 11390 tablet_bootstrap.cc:563] T 1ad8690bd1174f529ca41865f7d98cea P 2aeff3d0fc13436a9d6090b9a6aaa6aa: Time spent opening tablet: real 0.000s user 0.000s sys 0.000s
W0721 23:22:18.190623 10994 catalog_manager.cc:2160] Unable to reset TS proxy: Not found: No leader found: Tablet 0249e3dbe50545f99e40b25143970dc6 consensus state has no leader
W0721 23:22:18.190637 10994 catalog_manager.cc:2770] Failed to send alter table request: Not found: Failed to reset TS proxy: No leader found: Tablet 0249e3dbe50545f99e40b25143970dc6 consensus state has no leader
I0721 23:22:18.190729 11390 tablet_bootstrap.cc:503] T 1ad8690bd1174f529ca41865f7d98cea P 2aeff3d0fc13436a9d6090b9a6aaa6aa: No blocks or log segments found. Creating new log.
I0721 23:22:18.191206 11390 tablet_bootstrap.cc:400] T 1ad8690bd1174f529ca41865f7d98cea P 2aeff3d0fc13436a9d6090b9a6aaa6aa: No bootstrap required, opened a new log
I0721 23:22:18.191239 11390 ts_tablet_manager.cc:636] T 1ad8690bd1174f529ca41865f7d98cea P 2aeff3d0fc13436a9d6090b9a6aaa6aa: Time spent bootstrapping tablet: real 0.001s user 0.000s sys 0.004s
I0721 23:22:18.191529 11390 raft_consensus.cc:269] T 1ad8690bd1174f529ca41865f7d98cea P 2aeff3d0fc13436a9d6090b9a6aaa6aa [term 0 FOLLOWER]: Replica starting. Triggering 0 pending transactions. Active config: opid_index: -1 peers { permanent_uuid: "d248c9dacad642be9a5fabec3add151e" member_type: VOTER last_known_addr { host: "127.42.220.1" port: 37489 } } peers { permanent_uuid: "2aeff3d0fc13436a9d6090b9a6aaa6aa" member_type: VOTER last_known_addr { host: "127.42.220.0" port: 48563 } } peers { permanent_uuid: "4d5cad21cdbe462d87174e9da291a046" member_type: VOTER last_known_addr { host: "127.42.220.2" port: 37062 } }
I0721 23:22:18.191545 11390 raft_consensus.cc:301] T 1ad8690bd1174f529ca41865f7d98cea P 2aeff3d0fc13436a9d6090b9a6aaa6aa [term 0 FOLLOWER]: Consensus starting up: Expiring failure detector timer to make a prompt election more likely
I0721 23:22:18.191553 11390 raft_consensus.cc:499] T 1ad8690bd1174f529ca41865f7d98cea P 2aeff3d0fc13436a9d6090b9a6aaa6aa [term 0 FOLLOWER]: Becoming Follower/Learner. State: Replica: 2aeff3d0fc13436a9d6090b9a6aaa6aa, State: 1, Role: FOLLOWER Watermarks: {Received: term: 0 index: 0 Committed: term: 0 index: 0}
I0721 23:22:18.191561 11390 consensus_queue.cc:162] T 1ad8690bd1174f529ca41865f7d98cea P 2aeff3d0fc13436a9d6090b9a6aaa6aa [NON_LEADER]: Queue going to NON_LEADER mode. State: All replicated op: 0.0, Majority replicated op: 0.0, Committed index: 0.0, Last appended: 0.0, Current term: 0, Majority size: -1, State: 1, Mode: NON_LEADER
I0721 23:22:18.191699 11390 ts_tablet_manager.cc:663] T 1ad8690bd1174f529ca41865f7d98cea P 2aeff3d0fc13436a9d6090b9a6aaa6aa: Time spent starting tablet: real 0.000s user 0.000s sys 0.000s
I0721 23:22:18.191807 10994 catalog_manager.cc:1856] TS 2aeff3d0fc13436a9d6090b9a6aaa6aa does not have the latest schema for tablet 1ad8690bd1174f529ca41865f7d98cea (table test-table [id=41787a805a7a407ca4ef642fee224d02]). Expected version 1 got 0
W0721 23:22:18.192033 10994 catalog_manager.cc:2160] Unable to reset TS proxy: Not found: No leader found: Tablet 1ad8690bd1174f529ca41865f7d98cea consensus state has no leader
W0721 23:22:18.192054 10994 catalog_manager.cc:2770] Failed to send alter table request: Not found: Failed to reset TS proxy: No leader found: Tablet 1ad8690bd1174f529ca41865f7d98cea consensus state has no leader
I0721 23:22:18.355733 11448 raft_consensus.cc:370] T 0249e3dbe50545f99e40b25143970dc6 P d248c9dacad642be9a5fabec3add151e [term 0 FOLLOWER]: No leader contacted us within the election timeout. Triggering leader election
I0721 23:22:18.355757 11448 raft_consensus.cc:2019] T 0249e3dbe50545f99e40b25143970dc6 P d248c9dacad642be9a5fabec3add151e [term 0 FOLLOWER]: Advancing to term 1
I0721 23:22:18.356215 11448 raft_consensus.cc:1970] T 0249e3dbe50545f99e40b25143970dc6 P d248c9dacad642be9a5fabec3add151e [term 1 FOLLOWER]: Snoozing failure detection for election timeout plus an additional 1.604s
I0721 23:22:18.356272 11448 raft_consensus.cc:386] T 0249e3dbe50545f99e40b25143970dc6 P d248c9dacad642be9a5fabec3add151e [term 1 FOLLOWER]: Starting election with config: opid_index: -1 peers { permanent_uuid: "2aeff3d0fc13436a9d6090b9a6aaa6aa" member_type: VOTER last_known_addr { host: "127.42.220.0" port: 48563 } } peers { permanent_uuid: "d248c9dacad642be9a5fabec3add151e" member_type: VOTER last_known_addr { host: "127.42.220.1" port: 37489 } } peers { permanent_uuid: "4d5cad21cdbe462d87174e9da291a046" member_type: VOTER last_known_addr { host: "127.42.220.2" port: 37062 } }
I0721 23:22:18.357143 11448 leader_election.cc:223] T 0249e3dbe50545f99e40b25143970dc6 P d248c9dacad642be9a5fabec3add151e [CANDIDATE]: Term 1 election: Requesting vote from peer 2aeff3d0fc13436a9d6090b9a6aaa6aa
I0721 23:22:18.357183 11448 leader_election.cc:223] T 0249e3dbe50545f99e40b25143970dc6 P d248c9dacad642be9a5fabec3add151e [CANDIDATE]: Term 1 election: Requesting vote from peer 4d5cad21cdbe462d87174e9da291a046
I0721 23:22:18.357906 11333 raft_consensus.cc:2019] T 0249e3dbe50545f99e40b25143970dc6 P 4d5cad21cdbe462d87174e9da291a046 [term 0 FOLLOWER]: Advancing to term 1
I0721 23:22:18.358074 11099 raft_consensus.cc:2019] T 0249e3dbe50545f99e40b25143970dc6 P 2aeff3d0fc13436a9d6090b9a6aaa6aa [term 0 FOLLOWER]: Advancing to term 1
I0721 23:22:18.358232 11333 raft_consensus.cc:1970] T 0249e3dbe50545f99e40b25143970dc6 P 4d5cad21cdbe462d87174e9da291a046 [term 1 FOLLOWER]: Snoozing failure detection for election timeout plus an additional 1.628s
I0721 23:22:18.358409 11099 raft_consensus.cc:1970] T 0249e3dbe50545f99e40b25143970dc6 P 2aeff3d0fc13436a9d6090b9a6aaa6aa [term 1 FOLLOWER]: Snoozing failure detection for election timeout plus an additional 1.610s
I0721 23:22:18.358850 11333 raft_consensus.cc:1677] T 0249e3dbe50545f99e40b25143970dc6 P 4d5cad21cdbe462d87174e9da291a046 [term 1 FOLLOWER]: Leader election vote request: Granting yes vote for candidate d248c9dacad642be9a5fabec3add151e in term 1.
I0721 23:22:18.358970 11153 leader_election.cc:347] T 0249e3dbe50545f99e40b25143970dc6 P d248c9dacad642be9a5fabec3add151e [CANDIDATE]: Term 1 election: Vote granted by peer 4d5cad21cdbe462d87174e9da291a046
I0721 23:22:18.358981 11099 raft_consensus.cc:1677] T 0249e3dbe50545f99e40b25143970dc6 P 2aeff3d0fc13436a9d6090b9a6aaa6aa [term 1 FOLLOWER]: Leader election vote request: Granting yes vote for candidate d248c9dacad642be9a5fabec3add151e in term 1.
I0721 23:22:18.358991 11153 leader_election.cc:248] T 0249e3dbe50545f99e40b25143970dc6 P d248c9dacad642be9a5fabec3add151e [CANDIDATE]: Term 1 election: Election decided. Result: candidate won.
I0721 23:22:18.359022 11449 raft_consensus.cc:1970] T 0249e3dbe50545f99e40b25143970dc6 P d248c9dacad642be9a5fabec3add151e [term 1 FOLLOWER]: Snoozing failure detection for election timeout plus an additional 1.597s
I0721 23:22:18.359038 11449 raft_consensus.cc:1859] T 0249e3dbe50545f99e40b25143970dc6 P d248c9dacad642be9a5fabec3add151e [term 1 FOLLOWER]: Leader election won for term 1
I0721 23:22:18.359148 11152 leader_election.cc:347] T 0249e3dbe50545f99e40b25143970dc6 P d248c9dacad642be9a5fabec3add151e [CANDIDATE]: Term 1 election: Vote granted by peer 2aeff3d0fc13436a9d6090b9a6aaa6aa
I0721 23:22:18.359158 11449 raft_consensus.cc:464] T 0249e3dbe50545f99e40b25143970dc6 P d248c9dacad642be9a5fabec3add151e [term 1 LEADER]: Becoming Leader. State: Replica: d248c9dacad642be9a5fabec3add151e, State: 1, Role: LEADER Watermarks: {Received: term: 0 index: 0 Committed: term: 0 index: 0}
I0721 23:22:18.359264 11449 consensus_queue.cc:145] T 0249e3dbe50545f99e40b25143970dc6 P d248c9dacad642be9a5fabec3add151e [LEADER]: Queue going to LEADER mode. State: All replicated op: 0.0, Majority replicated op: 0.0, Committed index: 0.0, Last appended: 0.0, Current term: 1, Majority size: 2, State: 1, Mode: LEADER, active raft config: opid_index: -1 peers { permanent_uuid: "2aeff3d0fc13436a9d6090b9a6aaa6aa" member_type: VOTER last_known_addr { host: "127.42.220.0" port: 48563 } } peers { permanent_uuid: "d248c9dacad642be9a5fabec3add151e" member_type: VOTER last_known_addr { host: "127.42.220.1" port: 37489 } } peers { permanent_uuid: "4d5cad21cdbe462d87174e9da291a046" member_type: VOTER last_known_addr { host: "127.42.220.2" port: 37062 } }
I0721 23:22:18.360083 10994 catalog_manager.cc:1856] TS d248c9dacad642be9a5fabec3add151e does not have the latest schema for tablet 0249e3dbe50545f99e40b25143970dc6 (table test-table [id=41787a805a7a407ca4ef642fee224d02]). Expected version 1 got 0
I0721 23:22:18.360169 10994 catalog_manager.cc:1957] Tablet: 0249e3dbe50545f99e40b25143970dc6 reported consensus state change. New consensus state: current_term: 1 leader_uuid: "d248c9dacad642be9a5fabec3add151e" config { opid_index: -1 peers { permanent_uuid: "2aeff3d0fc13436a9d6090b9a6aaa6aa" member_type: VOTER last_known_addr { host: "127.42.220.0" port: 48563 } } peers { permanent_uuid: "d248c9dacad642be9a5fabec3add151e" member_type: VOTER last_known_addr { host: "127.42.220.1" port: 37489 } } peers { permanent_uuid: "4d5cad21cdbe462d87174e9da291a046" member_type: VOTER last_known_addr { host: "127.42.220.2" port: 37062 } } }
W0721 23:22:18.360339 11460 raft_consensus_state.cc:541] T 0249e3dbe50545f99e40b25143970dc6 P d248c9dacad642be9a5fabec3add151e [term 1 LEADER]: Can't advance the committed index across term boundaries until operations from the current term are replicated. Last committed operation was: term: 0 index: 0, New majority replicated is: term: 0 index: 0, Current term is: 1
I0721 23:22:18.360970 11333 raft_consensus.cc:869] T 0249e3dbe50545f99e40b25143970dc6 P 4d5cad21cdbe462d87174e9da291a046 [term 1 FOLLOWER]: Refusing update from remote peer d248c9dacad642be9a5fabec3add151e: Log matching property violated. Preceding OpId in replica: term: 0 index: 0. Preceding OpId from leader: term: 1 index: 2. (index mismatch)
I0721 23:22:18.361055 11099 raft_consensus.cc:869] T 0249e3dbe50545f99e40b25143970dc6 P 2aeff3d0fc13436a9d6090b9a6aaa6aa [term 1 FOLLOWER]: Refusing update from remote peer d248c9dacad642be9a5fabec3add151e: Log matching property violated. Preceding OpId in replica: term: 0 index: 0. Preceding OpId from leader: term: 1 index: 2. (index mismatch)
I0721 23:22:18.361099 11449 consensus_queue.cc:578] T 0249e3dbe50545f99e40b25143970dc6 P d248c9dacad642be9a5fabec3add151e [LEADER]: Connected to new peer: Peer: 4d5cad21cdbe462d87174e9da291a046, Is new: false, Last received: 0.0, Next index: 1, Last known committed idx: 0, Last exchange result: ERROR, Needs remote bootstrap: false
I0721 23:22:18.361162 11457 consensus_queue.cc:578] T 0249e3dbe50545f99e40b25143970dc6 P d248c9dacad642be9a5fabec3add151e [LEADER]: Connected to new peer: Peer: 2aeff3d0fc13436a9d6090b9a6aaa6aa, Is new: false, Last received: 0.0, Next index: 1, Last known committed idx: 0, Last exchange result: ERROR, Needs remote bootstrap: false
I0721 23:22:18.361663 10994 catalog_manager.cc:1856] TS 4d5cad21cdbe462d87174e9da291a046 does not have the latest schema for tablet 0249e3dbe50545f99e40b25143970dc6 (table test-table [id=41787a805a7a407ca4ef642fee224d02]). Expected version 1 got 0
I0721 23:22:18.361810 11460 raft_consensus_state.cc:534] T 0249e3dbe50545f99e40b25143970dc6 P d248c9dacad642be9a5fabec3add151e [term 1 LEADER]: Advanced the committed_index across terms. Last committed operation was: term: 0 index: 0 New committed index is: term: 1 index: 2
I0721 23:22:18.361863 11416 tablet.cc:824] T 0249e3dbe50545f99e40b25143970dc6 Alter schema from Schema [ 0:key[int32 NOT NULL] ] version 0 to Schema [ 0:key[int32 NOT NULL] ] version 1
I0721 23:22:18.362001 11414 tablet.cc:824] T 0249e3dbe50545f99e40b25143970dc6 Alter schema from Schema [ 0:key[int32 NOT NULL] ] version 0 to Schema [ 0:key[int32 NOT NULL] ] version 1
I0721 23:22:18.362067 11417 tablet.cc:824] T 0249e3dbe50545f99e40b25143970dc6 Alter schema from Schema [ 0:key[int32 NOT NULL] ] version 0 to Schema [ 0:key[int32 NOT NULL] ] version 1
I0721 23:22:18.362252 10995 catalog_manager.cc:1856] TS 2aeff3d0fc13436a9d6090b9a6aaa6aa does not have the latest schema for tablet 0249e3dbe50545f99e40b25143970dc6 (table test-table [id=41787a805a7a407ca4ef642fee224d02]). Expected version 1 got 0
I0721 23:22:18.649124 11430 raft_consensus.cc:370] T 1ad8690bd1174f529ca41865f7d98cea P 4d5cad21cdbe462d87174e9da291a046 [term 0 FOLLOWER]: No leader contacted us within the election timeout. Triggering leader election
I0721 23:22:18.649152 11430 raft_consensus.cc:2019] T 1ad8690bd1174f529ca41865f7d98cea P 4d5cad21cdbe462d87174e9da291a046 [term 0 FOLLOWER]: Advancing to term 1
I0721 23:22:18.649701 11430 raft_consensus.cc:1970] T 1ad8690bd1174f529ca41865f7d98cea P 4d5cad21cdbe462d87174e9da291a046 [term 1 FOLLOWER]: Snoozing failure detection for election timeout plus an additional 1.592s
I0721 23:22:18.649765 11430 raft_consensus.cc:386] T 1ad8690bd1174f529ca41865f7d98cea P 4d5cad21cdbe462d87174e9da291a046 [term 1 FOLLOWER]: Starting election with config: opid_index: -1 peers { permanent_uuid: "d248c9dacad642be9a5fabec3add151e" member_type: VOTER last_known_addr { host: "127.42.220.1" port: 37489 } } peers { permanent_uuid: "2aeff3d0fc13436a9d6090b9a6aaa6aa" member_type: VOTER last_known_addr { host: "127.42.220.0" port: 48563 } } peers { permanent_uuid: "4d5cad21cdbe462d87174e9da291a046" member_type: VOTER last_known_addr { host: "127.42.220.2" port: 37062 } }
I0721 23:22:18.650558 11430 leader_election.cc:223] T 1ad8690bd1174f529ca41865f7d98cea P 4d5cad21cdbe462d87174e9da291a046 [CANDIDATE]: Term 1 election: Requesting vote from peer d248c9dacad642be9a5fabec3add151e
I0721 23:22:18.650601 11430 leader_election.cc:223] T 1ad8690bd1174f529ca41865f7d98cea P 4d5cad21cdbe462d87174e9da291a046 [CANDIDATE]: Term 1 election: Requesting vote from peer 2aeff3d0fc13436a9d6090b9a6aaa6aa
I0721 23:22:18.650830 11099 raft_consensus.cc:2019] T 1ad8690bd1174f529ca41865f7d98cea P 2aeff3d0fc13436a9d6090b9a6aaa6aa [term 0 FOLLOWER]: Advancing to term 1
I0721 23:22:18.650862 11216 raft_consensus.cc:2019] T 1ad8690bd1174f529ca41865f7d98cea P d248c9dacad642be9a5fabec3add151e [term 0 FOLLOWER]: Advancing to term 1
I0721 23:22:18.651228 11099 raft_consensus.cc:1970] T 1ad8690bd1174f529ca41865f7d98cea P 2aeff3d0fc13436a9d6090b9a6aaa6aa [term 1 FOLLOWER]: Snoozing failure detection for election timeout plus an additional 1.536s
I0721 23:22:18.651231 11216 raft_consensus.cc:1970] T 1ad8690bd1174f529ca41865f7d98cea P d248c9dacad642be9a5fabec3add151e [term 1 FOLLOWER]: Snoozing failure detection for election timeout plus an additional 1.527s
I0721 23:22:18.652029 11099 raft_consensus.cc:1677] T 1ad8690bd1174f529ca41865f7d98cea P 2aeff3d0fc13436a9d6090b9a6aaa6aa [term 1 FOLLOWER]: Leader election vote request: Granting yes vote for candidate 4d5cad21cdbe462d87174e9da291a046 in term 1.
I0721 23:22:18.652029 11216 raft_consensus.cc:1677] T 1ad8690bd1174f529ca41865f7d98cea P d248c9dacad642be9a5fabec3add151e [term 1 FOLLOWER]: Leader election vote request: Granting yes vote for candidate 4d5cad21cdbe462d87174e9da291a046 in term 1.
I0721 23:22:18.652160 11270 leader_election.cc:347] T 1ad8690bd1174f529ca41865f7d98cea P 4d5cad21cdbe462d87174e9da291a046 [CANDIDATE]: Term 1 election: Vote granted by peer d248c9dacad642be9a5fabec3add151e
I0721 23:22:18.652179 11270 leader_election.cc:248] T 1ad8690bd1174f529ca41865f7d98cea P 4d5cad21cdbe462d87174e9da291a046 [CANDIDATE]: Term 1 election: Election decided. Result: candidate won.
I0721 23:22:18.652214 11268 leader_election.cc:347] T 1ad8690bd1174f529ca41865f7d98cea P 4d5cad21cdbe462d87174e9da291a046 [CANDIDATE]: Term 1 election: Vote granted by peer 2aeff3d0fc13436a9d6090b9a6aaa6aa
I0721 23:22:18.652268 11431 raft_consensus.cc:1970] T 1ad8690bd1174f529ca41865f7d98cea P 4d5cad21cdbe462d87174e9da291a046 [term 1 FOLLOWER]: Snoozing failure detection for election timeout plus an additional 1.603s
I0721 23:22:18.652303 11431 raft_consensus.cc:1859] T 1ad8690bd1174f529ca41865f7d98cea P 4d5cad21cdbe462d87174e9da291a046 [term 1 FOLLOWER]: Leader election won for term 1
I0721 23:22:18.652479 11431 raft_consensus.cc:464] T 1ad8690bd1174f529ca41865f7d98cea P 4d5cad21cdbe462d87174e9da291a046 [term 1 LEADER]: Becoming Leader. State: Replica: 4d5cad21cdbe462d87174e9da291a046, State: 1, Role: LEADER Watermarks: {Received: term: 0 index: 0 Committed: term: 0 index: 0}
