I0721 23:22:18.652525 11431 consensus_queue.cc:145] T 1ad8690bd1174f529ca41865f7d98cea P 4d5cad21cdbe462d87174e9da291a046 [LEADER]: Queue going to LEADER mode. State: All replicated op: 0.0, Majority replicated op: 0.0, Committed index: 0.0, Last appended: 0.0, Current term: 1, Majority size: 2, State: 1, Mode: LEADER, active raft config: opid_index: -1 peers { permanent_uuid: "d248c9dacad642be9a5fabec3add151e" member_type: VOTER last_known_addr { host: "127.42.220.1" port: 37489 } } peers { permanent_uuid: "2aeff3d0fc13436a9d6090b9a6aaa6aa" member_type: VOTER last_known_addr { host: "127.42.220.0" port: 48563 } } peers { permanent_uuid: "4d5cad21cdbe462d87174e9da291a046" member_type: VOTER last_known_addr { host: "127.42.220.2" port: 37062 } }
I0721 23:22:18.653220 10995 catalog_manager.cc:1856] TS 4d5cad21cdbe462d87174e9da291a046 does not have the latest schema for tablet 1ad8690bd1174f529ca41865f7d98cea (table test-table [id=41787a805a7a407ca4ef642fee224d02]). Expected version 1 got 0
I0721 23:22:18.653301 10995 catalog_manager.cc:1957] Tablet: 1ad8690bd1174f529ca41865f7d98cea reported consensus state change. New consensus state: current_term: 1 leader_uuid: "4d5cad21cdbe462d87174e9da291a046" config { opid_index: -1 peers { permanent_uuid: "d248c9dacad642be9a5fabec3add151e" member_type: VOTER last_known_addr { host: "127.42.220.1" port: 37489 } } peers { permanent_uuid: "2aeff3d0fc13436a9d6090b9a6aaa6aa" member_type: VOTER last_known_addr { host: "127.42.220.0" port: 48563 } } peers { permanent_uuid: "4d5cad21cdbe462d87174e9da291a046" member_type: VOTER last_known_addr { host: "127.42.220.2" port: 37062 } } }
I0721 23:22:18.654170 11216 raft_consensus.cc:869] T 1ad8690bd1174f529ca41865f7d98cea P d248c9dacad642be9a5fabec3add151e [term 1 FOLLOWER]: Refusing update from remote peer 4d5cad21cdbe462d87174e9da291a046: Log matching property violated. Preceding OpId in replica: term: 0 index: 0. Preceding OpId from leader: term: 1 index: 2. (index mismatch)
I0721 23:22:18.654194 11099 raft_consensus.cc:869] T 1ad8690bd1174f529ca41865f7d98cea P 2aeff3d0fc13436a9d6090b9a6aaa6aa [term 1 FOLLOWER]: Refusing update from remote peer 4d5cad21cdbe462d87174e9da291a046: Log matching property violated. Preceding OpId in replica: term: 0 index: 0. Preceding OpId from leader: term: 1 index: 2. (index mismatch)
I0721 23:22:18.654278 11431 consensus_queue.cc:578] T 1ad8690bd1174f529ca41865f7d98cea P 4d5cad21cdbe462d87174e9da291a046 [LEADER]: Connected to new peer: Peer: 2aeff3d0fc13436a9d6090b9a6aaa6aa, Is new: false, Last received: 0.0, Next index: 1, Last known committed idx: 0, Last exchange result: ERROR, Needs remote bootstrap: false
I0721 23:22:18.654316 11431 consensus_queue.cc:578] T 1ad8690bd1174f529ca41865f7d98cea P 4d5cad21cdbe462d87174e9da291a046 [LEADER]: Connected to new peer: Peer: d248c9dacad642be9a5fabec3add151e, Is new: false, Last received: 0.0, Next index: 1, Last known committed idx: 0, Last exchange result: ERROR, Needs remote bootstrap: false
I0721 23:22:18.654635 10995 catalog_manager.cc:1856] TS d248c9dacad642be9a5fabec3add151e does not have the latest schema for tablet 1ad8690bd1174f529ca41865f7d98cea (table test-table [id=41787a805a7a407ca4ef642fee224d02]). Expected version 1 got 0
I0721 23:22:18.654937 11467 raft_consensus_state.cc:534] T 1ad8690bd1174f529ca41865f7d98cea P 4d5cad21cdbe462d87174e9da291a046 [term 1 LEADER]: Advanced the committed_index across terms. Last committed operation was: term: 0 index: 0 New committed index is: term: 1 index: 2
I0721 23:22:18.654961 10994 catalog_manager.cc:1856] TS 2aeff3d0fc13436a9d6090b9a6aaa6aa does not have the latest schema for tablet 1ad8690bd1174f529ca41865f7d98cea (table test-table [id=41787a805a7a407ca4ef642fee224d02]). Expected version 1 got 0
I0721 23:22:18.655104 11416 tablet.cc:824] T 1ad8690bd1174f529ca41865f7d98cea Alter schema from Schema [ 0:key[int32 NOT NULL] ] version 0 to Schema [ 0:key[int32 NOT NULL] ] version 1
I0721 23:22:18.655153 11419 tablet.cc:824] T 1ad8690bd1174f529ca41865f7d98cea Alter schema from Schema [ 0:key[int32 NOT NULL] ] version 0 to Schema [ 0:key[int32 NOT NULL] ] version 1
I0721 23:22:18.655613 11414 tablet.cc:824] T 1ad8690bd1174f529ca41865f7d98cea Alter schema from Schema [ 0:key[int32 NOT NULL] ] version 0 to Schema [ 0:key[int32 NOT NULL] ] version 1
I0721 23:22:18.656874 11414 tablet.cc:819] T 1ad8690bd1174f529ca41865f7d98cea Already running schema version 1 got alter request for version 1
I0721 23:22:18.657116 11418 tablet.cc:819] T 1ad8690bd1174f529ca41865f7d98cea Already running schema version 1 got alter request for version 1
I0721 23:22:18.657534 11414 tablet.cc:819] T 1ad8690bd1174f529ca41865f7d98cea Already running schema version 1 got alter request for version 1
I0721 23:22:18.657733 11416 tablet.cc:819] T 1ad8690bd1174f529ca41865f7d98cea Already running schema version 1 got alter request for version 1
I0721 23:22:18.657861 11415 tablet.cc:819] T 1ad8690bd1174f529ca41865f7d98cea Already running schema version 1 got alter request for version 1
I0721 23:22:18.657991 11416 tablet.cc:819] T 1ad8690bd1174f529ca41865f7d98cea Already running schema version 1 got alter request for version 1
I0721 23:22:18.699249 11429 raft_consensus.cc:370] T 67b0e5f3081d4c34be5dac68a0b10025 P d248c9dacad642be9a5fabec3add151e [term 0 FOLLOWER]: No leader contacted us within the election timeout. Triggering leader election
I0721 23:22:18.699261 11429 raft_consensus.cc:2019] T 67b0e5f3081d4c34be5dac68a0b10025 P d248c9dacad642be9a5fabec3add151e [term 0 FOLLOWER]: Advancing to term 1
I0721 23:22:18.699501 11429 raft_consensus.cc:1970] T 67b0e5f3081d4c34be5dac68a0b10025 P d248c9dacad642be9a5fabec3add151e [term 1 FOLLOWER]: Snoozing failure detection for election timeout plus an additional 1.500s
I0721 23:22:18.699533 11429 raft_consensus.cc:386] T 67b0e5f3081d4c34be5dac68a0b10025 P d248c9dacad642be9a5fabec3add151e [term 1 FOLLOWER]: Starting election with config: opid_index: -1 peers { permanent_uuid: "d248c9dacad642be9a5fabec3add151e" member_type: VOTER last_known_addr { host: "127.42.220.1" port: 37489 } } peers { permanent_uuid: "2aeff3d0fc13436a9d6090b9a6aaa6aa" member_type: VOTER last_known_addr { host: "127.42.220.0" port: 48563 } } peers { permanent_uuid: "4d5cad21cdbe462d87174e9da291a046" member_type: VOTER last_known_addr { host: "127.42.220.2" port: 37062 } }
I0721 23:22:18.700354 11429 leader_election.cc:223] T 67b0e5f3081d4c34be5dac68a0b10025 P d248c9dacad642be9a5fabec3add151e [CANDIDATE]: Term 1 election: Requesting vote from peer 2aeff3d0fc13436a9d6090b9a6aaa6aa
I0721 23:22:18.700379 11429 leader_election.cc:223] T 67b0e5f3081d4c34be5dac68a0b10025 P d248c9dacad642be9a5fabec3add151e [CANDIDATE]: Term 1 election: Requesting vote from peer 4d5cad21cdbe462d87174e9da291a046
I0721 23:22:18.700579 11099 raft_consensus.cc:2019] T 67b0e5f3081d4c34be5dac68a0b10025 P 2aeff3d0fc13436a9d6090b9a6aaa6aa [term 0 FOLLOWER]: Advancing to term 1
I0721 23:22:18.700604 11333 raft_consensus.cc:2019] T 67b0e5f3081d4c34be5dac68a0b10025 P 4d5cad21cdbe462d87174e9da291a046 [term 0 FOLLOWER]: Advancing to term 1
I0721 23:22:18.700883 11099 raft_consensus.cc:1970] T 67b0e5f3081d4c34be5dac68a0b10025 P 2aeff3d0fc13436a9d6090b9a6aaa6aa [term 1 FOLLOWER]: Snoozing failure detection for election timeout plus an additional 1.636s
I0721 23:22:18.700883 11333 raft_consensus.cc:1970] T 67b0e5f3081d4c34be5dac68a0b10025 P 4d5cad21cdbe462d87174e9da291a046 [term 1 FOLLOWER]: Snoozing failure detection for election timeout plus an additional 1.528s
I0721 23:22:18.701506 11099 raft_consensus.cc:1677] T 67b0e5f3081d4c34be5dac68a0b10025 P 2aeff3d0fc13436a9d6090b9a6aaa6aa [term 1 FOLLOWER]: Leader election vote request: Granting yes vote for candidate d248c9dacad642be9a5fabec3add151e in term 1.
I0721 23:22:18.701519 11333 raft_consensus.cc:1677] T 67b0e5f3081d4c34be5dac68a0b10025 P 4d5cad21cdbe462d87174e9da291a046 [term 1 FOLLOWER]: Leader election vote request: Granting yes vote for candidate d248c9dacad642be9a5fabec3add151e in term 1.
I0721 23:22:18.701607 11152 leader_election.cc:347] T 67b0e5f3081d4c34be5dac68a0b10025 P d248c9dacad642be9a5fabec3add151e [CANDIDATE]: Term 1 election: Vote granted by peer 2aeff3d0fc13436a9d6090b9a6aaa6aa
I0721 23:22:18.701627 11152 leader_election.cc:248] T 67b0e5f3081d4c34be5dac68a0b10025 P d248c9dacad642be9a5fabec3add151e [CANDIDATE]: Term 1 election: Election decided. Result: candidate won.
I0721 23:22:18.701644 11153 leader_election.cc:347] T 67b0e5f3081d4c34be5dac68a0b10025 P d248c9dacad642be9a5fabec3add151e [CANDIDATE]: Term 1 election: Vote granted by peer 4d5cad21cdbe462d87174e9da291a046
I0721 23:22:18.701786 11471 raft_consensus.cc:1970] T 67b0e5f3081d4c34be5dac68a0b10025 P d248c9dacad642be9a5fabec3add151e [term 1 FOLLOWER]: Snoozing failure detection for election timeout plus an additional 1.609s
I0721 23:22:18.701803 11471 raft_consensus.cc:1859] T 67b0e5f3081d4c34be5dac68a0b10025 P d248c9dacad642be9a5fabec3add151e [term 1 FOLLOWER]: Leader election won for term 1
I0721 23:22:18.701941 11471 raft_consensus.cc:464] T 67b0e5f3081d4c34be5dac68a0b10025 P d248c9dacad642be9a5fabec3add151e [term 1 LEADER]: Becoming Leader. State: Replica: d248c9dacad642be9a5fabec3add151e, State: 1, Role: LEADER Watermarks: {Received: term: 0 index: 0 Committed: term: 0 index: 0}
I0721 23:22:18.701995 11471 consensus_queue.cc:145] T 67b0e5f3081d4c34be5dac68a0b10025 P d248c9dacad642be9a5fabec3add151e [LEADER]: Queue going to LEADER mode. State: All replicated op: 0.0, Majority replicated op: 0.0, Committed index: 0.0, Last appended: 0.0, Current term: 1, Majority size: 2, State: 1, Mode: LEADER, active raft config: opid_index: -1 peers { permanent_uuid: "d248c9dacad642be9a5fabec3add151e" member_type: VOTER last_known_addr { host: "127.42.220.1" port: 37489 } } peers { permanent_uuid: "2aeff3d0fc13436a9d6090b9a6aaa6aa" member_type: VOTER last_known_addr { host: "127.42.220.0" port: 48563 } } peers { permanent_uuid: "4d5cad21cdbe462d87174e9da291a046" member_type: VOTER last_known_addr { host: "127.42.220.2" port: 37062 } }
I0721 23:22:18.702572 10995 catalog_manager.cc:1856] TS d248c9dacad642be9a5fabec3add151e does not have the latest schema for tablet 67b0e5f3081d4c34be5dac68a0b10025 (table test-table [id=41787a805a7a407ca4ef642fee224d02]). Expected version 1 got 0
I0721 23:22:18.702628 10995 catalog_manager.cc:1957] Tablet: 67b0e5f3081d4c34be5dac68a0b10025 reported consensus state change. New consensus state: current_term: 1 leader_uuid: "d248c9dacad642be9a5fabec3add151e" config { opid_index: -1 peers { permanent_uuid: "d248c9dacad642be9a5fabec3add151e" member_type: VOTER last_known_addr { host: "127.42.220.1" port: 37489 } } peers { permanent_uuid: "2aeff3d0fc13436a9d6090b9a6aaa6aa" member_type: VOTER last_known_addr { host: "127.42.220.0" port: 48563 } } peers { permanent_uuid: "4d5cad21cdbe462d87174e9da291a046" member_type: VOTER last_known_addr { host: "127.42.220.2" port: 37062 } } }
I0721 23:22:18.703356 11333 raft_consensus.cc:869] T 67b0e5f3081d4c34be5dac68a0b10025 P 4d5cad21cdbe462d87174e9da291a046 [term 1 FOLLOWER]: Refusing update from remote peer d248c9dacad642be9a5fabec3add151e: Log matching property violated. Preceding OpId in replica: term: 0 index: 0. Preceding OpId from leader: term: 1 index: 2. (index mismatch)
I0721 23:22:18.703372 11099 raft_consensus.cc:869] T 67b0e5f3081d4c34be5dac68a0b10025 P 2aeff3d0fc13436a9d6090b9a6aaa6aa [term 1 FOLLOWER]: Refusing update from remote peer d248c9dacad642be9a5fabec3add151e: Log matching property violated. Preceding OpId in replica: term: 0 index: 0. Preceding OpId from leader: term: 1 index: 2. (index mismatch)
I0721 23:22:18.703459 11471 consensus_queue.cc:578] T 67b0e5f3081d4c34be5dac68a0b10025 P d248c9dacad642be9a5fabec3add151e [LEADER]: Connected to new peer: Peer: 4d5cad21cdbe462d87174e9da291a046, Is new: false, Last received: 0.0, Next index: 1, Last known committed idx: 0, Last exchange result: ERROR, Needs remote bootstrap: false
I0721 23:22:18.703521 11472 consensus_queue.cc:578] T 67b0e5f3081d4c34be5dac68a0b10025 P d248c9dacad642be9a5fabec3add151e [LEADER]: Connected to new peer: Peer: 2aeff3d0fc13436a9d6090b9a6aaa6aa, Is new: false, Last received: 0.0, Next index: 1, Last known committed idx: 0, Last exchange result: ERROR, Needs remote bootstrap: false
I0721 23:22:18.703972 10994 catalog_manager.cc:1856] TS 2aeff3d0fc13436a9d6090b9a6aaa6aa does not have the latest schema for tablet 67b0e5f3081d4c34be5dac68a0b10025 (table test-table [id=41787a805a7a407ca4ef642fee224d02]). Expected version 1 got 0
I0721 23:22:18.704116 11475 raft_consensus_state.cc:534] T 67b0e5f3081d4c34be5dac68a0b10025 P d248c9dacad642be9a5fabec3add151e [term 1 LEADER]: Advanced the committed_index across terms. Last committed operation was: term: 0 index: 0 New committed index is: term: 1 index: 2
I0721 23:22:18.704205 10995 catalog_manager.cc:1856] TS 4d5cad21cdbe462d87174e9da291a046 does not have the latest schema for tablet 67b0e5f3081d4c34be5dac68a0b10025 (table test-table [id=41787a805a7a407ca4ef642fee224d02]). Expected version 1 got 0
I0721 23:22:18.704239 11416 tablet.cc:824] T 67b0e5f3081d4c34be5dac68a0b10025 Alter schema from Schema [ 0:key[int32 NOT NULL] ] version 0 to Schema [ 0:key[int32 NOT NULL] ] version 1
I0721 23:22:18.704299 11417 tablet.cc:824] T 67b0e5f3081d4c34be5dac68a0b10025 Alter schema from Schema [ 0:key[int32 NOT NULL] ] version 0 to Schema [ 0:key[int32 NOT NULL] ] version 1
I0721 23:22:18.704586 11414 tablet.cc:824] T 67b0e5f3081d4c34be5dac68a0b10025 Alter schema from Schema [ 0:key[int32 NOT NULL] ] version 0 to Schema [ 0:key[int32 NOT NULL] ] version 1
I0721 23:22:18.705898 10994 catalog_manager.cc:2970] test-table [id=41787a805a7a407ca4ef642fee224d02] - Alter table completed version=1
I0721 23:22:18.739658 10972 alter_table-randomized-test.cc:92] Restarting TS 1
I0721 23:22:18.739681 10972 external_mini_cluster.cc:661] Killing /tmp/run_tha_testJdYyRY/build/release/bin/kudu-tserver with pid 11144
W0721 23:22:18.741801 11270 consensus_peers.cc:333] T 1ad8690bd1174f529ca41865f7d98cea P 4d5cad21cdbe462d87174e9da291a046 -> Peer d248c9dacad642be9a5fabec3add151e (127.42.220.1:37489): Couldn't send request to peer d248c9dacad642be9a5fabec3add151e for tablet 1ad8690bd1174f529ca41865f7d98cea. Status: Network error: Recv() got EOF from remote (error 108). Retrying in the next heartbeat period. Already tried 1 times.
I0721 23:22:18.741967 10972 external_mini_cluster.cc:559] Running /tmp/run_tha_testJdYyRY/build/release/bin/kudu-tserver kudu-tserver --fs_wal_dir=/tmp/kudutest-1000/alter_table-randomized-test.AlterTableRandomized.TestRandomSequence.1469143337762994-10972/minicluster-data/ts-1 --fs_data_dirs=/tmp/kudutest-1000/alter_table-randomized-test.AlterTableRandomized.TestRandomSequence.1469143337762994-10972/minicluster-data/ts-1 --rpc_bind_addresses=127.42.220.1:37489 --local_ip_for_outbound_sockets=127.42.220.1 --webserver_port=57305 --webserver_interface=127.42.220.1 --tserver_master_addrs=127.0.0.1:46345 --metrics_log_interval_ms=1000 --log_dir=/tmp/kudutest-1000/alter_table-randomized-test.AlterTableRandomized.TestRandomSequence.1469143337762994-10972/minicluster-data/ts-1 --never_fsync --log_container_preallocate_bytes=0 --server_dump_info_path=/tmp/kudutest-1000/alter_table-randomized-test.AlterTableRandomized.TestRandomSequence.1469143337762994-10972/minicluster-data/ts-1/info.pb --server_dump_info_format=pb --rpc_server_allow_ephemeral_ports --logtostderr --logbuflevel=-1
I0721 23:22:18.746498 11484 mem_tracker.cc:138] MemTracker: hard memory limit is 11.777661 GB
I0721 23:22:18.746557 11484 mem_tracker.cc:140] MemTracker: soft memory limit is 7.066597 GB
I0721 23:22:18.747628 11484 tablet_server_main.cc:54] Initializing tablet server...
I0721 23:22:18.747769 11484 hybrid_clock.cc:178] HybridClock initialized. Resolution in nanos?: 1 Wait times tolerance adjustment: 1.0005 Current error: 1133658
I0721 23:22:18.749059 11484 fs_manager.cc:242] Opened local filesystem: /tmp/kudutest-1000/alter_table-randomized-test.AlterTableRandomized.TestRandomSequence.1469143337762994-10972/minicluster-data/ts-1 uuid: "d248c9dacad642be9a5fabec3add151e" format_stamp: "Formatted at 2016-07-21 23:22:17 on dist-test-slave-dist-test-slave-zjmv"
I0721 23:22:18.750664 11484 ts_tablet_manager.cc:607] Loading metadata for tablet 1ad8690bd1174f529ca41865f7d98cea
I0721 23:22:18.750875 11484 ts_tablet_manager.cc:607] Loading metadata for tablet 0249e3dbe50545f99e40b25143970dc6
I0721 23:22:18.751025 11484 ts_tablet_manager.cc:607] Loading metadata for tablet 67b0e5f3081d4c34be5dac68a0b10025
I0721 23:22:18.751196 11484 ts_tablet_manager.cc:765] Registered tablet 1ad8690bd1174f529ca41865f7d98cea
I0721 23:22:18.751431 11484 ts_tablet_manager.cc:765] Registered tablet 0249e3dbe50545f99e40b25143970dc6
I0721 23:22:18.751448 11484 ts_tablet_manager.cc:765] Registered tablet 67b0e5f3081d4c34be5dac68a0b10025
I0721 23:22:18.751518 11493 ts_tablet_manager.cc:631] T 1ad8690bd1174f529ca41865f7d98cea P d248c9dacad642be9a5fabec3add151e: Bootstrapping tablet
I0721 23:22:18.751562 11484 tablet_server_main.cc:57] Starting tablet server...
I0721 23:22:18.751682 11493 tablet_bootstrap.cc:400] T 1ad8690bd1174f529ca41865f7d98cea P d248c9dacad642be9a5fabec3add151e: Bootstrap starting.
I0721 23:22:18.751847 11493 tablet_bootstrap.cc:563] T 1ad8690bd1174f529ca41865f7d98cea P d248c9dacad642be9a5fabec3add151e: Time spent opening tablet: real 0.000s user 0.000s sys 0.000s
I0721 23:22:18.751955 11493 tablet_bootstrap.cc:619] T 1ad8690bd1174f529ca41865f7d98cea P d248c9dacad642be9a5fabec3add151e: Will attempt to recover log segment /tmp/kudutest-1000/alter_table-randomized-test.AlterTableRandomized.TestRandomSequence.1469143337762994-10972/minicluster-data/ts-1/wals/1ad8690bd1174f529ca41865f7d98cea/wal-000000001 to /tmp/kudutest-1000/alter_table-randomized-test.AlterTableRandomized.TestRandomSequence.1469143337762994-10972/minicluster-data/ts-1/wals/1ad8690bd1174f529ca41865f7d98cea.recovery/wal-000000001
I0721 23:22:18.751967 11493 tablet_bootstrap.cc:627] T 1ad8690bd1174f529ca41865f7d98cea P d248c9dacad642be9a5fabec3add151e: Moving log directory /tmp/kudutest-1000/alter_table-randomized-test.AlterTableRandomized.TestRandomSequence.1469143337762994-10972/minicluster-data/ts-1/wals/1ad8690bd1174f529ca41865f7d98cea to recovery directory /tmp/kudutest-1000/alter_table-randomized-test.AlterTableRandomized.TestRandomSequence.1469143337762994-10972/minicluster-data/ts-1/wals/1ad8690bd1174f529ca41865f7d98cea.recovery in preparation for log replay
W0721 23:22:18.752123 11493 log_util.cc:311] Could not read footer for segment: /tmp/kudutest-1000/alter_table-randomized-test.AlterTableRandomized.TestRandomSequence.1469143337762994-10972/minicluster-data/ts-1/wals/1ad8690bd1174f529ca41865f7d98cea.recovery/wal-000000001: Not found: Footer not found. Footer magic doesn't match
I0721 23:22:18.752135 11493 log_reader.cc:152] Log segment /tmp/kudutest-1000/alter_table-randomized-test.AlterTableRandomized.TestRandomSequence.1469143337762994-10972/minicluster-data/ts-1/wals/1ad8690bd1174f529ca41865f7d98cea.recovery/wal-000000001 was likely left in-progress after a previous crash. Will try to rebuild footer by scanning data.
I0721 23:22:18.753567 11493 log_util.cc:569] Scanning /tmp/kudutest-1000/alter_table-randomized-test.AlterTableRandomized.TestRandomSequence.1469143337762994-10972/minicluster-data/ts-1/wals/1ad8690bd1174f529ca41865f7d98cea.recovery/wal-000000001 for valid entry headers following offset 1338...
I0721 23:22:18.784458 11484 rpc_server.cc:164] RPC server started. Bound to: 127.42.220.1:37489
I0721 23:22:18.784518 11484 webserver.cc:122] Starting webserver on 127.42.220.1:57305
I0721 23:22:18.784521 11484 webserver.cc:133] Document root disabled
I0721 23:22:18.784519 11493 log_util.cc:606] Found no log entry headers
I0721 23:22:18.784534 11493 log_util.cc:215] Ignoring log segment corruption in /tmp/kudutest-1000/alter_table-randomized-test.AlterTableRandomized.TestRandomSequence.1469143337762994-10972/minicluster-data/ts-1/wals/1ad8690bd1174f529ca41865f7d98cea.recovery/wal-000000001 because there are no log entries following the corrupted one. The server probably crashed in the middle of writing an entry to the write-ahead log or downloaded an active log via remote bootstrap. Error detail: Corruption: CRC mismatch in log entry header: Log file corruption detected. Failed trying to read batch #0 at offset 1326 for log segment /tmp/kudutest-1000/alter_table-randomized-test.AlterTableRandomized.TestRandomSequence.1469143337762994-10972/minicluster-data/ts-1/wals/1ad8690bd1174f529ca41865f7d98cea.recovery/wal-000000001: Prior entries: [off=1154 REPLICATE (1.8)] [off=1188 COMMIT (1.8)] [off=1292 REPLICATE (1.9)] [off=1326 COMMIT (1.9)]
I0721 23:22:18.784544 11493 log_util.cc:359] Successfully rebuilt footer for segment: /tmp/kudutest-1000/alter_table-randomized-test.AlterTableRandomized.TestRandomSequence.1469143337762994-10972/minicluster-data/ts-1/wals/1ad8690bd1174f529ca41865f7d98cea.recovery/wal-000000001 (valid entries through byte offset 1326)
I0721 23:22:18.784574 11493 tablet.cc:853] T 1ad8690bd1174f529ca41865f7d98cea Rewinding schema during bootstrap to Schema [ 0:key[int32 NOT NULL] ]
I0721 23:22:18.784660 11484 webserver.cc:217] Webserver started. Bound to: http://127.42.220.1:57305/
I0721 23:22:18.784775 11493 log.cc:349] Log is configured to *not* fsync() on all Append() calls
I0721 23:22:18.784816 11484 server_base.cc:235] Dumped server information to /tmp/kudutest-1000/alter_table-randomized-test.AlterTableRandomized.TestRandomSequence.1469143337762994-10972/minicluster-data/ts-1/info.pb
I0721 23:22:18.785079 11484 tablet_server_main.cc:60] Tablet server successfully started.
I0721 23:22:18.785555 11493 tablet.cc:824] T 1ad8690bd1174f529ca41865f7d98cea Alter schema from Schema [ 0:key[int32 NOT NULL] ] version 0 to Schema [ 0:key[int32 NOT NULL] ] version 1
I0721 23:22:18.785572 11493 tablet_metadata.cc:428] Not flushing: waiting for 1 pins to be released.
I0721 23:22:18.785614 11493 tablet.cc:819] T 1ad8690bd1174f529ca41865f7d98cea Already running schema version 1 got alter request for version 1
I0721 23:22:18.785640 11493 tablet.cc:819] T 1ad8690bd1174f529ca41865f7d98cea Already running schema version 1 got alter request for version 1
I0721 23:22:18.785960 11493 tablet_bootstrap.cc:400] T 1ad8690bd1174f529ca41865f7d98cea P d248c9dacad642be9a5fabec3add151e: Bootstrap replayed 1/1 log segments. Stats: ops{read=9 overwritten=0 applied=9 ignored=0} inserts{seen=3 ignored=0} mutations{seen=2 ignored=0} orphaned_commits=0. Pending: 0 replicates
I0721 23:22:18.785979 11493 tablet_bootstrap.cc:1040] T 1ad8690bd1174f529ca41865f7d98cea P d248c9dacad642be9a5fabec3add151e: ReplayState: Previous OpId: 1.9, Committed OpId: 1.9, Pending Replicates: 0, Pending Commits: 0
I0721 23:22:18.786075 11599 heartbeater.cc:255] Connected to a leader master server at 127.0.0.1:46345
I0721 23:22:18.786092 11599 heartbeater.cc:322] Registering TS with master...
I0721 23:22:18.786103 11599 heartbeater.cc:328] Sending a full tablet report to master...
I0721 23:22:18.786252 10994 ts_manager.cc:86] Re-registered known tablet server { permanent_uuid: "d248c9dacad642be9a5fabec3add151e" instance_seqno: 1469143338782720 } with Master
I0721 23:22:18.786340 11493 tablet_bootstrap.cc:656] T 1ad8690bd1174f529ca41865f7d98cea P d248c9dacad642be9a5fabec3add151e: Preparing to delete log recovery files and directory /tmp/kudutest-1000/alter_table-randomized-test.AlterTableRandomized.TestRandomSequence.1469143337762994-10972/minicluster-data/ts-1/wals/1ad8690bd1174f529ca41865f7d98cea.recovery
I0721 23:22:18.786348 11493 tablet_bootstrap.cc:659] T 1ad8690bd1174f529ca41865f7d98cea P d248c9dacad642be9a5fabec3add151e: Renaming log recovery dir from /tmp/kudutest-1000/alter_table-randomized-test.AlterTableRandomized.TestRandomSequence.1469143337762994-10972/minicluster-data/ts-1/wals/1ad8690bd1174f529ca41865f7d98cea.recovery to /tmp/kudutest-1000/alter_table-randomized-test.AlterTableRandomized.TestRandomSequence.1469143337762994-10972/minicluster-data/ts-1/wals/1ad8690bd1174f529ca41865f7d98cea.recovery-1469143338786348
I0721 23:22:18.786383 11493 tablet_bootstrap.cc:669] T 1ad8690bd1174f529ca41865f7d98cea P d248c9dacad642be9a5fabec3add151e: Deleting all files from renamed log recovery directory /tmp/kudutest-1000/alter_table-randomized-test.AlterTableRandomized.TestRandomSequence.1469143337762994-10972/minicluster-data/ts-1/wals/1ad8690bd1174f529ca41865f7d98cea.recovery-1469143338786348
I0721 23:22:18.786561 11493 tablet_bootstrap.cc:672] T 1ad8690bd1174f529ca41865f7d98cea P d248c9dacad642be9a5fabec3add151e: Completed deletion of old log recovery files and directory /tmp/kudutest-1000/alter_table-randomized-test.AlterTableRandomized.TestRandomSequence.1469143337762994-10972/minicluster-data/ts-1/wals/1ad8690bd1174f529ca41865f7d98cea.recovery-1469143338786348
I0721 23:22:18.787051 11493 tablet_bootstrap.cc:400] T 1ad8690bd1174f529ca41865f7d98cea P d248c9dacad642be9a5fabec3add151e: Bootstrap complete.
I0721 23:22:18.791838 11493 ts_tablet_manager.cc:636] T 1ad8690bd1174f529ca41865f7d98cea P d248c9dacad642be9a5fabec3add151e: Time spent bootstrapping tablet: real 0.040s user 0.008s sys 0.028s
I0721 23:22:18.792109 11493 raft_consensus.cc:269] T 1ad8690bd1174f529ca41865f7d98cea P d248c9dacad642be9a5fabec3add151e [term 1 FOLLOWER]: Replica starting. Triggering 0 pending transactions. Active config: opid_index: -1 peers { permanent_uuid: "d248c9dacad642be9a5fabec3add151e" member_type: VOTER last_known_addr { host: "127.42.220.1" port: 37489 } } peers { permanent_uuid: "2aeff3d0fc13436a9d6090b9a6aaa6aa" member_type: VOTER last_known_addr { host: "127.42.220.0" port: 48563 } } peers { permanent_uuid: "4d5cad21cdbe462d87174e9da291a046" member_type: VOTER last_known_addr { host: "127.42.220.2" port: 37062 } }
I0721 23:22:18.792129 11493 raft_consensus.cc:499] T 1ad8690bd1174f529ca41865f7d98cea P d248c9dacad642be9a5fabec3add151e [term 1 FOLLOWER]: Becoming Follower/Learner. State: Replica: d248c9dacad642be9a5fabec3add151e, State: 1, Role: FOLLOWER Watermarks: {Received: term: 1 index: 9 Committed: term: 1 index: 9}
I0721 23:22:18.792137 11493 consensus_queue.cc:162] T 1ad8690bd1174f529ca41865f7d98cea P d248c9dacad642be9a5fabec3add151e [NON_LEADER]: Queue going to NON_LEADER mode. State: All replicated op: 0.0, Majority replicated op: 0.0, Committed index: 0.0, Last appended: 1.9, Current term: 0, Majority size: -1, State: 1, Mode: NON_LEADER
I0721 23:22:18.792278 11493 ts_tablet_manager.cc:663] T 1ad8690bd1174f529ca41865f7d98cea P d248c9dacad642be9a5fabec3add151e: Time spent starting tablet: real 0.000s user 0.000s sys 0.004s
I0721 23:22:18.792290 11493 ts_tablet_manager.cc:631] T 0249e3dbe50545f99e40b25143970dc6 P d248c9dacad642be9a5fabec3add151e: Bootstrapping tablet
I0721 23:22:18.792368 11493 tablet_bootstrap.cc:400] T 0249e3dbe50545f99e40b25143970dc6 P d248c9dacad642be9a5fabec3add151e: Bootstrap starting.
I0721 23:22:18.792474 11493 tablet_bootstrap.cc:563] T 0249e3dbe50545f99e40b25143970dc6 P d248c9dacad642be9a5fabec3add151e: Time spent opening tablet: real 0.000s user 0.000s sys 0.000s
I0721 23:22:18.792553 11493 tablet_bootstrap.cc:619] T 0249e3dbe50545f99e40b25143970dc6 P d248c9dacad642be9a5fabec3add151e: Will attempt to recover log segment /tmp/kudutest-1000/alter_table-randomized-test.AlterTableRandomized.TestRandomSequence.1469143337762994-10972/minicluster-data/ts-1/wals/0249e3dbe50545f99e40b25143970dc6/wal-000000001 to /tmp/kudutest-1000/alter_table-randomized-test.AlterTableRandomized.TestRandomSequence.1469143337762994-10972/minicluster-data/ts-1/wals/0249e3dbe50545f99e40b25143970dc6.recovery/wal-000000001
I0721 23:22:18.792565 11493 tablet_bootstrap.cc:627] T 0249e3dbe50545f99e40b25143970dc6 P d248c9dacad642be9a5fabec3add151e: Moving log directory /tmp/kudutest-1000/alter_table-randomized-test.AlterTableRandomized.TestRandomSequence.1469143337762994-10972/minicluster-data/ts-1/wals/0249e3dbe50545f99e40b25143970dc6 to recovery directory /tmp/kudutest-1000/alter_table-randomized-test.AlterTableRandomized.TestRandomSequence.1469143337762994-10972/minicluster-data/ts-1/wals/0249e3dbe50545f99e40b25143970dc6.recovery in preparation for log replay
W0721 23:22:18.792721 11493 log_util.cc:311] Could not read footer for segment: /tmp/kudutest-1000/alter_table-randomized-test.AlterTableRandomized.TestRandomSequence.1469143337762994-10972/minicluster-data/ts-1/wals/0249e3dbe50545f99e40b25143970dc6.recovery/wal-000000001: Not found: Footer not found. Footer magic doesn't match
I0721 23:22:18.792742 11493 log_reader.cc:152] Log segment /tmp/kudutest-1000/alter_table-randomized-test.AlterTableRandomized.TestRandomSequence.1469143337762994-10972/minicluster-data/ts-1/wals/0249e3dbe50545f99e40b25143970dc6.recovery/wal-000000001 was likely left in-progress after a previous crash. Will try to rebuild footer by scanning data.
I0721 23:22:18.792765 11493 log_util.cc:569] Scanning /tmp/kudutest-1000/alter_table-randomized-test.AlterTableRandomized.TestRandomSequence.1469143337762994-10972/minicluster-data/ts-1/wals/0249e3dbe50545f99e40b25143970dc6.recovery/wal-000000001 for valid entry headers following offset 322...
I0721 23:22:18.792834 10972 external_mini_cluster.cc:595] Started /tmp/run_tha_testJdYyRY/build/release/bin/kudu-tserver as pid 11484
I0721 23:22:18.821552 11493 log_util.cc:606] Found no log entry headers
I0721 23:22:18.821586 11493 log_util.cc:215] Ignoring log segment corruption in /tmp/kudutest-1000/alter_table-randomized-test.AlterTableRandomized.TestRandomSequence.1469143337762994-10972/minicluster-data/ts-1/wals/0249e3dbe50545f99e40b25143970dc6.recovery/wal-000000001 because there are no log entries following the corrupted one. The server probably crashed in the middle of writing an entry to the write-ahead log or downloaded an active log via remote bootstrap. Error detail: Corruption: CRC mismatch in log entry header: Log file corruption detected. Failed trying to read batch #0 at offset 310 for log segment /tmp/kudutest-1000/alter_table-randomized-test.AlterTableRandomized.TestRandomSequence.1469143337762994-10972/minicluster-data/ts-1/wals/0249e3dbe50545f99e40b25143970dc6.recovery/wal-000000001: Prior entries: [off=115 REPLICATE (1.1)] [off=258 REPLICATE (1.2)] [off=284 COMMIT (1.1)] [off=310 COMMIT (1.2)]
I0721 23:22:18.821591 11493 log_util.cc:359] Successfully rebuilt footer for segment: /tmp/kudutest-1000/alter_table-randomized-test.AlterTableRandomized.TestRandomSequence.1469143337762994-10972/minicluster-data/ts-1/wals/0249e3dbe50545f99e40b25143970dc6.recovery/wal-000000001 (valid entries through byte offset 310)
I0721 23:22:18.821612 11493 tablet.cc:853] T 0249e3dbe50545f99e40b25143970dc6 Rewinding schema during bootstrap to Schema [ 0:key[int32 NOT NULL] ]
I0721 23:22:18.822310 11493 tablet.cc:824] T 0249e3dbe50545f99e40b25143970dc6 Alter schema from Schema [ 0:key[int32 NOT NULL] ] version 0 to Schema [ 0:key[int32 NOT NULL] ] version 1
I0721 23:22:18.822327 11493 tablet_metadata.cc:428] Not flushing: waiting for 1 pins to be released.
I0721 23:22:18.822343 11493 tablet_bootstrap.cc:400] T 0249e3dbe50545f99e40b25143970dc6 P d248c9dacad642be9a5fabec3add151e: Bootstrap replayed 1/1 log segments. Stats: ops{read=2 overwritten=0 applied=2 ignored=0} inserts{seen=0 ignored=0} mutations{seen=0 ignored=0} orphaned_commits=0. Pending: 0 replicates
I0721 23:22:18.822355 11493 tablet_bootstrap.cc:1040] T 0249e3dbe50545f99e40b25143970dc6 P d248c9dacad642be9a5fabec3add151e: ReplayState: Previous OpId: 1.2, Committed OpId: 1.2, Pending Replicates: 0, Pending Commits: 0
I0721 23:22:18.822624 11493 tablet_bootstrap.cc:656] T 0249e3dbe50545f99e40b25143970dc6 P d248c9dacad642be9a5fabec3add151e: Preparing to delete log recovery files and directory /tmp/kudutest-1000/alter_table-randomized-test.AlterTableRandomized.TestRandomSequence.1469143337762994-10972/minicluster-data/ts-1/wals/0249e3dbe50545f99e40b25143970dc6.recovery
I0721 23:22:18.822648 11493 tablet_bootstrap.cc:659] T 0249e3dbe50545f99e40b25143970dc6 P d248c9dacad642be9a5fabec3add151e: Renaming log recovery dir from /tmp/kudutest-1000/alter_table-randomized-test.AlterTableRandomized.TestRandomSequence.1469143337762994-10972/minicluster-data/ts-1/wals/0249e3dbe50545f99e40b25143970dc6.recovery to /tmp/kudutest-1000/alter_table-randomized-test.AlterTableRandomized.TestRandomSequence.1469143337762994-10972/minicluster-data/ts-1/wals/0249e3dbe50545f99e40b25143970dc6.recovery-1469143338822647
I0721 23:22:18.822691 11493 tablet_bootstrap.cc:669] T 0249e3dbe50545f99e40b25143970dc6 P d248c9dacad642be9a5fabec3add151e: Deleting all files from renamed log recovery directory /tmp/kudutest-1000/alter_table-randomized-test.AlterTableRandomized.TestRandomSequence.1469143337762994-10972/minicluster-data/ts-1/wals/0249e3dbe50545f99e40b25143970dc6.recovery-1469143338822647
I0721 23:22:18.822819 11493 tablet_bootstrap.cc:672] T 0249e3dbe50545f99e40b25143970dc6 P d248c9dacad642be9a5fabec3add151e: Completed deletion of old log recovery files and directory /tmp/kudutest-1000/alter_table-randomized-test.AlterTableRandomized.TestRandomSequence.1469143337762994-10972/minicluster-data/ts-1/wals/0249e3dbe50545f99e40b25143970dc6.recovery-1469143338822647
I0721 23:22:18.823132 11493 tablet_bootstrap.cc:400] T 0249e3dbe50545f99e40b25143970dc6 P d248c9dacad642be9a5fabec3add151e: Bootstrap complete.
I0721 23:22:18.828168 11493 ts_tablet_manager.cc:636] T 0249e3dbe50545f99e40b25143970dc6 P d248c9dacad642be9a5fabec3add151e: Time spent bootstrapping tablet: real 0.036s user 0.012s sys 0.020s
I0721 23:22:18.828449 11493 raft_consensus.cc:269] T 0249e3dbe50545f99e40b25143970dc6 P d248c9dacad642be9a5fabec3add151e [term 1 FOLLOWER]: Replica starting. Triggering 0 pending transactions. Active config: opid_index: -1 peers { permanent_uuid: "2aeff3d0fc13436a9d6090b9a6aaa6aa" member_type: VOTER last_known_addr { host: "127.42.220.0" port: 48563 } } peers { permanent_uuid: "d248c9dacad642be9a5fabec3add151e" member_type: VOTER last_known_addr { host: "127.42.220.1" port: 37489 } } peers { permanent_uuid: "4d5cad21cdbe462d87174e9da291a046" member_type: VOTER last_known_addr { host: "127.42.220.2" port: 37062 } }
I0721 23:22:18.828469 11493 raft_consensus.cc:499] T 0249e3dbe50545f99e40b25143970dc6 P d248c9dacad642be9a5fabec3add151e [term 1 FOLLOWER]: Becoming Follower/Learner. State: Replica: d248c9dacad642be9a5fabec3add151e, State: 1, Role: FOLLOWER Watermarks: {Received: term: 1 index: 2 Committed: term: 1 index: 2}
I0721 23:22:18.828477 11493 consensus_queue.cc:162] T 0249e3dbe50545f99e40b25143970dc6 P d248c9dacad642be9a5fabec3add151e [NON_LEADER]: Queue going to NON_LEADER mode. State: All replicated op: 0.0, Majority replicated op: 0.0, Committed index: 0.0, Last appended: 1.2, Current term: 0, Majority size: -1, State: 1, Mode: NON_LEADER
I0721 23:22:18.828598 11493 ts_tablet_manager.cc:663] T 0249e3dbe50545f99e40b25143970dc6 P d248c9dacad642be9a5fabec3add151e: Time spent starting tablet: real 0.000s user 0.000s sys 0.004s
I0721 23:22:18.828611 11493 ts_tablet_manager.cc:631] T 67b0e5f3081d4c34be5dac68a0b10025 P d248c9dacad642be9a5fabec3add151e: Bootstrapping tablet
I0721 23:22:18.828724 11493 tablet_bootstrap.cc:400] T 67b0e5f3081d4c34be5dac68a0b10025 P d248c9dacad642be9a5fabec3add151e: Bootstrap starting.
I0721 23:22:18.828797 11493 tablet_bootstrap.cc:563] T 67b0e5f3081d4c34be5dac68a0b10025 P d248c9dacad642be9a5fabec3add151e: Time spent opening tablet: real 0.000s user 0.000s sys 0.000s
I0721 23:22:18.828846 11493 tablet_bootstrap.cc:619] T 67b0e5f3081d4c34be5dac68a0b10025 P d248c9dacad642be9a5fabec3add151e: Will attempt to recover log segment /tmp/kudutest-1000/alter_table-randomized-test.AlterTableRandomized.TestRandomSequence.1469143337762994-10972/minicluster-data/ts-1/wals/67b0e5f3081d4c34be5dac68a0b10025/wal-000000001 to /tmp/kudutest-1000/alter_table-randomized-test.AlterTableRandomized.TestRandomSequence.1469143337762994-10972/minicluster-data/ts-1/wals/67b0e5f3081d4c34be5dac68a0b10025.recovery/wal-000000001
I0721 23:22:18.828853 11493 tablet_bootstrap.cc:627] T 67b0e5f3081d4c34be5dac68a0b10025 P d248c9dacad642be9a5fabec3add151e: Moving log directory /tmp/kudutest-1000/alter_table-randomized-test.AlterTableRandomized.TestRandomSequence.1469143337762994-10972/minicluster-data/ts-1/wals/67b0e5f3081d4c34be5dac68a0b10025 to recovery directory /tmp/kudutest-1000/alter_table-randomized-test.AlterTableRandomized.TestRandomSequence.1469143337762994-10972/minicluster-data/ts-1/wals/67b0e5f3081d4c34be5dac68a0b10025.recovery in preparation for log replay
W0721 23:22:18.828994 11493 log_util.cc:311] Could not read footer for segment: /tmp/kudutest-1000/alter_table-randomized-test.AlterTableRandomized.TestRandomSequence.1469143337762994-10972/minicluster-data/ts-1/wals/67b0e5f3081d4c34be5dac68a0b10025.recovery/wal-000000001: Not found: Footer not found. Footer magic doesn't match
I0721 23:22:18.829005 11493 log_reader.cc:152] Log segment /tmp/kudutest-1000/alter_table-randomized-test.AlterTableRandomized.TestRandomSequence.1469143337762994-10972/minicluster-data/ts-1/wals/67b0e5f3081d4c34be5dac68a0b10025.recovery/wal-000000001 was likely left in-progress after a previous crash. Will try to rebuild footer by scanning data.
I0721 23:22:18.829064 11493 log_util.cc:569] Scanning /tmp/kudutest-1000/alter_table-randomized-test.AlterTableRandomized.TestRandomSequence.1469143337762994-10972/minicluster-data/ts-1/wals/67b0e5f3081d4c34be5dac68a0b10025.recovery/wal-000000001 for valid entry headers following offset 1288...
I0721 23:22:18.856189 11493 log_util.cc:606] Found no log entry headers
I0721 23:22:18.856218 11493 log_util.cc:215] Ignoring log segment corruption in /tmp/kudutest-1000/alter_table-randomized-test.AlterTableRandomized.TestRandomSequence.1469143337762994-10972/minicluster-data/ts-1/wals/67b0e5f3081d4c34be5dac68a0b10025.recovery/wal-000000001 because there are no log entries following the corrupted one. The server probably crashed in the middle of writing an entry to the write-ahead log or downloaded an active log via remote bootstrap. Error detail: Corruption: CRC mismatch in log entry header: Log file corruption detected. Failed trying to read batch #0 at offset 1276 for log segment /tmp/kudutest-1000/alter_table-randomized-test.AlterTableRandomized.TestRandomSequence.1469143337762994-10972/minicluster-data/ts-1/wals/67b0e5f3081d4c34be5dac68a0b10025.recovery/wal-000000001: Prior entries: [off=1104 REPLICATE (1.8)] [off=1138 COMMIT (1.8)] [off=1242 REPLICATE (1.9)] [off=1276 COMMIT (1.9)]
I0721 23:22:18.856223 11493 log_util.cc:359] Successfully rebuilt footer for segment: /tmp/kudutest-1000/alter_table-randomized-test.AlterTableRandomized.TestRandomSequence.1469143337762994-10972/minicluster-data/ts-1/wals/67b0e5f3081d4c34be5dac68a0b10025.recovery/wal-000000001 (valid entries through byte offset 1276)
I0721 23:22:18.856246 11493 tablet.cc:853] T 67b0e5f3081d4c34be5dac68a0b10025 Rewinding schema during bootstrap to Schema [ 0:key[int32 NOT NULL] ]
I0721 23:22:18.856943 11493 tablet.cc:824] T 67b0e5f3081d4c34be5dac68a0b10025 Alter schema from Schema [ 0:key[int32 NOT NULL] ] version 0 to Schema [ 0:key[int32 NOT NULL] ] version 1
I0721 23:22:18.856958 11493 tablet_metadata.cc:428] Not flushing: waiting for 1 pins to be released.
I0721 23:22:18.857138 11493 tablet_bootstrap.cc:400] T 67b0e5f3081d4c34be5dac68a0b10025 P d248c9dacad642be9a5fabec3add151e: Bootstrap replayed 1/1 log segments. Stats: ops{read=9 overwritten=0 applied=9 ignored=0} inserts{seen=4 ignored=0} mutations{seen=3 ignored=0} orphaned_commits=0. Pending: 0 replicates
I0721 23:22:18.857151 11493 tablet_bootstrap.cc:1040] T 67b0e5f3081d4c34be5dac68a0b10025 P d248c9dacad642be9a5fabec3add151e: ReplayState: Previous OpId: 1.9, Committed OpId: 1.9, Pending Replicates: 0, Pending Commits: 0
I0721 23:22:18.857434 11493 tablet_bootstrap.cc:656] T 67b0e5f3081d4c34be5dac68a0b10025 P d248c9dacad642be9a5fabec3add151e: Preparing to delete log recovery files and directory /tmp/kudutest-1000/alter_table-randomized-test.AlterTableRandomized.TestRandomSequence.1469143337762994-10972/minicluster-data/ts-1/wals/67b0e5f3081d4c34be5dac68a0b10025.recovery
I0721 23:22:18.857446 11493 tablet_bootstrap.cc:659] T 67b0e5f3081d4c34be5dac68a0b10025 P d248c9dacad642be9a5fabec3add151e: Renaming log recovery dir from /tmp/kudutest-1000/alter_table-randomized-test.AlterTableRandomized.TestRandomSequence.1469143337762994-10972/minicluster-data/ts-1/wals/67b0e5f3081d4c34be5dac68a0b10025.recovery to /tmp/kudutest-1000/alter_table-randomized-test.AlterTableRandomized.TestRandomSequence.1469143337762994-10972/minicluster-data/ts-1/wals/67b0e5f3081d4c34be5dac68a0b10025.recovery-1469143338857446
I0721 23:22:18.857481 11493 tablet_bootstrap.cc:669] T 67b0e5f3081d4c34be5dac68a0b10025 P d248c9dacad642be9a5fabec3add151e: Deleting all files from renamed log recovery directory /tmp/kudutest-1000/alter_table-randomized-test.AlterTableRandomized.TestRandomSequence.1469143337762994-10972/minicluster-data/ts-1/wals/67b0e5f3081d4c34be5dac68a0b10025.recovery-1469143338857446
I0721 23:22:18.857595 11493 tablet_bootstrap.cc:672] T 67b0e5f3081d4c34be5dac68a0b10025 P d248c9dacad642be9a5fabec3add151e: Completed deletion of old log recovery files and directory /tmp/kudutest-1000/alter_table-randomized-test.AlterTableRandomized.TestRandomSequence.1469143337762994-10972/minicluster-data/ts-1/wals/67b0e5f3081d4c34be5dac68a0b10025.recovery-1469143338857446
I0721 23:22:18.857903 11493 tablet_bootstrap.cc:400] T 67b0e5f3081d4c34be5dac68a0b10025 P d248c9dacad642be9a5fabec3add151e: Bootstrap complete.
I0721 23:22:18.862898 11493 ts_tablet_manager.cc:636] T 67b0e5f3081d4c34be5dac68a0b10025 P d248c9dacad642be9a5fabec3add151e: Time spent bootstrapping tablet: real 0.034s user 0.000s sys 0.032s
I0721 23:22:18.863175 11493 raft_consensus.cc:269] T 67b0e5f3081d4c34be5dac68a0b10025 P d248c9dacad642be9a5fabec3add151e [term 1 FOLLOWER]: Replica starting. Triggering 0 pending transactions. Active config: opid_index: -1 peers { permanent_uuid: "d248c9dacad642be9a5fabec3add151e" member_type: VOTER last_known_addr { host: "127.42.220.1" port: 37489 } } peers { permanent_uuid: "2aeff3d0fc13436a9d6090b9a6aaa6aa" member_type: VOTER last_known_addr { host: "127.42.220.0" port: 48563 } } peers { permanent_uuid: "4d5cad21cdbe462d87174e9da291a046" member_type: VOTER last_known_addr { host: "127.42.220.2" port: 37062 } }
I0721 23:22:18.863198 11493 raft_consensus.cc:499] T 67b0e5f3081d4c34be5dac68a0b10025 P d248c9dacad642be9a5fabec3add151e [term 1 FOLLOWER]: Becoming Follower/Learner. State: Replica: d248c9dacad642be9a5fabec3add151e, State: 1, Role: FOLLOWER Watermarks: {Received: term: 1 index: 9 Committed: term: 1 index: 9}
I0721 23:22:18.863206 11493 consensus_queue.cc:162] T 67b0e5f3081d4c34be5dac68a0b10025 P d248c9dacad642be9a5fabec3add151e [NON_LEADER]: Queue going to NON_LEADER mode. State: All replicated op: 0.0, Majority replicated op: 0.0, Committed index: 0.0, Last appended: 1.9, Current term: 0, Majority size: -1, State: 1, Mode: NON_LEADER
I0721 23:22:18.863363 11493 ts_tablet_manager.cc:663] T 67b0e5f3081d4c34be5dac68a0b10025 P d248c9dacad642be9a5fabec3add151e: Time spent starting tablet: real 0.000s user 0.000s sys 0.000s
I0721 23:22:18.866257 10972 alter_table-randomized-test.cc:97] TS 1 Restarted
I0721 23:22:19.921212 11442 raft_consensus.cc:366] T 0249e3dbe50545f99e40b25143970dc6 P 4d5cad21cdbe462d87174e9da291a046 [term 1 FOLLOWER]: Failure of leader d248c9dacad642be9a5fabec3add151e detected. Triggering leader election
I0721 23:22:19.921232 11442 raft_consensus.cc:2019] T 0249e3dbe50545f99e40b25143970dc6 P 4d5cad21cdbe462d87174e9da291a046 [term 1 FOLLOWER]: Advancing to term 2
I0721 23:22:19.921605 11442 raft_consensus.cc:1970] T 0249e3dbe50545f99e40b25143970dc6 P 4d5cad21cdbe462d87174e9da291a046 [term 2 FOLLOWER]: Snoozing failure detection for election timeout plus an additional 1.559s
I0721 23:22:19.921632 11442 raft_consensus.cc:386] T 0249e3dbe50545f99e40b25143970dc6 P 4d5cad21cdbe462d87174e9da291a046 [term 2 FOLLOWER]: Starting election with config: opid_index: -1 peers { permanent_uuid: "2aeff3d0fc13436a9d6090b9a6aaa6aa" member_type: VOTER last_known_addr { host: "127.42.220.0" port: 48563 } } peers { permanent_uuid: "d248c9dacad642be9a5fabec3add151e" member_type: VOTER last_known_addr { host: "127.42.220.1" port: 37489 } } peers { permanent_uuid: "4d5cad21cdbe462d87174e9da291a046" member_type: VOTER last_known_addr { host: "127.42.220.2" port: 37062 } }
I0721 23:22:19.922627 11442 leader_election.cc:223] T 0249e3dbe50545f99e40b25143970dc6 P 4d5cad21cdbe462d87174e9da291a046 [CANDIDATE]: Term 2 election: Requesting vote from peer 2aeff3d0fc13436a9d6090b9a6aaa6aa
I0721 23:22:19.922657 11442 leader_election.cc:223] T 0249e3dbe50545f99e40b25143970dc6 P 4d5cad21cdbe462d87174e9da291a046 [CANDIDATE]: Term 2 election: Requesting vote from peer d248c9dacad642be9a5fabec3add151e
I0721 23:22:19.922847 11099 raft_consensus.cc:2019] T 0249e3dbe50545f99e40b25143970dc6 P 2aeff3d0fc13436a9d6090b9a6aaa6aa [term 1 FOLLOWER]: Advancing to term 2
I0721 23:22:19.922861 11555 raft_consensus.cc:2019] T 0249e3dbe50545f99e40b25143970dc6 P d248c9dacad642be9a5fabec3add151e [term 1 FOLLOWER]: Advancing to term 2
I0721 23:22:19.923182 11099 raft_consensus.cc:1970] T 0249e3dbe50545f99e40b25143970dc6 P 2aeff3d0fc13436a9d6090b9a6aaa6aa [term 2 FOLLOWER]: Snoozing failure detection for election timeout plus an additional 1.594s
I0721 23:22:19.923204 11555 raft_consensus.cc:1970] T 0249e3dbe50545f99e40b25143970dc6 P d248c9dacad642be9a5fabec3add151e [term 2 FOLLOWER]: Snoozing failure detection for election timeout plus an additional 1.608s
I0721 23:22:19.923895 11555 raft_consensus.cc:1677] T 0249e3dbe50545f99e40b25143970dc6 P d248c9dacad642be9a5fabec3add151e [term 2 FOLLOWER]: Leader election vote request: Granting yes vote for candidate 4d5cad21cdbe462d87174e9da291a046 in term 2.
I0721 23:22:19.923895 11099 raft_consensus.cc:1677] T 0249e3dbe50545f99e40b25143970dc6 P 2aeff3d0fc13436a9d6090b9a6aaa6aa [term 2 FOLLOWER]: Leader election vote request: Granting yes vote for candidate 4d5cad21cdbe462d87174e9da291a046 in term 2.
I0721 23:22:19.924013 11270 leader_election.cc:347] T 0249e3dbe50545f99e40b25143970dc6 P 4d5cad21cdbe462d87174e9da291a046 [CANDIDATE]: Term 2 election: Vote granted by peer d248c9dacad642be9a5fabec3add151e
I0721 23:22:19.924043 11270 leader_election.cc:248] T 0249e3dbe50545f99e40b25143970dc6 P 4d5cad21cdbe462d87174e9da291a046 [CANDIDATE]: Term 2 election: Election decided. Result: candidate won.
I0721 23:22:19.924062 11268 leader_election.cc:347] T 0249e3dbe50545f99e40b25143970dc6 P 4d5cad21cdbe462d87174e9da291a046 [CANDIDATE]: Term 2 election: Vote granted by peer 2aeff3d0fc13436a9d6090b9a6aaa6aa
I0721 23:22:19.924273 11617 raft_consensus.cc:1970] T 0249e3dbe50545f99e40b25143970dc6 P 4d5cad21cdbe462d87174e9da291a046 [term 2 FOLLOWER]: Snoozing failure detection for election timeout plus an additional 1.563s
I0721 23:22:19.924288 11617 raft_consensus.cc:1859] T 0249e3dbe50545f99e40b25143970dc6 P 4d5cad21cdbe462d87174e9da291a046 [term 2 FOLLOWER]: Leader election won for term 2
I0721 23:22:19.924420 11617 raft_consensus.cc:464] T 0249e3dbe50545f99e40b25143970dc6 P 4d5cad21cdbe462d87174e9da291a046 [term 2 LEADER]: Becoming Leader. State: Replica: 4d5cad21cdbe462d87174e9da291a046, State: 1, Role: LEADER Watermarks: {Received: term: 1 index: 2 Committed: term: 1 index: 2}
I0721 23:22:19.924460 11617 consensus_queue.cc:145] T 0249e3dbe50545f99e40b25143970dc6 P 4d5cad21cdbe462d87174e9da291a046 [LEADER]: Queue going to LEADER mode. State: All replicated op: 1.2, Majority replicated op: 1.2, Committed index: 1.2, Last appended: 1.2, Current term: 2, Majority size: 2, State: 1, Mode: LEADER, active raft config: opid_index: -1 peers { permanent_uuid: "2aeff3d0fc13436a9d6090b9a6aaa6aa" member_type: VOTER last_known_addr { host: "127.42.220.0" port: 48563 } } peers { permanent_uuid: "d248c9dacad642be9a5fabec3add151e" member_type: VOTER last_known_addr { host: "127.42.220.1" port: 37489 } } peers { permanent_uuid: "4d5cad21cdbe462d87174e9da291a046" member_type: VOTER last_known_addr { host: "127.42.220.2" port: 37062 } }
W0721 23:22:19.924875 11621 raft_consensus_state.cc:541] T 0249e3dbe50545f99e40b25143970dc6 P 4d5cad21cdbe462d87174e9da291a046 [term 2 LEADER]: Can't advance the committed index across term boundaries until operations from the current term are replicated. Last committed operation was: term: 1 index: 2, New majority replicated is: term: 1 index: 2, Current term is: 2
I0721 23:22:19.924944 10994 catalog_manager.cc:1957] Tablet: 0249e3dbe50545f99e40b25143970dc6 reported consensus state change. New consensus state: current_term: 2 leader_uuid: "4d5cad21cdbe462d87174e9da291a046" config { opid_index: -1 peers { permanent_uuid: "2aeff3d0fc13436a9d6090b9a6aaa6aa" member_type: VOTER last_known_addr { host: "127.42.220.0" port: 48563 } } peers { permanent_uuid: "d248c9dacad642be9a5fabec3add151e" member_type: VOTER last_known_addr { host: "127.42.220.1" port: 37489 } } peers { permanent_uuid: "4d5cad21cdbe462d87174e9da291a046" member_type: VOTER last_known_addr { host: "127.42.220.2" port: 37062 } } }
I0721 23:22:20.384891 11434 raft_consensus.cc:366] T 67b0e5f3081d4c34be5dac68a0b10025 P 2aeff3d0fc13436a9d6090b9a6aaa6aa [term 1 FOLLOWER]: Failure of leader d248c9dacad642be9a5fabec3add151e detected. Triggering leader election
I0721 23:22:20.384920 11434 raft_consensus.cc:2019] T 67b0e5f3081d4c34be5dac68a0b10025 P 2aeff3d0fc13436a9d6090b9a6aaa6aa [term 1 FOLLOWER]: Advancing to term 2
