I0721 23:22:23.519889 12198 raft_consensus.cc:464] T d165e55b67964c75b43791cdb2fd98ab P 4d5cad21cdbe462d87174e9da291a046 [term 1 LEADER]: Becoming Leader. State: Replica: 4d5cad21cdbe462d87174e9da291a046, State: 1, Role: LEADER Watermarks: {Received: term: 0 index: 0 Committed: term: 0 index: 0}
I0721 23:22:23.519973 12198 consensus_queue.cc:145] T d165e55b67964c75b43791cdb2fd98ab P 4d5cad21cdbe462d87174e9da291a046 [LEADER]: Queue going to LEADER mode. State: All replicated op: 0.0, Majority replicated op: 0.0, Committed index: 0.0, Last appended: 0.0, Current term: 1, Majority size: 2, State: 1, Mode: LEADER, active raft config: opid_index: -1 peers { permanent_uuid: "d248c9dacad642be9a5fabec3add151e" member_type: VOTER last_known_addr { host: "127.42.220.1" port: 37489 } } peers { permanent_uuid: "2aeff3d0fc13436a9d6090b9a6aaa6aa" member_type: VOTER last_known_addr { host: "127.42.220.0" port: 48563 } } peers { permanent_uuid: "4d5cad21cdbe462d87174e9da291a046" member_type: VOTER last_known_addr { host: "127.42.220.2" port: 37062 } }
I0721 23:22:23.520494 10994 catalog_manager.cc:1856] TS 4d5cad21cdbe462d87174e9da291a046 does not have the latest schema for tablet d165e55b67964c75b43791cdb2fd98ab (table test-table [id=41787a805a7a407ca4ef642fee224d02]). Expected version 5 got 0
I0721 23:22:23.520551 10994 catalog_manager.cc:1957] Tablet: d165e55b67964c75b43791cdb2fd98ab reported consensus state change. New consensus state: current_term: 1 leader_uuid: "4d5cad21cdbe462d87174e9da291a046" config { opid_index: -1 peers { permanent_uuid: "d248c9dacad642be9a5fabec3add151e" member_type: VOTER last_known_addr { host: "127.42.220.1" port: 37489 } } peers { permanent_uuid: "2aeff3d0fc13436a9d6090b9a6aaa6aa" member_type: VOTER last_known_addr { host: "127.42.220.0" port: 48563 } } peers { permanent_uuid: "4d5cad21cdbe462d87174e9da291a046" member_type: VOTER last_known_addr { host: "127.42.220.2" port: 37062 } } }
W0721 23:22:23.520594 12238 raft_consensus_state.cc:541] T d165e55b67964c75b43791cdb2fd98ab P 4d5cad21cdbe462d87174e9da291a046 [term 1 LEADER]: Can't advance the committed index across term boundaries until operations from the current term are replicated. Last committed operation was: term: 0 index: 0, New majority replicated is: term: 0 index: 0, Current term is: 1
I0721 23:22:23.521235 11555 raft_consensus.cc:869] T d165e55b67964c75b43791cdb2fd98ab P d248c9dacad642be9a5fabec3add151e [term 1 FOLLOWER]: Refusing update from remote peer 4d5cad21cdbe462d87174e9da291a046: Log matching property violated. Preceding OpId in replica: term: 0 index: 0. Preceding OpId from leader: term: 1 index: 2. (index mismatch)
I0721 23:22:23.521247 12064 raft_consensus.cc:869] T d165e55b67964c75b43791cdb2fd98ab P 2aeff3d0fc13436a9d6090b9a6aaa6aa [term 1 FOLLOWER]: Refusing update from remote peer 4d5cad21cdbe462d87174e9da291a046: Log matching property violated. Preceding OpId in replica: term: 0 index: 0. Preceding OpId from leader: term: 1 index: 2. (index mismatch)
I0721 23:22:23.521332 12235 consensus_queue.cc:578] T d165e55b67964c75b43791cdb2fd98ab P 4d5cad21cdbe462d87174e9da291a046 [LEADER]: Connected to new peer: Peer: d248c9dacad642be9a5fabec3add151e, Is new: false, Last received: 0.0, Next index: 1, Last known committed idx: 0, Last exchange result: ERROR, Needs remote bootstrap: false
I0721 23:22:23.521370 12198 consensus_queue.cc:578] T d165e55b67964c75b43791cdb2fd98ab P 4d5cad21cdbe462d87174e9da291a046 [LEADER]: Connected to new peer: Peer: 2aeff3d0fc13436a9d6090b9a6aaa6aa, Is new: false, Last received: 0.0, Next index: 1, Last known committed idx: 0, Last exchange result: ERROR, Needs remote bootstrap: false
I0721 23:22:23.521719 10994 catalog_manager.cc:1856] TS d248c9dacad642be9a5fabec3add151e does not have the latest schema for tablet d165e55b67964c75b43791cdb2fd98ab (table test-table [id=41787a805a7a407ca4ef642fee224d02]). Expected version 5 got 0
I0721 23:22:23.521903 12238 raft_consensus_state.cc:534] T d165e55b67964c75b43791cdb2fd98ab P 4d5cad21cdbe462d87174e9da291a046 [term 1 LEADER]: Advanced the committed_index across terms. Last committed operation was: term: 0 index: 0 New committed index is: term: 1 index: 2
I0721 23:22:23.521957 12170 tablet.cc:824] T d165e55b67964c75b43791cdb2fd98ab Alter schema from Schema [ 0:key[int32 NOT NULL], 5:c137[int32 NULLABLE] ] version 0 to Schema [ 0:key[int32 NOT NULL], 5:c137[int32 NULLABLE] ] version 5
I0721 23:22:23.522091 12172 tablet.cc:824] T d165e55b67964c75b43791cdb2fd98ab Alter schema from Schema [ 0:key[int32 NOT NULL], 5:c137[int32 NULLABLE] ] version 0 to Schema [ 0:key[int32 NOT NULL], 5:c137[int32 NULLABLE] ] version 5
I0721 23:22:23.522126 12171 tablet.cc:824] T d165e55b67964c75b43791cdb2fd98ab Alter schema from Schema [ 0:key[int32 NOT NULL], 5:c137[int32 NULLABLE] ] version 0 to Schema [ 0:key[int32 NOT NULL], 5:c137[int32 NULLABLE] ] version 5
I0721 23:22:23.522306 10994 catalog_manager.cc:1856] TS 2aeff3d0fc13436a9d6090b9a6aaa6aa does not have the latest schema for tablet d165e55b67964c75b43791cdb2fd98ab (table test-table [id=41787a805a7a407ca4ef642fee224d02]). Expected version 5 got 0
I0721 23:22:23.522932 10994 catalog_manager.cc:1856] TS d248c9dacad642be9a5fabec3add151e does not have the latest schema for tablet d165e55b67964c75b43791cdb2fd98ab (table test-table [id=41787a805a7a407ca4ef642fee224d02]). Expected version 5 got 0
I0721 23:22:23.587529 12200 raft_consensus.cc:370] T 8be26ea17cb04d4882ac6cc20f435a0e P 2aeff3d0fc13436a9d6090b9a6aaa6aa [term 0 FOLLOWER]: No leader contacted us within the election timeout. Triggering leader election
I0721 23:22:23.587548 12200 raft_consensus.cc:2019] T 8be26ea17cb04d4882ac6cc20f435a0e P 2aeff3d0fc13436a9d6090b9a6aaa6aa [term 0 FOLLOWER]: Advancing to term 1
I0721 23:22:23.587880 12200 raft_consensus.cc:1970] T 8be26ea17cb04d4882ac6cc20f435a0e P 2aeff3d0fc13436a9d6090b9a6aaa6aa [term 1 FOLLOWER]: Snoozing failure detection for election timeout plus an additional 1.517s
I0721 23:22:23.587935 12200 raft_consensus.cc:386] T 8be26ea17cb04d4882ac6cc20f435a0e P 2aeff3d0fc13436a9d6090b9a6aaa6aa [term 1 FOLLOWER]: Starting election with config: opid_index: -1 peers { permanent_uuid: "2aeff3d0fc13436a9d6090b9a6aaa6aa" member_type: VOTER last_known_addr { host: "127.42.220.0" port: 48563 } } peers { permanent_uuid: "d248c9dacad642be9a5fabec3add151e" member_type: VOTER last_known_addr { host: "127.42.220.1" port: 37489 } } peers { permanent_uuid: "4d5cad21cdbe462d87174e9da291a046" member_type: VOTER last_known_addr { host: "127.42.220.2" port: 37062 } }
I0721 23:22:23.588801 12200 leader_election.cc:223] T 8be26ea17cb04d4882ac6cc20f435a0e P 2aeff3d0fc13436a9d6090b9a6aaa6aa [CANDIDATE]: Term 1 election: Requesting vote from peer d248c9dacad642be9a5fabec3add151e
I0721 23:22:23.588852 12200 leader_election.cc:223] T 8be26ea17cb04d4882ac6cc20f435a0e P 2aeff3d0fc13436a9d6090b9a6aaa6aa [CANDIDATE]: Term 1 election: Requesting vote from peer 4d5cad21cdbe462d87174e9da291a046
I0721 23:22:23.589010 11331 raft_consensus.cc:2019] T 8be26ea17cb04d4882ac6cc20f435a0e P 4d5cad21cdbe462d87174e9da291a046 [term 0 FOLLOWER]: Advancing to term 1
I0721 23:22:23.589239 11331 raft_consensus.cc:1970] T 8be26ea17cb04d4882ac6cc20f435a0e P 4d5cad21cdbe462d87174e9da291a046 [term 1 FOLLOWER]: Snoozing failure detection for election timeout plus an additional 1.534s
I0721 23:22:23.589421 11555 raft_consensus.cc:2019] T 8be26ea17cb04d4882ac6cc20f435a0e P d248c9dacad642be9a5fabec3add151e [term 0 FOLLOWER]: Advancing to term 1
I0721 23:22:23.589701 11555 raft_consensus.cc:1970] T 8be26ea17cb04d4882ac6cc20f435a0e P d248c9dacad642be9a5fabec3add151e [term 1 FOLLOWER]: Snoozing failure detection for election timeout plus an additional 1.634s
I0721 23:22:23.589848 11331 raft_consensus.cc:1677] T 8be26ea17cb04d4882ac6cc20f435a0e P 4d5cad21cdbe462d87174e9da291a046 [term 1 FOLLOWER]: Leader election vote request: Granting yes vote for candidate 2aeff3d0fc13436a9d6090b9a6aaa6aa in term 1.
I0721 23:22:23.589946 11997 leader_election.cc:347] T 8be26ea17cb04d4882ac6cc20f435a0e P 2aeff3d0fc13436a9d6090b9a6aaa6aa [CANDIDATE]: Term 1 election: Vote granted by peer 4d5cad21cdbe462d87174e9da291a046
I0721 23:22:23.589964 11997 leader_election.cc:248] T 8be26ea17cb04d4882ac6cc20f435a0e P 2aeff3d0fc13436a9d6090b9a6aaa6aa [CANDIDATE]: Term 1 election: Election decided. Result: candidate won.
I0721 23:22:23.590164 12242 raft_consensus.cc:1970] T 8be26ea17cb04d4882ac6cc20f435a0e P 2aeff3d0fc13436a9d6090b9a6aaa6aa [term 1 FOLLOWER]: Snoozing failure detection for election timeout plus an additional 1.637s
I0721 23:22:23.590191 12242 raft_consensus.cc:1859] T 8be26ea17cb04d4882ac6cc20f435a0e P 2aeff3d0fc13436a9d6090b9a6aaa6aa [term 1 FOLLOWER]: Leader election won for term 1
I0721 23:22:23.590348 11555 raft_consensus.cc:1677] T 8be26ea17cb04d4882ac6cc20f435a0e P d248c9dacad642be9a5fabec3add151e [term 1 FOLLOWER]: Leader election vote request: Granting yes vote for candidate 2aeff3d0fc13436a9d6090b9a6aaa6aa in term 1.
I0721 23:22:23.590405 12242 raft_consensus.cc:464] T 8be26ea17cb04d4882ac6cc20f435a0e P 2aeff3d0fc13436a9d6090b9a6aaa6aa [term 1 LEADER]: Becoming Leader. State: Replica: 2aeff3d0fc13436a9d6090b9a6aaa6aa, State: 1, Role: LEADER Watermarks: {Received: term: 0 index: 0 Committed: term: 0 index: 0}
I0721 23:22:23.590456 12242 consensus_queue.cc:145] T 8be26ea17cb04d4882ac6cc20f435a0e P 2aeff3d0fc13436a9d6090b9a6aaa6aa [LEADER]: Queue going to LEADER mode. State: All replicated op: 0.0, Majority replicated op: 0.0, Committed index: 0.0, Last appended: 0.0, Current term: 1, Majority size: 2, State: 1, Mode: LEADER, active raft config: opid_index: -1 peers { permanent_uuid: "2aeff3d0fc13436a9d6090b9a6aaa6aa" member_type: VOTER last_known_addr { host: "127.42.220.0" port: 48563 } } peers { permanent_uuid: "d248c9dacad642be9a5fabec3add151e" member_type: VOTER last_known_addr { host: "127.42.220.1" port: 37489 } } peers { permanent_uuid: "4d5cad21cdbe462d87174e9da291a046" member_type: VOTER last_known_addr { host: "127.42.220.2" port: 37062 } }
I0721 23:22:23.590456 11998 leader_election.cc:347] T 8be26ea17cb04d4882ac6cc20f435a0e P 2aeff3d0fc13436a9d6090b9a6aaa6aa [CANDIDATE]: Term 1 election: Vote granted by peer d248c9dacad642be9a5fabec3add151e
I0721 23:22:23.591096 10994 catalog_manager.cc:1856] TS 2aeff3d0fc13436a9d6090b9a6aaa6aa does not have the latest schema for tablet 8be26ea17cb04d4882ac6cc20f435a0e (table test-table [id=41787a805a7a407ca4ef642fee224d02]). Expected version 5 got 0
I0721 23:22:23.591212 10994 catalog_manager.cc:1957] Tablet: 8be26ea17cb04d4882ac6cc20f435a0e reported consensus state change. New consensus state: current_term: 1 leader_uuid: "2aeff3d0fc13436a9d6090b9a6aaa6aa" config { opid_index: -1 peers { permanent_uuid: "2aeff3d0fc13436a9d6090b9a6aaa6aa" member_type: VOTER last_known_addr { host: "127.42.220.0" port: 48563 } } peers { permanent_uuid: "d248c9dacad642be9a5fabec3add151e" member_type: VOTER last_known_addr { host: "127.42.220.1" port: 37489 } } peers { permanent_uuid: "4d5cad21cdbe462d87174e9da291a046" member_type: VOTER last_known_addr { host: "127.42.220.2" port: 37062 } } }
I0721 23:22:23.591964 11331 raft_consensus.cc:869] T 8be26ea17cb04d4882ac6cc20f435a0e P 4d5cad21cdbe462d87174e9da291a046 [term 1 FOLLOWER]: Refusing update from remote peer 2aeff3d0fc13436a9d6090b9a6aaa6aa: Log matching property violated. Preceding OpId in replica: term: 0 index: 0. Preceding OpId from leader: term: 1 index: 2. (index mismatch)
I0721 23:22:23.591979 11555 raft_consensus.cc:869] T 8be26ea17cb04d4882ac6cc20f435a0e P d248c9dacad642be9a5fabec3add151e [term 1 FOLLOWER]: Refusing update from remote peer 2aeff3d0fc13436a9d6090b9a6aaa6aa: Log matching property violated. Preceding OpId in replica: term: 0 index: 0. Preceding OpId from leader: term: 1 index: 2. (index mismatch)
I0721 23:22:23.592083 12242 consensus_queue.cc:578] T 8be26ea17cb04d4882ac6cc20f435a0e P 2aeff3d0fc13436a9d6090b9a6aaa6aa [LEADER]: Connected to new peer: Peer: d248c9dacad642be9a5fabec3add151e, Is new: false, Last received: 0.0, Next index: 1, Last known committed idx: 0, Last exchange result: ERROR, Needs remote bootstrap: false
I0721 23:22:23.592115 12243 consensus_queue.cc:578] T 8be26ea17cb04d4882ac6cc20f435a0e P 2aeff3d0fc13436a9d6090b9a6aaa6aa [LEADER]: Connected to new peer: Peer: 4d5cad21cdbe462d87174e9da291a046, Is new: false, Last received: 0.0, Next index: 1, Last known committed idx: 0, Last exchange result: ERROR, Needs remote bootstrap: false
I0721 23:22:23.592519 10994 catalog_manager.cc:1856] TS d248c9dacad642be9a5fabec3add151e does not have the latest schema for tablet 8be26ea17cb04d4882ac6cc20f435a0e (table test-table [id=41787a805a7a407ca4ef642fee224d02]). Expected version 5 got 0
I0721 23:22:23.592732 10995 catalog_manager.cc:1856] TS 4d5cad21cdbe462d87174e9da291a046 does not have the latest schema for tablet 8be26ea17cb04d4882ac6cc20f435a0e (table test-table [id=41787a805a7a407ca4ef642fee224d02]). Expected version 5 got 0
I0721 23:22:23.592738 12172 tablet.cc:824] T 8be26ea17cb04d4882ac6cc20f435a0e Alter schema from Schema [ 0:key[int32 NOT NULL], 5:c137[int32 NULLABLE] ] version 0 to Schema [ 0:key[int32 NOT NULL], 5:c137[int32 NULLABLE] ] version 5
I0721 23:22:23.592800 12246 raft_consensus_state.cc:534] T 8be26ea17cb04d4882ac6cc20f435a0e P 2aeff3d0fc13436a9d6090b9a6aaa6aa [term 1 LEADER]: Advanced the committed_index across terms. Last committed operation was: term: 0 index: 0 New committed index is: term: 1 index: 2
I0721 23:22:23.601259 12215 raft_consensus.cc:370] T d8dc71543f874434a91e5a91e720b7b3 P d248c9dacad642be9a5fabec3add151e [term 0 FOLLOWER]: No leader contacted us within the election timeout. Triggering leader election
I0721 23:22:23.601271 12215 raft_consensus.cc:2019] T d8dc71543f874434a91e5a91e720b7b3 P d248c9dacad642be9a5fabec3add151e [term 0 FOLLOWER]: Advancing to term 1
I0721 23:22:23.601480 12215 raft_consensus.cc:1970] T d8dc71543f874434a91e5a91e720b7b3 P d248c9dacad642be9a5fabec3add151e [term 1 FOLLOWER]: Snoozing failure detection for election timeout plus an additional 1.548s
I0721 23:22:23.601507 12215 raft_consensus.cc:386] T d8dc71543f874434a91e5a91e720b7b3 P d248c9dacad642be9a5fabec3add151e [term 1 FOLLOWER]: Starting election with config: opid_index: -1 peers { permanent_uuid: "2aeff3d0fc13436a9d6090b9a6aaa6aa" member_type: VOTER last_known_addr { host: "127.42.220.0" port: 48563 } } peers { permanent_uuid: "d248c9dacad642be9a5fabec3add151e" member_type: VOTER last_known_addr { host: "127.42.220.1" port: 37489 } } peers { permanent_uuid: "4d5cad21cdbe462d87174e9da291a046" member_type: VOTER last_known_addr { host: "127.42.220.2" port: 37062 } }
I0721 23:22:23.602327 12215 leader_election.cc:223] T d8dc71543f874434a91e5a91e720b7b3 P d248c9dacad642be9a5fabec3add151e [CANDIDATE]: Term 1 election: Requesting vote from peer 2aeff3d0fc13436a9d6090b9a6aaa6aa
I0721 23:22:23.602357 12215 leader_election.cc:223] T d8dc71543f874434a91e5a91e720b7b3 P d248c9dacad642be9a5fabec3add151e [CANDIDATE]: Term 1 election: Requesting vote from peer 4d5cad21cdbe462d87174e9da291a046
I0721 23:22:23.603063 12064 raft_consensus.cc:2019] T d8dc71543f874434a91e5a91e720b7b3 P 2aeff3d0fc13436a9d6090b9a6aaa6aa [term 0 FOLLOWER]: Advancing to term 1
I0721 23:22:23.603107 11331 raft_consensus.cc:2019] T d8dc71543f874434a91e5a91e720b7b3 P 4d5cad21cdbe462d87174e9da291a046 [term 0 FOLLOWER]: Advancing to term 1
I0721 23:22:23.603302 12064 raft_consensus.cc:1970] T d8dc71543f874434a91e5a91e720b7b3 P 2aeff3d0fc13436a9d6090b9a6aaa6aa [term 1 FOLLOWER]: Snoozing failure detection for election timeout plus an additional 1.630s
I0721 23:22:23.603307 11331 raft_consensus.cc:1970] T d8dc71543f874434a91e5a91e720b7b3 P 4d5cad21cdbe462d87174e9da291a046 [term 1 FOLLOWER]: Snoozing failure detection for election timeout plus an additional 1.500s
I0721 23:22:23.603960 12064 raft_consensus.cc:1677] T d8dc71543f874434a91e5a91e720b7b3 P 2aeff3d0fc13436a9d6090b9a6aaa6aa [term 1 FOLLOWER]: Leader election vote request: Granting yes vote for candidate d248c9dacad642be9a5fabec3add151e in term 1.
I0721 23:22:23.603989 11331 raft_consensus.cc:1677] T d8dc71543f874434a91e5a91e720b7b3 P 4d5cad21cdbe462d87174e9da291a046 [term 1 FOLLOWER]: Leader election vote request: Granting yes vote for candidate d248c9dacad642be9a5fabec3add151e in term 1.
I0721 23:22:23.604048 11489 leader_election.cc:347] T d8dc71543f874434a91e5a91e720b7b3 P d248c9dacad642be9a5fabec3add151e [CANDIDATE]: Term 1 election: Vote granted by peer 2aeff3d0fc13436a9d6090b9a6aaa6aa
I0721 23:22:23.604068 11489 leader_election.cc:248] T d8dc71543f874434a91e5a91e720b7b3 P d248c9dacad642be9a5fabec3add151e [CANDIDATE]: Term 1 election: Election decided. Result: candidate won.
I0721 23:22:23.604084 11490 leader_election.cc:347] T d8dc71543f874434a91e5a91e720b7b3 P d248c9dacad642be9a5fabec3add151e [CANDIDATE]: Term 1 election: Vote granted by peer 4d5cad21cdbe462d87174e9da291a046
I0721 23:22:23.604238 12253 raft_consensus.cc:1970] T d8dc71543f874434a91e5a91e720b7b3 P d248c9dacad642be9a5fabec3add151e [term 1 FOLLOWER]: Snoozing failure detection for election timeout plus an additional 1.514s
I0721 23:22:23.604264 12253 raft_consensus.cc:1859] T d8dc71543f874434a91e5a91e720b7b3 P d248c9dacad642be9a5fabec3add151e [term 1 FOLLOWER]: Leader election won for term 1
I0721 23:22:23.604421 12253 raft_consensus.cc:464] T d8dc71543f874434a91e5a91e720b7b3 P d248c9dacad642be9a5fabec3add151e [term 1 LEADER]: Becoming Leader. State: Replica: d248c9dacad642be9a5fabec3add151e, State: 1, Role: LEADER Watermarks: {Received: term: 0 index: 0 Committed: term: 0 index: 0}
I0721 23:22:23.604482 12253 consensus_queue.cc:145] T d8dc71543f874434a91e5a91e720b7b3 P d248c9dacad642be9a5fabec3add151e [LEADER]: Queue going to LEADER mode. State: All replicated op: 0.0, Majority replicated op: 0.0, Committed index: 0.0, Last appended: 0.0, Current term: 1, Majority size: 2, State: 1, Mode: LEADER, active raft config: opid_index: -1 peers { permanent_uuid: "2aeff3d0fc13436a9d6090b9a6aaa6aa" member_type: VOTER last_known_addr { host: "127.42.220.0" port: 48563 } } peers { permanent_uuid: "d248c9dacad642be9a5fabec3add151e" member_type: VOTER last_known_addr { host: "127.42.220.1" port: 37489 } } peers { permanent_uuid: "4d5cad21cdbe462d87174e9da291a046" member_type: VOTER last_known_addr { host: "127.42.220.2" port: 37062 } }
I0721 23:22:23.604943 10995 catalog_manager.cc:1856] TS d248c9dacad642be9a5fabec3add151e does not have the latest schema for tablet d8dc71543f874434a91e5a91e720b7b3 (table test-table [id=41787a805a7a407ca4ef642fee224d02]). Expected version 5 got 0
I0721 23:22:23.604997 10995 catalog_manager.cc:1957] Tablet: d8dc71543f874434a91e5a91e720b7b3 reported consensus state change. New consensus state: current_term: 1 leader_uuid: "d248c9dacad642be9a5fabec3add151e" config { opid_index: -1 peers { permanent_uuid: "2aeff3d0fc13436a9d6090b9a6aaa6aa" member_type: VOTER last_known_addr { host: "127.42.220.0" port: 48563 } } peers { permanent_uuid: "d248c9dacad642be9a5fabec3add151e" member_type: VOTER last_known_addr { host: "127.42.220.1" port: 37489 } } peers { permanent_uuid: "4d5cad21cdbe462d87174e9da291a046" member_type: VOTER last_known_addr { host: "127.42.220.2" port: 37062 } } }
W0721 23:22:23.605104 12257 raft_consensus_state.cc:541] T d8dc71543f874434a91e5a91e720b7b3 P d248c9dacad642be9a5fabec3add151e [term 1 LEADER]: Can't advance the committed index across term boundaries until operations from the current term are replicated. Last committed operation was: term: 0 index: 0, New majority replicated is: term: 0 index: 0, Current term is: 1
I0721 23:22:23.605579 11331 raft_consensus.cc:869] T d8dc71543f874434a91e5a91e720b7b3 P 4d5cad21cdbe462d87174e9da291a046 [term 1 FOLLOWER]: Refusing update from remote peer d248c9dacad642be9a5fabec3add151e: Log matching property violated. Preceding OpId in replica: term: 0 index: 0. Preceding OpId from leader: term: 1 index: 2. (index mismatch)
I0721 23:22:23.605628 12064 raft_consensus.cc:869] T d8dc71543f874434a91e5a91e720b7b3 P 2aeff3d0fc13436a9d6090b9a6aaa6aa [term 1 FOLLOWER]: Refusing update from remote peer d248c9dacad642be9a5fabec3add151e: Log matching property violated. Preceding OpId in replica: term: 0 index: 0. Preceding OpId from leader: term: 1 index: 2. (index mismatch)
I0721 23:22:23.605669 12254 consensus_queue.cc:578] T d8dc71543f874434a91e5a91e720b7b3 P d248c9dacad642be9a5fabec3add151e [LEADER]: Connected to new peer: Peer: 4d5cad21cdbe462d87174e9da291a046, Is new: false, Last received: 0.0, Next index: 1, Last known committed idx: 0, Last exchange result: ERROR, Needs remote bootstrap: false
I0721 23:22:23.605715 12253 consensus_queue.cc:578] T d8dc71543f874434a91e5a91e720b7b3 P d248c9dacad642be9a5fabec3add151e [LEADER]: Connected to new peer: Peer: 2aeff3d0fc13436a9d6090b9a6aaa6aa, Is new: false, Last received: 0.0, Next index: 1, Last known committed idx: 0, Last exchange result: ERROR, Needs remote bootstrap: false
I0721 23:22:23.606252 10995 catalog_manager.cc:1856] TS 2aeff3d0fc13436a9d6090b9a6aaa6aa does not have the latest schema for tablet d8dc71543f874434a91e5a91e720b7b3 (table test-table [id=41787a805a7a407ca4ef642fee224d02]). Expected version 5 got 0
I0721 23:22:23.606401 12257 raft_consensus_state.cc:534] T d8dc71543f874434a91e5a91e720b7b3 P d248c9dacad642be9a5fabec3add151e [term 1 LEADER]: Advanced the committed_index across terms. Last committed operation was: term: 0 index: 0 New committed index is: term: 1 index: 2
I0721 23:22:23.606441 12171 tablet.cc:824] T d8dc71543f874434a91e5a91e720b7b3 Alter schema from Schema [ 0:key[int32 NOT NULL], 5:c137[int32 NULLABLE] ] version 0 to Schema [ 0:key[int32 NOT NULL], 5:c137[int32 NULLABLE] ] version 5
I0721 23:22:23.606475 10994 catalog_manager.cc:1856] TS 4d5cad21cdbe462d87174e9da291a046 does not have the latest schema for tablet d8dc71543f874434a91e5a91e720b7b3 (table test-table [id=41787a805a7a407ca4ef642fee224d02]). Expected version 5 got 0
I0721 23:22:23.606832 10994 catalog_manager.cc:1856] TS 4d5cad21cdbe462d87174e9da291a046 does not have the latest schema for tablet d8dc71543f874434a91e5a91e720b7b3 (table test-table [id=41787a805a7a407ca4ef642fee224d02]). Expected version 5 got 0
I0721 23:22:23.606968 12170 tablet.cc:824] T d8dc71543f874434a91e5a91e720b7b3 Alter schema from Schema [ 0:key[int32 NOT NULL], 5:c137[int32 NULLABLE] ] version 0 to Schema [ 0:key[int32 NOT NULL], 5:c137[int32 NULLABLE] ] version 5
I0721 23:22:23.607221 12172 tablet.cc:824] T d8dc71543f874434a91e5a91e720b7b3 Alter schema from Schema [ 0:key[int32 NOT NULL], 5:c137[int32 NULLABLE] ] version 0 to Schema [ 0:key[int32 NOT NULL], 5:c137[int32 NULLABLE] ] version 5
I0721 23:22:23.607421 10995 catalog_manager.cc:2970] test-table [id=41787a805a7a407ca4ef642fee224d02] - Alter table completed version=5
I0721 23:22:23.846546 12170 tablet.cc:824] T 8be26ea17cb04d4882ac6cc20f435a0e Alter schema from Schema [ 0:key[int32 NOT NULL], 5:c137[int32 NULLABLE] ] version 0 to Schema [ 0:key[int32 NOT NULL], 5:c137[int32 NULLABLE] ] version 5
I0721 23:22:23.846580 10994 catalog_manager.cc:1856] TS 4d5cad21cdbe462d87174e9da291a046 does not have the latest schema for tablet 8be26ea17cb04d4882ac6cc20f435a0e (table test-table [id=41787a805a7a407ca4ef642fee224d02]). Expected version 5 got 0
I0721 23:22:23.960512 12171 tablet.cc:824] T 8be26ea17cb04d4882ac6cc20f435a0e Alter schema from Schema [ 0:key[int32 NOT NULL], 5:c137[int32 NULLABLE] ] version 0 to Schema [ 0:key[int32 NOT NULL], 5:c137[int32 NULLABLE] ] version 5
I0721 23:22:23.960602 10994 catalog_manager.cc:1856] TS d248c9dacad642be9a5fabec3add151e does not have the latest schema for tablet 8be26ea17cb04d4882ac6cc20f435a0e (table test-table [id=41787a805a7a407ca4ef642fee224d02]). Expected version 5 got 0
I0721 23:22:23.971194 11888 raft_consensus.cc:366] T 6a4c4010ca524867aed3bcd8ce342a34 P d248c9dacad642be9a5fabec3add151e [term 1 FOLLOWER]: Failure of leader 2aeff3d0fc13436a9d6090b9a6aaa6aa detected. Triggering leader election
I0721 23:22:23.971223 11888 raft_consensus.cc:2019] T 6a4c4010ca524867aed3bcd8ce342a34 P d248c9dacad642be9a5fabec3add151e [term 1 FOLLOWER]: Advancing to term 2
I0721 23:22:23.971529 11888 raft_consensus.cc:1970] T 6a4c4010ca524867aed3bcd8ce342a34 P d248c9dacad642be9a5fabec3add151e [term 2 FOLLOWER]: Snoozing failure detection for election timeout plus an additional 1.631s
I0721 23:22:23.971568 11888 raft_consensus.cc:386] T 6a4c4010ca524867aed3bcd8ce342a34 P d248c9dacad642be9a5fabec3add151e [term 2 FOLLOWER]: Starting election with config: opid_index: -1 peers { permanent_uuid: "d248c9dacad642be9a5fabec3add151e" member_type: VOTER last_known_addr { host: "127.42.220.1" port: 37489 } } peers { permanent_uuid: "2aeff3d0fc13436a9d6090b9a6aaa6aa" member_type: VOTER last_known_addr { host: "127.42.220.0" port: 48563 } } peers { permanent_uuid: "4d5cad21cdbe462d87174e9da291a046" member_type: VOTER last_known_addr { host: "127.42.220.2" port: 37062 } }
I0721 23:22:23.972268 11888 leader_election.cc:223] T 6a4c4010ca524867aed3bcd8ce342a34 P d248c9dacad642be9a5fabec3add151e [CANDIDATE]: Term 2 election: Requesting vote from peer 2aeff3d0fc13436a9d6090b9a6aaa6aa
I0721 23:22:23.972306 11888 leader_election.cc:223] T 6a4c4010ca524867aed3bcd8ce342a34 P d248c9dacad642be9a5fabec3add151e [CANDIDATE]: Term 2 election: Requesting vote from peer 4d5cad21cdbe462d87174e9da291a046
I0721 23:22:23.972441 12064 raft_consensus.cc:2019] T 6a4c4010ca524867aed3bcd8ce342a34 P 2aeff3d0fc13436a9d6090b9a6aaa6aa [term 1 FOLLOWER]: Advancing to term 2
I0721 23:22:23.972448 11331 raft_consensus.cc:2019] T 6a4c4010ca524867aed3bcd8ce342a34 P 4d5cad21cdbe462d87174e9da291a046 [term 1 FOLLOWER]: Advancing to term 2
I0721 23:22:23.972853 11331 raft_consensus.cc:1970] T 6a4c4010ca524867aed3bcd8ce342a34 P 4d5cad21cdbe462d87174e9da291a046 [term 2 FOLLOWER]: Snoozing failure detection for election timeout plus an additional 1.564s
I0721 23:22:23.972853 12064 raft_consensus.cc:1970] T 6a4c4010ca524867aed3bcd8ce342a34 P 2aeff3d0fc13436a9d6090b9a6aaa6aa [term 2 FOLLOWER]: Snoozing failure detection for election timeout plus an additional 1.622s
I0721 23:22:23.973533 12064 raft_consensus.cc:1677] T 6a4c4010ca524867aed3bcd8ce342a34 P 2aeff3d0fc13436a9d6090b9a6aaa6aa [term 2 FOLLOWER]: Leader election vote request: Granting yes vote for candidate d248c9dacad642be9a5fabec3add151e in term 2.
I0721 23:22:23.973533 11331 raft_consensus.cc:1677] T 6a4c4010ca524867aed3bcd8ce342a34 P 4d5cad21cdbe462d87174e9da291a046 [term 2 FOLLOWER]: Leader election vote request: Granting yes vote for candidate d248c9dacad642be9a5fabec3add151e in term 2.
I0721 23:22:23.973641 11489 leader_election.cc:347] T 6a4c4010ca524867aed3bcd8ce342a34 P d248c9dacad642be9a5fabec3add151e [CANDIDATE]: Term 2 election: Vote granted by peer 2aeff3d0fc13436a9d6090b9a6aaa6aa
I0721 23:22:23.973666 11489 leader_election.cc:248] T 6a4c4010ca524867aed3bcd8ce342a34 P d248c9dacad642be9a5fabec3add151e [CANDIDATE]: Term 2 election: Election decided. Result: candidate won.
I0721 23:22:23.973676 11490 leader_election.cc:347] T 6a4c4010ca524867aed3bcd8ce342a34 P d248c9dacad642be9a5fabec3add151e [CANDIDATE]: Term 2 election: Vote granted by peer 4d5cad21cdbe462d87174e9da291a046
I0721 23:22:23.973832 12265 raft_consensus.cc:1970] T 6a4c4010ca524867aed3bcd8ce342a34 P d248c9dacad642be9a5fabec3add151e [term 2 FOLLOWER]: Snoozing failure detection for election timeout plus an additional 1.568s
I0721 23:22:23.973842 12265 raft_consensus.cc:1859] T 6a4c4010ca524867aed3bcd8ce342a34 P d248c9dacad642be9a5fabec3add151e [term 2 FOLLOWER]: Leader election won for term 2
I0721 23:22:23.973989 12265 raft_consensus.cc:464] T 6a4c4010ca524867aed3bcd8ce342a34 P d248c9dacad642be9a5fabec3add151e [term 2 LEADER]: Becoming Leader. State: Replica: d248c9dacad642be9a5fabec3add151e, State: 1, Role: LEADER Watermarks: {Received: term: 1 index: 12 Committed: term: 1 index: 12}
I0721 23:22:23.974051 12265 consensus_queue.cc:145] T 6a4c4010ca524867aed3bcd8ce342a34 P d248c9dacad642be9a5fabec3add151e [LEADER]: Queue going to LEADER mode. State: All replicated op: 1.12, Majority replicated op: 1.12, Committed index: 1.12, Last appended: 1.12, Current term: 2, Majority size: 2, State: 1, Mode: LEADER, active raft config: opid_index: -1 peers { permanent_uuid: "d248c9dacad642be9a5fabec3add151e" member_type: VOTER last_known_addr { host: "127.42.220.1" port: 37489 } } peers { permanent_uuid: "2aeff3d0fc13436a9d6090b9a6aaa6aa" member_type: VOTER last_known_addr { host: "127.42.220.0" port: 48563 } } peers { permanent_uuid: "4d5cad21cdbe462d87174e9da291a046" member_type: VOTER last_known_addr { host: "127.42.220.2" port: 37062 } }
I0721 23:22:23.974546 10994 catalog_manager.cc:1957] Tablet: 6a4c4010ca524867aed3bcd8ce342a34 reported consensus state change. New consensus state: current_term: 2 leader_uuid: "d248c9dacad642be9a5fabec3add151e" config { opid_index: -1 peers { permanent_uuid: "d248c9dacad642be9a5fabec3add151e" member_type: VOTER last_known_addr { host: "127.42.220.1" port: 37489 } } peers { permanent_uuid: "2aeff3d0fc13436a9d6090b9a6aaa6aa" member_type: VOTER last_known_addr { host: "127.42.220.0" port: 48563 } } peers { permanent_uuid: "4d5cad21cdbe462d87174e9da291a046" member_type: VOTER last_known_addr { host: "127.42.220.2" port: 37062 } } }
I0721 23:22:23.988294 11680 raft_consensus.cc:366] T 73806c9e0da348e5854f7d76bf67ad0f P d248c9dacad642be9a5fabec3add151e [term 1 FOLLOWER]: Failure of leader 2aeff3d0fc13436a9d6090b9a6aaa6aa detected. Triggering leader election
I0721 23:22:23.988309 11680 raft_consensus.cc:2019] T 73806c9e0da348e5854f7d76bf67ad0f P d248c9dacad642be9a5fabec3add151e [term 1 FOLLOWER]: Advancing to term 2
I0721 23:22:23.988581 11680 raft_consensus.cc:1970] T 73806c9e0da348e5854f7d76bf67ad0f P d248c9dacad642be9a5fabec3add151e [term 2 FOLLOWER]: Snoozing failure detection for election timeout plus an additional 1.533s
I0721 23:22:23.988610 11680 raft_consensus.cc:386] T 73806c9e0da348e5854f7d76bf67ad0f P d248c9dacad642be9a5fabec3add151e [term 2 FOLLOWER]: Starting election with config: opid_index: -1 peers { permanent_uuid: "d248c9dacad642be9a5fabec3add151e" member_type: VOTER last_known_addr { host: "127.42.220.1" port: 37489 } } peers { permanent_uuid: "2aeff3d0fc13436a9d6090b9a6aaa6aa" member_type: VOTER last_known_addr { host: "127.42.220.0" port: 48563 } } peers { permanent_uuid: "4d5cad21cdbe462d87174e9da291a046" member_type: VOTER last_known_addr { host: "127.42.220.2" port: 37062 } }
I0721 23:22:23.989209 11680 leader_election.cc:223] T 73806c9e0da348e5854f7d76bf67ad0f P d248c9dacad642be9a5fabec3add151e [CANDIDATE]: Term 2 election: Requesting vote from peer 2aeff3d0fc13436a9d6090b9a6aaa6aa
I0721 23:22:23.989228 11680 leader_election.cc:223] T 73806c9e0da348e5854f7d76bf67ad0f P d248c9dacad642be9a5fabec3add151e [CANDIDATE]: Term 2 election: Requesting vote from peer 4d5cad21cdbe462d87174e9da291a046
I0721 23:22:23.989310 11331 raft_consensus.cc:2019] T 73806c9e0da348e5854f7d76bf67ad0f P 4d5cad21cdbe462d87174e9da291a046 [term 1 FOLLOWER]: Advancing to term 2
I0721 23:22:23.989331 12064 raft_consensus.cc:2019] T 73806c9e0da348e5854f7d76bf67ad0f P 2aeff3d0fc13436a9d6090b9a6aaa6aa [term 1 FOLLOWER]: Advancing to term 2
I0721 23:22:23.989527 12064 raft_consensus.cc:1970] T 73806c9e0da348e5854f7d76bf67ad0f P 2aeff3d0fc13436a9d6090b9a6aaa6aa [term 2 FOLLOWER]: Snoozing failure detection for election timeout plus an additional 1.518s
I0721 23:22:23.989539 11331 raft_consensus.cc:1970] T 73806c9e0da348e5854f7d76bf67ad0f P 4d5cad21cdbe462d87174e9da291a046 [term 2 FOLLOWER]: Snoozing failure detection for election timeout plus an additional 1.577s
I0721 23:22:23.990133 12064 raft_consensus.cc:1677] T 73806c9e0da348e5854f7d76bf67ad0f P 2aeff3d0fc13436a9d6090b9a6aaa6aa [term 2 FOLLOWER]: Leader election vote request: Granting yes vote for candidate d248c9dacad642be9a5fabec3add151e in term 2.
I0721 23:22:23.990227 11489 leader_election.cc:347] T 73806c9e0da348e5854f7d76bf67ad0f P d248c9dacad642be9a5fabec3add151e [CANDIDATE]: Term 2 election: Vote granted by peer 2aeff3d0fc13436a9d6090b9a6aaa6aa
I0721 23:22:23.990234 11489 leader_election.cc:248] T 73806c9e0da348e5854f7d76bf67ad0f P d248c9dacad642be9a5fabec3add151e [CANDIDATE]: Term 2 election: Election decided. Result: candidate won.
I0721 23:22:23.990337 12270 raft_consensus.cc:1970] T 73806c9e0da348e5854f7d76bf67ad0f P d248c9dacad642be9a5fabec3add151e [term 2 FOLLOWER]: Snoozing failure detection for election timeout plus an additional 1.611s
I0721 23:22:23.990348 12270 raft_consensus.cc:1859] T 73806c9e0da348e5854f7d76bf67ad0f P d248c9dacad642be9a5fabec3add151e [term 2 FOLLOWER]: Leader election won for term 2
I0721 23:22:23.990483 12270 raft_consensus.cc:464] T 73806c9e0da348e5854f7d76bf67ad0f P d248c9dacad642be9a5fabec3add151e [term 2 LEADER]: Becoming Leader. State: Replica: d248c9dacad642be9a5fabec3add151e, State: 1, Role: LEADER Watermarks: {Received: term: 1 index: 26 Committed: term: 1 index: 26}
I0721 23:22:23.990514 12270 consensus_queue.cc:145] T 73806c9e0da348e5854f7d76bf67ad0f P d248c9dacad642be9a5fabec3add151e [LEADER]: Queue going to LEADER mode. State: All replicated op: 1.26, Majority replicated op: 1.26, Committed index: 1.26, Last appended: 1.26, Current term: 2, Majority size: 2, State: 1, Mode: LEADER, active raft config: opid_index: -1 peers { permanent_uuid: "d248c9dacad642be9a5fabec3add151e" member_type: VOTER last_known_addr { host: "127.42.220.1" port: 37489 } } peers { permanent_uuid: "2aeff3d0fc13436a9d6090b9a6aaa6aa" member_type: VOTER last_known_addr { host: "127.42.220.0" port: 48563 } } peers { permanent_uuid: "4d5cad21cdbe462d87174e9da291a046" member_type: VOTER last_known_addr { host: "127.42.220.2" port: 37062 } }
I0721 23:22:23.991114 11331 raft_consensus.cc:1677] T 73806c9e0da348e5854f7d76bf67ad0f P 4d5cad21cdbe462d87174e9da291a046 [term 2 FOLLOWER]: Leader election vote request: Granting yes vote for candidate d248c9dacad642be9a5fabec3add151e in term 2.
I0721 23:22:23.991145 10994 catalog_manager.cc:1957] Tablet: 73806c9e0da348e5854f7d76bf67ad0f reported consensus state change. New consensus state: current_term: 2 leader_uuid: "d248c9dacad642be9a5fabec3add151e" config { opid_index: -1 peers { permanent_uuid: "d248c9dacad642be9a5fabec3add151e" member_type: VOTER last_known_addr { host: "127.42.220.1" port: 37489 } } peers { permanent_uuid: "2aeff3d0fc13436a9d6090b9a6aaa6aa" member_type: VOTER last_known_addr { host: "127.42.220.0" port: 48563 } } peers { permanent_uuid: "4d5cad21cdbe462d87174e9da291a046" member_type: VOTER last_known_addr { host: "127.42.220.2" port: 37062 } } }
I0721 23:22:23.991201 11490 leader_election.cc:347] T 73806c9e0da348e5854f7d76bf67ad0f P d248c9dacad642be9a5fabec3add151e [CANDIDATE]: Term 2 election: Vote granted by peer 4d5cad21cdbe462d87174e9da291a046
I0721 23:22:24.001402 11331 raft_consensus.cc:869] T 6a4c4010ca524867aed3bcd8ce342a34 P 4d5cad21cdbe462d87174e9da291a046 [term 2 FOLLOWER]: Refusing update from remote peer d248c9dacad642be9a5fabec3add151e: Log matching property violated. Preceding OpId in replica: term: 1 index: 12. Preceding OpId from leader: term: 2 index: 14. (index mismatch)
I0721 23:22:24.001425 12064 raft_consensus.cc:869] T 6a4c4010ca524867aed3bcd8ce342a34 P 2aeff3d0fc13436a9d6090b9a6aaa6aa [term 2 FOLLOWER]: Refusing update from remote peer d248c9dacad642be9a5fabec3add151e: Log matching property violated. Preceding OpId in replica: term: 1 index: 12. Preceding OpId from leader: term: 2 index: 14. (index mismatch)
I0721 23:22:24.001497 12265 consensus_queue.cc:578] T 6a4c4010ca524867aed3bcd8ce342a34 P d248c9dacad642be9a5fabec3add151e [LEADER]: Connected to new peer: Peer: 2aeff3d0fc13436a9d6090b9a6aaa6aa, Is new: false, Last received: 1.12, Next index: 13, Last known committed idx: 12, Last exchange result: ERROR, Needs remote bootstrap: false
I0721 23:22:24.001538 12266 consensus_queue.cc:578] T 6a4c4010ca524867aed3bcd8ce342a34 P d248c9dacad642be9a5fabec3add151e [LEADER]: Connected to new peer: Peer: 4d5cad21cdbe462d87174e9da291a046, Is new: false, Last received: 1.12, Next index: 13, Last known committed idx: 12, Last exchange result: ERROR, Needs remote bootstrap: false
I0721 23:22:24.001931 12269 raft_consensus_state.cc:534] T 6a4c4010ca524867aed3bcd8ce342a34 P d248c9dacad642be9a5fabec3add151e [term 2 LEADER]: Advanced the committed_index across terms. Last committed operation was: term: 1 index: 12 New committed index is: term: 2 index: 14
I0721 23:22:24.011787 11423 raft_consensus.cc:366] T 67b0e5f3081d4c34be5dac68a0b10025 P 4d5cad21cdbe462d87174e9da291a046 [term 2 FOLLOWER]: Failure of leader 2aeff3d0fc13436a9d6090b9a6aaa6aa detected. Triggering leader election
I0721 23:22:24.011832 11423 raft_consensus.cc:2019] T 67b0e5f3081d4c34be5dac68a0b10025 P 4d5cad21cdbe462d87174e9da291a046 [term 2 FOLLOWER]: Advancing to term 3
I0721 23:22:24.012135 11423 raft_consensus.cc:1970] T 67b0e5f3081d4c34be5dac68a0b10025 P 4d5cad21cdbe462d87174e9da291a046 [term 3 FOLLOWER]: Snoozing failure detection for election timeout plus an additional 1.560s
I0721 23:22:24.012178 11423 raft_consensus.cc:386] T 67b0e5f3081d4c34be5dac68a0b10025 P 4d5cad21cdbe462d87174e9da291a046 [term 3 FOLLOWER]: Starting election with config: opid_index: -1 peers { permanent_uuid: "d248c9dacad642be9a5fabec3add151e" member_type: VOTER last_known_addr { host: "127.42.220.1" port: 37489 } } peers { permanent_uuid: "2aeff3d0fc13436a9d6090b9a6aaa6aa" member_type: VOTER last_known_addr { host: "127.42.220.0" port: 48563 } } peers { permanent_uuid: "4d5cad21cdbe462d87174e9da291a046" member_type: VOTER last_known_addr { host: "127.42.220.2" port: 37062 } }
I0721 23:22:24.012910 11423 leader_election.cc:223] T 67b0e5f3081d4c34be5dac68a0b10025 P 4d5cad21cdbe462d87174e9da291a046 [CANDIDATE]: Term 3 election: Requesting vote from peer d248c9dacad642be9a5fabec3add151e
I0721 23:22:24.012955 11423 leader_election.cc:223] T 67b0e5f3081d4c34be5dac68a0b10025 P 4d5cad21cdbe462d87174e9da291a046 [CANDIDATE]: Term 3 election: Requesting vote from peer 2aeff3d0fc13436a9d6090b9a6aaa6aa
I0721 23:22:24.013098 11555 raft_consensus.cc:2019] T 67b0e5f3081d4c34be5dac68a0b10025 P d248c9dacad642be9a5fabec3add151e [term 2 FOLLOWER]: Advancing to term 3
I0721 23:22:24.013150 12064 raft_consensus.cc:2019] T 67b0e5f3081d4c34be5dac68a0b10025 P 2aeff3d0fc13436a9d6090b9a6aaa6aa [term 2 FOLLOWER]: Advancing to term 3
I0721 23:22:24.013391 12064 raft_consensus.cc:1970] T 67b0e5f3081d4c34be5dac68a0b10025 P 2aeff3d0fc13436a9d6090b9a6aaa6aa [term 3 FOLLOWER]: Snoozing failure detection for election timeout plus an additional 1.568s
I0721 23:22:24.013402 11555 raft_consensus.cc:1970] T 67b0e5f3081d4c34be5dac68a0b10025 P d248c9dacad642be9a5fabec3add151e [term 3 FOLLOWER]: Snoozing failure detection for election timeout plus an additional 1.544s
I0721 23:22:24.013912 12064 raft_consensus.cc:1677] T 67b0e5f3081d4c34be5dac68a0b10025 P 2aeff3d0fc13436a9d6090b9a6aaa6aa [term 3 FOLLOWER]: Leader election vote request: Granting yes vote for candidate 4d5cad21cdbe462d87174e9da291a046 in term 3.
I0721 23:22:24.013995 11268 leader_election.cc:347] T 67b0e5f3081d4c34be5dac68a0b10025 P 4d5cad21cdbe462d87174e9da291a046 [CANDIDATE]: Term 3 election: Vote granted by peer 2aeff3d0fc13436a9d6090b9a6aaa6aa
I0721 23:22:24.014008 11268 leader_election.cc:248] T 67b0e5f3081d4c34be5dac68a0b10025 P 4d5cad21cdbe462d87174e9da291a046 [CANDIDATE]: Term 3 election: Election decided. Result: candidate won.
I0721 23:22:24.014042 11555 raft_consensus.cc:1677] T 67b0e5f3081d4c34be5dac68a0b10025 P d248c9dacad642be9a5fabec3add151e [term 3 FOLLOWER]: Leader election vote request: Granting yes vote for candidate 4d5cad21cdbe462d87174e9da291a046 in term 3.
I0721 23:22:24.014116 11270 leader_election.cc:347] T 67b0e5f3081d4c34be5dac68a0b10025 P 4d5cad21cdbe462d87174e9da291a046 [CANDIDATE]: Term 3 election: Vote granted by peer d248c9dacad642be9a5fabec3add151e
I0721 23:22:24.014152 12283 raft_consensus.cc:1970] T 67b0e5f3081d4c34be5dac68a0b10025 P 4d5cad21cdbe462d87174e9da291a046 [term 3 FOLLOWER]: Snoozing failure detection for election timeout plus an additional 1.614s
I0721 23:22:24.014161 12283 raft_consensus.cc:1859] T 67b0e5f3081d4c34be5dac68a0b10025 P 4d5cad21cdbe462d87174e9da291a046 [term 3 FOLLOWER]: Leader election won for term 3
I0721 23:22:24.014313 12283 raft_consensus.cc:464] T 67b0e5f3081d4c34be5dac68a0b10025 P 4d5cad21cdbe462d87174e9da291a046 [term 3 LEADER]: Becoming Leader. State: Replica: 4d5cad21cdbe462d87174e9da291a046, State: 1, Role: LEADER Watermarks: {Received: term: 2 index: 28 Committed: term: 2 index: 28}
I0721 23:22:24.014348 12283 consensus_queue.cc:145] T 67b0e5f3081d4c34be5dac68a0b10025 P 4d5cad21cdbe462d87174e9da291a046 [LEADER]: Queue going to LEADER mode. State: All replicated op: 2.28, Majority replicated op: 2.28, Committed index: 2.28, Last appended: 2.28, Current term: 3, Majority size: 2, State: 1, Mode: LEADER, active raft config: opid_index: -1 peers { permanent_uuid: "d248c9dacad642be9a5fabec3add151e" member_type: VOTER last_known_addr { host: "127.42.220.1" port: 37489 } } peers { permanent_uuid: "2aeff3d0fc13436a9d6090b9a6aaa6aa" member_type: VOTER last_known_addr { host: "127.42.220.0" port: 48563 } } peers { permanent_uuid: "4d5cad21cdbe462d87174e9da291a046" member_type: VOTER last_known_addr { host: "127.42.220.2" port: 37062 } }
I0721 23:22:24.014796 10995 catalog_manager.cc:1957] Tablet: 67b0e5f3081d4c34be5dac68a0b10025 reported consensus state change. New consensus state: current_term: 3 leader_uuid: "4d5cad21cdbe462d87174e9da291a046" config { opid_index: -1 peers { permanent_uuid: "d248c9dacad642be9a5fabec3add151e" member_type: VOTER last_known_addr { host: "127.42.220.1" port: 37489 } } peers { permanent_uuid: "2aeff3d0fc13436a9d6090b9a6aaa6aa" member_type: VOTER last_known_addr { host: "127.42.220.0" port: 48563 } } peers { permanent_uuid: "4d5cad21cdbe462d87174e9da291a046" member_type: VOTER last_known_addr { host: "127.42.220.2" port: 37062 } } }
I0721 23:22:24.051159 11879 raft_consensus.cc:366] T d0cce9fea65345d899d95b40bf02db82 P d248c9dacad642be9a5fabec3add151e [term 1 FOLLOWER]: Failure of leader 2aeff3d0fc13436a9d6090b9a6aaa6aa detected. Triggering leader election
I0721 23:22:24.051172 11879 raft_consensus.cc:2019] T d0cce9fea65345d899d95b40bf02db82 P d248c9dacad642be9a5fabec3add151e [term 1 FOLLOWER]: Advancing to term 2
I0721 23:22:24.051455 11879 raft_consensus.cc:1970] T d0cce9fea65345d899d95b40bf02db82 P d248c9dacad642be9a5fabec3add151e [term 2 FOLLOWER]: Snoozing failure detection for election timeout plus an additional 1.571s
I0721 23:22:24.051483 11879 raft_consensus.cc:386] T d0cce9fea65345d899d95b40bf02db82 P d248c9dacad642be9a5fabec3add151e [term 2 FOLLOWER]: Starting election with config: opid_index: -1 peers { permanent_uuid: "2aeff3d0fc13436a9d6090b9a6aaa6aa" member_type: VOTER last_known_addr { host: "127.42.220.0" port: 48563 } } peers { permanent_uuid: "d248c9dacad642be9a5fabec3add151e" member_type: VOTER last_known_addr { host: "127.42.220.1" port: 37489 } } peers { permanent_uuid: "4d5cad21cdbe462d87174e9da291a046" member_type: VOTER last_known_addr { host: "127.42.220.2" port: 37062 } }
I0721 23:22:24.052311 11879 leader_election.cc:223] T d0cce9fea65345d899d95b40bf02db82 P d248c9dacad642be9a5fabec3add151e [CANDIDATE]: Term 2 election: Requesting vote from peer 2aeff3d0fc13436a9d6090b9a6aaa6aa
I0721 23:22:24.052368 11879 leader_election.cc:223] T d0cce9fea65345d899d95b40bf02db82 P d248c9dacad642be9a5fabec3add151e [CANDIDATE]: Term 2 election: Requesting vote from peer 4d5cad21cdbe462d87174e9da291a046
I0721 23:22:24.052464 11331 raft_consensus.cc:2019] T d0cce9fea65345d899d95b40bf02db82 P 4d5cad21cdbe462d87174e9da291a046 [term 1 FOLLOWER]: Advancing to term 2
I0721 23:22:24.052466 12064 raft_consensus.cc:2019] T d0cce9fea65345d899d95b40bf02db82 P 2aeff3d0fc13436a9d6090b9a6aaa6aa [term 1 FOLLOWER]: Advancing to term 2
I0721 23:22:24.052752 11331 raft_consensus.cc:1970] T d0cce9fea65345d899d95b40bf02db82 P 4d5cad21cdbe462d87174e9da291a046 [term 2 FOLLOWER]: Snoozing failure detection for election timeout plus an additional 1.644s
I0721 23:22:24.052851 12064 raft_consensus.cc:1970] T d0cce9fea65345d899d95b40bf02db82 P 2aeff3d0fc13436a9d6090b9a6aaa6aa [term 2 FOLLOWER]: Snoozing failure detection for election timeout plus an additional 1.632s
I0721 23:22:24.053400 12064 raft_consensus.cc:1677] T d0cce9fea65345d899d95b40bf02db82 P 2aeff3d0fc13436a9d6090b9a6aaa6aa [term 2 FOLLOWER]: Leader election vote request: Granting yes vote for candidate d248c9dacad642be9a5fabec3add151e in term 2.
I0721 23:22:24.053409 11331 raft_consensus.cc:1677] T d0cce9fea65345d899d95b40bf02db82 P 4d5cad21cdbe462d87174e9da291a046 [term 2 FOLLOWER]: Leader election vote request: Granting yes vote for candidate d248c9dacad642be9a5fabec3add151e in term 2.
I0721 23:22:24.053472 11489 leader_election.cc:347] T d0cce9fea65345d899d95b40bf02db82 P d248c9dacad642be9a5fabec3add151e [CANDIDATE]: Term 2 election: Vote granted by peer 2aeff3d0fc13436a9d6090b9a6aaa6aa
I0721 23:22:24.053493 11489 leader_election.cc:248] T d0cce9fea65345d899d95b40bf02db82 P d248c9dacad642be9a5fabec3add151e [CANDIDATE]: Term 2 election: Election decided. Result: candidate won.
I0721 23:22:24.053500 11490 leader_election.cc:347] T d0cce9fea65345d899d95b40bf02db82 P d248c9dacad642be9a5fabec3add151e [CANDIDATE]: Term 2 election: Vote granted by peer 4d5cad21cdbe462d87174e9da291a046
I0721 23:22:24.053632 12288 raft_consensus.cc:1970] T d0cce9fea65345d899d95b40bf02db82 P d248c9dacad642be9a5fabec3add151e [term 2 FOLLOWER]: Snoozing failure detection for election timeout plus an additional 1.544s
I0721 23:22:24.053645 12288 raft_consensus.cc:1859] T d0cce9fea65345d899d95b40bf02db82 P d248c9dacad642be9a5fabec3add151e [term 2 FOLLOWER]: Leader election won for term 2
I0721 23:22:24.053807 12288 raft_consensus.cc:464] T d0cce9fea65345d899d95b40bf02db82 P d248c9dacad642be9a5fabec3add151e [term 2 LEADER]: Becoming Leader. State: Replica: d248c9dacad642be9a5fabec3add151e, State: 1, Role: LEADER Watermarks: {Received: term: 1 index: 9 Committed: term: 1 index: 9}
I0721 23:22:24.053892 12288 consensus_queue.cc:145] T d0cce9fea65345d899d95b40bf02db82 P d248c9dacad642be9a5fabec3add151e [LEADER]: Queue going to LEADER mode. State: All replicated op: 1.9, Majority replicated op: 1.9, Committed index: 1.9, Last appended: 1.9, Current term: 2, Majority size: 2, State: 1, Mode: LEADER, active raft config: opid_index: -1 peers { permanent_uuid: "2aeff3d0fc13436a9d6090b9a6aaa6aa" member_type: VOTER last_known_addr { host: "127.42.220.0" port: 48563 } } peers { permanent_uuid: "d248c9dacad642be9a5fabec3add151e" member_type: VOTER last_known_addr { host: "127.42.220.1" port: 37489 } } peers { permanent_uuid: "4d5cad21cdbe462d87174e9da291a046" member_type: VOTER last_known_addr { host: "127.42.220.2" port: 37062 } }
I0721 23:22:24.054461 10995 catalog_manager.cc:1957] Tablet: d0cce9fea65345d899d95b40bf02db82 reported consensus state change. New consensus state: current_term: 2 leader_uuid: "d248c9dacad642be9a5fabec3add151e" config { opid_index: -1 peers { permanent_uuid: "2aeff3d0fc13436a9d6090b9a6aaa6aa" member_type: VOTER last_known_addr { host: "127.42.220.0" port: 48563 } } peers { permanent_uuid: "d248c9dacad642be9a5fabec3add151e" member_type: VOTER last_known_addr { host: "127.42.220.1" port: 37489 } } peers { permanent_uuid: "4d5cad21cdbe462d87174e9da291a046" member_type: VOTER last_known_addr { host: "127.42.220.2" port: 37062 } } }
I0721 23:22:24.062347 11331 raft_consensus.cc:869] T d0cce9fea65345d899d95b40bf02db82 P 4d5cad21cdbe462d87174e9da291a046 [term 2 FOLLOWER]: Refusing update from remote peer d248c9dacad642be9a5fabec3add151e: Log matching property violated. Preceding OpId in replica: term: 1 index: 9. Preceding OpId from leader: term: 2 index: 11. (index mismatch)
I0721 23:22:24.062412 12064 raft_consensus.cc:869] T d0cce9fea65345d899d95b40bf02db82 P 2aeff3d0fc13436a9d6090b9a6aaa6aa [term 2 FOLLOWER]: Refusing update from remote peer d248c9dacad642be9a5fabec3add151e: Log matching property violated. Preceding OpId in replica: term: 1 index: 9. Preceding OpId from leader: term: 2 index: 11. (index mismatch)
I0721 23:22:24.062471 12289 consensus_queue.cc:578] T d0cce9fea65345d899d95b40bf02db82 P d248c9dacad642be9a5fabec3add151e [LEADER]: Connected to new peer: Peer: 4d5cad21cdbe462d87174e9da291a046, Is new: false, Last received: 1.9, Next index: 10, Last known committed idx: 9, Last exchange result: ERROR, Needs remote bootstrap: false
I0721 23:22:24.062511 12288 consensus_queue.cc:578] T d0cce9fea65345d899d95b40bf02db82 P d248c9dacad642be9a5fabec3add151e [LEADER]: Connected to new peer: Peer: 2aeff3d0fc13436a9d6090b9a6aaa6aa, Is new: false, Last received: 1.9, Next index: 10, Last known committed idx: 9, Last exchange result: ERROR, Needs remote bootstrap: false
I0721 23:22:24.063004 12292 raft_consensus_state.cc:534] T d0cce9fea65345d899d95b40bf02db82 P d248c9dacad642be9a5fabec3add151e [term 2 LEADER]: Advanced the committed_index across terms. Last committed operation was: term: 1 index: 9 New committed index is: term: 2 index: 11
I0721 23:22:24.067476 12064 raft_consensus.cc:869] T 73806c9e0da348e5854f7d76bf67ad0f P 2aeff3d0fc13436a9d6090b9a6aaa6aa [term 2 FOLLOWER]: Refusing update from remote peer d248c9dacad642be9a5fabec3add151e: Log matching property violated. Preceding OpId in replica: term: 1 index: 26. Preceding OpId from leader: term: 2 index: 28. (index mismatch)
