W0721 23:22:20.491413 10994 catalog_manager.cc:2160] Unable to reset TS proxy: Not found: No leader found: Tablet 5121f4a24d964a2a89f4d75bb7eae036 consensus state has no leader
W0721 23:22:20.491425 10994 catalog_manager.cc:2770] Failed to send alter table request: Not found: Failed to reset TS proxy: No leader found: Tablet 5121f4a24d964a2a89f4d75bb7eae036 consensus state has no leader
I0721 23:22:20.493850 11656 tablet_bootstrap.cc:400] T b2671d47f6ac4321a3daf62b2de4d3c2 P 2aeff3d0fc13436a9d6090b9a6aaa6aa: No bootstrap required, opened a new log
I0721 23:22:20.493875 11656 ts_tablet_manager.cc:636] T b2671d47f6ac4321a3daf62b2de4d3c2 P 2aeff3d0fc13436a9d6090b9a6aaa6aa: Time spent bootstrapping tablet: real 0.012s user 0.000s sys 0.004s
I0721 23:22:20.493990 11663 raft_consensus.cc:269] T 73806c9e0da348e5854f7d76bf67ad0f P d248c9dacad642be9a5fabec3add151e [term 0 FOLLOWER]: Replica starting. Triggering 0 pending transactions. Active config: opid_index: -1 peers { permanent_uuid: "d248c9dacad642be9a5fabec3add151e" member_type: VOTER last_known_addr { host: "127.42.220.1" port: 37489 } } peers { permanent_uuid: "2aeff3d0fc13436a9d6090b9a6aaa6aa" member_type: VOTER last_known_addr { host: "127.42.220.0" port: 48563 } } peers { permanent_uuid: "4d5cad21cdbe462d87174e9da291a046" member_type: VOTER last_known_addr { host: "127.42.220.2" port: 37062 } }
I0721 23:22:20.494035 11663 raft_consensus.cc:301] T 73806c9e0da348e5854f7d76bf67ad0f P d248c9dacad642be9a5fabec3add151e [term 0 FOLLOWER]: Consensus starting up: Expiring failure detector timer to make a prompt election more likely
I0721 23:22:20.494081 11663 raft_consensus.cc:499] T 73806c9e0da348e5854f7d76bf67ad0f P d248c9dacad642be9a5fabec3add151e [term 0 FOLLOWER]: Becoming Follower/Learner. State: Replica: d248c9dacad642be9a5fabec3add151e, State: 1, Role: FOLLOWER Watermarks: {Received: term: 0 index: 0 Committed: term: 0 index: 0}
I0721 23:22:20.494112 11663 consensus_queue.cc:162] T 73806c9e0da348e5854f7d76bf67ad0f P d248c9dacad642be9a5fabec3add151e [NON_LEADER]: Queue going to NON_LEADER mode. State: All replicated op: 0.0, Majority replicated op: 0.0, Committed index: 0.0, Last appended: 0.0, Current term: 0, Majority size: -1, State: 1, Mode: NON_LEADER
I0721 23:22:20.501840 11655 tablet_bootstrap.cc:400] T a9b0f2a221544cd19161aa7461f19068 P 4d5cad21cdbe462d87174e9da291a046: No bootstrap required, opened a new log
I0721 23:22:20.501888 11656 raft_consensus.cc:269] T b2671d47f6ac4321a3daf62b2de4d3c2 P 2aeff3d0fc13436a9d6090b9a6aaa6aa [term 0 FOLLOWER]: Replica starting. Triggering 0 pending transactions. Active config: opid_index: -1 peers { permanent_uuid: "d248c9dacad642be9a5fabec3add151e" member_type: VOTER last_known_addr { host: "127.42.220.1" port: 37489 } } peers { permanent_uuid: "2aeff3d0fc13436a9d6090b9a6aaa6aa" member_type: VOTER last_known_addr { host: "127.42.220.0" port: 48563 } } peers { permanent_uuid: "4d5cad21cdbe462d87174e9da291a046" member_type: VOTER last_known_addr { host: "127.42.220.2" port: 37062 } }
I0721 23:22:20.501900 11655 ts_tablet_manager.cc:636] T a9b0f2a221544cd19161aa7461f19068 P 4d5cad21cdbe462d87174e9da291a046: Time spent bootstrapping tablet: real 0.011s user 0.000s sys 0.000s
I0721 23:22:20.501904 11656 raft_consensus.cc:301] T b2671d47f6ac4321a3daf62b2de4d3c2 P 2aeff3d0fc13436a9d6090b9a6aaa6aa [term 0 FOLLOWER]: Consensus starting up: Expiring failure detector timer to make a prompt election more likely
I0721 23:22:20.501914 11656 raft_consensus.cc:499] T b2671d47f6ac4321a3daf62b2de4d3c2 P 2aeff3d0fc13436a9d6090b9a6aaa6aa [term 0 FOLLOWER]: Becoming Follower/Learner. State: Replica: 2aeff3d0fc13436a9d6090b9a6aaa6aa, State: 1, Role: FOLLOWER Watermarks: {Received: term: 0 index: 0 Committed: term: 0 index: 0}
I0721 23:22:20.501922 11656 consensus_queue.cc:162] T b2671d47f6ac4321a3daf62b2de4d3c2 P 2aeff3d0fc13436a9d6090b9a6aaa6aa [NON_LEADER]: Queue going to NON_LEADER mode. State: All replicated op: 0.0, Majority replicated op: 0.0, Committed index: 0.0, Last appended: 0.0, Current term: 0, Majority size: -1, State: 1, Mode: NON_LEADER
I0721 23:22:20.502293 10994 catalog_manager.cc:1856] TS d248c9dacad642be9a5fabec3add151e does not have the latest schema for tablet 73806c9e0da348e5854f7d76bf67ad0f (table test-table [id=41787a805a7a407ca4ef642fee224d02]). Expected version 2 got 0
W0721 23:22:20.502491 10994 catalog_manager.cc:2160] Unable to reset TS proxy: Not found: No leader found: Tablet 73806c9e0da348e5854f7d76bf67ad0f consensus state has no leader
W0721 23:22:20.502503 10994 catalog_manager.cc:2770] Failed to send alter table request: Not found: Failed to reset TS proxy: No leader found: Tablet 73806c9e0da348e5854f7d76bf67ad0f consensus state has no leader
I0721 23:22:20.502632 11663 ts_tablet_manager.cc:663] T 73806c9e0da348e5854f7d76bf67ad0f P d248c9dacad642be9a5fabec3add151e: Time spent starting tablet: real 0.021s user 0.000s sys 0.000s
I0721 23:22:20.502671 11663 ts_tablet_manager.cc:631] T b2671d47f6ac4321a3daf62b2de4d3c2 P d248c9dacad642be9a5fabec3add151e: Bootstrapping tablet
I0721 23:22:20.502822 11663 tablet_bootstrap.cc:400] T b2671d47f6ac4321a3daf62b2de4d3c2 P d248c9dacad642be9a5fabec3add151e: Bootstrap starting.
I0721 23:22:20.502965 11663 tablet_bootstrap.cc:563] T b2671d47f6ac4321a3daf62b2de4d3c2 P d248c9dacad642be9a5fabec3add151e: Time spent opening tablet: real 0.000s user 0.000s sys 0.000s
I0721 23:22:20.503136 11656 ts_tablet_manager.cc:663] T b2671d47f6ac4321a3daf62b2de4d3c2 P 2aeff3d0fc13436a9d6090b9a6aaa6aa: Time spent starting tablet: real 0.009s user 0.000s sys 0.000s
I0721 23:22:20.503155 11656 ts_tablet_manager.cc:631] T 68eb87c25a5f404cbf5df0acb9b77106 P 2aeff3d0fc13436a9d6090b9a6aaa6aa: Bootstrapping tablet
I0721 23:22:20.503211 10994 catalog_manager.cc:1856] TS 2aeff3d0fc13436a9d6090b9a6aaa6aa does not have the latest schema for tablet b2671d47f6ac4321a3daf62b2de4d3c2 (table test-table [id=41787a805a7a407ca4ef642fee224d02]). Expected version 2 got 0
I0721 23:22:20.503271 11656 tablet_bootstrap.cc:400] T 68eb87c25a5f404cbf5df0acb9b77106 P 2aeff3d0fc13436a9d6090b9a6aaa6aa: Bootstrap starting.
I0721 23:22:20.503398 11656 tablet_bootstrap.cc:563] T 68eb87c25a5f404cbf5df0acb9b77106 P 2aeff3d0fc13436a9d6090b9a6aaa6aa: Time spent opening tablet: real 0.000s user 0.000s sys 0.000s
W0721 23:22:20.503419 10994 catalog_manager.cc:2160] Unable to reset TS proxy: Not found: No leader found: Tablet b2671d47f6ac4321a3daf62b2de4d3c2 consensus state has no leader
W0721 23:22:20.503428 10994 catalog_manager.cc:2770] Failed to send alter table request: Not found: Failed to reset TS proxy: No leader found: Tablet b2671d47f6ac4321a3daf62b2de4d3c2 consensus state has no leader
I0721 23:22:20.503490 11656 tablet_bootstrap.cc:503] T 68eb87c25a5f404cbf5df0acb9b77106 P 2aeff3d0fc13436a9d6090b9a6aaa6aa: No blocks or log segments found. Creating new log.
I0721 23:22:20.503087 11663 tablet_bootstrap.cc:503] T b2671d47f6ac4321a3daf62b2de4d3c2 P d248c9dacad642be9a5fabec3add151e: No blocks or log segments found. Creating new log.
I0721 23:22:20.503811 10994 catalog_manager.cc:1856] TS 2aeff3d0fc13436a9d6090b9a6aaa6aa does not have the latest schema for tablet b2671d47f6ac4321a3daf62b2de4d3c2 (table test-table [id=41787a805a7a407ca4ef642fee224d02]). Expected version 2 got 0
W0721 23:22:20.504043 10994 catalog_manager.cc:2160] Unable to reset TS proxy: Not found: No leader found: Tablet b2671d47f6ac4321a3daf62b2de4d3c2 consensus state has no leader
W0721 23:22:20.504053 10994 catalog_manager.cc:2770] Failed to send alter table request: Not found: Failed to reset TS proxy: No leader found: Tablet b2671d47f6ac4321a3daf62b2de4d3c2 consensus state has no leader
I0721 23:22:20.504314 10994 catalog_manager.cc:1856] TS d248c9dacad642be9a5fabec3add151e does not have the latest schema for tablet 73806c9e0da348e5854f7d76bf67ad0f (table test-table [id=41787a805a7a407ca4ef642fee224d02]). Expected version 2 got 0
W0721 23:22:20.504508 10994 catalog_manager.cc:2160] Unable to reset TS proxy: Not found: No leader found: Tablet 73806c9e0da348e5854f7d76bf67ad0f consensus state has no leader
W0721 23:22:20.504520 10994 catalog_manager.cc:2770] Failed to send alter table request: Not found: Failed to reset TS proxy: No leader found: Tablet 73806c9e0da348e5854f7d76bf67ad0f consensus state has no leader
I0721 23:22:20.505867 11655 raft_consensus.cc:269] T a9b0f2a221544cd19161aa7461f19068 P 4d5cad21cdbe462d87174e9da291a046 [term 0 FOLLOWER]: Replica starting. Triggering 0 pending transactions. Active config: opid_index: -1 peers { permanent_uuid: "d248c9dacad642be9a5fabec3add151e" member_type: VOTER last_known_addr { host: "127.42.220.1" port: 37489 } } peers { permanent_uuid: "2aeff3d0fc13436a9d6090b9a6aaa6aa" member_type: VOTER last_known_addr { host: "127.42.220.0" port: 48563 } } peers { permanent_uuid: "4d5cad21cdbe462d87174e9da291a046" member_type: VOTER last_known_addr { host: "127.42.220.2" port: 37062 } }
I0721 23:22:20.505909 11655 raft_consensus.cc:301] T a9b0f2a221544cd19161aa7461f19068 P 4d5cad21cdbe462d87174e9da291a046 [term 0 FOLLOWER]: Consensus starting up: Expiring failure detector timer to make a prompt election more likely
I0721 23:22:20.505942 11655 raft_consensus.cc:499] T a9b0f2a221544cd19161aa7461f19068 P 4d5cad21cdbe462d87174e9da291a046 [term 0 FOLLOWER]: Becoming Follower/Learner. State: Replica: 4d5cad21cdbe462d87174e9da291a046, State: 1, Role: FOLLOWER Watermarks: {Received: term: 0 index: 0 Committed: term: 0 index: 0}
I0721 23:22:20.505982 11655 consensus_queue.cc:162] T a9b0f2a221544cd19161aa7461f19068 P 4d5cad21cdbe462d87174e9da291a046 [NON_LEADER]: Queue going to NON_LEADER mode. State: All replicated op: 0.0, Majority replicated op: 0.0, Committed index: 0.0, Last appended: 0.0, Current term: 0, Majority size: -1, State: 1, Mode: NON_LEADER
I0721 23:22:20.510135 11656 tablet_bootstrap.cc:400] T 68eb87c25a5f404cbf5df0acb9b77106 P 2aeff3d0fc13436a9d6090b9a6aaa6aa: No bootstrap required, opened a new log
I0721 23:22:20.510159 11656 ts_tablet_manager.cc:636] T 68eb87c25a5f404cbf5df0acb9b77106 P 2aeff3d0fc13436a9d6090b9a6aaa6aa: Time spent bootstrapping tablet: real 0.007s user 0.000s sys 0.004s
I0721 23:22:20.510474 11656 raft_consensus.cc:269] T 68eb87c25a5f404cbf5df0acb9b77106 P 2aeff3d0fc13436a9d6090b9a6aaa6aa [term 0 FOLLOWER]: Replica starting. Triggering 0 pending transactions. Active config: opid_index: -1 peers { permanent_uuid: "2aeff3d0fc13436a9d6090b9a6aaa6aa" member_type: VOTER last_known_addr { host: "127.42.220.0" port: 48563 } } peers { permanent_uuid: "d248c9dacad642be9a5fabec3add151e" member_type: VOTER last_known_addr { host: "127.42.220.1" port: 37489 } } peers { permanent_uuid: "4d5cad21cdbe462d87174e9da291a046" member_type: VOTER last_known_addr { host: "127.42.220.2" port: 37062 } }
I0721 23:22:20.510488 11656 raft_consensus.cc:301] T 68eb87c25a5f404cbf5df0acb9b77106 P 2aeff3d0fc13436a9d6090b9a6aaa6aa [term 0 FOLLOWER]: Consensus starting up: Expiring failure detector timer to make a prompt election more likely
I0721 23:22:20.510496 11656 raft_consensus.cc:499] T 68eb87c25a5f404cbf5df0acb9b77106 P 2aeff3d0fc13436a9d6090b9a6aaa6aa [term 0 FOLLOWER]: Becoming Follower/Learner. State: Replica: 2aeff3d0fc13436a9d6090b9a6aaa6aa, State: 1, Role: FOLLOWER Watermarks: {Received: term: 0 index: 0 Committed: term: 0 index: 0}
I0721 23:22:20.510505 11656 consensus_queue.cc:162] T 68eb87c25a5f404cbf5df0acb9b77106 P 2aeff3d0fc13436a9d6090b9a6aaa6aa [NON_LEADER]: Queue going to NON_LEADER mode. State: All replicated op: 0.0, Majority replicated op: 0.0, Committed index: 0.0, Last appended: 0.0, Current term: 0, Majority size: -1, State: 1, Mode: NON_LEADER
I0721 23:22:20.510592 11656 ts_tablet_manager.cc:663] T 68eb87c25a5f404cbf5df0acb9b77106 P 2aeff3d0fc13436a9d6090b9a6aaa6aa: Time spent starting tablet: real 0.000s user 0.000s sys 0.000s
I0721 23:22:20.510612 11656 ts_tablet_manager.cc:631] T a9b0f2a221544cd19161aa7461f19068 P 2aeff3d0fc13436a9d6090b9a6aaa6aa: Bootstrapping tablet
I0721 23:22:20.510716 11656 tablet_bootstrap.cc:400] T a9b0f2a221544cd19161aa7461f19068 P 2aeff3d0fc13436a9d6090b9a6aaa6aa: Bootstrap starting.
I0721 23:22:20.510839 11656 tablet_bootstrap.cc:563] T a9b0f2a221544cd19161aa7461f19068 P 2aeff3d0fc13436a9d6090b9a6aaa6aa: Time spent opening tablet: real 0.000s user 0.000s sys 0.000s
I0721 23:22:20.510923 11656 tablet_bootstrap.cc:503] T a9b0f2a221544cd19161aa7461f19068 P 2aeff3d0fc13436a9d6090b9a6aaa6aa: No blocks or log segments found. Creating new log.
I0721 23:22:20.511149 10994 catalog_manager.cc:1856] TS 2aeff3d0fc13436a9d6090b9a6aaa6aa does not have the latest schema for tablet 68eb87c25a5f404cbf5df0acb9b77106 (table test-table [id=41787a805a7a407ca4ef642fee224d02]). Expected version 2 got 0
W0721 23:22:20.511354 10994 catalog_manager.cc:2160] Unable to reset TS proxy: Not found: No leader found: Tablet 68eb87c25a5f404cbf5df0acb9b77106 consensus state has no leader
W0721 23:22:20.511363 10994 catalog_manager.cc:2770] Failed to send alter table request: Not found: Failed to reset TS proxy: No leader found: Tablet 68eb87c25a5f404cbf5df0acb9b77106 consensus state has no leader
I0721 23:22:20.517879 11655 ts_tablet_manager.cc:663] T a9b0f2a221544cd19161aa7461f19068 P 4d5cad21cdbe462d87174e9da291a046: Time spent starting tablet: real 0.016s user 0.000s sys 0.004s
I0721 23:22:20.517897 11655 ts_tablet_manager.cc:631] T 73806c9e0da348e5854f7d76bf67ad0f P 4d5cad21cdbe462d87174e9da291a046: Bootstrapping tablet
I0721 23:22:20.518036 11655 tablet_bootstrap.cc:400] T 73806c9e0da348e5854f7d76bf67ad0f P 4d5cad21cdbe462d87174e9da291a046: Bootstrap starting.
I0721 23:22:20.518111 11655 tablet_bootstrap.cc:563] T 73806c9e0da348e5854f7d76bf67ad0f P 4d5cad21cdbe462d87174e9da291a046: Time spent opening tablet: real 0.000s user 0.000s sys 0.000s
I0721 23:22:20.518201 11655 tablet_bootstrap.cc:503] T 73806c9e0da348e5854f7d76bf67ad0f P 4d5cad21cdbe462d87174e9da291a046: No blocks or log segments found. Creating new log.
I0721 23:22:20.518457 10994 catalog_manager.cc:1856] TS 4d5cad21cdbe462d87174e9da291a046 does not have the latest schema for tablet a9b0f2a221544cd19161aa7461f19068 (table test-table [id=41787a805a7a407ca4ef642fee224d02]). Expected version 2 got 0
W0721 23:22:20.518646 10994 catalog_manager.cc:2160] Unable to reset TS proxy: Not found: No leader found: Tablet a9b0f2a221544cd19161aa7461f19068 consensus state has no leader
W0721 23:22:20.518656 10994 catalog_manager.cc:2770] Failed to send alter table request: Not found: Failed to reset TS proxy: No leader found: Tablet a9b0f2a221544cd19161aa7461f19068 consensus state has no leader
I0721 23:22:20.518757 11663 tablet_bootstrap.cc:400] T b2671d47f6ac4321a3daf62b2de4d3c2 P d248c9dacad642be9a5fabec3add151e: No bootstrap required, opened a new log
I0721 23:22:20.518774 11663 ts_tablet_manager.cc:636] T b2671d47f6ac4321a3daf62b2de4d3c2 P d248c9dacad642be9a5fabec3add151e: Time spent bootstrapping tablet: real 0.016s user 0.000s sys 0.004s
I0721 23:22:20.519088 11656 tablet_bootstrap.cc:400] T a9b0f2a221544cd19161aa7461f19068 P 2aeff3d0fc13436a9d6090b9a6aaa6aa: No bootstrap required, opened a new log
I0721 23:22:20.519105 11656 ts_tablet_manager.cc:636] T a9b0f2a221544cd19161aa7461f19068 P 2aeff3d0fc13436a9d6090b9a6aaa6aa: Time spent bootstrapping tablet: real 0.008s user 0.000s sys 0.000s
I0721 23:22:20.519506 10994 catalog_manager.cc:1856] TS 4d5cad21cdbe462d87174e9da291a046 does not have the latest schema for tablet a9b0f2a221544cd19161aa7461f19068 (table test-table [id=41787a805a7a407ca4ef642fee224d02]). Expected version 2 got 0
W0721 23:22:20.519692 10994 catalog_manager.cc:2160] Unable to reset TS proxy: Not found: No leader found: Tablet a9b0f2a221544cd19161aa7461f19068 consensus state has no leader
W0721 23:22:20.519702 10994 catalog_manager.cc:2770] Failed to send alter table request: Not found: Failed to reset TS proxy: No leader found: Tablet a9b0f2a221544cd19161aa7461f19068 consensus state has no leader
I0721 23:22:20.525892 11663 raft_consensus.cc:269] T b2671d47f6ac4321a3daf62b2de4d3c2 P d248c9dacad642be9a5fabec3add151e [term 0 FOLLOWER]: Replica starting. Triggering 0 pending transactions. Active config: opid_index: -1 peers { permanent_uuid: "d248c9dacad642be9a5fabec3add151e" member_type: VOTER last_known_addr { host: "127.42.220.1" port: 37489 } } peers { permanent_uuid: "2aeff3d0fc13436a9d6090b9a6aaa6aa" member_type: VOTER last_known_addr { host: "127.42.220.0" port: 48563 } } peers { permanent_uuid: "4d5cad21cdbe462d87174e9da291a046" member_type: VOTER last_known_addr { host: "127.42.220.2" port: 37062 } }
I0721 23:22:20.525908 11663 raft_consensus.cc:301] T b2671d47f6ac4321a3daf62b2de4d3c2 P d248c9dacad642be9a5fabec3add151e [term 0 FOLLOWER]: Consensus starting up: Expiring failure detector timer to make a prompt election more likely
I0721 23:22:20.525919 11663 raft_consensus.cc:499] T b2671d47f6ac4321a3daf62b2de4d3c2 P d248c9dacad642be9a5fabec3add151e [term 0 FOLLOWER]: Becoming Follower/Learner. State: Replica: d248c9dacad642be9a5fabec3add151e, State: 1, Role: FOLLOWER Watermarks: {Received: term: 0 index: 0 Committed: term: 0 index: 0}
I0721 23:22:20.525929 11663 consensus_queue.cc:162] T b2671d47f6ac4321a3daf62b2de4d3c2 P d248c9dacad642be9a5fabec3add151e [NON_LEADER]: Queue going to NON_LEADER mode. State: All replicated op: 0.0, Majority replicated op: 0.0, Committed index: 0.0, Last appended: 0.0, Current term: 0, Majority size: -1, State: 1, Mode: NON_LEADER
I0721 23:22:20.526060 11656 raft_consensus.cc:269] T a9b0f2a221544cd19161aa7461f19068 P 2aeff3d0fc13436a9d6090b9a6aaa6aa [term 0 FOLLOWER]: Replica starting. Triggering 0 pending transactions. Active config: opid_index: -1 peers { permanent_uuid: "d248c9dacad642be9a5fabec3add151e" member_type: VOTER last_known_addr { host: "127.42.220.1" port: 37489 } } peers { permanent_uuid: "2aeff3d0fc13436a9d6090b9a6aaa6aa" member_type: VOTER last_known_addr { host: "127.42.220.0" port: 48563 } } peers { permanent_uuid: "4d5cad21cdbe462d87174e9da291a046" member_type: VOTER last_known_addr { host: "127.42.220.2" port: 37062 } }
I0721 23:22:20.526074 11656 raft_consensus.cc:301] T a9b0f2a221544cd19161aa7461f19068 P 2aeff3d0fc13436a9d6090b9a6aaa6aa [term 0 FOLLOWER]: Consensus starting up: Expiring failure detector timer to make a prompt election more likely
I0721 23:22:20.526084 11656 raft_consensus.cc:499] T a9b0f2a221544cd19161aa7461f19068 P 2aeff3d0fc13436a9d6090b9a6aaa6aa [term 0 FOLLOWER]: Becoming Follower/Learner. State: Replica: 2aeff3d0fc13436a9d6090b9a6aaa6aa, State: 1, Role: FOLLOWER Watermarks: {Received: term: 0 index: 0 Committed: term: 0 index: 0}
I0721 23:22:20.526093 11656 consensus_queue.cc:162] T a9b0f2a221544cd19161aa7461f19068 P 2aeff3d0fc13436a9d6090b9a6aaa6aa [NON_LEADER]: Queue going to NON_LEADER mode. State: All replicated op: 0.0, Majority replicated op: 0.0, Committed index: 0.0, Last appended: 0.0, Current term: 0, Majority size: -1, State: 1, Mode: NON_LEADER
I0721 23:22:20.533891 11663 ts_tablet_manager.cc:663] T b2671d47f6ac4321a3daf62b2de4d3c2 P d248c9dacad642be9a5fabec3add151e: Time spent starting tablet: real 0.015s user 0.000s sys 0.000s
I0721 23:22:20.533921 11663 ts_tablet_manager.cc:631] T 80a3f91629b846aba9a549f0e6a83ed6 P d248c9dacad642be9a5fabec3add151e: Bootstrapping tablet
I0721 23:22:20.534075 11663 tablet_bootstrap.cc:400] T 80a3f91629b846aba9a549f0e6a83ed6 P d248c9dacad642be9a5fabec3add151e: Bootstrap starting.
I0721 23:22:20.534219 11663 tablet_bootstrap.cc:563] T 80a3f91629b846aba9a549f0e6a83ed6 P d248c9dacad642be9a5fabec3add151e: Time spent opening tablet: real 0.000s user 0.000s sys 0.000s
I0721 23:22:20.534344 11663 tablet_bootstrap.cc:503] T 80a3f91629b846aba9a549f0e6a83ed6 P d248c9dacad642be9a5fabec3add151e: No blocks or log segments found. Creating new log.
I0721 23:22:20.534684 10994 catalog_manager.cc:1856] TS d248c9dacad642be9a5fabec3add151e does not have the latest schema for tablet b2671d47f6ac4321a3daf62b2de4d3c2 (table test-table [id=41787a805a7a407ca4ef642fee224d02]). Expected version 2 got 0
W0721 23:22:20.534895 10994 catalog_manager.cc:2160] Unable to reset TS proxy: Not found: No leader found: Tablet b2671d47f6ac4321a3daf62b2de4d3c2 consensus state has no leader
W0721 23:22:20.534906 10994 catalog_manager.cc:2770] Failed to send alter table request: Not found: Failed to reset TS proxy: No leader found: Tablet b2671d47f6ac4321a3daf62b2de4d3c2 consensus state has no leader
I0721 23:22:20.535017 11655 tablet_bootstrap.cc:400] T 73806c9e0da348e5854f7d76bf67ad0f P 4d5cad21cdbe462d87174e9da291a046: No bootstrap required, opened a new log
I0721 23:22:20.535033 11655 ts_tablet_manager.cc:636] T 73806c9e0da348e5854f7d76bf67ad0f P 4d5cad21cdbe462d87174e9da291a046: Time spent bootstrapping tablet: real 0.017s user 0.000s sys 0.000s
I0721 23:22:20.535382 11656 ts_tablet_manager.cc:663] T a9b0f2a221544cd19161aa7461f19068 P 2aeff3d0fc13436a9d6090b9a6aaa6aa: Time spent starting tablet: real 0.016s user 0.000s sys 0.000s
I0721 23:22:20.535411 11656 ts_tablet_manager.cc:631] T 73806c9e0da348e5854f7d76bf67ad0f P 2aeff3d0fc13436a9d6090b9a6aaa6aa: Bootstrapping tablet
I0721 23:22:20.535516 11656 tablet_bootstrap.cc:400] T 73806c9e0da348e5854f7d76bf67ad0f P 2aeff3d0fc13436a9d6090b9a6aaa6aa: Bootstrap starting.
I0721 23:22:20.535629 11656 tablet_bootstrap.cc:563] T 73806c9e0da348e5854f7d76bf67ad0f P 2aeff3d0fc13436a9d6090b9a6aaa6aa: Time spent opening tablet: real 0.000s user 0.000s sys 0.000s
I0721 23:22:20.535732 11656 tablet_bootstrap.cc:503] T 73806c9e0da348e5854f7d76bf67ad0f P 2aeff3d0fc13436a9d6090b9a6aaa6aa: No blocks or log segments found. Creating new log.
I0721 23:22:20.536113 10994 catalog_manager.cc:1856] TS 2aeff3d0fc13436a9d6090b9a6aaa6aa does not have the latest schema for tablet a9b0f2a221544cd19161aa7461f19068 (table test-table [id=41787a805a7a407ca4ef642fee224d02]). Expected version 2 got 0
W0721 23:22:20.536406 10994 catalog_manager.cc:2160] Unable to reset TS proxy: Not found: No leader found: Tablet a9b0f2a221544cd19161aa7461f19068 consensus state has no leader
W0721 23:22:20.536418 10994 catalog_manager.cc:2770] Failed to send alter table request: Not found: Failed to reset TS proxy: No leader found: Tablet a9b0f2a221544cd19161aa7461f19068 consensus state has no leader
I0721 23:22:20.536692 10994 catalog_manager.cc:1856] TS 2aeff3d0fc13436a9d6090b9a6aaa6aa does not have the latest schema for tablet a9b0f2a221544cd19161aa7461f19068 (table test-table [id=41787a805a7a407ca4ef642fee224d02]). Expected version 2 got 0
W0721 23:22:20.536892 10994 catalog_manager.cc:2160] Unable to reset TS proxy: Not found: No leader found: Tablet a9b0f2a221544cd19161aa7461f19068 consensus state has no leader
W0721 23:22:20.536903 10994 catalog_manager.cc:2770] Failed to send alter table request: Not found: Failed to reset TS proxy: No leader found: Tablet a9b0f2a221544cd19161aa7461f19068 consensus state has no leader
I0721 23:22:20.537161 10994 catalog_manager.cc:1856] TS d248c9dacad642be9a5fabec3add151e does not have the latest schema for tablet b2671d47f6ac4321a3daf62b2de4d3c2 (table test-table [id=41787a805a7a407ca4ef642fee224d02]). Expected version 2 got 0
W0721 23:22:20.537365 10994 catalog_manager.cc:2160] Unable to reset TS proxy: Not found: No leader found: Tablet b2671d47f6ac4321a3daf62b2de4d3c2 consensus state has no leader
W0721 23:22:20.537376 10994 catalog_manager.cc:2770] Failed to send alter table request: Not found: Failed to reset TS proxy: No leader found: Tablet b2671d47f6ac4321a3daf62b2de4d3c2 consensus state has no leader
I0721 23:22:20.537888 11655 raft_consensus.cc:269] T 73806c9e0da348e5854f7d76bf67ad0f P 4d5cad21cdbe462d87174e9da291a046 [term 0 FOLLOWER]: Replica starting. Triggering 0 pending transactions. Active config: opid_index: -1 peers { permanent_uuid: "d248c9dacad642be9a5fabec3add151e" member_type: VOTER last_known_addr { host: "127.42.220.1" port: 37489 } } peers { permanent_uuid: "2aeff3d0fc13436a9d6090b9a6aaa6aa" member_type: VOTER last_known_addr { host: "127.42.220.0" port: 48563 } } peers { permanent_uuid: "4d5cad21cdbe462d87174e9da291a046" member_type: VOTER last_known_addr { host: "127.42.220.2" port: 37062 } }
I0721 23:22:20.537904 11655 raft_consensus.cc:301] T 73806c9e0da348e5854f7d76bf67ad0f P 4d5cad21cdbe462d87174e9da291a046 [term 0 FOLLOWER]: Consensus starting up: Expiring failure detector timer to make a prompt election more likely
I0721 23:22:20.537914 11655 raft_consensus.cc:499] T 73806c9e0da348e5854f7d76bf67ad0f P 4d5cad21cdbe462d87174e9da291a046 [term 0 FOLLOWER]: Becoming Follower/Learner. State: Replica: 4d5cad21cdbe462d87174e9da291a046, State: 1, Role: FOLLOWER Watermarks: {Received: term: 0 index: 0 Committed: term: 0 index: 0}
I0721 23:22:20.537925 11655 consensus_queue.cc:162] T 73806c9e0da348e5854f7d76bf67ad0f P 4d5cad21cdbe462d87174e9da291a046 [NON_LEADER]: Queue going to NON_LEADER mode. State: All replicated op: 0.0, Majority replicated op: 0.0, Committed index: 0.0, Last appended: 0.0, Current term: 0, Majority size: -1, State: 1, Mode: NON_LEADER
I0721 23:22:20.545950 10994 catalog_manager.cc:1856] TS 4d5cad21cdbe462d87174e9da291a046 does not have the latest schema for tablet 73806c9e0da348e5854f7d76bf67ad0f (table test-table [id=41787a805a7a407ca4ef642fee224d02]). Expected version 2 got 0
W0721 23:22:20.546175 10994 catalog_manager.cc:2160] Unable to reset TS proxy: Not found: No leader found: Tablet 73806c9e0da348e5854f7d76bf67ad0f consensus state has no leader
W0721 23:22:20.546255 10994 catalog_manager.cc:2770] Failed to send alter table request: Not found: Failed to reset TS proxy: No leader found: Tablet 73806c9e0da348e5854f7d76bf67ad0f consensus state has no leader
I0721 23:22:20.546375 11663 tablet_bootstrap.cc:400] T 80a3f91629b846aba9a549f0e6a83ed6 P d248c9dacad642be9a5fabec3add151e: No bootstrap required, opened a new log
I0721 23:22:20.546414 11656 tablet_bootstrap.cc:400] T 73806c9e0da348e5854f7d76bf67ad0f P 2aeff3d0fc13436a9d6090b9a6aaa6aa: No bootstrap required, opened a new log
I0721 23:22:20.546450 11656 ts_tablet_manager.cc:636] T 73806c9e0da348e5854f7d76bf67ad0f P 2aeff3d0fc13436a9d6090b9a6aaa6aa: Time spent bootstrapping tablet: real 0.011s user 0.000s sys 0.000s
I0721 23:22:20.546488 11663 ts_tablet_manager.cc:636] T 80a3f91629b846aba9a549f0e6a83ed6 P d248c9dacad642be9a5fabec3add151e: Time spent bootstrapping tablet: real 0.013s user 0.000s sys 0.000s
I0721 23:22:20.546953 11655 ts_tablet_manager.cc:663] T 73806c9e0da348e5854f7d76bf67ad0f P 4d5cad21cdbe462d87174e9da291a046: Time spent starting tablet: real 0.012s user 0.000s sys 0.004s
I0721 23:22:20.546995 11655 ts_tablet_manager.cc:631] T 80a3f91629b846aba9a549f0e6a83ed6 P 4d5cad21cdbe462d87174e9da291a046: Bootstrapping tablet
I0721 23:22:20.547137 11655 tablet_bootstrap.cc:400] T 80a3f91629b846aba9a549f0e6a83ed6 P 4d5cad21cdbe462d87174e9da291a046: Bootstrap starting.
I0721 23:22:20.547302 11655 tablet_bootstrap.cc:563] T 80a3f91629b846aba9a549f0e6a83ed6 P 4d5cad21cdbe462d87174e9da291a046: Time spent opening tablet: real 0.000s user 0.000s sys 0.000s
I0721 23:22:20.547484 11655 tablet_bootstrap.cc:503] T 80a3f91629b846aba9a549f0e6a83ed6 P 4d5cad21cdbe462d87174e9da291a046: No blocks or log segments found. Creating new log.
I0721 23:22:20.547827 10994 catalog_manager.cc:1856] TS 4d5cad21cdbe462d87174e9da291a046 does not have the latest schema for tablet 73806c9e0da348e5854f7d76bf67ad0f (table test-table [id=41787a805a7a407ca4ef642fee224d02]). Expected version 2 got 0
W0721 23:22:20.548048 10994 catalog_manager.cc:2160] Unable to reset TS proxy: Not found: No leader found: Tablet 73806c9e0da348e5854f7d76bf67ad0f consensus state has no leader
W0721 23:22:20.548058 10994 catalog_manager.cc:2770] Failed to send alter table request: Not found: Failed to reset TS proxy: No leader found: Tablet 73806c9e0da348e5854f7d76bf67ad0f consensus state has no leader
I0721 23:22:20.553829 11656 raft_consensus.cc:269] T 73806c9e0da348e5854f7d76bf67ad0f P 2aeff3d0fc13436a9d6090b9a6aaa6aa [term 0 FOLLOWER]: Replica starting. Triggering 0 pending transactions. Active config: opid_index: -1 peers { permanent_uuid: "d248c9dacad642be9a5fabec3add151e" member_type: VOTER last_known_addr { host: "127.42.220.1" port: 37489 } } peers { permanent_uuid: "2aeff3d0fc13436a9d6090b9a6aaa6aa" member_type: VOTER last_known_addr { host: "127.42.220.0" port: 48563 } } peers { permanent_uuid: "4d5cad21cdbe462d87174e9da291a046" member_type: VOTER last_known_addr { host: "127.42.220.2" port: 37062 } }
I0721 23:22:20.553916 11663 raft_consensus.cc:269] T 80a3f91629b846aba9a549f0e6a83ed6 P d248c9dacad642be9a5fabec3add151e [term 0 FOLLOWER]: Replica starting. Triggering 0 pending transactions. Active config: opid_index: -1 peers { permanent_uuid: "2aeff3d0fc13436a9d6090b9a6aaa6aa" member_type: VOTER last_known_addr { host: "127.42.220.0" port: 48563 } } peers { permanent_uuid: "d248c9dacad642be9a5fabec3add151e" member_type: VOTER last_known_addr { host: "127.42.220.1" port: 37489 } } peers { permanent_uuid: "4d5cad21cdbe462d87174e9da291a046" member_type: VOTER last_known_addr { host: "127.42.220.2" port: 37062 } }
I0721 23:22:20.553951 11663 raft_consensus.cc:301] T 80a3f91629b846aba9a549f0e6a83ed6 P d248c9dacad642be9a5fabec3add151e [term 0 FOLLOWER]: Consensus starting up: Expiring failure detector timer to make a prompt election more likely
I0721 23:22:20.553977 11656 raft_consensus.cc:301] T 73806c9e0da348e5854f7d76bf67ad0f P 2aeff3d0fc13436a9d6090b9a6aaa6aa [term 0 FOLLOWER]: Consensus starting up: Expiring failure detector timer to make a prompt election more likely
I0721 23:22:20.554006 11663 raft_consensus.cc:499] T 80a3f91629b846aba9a549f0e6a83ed6 P d248c9dacad642be9a5fabec3add151e [term 0 FOLLOWER]: Becoming Follower/Learner. State: Replica: d248c9dacad642be9a5fabec3add151e, State: 1, Role: FOLLOWER Watermarks: {Received: term: 0 index: 0 Committed: term: 0 index: 0}
I0721 23:22:20.554035 11656 raft_consensus.cc:499] T 73806c9e0da348e5854f7d76bf67ad0f P 2aeff3d0fc13436a9d6090b9a6aaa6aa [term 0 FOLLOWER]: Becoming Follower/Learner. State: Replica: 2aeff3d0fc13436a9d6090b9a6aaa6aa, State: 1, Role: FOLLOWER Watermarks: {Received: term: 0 index: 0 Committed: term: 0 index: 0}
I0721 23:22:20.554096 11663 consensus_queue.cc:162] T 80a3f91629b846aba9a549f0e6a83ed6 P d248c9dacad642be9a5fabec3add151e [NON_LEADER]: Queue going to NON_LEADER mode. State: All replicated op: 0.0, Majority replicated op: 0.0, Committed index: 0.0, Last appended: 0.0, Current term: 0, Majority size: -1, State: 1, Mode: NON_LEADER
I0721 23:22:20.554138 11656 consensus_queue.cc:162] T 73806c9e0da348e5854f7d76bf67ad0f P 2aeff3d0fc13436a9d6090b9a6aaa6aa [NON_LEADER]: Queue going to NON_LEADER mode. State: All replicated op: 0.0, Majority replicated op: 0.0, Committed index: 0.0, Last appended: 0.0, Current term: 0, Majority size: -1, State: 1, Mode: NON_LEADER
I0721 23:22:20.554723 10994 catalog_manager.cc:1856] TS 2aeff3d0fc13436a9d6090b9a6aaa6aa does not have the latest schema for tablet 73806c9e0da348e5854f7d76bf67ad0f (table test-table [id=41787a805a7a407ca4ef642fee224d02]). Expected version 2 got 0
W0721 23:22:20.554965 10994 catalog_manager.cc:2160] Unable to reset TS proxy: Not found: No leader found: Tablet 73806c9e0da348e5854f7d76bf67ad0f consensus state has no leader
W0721 23:22:20.554975 10994 catalog_manager.cc:2770] Failed to send alter table request: Not found: Failed to reset TS proxy: No leader found: Tablet 73806c9e0da348e5854f7d76bf67ad0f consensus state has no leader
I0721 23:22:20.555130 11656 ts_tablet_manager.cc:663] T 73806c9e0da348e5854f7d76bf67ad0f P 2aeff3d0fc13436a9d6090b9a6aaa6aa: Time spent starting tablet: real 0.009s user 0.000s sys 0.004s
I0721 23:22:20.555202 11656 ts_tablet_manager.cc:631] T 5121f4a24d964a2a89f4d75bb7eae036 P 2aeff3d0fc13436a9d6090b9a6aaa6aa: Bootstrapping tablet
I0721 23:22:20.555449 11656 tablet_bootstrap.cc:400] T 5121f4a24d964a2a89f4d75bb7eae036 P 2aeff3d0fc13436a9d6090b9a6aaa6aa: Bootstrap starting.
I0721 23:22:20.555647 11656 tablet_bootstrap.cc:563] T 5121f4a24d964a2a89f4d75bb7eae036 P 2aeff3d0fc13436a9d6090b9a6aaa6aa: Time spent opening tablet: real 0.000s user 0.000s sys 0.000s
I0721 23:22:20.555836 11656 tablet_bootstrap.cc:503] T 5121f4a24d964a2a89f4d75bb7eae036 P 2aeff3d0fc13436a9d6090b9a6aaa6aa: No blocks or log segments found. Creating new log.
I0721 23:22:20.556160 10994 catalog_manager.cc:1856] TS 2aeff3d0fc13436a9d6090b9a6aaa6aa does not have the latest schema for tablet 73806c9e0da348e5854f7d76bf67ad0f (table test-table [id=41787a805a7a407ca4ef642fee224d02]). Expected version 2 got 0
W0721 23:22:20.556363 10994 catalog_manager.cc:2160] Unable to reset TS proxy: Not found: No leader found: Tablet 73806c9e0da348e5854f7d76bf67ad0f consensus state has no leader
W0721 23:22:20.556375 10994 catalog_manager.cc:2770] Failed to send alter table request: Not found: Failed to reset TS proxy: No leader found: Tablet 73806c9e0da348e5854f7d76bf67ad0f consensus state has no leader
I0721 23:22:20.561833 11663 ts_tablet_manager.cc:663] T 80a3f91629b846aba9a549f0e6a83ed6 P d248c9dacad642be9a5fabec3add151e: Time spent starting tablet: real 0.015s user 0.000s sys 0.004s
I0721 23:22:20.561857 11663 ts_tablet_manager.cc:631] T 68eb87c25a5f404cbf5df0acb9b77106 P d248c9dacad642be9a5fabec3add151e: Bootstrapping tablet
I0721 23:22:20.561975 11663 tablet_bootstrap.cc:400] T 68eb87c25a5f404cbf5df0acb9b77106 P d248c9dacad642be9a5fabec3add151e: Bootstrap starting.
I0721 23:22:20.562088 11663 tablet_bootstrap.cc:563] T 68eb87c25a5f404cbf5df0acb9b77106 P d248c9dacad642be9a5fabec3add151e: Time spent opening tablet: real 0.000s user 0.000s sys 0.000s
I0721 23:22:20.562177 11663 tablet_bootstrap.cc:503] T 68eb87c25a5f404cbf5df0acb9b77106 P d248c9dacad642be9a5fabec3add151e: No blocks or log segments found. Creating new log.
I0721 23:22:20.562428 10994 catalog_manager.cc:1856] TS d248c9dacad642be9a5fabec3add151e does not have the latest schema for tablet 80a3f91629b846aba9a549f0e6a83ed6 (table test-table [id=41787a805a7a407ca4ef642fee224d02]). Expected version 2 got 0
I0721 23:22:20.562455 11655 tablet_bootstrap.cc:400] T 80a3f91629b846aba9a549f0e6a83ed6 P 4d5cad21cdbe462d87174e9da291a046: No bootstrap required, opened a new log
I0721 23:22:20.562479 11655 ts_tablet_manager.cc:636] T 80a3f91629b846aba9a549f0e6a83ed6 P 4d5cad21cdbe462d87174e9da291a046: Time spent bootstrapping tablet: real 0.015s user 0.000s sys 0.000s
W0721 23:22:20.562636 10994 catalog_manager.cc:2160] Unable to reset TS proxy: Not found: No leader found: Tablet 80a3f91629b846aba9a549f0e6a83ed6 consensus state has no leader
W0721 23:22:20.562647 10994 catalog_manager.cc:2770] Failed to send alter table request: Not found: Failed to reset TS proxy: No leader found: Tablet 80a3f91629b846aba9a549f0e6a83ed6 consensus state has no leader
I0721 23:22:20.562904 11656 tablet_bootstrap.cc:400] T 5121f4a24d964a2a89f4d75bb7eae036 P 2aeff3d0fc13436a9d6090b9a6aaa6aa: No bootstrap required, opened a new log
I0721 23:22:20.562916 11655 raft_consensus.cc:269] T 80a3f91629b846aba9a549f0e6a83ed6 P 4d5cad21cdbe462d87174e9da291a046 [term 0 FOLLOWER]: Replica starting. Triggering 0 pending transactions. Active config: opid_index: -1 peers { permanent_uuid: "2aeff3d0fc13436a9d6090b9a6aaa6aa" member_type: VOTER last_known_addr { host: "127.42.220.0" port: 48563 } } peers { permanent_uuid: "d248c9dacad642be9a5fabec3add151e" member_type: VOTER last_known_addr { host: "127.42.220.1" port: 37489 } } peers { permanent_uuid: "4d5cad21cdbe462d87174e9da291a046" member_type: VOTER last_known_addr { host: "127.42.220.2" port: 37062 } }
I0721 23:22:20.562929 11655 raft_consensus.cc:301] T 80a3f91629b846aba9a549f0e6a83ed6 P 4d5cad21cdbe462d87174e9da291a046 [term 0 FOLLOWER]: Consensus starting up: Expiring failure detector timer to make a prompt election more likely
I0721 23:22:20.562943 11655 raft_consensus.cc:499] T 80a3f91629b846aba9a549f0e6a83ed6 P 4d5cad21cdbe462d87174e9da291a046 [term 0 FOLLOWER]: Becoming Follower/Learner. State: Replica: 4d5cad21cdbe462d87174e9da291a046, State: 1, Role: FOLLOWER Watermarks: {Received: term: 0 index: 0 Committed: term: 0 index: 0}
I0721 23:22:20.562953 11655 consensus_queue.cc:162] T 80a3f91629b846aba9a549f0e6a83ed6 P 4d5cad21cdbe462d87174e9da291a046 [NON_LEADER]: Queue going to NON_LEADER mode. State: All replicated op: 0.0, Majority replicated op: 0.0, Committed index: 0.0, Last appended: 0.0, Current term: 0, Majority size: -1, State: 1, Mode: NON_LEADER
I0721 23:22:20.562952 11656 ts_tablet_manager.cc:636] T 5121f4a24d964a2a89f4d75bb7eae036 P 2aeff3d0fc13436a9d6090b9a6aaa6aa: Time spent bootstrapping tablet: real 0.008s user 0.000s sys 0.000s
I0721 23:22:20.563079 11655 ts_tablet_manager.cc:663] T 80a3f91629b846aba9a549f0e6a83ed6 P 4d5cad21cdbe462d87174e9da291a046: Time spent starting tablet: real 0.001s user 0.000s sys 0.000s
I0721 23:22:20.563097 11655 ts_tablet_manager.cc:631] T b2671d47f6ac4321a3daf62b2de4d3c2 P 4d5cad21cdbe462d87174e9da291a046: Bootstrapping tablet
I0721 23:22:20.563144 10994 catalog_manager.cc:1856] TS 4d5cad21cdbe462d87174e9da291a046 does not have the latest schema for tablet 80a3f91629b846aba9a549f0e6a83ed6 (table test-table [id=41787a805a7a407ca4ef642fee224d02]). Expected version 2 got 0
I0721 23:22:20.563246 11655 tablet_bootstrap.cc:400] T b2671d47f6ac4321a3daf62b2de4d3c2 P 4d5cad21cdbe462d87174e9da291a046: Bootstrap starting.
I0721 23:22:20.563318 11655 tablet_bootstrap.cc:563] T b2671d47f6ac4321a3daf62b2de4d3c2 P 4d5cad21cdbe462d87174e9da291a046: Time spent opening tablet: real 0.000s user 0.000s sys 0.000s
W0721 23:22:20.563361 10994 catalog_manager.cc:2160] Unable to reset TS proxy: Not found: No leader found: Tablet 80a3f91629b846aba9a549f0e6a83ed6 consensus state has no leader
W0721 23:22:20.563371 10994 catalog_manager.cc:2770] Failed to send alter table request: Not found: Failed to reset TS proxy: No leader found: Tablet 80a3f91629b846aba9a549f0e6a83ed6 consensus state has no leader
I0721 23:22:20.563408 11655 tablet_bootstrap.cc:503] T b2671d47f6ac4321a3daf62b2de4d3c2 P 4d5cad21cdbe462d87174e9da291a046: No blocks or log segments found. Creating new log.
I0721 23:22:20.563675 11663 tablet_bootstrap.cc:400] T 68eb87c25a5f404cbf5df0acb9b77106 P d248c9dacad642be9a5fabec3add151e: No bootstrap required, opened a new log
I0721 23:22:20.563709 11663 ts_tablet_manager.cc:636] T 68eb87c25a5f404cbf5df0acb9b77106 P d248c9dacad642be9a5fabec3add151e: Time spent bootstrapping tablet: real 0.002s user 0.000s sys 0.000s
I0721 23:22:20.564014 11655 tablet_bootstrap.cc:400] T b2671d47f6ac4321a3daf62b2de4d3c2 P 4d5cad21cdbe462d87174e9da291a046: No bootstrap required, opened a new log
I0721 23:22:20.564043 11655 ts_tablet_manager.cc:636] T b2671d47f6ac4321a3daf62b2de4d3c2 P 4d5cad21cdbe462d87174e9da291a046: Time spent bootstrapping tablet: real 0.001s user 0.000s sys 0.000s
I0721 23:22:20.564024 11656 raft_consensus.cc:269] T 5121f4a24d964a2a89f4d75bb7eae036 P 2aeff3d0fc13436a9d6090b9a6aaa6aa [term 0 FOLLOWER]: Replica starting. Triggering 0 pending transactions. Active config: opid_index: -1 peers { permanent_uuid: "2aeff3d0fc13436a9d6090b9a6aaa6aa" member_type: VOTER last_known_addr { host: "127.42.220.0" port: 48563 } } peers { permanent_uuid: "d248c9dacad642be9a5fabec3add151e" member_type: VOTER last_known_addr { host: "127.42.220.1" port: 37489 } } peers { permanent_uuid: "4d5cad21cdbe462d87174e9da291a046" member_type: VOTER last_known_addr { host: "127.42.220.2" port: 37062 } }
I0721 23:22:20.564071 11656 raft_consensus.cc:301] T 5121f4a24d964a2a89f4d75bb7eae036 P 2aeff3d0fc13436a9d6090b9a6aaa6aa [term 0 FOLLOWER]: Consensus starting up: Expiring failure detector timer to make a prompt election more likely
I0721 23:22:20.564080 11656 raft_consensus.cc:499] T 5121f4a24d964a2a89f4d75bb7eae036 P 2aeff3d0fc13436a9d6090b9a6aaa6aa [term 0 FOLLOWER]: Becoming Follower/Learner. State: Replica: 2aeff3d0fc13436a9d6090b9a6aaa6aa, State: 1, Role: FOLLOWER Watermarks: {Received: term: 0 index: 0 Committed: term: 0 index: 0}
I0721 23:22:20.564090 11656 consensus_queue.cc:162] T 5121f4a24d964a2a89f4d75bb7eae036 P 2aeff3d0fc13436a9d6090b9a6aaa6aa [NON_LEADER]: Queue going to NON_LEADER mode. State: All replicated op: 0.0, Majority replicated op: 0.0, Committed index: 0.0, Last appended: 0.0, Current term: 0, Majority size: -1, State: 1, Mode: NON_LEADER
I0721 23:22:20.564092 11663 raft_consensus.cc:269] T 68eb87c25a5f404cbf5df0acb9b77106 P d248c9dacad642be9a5fabec3add151e [term 0 FOLLOWER]: Replica starting. Triggering 0 pending transactions. Active config: opid_index: -1 peers { permanent_uuid: "2aeff3d0fc13436a9d6090b9a6aaa6aa" member_type: VOTER last_known_addr { host: "127.42.220.0" port: 48563 } } peers { permanent_uuid: "d248c9dacad642be9a5fabec3add151e" member_type: VOTER last_known_addr { host: "127.42.220.1" port: 37489 } } peers { permanent_uuid: "4d5cad21cdbe462d87174e9da291a046" member_type: VOTER last_known_addr { host: "127.42.220.2" port: 37062 } }
I0721 23:22:20.564103 11663 raft_consensus.cc:301] T 68eb87c25a5f404cbf5df0acb9b77106 P d248c9dacad642be9a5fabec3add151e [term 0 FOLLOWER]: Consensus starting up: Expiring failure detector timer to make a prompt election more likely
I0721 23:22:20.564112 11663 raft_consensus.cc:499] T 68eb87c25a5f404cbf5df0acb9b77106 P d248c9dacad642be9a5fabec3add151e [term 0 FOLLOWER]: Becoming Follower/Learner. State: Replica: d248c9dacad642be9a5fabec3add151e, State: 1, Role: FOLLOWER Watermarks: {Received: term: 0 index: 0 Committed: term: 0 index: 0}
I0721 23:22:20.564121 11663 consensus_queue.cc:162] T 68eb87c25a5f404cbf5df0acb9b77106 P d248c9dacad642be9a5fabec3add151e [NON_LEADER]: Queue going to NON_LEADER mode. State: All replicated op: 0.0, Majority replicated op: 0.0, Committed index: 0.0, Last appended: 0.0, Current term: 0, Majority size: -1, State: 1, Mode: NON_LEADER
I0721 23:22:20.564330 11655 raft_consensus.cc:269] T b2671d47f6ac4321a3daf62b2de4d3c2 P 4d5cad21cdbe462d87174e9da291a046 [term 0 FOLLOWER]: Replica starting. Triggering 0 pending transactions. Active config: opid_index: -1 peers { permanent_uuid: "d248c9dacad642be9a5fabec3add151e" member_type: VOTER last_known_addr { host: "127.42.220.1" port: 37489 } } peers { permanent_uuid: "2aeff3d0fc13436a9d6090b9a6aaa6aa" member_type: VOTER last_known_addr { host: "127.42.220.0" port: 48563 } } peers { permanent_uuid: "4d5cad21cdbe462d87174e9da291a046" member_type: VOTER last_known_addr { host: "127.42.220.2" port: 37062 } }
I0721 23:22:20.564347 11655 raft_consensus.cc:301] T b2671d47f6ac4321a3daf62b2de4d3c2 P 4d5cad21cdbe462d87174e9da291a046 [term 0 FOLLOWER]: Consensus starting up: Expiring failure detector timer to make a prompt election more likely
I0721 23:22:20.564357 11655 raft_consensus.cc:499] T b2671d47f6ac4321a3daf62b2de4d3c2 P 4d5cad21cdbe462d87174e9da291a046 [term 0 FOLLOWER]: Becoming Follower/Learner. State: Replica: 4d5cad21cdbe462d87174e9da291a046, State: 1, Role: FOLLOWER Watermarks: {Received: term: 0 index: 0 Committed: term: 0 index: 0}
I0721 23:22:20.564371 11655 consensus_queue.cc:162] T b2671d47f6ac4321a3daf62b2de4d3c2 P 4d5cad21cdbe462d87174e9da291a046 [NON_LEADER]: Queue going to NON_LEADER mode. State: All replicated op: 0.0, Majority replicated op: 0.0, Committed index: 0.0, Last appended: 0.0, Current term: 0, Majority size: -1, State: 1, Mode: NON_LEADER
I0721 23:22:20.564518 11655 ts_tablet_manager.cc:663] T b2671d47f6ac4321a3daf62b2de4d3c2 P 4d5cad21cdbe462d87174e9da291a046: Time spent starting tablet: real 0.000s user 0.000s sys 0.000s
I0721 23:22:20.564540 11663 ts_tablet_manager.cc:663] T 68eb87c25a5f404cbf5df0acb9b77106 P d248c9dacad642be9a5fabec3add151e: Time spent starting tablet: real 0.001s user 0.000s sys 0.000s
I0721 23:22:20.564555 11663 ts_tablet_manager.cc:631] T a9b0f2a221544cd19161aa7461f19068 P d248c9dacad642be9a5fabec3add151e: Bootstrapping tablet
I0721 23:22:20.564638 10994 catalog_manager.cc:1856] TS 2aeff3d0fc13436a9d6090b9a6aaa6aa does not have the latest schema for tablet 5121f4a24d964a2a89f4d75bb7eae036 (table test-table [id=41787a805a7a407ca4ef642fee224d02]). Expected version 2 got 0
I0721 23:22:20.564669 11663 tablet_bootstrap.cc:400] T a9b0f2a221544cd19161aa7461f19068 P d248c9dacad642be9a5fabec3add151e: Bootstrap starting.
I0721 23:22:20.564836 11663 tablet_bootstrap.cc:563] T a9b0f2a221544cd19161aa7461f19068 P d248c9dacad642be9a5fabec3add151e: Time spent opening tablet: real 0.000s user 0.000s sys 0.000s
I0721 23:22:20.564837 10995 catalog_manager.cc:1856] TS 4d5cad21cdbe462d87174e9da291a046 does not have the latest schema for tablet b2671d47f6ac4321a3daf62b2de4d3c2 (table test-table [id=41787a805a7a407ca4ef642fee224d02]). Expected version 2 got 0
W0721 23:22:20.564880 10994 catalog_manager.cc:2160] Unable to reset TS proxy: Not found: No leader found: Tablet 5121f4a24d964a2a89f4d75bb7eae036 consensus state has no leader
W0721 23:22:20.564890 10994 catalog_manager.cc:2770] Failed to send alter table request: Not found: Failed to reset TS proxy: No leader found: Tablet 5121f4a24d964a2a89f4d75bb7eae036 consensus state has no leader
I0721 23:22:20.564929 11663 tablet_bootstrap.cc:503] T a9b0f2a221544cd19161aa7461f19068 P d248c9dacad642be9a5fabec3add151e: No blocks or log segments found. Creating new log.
I0721 23:22:20.565089 11656 ts_tablet_manager.cc:663] T 5121f4a24d964a2a89f4d75bb7eae036 P 2aeff3d0fc13436a9d6090b9a6aaa6aa: Time spent starting tablet: real 0.002s user 0.000s sys 0.000s
W0721 23:22:20.565099 10995 catalog_manager.cc:2160] Unable to reset TS proxy: Not found: No leader found: Tablet b2671d47f6ac4321a3daf62b2de4d3c2 consensus state has no leader
W0721 23:22:20.565109 10995 catalog_manager.cc:2770] Failed to send alter table request: Not found: Failed to reset TS proxy: No leader found: Tablet b2671d47f6ac4321a3daf62b2de4d3c2 consensus state has no leader
I0721 23:22:20.565155 10994 catalog_manager.cc:1856] TS d248c9dacad642be9a5fabec3add151e does not have the latest schema for tablet 68eb87c25a5f404cbf5df0acb9b77106 (table test-table [id=41787a805a7a407ca4ef642fee224d02]). Expected version 2 got 0
I0721 23:22:20.565297 10995 catalog_manager.cc:1856] TS 2aeff3d0fc13436a9d6090b9a6aaa6aa does not have the latest schema for tablet 5121f4a24d964a2a89f4d75bb7eae036 (table test-table [id=41787a805a7a407ca4ef642fee224d02]). Expected version 2 got 0
W0721 23:22:20.565387 10994 catalog_manager.cc:2160] Unable to reset TS proxy: Not found: No leader found: Tablet 68eb87c25a5f404cbf5df0acb9b77106 consensus state has no leader
W0721 23:22:20.565402 10994 catalog_manager.cc:2770] Failed to send alter table request: Not found: Failed to reset TS proxy: No leader found: Tablet 68eb87c25a5f404cbf5df0acb9b77106 consensus state has no leader
W0721 23:22:20.565490 10995 catalog_manager.cc:2160] Unable to reset TS proxy: Not found: No leader found: Tablet 5121f4a24d964a2a89f4d75bb7eae036 consensus state has no leader
W0721 23:22:20.565505 10995 catalog_manager.cc:2770] Failed to send alter table request: Not found: Failed to reset TS proxy: No leader found: Tablet 5121f4a24d964a2a89f4d75bb7eae036 consensus state has no leader
I0721 23:22:20.565562 10995 catalog_manager.cc:1856] TS d248c9dacad642be9a5fabec3add151e does not have the latest schema for tablet 68eb87c25a5f404cbf5df0acb9b77106 (table test-table [id=41787a805a7a407ca4ef642fee224d02]). Expected version 2 got 0
W0721 23:22:20.565835 10995 catalog_manager.cc:2160] Unable to reset TS proxy: Not found: No leader found: Tablet 68eb87c25a5f404cbf5df0acb9b77106 consensus state has no leader
W0721 23:22:20.565847 10995 catalog_manager.cc:2770] Failed to send alter table request: Not found: Failed to reset TS proxy: No leader found: Tablet 68eb87c25a5f404cbf5df0acb9b77106 consensus state has no leader
I0721 23:22:20.569850 11663 tablet_bootstrap.cc:400] T a9b0f2a221544cd19161aa7461f19068 P d248c9dacad642be9a5fabec3add151e: No bootstrap required, opened a new log
I0721 23:22:20.569875 11663 ts_tablet_manager.cc:636] T a9b0f2a221544cd19161aa7461f19068 P d248c9dacad642be9a5fabec3add151e: Time spent bootstrapping tablet: real 0.005s user 0.000s sys 0.000s
I0721 23:22:20.570170 11663 raft_consensus.cc:269] T a9b0f2a221544cd19161aa7461f19068 P d248c9dacad642be9a5fabec3add151e [term 0 FOLLOWER]: Replica starting. Triggering 0 pending transactions. Active config: opid_index: -1 peers { permanent_uuid: "d248c9dacad642be9a5fabec3add151e" member_type: VOTER last_known_addr { host: "127.42.220.1" port: 37489 } } peers { permanent_uuid: "2aeff3d0fc13436a9d6090b9a6aaa6aa" member_type: VOTER last_known_addr { host: "127.42.220.0" port: 48563 } } peers { permanent_uuid: "4d5cad21cdbe462d87174e9da291a046" member_type: VOTER last_known_addr { host: "127.42.220.2" port: 37062 } }
I0721 23:22:20.570195 11663 raft_consensus.cc:301] T a9b0f2a221544cd19161aa7461f19068 P d248c9dacad642be9a5fabec3add151e [term 0 FOLLOWER]: Consensus starting up: Expiring failure detector timer to make a prompt election more likely
I0721 23:22:20.570205 11663 raft_consensus.cc:499] T a9b0f2a221544cd19161aa7461f19068 P d248c9dacad642be9a5fabec3add151e [term 0 FOLLOWER]: Becoming Follower/Learner. State: Replica: d248c9dacad642be9a5fabec3add151e, State: 1, Role: FOLLOWER Watermarks: {Received: term: 0 index: 0 Committed: term: 0 index: 0}
I0721 23:22:20.570220 11663 consensus_queue.cc:162] T a9b0f2a221544cd19161aa7461f19068 P d248c9dacad642be9a5fabec3add151e [NON_LEADER]: Queue going to NON_LEADER mode. State: All replicated op: 0.0, Majority replicated op: 0.0, Committed index: 0.0, Last appended: 0.0, Current term: 0, Majority size: -1, State: 1, Mode: NON_LEADER
I0721 23:22:20.570370 11663 ts_tablet_manager.cc:663] T a9b0f2a221544cd19161aa7461f19068 P d248c9dacad642be9a5fabec3add151e: Time spent starting tablet: real 0.000s user 0.000s sys 0.000s
I0721 23:22:20.570390 11663 ts_tablet_manager.cc:631] T 5121f4a24d964a2a89f4d75bb7eae036 P d248c9dacad642be9a5fabec3add151e: Bootstrapping tablet
