I0721 23:22:21.347290 10996 catalog_manager.cc:1856] TS 2aeff3d0fc13436a9d6090b9a6aaa6aa does not have the latest schema for tablet 1d2b22ac3e8c47c5974bea835eebce29 (table test-table [id=41787a805a7a407ca4ef642fee224d02]). Expected version 3 got 0
W0721 23:22:21.347489 10996 catalog_manager.cc:2160] Unable to reset TS proxy: Not found: No leader found: Tablet 1d2b22ac3e8c47c5974bea835eebce29 consensus state has no leader
W0721 23:22:21.347501 10996 catalog_manager.cc:2770] Failed to send alter table request: Not found: Failed to reset TS proxy: No leader found: Tablet 1d2b22ac3e8c47c5974bea835eebce29 consensus state has no leader
I0721 23:22:21.353909 10996 catalog_manager.cc:1856] TS 4d5cad21cdbe462d87174e9da291a046 does not have the latest schema for tablet 1d2b22ac3e8c47c5974bea835eebce29 (table test-table [id=41787a805a7a407ca4ef642fee224d02]). Expected version 3 got 0
W0721 23:22:21.354110 10996 catalog_manager.cc:2160] Unable to reset TS proxy: Not found: No leader found: Tablet 1d2b22ac3e8c47c5974bea835eebce29 consensus state has no leader
W0721 23:22:21.354121 10996 catalog_manager.cc:2770] Failed to send alter table request: Not found: Failed to reset TS proxy: No leader found: Tablet 1d2b22ac3e8c47c5974bea835eebce29 consensus state has no leader
I0721 23:22:21.354441 11645 tablet.cc:824] T 0249e3dbe50545f99e40b25143970dc6 Alter schema from Schema [ 0:key[int32 NOT NULL], 3:c6[int32 NULLABLE] ] version 2 to Schema [ 0:key[int32 NOT NULL] ] version 3
I0721 23:22:21.354468 11645 tablet.cc:772] T 0249e3dbe50545f99e40b25143970dc6 Flush: entering stage 1 (old memrowset already frozen for inserts)
I0721 23:22:21.354473 11645 compaction.cc:588] Selected 1 rowsets to compact:
I0721 23:22:21.354476 11645 compaction.cc:591] memrowset(current size on disk: ~0 bytes)
I0721 23:22:21.354480 11645 tablet.cc:774] T 0249e3dbe50545f99e40b25143970dc6 Memstore in-memory size: 763 bytes
I0721 23:22:21.354482 11645 tablet.cc:1238] T 0249e3dbe50545f99e40b25143970dc6 Flush: entering phase 1 (flushing snapshot). Phase 1 snapshot: MvccSnapshot[committed={T|T < 6017611126032666624}]
I0721 23:22:21.354521 11645 multi_column_writer.cc:85] Opened CFile writer for column key[int32 NOT NULL]
I0721 23:22:21.354567 11821 tablet.cc:824] T 68eb87c25a5f404cbf5df0acb9b77106 Alter schema from Schema [ 0:key[int32 NOT NULL], 3:c6[int32 NULLABLE] ] version 2 to Schema [ 0:key[int32 NOT NULL] ] version 3
I0721 23:22:21.354595 11821 tablet.cc:763] MemRowSet was empty: no flush needed.
I0721 23:22:21.354665 11829 tablet.cc:824] T 80a3f91629b846aba9a549f0e6a83ed6 Alter schema from Schema [ 0:key[int32 NOT NULL], 3:c6[int32 NULLABLE] ] version 2 to Schema [ 0:key[int32 NOT NULL] ] version 3
I0721 23:22:21.354712 11829 tablet.cc:772] T 80a3f91629b846aba9a549f0e6a83ed6 Flush: entering stage 1 (old memrowset already frozen for inserts)
I0721 23:22:21.354717 11829 compaction.cc:588] Selected 1 rowsets to compact:
I0721 23:22:21.354732 11829 compaction.cc:591] memrowset(current size on disk: ~0 bytes)
I0721 23:22:21.354737 11829 tablet.cc:774] T 80a3f91629b846aba9a549f0e6a83ed6 Memstore in-memory size: 763 bytes
I0721 23:22:21.354744 11829 tablet.cc:1238] T 80a3f91629b846aba9a549f0e6a83ed6 Flush: entering phase 1 (flushing snapshot). Phase 1 snapshot: MvccSnapshot[committed={T|T < 6017611126023692288}]
I0721 23:22:21.354776 11645 tablet.cc:1318] T 0249e3dbe50545f99e40b25143970dc6 Flush: entering phase 2 (starting to duplicate updates in new rowsets)
I0721 23:22:21.354791 11645 tablet.cc:1373] T 0249e3dbe50545f99e40b25143970dc6 Flush Phase 2: carrying over any updates which arrived during Phase 1
I0721 23:22:21.354792 11829 multi_column_writer.cc:85] Opened CFile writer for column key[int32 NOT NULL]
I0721 23:22:21.354796 11645 tablet.cc:1375] T 0249e3dbe50545f99e40b25143970dc6 Phase 2 snapshot: MvccSnapshot[committed={T|T < 6017611126032666624}]
I0721 23:22:21.355137 11811 tablet.cc:824] T 1ad8690bd1174f529ca41865f7d98cea Alter schema from Schema [ 0:key[int32 NOT NULL], 3:c6[int32 NULLABLE] ] version 2 to Schema [ 0:key[int32 NOT NULL] ] version 3
I0721 23:22:21.355240 11811 tablet.cc:763] MemRowSet was empty: no flush needed.
I0721 23:22:21.355262 11645 tablet.cc:1416] T 0249e3dbe50545f99e40b25143970dc6 Flush successful on 2 rows (4202 bytes)
I0721 23:22:21.355310 11645 tablet.cc:824] T 73806c9e0da348e5854f7d76bf67ad0f Alter schema from Schema [ 0:key[int32 NOT NULL], 3:c6[int32 NULLABLE] ] version 2 to Schema [ 0:key[int32 NOT NULL] ] version 3
I0721 23:22:21.355340 11645 tablet.cc:772] T 73806c9e0da348e5854f7d76bf67ad0f Flush: entering stage 1 (old memrowset already frozen for inserts)
I0721 23:22:21.355345 11645 compaction.cc:588] Selected 1 rowsets to compact:
I0721 23:22:21.355347 11645 compaction.cc:591] memrowset(current size on disk: ~0 bytes)
I0721 23:22:21.355351 11645 tablet.cc:774] T 73806c9e0da348e5854f7d76bf67ad0f Memstore in-memory size: 763 bytes
I0721 23:22:21.355355 11645 tablet.cc:1238] T 73806c9e0da348e5854f7d76bf67ad0f Flush: entering phase 1 (flushing snapshot). Phase 1 snapshot: MvccSnapshot[committed={T|T < 6017611126022049792}]
I0721 23:22:21.355387 11645 multi_column_writer.cc:85] Opened CFile writer for column key[int32 NOT NULL]
I0721 23:22:21.355744 11811 tablet.cc:824] T b2671d47f6ac4321a3daf62b2de4d3c2 Alter schema from Schema [ 0:key[int32 NOT NULL], 3:c6[int32 NULLABLE] ] version 2 to Schema [ 0:key[int32 NOT NULL] ] version 3
I0721 23:22:21.355767 11811 tablet.cc:772] T b2671d47f6ac4321a3daf62b2de4d3c2 Flush: entering stage 1 (old memrowset already frozen for inserts)
I0721 23:22:21.355772 11811 compaction.cc:588] Selected 1 rowsets to compact:
I0721 23:22:21.355775 11811 compaction.cc:591] memrowset(current size on disk: ~0 bytes)
I0721 23:22:21.355779 11811 tablet.cc:774] T b2671d47f6ac4321a3daf62b2de4d3c2 Memstore in-memory size: 763 bytes
I0721 23:22:21.355795 11811 tablet.cc:1238] T b2671d47f6ac4321a3daf62b2de4d3c2 Flush: entering phase 1 (flushing snapshot). Phase 1 snapshot: MvccSnapshot[committed={T|T < 6017611126022029312}]
I0721 23:22:21.355881 11825 raft_consensus.cc:370] T 1d2b22ac3e8c47c5974bea835eebce29 P 2aeff3d0fc13436a9d6090b9a6aaa6aa [term 0 FOLLOWER]: No leader contacted us within the election timeout. Triggering leader election
I0721 23:22:21.355893 11825 raft_consensus.cc:2019] T 1d2b22ac3e8c47c5974bea835eebce29 P 2aeff3d0fc13436a9d6090b9a6aaa6aa [term 0 FOLLOWER]: Advancing to term 1
I0721 23:22:21.356336 11825 raft_consensus.cc:1970] T 1d2b22ac3e8c47c5974bea835eebce29 P 2aeff3d0fc13436a9d6090b9a6aaa6aa [term 1 FOLLOWER]: Snoozing failure detection for election timeout plus an additional 1.581s
I0721 23:22:21.356379 11825 raft_consensus.cc:386] T 1d2b22ac3e8c47c5974bea835eebce29 P 2aeff3d0fc13436a9d6090b9a6aaa6aa [term 1 FOLLOWER]: Starting election with config: opid_index: -1 peers { permanent_uuid: "2aeff3d0fc13436a9d6090b9a6aaa6aa" member_type: VOTER last_known_addr { host: "127.42.220.0" port: 48563 } } peers { permanent_uuid: "d248c9dacad642be9a5fabec3add151e" member_type: VOTER last_known_addr { host: "127.42.220.1" port: 37489 } } peers { permanent_uuid: "4d5cad21cdbe462d87174e9da291a046" member_type: VOTER last_known_addr { host: "127.42.220.2" port: 37062 } }
I0721 23:22:21.356827 11829 tablet.cc:1318] T 80a3f91629b846aba9a549f0e6a83ed6 Flush: entering phase 2 (starting to duplicate updates in new rowsets)
I0721 23:22:21.356875 11829 tablet.cc:1373] T 80a3f91629b846aba9a549f0e6a83ed6 Flush Phase 2: carrying over any updates which arrived during Phase 1
I0721 23:22:21.356907 11829 tablet.cc:1375] T 80a3f91629b846aba9a549f0e6a83ed6 Phase 2 snapshot: MvccSnapshot[committed={T|T < 6017611126023692288}]
I0721 23:22:21.357074 11645 tablet.cc:1318] T 73806c9e0da348e5854f7d76bf67ad0f Flush: entering phase 2 (starting to duplicate updates in new rowsets)
I0721 23:22:21.357094 11645 tablet.cc:1373] T 73806c9e0da348e5854f7d76bf67ad0f Flush Phase 2: carrying over any updates which arrived during Phase 1
I0721 23:22:21.357100 11645 tablet.cc:1375] T 73806c9e0da348e5854f7d76bf67ad0f Phase 2 snapshot: MvccSnapshot[committed={T|T < 6017611126022049792}]
I0721 23:22:21.357554 11645 tablet.cc:1416] T 73806c9e0da348e5854f7d76bf67ad0f Flush successful on 1 rows (4198 bytes)
I0721 23:22:21.357882 11829 tablet.cc:1416] T 80a3f91629b846aba9a549f0e6a83ed6 Flush successful on 1 rows (4198 bytes)
I0721 23:22:21.358680 11825 leader_election.cc:223] T 1d2b22ac3e8c47c5974bea835eebce29 P 2aeff3d0fc13436a9d6090b9a6aaa6aa [CANDIDATE]: Term 1 election: Requesting vote from peer d248c9dacad642be9a5fabec3add151e
I0721 23:22:21.358711 11825 leader_election.cc:223] T 1d2b22ac3e8c47c5974bea835eebce29 P 2aeff3d0fc13436a9d6090b9a6aaa6aa [CANDIDATE]: Term 1 election: Requesting vote from peer 4d5cad21cdbe462d87174e9da291a046
I0721 23:22:21.358801 11553 raft_consensus.cc:2019] T 1d2b22ac3e8c47c5974bea835eebce29 P d248c9dacad642be9a5fabec3add151e [term 0 FOLLOWER]: Advancing to term 1
I0721 23:22:21.358808 11331 raft_consensus.cc:2019] T 1d2b22ac3e8c47c5974bea835eebce29 P 4d5cad21cdbe462d87174e9da291a046 [term 0 FOLLOWER]: Advancing to term 1
I0721 23:22:21.359134 11331 raft_consensus.cc:1970] T 1d2b22ac3e8c47c5974bea835eebce29 P 4d5cad21cdbe462d87174e9da291a046 [term 1 FOLLOWER]: Snoozing failure detection for election timeout plus an additional 1.630s
I0721 23:22:21.359138 11553 raft_consensus.cc:1970] T 1d2b22ac3e8c47c5974bea835eebce29 P d248c9dacad642be9a5fabec3add151e [term 1 FOLLOWER]: Snoozing failure detection for election timeout plus an additional 1.533s
I0721 23:22:21.359506 11811 multi_column_writer.cc:85] Opened CFile writer for column key[int32 NOT NULL]
I0721 23:22:21.359586 11331 raft_consensus.cc:1677] T 1d2b22ac3e8c47c5974bea835eebce29 P 4d5cad21cdbe462d87174e9da291a046 [term 1 FOLLOWER]: Leader election vote request: Granting yes vote for candidate 2aeff3d0fc13436a9d6090b9a6aaa6aa in term 1.
I0721 23:22:21.359666 11036 leader_election.cc:347] T 1d2b22ac3e8c47c5974bea835eebce29 P 2aeff3d0fc13436a9d6090b9a6aaa6aa [CANDIDATE]: Term 1 election: Vote granted by peer 4d5cad21cdbe462d87174e9da291a046
I0721 23:22:21.359678 11036 leader_election.cc:248] T 1d2b22ac3e8c47c5974bea835eebce29 P 2aeff3d0fc13436a9d6090b9a6aaa6aa [CANDIDATE]: Term 1 election: Election decided. Result: candidate won.
I0721 23:22:21.359611 11553 raft_consensus.cc:1677] T 1d2b22ac3e8c47c5974bea835eebce29 P d248c9dacad642be9a5fabec3add151e [term 1 FOLLOWER]: Leader election vote request: Granting yes vote for candidate 2aeff3d0fc13436a9d6090b9a6aaa6aa in term 1.
I0721 23:22:21.359733 11827 raft_consensus.cc:1970] T 1d2b22ac3e8c47c5974bea835eebce29 P 2aeff3d0fc13436a9d6090b9a6aaa6aa [term 1 FOLLOWER]: Snoozing failure detection for election timeout plus an additional 1.517s
I0721 23:22:21.359747 11827 raft_consensus.cc:1859] T 1d2b22ac3e8c47c5974bea835eebce29 P 2aeff3d0fc13436a9d6090b9a6aaa6aa [term 1 FOLLOWER]: Leader election won for term 1
I0721 23:22:21.359786 11037 leader_election.cc:347] T 1d2b22ac3e8c47c5974bea835eebce29 P 2aeff3d0fc13436a9d6090b9a6aaa6aa [CANDIDATE]: Term 1 election: Vote granted by peer d248c9dacad642be9a5fabec3add151e
I0721 23:22:21.360184 11811 tablet.cc:1318] T b2671d47f6ac4321a3daf62b2de4d3c2 Flush: entering phase 2 (starting to duplicate updates in new rowsets)
I0721 23:22:21.360244 11811 tablet.cc:1373] T b2671d47f6ac4321a3daf62b2de4d3c2 Flush Phase 2: carrying over any updates which arrived during Phase 1
I0721 23:22:21.360272 11811 tablet.cc:1375] T b2671d47f6ac4321a3daf62b2de4d3c2 Phase 2 snapshot: MvccSnapshot[committed={T|T < 6017611126022029312}]
I0721 23:22:21.360667 11811 tablet.cc:1416] T b2671d47f6ac4321a3daf62b2de4d3c2 Flush successful on 2 rows (4202 bytes)
I0721 23:22:21.373031 11827 raft_consensus.cc:464] T 1d2b22ac3e8c47c5974bea835eebce29 P 2aeff3d0fc13436a9d6090b9a6aaa6aa [term 1 LEADER]: Becoming Leader. State: Replica: 2aeff3d0fc13436a9d6090b9a6aaa6aa, State: 1, Role: LEADER Watermarks: {Received: term: 0 index: 0 Committed: term: 0 index: 0}
I0721 23:22:21.373090 11827 consensus_queue.cc:145] T 1d2b22ac3e8c47c5974bea835eebce29 P 2aeff3d0fc13436a9d6090b9a6aaa6aa [LEADER]: Queue going to LEADER mode. State: All replicated op: 0.0, Majority replicated op: 0.0, Committed index: 0.0, Last appended: 0.0, Current term: 1, Majority size: 2, State: 1, Mode: LEADER, active raft config: opid_index: -1 peers { permanent_uuid: "2aeff3d0fc13436a9d6090b9a6aaa6aa" member_type: VOTER last_known_addr { host: "127.42.220.0" port: 48563 } } peers { permanent_uuid: "d248c9dacad642be9a5fabec3add151e" member_type: VOTER last_known_addr { host: "127.42.220.1" port: 37489 } } peers { permanent_uuid: "4d5cad21cdbe462d87174e9da291a046" member_type: VOTER last_known_addr { host: "127.42.220.2" port: 37062 } }
I0721 23:22:21.394239 10996 catalog_manager.cc:1856] TS 2aeff3d0fc13436a9d6090b9a6aaa6aa does not have the latest schema for tablet 1d2b22ac3e8c47c5974bea835eebce29 (table test-table [id=41787a805a7a407ca4ef642fee224d02]). Expected version 3 got 0
I0721 23:22:21.394305 10996 catalog_manager.cc:1957] Tablet: 1d2b22ac3e8c47c5974bea835eebce29 reported consensus state change. New consensus state: current_term: 1 leader_uuid: "2aeff3d0fc13436a9d6090b9a6aaa6aa" config { opid_index: -1 peers { permanent_uuid: "2aeff3d0fc13436a9d6090b9a6aaa6aa" member_type: VOTER last_known_addr { host: "127.42.220.0" port: 48563 } } peers { permanent_uuid: "d248c9dacad642be9a5fabec3add151e" member_type: VOTER last_known_addr { host: "127.42.220.1" port: 37489 } } peers { permanent_uuid: "4d5cad21cdbe462d87174e9da291a046" member_type: VOTER last_known_addr { host: "127.42.220.2" port: 37062 } } }
W0721 23:22:21.397090 11833 raft_consensus_state.cc:541] T 1d2b22ac3e8c47c5974bea835eebce29 P 2aeff3d0fc13436a9d6090b9a6aaa6aa [term 1 LEADER]: Can't advance the committed index across term boundaries until operations from the current term are replicated. Last committed operation was: term: 0 index: 0, New majority replicated is: term: 0 index: 0, Current term is: 1
I0721 23:22:21.399080 11331 raft_consensus.cc:869] T 1d2b22ac3e8c47c5974bea835eebce29 P 4d5cad21cdbe462d87174e9da291a046 [term 1 FOLLOWER]: Refusing update from remote peer 2aeff3d0fc13436a9d6090b9a6aaa6aa: Log matching property violated. Preceding OpId in replica: term: 0 index: 0. Preceding OpId from leader: term: 1 index: 2. (index mismatch)
I0721 23:22:21.399137 11553 raft_consensus.cc:869] T 1d2b22ac3e8c47c5974bea835eebce29 P d248c9dacad642be9a5fabec3add151e [term 1 FOLLOWER]: Refusing update from remote peer 2aeff3d0fc13436a9d6090b9a6aaa6aa: Log matching property violated. Preceding OpId in replica: term: 0 index: 0. Preceding OpId from leader: term: 1 index: 2. (index mismatch)
I0721 23:22:21.407299 11827 consensus_queue.cc:578] T 1d2b22ac3e8c47c5974bea835eebce29 P 2aeff3d0fc13436a9d6090b9a6aaa6aa [LEADER]: Connected to new peer: Peer: 4d5cad21cdbe462d87174e9da291a046, Is new: false, Last received: 0.0, Next index: 1, Last known committed idx: 0, Last exchange result: ERROR, Needs remote bootstrap: false
I0721 23:22:21.407554 11827 consensus_queue.cc:578] T 1d2b22ac3e8c47c5974bea835eebce29 P 2aeff3d0fc13436a9d6090b9a6aaa6aa [LEADER]: Connected to new peer: Peer: d248c9dacad642be9a5fabec3add151e, Is new: false, Last received: 0.0, Next index: 1, Last known committed idx: 0, Last exchange result: ERROR, Needs remote bootstrap: false
I0721 23:22:21.411465 10996 catalog_manager.cc:1856] TS 4d5cad21cdbe462d87174e9da291a046 does not have the latest schema for tablet 1d2b22ac3e8c47c5974bea835eebce29 (table test-table [id=41787a805a7a407ca4ef642fee224d02]). Expected version 3 got 0
I0721 23:22:21.412384 10996 catalog_manager.cc:1856] TS d248c9dacad642be9a5fabec3add151e does not have the latest schema for tablet 1d2b22ac3e8c47c5974bea835eebce29 (table test-table [id=41787a805a7a407ca4ef642fee224d02]). Expected version 3 got 0
I0721 23:22:21.412897 11807 tablet.cc:824] T 1d2b22ac3e8c47c5974bea835eebce29 Alter schema from Schema [ 0:key[int32 NOT NULL] ] version 0 to Schema [ 0:key[int32 NOT NULL] ] version 3
I0721 23:22:21.413602 11833 raft_consensus_state.cc:534] T 1d2b22ac3e8c47c5974bea835eebce29 P 2aeff3d0fc13436a9d6090b9a6aaa6aa [term 1 LEADER]: Advanced the committed_index across terms. Last committed operation was: term: 0 index: 0 New committed index is: term: 1 index: 2
I0721 23:22:21.414275 10996 catalog_manager.cc:2970] test-table [id=41787a805a7a407ca4ef642fee224d02] - Alter table completed version=3
I0721 23:22:21.414762 11641 tablet.cc:824] T 1d2b22ac3e8c47c5974bea835eebce29 Alter schema from Schema [ 0:key[int32 NOT NULL] ] version 0 to Schema [ 0:key[int32 NOT NULL] ] version 3
I0721 23:22:21.416221 11644 tablet.cc:819] T 1d2b22ac3e8c47c5974bea835eebce29 Already running schema version 3 got alter request for version 3
I0721 23:22:21.416836 10996 catalog_manager.cc:1856] TS d248c9dacad642be9a5fabec3add151e does not have the latest schema for tablet 1d2b22ac3e8c47c5974bea835eebce29 (table test-table [id=41787a805a7a407ca4ef642fee224d02]). Expected version 3 got 0
I0721 23:22:21.417600 11821 tablet.cc:824] T 1d2b22ac3e8c47c5974bea835eebce29 Alter schema from Schema [ 0:key[int32 NOT NULL] ] version 0 to Schema [ 0:key[int32 NOT NULL] ] version 3
I0721 23:22:21.418973 11810 tablet.cc:819] T 1d2b22ac3e8c47c5974bea835eebce29 Already running schema version 3 got alter request for version 3
I0721 23:22:21.419165 11817 tablet.cc:819] T 1d2b22ac3e8c47c5974bea835eebce29 Already running schema version 3 got alter request for version 3
I0721 23:22:21.419495 11645 tablet.cc:819] T 1d2b22ac3e8c47c5974bea835eebce29 Already running schema version 3 got alter request for version 3
I0721 23:22:21.428956 11658 tablet.cc:819] T 1d2b22ac3e8c47c5974bea835eebce29 Already running schema version 3 got alter request for version 3
I0721 23:22:21.429370 11829 tablet.cc:819] T 1d2b22ac3e8c47c5974bea835eebce29 Already running schema version 3 got alter request for version 3
I0721 23:22:21.433568 11645 tablet.cc:824] T a9b0f2a221544cd19161aa7461f19068 Alter schema from Schema [ 0:key[int32 NOT NULL], 3:c6[int32 NULLABLE] ] version 2 to Schema [ 0:key[int32 NOT NULL] ] version 3
I0721 23:22:21.433603 11645 tablet.cc:772] T a9b0f2a221544cd19161aa7461f19068 Flush: entering stage 1 (old memrowset already frozen for inserts)
I0721 23:22:21.433609 11645 compaction.cc:588] Selected 1 rowsets to compact:
I0721 23:22:21.433611 11645 compaction.cc:591] memrowset(current size on disk: ~0 bytes)
I0721 23:22:21.433615 11645 tablet.cc:774] T a9b0f2a221544cd19161aa7461f19068 Memstore in-memory size: 763 bytes
I0721 23:22:21.433620 11645 tablet.cc:1238] T a9b0f2a221544cd19161aa7461f19068 Flush: entering phase 1 (flushing snapshot). Phase 1 snapshot: MvccSnapshot[committed={T|T < 6017611126021926912}]
I0721 23:22:21.433681 11645 multi_column_writer.cc:85] Opened CFile writer for column key[int32 NOT NULL]
I0721 23:22:21.433986 11645 tablet.cc:1318] T a9b0f2a221544cd19161aa7461f19068 Flush: entering phase 2 (starting to duplicate updates in new rowsets)
I0721 23:22:21.434002 11645 tablet.cc:1373] T a9b0f2a221544cd19161aa7461f19068 Flush Phase 2: carrying over any updates which arrived during Phase 1
I0721 23:22:21.434005 11645 tablet.cc:1375] T a9b0f2a221544cd19161aa7461f19068 Phase 2 snapshot: MvccSnapshot[committed={T|T < 6017611126021926912}]
I0721 23:22:21.434501 11645 tablet.cc:1416] T a9b0f2a221544cd19161aa7461f19068 Flush successful on 3 rows (4206 bytes)
I0721 23:22:21.438151 10972 alter_table-randomized-test.cc:385] Beginning Alterations
I0721 23:22:21.438287 10972 alter_table-randomized-test.cc:450] Adding range partition: [603979767, 671088630) resulting partitions: (67108863, 134217726], (536870904, 603979767], (603979767, 671088630], (671088630, 738197493], (805306356, 872415219], (872415219, 939524082], (939524082, 1006632945], (1073741808, 1140850671], (1207959534, 1275068397], (1879048164, 1946157027)
I0721 23:22:21.438305 10972 alter_table-randomized-test.cc:450] Adding range partition: [335544315, 402653178) resulting partitions: (67108863, 134217726], (335544315, 402653178], (536870904, 603979767], (603979767, 671088630], (671088630, 738197493], (805306356, 872415219], (872415219, 939524082], (939524082, 1006632945], (1073741808, 1140850671], (1207959534, 1275068397], (1879048164, 1946157027)
I0721 23:22:21.438311 10972 alter_table-randomized-test.cc:450] Adding range partition: [1476394986, 1543503849) resulting partitions: (67108863, 134217726], (335544315, 402653178], (536870904, 603979767], (603979767, 671088630], (671088630, 738197493], (805306356, 872415219], (872415219, 939524082], (939524082, 1006632945], (1073741808, 1140850671], (1207959534, 1275068397], (1476394986, 1543503849], (1879048164, 1946157027)
I0721 23:22:21.438318 10972 alter_table-randomized-test.cc:450] Adding range partition: [2080374753, 2147483616) resulting partitions: (67108863, 134217726], (335544315, 402653178], (536870904, 603979767], (603979767, 671088630], (671088630, 738197493], (805306356, 872415219], (872415219, 939524082], (939524082, 1006632945], (1073741808, 1140850671], (1207959534, 1275068397], (1476394986, 1543503849], (1879048164, 1946157027], (2080374753, 2147483616)
I0721 23:22:21.438323 10972 alter_table-randomized-test.cc:413] Adding column c123, existing columns: key
I0721 23:22:21.438333 10972 alter_table-randomized-test.cc:450] Adding range partition: [1811939301, 1879048164) resulting partitions: (67108863, 134217726], (335544315, 402653178], (536870904, 603979767], (603979767, 671088630], (671088630, 738197493], (805306356, 872415219], (872415219, 939524082], (939524082, 1006632945], (1073741808, 1140850671], (1207959534, 1275068397], (1476394986, 1543503849], (1811939301, 1879048164], (1879048164, 1946157027], (2080374753, 2147483616)
I0721 23:22:21.438352 10972 alter_table-randomized-test.cc:466] Dropping range partition: [1811939301, 1879048164) resulting partitions: (67108863, 134217726], (335544315, 402653178], (536870904, 603979767], (603979767, 671088630], (671088630, 738197493], (805306356, 872415219], (872415219, 939524082], (939524082, 1006632945], (1073741808, 1140850671], (1207959534, 1275068397], (1476394986, 1543503849], (1879048164, 1946157027], (2080374753, 2147483616)
I0721 23:22:21.438359 10972 alter_table-randomized-test.cc:413] Adding column c137, existing columns: key, c123
I0721 23:22:21.438365 10972 alter_table-randomized-test.cc:450] Adding range partition: [2013265890, 2080374753) resulting partitions: (67108863, 134217726], (335544315, 402653178], (536870904, 603979767], (603979767, 671088630], (671088630, 738197493], (805306356, 872415219], (872415219, 939524082], (939524082, 1006632945], (1073741808, 1140850671], (1207959534, 1275068397], (1476394986, 1543503849], (1879048164, 1946157027], (2013265890, 2080374753], (2080374753, 2147483616)
I0721 23:22:21.438369 10972 alter_table-randomized-test.cc:407] Committing Alterations
I0721 23:22:21.438565 10994 catalog_manager.cc:1359] Servicing AlterTable request from {real_user=slave, eff_user=} at 127.0.0.1:52512: table { table_name: "test-table" } alter_schema_steps { type: ADD_RANGE_PARTITION add_range_partition { range_bounds { rows: "\006\001\367\377\377#\007\001\366\377\377\'" } } } alter_schema_steps { type: ADD_RANGE_PARTITION add_range_partition { range_bounds { rows: "\006\001\373\377\377\023\007\001\372\377\377\027" } } } alter_schema_steps { type: ADD_RANGE_PARTITION add_range_partition { range_bounds { rows: "\006\001\352\377\377W\007\001\351\377\377[" } } } alter_schema_steps { type: ADD_RANGE_PARTITION add_range_partition { range_bounds { rows: "\006\001\341\377\377{\007\001\340\377\377\177" } } } alter_schema_steps { type: ADD_COLUMN add_column { schema { name: "c123" type: INT32 is_nullable: false read_default_value: "\343\230\307 " write_default_value: "\343\230\307 " encoding: AUTO_ENCODING compression: DEFAULT_COMPRESSION cfile_block_size: 0 } } } alter_schema_steps { type: ADD_RANGE_PARTITION add_range_partition { range_bounds { rows: "\006\001\345\377\377k\007\001\344\377\377o" } } } alter_schema_steps { type: DROP_RANGE_PARTITION drop_range_partition { range_bounds { rows: "\006\001\345\377\377k\007\001\344\377\377o" } } } alter_schema_steps { type: ADD_COLUMN add_column { schema { name: "c137" type: INT32 is_nullable: true encoding: AUTO_ENCODING compression: DEFAULT_COMPRESSION cfile_block_size: 0 } } } alter_schema_steps { type: ADD_RANGE_PARTITION add_range_partition { range_bounds { rows: "\006\001\342\377\377w\007\001\341\377\377{" } } } schema { columns { name: "key" type: INT32 is_key: true is_nullable: false encoding: AUTO_ENCODING compression: DEFAULT_COMPRESSION cfile_block_size: 0 } }
W0721 23:22:21.438925 10994 catalog_manager.cc:2160] Unable to reset TS proxy: Not found: No leader found: Tablet 9b57343f7776457f86d235d3cfb90b70 has no consensus state
W0721 23:22:21.438940 10994 catalog_manager.cc:2770] Failed to send alter table request: Not found: Failed to reset TS proxy: No leader found: Tablet 9b57343f7776457f86d235d3cfb90b70 has no consensus state
W0721 23:22:21.438956 10994 catalog_manager.cc:2160] Unable to reset TS proxy: Not found: No leader found: Tablet 0c5c7515d77f4072bde96a5bde4c4e23 has no consensus state
W0721 23:22:21.438963 10994 catalog_manager.cc:2770] Failed to send alter table request: Not found: Failed to reset TS proxy: No leader found: Tablet 0c5c7515d77f4072bde96a5bde4c4e23 has no consensus state
W0721 23:22:21.439012 10994 catalog_manager.cc:2160] Unable to reset TS proxy: Not found: No leader found: Tablet cd48ba26a30f42b4a776b30f67eb48d3 has no consensus state
W0721 23:22:21.439030 10994 catalog_manager.cc:2770] Failed to send alter table request: Not found: Failed to reset TS proxy: No leader found: Tablet cd48ba26a30f42b4a776b30f67eb48d3 has no consensus state
W0721 23:22:21.439041 10994 catalog_manager.cc:2160] Unable to reset TS proxy: Not found: No leader found: Tablet 6a4c4010ca524867aed3bcd8ce342a34 has no consensus state
W0721 23:22:21.439046 10994 catalog_manager.cc:2770] Failed to send alter table request: Not found: Failed to reset TS proxy: No leader found: Tablet 6a4c4010ca524867aed3bcd8ce342a34 has no consensus state
W0721 23:22:21.439050 10994 catalog_manager.cc:2160] Unable to reset TS proxy: Not found: No leader found: Tablet d0cce9fea65345d899d95b40bf02db82 has no consensus state
W0721 23:22:21.439054 10994 catalog_manager.cc:2770] Failed to send alter table request: Not found: Failed to reset TS proxy: No leader found: Tablet d0cce9fea65345d899d95b40bf02db82 has no consensus state
I0721 23:22:21.440008 11532 tablet_service.cc:610] Processing CreateTablet for tablet 9b57343f7776457f86d235d3cfb90b70 (table=test-table [id=41787a805a7a407ca4ef642fee224d02]), partition=range: [(int32 key=335544315), (int32 key=402653178))
I0721 23:22:21.440114 11080 tablet_service.cc:610] Processing CreateTablet for tablet d0cce9fea65345d899d95b40bf02db82 (table=test-table [id=41787a805a7a407ca4ef642fee224d02]), partition=range: [(int32 key=2080374753), (int32 key=2147483616))
I0721 23:22:21.440182 11653 tablet.cc:824] T 73806c9e0da348e5854f7d76bf67ad0f Alter schema from Schema [ 0:key[int32 NOT NULL] ] version 3 to Schema [ 0:key[int32 NOT NULL], 4:c123[int32 NOT NULL], 5:c137[int32 NULLABLE] ] version 4
I0721 23:22:21.440213 11653 tablet.cc:763] MemRowSet was empty: no flush needed.
I0721 23:22:21.440486 11532 ts_tablet_manager.cc:765] Registered tablet 9b57343f7776457f86d235d3cfb90b70
I0721 23:22:21.440546 11530 tablet_service.cc:610] Processing CreateTablet for tablet 0c5c7515d77f4072bde96a5bde4c4e23 (table=test-table [id=41787a805a7a407ca4ef642fee224d02]), partition=range: [(int32 key=603979767), (int32 key=671088630))
I0721 23:22:21.440554 11807 tablet.cc:824] T 67b0e5f3081d4c34be5dac68a0b10025 Alter schema from Schema [ 0:key[int32 NOT NULL] ] version 3 to Schema [ 0:key[int32 NOT NULL], 4:c123[int32 NOT NULL], 5:c137[int32 NULLABLE] ] version 4
I0721 23:22:21.440559 11810 tablet.cc:824] T 73806c9e0da348e5854f7d76bf67ad0f Alter schema from Schema [ 0:key[int32 NOT NULL] ] version 3 to Schema [ 0:key[int32 NOT NULL], 4:c123[int32 NOT NULL], 5:c137[int32 NULLABLE] ] version 4
I0721 23:22:21.440582 11080 ts_tablet_manager.cc:765] Registered tablet d0cce9fea65345d899d95b40bf02db82
I0721 23:22:21.440585 11807 tablet.cc:763] MemRowSet was empty: no flush needed.
I0721 23:22:21.440588 11810 tablet.cc:763] MemRowSet was empty: no flush needed.
I0721 23:22:21.440615 11806 ts_tablet_manager.cc:631] T d0cce9fea65345d899d95b40bf02db82 P 2aeff3d0fc13436a9d6090b9a6aaa6aa: Bootstrapping tablet
I0721 23:22:21.440814 11806 tablet_bootstrap.cc:400] T d0cce9fea65345d899d95b40bf02db82 P 2aeff3d0fc13436a9d6090b9a6aaa6aa: Bootstrap starting.
I0721 23:22:21.440907 11806 tablet_bootstrap.cc:563] T d0cce9fea65345d899d95b40bf02db82 P 2aeff3d0fc13436a9d6090b9a6aaa6aa: Time spent opening tablet: real 0.000s user 0.000s sys 0.000s
I0721 23:22:21.440991 11075 tablet_service.cc:610] Processing CreateTablet for tablet 0c5c7515d77f4072bde96a5bde4c4e23 (table=test-table [id=41787a805a7a407ca4ef642fee224d02]), partition=range: [(int32 key=603979767), (int32 key=671088630))
I0721 23:22:21.441068 11530 ts_tablet_manager.cc:765] Registered tablet 0c5c7515d77f4072bde96a5bde4c4e23
I0721 23:22:21.441151 11533 tablet_service.cc:610] Processing CreateTablet for tablet cd48ba26a30f42b4a776b30f67eb48d3 (table=test-table [id=41787a805a7a407ca4ef642fee224d02]), partition=range: [(int32 key=1476394986), (int32 key=1543503849))
I0721 23:22:21.441597 11644 tablet.cc:824] T a9b0f2a221544cd19161aa7461f19068 Alter schema from Schema [ 0:key[int32 NOT NULL] ] version 3 to Schema [ 0:key[int32 NOT NULL], 4:c123[int32 NOT NULL], 5:c137[int32 NULLABLE] ] version 4
I0721 23:22:21.441603 11075 ts_tablet_manager.cc:765] Registered tablet 0c5c7515d77f4072bde96a5bde4c4e23
I0721 23:22:21.441629 11644 tablet.cc:772] T a9b0f2a221544cd19161aa7461f19068 Flush: entering stage 1 (old memrowset already frozen for inserts)
I0721 23:22:21.441634 11644 compaction.cc:588] Selected 1 rowsets to compact:
I0721 23:22:21.441637 11644 compaction.cc:591] memrowset(current size on disk: ~0 bytes)
I0721 23:22:21.441642 11644 tablet.cc:774] T a9b0f2a221544cd19161aa7461f19068 Memstore in-memory size: 763 bytes
I0721 23:22:21.441646 11644 tablet.cc:1238] T a9b0f2a221544cd19161aa7461f19068 Flush: entering phase 1 (flushing snapshot). Phase 1 snapshot: MvccSnapshot[committed={T|T < 6017611126537191424}]
I0721 23:22:21.441653 11079 tablet_service.cc:610] Processing CreateTablet for tablet cd48ba26a30f42b4a776b30f67eb48d3 (table=test-table [id=41787a805a7a407ca4ef642fee224d02]), partition=range: [(int32 key=1476394986), (int32 key=1543503849))
I0721 23:22:21.441694 11533 ts_tablet_manager.cc:765] Registered tablet cd48ba26a30f42b4a776b30f67eb48d3
I0721 23:22:21.441718 11645 tablet.cc:824] T 73806c9e0da348e5854f7d76bf67ad0f Alter schema from Schema [ 0:key[int32 NOT NULL] ] version 3 to Schema [ 0:key[int32 NOT NULL], 4:c123[int32 NOT NULL], 5:c137[int32 NULLABLE] ] version 4
I0721 23:22:21.441751 11644 multi_column_writer.cc:85] Opened CFile writer for column key[int32 NOT NULL]
I0721 23:22:21.441757 11645 tablet.cc:763] MemRowSet was empty: no flush needed.
I0721 23:22:21.441764 11077 tablet_service.cc:610] Processing CreateTablet for tablet 6a4c4010ca524867aed3bcd8ce342a34 (table=test-table [id=41787a805a7a407ca4ef642fee224d02]), partition=range: [(int32 key=2013265890), (int32 key=2080374753))
I0721 23:22:21.441800 11535 tablet_service.cc:610] Processing CreateTablet for tablet 6a4c4010ca524867aed3bcd8ce342a34 (table=test-table [id=41787a805a7a407ca4ef642fee224d02]), partition=range: [(int32 key=2013265890), (int32 key=2080374753))
I0721 23:22:21.441877 11817 tablet.cc:824] T b2671d47f6ac4321a3daf62b2de4d3c2 Alter schema from Schema [ 0:key[int32 NOT NULL] ] version 3 to Schema [ 0:key[int32 NOT NULL], 4:c123[int32 NOT NULL], 5:c137[int32 NULLABLE] ] version 4
I0721 23:22:21.441906 11817 tablet.cc:772] T b2671d47f6ac4321a3daf62b2de4d3c2 Flush: entering stage 1 (old memrowset already frozen for inserts)
I0721 23:22:21.441911 11817 compaction.cc:588] Selected 1 rowsets to compact:
I0721 23:22:21.441915 11817 compaction.cc:591] memrowset(current size on disk: ~0 bytes)
I0721 23:22:21.441917 11817 tablet.cc:774] T b2671d47f6ac4321a3daf62b2de4d3c2 Memstore in-memory size: 763 bytes
I0721 23:22:21.441922 11817 tablet.cc:1238] T b2671d47f6ac4321a3daf62b2de4d3c2 Flush: entering phase 1 (flushing snapshot). Phase 1 snapshot: MvccSnapshot[committed={T|T < 6017611126537834496}]
I0721 23:22:21.441964 11817 multi_column_writer.cc:85] Opened CFile writer for column key[int32 NOT NULL]
I0721 23:22:21.441982 11811 tablet.cc:824] T 67b0e5f3081d4c34be5dac68a0b10025 Alter schema from Schema [ 0:key[int32 NOT NULL] ] version 3 to Schema [ 0:key[int32 NOT NULL], 4:c123[int32 NOT NULL], 5:c137[int32 NULLABLE] ] version 4
I0721 23:22:21.441987 11817 multi_column_writer.cc:85] Opened CFile writer for column c123[int32 NOT NULL]
I0721 23:22:21.442018 11817 multi_column_writer.cc:85] Opened CFile writer for column c137[int32 NULLABLE]
I0721 23:22:21.442036 11811 tablet.cc:763] MemRowSet was empty: no flush needed.
I0721 23:22:21.442262 11077 ts_tablet_manager.cc:765] Registered tablet 6a4c4010ca524867aed3bcd8ce342a34
I0721 23:22:21.442287 11803 ts_tablet_manager.cc:631] T 9b57343f7776457f86d235d3cfb90b70 P d248c9dacad642be9a5fabec3add151e: Bootstrapping tablet
I0721 23:22:21.442363 11817 tablet.cc:1318] T b2671d47f6ac4321a3daf62b2de4d3c2 Flush: entering phase 2 (starting to duplicate updates in new rowsets)
I0721 23:22:21.442383 11817 tablet.cc:1373] T b2671d47f6ac4321a3daf62b2de4d3c2 Flush Phase 2: carrying over any updates which arrived during Phase 1
I0721 23:22:21.442389 11817 tablet.cc:1375] T b2671d47f6ac4321a3daf62b2de4d3c2 Phase 2 snapshot: MvccSnapshot[committed={T|T < 6017611126537834496}]
I0721 23:22:21.442389 11811 tablet.cc:824] T a9b0f2a221544cd19161aa7461f19068 Alter schema from Schema [ 0:key[int32 NOT NULL] ] version 3 to Schema [ 0:key[int32 NOT NULL], 4:c123[int32 NOT NULL], 5:c137[int32 NULLABLE] ] version 4
I0721 23:22:21.442411 11811 tablet.cc:772] T a9b0f2a221544cd19161aa7461f19068 Flush: entering stage 1 (old memrowset already frozen for inserts)
I0721 23:22:21.442416 11811 compaction.cc:588] Selected 1 rowsets to compact:
I0721 23:22:21.442419 11811 compaction.cc:591] memrowset(current size on disk: ~0 bytes)
I0721 23:22:21.442419 11803 tablet_bootstrap.cc:400] T 9b57343f7776457f86d235d3cfb90b70 P d248c9dacad642be9a5fabec3add151e: Bootstrap starting.
I0721 23:22:21.442422 11811 tablet.cc:774] T a9b0f2a221544cd19161aa7461f19068 Memstore in-memory size: 763 bytes
I0721 23:22:21.442426 11811 tablet.cc:1238] T a9b0f2a221544cd19161aa7461f19068 Flush: entering phase 1 (flushing snapshot). Phase 1 snapshot: MvccSnapshot[committed={T|T < 6017611126537191424}]
I0721 23:22:21.442484 11811 multi_column_writer.cc:85] Opened CFile writer for column key[int32 NOT NULL]
I0721 23:22:21.442517 11811 multi_column_writer.cc:85] Opened CFile writer for column c123[int32 NOT NULL]
I0721 23:22:21.442520 11803 tablet_bootstrap.cc:563] T 9b57343f7776457f86d235d3cfb90b70 P d248c9dacad642be9a5fabec3add151e: Time spent opening tablet: real 0.000s user 0.000s sys 0.000s
I0721 23:22:21.442543 11811 multi_column_writer.cc:85] Opened CFile writer for column c137[int32 NULLABLE]
I0721 23:22:21.442558 11644 multi_column_writer.cc:85] Opened CFile writer for column c123[int32 NOT NULL]
I0721 23:22:21.442585 11644 multi_column_writer.cc:85] Opened CFile writer for column c137[int32 NULLABLE]
I0721 23:22:21.442620 11803 tablet_bootstrap.cc:503] T 9b57343f7776457f86d235d3cfb90b70 P d248c9dacad642be9a5fabec3add151e: No blocks or log segments found. Creating new log.
I0721 23:22:21.442978 11817 tablet.cc:1416] T b2671d47f6ac4321a3daf62b2de4d3c2 Flush successful on 1 rows (4292 bytes)
I0721 23:22:21.443019 11811 tablet.cc:1318] T a9b0f2a221544cd19161aa7461f19068 Flush: entering phase 2 (starting to duplicate updates in new rowsets)
I0721 23:22:21.443038 11811 tablet.cc:1373] T a9b0f2a221544cd19161aa7461f19068 Flush Phase 2: carrying over any updates which arrived during Phase 1
I0721 23:22:21.443056 11811 tablet.cc:1375] T a9b0f2a221544cd19161aa7461f19068 Phase 2 snapshot: MvccSnapshot[committed={T|T < 6017611126537191424}]
I0721 23:22:21.443344 11076 tablet_service.cc:610] Processing CreateTablet for tablet 9b57343f7776457f86d235d3cfb90b70 (table=test-table [id=41787a805a7a407ca4ef642fee224d02]), partition=range: [(int32 key=335544315), (int32 key=402653178))
I0721 23:22:21.443588 11806 tablet_bootstrap.cc:503] T d0cce9fea65345d899d95b40bf02db82 P 2aeff3d0fc13436a9d6090b9a6aaa6aa: No blocks or log segments found. Creating new log.
I0721 23:22:21.443794 11533 tablet_service.cc:610] Processing CreateTablet for tablet d0cce9fea65345d899d95b40bf02db82 (table=test-table [id=41787a805a7a407ca4ef642fee224d02]), partition=range: [(int32 key=2080374753), (int32 key=2147483616))
I0721 23:22:21.443928 11658 tablet.cc:824] T 80a3f91629b846aba9a549f0e6a83ed6 Alter schema from Schema [ 0:key[int32 NOT NULL] ] version 3 to Schema [ 0:key[int32 NOT NULL], 4:c123[int32 NOT NULL], 5:c137[int32 NULLABLE] ] version 4
I0721 23:22:21.443984 11658 tablet.cc:763] MemRowSet was empty: no flush needed.
I0721 23:22:21.444237 11811 tablet.cc:1416] T a9b0f2a221544cd19161aa7461f19068 Flush successful on 1 rows (4292 bytes)
I0721 23:22:21.444290 11811 tablet.cc:824] T b2671d47f6ac4321a3daf62b2de4d3c2 Alter schema from Schema [ 0:key[int32 NOT NULL] ] version 3 to Schema [ 0:key[int32 NOT NULL], 4:c123[int32 NOT NULL], 5:c137[int32 NULLABLE] ] version 4
I0721 23:22:21.444291 11807 tablet.cc:824] T 80a3f91629b846aba9a549f0e6a83ed6 Alter schema from Schema [ 0:key[int32 NOT NULL] ] version 3 to Schema [ 0:key[int32 NOT NULL], 4:c123[int32 NOT NULL], 5:c137[int32 NULLABLE] ] version 4
I0721 23:22:21.444314 11811 tablet.cc:772] T b2671d47f6ac4321a3daf62b2de4d3c2 Flush: entering stage 1 (old memrowset already frozen for inserts)
I0721 23:22:21.444320 11811 compaction.cc:588] Selected 1 rowsets to compact:
I0721 23:22:21.444324 11811 compaction.cc:591] memrowset(current size on disk: ~0 bytes)
I0721 23:22:21.444324 11807 tablet.cc:763] MemRowSet was empty: no flush needed.
I0721 23:22:21.444330 11811 tablet.cc:774] T b2671d47f6ac4321a3daf62b2de4d3c2 Memstore in-memory size: 763 bytes
I0721 23:22:21.444335 11811 tablet.cc:1238] T b2671d47f6ac4321a3daf62b2de4d3c2 Flush: entering phase 1 (flushing snapshot). Phase 1 snapshot: MvccSnapshot[committed={T|T < 6017611126537834496}]
I0721 23:22:21.444351 11533 ts_tablet_manager.cc:765] Registered tablet d0cce9fea65345d899d95b40bf02db82
I0721 23:22:21.444377 11811 multi_column_writer.cc:85] Opened CFile writer for column key[int32 NOT NULL]
I0721 23:22:21.444803 11807 tablet.cc:824] T 1ad8690bd1174f529ca41865f7d98cea Alter schema from Schema [ 0:key[int32 NOT NULL] ] version 3 to Schema [ 0:key[int32 NOT NULL], 4:c123[int32 NOT NULL], 5:c137[int32 NULLABLE] ] version 4
I0721 23:22:21.444826 11641 tablet.cc:824] T 1ad8690bd1174f529ca41865f7d98cea Alter schema from Schema [ 0:key[int32 NOT NULL] ] version 3 to Schema [ 0:key[int32 NOT NULL], 4:c123[int32 NOT NULL], 5:c137[int32 NULLABLE] ] version 4
I0721 23:22:21.444833 11807 tablet.cc:763] MemRowSet was empty: no flush needed.
I0721 23:22:21.444869 11641 tablet.cc:763] MemRowSet was empty: no flush needed.
I0721 23:22:21.444921 11645 tablet.cc:824] T 80a3f91629b846aba9a549f0e6a83ed6 Alter schema from Schema [ 0:key[int32 NOT NULL] ] version 3 to Schema [ 0:key[int32 NOT NULL], 4:c123[int32 NOT NULL], 5:c137[int32 NULLABLE] ] version 4
I0721 23:22:21.444949 11645 tablet.cc:763] MemRowSet was empty: no flush needed.
I0721 23:22:21.445305 11535 ts_tablet_manager.cc:765] Registered tablet 6a4c4010ca524867aed3bcd8ce342a34
I0721 23:22:21.445658 11653 tablet.cc:824] T 1d2b22ac3e8c47c5974bea835eebce29 Alter schema from Schema [ 0:key[int32 NOT NULL] ] version 3 to Schema [ 0:key[int32 NOT NULL], 4:c123[int32 NOT NULL], 5:c137[int32 NULLABLE] ] version 4
I0721 23:22:21.445694 11653 tablet.cc:772] T 1d2b22ac3e8c47c5974bea835eebce29 Flush: entering stage 1 (old memrowset already frozen for inserts)
I0721 23:22:21.445708 11653 compaction.cc:588] Selected 1 rowsets to compact:
I0721 23:22:21.445711 11653 compaction.cc:591] memrowset(current size on disk: ~0 bytes)
I0721 23:22:21.445714 11653 tablet.cc:774] T 1d2b22ac3e8c47c5974bea835eebce29 Memstore in-memory size: 763 bytes
I0721 23:22:21.445719 11653 tablet.cc:1238] T 1d2b22ac3e8c47c5974bea835eebce29 Flush: entering phase 1 (flushing snapshot). Phase 1 snapshot: MvccSnapshot[committed={T|T < 6017611126558916608}]
I0721 23:22:21.445796 11653 multi_column_writer.cc:85] Opened CFile writer for column key[int32 NOT NULL]
I0721 23:22:21.445812 11641 tablet.cc:824] T 68eb87c25a5f404cbf5df0acb9b77106 Alter schema from Schema [ 0:key[int32 NOT NULL] ] version 3 to Schema [ 0:key[int32 NOT NULL], 4:c123[int32 NOT NULL], 5:c137[int32 NULLABLE] ] version 4
I0721 23:22:21.445827 11653 multi_column_writer.cc:85] Opened CFile writer for column c123[int32 NOT NULL]
I0721 23:22:21.445837 11641 tablet.cc:763] MemRowSet was empty: no flush needed.
I0721 23:22:21.445850 11653 multi_column_writer.cc:85] Opened CFile writer for column c137[int32 NULLABLE]
I0721 23:22:21.446359 11641 tablet.cc:824] T 0249e3dbe50545f99e40b25143970dc6 Alter schema from Schema [ 0:key[int32 NOT NULL] ] version 3 to Schema [ 0:key[int32 NOT NULL], 4:c123[int32 NOT NULL], 5:c137[int32 NULLABLE] ] version 4
I0721 23:22:21.446404 11641 tablet.cc:763] MemRowSet was empty: no flush needed.
I0721 23:22:21.446538 11817 tablet.cc:824] T 0249e3dbe50545f99e40b25143970dc6 Alter schema from Schema [ 0:key[int32 NOT NULL] ] version 3 to Schema [ 0:key[int32 NOT NULL], 4:c123[int32 NOT NULL], 5:c137[int32 NULLABLE] ] version 4
I0721 23:22:21.446574 11817 tablet.cc:763] MemRowSet was empty: no flush needed.
I0721 23:22:21.446902 11645 tablet.cc:824] T 68eb87c25a5f404cbf5df0acb9b77106 Alter schema from Schema [ 0:key[int32 NOT NULL] ] version 3 to Schema [ 0:key[int32 NOT NULL], 4:c123[int32 NOT NULL], 5:c137[int32 NULLABLE] ] version 4
I0721 23:22:21.446926 11645 tablet.cc:763] MemRowSet was empty: no flush needed.
I0721 23:22:21.447799 11807 tablet.cc:824] T 68eb87c25a5f404cbf5df0acb9b77106 Alter schema from Schema [ 0:key[int32 NOT NULL] ] version 3 to Schema [ 0:key[int32 NOT NULL], 4:c123[int32 NOT NULL], 5:c137[int32 NULLABLE] ] version 4
I0721 23:22:21.447830 11807 tablet.cc:763] MemRowSet was empty: no flush needed.
I0721 23:22:21.448282 11645 tablet.cc:824] T 1ad8690bd1174f529ca41865f7d98cea Alter schema from Schema [ 0:key[int32 NOT NULL] ] version 3 to Schema [ 0:key[int32 NOT NULL], 4:c123[int32 NOT NULL], 5:c137[int32 NULLABLE] ] version 4
I0721 23:22:21.448325 11645 tablet.cc:763] MemRowSet was empty: no flush needed.
I0721 23:22:21.448364 11076 ts_tablet_manager.cc:765] Registered tablet 9b57343f7776457f86d235d3cfb90b70
I0721 23:22:21.449136 11079 ts_tablet_manager.cc:765] Registered tablet cd48ba26a30f42b4a776b30f67eb48d3
I0721 23:22:21.449254 11645 tablet.cc:824] T 0249e3dbe50545f99e40b25143970dc6 Alter schema from Schema [ 0:key[int32 NOT NULL] ] version 3 to Schema [ 0:key[int32 NOT NULL], 4:c123[int32 NOT NULL], 5:c137[int32 NULLABLE] ] version 4
I0721 23:22:21.449285 11645 tablet.cc:763] MemRowSet was empty: no flush needed.
I0721 23:22:21.450328 11311 tablet_service.cc:610] Processing CreateTablet for tablet 9b57343f7776457f86d235d3cfb90b70 (table=test-table [id=41787a805a7a407ca4ef642fee224d02]), partition=range: [(int32 key=335544315), (int32 key=402653178))
I0721 23:22:21.450399 11310 tablet_service.cc:610] Processing CreateTablet for tablet 0c5c7515d77f4072bde96a5bde4c4e23 (table=test-table [id=41787a805a7a407ca4ef642fee224d02]), partition=range: [(int32 key=603979767), (int32 key=671088630))
I0721 23:22:21.450448 11312 tablet_service.cc:610] Processing CreateTablet for tablet 6a4c4010ca524867aed3bcd8ce342a34 (table=test-table [id=41787a805a7a407ca4ef642fee224d02]), partition=range: [(int32 key=2013265890), (int32 key=2080374753))
I0721 23:22:21.450505 11309 tablet_service.cc:610] Processing CreateTablet for tablet cd48ba26a30f42b4a776b30f67eb48d3 (table=test-table [id=41787a805a7a407ca4ef642fee224d02]), partition=range: [(int32 key=1476394986), (int32 key=1543503849))
I0721 23:22:21.450752 11308 tablet_service.cc:610] Processing CreateTablet for tablet d0cce9fea65345d899d95b40bf02db82 (table=test-table [id=41787a805a7a407ca4ef642fee224d02]), partition=range: [(int32 key=2080374753), (int32 key=2147483616))
I0721 23:22:21.451728 11310 ts_tablet_manager.cc:765] Registered tablet 0c5c7515d77f4072bde96a5bde4c4e23
I0721 23:22:21.451777 11805 ts_tablet_manager.cc:631] T 0c5c7515d77f4072bde96a5bde4c4e23 P 4d5cad21cdbe462d87174e9da291a046: Bootstrapping tablet
I0721 23:22:21.451884 11644 tablet.cc:1318] T a9b0f2a221544cd19161aa7461f19068 Flush: entering phase 2 (starting to duplicate updates in new rowsets)
I0721 23:22:21.451905 11644 tablet.cc:1373] T a9b0f2a221544cd19161aa7461f19068 Flush Phase 2: carrying over any updates which arrived during Phase 1
I0721 23:22:21.451910 11644 tablet.cc:1375] T a9b0f2a221544cd19161aa7461f19068 Phase 2 snapshot: MvccSnapshot[committed={T|T < 6017611126537191424}]
I0721 23:22:21.451925 11805 tablet_bootstrap.cc:400] T 0c5c7515d77f4072bde96a5bde4c4e23 P 4d5cad21cdbe462d87174e9da291a046: Bootstrap starting.
I0721 23:22:21.452018 11805 tablet_bootstrap.cc:563] T 0c5c7515d77f4072bde96a5bde4c4e23 P 4d5cad21cdbe462d87174e9da291a046: Time spent opening tablet: real 0.000s user 0.000s sys 0.000s
I0721 23:22:21.452124 11805 tablet_bootstrap.cc:503] T 0c5c7515d77f4072bde96a5bde4c4e23 P 4d5cad21cdbe462d87174e9da291a046: No blocks or log segments found. Creating new log.
I0721 23:22:21.452301 11653 tablet.cc:1318] T 1d2b22ac3e8c47c5974bea835eebce29 Flush: entering phase 2 (starting to duplicate updates in new rowsets)
I0721 23:22:21.452318 11653 tablet.cc:1373] T 1d2b22ac3e8c47c5974bea835eebce29 Flush Phase 2: carrying over any updates which arrived during Phase 1
I0721 23:22:21.452324 11653 tablet.cc:1375] T 1d2b22ac3e8c47c5974bea835eebce29 Phase 2 snapshot: MvccSnapshot[committed={T|T < 6017611126558916608}]
I0721 23:22:21.452781 11308 ts_tablet_manager.cc:765] Registered tablet d0cce9fea65345d899d95b40bf02db82
I0721 23:22:21.453042 11312 ts_tablet_manager.cc:765] Registered tablet 6a4c4010ca524867aed3bcd8ce342a34
I0721 23:22:21.453287 11309 ts_tablet_manager.cc:765] Registered tablet cd48ba26a30f42b4a776b30f67eb48d3
I0721 23:22:21.453353 11644 tablet.cc:1416] T a9b0f2a221544cd19161aa7461f19068 Flush successful on 1 rows (4292 bytes)
I0721 23:22:21.453549 11311 ts_tablet_manager.cc:765] Registered tablet 9b57343f7776457f86d235d3cfb90b70
I0721 23:22:21.453907 11810 tablet.cc:824] T a9b0f2a221544cd19161aa7461f19068 Alter schema from Schema [ 0:key[int32 NOT NULL] ] version 3 to Schema [ 0:key[int32 NOT NULL], 4:c123[int32 NOT NULL], 5:c137[int32 NULLABLE] ] version 4
I0721 23:22:21.453938 11810 tablet.cc:772] T a9b0f2a221544cd19161aa7461f19068 Flush: entering stage 1 (old memrowset already frozen for inserts)
I0721 23:22:21.453943 11810 compaction.cc:588] Selected 1 rowsets to compact:
I0721 23:22:21.453948 11810 compaction.cc:591] memrowset(current size on disk: ~0 bytes)
I0721 23:22:21.453951 11810 tablet.cc:774] T a9b0f2a221544cd19161aa7461f19068 Memstore in-memory size: 763 bytes
I0721 23:22:21.453955 11810 tablet.cc:1238] T a9b0f2a221544cd19161aa7461f19068 Flush: entering phase 1 (flushing snapshot). Phase 1 snapshot: MvccSnapshot[committed={T|T < 6017611126537191424}]
I0721 23:22:21.454010 11810 multi_column_writer.cc:85] Opened CFile writer for column key[int32 NOT NULL]
I0721 23:22:21.454035 11810 multi_column_writer.cc:85] Opened CFile writer for column c123[int32 NOT NULL]
I0721 23:22:21.454061 11810 multi_column_writer.cc:85] Opened CFile writer for column c137[int32 NULLABLE]
I0721 23:22:21.454241 11641 tablet.cc:824] T b2671d47f6ac4321a3daf62b2de4d3c2 Alter schema from Schema [ 0:key[int32 NOT NULL] ] version 3 to Schema [ 0:key[int32 NOT NULL], 4:c123[int32 NOT NULL], 5:c137[int32 NULLABLE] ] version 4
I0721 23:22:21.454269 11641 tablet.cc:772] T b2671d47f6ac4321a3daf62b2de4d3c2 Flush: entering stage 1 (old memrowset already frozen for inserts)
I0721 23:22:21.454275 11641 compaction.cc:588] Selected 1 rowsets to compact:
I0721 23:22:21.454279 11641 compaction.cc:591] memrowset(current size on disk: ~0 bytes)
I0721 23:22:21.454283 11641 tablet.cc:774] T b2671d47f6ac4321a3daf62b2de4d3c2 Memstore in-memory size: 763 bytes
I0721 23:22:21.454288 11641 tablet.cc:1238] T b2671d47f6ac4321a3daf62b2de4d3c2 Flush: entering phase 1 (flushing snapshot). Phase 1 snapshot: MvccSnapshot[committed={T|T < 6017611126537834496}]
I0721 23:22:21.454455 11658 tablet.cc:824] T 67b0e5f3081d4c34be5dac68a0b10025 Alter schema from Schema [ 0:key[int32 NOT NULL] ] version 3 to Schema [ 0:key[int32 NOT NULL], 4:c123[int32 NOT NULL], 5:c137[int32 NULLABLE] ] version 4
I0721 23:22:21.454499 11658 tablet.cc:763] MemRowSet was empty: no flush needed.
I0721 23:22:21.454670 11653 tablet.cc:1416] T 1d2b22ac3e8c47c5974bea835eebce29 Flush successful on 3 rows (4308 bytes)
I0721 23:22:21.454979 11806 tablet_bootstrap.cc:400] T d0cce9fea65345d899d95b40bf02db82 P 2aeff3d0fc13436a9d6090b9a6aaa6aa: No bootstrap required, opened a new log
I0721 23:22:21.455003 11806 ts_tablet_manager.cc:636] T d0cce9fea65345d899d95b40bf02db82 P 2aeff3d0fc13436a9d6090b9a6aaa6aa: Time spent bootstrapping tablet: real 0.014s user 0.000s sys 0.000s
I0721 23:22:21.456032 11658 tablet.cc:824] T 1d2b22ac3e8c47c5974bea835eebce29 Alter schema from Schema [ 0:key[int32 NOT NULL] ] version 3 to Schema [ 0:key[int32 NOT NULL], 4:c123[int32 NOT NULL], 5:c137[int32 NULLABLE] ] version 4
