I0721 23:22:22.963382 12000 log_util.cc:606] Found no log entry headers
I0721 23:22:22.963425 12000 log_util.cc:215] Ignoring log segment corruption in /tmp/kudutest-1000/alter_table-randomized-test.AlterTableRandomized.TestRandomSequence.1469143337762994-10972/minicluster-data/ts-0/wals/67b0e5f3081d4c34be5dac68a0b10025.recovery/wal-000000001 because there are no log entries following the corrupted one. The server probably crashed in the middle of writing an entry to the write-ahead log or downloaded an active log via remote bootstrap. Error detail: Corruption: CRC mismatch in log entry header: Log file corruption detected. Failed trying to read batch #0 at offset 4286 for log segment /tmp/kudutest-1000/alter_table-randomized-test.AlterTableRandomized.TestRandomSequence.1469143337762994-10972/minicluster-data/ts-0/wals/67b0e5f3081d4c34be5dac68a0b10025.recovery/wal-000000001: Prior entries: [off=4099 REPLICATE (2.27)] [off=4125 COMMIT (2.27)] [off=4250 REPLICATE (2.28)] [off=4286 COMMIT (2.28)]
I0721 23:22:22.963431 12000 log_util.cc:359] Successfully rebuilt footer for segment: /tmp/kudutest-1000/alter_table-randomized-test.AlterTableRandomized.TestRandomSequence.1469143337762994-10972/minicluster-data/ts-0/wals/67b0e5f3081d4c34be5dac68a0b10025.recovery/wal-000000001 (valid entries through byte offset 4286)
I0721 23:22:22.963454 12000 tablet.cc:853] T 67b0e5f3081d4c34be5dac68a0b10025 Rewinding schema during bootstrap to Schema [ 0:key[int32 NOT NULL] ]
I0721 23:22:22.964200 12000 tablet.cc:824] T 67b0e5f3081d4c34be5dac68a0b10025 Alter schema from Schema [ 0:key[int32 NOT NULL] ] version 0 to Schema [ 0:key[int32 NOT NULL] ] version 1
I0721 23:22:22.964228 12000 tablet_metadata.cc:428] Not flushing: waiting for 1 pins to be released.
I0721 23:22:22.964491 12000 tablet.cc:824] T 67b0e5f3081d4c34be5dac68a0b10025 Alter schema from Schema [ 0:key[int32 NOT NULL] ] version 1 to Schema [ 0:key[int32 NOT NULL], 3:c6[int32 NULLABLE] ] version 2
I0721 23:22:22.964548 12000 tablet.cc:763] MemRowSet was empty: no flush needed.
I0721 23:22:22.964572 12000 tablet_metadata.cc:428] Not flushing: waiting for 1 pins to be released.
I0721 23:22:22.964756 12000 tablet.cc:824] T 67b0e5f3081d4c34be5dac68a0b10025 Alter schema from Schema [ 0:key[int32 NOT NULL], 3:c6[int32 NULLABLE] ] version 2 to Schema [ 0:key[int32 NOT NULL] ] version 3
I0721 23:22:22.964776 12000 tablet.cc:763] MemRowSet was empty: no flush needed.
I0721 23:22:22.964778 12000 tablet_metadata.cc:428] Not flushing: waiting for 1 pins to be released.
I0721 23:22:22.964812 12000 tablet.cc:824] T 67b0e5f3081d4c34be5dac68a0b10025 Alter schema from Schema [ 0:key[int32 NOT NULL] ] version 3 to Schema [ 0:key[int32 NOT NULL], 4:c123[int32 NOT NULL], 5:c137[int32 NULLABLE] ] version 4
I0721 23:22:22.964836 12000 tablet.cc:763] MemRowSet was empty: no flush needed.
I0721 23:22:22.964849 12000 tablet_metadata.cc:428] Not flushing: waiting for 1 pins to be released.
I0721 23:22:22.964963 12000 tablet.cc:824] T 67b0e5f3081d4c34be5dac68a0b10025 Alter schema from Schema [ 0:key[int32 NOT NULL], 4:c123[int32 NOT NULL], 5:c137[int32 NULLABLE] ] version 4 to Schema [ 0:key[int32 NOT NULL], 5:c137[int32 NULLABLE] ] version 5
I0721 23:22:22.964982 12000 tablet.cc:763] MemRowSet was empty: no flush needed.
I0721 23:22:22.964995 12000 tablet_metadata.cc:428] Not flushing: waiting for 1 pins to be released.
I0721 23:22:22.965091 12000 tablet_bootstrap.cc:400] T 67b0e5f3081d4c34be5dac68a0b10025 P 2aeff3d0fc13436a9d6090b9a6aaa6aa: Bootstrap replayed 1/1 log segments. Stats: ops{read=28 overwritten=0 applied=28 ignored=18} inserts{seen=0 ignored=0} mutations{seen=3 ignored=0} orphaned_commits=0. Pending: 0 replicates
I0721 23:22:22.965107 12000 tablet_bootstrap.cc:1040] T 67b0e5f3081d4c34be5dac68a0b10025 P 2aeff3d0fc13436a9d6090b9a6aaa6aa: ReplayState: Previous OpId: 2.28, Committed OpId: 2.28, Pending Replicates: 0, Pending Commits: 0
I0721 23:22:22.965374 12000 tablet_bootstrap.cc:656] T 67b0e5f3081d4c34be5dac68a0b10025 P 2aeff3d0fc13436a9d6090b9a6aaa6aa: Preparing to delete log recovery files and directory /tmp/kudutest-1000/alter_table-randomized-test.AlterTableRandomized.TestRandomSequence.1469143337762994-10972/minicluster-data/ts-0/wals/67b0e5f3081d4c34be5dac68a0b10025.recovery
I0721 23:22:22.965409 12000 tablet_bootstrap.cc:659] T 67b0e5f3081d4c34be5dac68a0b10025 P 2aeff3d0fc13436a9d6090b9a6aaa6aa: Renaming log recovery dir from /tmp/kudutest-1000/alter_table-randomized-test.AlterTableRandomized.TestRandomSequence.1469143337762994-10972/minicluster-data/ts-0/wals/67b0e5f3081d4c34be5dac68a0b10025.recovery to /tmp/kudutest-1000/alter_table-randomized-test.AlterTableRandomized.TestRandomSequence.1469143337762994-10972/minicluster-data/ts-0/wals/67b0e5f3081d4c34be5dac68a0b10025.recovery-1469143342965408
I0721 23:22:22.965433 12000 tablet_bootstrap.cc:669] T 67b0e5f3081d4c34be5dac68a0b10025 P 2aeff3d0fc13436a9d6090b9a6aaa6aa: Deleting all files from renamed log recovery directory /tmp/kudutest-1000/alter_table-randomized-test.AlterTableRandomized.TestRandomSequence.1469143337762994-10972/minicluster-data/ts-0/wals/67b0e5f3081d4c34be5dac68a0b10025.recovery-1469143342965408
I0721 23:22:22.965555 12000 tablet_bootstrap.cc:672] T 67b0e5f3081d4c34be5dac68a0b10025 P 2aeff3d0fc13436a9d6090b9a6aaa6aa: Completed deletion of old log recovery files and directory /tmp/kudutest-1000/alter_table-randomized-test.AlterTableRandomized.TestRandomSequence.1469143337762994-10972/minicluster-data/ts-0/wals/67b0e5f3081d4c34be5dac68a0b10025.recovery-1469143342965408
I0721 23:22:22.966045 12000 tablet_bootstrap.cc:400] T 67b0e5f3081d4c34be5dac68a0b10025 P 2aeff3d0fc13436a9d6090b9a6aaa6aa: Bootstrap complete.
I0721 23:22:22.970834 12000 ts_tablet_manager.cc:636] T 67b0e5f3081d4c34be5dac68a0b10025 P 2aeff3d0fc13436a9d6090b9a6aaa6aa: Time spent bootstrapping tablet: real 0.036s user 0.016s sys 0.020s
I0721 23:22:22.971082 12000 raft_consensus.cc:269] T 67b0e5f3081d4c34be5dac68a0b10025 P 2aeff3d0fc13436a9d6090b9a6aaa6aa [term 2 FOLLOWER]: Replica starting. Triggering 0 pending transactions. Active config: opid_index: -1 peers { permanent_uuid: "d248c9dacad642be9a5fabec3add151e" member_type: VOTER last_known_addr { host: "127.42.220.1" port: 37489 } } peers { permanent_uuid: "2aeff3d0fc13436a9d6090b9a6aaa6aa" member_type: VOTER last_known_addr { host: "127.42.220.0" port: 48563 } } peers { permanent_uuid: "4d5cad21cdbe462d87174e9da291a046" member_type: VOTER last_known_addr { host: "127.42.220.2" port: 37062 } }
I0721 23:22:22.971101 12000 raft_consensus.cc:499] T 67b0e5f3081d4c34be5dac68a0b10025 P 2aeff3d0fc13436a9d6090b9a6aaa6aa [term 2 FOLLOWER]: Becoming Follower/Learner. State: Replica: 2aeff3d0fc13436a9d6090b9a6aaa6aa, State: 1, Role: FOLLOWER Watermarks: {Received: term: 2 index: 28 Committed: term: 2 index: 28}
I0721 23:22:22.971107 12000 consensus_queue.cc:162] T 67b0e5f3081d4c34be5dac68a0b10025 P 2aeff3d0fc13436a9d6090b9a6aaa6aa [NON_LEADER]: Queue going to NON_LEADER mode. State: All replicated op: 0.0, Majority replicated op: 0.0, Committed index: 0.0, Last appended: 2.28, Current term: 0, Majority size: -1, State: 1, Mode: NON_LEADER
I0721 23:22:22.971246 12000 ts_tablet_manager.cc:663] T 67b0e5f3081d4c34be5dac68a0b10025 P 2aeff3d0fc13436a9d6090b9a6aaa6aa: Time spent starting tablet: real 0.000s user 0.000s sys 0.004s
I0721 23:22:22.971264 12000 ts_tablet_manager.cc:631] T cd48ba26a30f42b4a776b30f67eb48d3 P 2aeff3d0fc13436a9d6090b9a6aaa6aa: Bootstrapping tablet
I0721 23:22:22.971359 12000 tablet_bootstrap.cc:400] T cd48ba26a30f42b4a776b30f67eb48d3 P 2aeff3d0fc13436a9d6090b9a6aaa6aa: Bootstrap starting.
I0721 23:22:22.971429 12000 tablet_bootstrap.cc:563] T cd48ba26a30f42b4a776b30f67eb48d3 P 2aeff3d0fc13436a9d6090b9a6aaa6aa: Time spent opening tablet: real 0.000s user 0.000s sys 0.000s
I0721 23:22:22.971499 12000 tablet_bootstrap.cc:619] T cd48ba26a30f42b4a776b30f67eb48d3 P 2aeff3d0fc13436a9d6090b9a6aaa6aa: Will attempt to recover log segment /tmp/kudutest-1000/alter_table-randomized-test.AlterTableRandomized.TestRandomSequence.1469143337762994-10972/minicluster-data/ts-0/wals/cd48ba26a30f42b4a776b30f67eb48d3/wal-000000001 to /tmp/kudutest-1000/alter_table-randomized-test.AlterTableRandomized.TestRandomSequence.1469143337762994-10972/minicluster-data/ts-0/wals/cd48ba26a30f42b4a776b30f67eb48d3.recovery/wal-000000001
I0721 23:22:22.971508 12000 tablet_bootstrap.cc:627] T cd48ba26a30f42b4a776b30f67eb48d3 P 2aeff3d0fc13436a9d6090b9a6aaa6aa: Moving log directory /tmp/kudutest-1000/alter_table-randomized-test.AlterTableRandomized.TestRandomSequence.1469143337762994-10972/minicluster-data/ts-0/wals/cd48ba26a30f42b4a776b30f67eb48d3 to recovery directory /tmp/kudutest-1000/alter_table-randomized-test.AlterTableRandomized.TestRandomSequence.1469143337762994-10972/minicluster-data/ts-0/wals/cd48ba26a30f42b4a776b30f67eb48d3.recovery in preparation for log replay
W0721 23:22:22.971623 12000 log_util.cc:311] Could not read footer for segment: /tmp/kudutest-1000/alter_table-randomized-test.AlterTableRandomized.TestRandomSequence.1469143337762994-10972/minicluster-data/ts-0/wals/cd48ba26a30f42b4a776b30f67eb48d3.recovery/wal-000000001: Not found: Footer not found. Footer magic doesn't match
I0721 23:22:22.971635 12000 log_reader.cc:152] Log segment /tmp/kudutest-1000/alter_table-randomized-test.AlterTableRandomized.TestRandomSequence.1469143337762994-10972/minicluster-data/ts-0/wals/cd48ba26a30f42b4a776b30f67eb48d3.recovery/wal-000000001 was likely left in-progress after a previous crash. Will try to rebuild footer by scanning data.
I0721 23:22:22.971674 12000 log_util.cc:569] Scanning /tmp/kudutest-1000/alter_table-randomized-test.AlterTableRandomized.TestRandomSequence.1469143337762994-10972/minicluster-data/ts-0/wals/cd48ba26a30f42b4a776b30f67eb48d3.recovery/wal-000000001 for valid entry headers following offset 1014...
I0721 23:22:23.000942 12000 log_util.cc:606] Found no log entry headers
I0721 23:22:23.000980 12000 log_util.cc:215] Ignoring log segment corruption in /tmp/kudutest-1000/alter_table-randomized-test.AlterTableRandomized.TestRandomSequence.1469143337762994-10972/minicluster-data/ts-0/wals/cd48ba26a30f42b4a776b30f67eb48d3.recovery/wal-000000001 because there are no log entries following the corrupted one. The server probably crashed in the middle of writing an entry to the write-ahead log or downloaded an active log via remote bootstrap. Error detail: Corruption: CRC mismatch in log entry header: Log file corruption detected. Failed trying to read batch #0 at offset 1002 for log segment /tmp/kudutest-1000/alter_table-randomized-test.AlterTableRandomized.TestRandomSequence.1469143337762994-10972/minicluster-data/ts-0/wals/cd48ba26a30f42b4a776b30f67eb48d3.recovery/wal-000000001: Prior entries: [off=817 REPLICATE (1.4)] [off=843 COMMIT (1.4)] [off=968 REPLICATE (1.5)] [off=1002 COMMIT (1.5)]
I0721 23:22:23.000985 12000 log_util.cc:359] Successfully rebuilt footer for segment: /tmp/kudutest-1000/alter_table-randomized-test.AlterTableRandomized.TestRandomSequence.1469143337762994-10972/minicluster-data/ts-0/wals/cd48ba26a30f42b4a776b30f67eb48d3.recovery/wal-000000001 (valid entries through byte offset 1002)
I0721 23:22:23.001011 12000 tablet.cc:853] T cd48ba26a30f42b4a776b30f67eb48d3 Rewinding schema during bootstrap to Schema [ 0:key[int32 NOT NULL], 4:c123[int32 NOT NULL], 5:c137[int32 NULLABLE] ]
I0721 23:22:23.001889 12000 tablet.cc:824] T cd48ba26a30f42b4a776b30f67eb48d3 Alter schema from Schema [ 0:key[int32 NOT NULL], 4:c123[int32 NOT NULL], 5:c137[int32 NULLABLE] ] version 0 to Schema [ 0:key[int32 NOT NULL], 4:c123[int32 NOT NULL], 5:c137[int32 NULLABLE] ] version 4
I0721 23:22:23.001905 12000 tablet_metadata.cc:428] Not flushing: waiting for 1 pins to be released.
I0721 23:22:23.001945 12000 tablet.cc:819] T cd48ba26a30f42b4a776b30f67eb48d3 Already running schema version 4 got alter request for version 4
I0721 23:22:23.001986 12000 tablet.cc:824] T cd48ba26a30f42b4a776b30f67eb48d3 Alter schema from Schema [ 0:key[int32 NOT NULL], 4:c123[int32 NOT NULL], 5:c137[int32 NULLABLE] ] version 4 to Schema [ 0:key[int32 NOT NULL], 5:c137[int32 NULLABLE] ] version 5
I0721 23:22:23.002014 12000 tablet.cc:763] MemRowSet was empty: no flush needed.
I0721 23:22:23.002027 12000 tablet_metadata.cc:428] Not flushing: waiting for 1 pins to be released.
I0721 23:22:23.002146 12000 tablet_bootstrap.cc:400] T cd48ba26a30f42b4a776b30f67eb48d3 P 2aeff3d0fc13436a9d6090b9a6aaa6aa: Bootstrap replayed 1/1 log segments. Stats: ops{read=5 overwritten=0 applied=5 ignored=0} inserts{seen=1 ignored=0} mutations{seen=0 ignored=0} orphaned_commits=0. Pending: 0 replicates
I0721 23:22:23.002158 12000 tablet_bootstrap.cc:1040] T cd48ba26a30f42b4a776b30f67eb48d3 P 2aeff3d0fc13436a9d6090b9a6aaa6aa: ReplayState: Previous OpId: 1.5, Committed OpId: 1.5, Pending Replicates: 0, Pending Commits: 0
I0721 23:22:23.002439 12000 tablet_bootstrap.cc:656] T cd48ba26a30f42b4a776b30f67eb48d3 P 2aeff3d0fc13436a9d6090b9a6aaa6aa: Preparing to delete log recovery files and directory /tmp/kudutest-1000/alter_table-randomized-test.AlterTableRandomized.TestRandomSequence.1469143337762994-10972/minicluster-data/ts-0/wals/cd48ba26a30f42b4a776b30f67eb48d3.recovery
I0721 23:22:23.002455 12000 tablet_bootstrap.cc:659] T cd48ba26a30f42b4a776b30f67eb48d3 P 2aeff3d0fc13436a9d6090b9a6aaa6aa: Renaming log recovery dir from /tmp/kudutest-1000/alter_table-randomized-test.AlterTableRandomized.TestRandomSequence.1469143337762994-10972/minicluster-data/ts-0/wals/cd48ba26a30f42b4a776b30f67eb48d3.recovery to /tmp/kudutest-1000/alter_table-randomized-test.AlterTableRandomized.TestRandomSequence.1469143337762994-10972/minicluster-data/ts-0/wals/cd48ba26a30f42b4a776b30f67eb48d3.recovery-1469143343002455
I0721 23:22:23.002486 12000 tablet_bootstrap.cc:669] T cd48ba26a30f42b4a776b30f67eb48d3 P 2aeff3d0fc13436a9d6090b9a6aaa6aa: Deleting all files from renamed log recovery directory /tmp/kudutest-1000/alter_table-randomized-test.AlterTableRandomized.TestRandomSequence.1469143337762994-10972/minicluster-data/ts-0/wals/cd48ba26a30f42b4a776b30f67eb48d3.recovery-1469143343002455
I0721 23:22:23.002614 12000 tablet_bootstrap.cc:672] T cd48ba26a30f42b4a776b30f67eb48d3 P 2aeff3d0fc13436a9d6090b9a6aaa6aa: Completed deletion of old log recovery files and directory /tmp/kudutest-1000/alter_table-randomized-test.AlterTableRandomized.TestRandomSequence.1469143337762994-10972/minicluster-data/ts-0/wals/cd48ba26a30f42b4a776b30f67eb48d3.recovery-1469143343002455
I0721 23:22:23.003103 12000 tablet_bootstrap.cc:400] T cd48ba26a30f42b4a776b30f67eb48d3 P 2aeff3d0fc13436a9d6090b9a6aaa6aa: Bootstrap complete.
I0721 23:22:23.007930 12000 ts_tablet_manager.cc:636] T cd48ba26a30f42b4a776b30f67eb48d3 P 2aeff3d0fc13436a9d6090b9a6aaa6aa: Time spent bootstrapping tablet: real 0.037s user 0.000s sys 0.032s
I0721 23:22:23.008211 12000 raft_consensus.cc:269] T cd48ba26a30f42b4a776b30f67eb48d3 P 2aeff3d0fc13436a9d6090b9a6aaa6aa [term 1 FOLLOWER]: Replica starting. Triggering 0 pending transactions. Active config: opid_index: -1 peers { permanent_uuid: "2aeff3d0fc13436a9d6090b9a6aaa6aa" member_type: VOTER last_known_addr { host: "127.42.220.0" port: 48563 } } peers { permanent_uuid: "d248c9dacad642be9a5fabec3add151e" member_type: VOTER last_known_addr { host: "127.42.220.1" port: 37489 } } peers { permanent_uuid: "4d5cad21cdbe462d87174e9da291a046" member_type: VOTER last_known_addr { host: "127.42.220.2" port: 37062 } }
I0721 23:22:23.008230 12000 raft_consensus.cc:499] T cd48ba26a30f42b4a776b30f67eb48d3 P 2aeff3d0fc13436a9d6090b9a6aaa6aa [term 1 FOLLOWER]: Becoming Follower/Learner. State: Replica: 2aeff3d0fc13436a9d6090b9a6aaa6aa, State: 1, Role: FOLLOWER Watermarks: {Received: term: 1 index: 5 Committed: term: 1 index: 5}
I0721 23:22:23.008237 12000 consensus_queue.cc:162] T cd48ba26a30f42b4a776b30f67eb48d3 P 2aeff3d0fc13436a9d6090b9a6aaa6aa [NON_LEADER]: Queue going to NON_LEADER mode. State: All replicated op: 0.0, Majority replicated op: 0.0, Committed index: 0.0, Last appended: 1.5, Current term: 0, Majority size: -1, State: 1, Mode: NON_LEADER
I0721 23:22:23.008411 12000 ts_tablet_manager.cc:663] T cd48ba26a30f42b4a776b30f67eb48d3 P 2aeff3d0fc13436a9d6090b9a6aaa6aa: Time spent starting tablet: real 0.000s user 0.000s sys 0.004s
I0721 23:22:23.013571 10972 alter_table-randomized-test.cc:97] TS 0 Restarted
I0721 23:22:23.015202 10972 alter_table-randomized-test.cc:385] Beginning Alterations
I0721 23:22:23.015439 10972 alter_table-randomized-test.cc:450] Adding range partition: [1140850671, 1207959534) resulting partitions: (67108863, 134217726], (335544315, 402653178], (536870904, 603979767], (603979767, 671088630], (671088630, 738197493], (805306356, 872415219], (872415219, 939524082], (939524082, 1006632945], (1073741808, 1140850671], (1140850671, 1207959534], (1207959534, 1275068397], (1476394986, 1543503849], (1879048164, 1946157027], (2013265890, 2080374753], (2080374753, 2147483616)
I0721 23:22:23.015467 10972 alter_table-randomized-test.cc:450] Adding range partition: [1610612712, 1677721575) resulting partitions: (67108863, 134217726], (335544315, 402653178], (536870904, 603979767], (603979767, 671088630], (671088630, 738197493], (805306356, 872415219], (872415219, 939524082], (939524082, 1006632945], (1073741808, 1140850671], (1140850671, 1207959534], (1207959534, 1275068397], (1476394986, 1543503849], (1610612712, 1677721575], (1879048164, 1946157027], (2013265890, 2080374753], (2080374753, 2147483616)
I0721 23:22:23.015475 10972 alter_table-randomized-test.cc:450] Adding range partition: [1543503849, 1610612712) resulting partitions: (67108863, 134217726], (335544315, 402653178], (536870904, 603979767], (603979767, 671088630], (671088630, 738197493], (805306356, 872415219], (872415219, 939524082], (939524082, 1006632945], (1073741808, 1140850671], (1140850671, 1207959534], (1207959534, 1275068397], (1476394986, 1543503849], (1543503849, 1610612712], (1610612712, 1677721575], (1879048164, 1946157027], (2013265890, 2080374753], (2080374753, 2147483616)
I0721 23:22:23.015480 10972 alter_table-randomized-test.cc:450] Adding range partition: [1811939301, 1879048164) resulting partitions: (67108863, 134217726], (335544315, 402653178], (536870904, 603979767], (603979767, 671088630], (671088630, 738197493], (805306356, 872415219], (872415219, 939524082], (939524082, 1006632945], (1073741808, 1140850671], (1140850671, 1207959534], (1207959534, 1275068397], (1476394986, 1543503849], (1543503849, 1610612712], (1610612712, 1677721575], (1811939301, 1879048164], (1879048164, 1946157027], (2013265890, 2080374753], (2080374753, 2147483616)
I0721 23:22:23.015491 10972 alter_table-randomized-test.cc:466] Dropping range partition: [1476394986, 1543503849) resulting partitions: (67108863, 134217726], (335544315, 402653178], (536870904, 603979767], (603979767, 671088630], (671088630, 738197493], (805306356, 872415219], (872415219, 939524082], (939524082, 1006632945], (1073741808, 1140850671], (1140850671, 1207959534], (1207959534, 1275068397], (1543503849, 1610612712], (1610612712, 1677721575], (1811939301, 1879048164], (1879048164, 1946157027], (2013265890, 2080374753], (2080374753, 2147483616)
I0721 23:22:23.015504 10972 alter_table-randomized-test.cc:466] Dropping range partition: [671088630, 738197493) resulting partitions: (67108863, 134217726], (335544315, 402653178], (536870904, 603979767], (603979767, 671088630], (805306356, 872415219], (872415219, 939524082], (939524082, 1006632945], (1073741808, 1140850671], (1140850671, 1207959534], (1207959534, 1275068397], (1543503849, 1610612712], (1610612712, 1677721575], (1811939301, 1879048164], (1879048164, 1946157027], (2013265890, 2080374753], (2080374753, 2147483616)
I0721 23:22:23.015512 10972 alter_table-randomized-test.cc:407] Committing Alterations
I0721 23:22:23.015813 10996 catalog_manager.cc:1359] Servicing AlterTable request from {real_user=slave, eff_user=} at 127.0.0.1:52512: table { table_name: "test-table" } alter_schema_steps { type: ADD_RANGE_PARTITION add_range_partition { range_bounds { rows: "\006\001\000\357\377\377C\007\001\000\356\377\377G" } } } alter_schema_steps { type: ADD_RANGE_PARTITION add_range_partition { range_bounds { rows: "\006\001\000\350\377\377_\007\001\000\347\377\377c" } } } alter_schema_steps { type: ADD_RANGE_PARTITION add_range_partition { range_bounds { rows: "\006\001\000\351\377\377[\007\001\000\350\377\377_" } } } alter_schema_steps { type: ADD_RANGE_PARTITION add_range_partition { range_bounds { rows: "\006\001\000\345\377\377k\007\001\000\344\377\377o" } } } alter_schema_steps { type: DROP_RANGE_PARTITION drop_range_partition { range_bounds { rows: "\006\001\000\352\377\377W\007\001\000\351\377\377[" } } } alter_schema_steps { type: DROP_RANGE_PARTITION drop_range_partition { range_bounds { rows: "\006\001\000\366\377\377\'\007\001\000\365\377\377+" } } } schema { columns { name: "key" type: INT32 is_key: true is_nullable: false encoding: AUTO_ENCODING compression: DEFAULT_COMPRESSION cfile_block_size: 0 } columns { name: "c137" type: INT32 is_key: false is_nullable: true encoding: AUTO_ENCODING compression: DEFAULT_COMPRESSION cfile_block_size: 0 } }
W0721 23:22:23.016436 10996 catalog_manager.cc:2160] Unable to reset TS proxy: Not found: No leader found: Tablet d8dc71543f874434a91e5a91e720b7b3 has no consensus state
W0721 23:22:23.016451 10996 catalog_manager.cc:2770] Failed to send alter table request: Not found: Failed to reset TS proxy: No leader found: Tablet d8dc71543f874434a91e5a91e720b7b3 has no consensus state
W0721 23:22:23.016463 10996 catalog_manager.cc:2160] Unable to reset TS proxy: Not found: No leader found: Tablet 4d01ea135b3e48929ff3ed0d140be9ab has no consensus state
W0721 23:22:23.016468 10996 catalog_manager.cc:2770] Failed to send alter table request: Not found: Failed to reset TS proxy: No leader found: Tablet 4d01ea135b3e48929ff3ed0d140be9ab has no consensus state
W0721 23:22:23.016470 10996 catalog_manager.cc:2160] Unable to reset TS proxy: Not found: No leader found: Tablet 8be26ea17cb04d4882ac6cc20f435a0e has no consensus state
W0721 23:22:23.016474 10996 catalog_manager.cc:2770] Failed to send alter table request: Not found: Failed to reset TS proxy: No leader found: Tablet 8be26ea17cb04d4882ac6cc20f435a0e has no consensus state
W0721 23:22:23.016477 10996 catalog_manager.cc:2160] Unable to reset TS proxy: Not found: No leader found: Tablet d165e55b67964c75b43791cdb2fd98ab has no consensus state
W0721 23:22:23.016479 10996 catalog_manager.cc:2770] Failed to send alter table request: Not found: Failed to reset TS proxy: No leader found: Tablet d165e55b67964c75b43791cdb2fd98ab has no consensus state
I0721 23:22:23.016494 10996 catalog_manager.cc:2796] Sending DeleteTablet for 3 replicas of tablet cd48ba26a30f42b4a776b30f67eb48d3
I0721 23:22:23.016500 10996 catalog_manager.cc:2812] T 00000000000000000000000000000000 P ed427968d4be45578319d4ea8dca073a: Deleting tablet cd48ba26a30f42b4a776b30f67eb48d3 on peer 2aeff3d0fc13436a9d6090b9a6aaa6aa with delete type TABLET_DATA_DELETED (Partition dropped at 2016-07-21 23:22:23 UTC)
I0721 23:22:23.016510 10996 catalog_manager.cc:2812] T 00000000000000000000000000000000 P ed427968d4be45578319d4ea8dca073a: Deleting tablet cd48ba26a30f42b4a776b30f67eb48d3 on peer d248c9dacad642be9a5fabec3add151e with delete type TABLET_DATA_DELETED (Partition dropped at 2016-07-21 23:22:23 UTC)
I0721 23:22:23.016522 10996 catalog_manager.cc:2812] T 00000000000000000000000000000000 P ed427968d4be45578319d4ea8dca073a: Deleting tablet cd48ba26a30f42b4a776b30f67eb48d3 on peer 4d5cad21cdbe462d87174e9da291a046 with delete type TABLET_DATA_DELETED (Partition dropped at 2016-07-21 23:22:23 UTC)
I0721 23:22:23.016530 10996 catalog_manager.cc:2796] Sending DeleteTablet for 3 replicas of tablet 1ad8690bd1174f529ca41865f7d98cea
I0721 23:22:23.016533 10996 catalog_manager.cc:2812] T 00000000000000000000000000000000 P ed427968d4be45578319d4ea8dca073a: Deleting tablet 1ad8690bd1174f529ca41865f7d98cea on peer d248c9dacad642be9a5fabec3add151e with delete type TABLET_DATA_DELETED (Partition dropped at 2016-07-21 23:22:23 UTC)
I0721 23:22:23.016540 10996 catalog_manager.cc:2812] T 00000000000000000000000000000000 P ed427968d4be45578319d4ea8dca073a: Deleting tablet 1ad8690bd1174f529ca41865f7d98cea on peer 2aeff3d0fc13436a9d6090b9a6aaa6aa with delete type TABLET_DATA_DELETED (Partition dropped at 2016-07-21 23:22:23 UTC)
I0721 23:22:23.016553 10996 catalog_manager.cc:2812] T 00000000000000000000000000000000 P ed427968d4be45578319d4ea8dca073a: Deleting tablet 1ad8690bd1174f529ca41865f7d98cea on peer 4d5cad21cdbe462d87174e9da291a046 with delete type TABLET_DATA_DELETED (Partition dropped at 2016-07-21 23:22:23 UTC)
I0721 23:22:23.016633 11535 tablet_service.cc:651] Processing DeleteTablet for tablet cd48ba26a30f42b4a776b30f67eb48d3 with delete_type TABLET_DATA_DELETED (Partition dropped at 2016-07-21 23:22:23 UTC) from {real_user=slave, eff_user=} at 127.0.0.1:53314
I0721 23:22:23.016650 11535 tablet_peer.cc:214] Initiating TabletPeer shutdown for tablet: cd48ba26a30f42b4a776b30f67eb48d3
I0721 23:22:23.016659 11535 maintenance_manager.cc:176] Unregistered op CompactRowSetsOp(cd48ba26a30f42b4a776b30f67eb48d3)
I0721 23:22:23.016667 11535 maintenance_manager.cc:176] Unregistered op MinorDeltaCompactionOp(cd48ba26a30f42b4a776b30f67eb48d3)
I0721 23:22:23.016674 11535 maintenance_manager.cc:176] Unregistered op MajorDeltaCompactionOp(cd48ba26a30f42b4a776b30f67eb48d3)
I0721 23:22:23.016683 11535 maintenance_manager.cc:176] Unregistered op FlushMRSOp(cd48ba26a30f42b4a776b30f67eb48d3)
I0721 23:22:23.016690 11535 maintenance_manager.cc:176] Unregistered op FlushDeltaMemStoresOp(cd48ba26a30f42b4a776b30f67eb48d3)
I0721 23:22:23.016693 11535 maintenance_manager.cc:176] Unregistered op LogGCOp(cd48ba26a30f42b4a776b30f67eb48d3)
I0721 23:22:23.016708 11535 raft_consensus.cc:1495] T cd48ba26a30f42b4a776b30f67eb48d3 P d248c9dacad642be9a5fabec3add151e [term 1 FOLLOWER]: Raft consensus shutting down.
I0721 23:22:23.016716 11535 raft_consensus.cc:1511] T cd48ba26a30f42b4a776b30f67eb48d3 P d248c9dacad642be9a5fabec3add151e [term 1 FOLLOWER]: Raft consensus is shut down!
I0721 23:22:23.016739 11533 tablet_service.cc:651] Processing DeleteTablet for tablet 1ad8690bd1174f529ca41865f7d98cea with delete_type TABLET_DATA_DELETED (Partition dropped at 2016-07-21 23:22:23 UTC) from {real_user=slave, eff_user=} at 127.0.0.1:53314
I0721 23:22:23.016747 11533 tablet_peer.cc:214] Initiating TabletPeer shutdown for tablet: 1ad8690bd1174f529ca41865f7d98cea
I0721 23:22:23.016752 11533 maintenance_manager.cc:176] Unregistered op CompactRowSetsOp(1ad8690bd1174f529ca41865f7d98cea)
I0721 23:22:23.016757 11533 maintenance_manager.cc:176] Unregistered op MinorDeltaCompactionOp(1ad8690bd1174f529ca41865f7d98cea)
I0721 23:22:23.016762 11533 maintenance_manager.cc:176] Unregistered op MajorDeltaCompactionOp(1ad8690bd1174f529ca41865f7d98cea)
I0721 23:22:23.016767 11533 maintenance_manager.cc:176] Unregistered op FlushMRSOp(1ad8690bd1174f529ca41865f7d98cea)
I0721 23:22:23.016772 11533 maintenance_manager.cc:176] Unregistered op FlushDeltaMemStoresOp(1ad8690bd1174f529ca41865f7d98cea)
I0721 23:22:23.016778 11533 maintenance_manager.cc:176] Unregistered op LogGCOp(1ad8690bd1174f529ca41865f7d98cea)
I0721 23:22:23.016783 11533 raft_consensus.cc:1495] T 1ad8690bd1174f529ca41865f7d98cea P d248c9dacad642be9a5fabec3add151e [term 1 FOLLOWER]: Raft consensus shutting down.
I0721 23:22:23.016788 11533 raft_consensus.cc:1511] T 1ad8690bd1174f529ca41865f7d98cea P d248c9dacad642be9a5fabec3add151e [term 1 FOLLOWER]: Raft consensus is shut down!
I0721 23:22:23.016841 11308 tablet_service.cc:651] Processing DeleteTablet for tablet cd48ba26a30f42b4a776b30f67eb48d3 with delete_type TABLET_DATA_DELETED (Partition dropped at 2016-07-21 23:22:23 UTC) from {real_user=slave, eff_user=} at 127.0.0.1:50147
I0721 23:22:23.016855 11308 tablet_peer.cc:214] Initiating TabletPeer shutdown for tablet: cd48ba26a30f42b4a776b30f67eb48d3
I0721 23:22:23.016863 11308 maintenance_manager.cc:176] Unregistered op CompactRowSetsOp(cd48ba26a30f42b4a776b30f67eb48d3)
I0721 23:22:23.016870 11308 maintenance_manager.cc:176] Unregistered op MinorDeltaCompactionOp(cd48ba26a30f42b4a776b30f67eb48d3)
I0721 23:22:23.016875 11308 maintenance_manager.cc:176] Unregistered op MajorDeltaCompactionOp(cd48ba26a30f42b4a776b30f67eb48d3)
I0721 23:22:23.016885 11308 maintenance_manager.cc:176] Unregistered op FlushMRSOp(cd48ba26a30f42b4a776b30f67eb48d3)
I0721 23:22:23.016888 11308 maintenance_manager.cc:176] Unregistered op FlushDeltaMemStoresOp(cd48ba26a30f42b4a776b30f67eb48d3)
I0721 23:22:23.016892 11308 maintenance_manager.cc:176] Unregistered op LogGCOp(cd48ba26a30f42b4a776b30f67eb48d3)
I0721 23:22:23.016901 11308 raft_consensus.cc:1495] T cd48ba26a30f42b4a776b30f67eb48d3 P 4d5cad21cdbe462d87174e9da291a046 [term 1 FOLLOWER]: Raft consensus shutting down.
I0721 23:22:23.016907 11308 raft_consensus.cc:1511] T cd48ba26a30f42b4a776b30f67eb48d3 P 4d5cad21cdbe462d87174e9da291a046 [term 1 FOLLOWER]: Raft consensus is shut down!
I0721 23:22:23.016929 11312 tablet_service.cc:651] Processing DeleteTablet for tablet 1ad8690bd1174f529ca41865f7d98cea with delete_type TABLET_DATA_DELETED (Partition dropped at 2016-07-21 23:22:23 UTC) from {real_user=slave, eff_user=} at 127.0.0.1:50147
I0721 23:22:23.016937 11312 tablet_peer.cc:214] Initiating TabletPeer shutdown for tablet: 1ad8690bd1174f529ca41865f7d98cea
I0721 23:22:23.016943 11312 maintenance_manager.cc:176] Unregistered op CompactRowSetsOp(1ad8690bd1174f529ca41865f7d98cea)
I0721 23:22:23.016948 11312 maintenance_manager.cc:176] Unregistered op MinorDeltaCompactionOp(1ad8690bd1174f529ca41865f7d98cea)
I0721 23:22:23.016952 11312 maintenance_manager.cc:176] Unregistered op MajorDeltaCompactionOp(1ad8690bd1174f529ca41865f7d98cea)
I0721 23:22:23.016954 11535 ts_tablet_manager.cc:960] T cd48ba26a30f42b4a776b30f67eb48d3 P d248c9dacad642be9a5fabec3add151e: Deleting tablet data with delete state TABLET_DATA_DELETED
I0721 23:22:23.016957 11312 maintenance_manager.cc:176] Unregistered op FlushMRSOp(1ad8690bd1174f529ca41865f7d98cea)
I0721 23:22:23.016962 11312 maintenance_manager.cc:176] Unregistered op FlushDeltaMemStoresOp(1ad8690bd1174f529ca41865f7d98cea)
I0721 23:22:23.016965 11312 maintenance_manager.cc:176] Unregistered op LogGCOp(1ad8690bd1174f529ca41865f7d98cea)
I0721 23:22:23.016970 11312 raft_consensus.cc:1495] T 1ad8690bd1174f529ca41865f7d98cea P 4d5cad21cdbe462d87174e9da291a046 [term 1 LEADER]: Raft consensus shutting down.
I0721 23:22:23.017073 12042 tablet_service.cc:651] Processing DeleteTablet for tablet cd48ba26a30f42b4a776b30f67eb48d3 with delete_type TABLET_DATA_DELETED (Partition dropped at 2016-07-21 23:22:23 UTC) from {real_user=slave, eff_user=} at 127.0.0.1:50555
I0721 23:22:23.017084 12042 tablet_peer.cc:214] Initiating TabletPeer shutdown for tablet: cd48ba26a30f42b4a776b30f67eb48d3
I0721 23:22:23.017089 12042 maintenance_manager.cc:176] Unregistered op CompactRowSetsOp(cd48ba26a30f42b4a776b30f67eb48d3)
I0721 23:22:23.017094 12042 maintenance_manager.cc:176] Unregistered op MinorDeltaCompactionOp(cd48ba26a30f42b4a776b30f67eb48d3)
I0721 23:22:23.017098 12042 maintenance_manager.cc:176] Unregistered op MajorDeltaCompactionOp(cd48ba26a30f42b4a776b30f67eb48d3)
I0721 23:22:23.017103 12042 maintenance_manager.cc:176] Unregistered op FlushMRSOp(cd48ba26a30f42b4a776b30f67eb48d3)
I0721 23:22:23.017107 12042 maintenance_manager.cc:176] Unregistered op FlushDeltaMemStoresOp(cd48ba26a30f42b4a776b30f67eb48d3)
I0721 23:22:23.017110 12042 maintenance_manager.cc:176] Unregistered op LogGCOp(cd48ba26a30f42b4a776b30f67eb48d3)
I0721 23:22:23.017115 12042 raft_consensus.cc:1495] T cd48ba26a30f42b4a776b30f67eb48d3 P 2aeff3d0fc13436a9d6090b9a6aaa6aa [term 1 FOLLOWER]: Raft consensus shutting down.
I0721 23:22:23.017119 12042 raft_consensus.cc:1511] T cd48ba26a30f42b4a776b30f67eb48d3 P 2aeff3d0fc13436a9d6090b9a6aaa6aa [term 1 FOLLOWER]: Raft consensus is shut down!
I0721 23:22:23.017192 12037 tablet_service.cc:651] Processing DeleteTablet for tablet 1ad8690bd1174f529ca41865f7d98cea with delete_type TABLET_DATA_DELETED (Partition dropped at 2016-07-21 23:22:23 UTC) from {real_user=slave, eff_user=} at 127.0.0.1:50555
I0721 23:22:23.017206 12037 tablet_peer.cc:214] Initiating TabletPeer shutdown for tablet: 1ad8690bd1174f529ca41865f7d98cea
I0721 23:22:23.017213 12037 maintenance_manager.cc:176] Unregistered op CompactRowSetsOp(1ad8690bd1174f529ca41865f7d98cea)
I0721 23:22:23.017220 12037 maintenance_manager.cc:176] Unregistered op MinorDeltaCompactionOp(1ad8690bd1174f529ca41865f7d98cea)
I0721 23:22:23.017225 12037 maintenance_manager.cc:176] Unregistered op MajorDeltaCompactionOp(1ad8690bd1174f529ca41865f7d98cea)
I0721 23:22:23.017230 12037 maintenance_manager.cc:176] Unregistered op FlushMRSOp(1ad8690bd1174f529ca41865f7d98cea)
I0721 23:22:23.017235 12037 maintenance_manager.cc:176] Unregistered op FlushDeltaMemStoresOp(1ad8690bd1174f529ca41865f7d98cea)
I0721 23:22:23.017240 12037 maintenance_manager.cc:176] Unregistered op LogGCOp(1ad8690bd1174f529ca41865f7d98cea)
I0721 23:22:23.017244 12037 raft_consensus.cc:1495] T 1ad8690bd1174f529ca41865f7d98cea P 2aeff3d0fc13436a9d6090b9a6aaa6aa [term 1 FOLLOWER]: Raft consensus shutting down.
I0721 23:22:23.017251 12037 raft_consensus.cc:1511] T 1ad8690bd1174f529ca41865f7d98cea P 2aeff3d0fc13436a9d6090b9a6aaa6aa [term 1 FOLLOWER]: Raft consensus is shut down!
I0721 23:22:23.017328 11312 consensus_peers.cc:358] T 1ad8690bd1174f529ca41865f7d98cea P 4d5cad21cdbe462d87174e9da291a046 -> Peer 2aeff3d0fc13436a9d6090b9a6aaa6aa (127.42.220.0:48563): Closing peer: 2aeff3d0fc13436a9d6090b9a6aaa6aa
I0721 23:22:23.017329 12042 ts_tablet_manager.cc:960] T cd48ba26a30f42b4a776b30f67eb48d3 P 2aeff3d0fc13436a9d6090b9a6aaa6aa: Deleting tablet data with delete state TABLET_DATA_DELETED
I0721 23:22:23.017411 11312 consensus_peers.cc:358] T 1ad8690bd1174f529ca41865f7d98cea P 4d5cad21cdbe462d87174e9da291a046 -> Peer d248c9dacad642be9a5fabec3add151e (127.42.220.1:37489): Closing peer: d248c9dacad642be9a5fabec3add151e
I0721 23:22:23.017726 11530 tablet_service.cc:610] Processing CreateTablet for tablet d8dc71543f874434a91e5a91e720b7b3 (table=test-table [id=41787a805a7a407ca4ef642fee224d02]), partition=range: [(int32 key=1140850671), (int32 key=1207959534))
I0721 23:22:23.017838 11532 tablet_service.cc:610] Processing CreateTablet for tablet 4d01ea135b3e48929ff3ed0d140be9ab (table=test-table [id=41787a805a7a407ca4ef642fee224d02]), partition=range: [(int32 key=1543503849), (int32 key=1610612712))
I0721 23:22:23.017875 11312 raft_consensus.cc:1511] T 1ad8690bd1174f529ca41865f7d98cea P 4d5cad21cdbe462d87174e9da291a046 [term 1 LEADER]: Raft consensus is shut down!
I0721 23:22:23.017915 11534 tablet_service.cc:610] Processing CreateTablet for tablet 8be26ea17cb04d4882ac6cc20f435a0e (table=test-table [id=41787a805a7a407ca4ef642fee224d02]), partition=range: [(int32 key=1610612712), (int32 key=1677721575))
I0721 23:22:23.017976 11531 tablet_service.cc:610] Processing CreateTablet for tablet d165e55b67964c75b43791cdb2fd98ab (table=test-table [id=41787a805a7a407ca4ef642fee224d02]), partition=range: [(int32 key=1811939301), (int32 key=1879048164))
I0721 23:22:23.018244 12042 ts_tablet_manager.cc:970] T cd48ba26a30f42b4a776b30f67eb48d3 P 2aeff3d0fc13436a9d6090b9a6aaa6aa: Tablet deleted. Last logged OpId: 1.5
I0721 23:22:23.018411 12037 ts_tablet_manager.cc:960] T 1ad8690bd1174f529ca41865f7d98cea P 2aeff3d0fc13436a9d6090b9a6aaa6aa: Deleting tablet data with delete state TABLET_DATA_DELETED
I0721 23:22:23.018420 11533 ts_tablet_manager.cc:960] T 1ad8690bd1174f529ca41865f7d98cea P d248c9dacad642be9a5fabec3add151e: Deleting tablet data with delete state TABLET_DATA_DELETED
I0721 23:22:23.018563 12041 tablet_service.cc:610] Processing CreateTablet for tablet d165e55b67964c75b43791cdb2fd98ab (table=test-table [id=41787a805a7a407ca4ef642fee224d02]), partition=range: [(int32 key=1811939301), (int32 key=1879048164))
I0721 23:22:23.018669 12042 tablet_bootstrap.cc:400] T cd48ba26a30f42b4a776b30f67eb48d3 P 2aeff3d0fc13436a9d6090b9a6aaa6aa: Deleted tablet blocks from disk
I0721 23:22:23.018738 11309 tablet_service.cc:610] Processing CreateTablet for tablet 8be26ea17cb04d4882ac6cc20f435a0e (table=test-table [id=41787a805a7a407ca4ef642fee224d02]), partition=range: [(int32 key=1610612712), (int32 key=1677721575))
I0721 23:22:23.018800 11311 tablet_service.cc:610] Processing CreateTablet for tablet d165e55b67964c75b43791cdb2fd98ab (table=test-table [id=41787a805a7a407ca4ef642fee224d02]), partition=range: [(int32 key=1811939301), (int32 key=1879048164))
I0721 23:22:23.019033 12040 tablet_service.cc:610] Processing CreateTablet for tablet 8be26ea17cb04d4882ac6cc20f435a0e (table=test-table [id=41787a805a7a407ca4ef642fee224d02]), partition=range: [(int32 key=1610612712), (int32 key=1677721575))
I0721 23:22:23.019227 11310 tablet_service.cc:610] Processing CreateTablet for tablet d8dc71543f874434a91e5a91e720b7b3 (table=test-table [id=41787a805a7a407ca4ef642fee224d02]), partition=range: [(int32 key=1140850671), (int32 key=1207959534))
I0721 23:22:23.019249 12039 tablet_service.cc:610] Processing CreateTablet for tablet 4d01ea135b3e48929ff3ed0d140be9ab (table=test-table [id=41787a805a7a407ca4ef642fee224d02]), partition=range: [(int32 key=1543503849), (int32 key=1610612712))
I0721 23:22:23.019409 12038 tablet_service.cc:610] Processing CreateTablet for tablet d8dc71543f874434a91e5a91e720b7b3 (table=test-table [id=41787a805a7a407ca4ef642fee224d02]), partition=range: [(int32 key=1140850671), (int32 key=1207959534))
I0721 23:22:23.019434 11309 ts_tablet_manager.cc:765] Registered tablet 8be26ea17cb04d4882ac6cc20f435a0e
I0721 23:22:23.019479 11313 tablet_service.cc:610] Processing CreateTablet for tablet 4d01ea135b3e48929ff3ed0d140be9ab (table=test-table [id=41787a805a7a407ca4ef642fee224d02]), partition=range: [(int32 key=1543503849), (int32 key=1610612712))
I0721 23:22:23.019634 12041 ts_tablet_manager.cc:765] Registered tablet d165e55b67964c75b43791cdb2fd98ab
I0721 23:22:23.019704 12000 ts_tablet_manager.cc:631] T d165e55b67964c75b43791cdb2fd98ab P 2aeff3d0fc13436a9d6090b9a6aaa6aa: Bootstrapping tablet
I0721 23:22:23.019771 11312 ts_tablet_manager.cc:960] T 1ad8690bd1174f529ca41865f7d98cea P 4d5cad21cdbe462d87174e9da291a046: Deleting tablet data with delete state TABLET_DATA_DELETED
I0721 23:22:23.019862 12000 tablet_bootstrap.cc:400] T d165e55b67964c75b43791cdb2fd98ab P 2aeff3d0fc13436a9d6090b9a6aaa6aa: Bootstrap starting.
I0721 23:22:23.019873 11310 ts_tablet_manager.cc:765] Registered tablet d8dc71543f874434a91e5a91e720b7b3
I0721 23:22:23.019948 11535 ts_tablet_manager.cc:970] T cd48ba26a30f42b4a776b30f67eb48d3 P d248c9dacad642be9a5fabec3add151e: Tablet deleted. Last logged OpId: 1.5
I0721 23:22:23.019965 12000 tablet_bootstrap.cc:563] T d165e55b67964c75b43791cdb2fd98ab P 2aeff3d0fc13436a9d6090b9a6aaa6aa: Time spent opening tablet: real 0.000s user 0.000s sys 0.000s
I0721 23:22:23.020138 12000 tablet_bootstrap.cc:503] T d165e55b67964c75b43791cdb2fd98ab P 2aeff3d0fc13436a9d6090b9a6aaa6aa: No blocks or log segments found. Creating new log.
I0721 23:22:23.020210 11311 ts_tablet_manager.cc:765] Registered tablet d165e55b67964c75b43791cdb2fd98ab
I0721 23:22:23.020347 11308 ts_tablet_manager.cc:960] T cd48ba26a30f42b4a776b30f67eb48d3 P 4d5cad21cdbe462d87174e9da291a046: Deleting tablet data with delete state TABLET_DATA_DELETED
I0721 23:22:23.021148 10982 catalog_manager.cc:2499] TS 2aeff3d0fc13436a9d6090b9a6aaa6aa: tablet cd48ba26a30f42b4a776b30f67eb48d3 (table test-table [id=41787a805a7a407ca4ef642fee224d02]) successfully deleted
I0721 23:22:23.021435 12175 ts_tablet_manager.cc:631] T 8be26ea17cb04d4882ac6cc20f435a0e P 4d5cad21cdbe462d87174e9da291a046: Bootstrapping tablet
I0721 23:22:23.021678 12175 tablet_bootstrap.cc:400] T 8be26ea17cb04d4882ac6cc20f435a0e P 4d5cad21cdbe462d87174e9da291a046: Bootstrap starting.
I0721 23:22:23.021838 12000 tablet_bootstrap.cc:400] T d165e55b67964c75b43791cdb2fd98ab P 2aeff3d0fc13436a9d6090b9a6aaa6aa: No bootstrap required, opened a new log
I0721 23:22:23.021862 12000 ts_tablet_manager.cc:636] T d165e55b67964c75b43791cdb2fd98ab P 2aeff3d0fc13436a9d6090b9a6aaa6aa: Time spent bootstrapping tablet: real 0.002s user 0.000s sys 0.000s
I0721 23:22:23.021908 12175 tablet_bootstrap.cc:563] T 8be26ea17cb04d4882ac6cc20f435a0e P 4d5cad21cdbe462d87174e9da291a046: Time spent opening tablet: real 0.000s user 0.000s sys 0.000s
I0721 23:22:23.022038 12175 tablet_bootstrap.cc:503] T 8be26ea17cb04d4882ac6cc20f435a0e P 4d5cad21cdbe462d87174e9da291a046: No blocks or log segments found. Creating new log.
I0721 23:22:23.022076 11531 ts_tablet_manager.cc:765] Registered tablet d165e55b67964c75b43791cdb2fd98ab
I0721 23:22:23.022187 12000 raft_consensus.cc:269] T d165e55b67964c75b43791cdb2fd98ab P 2aeff3d0fc13436a9d6090b9a6aaa6aa [term 0 FOLLOWER]: Replica starting. Triggering 0 pending transactions. Active config: opid_index: -1 peers { permanent_uuid: "d248c9dacad642be9a5fabec3add151e" member_type: VOTER last_known_addr { host: "127.42.220.1" port: 37489 } } peers { permanent_uuid: "2aeff3d0fc13436a9d6090b9a6aaa6aa" member_type: VOTER last_known_addr { host: "127.42.220.0" port: 48563 } } peers { permanent_uuid: "4d5cad21cdbe462d87174e9da291a046" member_type: VOTER last_known_addr { host: "127.42.220.2" port: 37062 } }
I0721 23:22:23.022207 12000 raft_consensus.cc:301] T d165e55b67964c75b43791cdb2fd98ab P 2aeff3d0fc13436a9d6090b9a6aaa6aa [term 0 FOLLOWER]: Consensus starting up: Expiring failure detector timer to make a prompt election more likely
I0721 23:22:23.022233 12000 raft_consensus.cc:499] T d165e55b67964c75b43791cdb2fd98ab P 2aeff3d0fc13436a9d6090b9a6aaa6aa [term 0 FOLLOWER]: Becoming Follower/Learner. State: Replica: 2aeff3d0fc13436a9d6090b9a6aaa6aa, State: 1, Role: FOLLOWER Watermarks: {Received: term: 0 index: 0 Committed: term: 0 index: 0}
I0721 23:22:23.022261 12000 consensus_queue.cc:162] T d165e55b67964c75b43791cdb2fd98ab P 2aeff3d0fc13436a9d6090b9a6aaa6aa [NON_LEADER]: Queue going to NON_LEADER mode. State: All replicated op: 0.0, Majority replicated op: 0.0, Committed index: 0.0, Last appended: 0.0, Current term: 0, Majority size: -1, State: 1, Mode: NON_LEADER
I0721 23:22:23.022454 12000 ts_tablet_manager.cc:663] T d165e55b67964c75b43791cdb2fd98ab P 2aeff3d0fc13436a9d6090b9a6aaa6aa: Time spent starting tablet: real 0.001s user 0.000s sys 0.000s
I0721 23:22:23.022531 11308 ts_tablet_manager.cc:970] T cd48ba26a30f42b4a776b30f67eb48d3 P 4d5cad21cdbe462d87174e9da291a046: Tablet deleted. Last logged OpId: 1.5
I0721 23:22:23.022881 12175 tablet_bootstrap.cc:400] T 8be26ea17cb04d4882ac6cc20f435a0e P 4d5cad21cdbe462d87174e9da291a046: No bootstrap required, opened a new log
I0721 23:22:23.022894 12175 ts_tablet_manager.cc:636] T 8be26ea17cb04d4882ac6cc20f435a0e P 4d5cad21cdbe462d87174e9da291a046: Time spent bootstrapping tablet: real 0.001s user 0.000s sys 0.000s
I0721 23:22:23.022917 11312 ts_tablet_manager.cc:970] T 1ad8690bd1174f529ca41865f7d98cea P 4d5cad21cdbe462d87174e9da291a046: Tablet deleted. Last logged OpId: 1.33
I0721 23:22:23.022974 11308 tablet_bootstrap.cc:400] T cd48ba26a30f42b4a776b30f67eb48d3 P 4d5cad21cdbe462d87174e9da291a046: Deleted tablet blocks from disk
I0721 23:22:23.023238 12175 raft_consensus.cc:269] T 8be26ea17cb04d4882ac6cc20f435a0e P 4d5cad21cdbe462d87174e9da291a046 [term 0 FOLLOWER]: Replica starting. Triggering 0 pending transactions. Active config: opid_index: -1 peers { permanent_uuid: "2aeff3d0fc13436a9d6090b9a6aaa6aa" member_type: VOTER last_known_addr { host: "127.42.220.0" port: 48563 } } peers { permanent_uuid: "d248c9dacad642be9a5fabec3add151e" member_type: VOTER last_known_addr { host: "127.42.220.1" port: 37489 } } peers { permanent_uuid: "4d5cad21cdbe462d87174e9da291a046" member_type: VOTER last_known_addr { host: "127.42.220.2" port: 37062 } }
I0721 23:22:23.023247 12175 raft_consensus.cc:301] T 8be26ea17cb04d4882ac6cc20f435a0e P 4d5cad21cdbe462d87174e9da291a046 [term 0 FOLLOWER]: Consensus starting up: Expiring failure detector timer to make a prompt election more likely
I0721 23:22:23.023253 12175 raft_consensus.cc:499] T 8be26ea17cb04d4882ac6cc20f435a0e P 4d5cad21cdbe462d87174e9da291a046 [term 0 FOLLOWER]: Becoming Follower/Learner. State: Replica: 4d5cad21cdbe462d87174e9da291a046, State: 1, Role: FOLLOWER Watermarks: {Received: term: 0 index: 0 Committed: term: 0 index: 0}
I0721 23:22:23.023270 12175 consensus_queue.cc:162] T 8be26ea17cb04d4882ac6cc20f435a0e P 4d5cad21cdbe462d87174e9da291a046 [NON_LEADER]: Queue going to NON_LEADER mode. State: All replicated op: 0.0, Majority replicated op: 0.0, Committed index: 0.0, Last appended: 0.0, Current term: 0, Majority size: -1, State: 1, Mode: NON_LEADER
I0721 23:22:23.023440 12175 ts_tablet_manager.cc:663] T 8be26ea17cb04d4882ac6cc20f435a0e P 4d5cad21cdbe462d87174e9da291a046: Time spent starting tablet: real 0.001s user 0.000s sys 0.000s
I0721 23:22:23.023465 12175 ts_tablet_manager.cc:631] T d8dc71543f874434a91e5a91e720b7b3 P 4d5cad21cdbe462d87174e9da291a046: Bootstrapping tablet
I0721 23:22:23.023597 10996 catalog_manager.cc:1856] TS 4d5cad21cdbe462d87174e9da291a046 does not have the latest schema for tablet 8be26ea17cb04d4882ac6cc20f435a0e (table test-table [id=41787a805a7a407ca4ef642fee224d02]). Expected version 5 got 0
I0721 23:22:23.023687 12175 tablet_bootstrap.cc:400] T d8dc71543f874434a91e5a91e720b7b3 P 4d5cad21cdbe462d87174e9da291a046: Bootstrap starting.
I0721 23:22:23.023715 11312 tablet_bootstrap.cc:400] T 1ad8690bd1174f529ca41865f7d98cea P 4d5cad21cdbe462d87174e9da291a046: Deleted tablet blocks from disk
I0721 23:22:23.023787 11530 ts_tablet_manager.cc:765] Registered tablet d8dc71543f874434a91e5a91e720b7b3
I0721 23:22:23.023802 12175 tablet_bootstrap.cc:563] T d8dc71543f874434a91e5a91e720b7b3 P 4d5cad21cdbe462d87174e9da291a046: Time spent opening tablet: real 0.000s user 0.000s sys 0.000s
I0721 23:22:23.023929 12175 tablet_bootstrap.cc:503] T d8dc71543f874434a91e5a91e720b7b3 P 4d5cad21cdbe462d87174e9da291a046: No blocks or log segments found. Creating new log.
I0721 23:22:23.024004 12178 ts_tablet_manager.cc:631] T d165e55b67964c75b43791cdb2fd98ab P d248c9dacad642be9a5fabec3add151e: Bootstrapping tablet
W0721 23:22:23.024085 10996 catalog_manager.cc:2160] Unable to reset TS proxy: Not found: No leader found: Tablet 8be26ea17cb04d4882ac6cc20f435a0e consensus state has no leader
I0721 23:22:23.024097 11532 ts_tablet_manager.cc:765] Registered tablet 4d01ea135b3e48929ff3ed0d140be9ab
W0721 23:22:23.024118 10996 catalog_manager.cc:2770] Failed to send alter table request: Not found: Failed to reset TS proxy: No leader found: Tablet 8be26ea17cb04d4882ac6cc20f435a0e consensus state has no leader
I0721 23:22:23.024251 11313 ts_tablet_manager.cc:765] Registered tablet 4d01ea135b3e48929ff3ed0d140be9ab
I0721 23:22:23.024374 12178 tablet_bootstrap.cc:400] T d165e55b67964c75b43791cdb2fd98ab P d248c9dacad642be9a5fabec3add151e: Bootstrap starting.
I0721 23:22:23.024410 10983 catalog_manager.cc:2499] TS 4d5cad21cdbe462d87174e9da291a046: tablet cd48ba26a30f42b4a776b30f67eb48d3 (table test-table [id=41787a805a7a407ca4ef642fee224d02]) successfully deleted
I0721 23:22:23.024440 10983 catalog_manager.cc:2499] TS 4d5cad21cdbe462d87174e9da291a046: tablet 1ad8690bd1174f529ca41865f7d98cea (table test-table [id=41787a805a7a407ca4ef642fee224d02]) successfully deleted
I0721 23:22:23.024490 12178 tablet_bootstrap.cc:563] T d165e55b67964c75b43791cdb2fd98ab P d248c9dacad642be9a5fabec3add151e: Time spent opening tablet: real 0.000s user 0.000s sys 0.000s
I0721 23:22:23.024505 10994 catalog_manager.cc:1856] TS 2aeff3d0fc13436a9d6090b9a6aaa6aa does not have the latest schema for tablet d165e55b67964c75b43791cdb2fd98ab (table test-table [id=41787a805a7a407ca4ef642fee224d02]). Expected version 5 got 0
I0721 23:22:23.024612 12178 tablet_bootstrap.cc:503] T d165e55b67964c75b43791cdb2fd98ab P d248c9dacad642be9a5fabec3add151e: No blocks or log segments found. Creating new log.
W0721 23:22:23.024749 10994 catalog_manager.cc:2160] Unable to reset TS proxy: Not found: No leader found: Tablet d165e55b67964c75b43791cdb2fd98ab consensus state has no leader
W0721 23:22:23.024771 10994 catalog_manager.cc:2770] Failed to send alter table request: Not found: Failed to reset TS proxy: No leader found: Tablet d165e55b67964c75b43791cdb2fd98ab consensus state has no leader
I0721 23:22:23.024973 11534 ts_tablet_manager.cc:765] Registered tablet 8be26ea17cb04d4882ac6cc20f435a0e
I0721 23:22:23.025049 10994 catalog_manager.cc:1856] TS 2aeff3d0fc13436a9d6090b9a6aaa6aa does not have the latest schema for tablet d165e55b67964c75b43791cdb2fd98ab (table test-table [id=41787a805a7a407ca4ef642fee224d02]). Expected version 5 got 0
I0721 23:22:23.025084 11535 tablet_bootstrap.cc:400] T cd48ba26a30f42b4a776b30f67eb48d3 P d248c9dacad642be9a5fabec3add151e: Deleted tablet blocks from disk
I0721 23:22:23.025384 12037 ts_tablet_manager.cc:970] T 1ad8690bd1174f529ca41865f7d98cea P 2aeff3d0fc13436a9d6090b9a6aaa6aa: Tablet deleted. Last logged OpId: 1.33
W0721 23:22:23.025429 10994 catalog_manager.cc:2160] Unable to reset TS proxy: Not found: No leader found: Tablet d165e55b67964c75b43791cdb2fd98ab consensus state has no leader
W0721 23:22:23.025439 10994 catalog_manager.cc:2770] Failed to send alter table request: Not found: Failed to reset TS proxy: No leader found: Tablet d165e55b67964c75b43791cdb2fd98ab consensus state has no leader
I0721 23:22:23.025508 12175 tablet_bootstrap.cc:400] T d8dc71543f874434a91e5a91e720b7b3 P 4d5cad21cdbe462d87174e9da291a046: No bootstrap required, opened a new log
