I0721 23:22:25.403216 12491 raft_consensus.cc:269] T c09305be19464a8eb989566b63a0fe81 P 2aeff3d0fc13436a9d6090b9a6aaa6aa [term 0 FOLLOWER]: Replica starting. Triggering 0 pending transactions. Active config: opid_index: -1 peers { permanent_uuid: "4d5cad21cdbe462d87174e9da291a046" member_type: VOTER last_known_addr { host: "127.42.220.2" port: 37062 } } peers { permanent_uuid: "d248c9dacad642be9a5fabec3add151e" member_type: VOTER last_known_addr { host: "127.42.220.1" port: 37489 } } peers { permanent_uuid: "2aeff3d0fc13436a9d6090b9a6aaa6aa" member_type: VOTER last_known_addr { host: "127.42.220.0" port: 48563 } }
I0721 23:22:25.403254 12491 raft_consensus.cc:301] T c09305be19464a8eb989566b63a0fe81 P 2aeff3d0fc13436a9d6090b9a6aaa6aa [term 0 FOLLOWER]: Consensus starting up: Expiring failure detector timer to make a prompt election more likely
I0721 23:22:25.403275 12491 raft_consensus.cc:499] T c09305be19464a8eb989566b63a0fe81 P 2aeff3d0fc13436a9d6090b9a6aaa6aa [term 0 FOLLOWER]: Becoming Follower/Learner. State: Replica: 2aeff3d0fc13436a9d6090b9a6aaa6aa, State: 1, Role: FOLLOWER Watermarks: {Received: term: 0 index: 0 Committed: term: 0 index: 0}
I0721 23:22:25.403297 12491 consensus_queue.cc:162] T c09305be19464a8eb989566b63a0fe81 P 2aeff3d0fc13436a9d6090b9a6aaa6aa [NON_LEADER]: Queue going to NON_LEADER mode. State: All replicated op: 0.0, Majority replicated op: 0.0, Committed index: 0.0, Last appended: 0.0, Current term: 0, Majority size: -1, State: 1, Mode: NON_LEADER
I0721 23:22:25.403338 12494 tablet_bootstrap.cc:400] T c09305be19464a8eb989566b63a0fe81 P 4d5cad21cdbe462d87174e9da291a046: No bootstrap required, opened a new log
I0721 23:22:25.403508 12494 ts_tablet_manager.cc:636] T c09305be19464a8eb989566b63a0fe81 P 4d5cad21cdbe462d87174e9da291a046: Time spent bootstrapping tablet: real 0.002s user 0.000s sys 0.000s
I0721 23:22:25.404131 12491 ts_tablet_manager.cc:663] T c09305be19464a8eb989566b63a0fe81 P 2aeff3d0fc13436a9d6090b9a6aaa6aa: Time spent starting tablet: real 0.002s user 0.000s sys 0.000s
I0721 23:22:25.404279 12389 catalog_manager.cc:1856] TS 2aeff3d0fc13436a9d6090b9a6aaa6aa does not have the latest schema for tablet c09305be19464a8eb989566b63a0fe81 (table test-table [id=41787a805a7a407ca4ef642fee224d02]). Expected version 8 got 0
W0721 23:22:25.404424 12389 catalog_manager.cc:2160] Unable to reset TS proxy: Not found: No leader found: Tablet c09305be19464a8eb989566b63a0fe81 consensus state has no leader
W0721 23:22:25.404438 12389 catalog_manager.cc:2770] Failed to send alter table request: Not found: Failed to reset TS proxy: No leader found: Tablet c09305be19464a8eb989566b63a0fe81 consensus state has no leader
I0721 23:22:25.404603 12494 raft_consensus.cc:269] T c09305be19464a8eb989566b63a0fe81 P 4d5cad21cdbe462d87174e9da291a046 [term 0 FOLLOWER]: Replica starting. Triggering 0 pending transactions. Active config: opid_index: -1 peers { permanent_uuid: "4d5cad21cdbe462d87174e9da291a046" member_type: VOTER last_known_addr { host: "127.42.220.2" port: 37062 } } peers { permanent_uuid: "d248c9dacad642be9a5fabec3add151e" member_type: VOTER last_known_addr { host: "127.42.220.1" port: 37489 } } peers { permanent_uuid: "2aeff3d0fc13436a9d6090b9a6aaa6aa" member_type: VOTER last_known_addr { host: "127.42.220.0" port: 48563 } }
I0721 23:22:25.404803 12494 raft_consensus.cc:301] T c09305be19464a8eb989566b63a0fe81 P 4d5cad21cdbe462d87174e9da291a046 [term 0 FOLLOWER]: Consensus starting up: Expiring failure detector timer to make a prompt election more likely
I0721 23:22:25.404903 12494 raft_consensus.cc:499] T c09305be19464a8eb989566b63a0fe81 P 4d5cad21cdbe462d87174e9da291a046 [term 0 FOLLOWER]: Becoming Follower/Learner. State: Replica: 4d5cad21cdbe462d87174e9da291a046, State: 1, Role: FOLLOWER Watermarks: {Received: term: 0 index: 0 Committed: term: 0 index: 0}
I0721 23:22:25.404930 12494 consensus_queue.cc:162] T c09305be19464a8eb989566b63a0fe81 P 4d5cad21cdbe462d87174e9da291a046 [NON_LEADER]: Queue going to NON_LEADER mode. State: All replicated op: 0.0, Majority replicated op: 0.0, Committed index: 0.0, Last appended: 0.0, Current term: 0, Majority size: -1, State: 1, Mode: NON_LEADER
I0721 23:22:25.405169 12389 catalog_manager.cc:1856] TS 2aeff3d0fc13436a9d6090b9a6aaa6aa does not have the latest schema for tablet c09305be19464a8eb989566b63a0fe81 (table test-table [id=41787a805a7a407ca4ef642fee224d02]). Expected version 8 got 0
W0721 23:22:25.405330 12389 catalog_manager.cc:2160] Unable to reset TS proxy: Not found: No leader found: Tablet c09305be19464a8eb989566b63a0fe81 consensus state has no leader
W0721 23:22:25.405344 12389 catalog_manager.cc:2770] Failed to send alter table request: Not found: Failed to reset TS proxy: No leader found: Tablet c09305be19464a8eb989566b63a0fe81 consensus state has no leader
I0721 23:22:25.405483 12389 catalog_manager.cc:1856] TS 4d5cad21cdbe462d87174e9da291a046 does not have the latest schema for tablet c09305be19464a8eb989566b63a0fe81 (table test-table [id=41787a805a7a407ca4ef642fee224d02]). Expected version 8 got 0
I0721 23:22:25.405589 12494 ts_tablet_manager.cc:663] T c09305be19464a8eb989566b63a0fe81 P 4d5cad21cdbe462d87174e9da291a046: Time spent starting tablet: real 0.002s user 0.000s sys 0.000s
W0721 23:22:25.405638 12389 catalog_manager.cc:2160] Unable to reset TS proxy: Not found: No leader found: Tablet c09305be19464a8eb989566b63a0fe81 consensus state has no leader
W0721 23:22:25.405650 12389 catalog_manager.cc:2770] Failed to send alter table request: Not found: Failed to reset TS proxy: No leader found: Tablet c09305be19464a8eb989566b63a0fe81 consensus state has no leader
I0721 23:22:25.409467 12389 catalog_manager.cc:1856] TS 4d5cad21cdbe462d87174e9da291a046 does not have the latest schema for tablet c09305be19464a8eb989566b63a0fe81 (table test-table [id=41787a805a7a407ca4ef642fee224d02]). Expected version 8 got 0
W0721 23:22:25.409646 12389 catalog_manager.cc:2160] Unable to reset TS proxy: Not found: No leader found: Tablet c09305be19464a8eb989566b63a0fe81 consensus state has no leader
W0721 23:22:25.409659 12389 catalog_manager.cc:2770] Failed to send alter table request: Not found: Failed to reset TS proxy: No leader found: Tablet c09305be19464a8eb989566b63a0fe81 consensus state has no leader
I0721 23:22:25.830936 12500 raft_consensus.cc:370] T c09305be19464a8eb989566b63a0fe81 P 2aeff3d0fc13436a9d6090b9a6aaa6aa [term 0 FOLLOWER]: No leader contacted us within the election timeout. Triggering leader election
I0721 23:22:25.830970 12500 raft_consensus.cc:2019] T c09305be19464a8eb989566b63a0fe81 P 2aeff3d0fc13436a9d6090b9a6aaa6aa [term 0 FOLLOWER]: Advancing to term 1
I0721 23:22:25.831526 12500 raft_consensus.cc:1970] T c09305be19464a8eb989566b63a0fe81 P 2aeff3d0fc13436a9d6090b9a6aaa6aa [term 1 FOLLOWER]: Snoozing failure detection for election timeout plus an additional 1.534s
I0721 23:22:25.831583 12500 raft_consensus.cc:386] T c09305be19464a8eb989566b63a0fe81 P 2aeff3d0fc13436a9d6090b9a6aaa6aa [term 1 FOLLOWER]: Starting election with config: opid_index: -1 peers { permanent_uuid: "4d5cad21cdbe462d87174e9da291a046" member_type: VOTER last_known_addr { host: "127.42.220.2" port: 37062 } } peers { permanent_uuid: "d248c9dacad642be9a5fabec3add151e" member_type: VOTER last_known_addr { host: "127.42.220.1" port: 37489 } } peers { permanent_uuid: "2aeff3d0fc13436a9d6090b9a6aaa6aa" member_type: VOTER last_known_addr { host: "127.42.220.0" port: 48563 } }
I0721 23:22:25.832592 12500 leader_election.cc:223] T c09305be19464a8eb989566b63a0fe81 P 2aeff3d0fc13436a9d6090b9a6aaa6aa [CANDIDATE]: Term 1 election: Requesting vote from peer 4d5cad21cdbe462d87174e9da291a046
I0721 23:22:25.832641 12500 leader_election.cc:223] T c09305be19464a8eb989566b63a0fe81 P 2aeff3d0fc13436a9d6090b9a6aaa6aa [CANDIDATE]: Term 1 election: Requesting vote from peer d248c9dacad642be9a5fabec3add151e
I0721 23:22:25.832816 11332 raft_consensus.cc:2019] T c09305be19464a8eb989566b63a0fe81 P 4d5cad21cdbe462d87174e9da291a046 [term 0 FOLLOWER]: Advancing to term 1
I0721 23:22:25.833232 11332 raft_consensus.cc:1970] T c09305be19464a8eb989566b63a0fe81 P 4d5cad21cdbe462d87174e9da291a046 [term 1 FOLLOWER]: Snoozing failure detection for election timeout plus an additional 1.539s
I0721 23:22:25.833696 11555 raft_consensus.cc:2019] T c09305be19464a8eb989566b63a0fe81 P d248c9dacad642be9a5fabec3add151e [term 0 FOLLOWER]: Advancing to term 1
I0721 23:22:25.833837 11332 raft_consensus.cc:1677] T c09305be19464a8eb989566b63a0fe81 P 4d5cad21cdbe462d87174e9da291a046 [term 1 FOLLOWER]: Leader election vote request: Granting yes vote for candidate 2aeff3d0fc13436a9d6090b9a6aaa6aa in term 1.
I0721 23:22:25.833956 11997 leader_election.cc:347] T c09305be19464a8eb989566b63a0fe81 P 2aeff3d0fc13436a9d6090b9a6aaa6aa [CANDIDATE]: Term 1 election: Vote granted by peer 4d5cad21cdbe462d87174e9da291a046
I0721 23:22:25.833969 11997 leader_election.cc:248] T c09305be19464a8eb989566b63a0fe81 P 2aeff3d0fc13436a9d6090b9a6aaa6aa [CANDIDATE]: Term 1 election: Election decided. Result: candidate won.
I0721 23:22:25.834002 12502 raft_consensus.cc:1970] T c09305be19464a8eb989566b63a0fe81 P 2aeff3d0fc13436a9d6090b9a6aaa6aa [term 1 FOLLOWER]: Snoozing failure detection for election timeout plus an additional 1.628s
I0721 23:22:25.834012 12502 raft_consensus.cc:1859] T c09305be19464a8eb989566b63a0fe81 P 2aeff3d0fc13436a9d6090b9a6aaa6aa [term 1 FOLLOWER]: Leader election won for term 1
I0721 23:22:25.834094 11555 raft_consensus.cc:1970] T c09305be19464a8eb989566b63a0fe81 P d248c9dacad642be9a5fabec3add151e [term 1 FOLLOWER]: Snoozing failure detection for election timeout plus an additional 1.607s
I0721 23:22:25.834508 12502 raft_consensus.cc:464] T c09305be19464a8eb989566b63a0fe81 P 2aeff3d0fc13436a9d6090b9a6aaa6aa [term 1 LEADER]: Becoming Leader. State: Replica: 2aeff3d0fc13436a9d6090b9a6aaa6aa, State: 1, Role: LEADER Watermarks: {Received: term: 0 index: 0 Committed: term: 0 index: 0}
I0721 23:22:25.834569 12502 consensus_queue.cc:145] T c09305be19464a8eb989566b63a0fe81 P 2aeff3d0fc13436a9d6090b9a6aaa6aa [LEADER]: Queue going to LEADER mode. State: All replicated op: 0.0, Majority replicated op: 0.0, Committed index: 0.0, Last appended: 0.0, Current term: 1, Majority size: 2, State: 1, Mode: LEADER, active raft config: opid_index: -1 peers { permanent_uuid: "4d5cad21cdbe462d87174e9da291a046" member_type: VOTER last_known_addr { host: "127.42.220.2" port: 37062 } } peers { permanent_uuid: "d248c9dacad642be9a5fabec3add151e" member_type: VOTER last_known_addr { host: "127.42.220.1" port: 37489 } } peers { permanent_uuid: "2aeff3d0fc13436a9d6090b9a6aaa6aa" member_type: VOTER last_known_addr { host: "127.42.220.0" port: 48563 } }
I0721 23:22:25.834683 11555 raft_consensus.cc:1677] T c09305be19464a8eb989566b63a0fe81 P d248c9dacad642be9a5fabec3add151e [term 1 FOLLOWER]: Leader election vote request: Granting yes vote for candidate 2aeff3d0fc13436a9d6090b9a6aaa6aa in term 1.
I0721 23:22:25.834779 11998 leader_election.cc:347] T c09305be19464a8eb989566b63a0fe81 P 2aeff3d0fc13436a9d6090b9a6aaa6aa [CANDIDATE]: Term 1 election: Vote granted by peer d248c9dacad642be9a5fabec3add151e
I0721 23:22:25.835225 12389 catalog_manager.cc:1856] TS 2aeff3d0fc13436a9d6090b9a6aaa6aa does not have the latest schema for tablet c09305be19464a8eb989566b63a0fe81 (table test-table [id=41787a805a7a407ca4ef642fee224d02]). Expected version 8 got 0
I0721 23:22:25.835292 12389 catalog_manager.cc:1957] Tablet: c09305be19464a8eb989566b63a0fe81 reported consensus state change. New consensus state: current_term: 1 leader_uuid: "2aeff3d0fc13436a9d6090b9a6aaa6aa" config { opid_index: -1 peers { permanent_uuid: "4d5cad21cdbe462d87174e9da291a046" member_type: VOTER last_known_addr { host: "127.42.220.2" port: 37062 } } peers { permanent_uuid: "d248c9dacad642be9a5fabec3add151e" member_type: VOTER last_known_addr { host: "127.42.220.1" port: 37489 } } peers { permanent_uuid: "2aeff3d0fc13436a9d6090b9a6aaa6aa" member_type: VOTER last_known_addr { host: "127.42.220.0" port: 48563 } } }
I0721 23:22:25.842000 11555 raft_consensus.cc:869] T c09305be19464a8eb989566b63a0fe81 P d248c9dacad642be9a5fabec3add151e [term 1 FOLLOWER]: Refusing update from remote peer 2aeff3d0fc13436a9d6090b9a6aaa6aa: Log matching property violated. Preceding OpId in replica: term: 0 index: 0. Preceding OpId from leader: term: 1 index: 2. (index mismatch)
I0721 23:22:25.842080 12502 consensus_queue.cc:578] T c09305be19464a8eb989566b63a0fe81 P 2aeff3d0fc13436a9d6090b9a6aaa6aa [LEADER]: Connected to new peer: Peer: d248c9dacad642be9a5fabec3add151e, Is new: false, Last received: 0.0, Next index: 1, Last known committed idx: 0, Last exchange result: ERROR, Needs remote bootstrap: false
I0721 23:22:25.842396 11332 raft_consensus.cc:869] T c09305be19464a8eb989566b63a0fe81 P 4d5cad21cdbe462d87174e9da291a046 [term 1 FOLLOWER]: Refusing update from remote peer 2aeff3d0fc13436a9d6090b9a6aaa6aa: Log matching property violated. Preceding OpId in replica: term: 0 index: 0. Preceding OpId from leader: term: 1 index: 2. (index mismatch)
I0721 23:22:25.842531 12502 consensus_queue.cc:578] T c09305be19464a8eb989566b63a0fe81 P 2aeff3d0fc13436a9d6090b9a6aaa6aa [LEADER]: Connected to new peer: Peer: 4d5cad21cdbe462d87174e9da291a046, Is new: false, Last received: 0.0, Next index: 1, Last known committed idx: 0, Last exchange result: ERROR, Needs remote bootstrap: false
I0721 23:22:25.847221 12389 catalog_manager.cc:1856] TS d248c9dacad642be9a5fabec3add151e does not have the latest schema for tablet c09305be19464a8eb989566b63a0fe81 (table test-table [id=41787a805a7a407ca4ef642fee224d02]). Expected version 8 got 0
I0721 23:22:25.847890 12389 catalog_manager.cc:1856] TS 4d5cad21cdbe462d87174e9da291a046 does not have the latest schema for tablet c09305be19464a8eb989566b63a0fe81 (table test-table [id=41787a805a7a407ca4ef642fee224d02]). Expected version 8 got 0
W0721 23:22:25.848474 12508 raft_consensus_state.cc:541] T c09305be19464a8eb989566b63a0fe81 P 2aeff3d0fc13436a9d6090b9a6aaa6aa [term 1 LEADER]: Can't advance the committed index across term boundaries until operations from the current term are replicated. Last committed operation was: term: 0 index: 0, New majority replicated is: term: 0 index: 0, Current term is: 1
I0721 23:22:25.848598 12478 tablet.cc:824] T c09305be19464a8eb989566b63a0fe81 Alter schema from Schema [ 0:key[int32 NOT NULL], 6:c831[int32 NOT NULL], 8:c659[int32 NOT NULL], 11:c776[int32 NOT NULL], 12:c323[int32 NULLABLE], 13:c527[int32 NOT NULL] ] version 0 to Schema [ 0:key[int32 NOT NULL], 6:c831[int32 NOT NULL], 8:c659[int32 NOT NULL], 11:c776[int32 NOT NULL], 12:c323[int32 NULLABLE], 13:c527[int32 NOT NULL] ] version 8
I0721 23:22:25.849289 12508 raft_consensus_state.cc:534] T c09305be19464a8eb989566b63a0fe81 P 2aeff3d0fc13436a9d6090b9a6aaa6aa [term 1 LEADER]: Advanced the committed_index across terms. Last committed operation was: term: 0 index: 0 New committed index is: term: 1 index: 2
I0721 23:22:25.850023 12389 catalog_manager.cc:2970] test-table [id=41787a805a7a407ca4ef642fee224d02] - Alter table completed version=8
I0721 23:22:25.850481 12441 tablet.cc:824] T c09305be19464a8eb989566b63a0fe81 Alter schema from Schema [ 0:key[int32 NOT NULL], 6:c831[int32 NOT NULL], 8:c659[int32 NOT NULL], 11:c776[int32 NOT NULL], 12:c323[int32 NULLABLE], 13:c527[int32 NOT NULL] ] version 0 to Schema [ 0:key[int32 NOT NULL], 6:c831[int32 NOT NULL], 8:c659[int32 NOT NULL], 11:c776[int32 NOT NULL], 12:c323[int32 NULLABLE], 13:c527[int32 NOT NULL] ] version 8
I0721 23:22:25.852068 12472 tablet.cc:819] T c09305be19464a8eb989566b63a0fe81 Already running schema version 8 got alter request for version 8
I0721 23:22:25.852474 12475 tablet.cc:824] T c09305be19464a8eb989566b63a0fe81 Alter schema from Schema [ 0:key[int32 NOT NULL], 6:c831[int32 NOT NULL], 8:c659[int32 NOT NULL], 11:c776[int32 NOT NULL], 12:c323[int32 NULLABLE], 13:c527[int32 NOT NULL] ] version 0 to Schema [ 0:key[int32 NOT NULL], 6:c831[int32 NOT NULL], 8:c659[int32 NOT NULL], 11:c776[int32 NOT NULL], 12:c323[int32 NULLABLE], 13:c527[int32 NOT NULL] ] version 8
I0721 23:22:25.854481 12468 tablet.cc:819] T c09305be19464a8eb989566b63a0fe81 Already running schema version 8 got alter request for version 8
I0721 23:22:25.854995 12442 tablet.cc:819] T c09305be19464a8eb989566b63a0fe81 Already running schema version 8 got alter request for version 8
I0721 23:22:25.855322 12467 tablet.cc:819] T c09305be19464a8eb989566b63a0fe81 Already running schema version 8 got alter request for version 8
I0721 23:22:26.009228 12468 tablet.cc:819] T c09305be19464a8eb989566b63a0fe81 Already running schema version 8 got alter request for version 8
I0721 23:22:26.009335 12467 tablet.cc:819] T c09305be19464a8eb989566b63a0fe81 Already running schema version 8 got alter request for version 8
I0721 23:22:26.048805 10972 alter_table-randomized-test.cc:385] Beginning Alterations
I0721 23:22:26.048984 10972 alter_table-randomized-test.cc:450] Adding range partition: [1275068397, 1342177260) resulting partitions: (335544315, 402653178], (603979767, 671088630], (671088630, 738197493], (805306356, 872415219], (872415219, 939524082], (1140850671, 1207959534], (1275068397, 1342177260], (1543503849, 1610612712], (1610612712, 1677721575], (2013265890, 2080374753)
I0721 23:22:26.049000 10972 alter_table-randomized-test.cc:466] Dropping range partition: [671088630, 738197493) resulting partitions: (335544315, 402653178], (603979767, 671088630], (805306356, 872415219], (872415219, 939524082], (1140850671, 1207959534], (1275068397, 1342177260], (1543503849, 1610612712], (1610612712, 1677721575], (2013265890, 2080374753)
I0721 23:22:26.049006 10972 alter_table-randomized-test.cc:434] Dropping column c527, existing columns: key, c831, c659, c776, c323, c527
I0721 23:22:26.049015 10972 alter_table-randomized-test.cc:413] Adding column c824, existing columns: key, c831, c659, c776, c323
I0721 23:22:26.049026 10972 alter_table-randomized-test.cc:434] Dropping column c323, existing columns: key, c831, c659, c776, c323, c824
I0721 23:22:26.049034 10972 alter_table-randomized-test.cc:434] Dropping column c776, existing columns: key, c831, c659, c776, c824
I0721 23:22:26.049041 10972 alter_table-randomized-test.cc:450] Adding range partition: [1744830438, 1811939301) resulting partitions: (335544315, 402653178], (603979767, 671088630], (805306356, 872415219], (872415219, 939524082], (1140850671, 1207959534], (1275068397, 1342177260], (1543503849, 1610612712], (1610612712, 1677721575], (1744830438, 1811939301], (2013265890, 2080374753)
I0721 23:22:26.049052 10972 alter_table-randomized-test.cc:466] Dropping range partition: [1140850671, 1207959534) resulting partitions: (335544315, 402653178], (603979767, 671088630], (805306356, 872415219], (872415219, 939524082], (1275068397, 1342177260], (1543503849, 1610612712], (1610612712, 1677721575], (1744830438, 1811939301], (2013265890, 2080374753)
I0721 23:22:26.049054 10972 alter_table-randomized-test.cc:407] Committing Alterations
I0721 23:22:26.049315 12391 catalog_manager.cc:1359] Servicing AlterTable request from {real_user=slave, eff_user=} at 127.0.0.1:52526: table { table_name: "test-table" } alter_schema_steps { type: ADD_RANGE_PARTITION add_range_partition { range_bounds { rows: "\006\001\000\355\377\377K\007\001\000\354\377\377O" } } } alter_schema_steps { type: DROP_RANGE_PARTITION drop_range_partition { range_bounds { rows: "\006\001\000\366\377\377\'\007\001\000\365\377\377+" } } } alter_schema_steps { type: DROP_COLUMN drop_column { name: "c527" } } alter_schema_steps { type: ADD_COLUMN add_column { schema { name: "c824" type: INT32 is_nullable: false read_default_value: "\003\351F!" write_default_value: "\003\351F!" encoding: AUTO_ENCODING compression: DEFAULT_COMPRESSION cfile_block_size: 0 } } } alter_schema_steps { type: DROP_COLUMN drop_column { name: "c323" } } alter_schema_steps { type: DROP_COLUMN drop_column { name: "c776" } } alter_schema_steps { type: ADD_RANGE_PARTITION add_range_partition { range_bounds { rows: "\006\001\000\346\377\377g\007\001\000\345\377\377k" } } } alter_schema_steps { type: DROP_RANGE_PARTITION drop_range_partition { range_bounds { rows: "\006\001\000\357\377\377C\007\001\000\356\377\377G" } } } schema { columns { name: "key" type: INT32 is_key: true is_nullable: false encoding: AUTO_ENCODING compression: DEFAULT_COMPRESSION cfile_block_size: 0 } columns { name: "c831" type: INT32 is_key: false is_nullable: false read_default_value: "\365WiJ" write_default_value: "\365WiJ" encoding: AUTO_ENCODING compression: DEFAULT_COMPRESSION cfile_block_size: 0 } columns { name: "c659" type: INT32 is_key: false is_nullable: false read_default_value: "\362\021~\013" write_default_value: "\362\021~\013" encoding: AUTO_ENCODING compression: DEFAULT_COMPRESSION cfile_block_size: 0 } columns { name: "c776" type: INT32 is_key: false is_nullable: false read_default_value: "m\320\305y" write_default_value: "m\320\305y" encoding: AUTO_ENCODING compression: DEFAULT_COMPRESSION cfile_block_size: 0 } columns { name: "c323" type: INT32 is_key: false is_nullable: true encoding: AUTO_ENCODING compression: DEFAULT_COMPRESSION cfile_block_size: 0 } columns { name: "c527" type: INT32 is_key: false is_nullable: false read_default_value: "\211\032\303\030" write_default_value: "\211\032\303\030" encoding: AUTO_ENCODING compression: DEFAULT_COMPRESSION cfile_block_size: 0 } }
W0721 23:22:26.049747 12391 catalog_manager.cc:2160] Unable to reset TS proxy: Not found: No leader found: Tablet 5dd0e72041574e04a29b049aff2b2a01 has no consensus state
W0721 23:22:26.049763 12391 catalog_manager.cc:2770] Failed to send alter table request: Not found: Failed to reset TS proxy: No leader found: Tablet 5dd0e72041574e04a29b049aff2b2a01 has no consensus state
W0721 23:22:26.049839 12391 catalog_manager.cc:2160] Unable to reset TS proxy: Not found: No leader found: Tablet 7270680365d24fdd841c47868cca7794 has no consensus state
W0721 23:22:26.049854 12391 catalog_manager.cc:2770] Failed to send alter table request: Not found: Failed to reset TS proxy: No leader found: Tablet 7270680365d24fdd841c47868cca7794 has no consensus state
I0721 23:22:26.049867 12391 catalog_manager.cc:2796] Sending DeleteTablet for 3 replicas of tablet c09305be19464a8eb989566b63a0fe81
I0721 23:22:26.049875 12391 catalog_manager.cc:2812] T 00000000000000000000000000000000 P ed427968d4be45578319d4ea8dca073a: Deleting tablet c09305be19464a8eb989566b63a0fe81 on peer 4d5cad21cdbe462d87174e9da291a046 with delete type TABLET_DATA_DELETED (Partition dropped at 2016-07-21 23:22:26 UTC)
I0721 23:22:26.049891 12391 catalog_manager.cc:2812] T 00000000000000000000000000000000 P ed427968d4be45578319d4ea8dca073a: Deleting tablet c09305be19464a8eb989566b63a0fe81 on peer d248c9dacad642be9a5fabec3add151e with delete type TABLET_DATA_DELETED (Partition dropped at 2016-07-21 23:22:26 UTC)
I0721 23:22:26.049901 12391 catalog_manager.cc:2812] T 00000000000000000000000000000000 P ed427968d4be45578319d4ea8dca073a: Deleting tablet c09305be19464a8eb989566b63a0fe81 on peer 2aeff3d0fc13436a9d6090b9a6aaa6aa with delete type TABLET_DATA_DELETED (Partition dropped at 2016-07-21 23:22:26 UTC)
I0721 23:22:26.049918 12391 catalog_manager.cc:2796] Sending DeleteTablet for 3 replicas of tablet d8dc71543f874434a91e5a91e720b7b3
I0721 23:22:26.049924 12391 catalog_manager.cc:2812] T 00000000000000000000000000000000 P ed427968d4be45578319d4ea8dca073a: Deleting tablet d8dc71543f874434a91e5a91e720b7b3 on peer 2aeff3d0fc13436a9d6090b9a6aaa6aa with delete type TABLET_DATA_DELETED (Partition dropped at 2016-07-21 23:22:26 UTC)
I0721 23:22:26.049932 12391 catalog_manager.cc:2812] T 00000000000000000000000000000000 P ed427968d4be45578319d4ea8dca073a: Deleting tablet d8dc71543f874434a91e5a91e720b7b3 on peer d248c9dacad642be9a5fabec3add151e with delete type TABLET_DATA_DELETED (Partition dropped at 2016-07-21 23:22:26 UTC)
I0721 23:22:26.049938 12391 catalog_manager.cc:2812] T 00000000000000000000000000000000 P ed427968d4be45578319d4ea8dca073a: Deleting tablet d8dc71543f874434a91e5a91e720b7b3 on peer 4d5cad21cdbe462d87174e9da291a046 with delete type TABLET_DATA_DELETED (Partition dropped at 2016-07-21 23:22:26 UTC)
I0721 23:22:26.050014 11307 tablet_service.cc:651] Processing DeleteTablet for tablet c09305be19464a8eb989566b63a0fe81 with delete_type TABLET_DATA_DELETED (Partition dropped at 2016-07-21 23:22:26 UTC) from {real_user=slave, eff_user=} at 127.0.0.1:50160
I0721 23:22:26.050027 11307 tablet_peer.cc:214] Initiating TabletPeer shutdown for tablet: c09305be19464a8eb989566b63a0fe81
I0721 23:22:26.050035 11307 maintenance_manager.cc:176] Unregistered op CompactRowSetsOp(c09305be19464a8eb989566b63a0fe81)
I0721 23:22:26.050041 11307 maintenance_manager.cc:176] Unregistered op MinorDeltaCompactionOp(c09305be19464a8eb989566b63a0fe81)
I0721 23:22:26.050046 11307 maintenance_manager.cc:176] Unregistered op MajorDeltaCompactionOp(c09305be19464a8eb989566b63a0fe81)
I0721 23:22:26.050053 11307 maintenance_manager.cc:176] Unregistered op FlushMRSOp(c09305be19464a8eb989566b63a0fe81)
I0721 23:22:26.050058 11307 maintenance_manager.cc:176] Unregistered op FlushDeltaMemStoresOp(c09305be19464a8eb989566b63a0fe81)
I0721 23:22:26.050062 11307 maintenance_manager.cc:176] Unregistered op LogGCOp(c09305be19464a8eb989566b63a0fe81)
I0721 23:22:26.050089 11307 raft_consensus.cc:1495] T c09305be19464a8eb989566b63a0fe81 P 4d5cad21cdbe462d87174e9da291a046 [term 1 FOLLOWER]: Raft consensus shutting down.
I0721 23:22:26.050096 11307 raft_consensus.cc:1511] T c09305be19464a8eb989566b63a0fe81 P 4d5cad21cdbe462d87174e9da291a046 [term 1 FOLLOWER]: Raft consensus is shut down!
I0721 23:22:26.050143 11310 tablet_service.cc:651] Processing DeleteTablet for tablet d8dc71543f874434a91e5a91e720b7b3 with delete_type TABLET_DATA_DELETED (Partition dropped at 2016-07-21 23:22:26 UTC) from {real_user=slave, eff_user=} at 127.0.0.1:50160
I0721 23:22:26.050153 11310 tablet_peer.cc:214] Initiating TabletPeer shutdown for tablet: d8dc71543f874434a91e5a91e720b7b3
I0721 23:22:26.050158 11310 maintenance_manager.cc:176] Unregistered op CompactRowSetsOp(d8dc71543f874434a91e5a91e720b7b3)
I0721 23:22:26.050163 11310 maintenance_manager.cc:176] Unregistered op MinorDeltaCompactionOp(d8dc71543f874434a91e5a91e720b7b3)
I0721 23:22:26.050166 11310 maintenance_manager.cc:176] Unregistered op MajorDeltaCompactionOp(d8dc71543f874434a91e5a91e720b7b3)
I0721 23:22:26.050174 11310 maintenance_manager.cc:176] Unregistered op FlushMRSOp(d8dc71543f874434a91e5a91e720b7b3)
I0721 23:22:26.050179 11310 maintenance_manager.cc:176] Unregistered op FlushDeltaMemStoresOp(d8dc71543f874434a91e5a91e720b7b3)
I0721 23:22:26.050182 11310 maintenance_manager.cc:176] Unregistered op LogGCOp(d8dc71543f874434a91e5a91e720b7b3)
I0721 23:22:26.050197 11310 raft_consensus.cc:1495] T d8dc71543f874434a91e5a91e720b7b3 P 4d5cad21cdbe462d87174e9da291a046 [term 1 FOLLOWER]: Raft consensus shutting down.
I0721 23:22:26.050202 11310 raft_consensus.cc:1511] T d8dc71543f874434a91e5a91e720b7b3 P 4d5cad21cdbe462d87174e9da291a046 [term 1 FOLLOWER]: Raft consensus is shut down!
I0721 23:22:26.050369 12475 tablet.cc:824] T 0249e3dbe50545f99e40b25143970dc6 Alter schema from Schema [ 0:key[int32 NOT NULL], 6:c831[int32 NOT NULL], 8:c659[int32 NOT NULL], 11:c776[int32 NOT NULL], 12:c323[int32 NULLABLE], 13:c527[int32 NOT NULL] ] version 8 to Schema [ 0:key[int32 NOT NULL], 6:c831[int32 NOT NULL], 8:c659[int32 NOT NULL], 14:c824[int32 NOT NULL] ] version 9
I0721 23:22:26.050428 12475 tablet.cc:772] T 0249e3dbe50545f99e40b25143970dc6 Flush: entering stage 1 (old memrowset already frozen for inserts)
I0721 23:22:26.050436 12475 compaction.cc:588] Selected 1 rowsets to compact:
I0721 23:22:26.050438 12475 compaction.cc:591] memrowset(current size on disk: ~0 bytes)
I0721 23:22:26.050442 12475 tablet.cc:774] T 0249e3dbe50545f99e40b25143970dc6 Memstore in-memory size: 763 bytes
I0721 23:22:26.050447 12475 tablet.cc:1238] T 0249e3dbe50545f99e40b25143970dc6 Flush: entering phase 1 (flushing snapshot). Phase 1 snapshot: MvccSnapshot[committed={T|T < 6017611145420861440}]
I0721 23:22:26.050611 11534 tablet_service.cc:651] Processing DeleteTablet for tablet d8dc71543f874434a91e5a91e720b7b3 with delete_type TABLET_DATA_DELETED (Partition dropped at 2016-07-21 23:22:26 UTC) from {real_user=slave, eff_user=} at 127.0.0.1:53321
I0721 23:22:26.050624 11534 tablet_peer.cc:214] Initiating TabletPeer shutdown for tablet: d8dc71543f874434a91e5a91e720b7b3
I0721 23:22:26.050631 11534 maintenance_manager.cc:176] Unregistered op CompactRowSetsOp(d8dc71543f874434a91e5a91e720b7b3)
I0721 23:22:26.050637 11534 maintenance_manager.cc:176] Unregistered op MinorDeltaCompactionOp(d8dc71543f874434a91e5a91e720b7b3)
I0721 23:22:26.050637 11530 tablet_service.cc:610] Processing CreateTablet for tablet 5dd0e72041574e04a29b049aff2b2a01 (table=test-table [id=41787a805a7a407ca4ef642fee224d02]), partition=range: [(int32 key=1275068397), (int32 key=1342177260))
I0721 23:22:26.050650 11307 ts_tablet_manager.cc:960] T c09305be19464a8eb989566b63a0fe81 P 4d5cad21cdbe462d87174e9da291a046: Deleting tablet data with delete state TABLET_DATA_DELETED
I0721 23:22:26.050685 11533 tablet_service.cc:610] Processing CreateTablet for tablet 7270680365d24fdd841c47868cca7794 (table=test-table [id=41787a805a7a407ca4ef642fee224d02]), partition=range: [(int32 key=1744830438), (int32 key=1811939301))
I0721 23:22:26.050796 12442 tablet.cc:824] T 0249e3dbe50545f99e40b25143970dc6 Alter schema from Schema [ 0:key[int32 NOT NULL], 6:c831[int32 NOT NULL], 8:c659[int32 NOT NULL], 11:c776[int32 NOT NULL], 12:c323[int32 NULLABLE], 13:c527[int32 NOT NULL] ] version 8 to Schema [ 0:key[int32 NOT NULL], 6:c831[int32 NOT NULL], 8:c659[int32 NOT NULL], 14:c824[int32 NOT NULL] ] version 9
I0721 23:22:26.050835 12442 tablet.cc:772] T 0249e3dbe50545f99e40b25143970dc6 Flush: entering stage 1 (old memrowset already frozen for inserts)
I0721 23:22:26.050840 12442 compaction.cc:588] Selected 1 rowsets to compact:
I0721 23:22:26.050843 12442 compaction.cc:591] memrowset(current size on disk: ~0 bytes)
I0721 23:22:26.050845 12442 tablet.cc:774] T 0249e3dbe50545f99e40b25143970dc6 Memstore in-memory size: 763 bytes
I0721 23:22:26.050849 12442 tablet.cc:1238] T 0249e3dbe50545f99e40b25143970dc6 Flush: entering phase 1 (flushing snapshot). Phase 1 snapshot: MvccSnapshot[committed={T|T < 6017611145420861440}]
I0721 23:22:26.050907 12442 multi_column_writer.cc:85] Opened CFile writer for column key[int32 NOT NULL]
I0721 23:22:26.050928 12442 multi_column_writer.cc:85] Opened CFile writer for column c831[int32 NOT NULL]
I0721 23:22:26.050956 12442 multi_column_writer.cc:85] Opened CFile writer for column c659[int32 NOT NULL]
I0721 23:22:26.050987 12442 multi_column_writer.cc:85] Opened CFile writer for column c824[int32 NOT NULL]
I0721 23:22:26.051301 11533 ts_tablet_manager.cc:765] Registered tablet 7270680365d24fdd841c47868cca7794
I0721 23:22:26.051323 11530 ts_tablet_manager.cc:765] Registered tablet 5dd0e72041574e04a29b049aff2b2a01
I0721 23:22:26.050642 11534 maintenance_manager.cc:176] Unregistered op MajorDeltaCompactionOp(d8dc71543f874434a91e5a91e720b7b3)
I0721 23:22:26.050609 11535 tablet_service.cc:651] Processing DeleteTablet for tablet c09305be19464a8eb989566b63a0fe81 with delete_type TABLET_DATA_DELETED (Partition dropped at 2016-07-21 23:22:26 UTC) from {real_user=slave, eff_user=} at 127.0.0.1:53321
I0721 23:22:26.051350 11534 maintenance_manager.cc:176] Unregistered op FlushMRSOp(d8dc71543f874434a91e5a91e720b7b3)
I0721 23:22:26.051367 11535 tablet_peer.cc:214] Initiating TabletPeer shutdown for tablet: c09305be19464a8eb989566b63a0fe81
I0721 23:22:26.051389 11535 maintenance_manager.cc:176] Unregistered op CompactRowSetsOp(c09305be19464a8eb989566b63a0fe81)
I0721 23:22:26.051395 11535 maintenance_manager.cc:176] Unregistered op MinorDeltaCompactionOp(c09305be19464a8eb989566b63a0fe81)
I0721 23:22:26.051400 11535 maintenance_manager.cc:176] Unregistered op MajorDeltaCompactionOp(c09305be19464a8eb989566b63a0fe81)
I0721 23:22:26.051406 11535 maintenance_manager.cc:176] Unregistered op FlushMRSOp(c09305be19464a8eb989566b63a0fe81)
I0721 23:22:26.051410 11535 maintenance_manager.cc:176] Unregistered op FlushDeltaMemStoresOp(c09305be19464a8eb989566b63a0fe81)
I0721 23:22:26.051415 11535 maintenance_manager.cc:176] Unregistered op LogGCOp(c09305be19464a8eb989566b63a0fe81)
I0721 23:22:26.051421 11535 raft_consensus.cc:1495] T c09305be19464a8eb989566b63a0fe81 P d248c9dacad642be9a5fabec3add151e [term 1 FOLLOWER]: Raft consensus shutting down.
I0721 23:22:26.051427 11535 raft_consensus.cc:1511] T c09305be19464a8eb989566b63a0fe81 P d248c9dacad642be9a5fabec3add151e [term 1 FOLLOWER]: Raft consensus is shut down!
I0721 23:22:26.051503 11305 tablet_service.cc:610] Processing CreateTablet for tablet 5dd0e72041574e04a29b049aff2b2a01 (table=test-table [id=41787a805a7a407ca4ef642fee224d02]), partition=range: [(int32 key=1275068397), (int32 key=1342177260))
I0721 23:22:26.051599 12442 tablet.cc:1318] T 0249e3dbe50545f99e40b25143970dc6 Flush: entering phase 2 (starting to duplicate updates in new rowsets)
I0721 23:22:26.051625 12442 tablet.cc:1373] T 0249e3dbe50545f99e40b25143970dc6 Flush Phase 2: carrying over any updates which arrived during Phase 1
I0721 23:22:26.051623 11311 tablet_service.cc:610] Processing CreateTablet for tablet 7270680365d24fdd841c47868cca7794 (table=test-table [id=41787a805a7a407ca4ef642fee224d02]), partition=range: [(int32 key=1744830438), (int32 key=1811939301))
I0721 23:22:26.051630 12442 tablet.cc:1375] T 0249e3dbe50545f99e40b25143970dc6 Phase 2 snapshot: MvccSnapshot[committed={T|T < 6017611145420861440}]
I0721 23:22:26.051367 11534 maintenance_manager.cc:176] Unregistered op FlushDeltaMemStoresOp(d8dc71543f874434a91e5a91e720b7b3)
I0721 23:22:26.051669 11534 maintenance_manager.cc:176] Unregistered op LogGCOp(d8dc71543f874434a91e5a91e720b7b3)
I0721 23:22:26.051689 11534 raft_consensus.cc:1495] T d8dc71543f874434a91e5a91e720b7b3 P d248c9dacad642be9a5fabec3add151e [term 1 LEADER]: Raft consensus shutting down.
I0721 23:22:26.052037 11535 ts_tablet_manager.cc:960] T c09305be19464a8eb989566b63a0fe81 P d248c9dacad642be9a5fabec3add151e: Deleting tablet data with delete state TABLET_DATA_DELETED
I0721 23:22:26.052276 11305 ts_tablet_manager.cc:765] Registered tablet 5dd0e72041574e04a29b049aff2b2a01
I0721 23:22:26.052306 11534 consensus_peers.cc:358] T d8dc71543f874434a91e5a91e720b7b3 P d248c9dacad642be9a5fabec3add151e -> Peer 4d5cad21cdbe462d87174e9da291a046 (127.42.220.2:37062): Closing peer: 4d5cad21cdbe462d87174e9da291a046
I0721 23:22:26.052368 11534 consensus_peers.cc:358] T d8dc71543f874434a91e5a91e720b7b3 P d248c9dacad642be9a5fabec3add151e -> Peer 2aeff3d0fc13436a9d6090b9a6aaa6aa (127.42.220.0:48563): Closing peer: 2aeff3d0fc13436a9d6090b9a6aaa6aa
I0721 23:22:26.052487 11534 raft_consensus.cc:1511] T d8dc71543f874434a91e5a91e720b7b3 P d248c9dacad642be9a5fabec3add151e [term 1 LEADER]: Raft consensus is shut down!
I0721 23:22:26.052712 11311 ts_tablet_manager.cc:765] Registered tablet 7270680365d24fdd841c47868cca7794
I0721 23:22:26.052850 11307 ts_tablet_manager.cc:970] T c09305be19464a8eb989566b63a0fe81 P 4d5cad21cdbe462d87174e9da291a046: Tablet deleted. Last logged OpId: 1.5
I0721 23:22:26.052989 11534 ts_tablet_manager.cc:960] T d8dc71543f874434a91e5a91e720b7b3 P d248c9dacad642be9a5fabec3add151e: Deleting tablet data with delete state TABLET_DATA_DELETED
I0721 23:22:26.053196 12041 tablet_service.cc:651] Processing DeleteTablet for tablet c09305be19464a8eb989566b63a0fe81 with delete_type TABLET_DATA_DELETED (Partition dropped at 2016-07-21 23:22:26 UTC) from {real_user=slave, eff_user=} at 127.0.0.1:50561
I0721 23:22:26.053211 12041 tablet_peer.cc:214] Initiating TabletPeer shutdown for tablet: c09305be19464a8eb989566b63a0fe81
I0721 23:22:26.053227 12041 maintenance_manager.cc:176] Unregistered op CompactRowSetsOp(c09305be19464a8eb989566b63a0fe81)
I0721 23:22:26.053234 12041 maintenance_manager.cc:176] Unregistered op MinorDeltaCompactionOp(c09305be19464a8eb989566b63a0fe81)
I0721 23:22:26.053242 12041 maintenance_manager.cc:176] Unregistered op MajorDeltaCompactionOp(c09305be19464a8eb989566b63a0fe81)
I0721 23:22:26.053272 12041 maintenance_manager.cc:176] Unregistered op FlushMRSOp(c09305be19464a8eb989566b63a0fe81)
I0721 23:22:26.053278 12041 maintenance_manager.cc:176] Unregistered op FlushDeltaMemStoresOp(c09305be19464a8eb989566b63a0fe81)
I0721 23:22:26.053284 12041 maintenance_manager.cc:176] Unregistered op LogGCOp(c09305be19464a8eb989566b63a0fe81)
I0721 23:22:26.053290 12041 raft_consensus.cc:1495] T c09305be19464a8eb989566b63a0fe81 P 2aeff3d0fc13436a9d6090b9a6aaa6aa [term 1 LEADER]: Raft consensus shutting down.
I0721 23:22:26.053316 12042 tablet_service.cc:651] Processing DeleteTablet for tablet d8dc71543f874434a91e5a91e720b7b3 with delete_type TABLET_DATA_DELETED (Partition dropped at 2016-07-21 23:22:26 UTC) from {real_user=slave, eff_user=} at 127.0.0.1:50561
I0721 23:22:26.053328 12042 tablet_peer.cc:214] Initiating TabletPeer shutdown for tablet: d8dc71543f874434a91e5a91e720b7b3
I0721 23:22:26.053334 12042 maintenance_manager.cc:176] Unregistered op CompactRowSetsOp(d8dc71543f874434a91e5a91e720b7b3)
I0721 23:22:26.053349 12042 maintenance_manager.cc:176] Unregistered op MinorDeltaCompactionOp(d8dc71543f874434a91e5a91e720b7b3)
I0721 23:22:26.053357 12042 maintenance_manager.cc:176] Unregistered op MajorDeltaCompactionOp(d8dc71543f874434a91e5a91e720b7b3)
I0721 23:22:26.053364 12042 maintenance_manager.cc:176] Unregistered op FlushMRSOp(d8dc71543f874434a91e5a91e720b7b3)
I0721 23:22:26.053369 12042 maintenance_manager.cc:176] Unregistered op FlushDeltaMemStoresOp(d8dc71543f874434a91e5a91e720b7b3)
I0721 23:22:26.053375 12042 maintenance_manager.cc:176] Unregistered op LogGCOp(d8dc71543f874434a91e5a91e720b7b3)
I0721 23:22:26.053382 12042 raft_consensus.cc:1495] T d8dc71543f874434a91e5a91e720b7b3 P 2aeff3d0fc13436a9d6090b9a6aaa6aa [term 1 FOLLOWER]: Raft consensus shutting down.
I0721 23:22:26.053388 12042 raft_consensus.cc:1511] T d8dc71543f874434a91e5a91e720b7b3 P 2aeff3d0fc13436a9d6090b9a6aaa6aa [term 1 FOLLOWER]: Raft consensus is shut down!
I0721 23:22:26.053407 11307 tablet_bootstrap.cc:400] T c09305be19464a8eb989566b63a0fe81 P 4d5cad21cdbe462d87174e9da291a046: Deleted tablet blocks from disk
I0721 23:22:26.053432 12037 tablet_service.cc:610] Processing CreateTablet for tablet 5dd0e72041574e04a29b049aff2b2a01 (table=test-table [id=41787a805a7a407ca4ef642fee224d02]), partition=range: [(int32 key=1275068397), (int32 key=1342177260))
I0721 23:22:26.053805 12475 multi_column_writer.cc:85] Opened CFile writer for column key[int32 NOT NULL]
I0721 23:22:26.053848 12475 multi_column_writer.cc:85] Opened CFile writer for column c831[int32 NOT NULL]
I0721 23:22:26.053856 12039 tablet_service.cc:610] Processing CreateTablet for tablet 7270680365d24fdd841c47868cca7794 (table=test-table [id=41787a805a7a407ca4ef642fee224d02]), partition=range: [(int32 key=1744830438), (int32 key=1811939301))
I0721 23:22:26.053871 12475 multi_column_writer.cc:85] Opened CFile writer for column c659[int32 NOT NULL]
I0721 23:22:26.053911 12475 multi_column_writer.cc:85] Opened CFile writer for column c824[int32 NOT NULL]
I0721 23:22:26.054332 12475 tablet.cc:1318] T 0249e3dbe50545f99e40b25143970dc6 Flush: entering phase 2 (starting to duplicate updates in new rowsets)
I0721 23:22:26.054358 12475 tablet.cc:1373] T 0249e3dbe50545f99e40b25143970dc6 Flush Phase 2: carrying over any updates which arrived during Phase 1
I0721 23:22:26.054364 12475 tablet.cc:1375] T 0249e3dbe50545f99e40b25143970dc6 Phase 2 snapshot: MvccSnapshot[committed={T|T < 6017611145420861440}]
I0721 23:22:26.054392 12039 ts_tablet_manager.cc:765] Registered tablet 7270680365d24fdd841c47868cca7794
I0721 23:22:26.054747 12475 tablet.cc:1416] T 0249e3dbe50545f99e40b25143970dc6 Flush successful on 2 rows (4355 bytes)
I0721 23:22:26.054780 12042 ts_tablet_manager.cc:960] T d8dc71543f874434a91e5a91e720b7b3 P 2aeff3d0fc13436a9d6090b9a6aaa6aa: Deleting tablet data with delete state TABLET_DATA_DELETED
I0721 23:22:26.055220 12041 consensus_peers.cc:358] T c09305be19464a8eb989566b63a0fe81 P 2aeff3d0fc13436a9d6090b9a6aaa6aa -> Peer d248c9dacad642be9a5fabec3add151e (127.42.220.1:37489): Closing peer: d248c9dacad642be9a5fabec3add151e
I0721 23:22:26.055295 12041 consensus_peers.cc:358] T c09305be19464a8eb989566b63a0fe81 P 2aeff3d0fc13436a9d6090b9a6aaa6aa -> Peer 4d5cad21cdbe462d87174e9da291a046 (127.42.220.2:37062): Closing peer: 4d5cad21cdbe462d87174e9da291a046
I0721 23:22:26.055486 12041 raft_consensus.cc:1511] T c09305be19464a8eb989566b63a0fe81 P 2aeff3d0fc13436a9d6090b9a6aaa6aa [term 1 LEADER]: Raft consensus is shut down!
I0721 23:22:26.055940 11535 ts_tablet_manager.cc:970] T c09305be19464a8eb989566b63a0fe81 P d248c9dacad642be9a5fabec3add151e: Tablet deleted. Last logged OpId: 1.5
I0721 23:22:26.056000 12041 ts_tablet_manager.cc:960] T c09305be19464a8eb989566b63a0fe81 P 2aeff3d0fc13436a9d6090b9a6aaa6aa: Deleting tablet data with delete state TABLET_DATA_DELETED
I0721 23:22:26.056233 11535 tablet_bootstrap.cc:400] T c09305be19464a8eb989566b63a0fe81 P d248c9dacad642be9a5fabec3add151e: Deleted tablet blocks from disk
I0721 23:22:26.056377 12379 catalog_manager.cc:2499] TS d248c9dacad642be9a5fabec3add151e: tablet c09305be19464a8eb989566b63a0fe81 (table test-table [id=41787a805a7a407ca4ef642fee224d02]) successfully deleted
I0721 23:22:26.056902 12442 tablet.cc:1416] T 0249e3dbe50545f99e40b25143970dc6 Flush successful on 2 rows (4355 bytes)
I0721 23:22:26.057494 12037 ts_tablet_manager.cc:765] Registered tablet 5dd0e72041574e04a29b049aff2b2a01
I0721 23:22:26.057840 12378 catalog_manager.cc:2499] TS 4d5cad21cdbe462d87174e9da291a046: tablet c09305be19464a8eb989566b63a0fe81 (table test-table [id=41787a805a7a407ca4ef642fee224d02]) successfully deleted
I0721 23:22:26.058212 12478 tablet.cc:824] T 4d01ea135b3e48929ff3ed0d140be9ab Alter schema from Schema [ 0:key[int32 NOT NULL], 6:c831[int32 NOT NULL], 8:c659[int32 NOT NULL], 11:c776[int32 NOT NULL], 12:c323[int32 NULLABLE], 13:c527[int32 NOT NULL] ] version 8 to Schema [ 0:key[int32 NOT NULL], 6:c831[int32 NOT NULL], 8:c659[int32 NOT NULL], 14:c824[int32 NOT NULL] ] version 9
I0721 23:22:26.058243 12472 tablet.cc:824] T 8be26ea17cb04d4882ac6cc20f435a0e Alter schema from Schema [ 0:key[int32 NOT NULL], 6:c831[int32 NOT NULL], 8:c659[int32 NOT NULL], 11:c776[int32 NOT NULL], 12:c323[int32 NULLABLE], 13:c527[int32 NOT NULL] ] version 8 to Schema [ 0:key[int32 NOT NULL], 6:c831[int32 NOT NULL], 8:c659[int32 NOT NULL], 14:c824[int32 NOT NULL] ] version 9
I0721 23:22:26.058287 12472 tablet.cc:772] T 8be26ea17cb04d4882ac6cc20f435a0e Flush: entering stage 1 (old memrowset already frozen for inserts)
I0721 23:22:26.058293 12472 compaction.cc:588] Selected 1 rowsets to compact:
I0721 23:22:26.058297 12472 compaction.cc:591] memrowset(current size on disk: ~0 bytes)
I0721 23:22:26.058301 12472 tablet.cc:774] T 8be26ea17cb04d4882ac6cc20f435a0e Memstore in-memory size: 763 bytes
I0721 23:22:26.058306 12472 tablet.cc:1238] T 8be26ea17cb04d4882ac6cc20f435a0e Flush: entering phase 1 (flushing snapshot). Phase 1 snapshot: MvccSnapshot[committed={T|T < 6017611145442836480}]
I0721 23:22:26.058349 12472 multi_column_writer.cc:85] Opened CFile writer for column key[int32 NOT NULL]
I0721 23:22:26.058377 12472 multi_column_writer.cc:85] Opened CFile writer for column c831[int32 NOT NULL]
I0721 23:22:26.058400 12472 multi_column_writer.cc:85] Opened CFile writer for column c659[int32 NOT NULL]
I0721 23:22:26.058420 12472 multi_column_writer.cc:85] Opened CFile writer for column c824[int32 NOT NULL]
I0721 23:22:26.058452 12041 ts_tablet_manager.cc:970] T c09305be19464a8eb989566b63a0fe81 P 2aeff3d0fc13436a9d6090b9a6aaa6aa: Tablet deleted. Last logged OpId: 1.5
I0721 23:22:26.058802 12472 tablet.cc:1318] T 8be26ea17cb04d4882ac6cc20f435a0e Flush: entering phase 2 (starting to duplicate updates in new rowsets)
I0721 23:22:26.058840 12472 tablet.cc:1373] T 8be26ea17cb04d4882ac6cc20f435a0e Flush Phase 2: carrying over any updates which arrived during Phase 1
I0721 23:22:26.058853 12472 tablet.cc:1375] T 8be26ea17cb04d4882ac6cc20f435a0e Phase 2 snapshot: MvccSnapshot[committed={T|T < 6017611145442836480}]
I0721 23:22:26.059022 12441 tablet.cc:824] T 0249e3dbe50545f99e40b25143970dc6 Alter schema from Schema [ 0:key[int32 NOT NULL], 6:c831[int32 NOT NULL], 8:c659[int32 NOT NULL], 11:c776[int32 NOT NULL], 12:c323[int32 NULLABLE], 13:c527[int32 NOT NULL] ] version 8 to Schema [ 0:key[int32 NOT NULL], 6:c831[int32 NOT NULL], 8:c659[int32 NOT NULL], 14:c824[int32 NOT NULL] ] version 9
I0721 23:22:26.059067 12441 tablet.cc:772] T 0249e3dbe50545f99e40b25143970dc6 Flush: entering stage 1 (old memrowset already frozen for inserts)
I0721 23:22:26.059073 12441 compaction.cc:588] Selected 1 rowsets to compact:
I0721 23:22:26.059077 12441 compaction.cc:591] memrowset(current size on disk: ~0 bytes)
I0721 23:22:26.059082 12441 tablet.cc:774] T 0249e3dbe50545f99e40b25143970dc6 Memstore in-memory size: 763 bytes
I0721 23:22:26.059087 12441 tablet.cc:1238] T 0249e3dbe50545f99e40b25143970dc6 Flush: entering phase 1 (flushing snapshot). Phase 1 snapshot: MvccSnapshot[committed={T|T < 6017611145420861440}]
I0721 23:22:26.059089 11310 ts_tablet_manager.cc:960] T d8dc71543f874434a91e5a91e720b7b3 P 4d5cad21cdbe462d87174e9da291a046: Deleting tablet data with delete state TABLET_DATA_DELETED
I0721 23:22:26.058248 12478 tablet.cc:772] T 4d01ea135b3e48929ff3ed0d140be9ab Flush: entering stage 1 (old memrowset already frozen for inserts)
I0721 23:22:26.059134 12478 compaction.cc:588] Selected 1 rowsets to compact:
I0721 23:22:26.059140 12478 compaction.cc:591] memrowset(current size on disk: ~0 bytes)
I0721 23:22:26.059145 12478 tablet.cc:774] T 4d01ea135b3e48929ff3ed0d140be9ab Memstore in-memory size: 763 bytes
I0721 23:22:26.059150 12478 tablet.cc:1238] T 4d01ea135b3e48929ff3ed0d140be9ab Flush: entering phase 1 (flushing snapshot). Phase 1 snapshot: MvccSnapshot[committed={T|T < 6017611145433821184}]
I0721 23:22:26.059227 12478 multi_column_writer.cc:85] Opened CFile writer for column key[int32 NOT NULL]
I0721 23:22:26.059249 12478 multi_column_writer.cc:85] Opened CFile writer for column c831[int32 NOT NULL]
I0721 23:22:26.059268 12478 multi_column_writer.cc:85] Opened CFile writer for column c659[int32 NOT NULL]
I0721 23:22:26.059286 12478 multi_column_writer.cc:85] Opened CFile writer for column c824[int32 NOT NULL]
I0721 23:22:26.059321 12468 tablet.cc:824] T 4d01ea135b3e48929ff3ed0d140be9ab Alter schema from Schema [ 0:key[int32 NOT NULL], 6:c831[int32 NOT NULL], 8:c659[int32 NOT NULL], 11:c776[int32 NOT NULL], 12:c323[int32 NULLABLE], 13:c527[int32 NOT NULL] ] version 8 to Schema [ 0:key[int32 NOT NULL], 6:c831[int32 NOT NULL], 8:c659[int32 NOT NULL], 14:c824[int32 NOT NULL] ] version 9
I0721 23:22:26.059353 12468 tablet.cc:772] T 4d01ea135b3e48929ff3ed0d140be9ab Flush: entering stage 1 (old memrowset already frozen for inserts)
I0721 23:22:26.059358 12468 compaction.cc:588] Selected 1 rowsets to compact:
I0721 23:22:26.059361 12468 compaction.cc:591] memrowset(current size on disk: ~0 bytes)
I0721 23:22:26.059365 12468 tablet.cc:774] T 4d01ea135b3e48929ff3ed0d140be9ab Memstore in-memory size: 763 bytes
I0721 23:22:26.059370 12468 tablet.cc:1238] T 4d01ea135b3e48929ff3ed0d140be9ab Flush: entering phase 1 (flushing snapshot). Phase 1 snapshot: MvccSnapshot[committed={T|T < 6017611145433821184}]
I0721 23:22:26.059542 12041 tablet_bootstrap.cc:400] T c09305be19464a8eb989566b63a0fe81 P 2aeff3d0fc13436a9d6090b9a6aaa6aa: Deleted tablet blocks from disk
I0721 23:22:26.059653 12478 tablet.cc:1318] T 4d01ea135b3e48929ff3ed0d140be9ab Flush: entering phase 2 (starting to duplicate updates in new rowsets)
I0721 23:22:26.059664 12467 tablet.cc:824] T 67b0e5f3081d4c34be5dac68a0b10025 Alter schema from Schema [ 0:key[int32 NOT NULL], 6:c831[int32 NOT NULL], 8:c659[int32 NOT NULL], 11:c776[int32 NOT NULL], 12:c323[int32 NULLABLE], 13:c527[int32 NOT NULL] ] version 8 to Schema [ 0:key[int32 NOT NULL], 6:c831[int32 NOT NULL], 8:c659[int32 NOT NULL], 14:c824[int32 NOT NULL] ] version 9
I0721 23:22:26.059672 12478 tablet.cc:1373] T 4d01ea135b3e48929ff3ed0d140be9ab Flush Phase 2: carrying over any updates which arrived during Phase 1
I0721 23:22:26.059679 12478 tablet.cc:1375] T 4d01ea135b3e48929ff3ed0d140be9ab Phase 2 snapshot: MvccSnapshot[committed={T|T < 6017611145433821184}]
I0721 23:22:26.059695 12377 catalog_manager.cc:2499] TS 2aeff3d0fc13436a9d6090b9a6aaa6aa: tablet c09305be19464a8eb989566b63a0fe81 (table test-table [id=41787a805a7a407ca4ef642fee224d02]) successfully deleted
I0721 23:22:26.059720 12467 tablet.cc:772] T 67b0e5f3081d4c34be5dac68a0b10025 Flush: entering stage 1 (old memrowset already frozen for inserts)
I0721 23:22:26.059727 12467 compaction.cc:588] Selected 1 rowsets to compact:
I0721 23:22:26.059731 12467 compaction.cc:591] memrowset(current size on disk: ~0 bytes)
I0721 23:22:26.059746 12467 tablet.cc:774] T 67b0e5f3081d4c34be5dac68a0b10025 Memstore in-memory size: 763 bytes
I0721 23:22:26.059751 12467 tablet.cc:1238] T 67b0e5f3081d4c34be5dac68a0b10025 Flush: entering phase 1 (flushing snapshot). Phase 1 snapshot: MvccSnapshot[committed={T|T < 6017611145423040512}]
I0721 23:22:26.059826 12467 multi_column_writer.cc:85] Opened CFile writer for column key[int32 NOT NULL]
I0721 23:22:26.059851 12467 multi_column_writer.cc:85] Opened CFile writer for column c831[int32 NOT NULL]
I0721 23:22:26.059875 12467 multi_column_writer.cc:85] Opened CFile writer for column c659[int32 NOT NULL]
I0721 23:22:26.059909 12467 multi_column_writer.cc:85] Opened CFile writer for column c824[int32 NOT NULL]
