I0721 23:22:26.125843 12539 ts_tablet_manager.cc:663] T 7270680365d24fdd841c47868cca7794 P 4d5cad21cdbe462d87174e9da291a046: Time spent starting tablet: real 0.015s user 0.000s sys 0.004s
I0721 23:22:26.125901 12391 catalog_manager.cc:1856] TS 4d5cad21cdbe462d87174e9da291a046 does not have the latest schema for tablet 7270680365d24fdd841c47868cca7794 (table test-table [id=41787a805a7a407ca4ef642fee224d02]). Expected version 9 got 0
I0721 23:22:26.125936 12538 ts_tablet_manager.cc:663] T 5dd0e72041574e04a29b049aff2b2a01 P d248c9dacad642be9a5fabec3add151e: Time spent starting tablet: real 0.014s user 0.000s sys 0.004s
I0721 23:22:26.125990 12540 tablet_bootstrap.cc:400] T 5dd0e72041574e04a29b049aff2b2a01 P 2aeff3d0fc13436a9d6090b9a6aaa6aa: No bootstrap required, opened a new log
I0721 23:22:26.126006 12540 ts_tablet_manager.cc:636] T 5dd0e72041574e04a29b049aff2b2a01 P 2aeff3d0fc13436a9d6090b9a6aaa6aa: Time spent bootstrapping tablet: real 0.014s user 0.004s sys 0.000s
I0721 23:22:26.126159 12389 catalog_manager.cc:1856] TS d248c9dacad642be9a5fabec3add151e does not have the latest schema for tablet 5dd0e72041574e04a29b049aff2b2a01 (table test-table [id=41787a805a7a407ca4ef642fee224d02]). Expected version 9 got 0
W0721 23:22:26.126339 12391 catalog_manager.cc:2160] Unable to reset TS proxy: Not found: No leader found: Tablet 7270680365d24fdd841c47868cca7794 consensus state has no leader
W0721 23:22:26.126360 12391 catalog_manager.cc:2770] Failed to send alter table request: Not found: Failed to reset TS proxy: No leader found: Tablet 7270680365d24fdd841c47868cca7794 consensus state has no leader
W0721 23:22:26.126658 12389 catalog_manager.cc:2160] Unable to reset TS proxy: Not found: No leader found: Tablet 5dd0e72041574e04a29b049aff2b2a01 consensus state has no leader
W0721 23:22:26.126669 12389 catalog_manager.cc:2770] Failed to send alter table request: Not found: Failed to reset TS proxy: No leader found: Tablet 5dd0e72041574e04a29b049aff2b2a01 consensus state has no leader
I0721 23:22:26.126827 12389 catalog_manager.cc:1856] TS d248c9dacad642be9a5fabec3add151e does not have the latest schema for tablet 5dd0e72041574e04a29b049aff2b2a01 (table test-table [id=41787a805a7a407ca4ef642fee224d02]). Expected version 9 got 0
I0721 23:22:26.126997 12391 catalog_manager.cc:1856] TS 4d5cad21cdbe462d87174e9da291a046 does not have the latest schema for tablet 7270680365d24fdd841c47868cca7794 (table test-table [id=41787a805a7a407ca4ef642fee224d02]). Expected version 9 got 0
W0721 23:22:26.127074 12389 catalog_manager.cc:2160] Unable to reset TS proxy: Not found: No leader found: Tablet 5dd0e72041574e04a29b049aff2b2a01 consensus state has no leader
W0721 23:22:26.127082 12389 catalog_manager.cc:2770] Failed to send alter table request: Not found: Failed to reset TS proxy: No leader found: Tablet 5dd0e72041574e04a29b049aff2b2a01 consensus state has no leader
W0721 23:22:26.127284 12391 catalog_manager.cc:2160] Unable to reset TS proxy: Not found: No leader found: Tablet 7270680365d24fdd841c47868cca7794 consensus state has no leader
W0721 23:22:26.127292 12391 catalog_manager.cc:2770] Failed to send alter table request: Not found: Failed to reset TS proxy: No leader found: Tablet 7270680365d24fdd841c47868cca7794 consensus state has no leader
I0721 23:22:26.141875 12540 raft_consensus.cc:269] T 5dd0e72041574e04a29b049aff2b2a01 P 2aeff3d0fc13436a9d6090b9a6aaa6aa [term 0 FOLLOWER]: Replica starting. Triggering 0 pending transactions. Active config: opid_index: -1 peers { permanent_uuid: "4d5cad21cdbe462d87174e9da291a046" member_type: VOTER last_known_addr { host: "127.42.220.2" port: 37062 } } peers { permanent_uuid: "2aeff3d0fc13436a9d6090b9a6aaa6aa" member_type: VOTER last_known_addr { host: "127.42.220.0" port: 48563 } } peers { permanent_uuid: "d248c9dacad642be9a5fabec3add151e" member_type: VOTER last_known_addr { host: "127.42.220.1" port: 37489 } }
I0721 23:22:26.141927 12540 raft_consensus.cc:301] T 5dd0e72041574e04a29b049aff2b2a01 P 2aeff3d0fc13436a9d6090b9a6aaa6aa [term 0 FOLLOWER]: Consensus starting up: Expiring failure detector timer to make a prompt election more likely
I0721 23:22:26.141974 12540 raft_consensus.cc:499] T 5dd0e72041574e04a29b049aff2b2a01 P 2aeff3d0fc13436a9d6090b9a6aaa6aa [term 0 FOLLOWER]: Becoming Follower/Learner. State: Replica: 2aeff3d0fc13436a9d6090b9a6aaa6aa, State: 1, Role: FOLLOWER Watermarks: {Received: term: 0 index: 0 Committed: term: 0 index: 0}
I0721 23:22:26.142020 12540 consensus_queue.cc:162] T 5dd0e72041574e04a29b049aff2b2a01 P 2aeff3d0fc13436a9d6090b9a6aaa6aa [NON_LEADER]: Queue going to NON_LEADER mode. State: All replicated op: 0.0, Majority replicated op: 0.0, Committed index: 0.0, Last appended: 0.0, Current term: 0, Majority size: -1, State: 1, Mode: NON_LEADER
I0721 23:22:26.149323 12540 ts_tablet_manager.cc:663] T 5dd0e72041574e04a29b049aff2b2a01 P 2aeff3d0fc13436a9d6090b9a6aaa6aa: Time spent starting tablet: real 0.023s user 0.000s sys 0.000s
I0721 23:22:26.149461 12391 catalog_manager.cc:1856] TS 2aeff3d0fc13436a9d6090b9a6aaa6aa does not have the latest schema for tablet 5dd0e72041574e04a29b049aff2b2a01 (table test-table [id=41787a805a7a407ca4ef642fee224d02]). Expected version 9 got 0
W0721 23:22:26.149684 12391 catalog_manager.cc:2160] Unable to reset TS proxy: Not found: No leader found: Tablet 5dd0e72041574e04a29b049aff2b2a01 consensus state has no leader
W0721 23:22:26.149698 12391 catalog_manager.cc:2770] Failed to send alter table request: Not found: Failed to reset TS proxy: No leader found: Tablet 5dd0e72041574e04a29b049aff2b2a01 consensus state has no leader
I0721 23:22:26.149942 12391 catalog_manager.cc:1856] TS 2aeff3d0fc13436a9d6090b9a6aaa6aa does not have the latest schema for tablet 5dd0e72041574e04a29b049aff2b2a01 (table test-table [id=41787a805a7a407ca4ef642fee224d02]). Expected version 9 got 0
W0721 23:22:26.150107 12391 catalog_manager.cc:2160] Unable to reset TS proxy: Not found: No leader found: Tablet 5dd0e72041574e04a29b049aff2b2a01 consensus state has no leader
W0721 23:22:26.150121 12391 catalog_manager.cc:2770] Failed to send alter table request: Not found: Failed to reset TS proxy: No leader found: Tablet 5dd0e72041574e04a29b049aff2b2a01 consensus state has no leader
I0721 23:22:26.322895 12571 raft_consensus.cc:370] T 5dd0e72041574e04a29b049aff2b2a01 P 2aeff3d0fc13436a9d6090b9a6aaa6aa [term 0 FOLLOWER]: No leader contacted us within the election timeout. Triggering leader election
I0721 23:22:26.322922 12571 raft_consensus.cc:2019] T 5dd0e72041574e04a29b049aff2b2a01 P 2aeff3d0fc13436a9d6090b9a6aaa6aa [term 0 FOLLOWER]: Advancing to term 1
I0721 23:22:26.323379 12571 raft_consensus.cc:1970] T 5dd0e72041574e04a29b049aff2b2a01 P 2aeff3d0fc13436a9d6090b9a6aaa6aa [term 1 FOLLOWER]: Snoozing failure detection for election timeout plus an additional 1.563s
I0721 23:22:26.323434 12571 raft_consensus.cc:386] T 5dd0e72041574e04a29b049aff2b2a01 P 2aeff3d0fc13436a9d6090b9a6aaa6aa [term 1 FOLLOWER]: Starting election with config: opid_index: -1 peers { permanent_uuid: "4d5cad21cdbe462d87174e9da291a046" member_type: VOTER last_known_addr { host: "127.42.220.2" port: 37062 } } peers { permanent_uuid: "2aeff3d0fc13436a9d6090b9a6aaa6aa" member_type: VOTER last_known_addr { host: "127.42.220.0" port: 48563 } } peers { permanent_uuid: "d248c9dacad642be9a5fabec3add151e" member_type: VOTER last_known_addr { host: "127.42.220.1" port: 37489 } }
I0721 23:22:26.324029 12571 leader_election.cc:223] T 5dd0e72041574e04a29b049aff2b2a01 P 2aeff3d0fc13436a9d6090b9a6aaa6aa [CANDIDATE]: Term 1 election: Requesting vote from peer 4d5cad21cdbe462d87174e9da291a046
I0721 23:22:26.324057 12571 leader_election.cc:223] T 5dd0e72041574e04a29b049aff2b2a01 P 2aeff3d0fc13436a9d6090b9a6aaa6aa [CANDIDATE]: Term 1 election: Requesting vote from peer d248c9dacad642be9a5fabec3add151e
I0721 23:22:26.324229 11328 raft_consensus.cc:2019] T 5dd0e72041574e04a29b049aff2b2a01 P 4d5cad21cdbe462d87174e9da291a046 [term 0 FOLLOWER]: Advancing to term 1
I0721 23:22:26.324255 11554 raft_consensus.cc:2019] T 5dd0e72041574e04a29b049aff2b2a01 P d248c9dacad642be9a5fabec3add151e [term 0 FOLLOWER]: Advancing to term 1
I0721 23:22:26.324682 11328 raft_consensus.cc:1970] T 5dd0e72041574e04a29b049aff2b2a01 P 4d5cad21cdbe462d87174e9da291a046 [term 1 FOLLOWER]: Snoozing failure detection for election timeout plus an additional 1.565s
I0721 23:22:26.324682 11554 raft_consensus.cc:1970] T 5dd0e72041574e04a29b049aff2b2a01 P d248c9dacad642be9a5fabec3add151e [term 1 FOLLOWER]: Snoozing failure detection for election timeout plus an additional 1.511s
I0721 23:22:26.325359 11554 raft_consensus.cc:1677] T 5dd0e72041574e04a29b049aff2b2a01 P d248c9dacad642be9a5fabec3add151e [term 1 FOLLOWER]: Leader election vote request: Granting yes vote for candidate 2aeff3d0fc13436a9d6090b9a6aaa6aa in term 1.
I0721 23:22:26.325475 11998 leader_election.cc:347] T 5dd0e72041574e04a29b049aff2b2a01 P 2aeff3d0fc13436a9d6090b9a6aaa6aa [CANDIDATE]: Term 1 election: Vote granted by peer d248c9dacad642be9a5fabec3add151e
I0721 23:22:26.325487 11998 leader_election.cc:248] T 5dd0e72041574e04a29b049aff2b2a01 P 2aeff3d0fc13436a9d6090b9a6aaa6aa [CANDIDATE]: Term 1 election: Election decided. Result: candidate won.
I0721 23:22:26.325583 11328 raft_consensus.cc:1677] T 5dd0e72041574e04a29b049aff2b2a01 P 4d5cad21cdbe462d87174e9da291a046 [term 1 FOLLOWER]: Leader election vote request: Granting yes vote for candidate 2aeff3d0fc13436a9d6090b9a6aaa6aa in term 1.
I0721 23:22:26.325686 11997 leader_election.cc:347] T 5dd0e72041574e04a29b049aff2b2a01 P 2aeff3d0fc13436a9d6090b9a6aaa6aa [CANDIDATE]: Term 1 election: Vote granted by peer 4d5cad21cdbe462d87174e9da291a046
I0721 23:22:26.325829 12572 raft_consensus.cc:1970] T 5dd0e72041574e04a29b049aff2b2a01 P 2aeff3d0fc13436a9d6090b9a6aaa6aa [term 1 FOLLOWER]: Snoozing failure detection for election timeout plus an additional 1.642s
I0721 23:22:26.325896 12572 raft_consensus.cc:1859] T 5dd0e72041574e04a29b049aff2b2a01 P 2aeff3d0fc13436a9d6090b9a6aaa6aa [term 1 FOLLOWER]: Leader election won for term 1
I0721 23:22:26.337903 12572 raft_consensus.cc:464] T 5dd0e72041574e04a29b049aff2b2a01 P 2aeff3d0fc13436a9d6090b9a6aaa6aa [term 1 LEADER]: Becoming Leader. State: Replica: 2aeff3d0fc13436a9d6090b9a6aaa6aa, State: 1, Role: LEADER Watermarks: {Received: term: 0 index: 0 Committed: term: 0 index: 0}
I0721 23:22:26.338052 12572 consensus_queue.cc:145] T 5dd0e72041574e04a29b049aff2b2a01 P 2aeff3d0fc13436a9d6090b9a6aaa6aa [LEADER]: Queue going to LEADER mode. State: All replicated op: 0.0, Majority replicated op: 0.0, Committed index: 0.0, Last appended: 0.0, Current term: 1, Majority size: 2, State: 1, Mode: LEADER, active raft config: opid_index: -1 peers { permanent_uuid: "4d5cad21cdbe462d87174e9da291a046" member_type: VOTER last_known_addr { host: "127.42.220.2" port: 37062 } } peers { permanent_uuid: "2aeff3d0fc13436a9d6090b9a6aaa6aa" member_type: VOTER last_known_addr { host: "127.42.220.0" port: 48563 } } peers { permanent_uuid: "d248c9dacad642be9a5fabec3add151e" member_type: VOTER last_known_addr { host: "127.42.220.1" port: 37489 } }
I0721 23:22:26.354284 12391 catalog_manager.cc:1856] TS 2aeff3d0fc13436a9d6090b9a6aaa6aa does not have the latest schema for tablet 5dd0e72041574e04a29b049aff2b2a01 (table test-table [id=41787a805a7a407ca4ef642fee224d02]). Expected version 9 got 0
I0721 23:22:26.354348 12391 catalog_manager.cc:1957] Tablet: 5dd0e72041574e04a29b049aff2b2a01 reported consensus state change. New consensus state: current_term: 1 leader_uuid: "2aeff3d0fc13436a9d6090b9a6aaa6aa" config { opid_index: -1 peers { permanent_uuid: "4d5cad21cdbe462d87174e9da291a046" member_type: VOTER last_known_addr { host: "127.42.220.2" port: 37062 } } peers { permanent_uuid: "2aeff3d0fc13436a9d6090b9a6aaa6aa" member_type: VOTER last_known_addr { host: "127.42.220.0" port: 48563 } } peers { permanent_uuid: "d248c9dacad642be9a5fabec3add151e" member_type: VOTER last_known_addr { host: "127.42.220.1" port: 37489 } } }
I0721 23:22:26.362041 11554 raft_consensus.cc:869] T 5dd0e72041574e04a29b049aff2b2a01 P d248c9dacad642be9a5fabec3add151e [term 1 FOLLOWER]: Refusing update from remote peer 2aeff3d0fc13436a9d6090b9a6aaa6aa: Log matching property violated. Preceding OpId in replica: term: 0 index: 0. Preceding OpId from leader: term: 1 index: 2. (index mismatch)
I0721 23:22:26.362169 12572 consensus_queue.cc:578] T 5dd0e72041574e04a29b049aff2b2a01 P 2aeff3d0fc13436a9d6090b9a6aaa6aa [LEADER]: Connected to new peer: Peer: d248c9dacad642be9a5fabec3add151e, Is new: false, Last received: 0.0, Next index: 1, Last known committed idx: 0, Last exchange result: ERROR, Needs remote bootstrap: false
I0721 23:22:26.362503 11328 raft_consensus.cc:869] T 5dd0e72041574e04a29b049aff2b2a01 P 4d5cad21cdbe462d87174e9da291a046 [term 1 FOLLOWER]: Refusing update from remote peer 2aeff3d0fc13436a9d6090b9a6aaa6aa: Log matching property violated. Preceding OpId in replica: term: 0 index: 0. Preceding OpId from leader: term: 1 index: 2. (index mismatch)
I0721 23:22:26.362627 12572 consensus_queue.cc:578] T 5dd0e72041574e04a29b049aff2b2a01 P 2aeff3d0fc13436a9d6090b9a6aaa6aa [LEADER]: Connected to new peer: Peer: 4d5cad21cdbe462d87174e9da291a046, Is new: false, Last received: 0.0, Next index: 1, Last known committed idx: 0, Last exchange result: ERROR, Needs remote bootstrap: false
I0721 23:22:26.366220 12391 catalog_manager.cc:1856] TS d248c9dacad642be9a5fabec3add151e does not have the latest schema for tablet 5dd0e72041574e04a29b049aff2b2a01 (table test-table [id=41787a805a7a407ca4ef642fee224d02]). Expected version 9 got 0
I0721 23:22:26.367002 12391 catalog_manager.cc:1856] TS 4d5cad21cdbe462d87174e9da291a046 does not have the latest schema for tablet 5dd0e72041574e04a29b049aff2b2a01 (table test-table [id=41787a805a7a407ca4ef642fee224d02]). Expected version 9 got 0
I0721 23:22:26.367722 12478 tablet.cc:824] T 5dd0e72041574e04a29b049aff2b2a01 Alter schema from Schema [ 0:key[int32 NOT NULL], 6:c831[int32 NOT NULL], 8:c659[int32 NOT NULL], 14:c824[int32 NOT NULL] ] version 0 to Schema [ 0:key[int32 NOT NULL], 6:c831[int32 NOT NULL], 8:c659[int32 NOT NULL], 14:c824[int32 NOT NULL] ] version 9
I0721 23:22:26.368369 12576 raft_consensus_state.cc:534] T 5dd0e72041574e04a29b049aff2b2a01 P 2aeff3d0fc13436a9d6090b9a6aaa6aa [term 1 LEADER]: Advanced the committed_index across terms. Last committed operation was: term: 0 index: 0 New committed index is: term: 1 index: 2
I0721 23:22:26.369247 12441 tablet.cc:824] T 5dd0e72041574e04a29b049aff2b2a01 Alter schema from Schema [ 0:key[int32 NOT NULL], 6:c831[int32 NOT NULL], 8:c659[int32 NOT NULL], 14:c824[int32 NOT NULL] ] version 0 to Schema [ 0:key[int32 NOT NULL], 6:c831[int32 NOT NULL], 8:c659[int32 NOT NULL], 14:c824[int32 NOT NULL] ] version 9
I0721 23:22:26.370775 12475 tablet.cc:824] T 5dd0e72041574e04a29b049aff2b2a01 Alter schema from Schema [ 0:key[int32 NOT NULL], 6:c831[int32 NOT NULL], 8:c659[int32 NOT NULL], 14:c824[int32 NOT NULL] ] version 0 to Schema [ 0:key[int32 NOT NULL], 6:c831[int32 NOT NULL], 8:c659[int32 NOT NULL], 14:c824[int32 NOT NULL] ] version 9
I0721 23:22:26.372249 12442 tablet.cc:819] T 5dd0e72041574e04a29b049aff2b2a01 Already running schema version 9 got alter request for version 9
I0721 23:22:26.372977 12468 tablet.cc:819] T 5dd0e72041574e04a29b049aff2b2a01 Already running schema version 9 got alter request for version 9
I0721 23:22:26.373595 12467 tablet.cc:819] T 5dd0e72041574e04a29b049aff2b2a01 Already running schema version 9 got alter request for version 9
I0721 23:22:26.374155 12472 tablet.cc:819] T 5dd0e72041574e04a29b049aff2b2a01 Already running schema version 9 got alter request for version 9
I0721 23:22:26.415921 12553 raft_consensus.cc:370] T 7270680365d24fdd841c47868cca7794 P d248c9dacad642be9a5fabec3add151e [term 0 FOLLOWER]: No leader contacted us within the election timeout. Triggering leader election
I0721 23:22:26.415943 12553 raft_consensus.cc:2019] T 7270680365d24fdd841c47868cca7794 P d248c9dacad642be9a5fabec3add151e [term 0 FOLLOWER]: Advancing to term 1
I0721 23:22:26.416424 12553 raft_consensus.cc:1970] T 7270680365d24fdd841c47868cca7794 P d248c9dacad642be9a5fabec3add151e [term 1 FOLLOWER]: Snoozing failure detection for election timeout plus an additional 1.617s
I0721 23:22:26.416452 12553 raft_consensus.cc:386] T 7270680365d24fdd841c47868cca7794 P d248c9dacad642be9a5fabec3add151e [term 1 FOLLOWER]: Starting election with config: opid_index: -1 peers { permanent_uuid: "4d5cad21cdbe462d87174e9da291a046" member_type: VOTER last_known_addr { host: "127.42.220.2" port: 37062 } } peers { permanent_uuid: "2aeff3d0fc13436a9d6090b9a6aaa6aa" member_type: VOTER last_known_addr { host: "127.42.220.0" port: 48563 } } peers { permanent_uuid: "d248c9dacad642be9a5fabec3add151e" member_type: VOTER last_known_addr { host: "127.42.220.1" port: 37489 } }
I0721 23:22:26.417248 12553 leader_election.cc:223] T 7270680365d24fdd841c47868cca7794 P d248c9dacad642be9a5fabec3add151e [CANDIDATE]: Term 1 election: Requesting vote from peer 4d5cad21cdbe462d87174e9da291a046
I0721 23:22:26.417279 12553 leader_election.cc:223] T 7270680365d24fdd841c47868cca7794 P d248c9dacad642be9a5fabec3add151e [CANDIDATE]: Term 1 election: Requesting vote from peer 2aeff3d0fc13436a9d6090b9a6aaa6aa
I0721 23:22:26.417459 12064 raft_consensus.cc:2019] T 7270680365d24fdd841c47868cca7794 P 2aeff3d0fc13436a9d6090b9a6aaa6aa [term 0 FOLLOWER]: Advancing to term 1
I0721 23:22:26.417861 12064 raft_consensus.cc:1970] T 7270680365d24fdd841c47868cca7794 P 2aeff3d0fc13436a9d6090b9a6aaa6aa [term 1 FOLLOWER]: Snoozing failure detection for election timeout plus an additional 1.634s
I0721 23:22:26.418185 11328 raft_consensus.cc:2019] T 7270680365d24fdd841c47868cca7794 P 4d5cad21cdbe462d87174e9da291a046 [term 0 FOLLOWER]: Advancing to term 1
I0721 23:22:26.418608 12064 raft_consensus.cc:1677] T 7270680365d24fdd841c47868cca7794 P 2aeff3d0fc13436a9d6090b9a6aaa6aa [term 1 FOLLOWER]: Leader election vote request: Granting yes vote for candidate d248c9dacad642be9a5fabec3add151e in term 1.
I0721 23:22:26.418745 11489 leader_election.cc:347] T 7270680365d24fdd841c47868cca7794 P d248c9dacad642be9a5fabec3add151e [CANDIDATE]: Term 1 election: Vote granted by peer 2aeff3d0fc13436a9d6090b9a6aaa6aa
I0721 23:22:26.418757 11489 leader_election.cc:248] T 7270680365d24fdd841c47868cca7794 P d248c9dacad642be9a5fabec3add151e [CANDIDATE]: Term 1 election: Election decided. Result: candidate won.
I0721 23:22:26.418804 12555 raft_consensus.cc:1970] T 7270680365d24fdd841c47868cca7794 P d248c9dacad642be9a5fabec3add151e [term 1 FOLLOWER]: Snoozing failure detection for election timeout plus an additional 1.547s
I0721 23:22:26.418815 12555 raft_consensus.cc:1859] T 7270680365d24fdd841c47868cca7794 P d248c9dacad642be9a5fabec3add151e [term 1 FOLLOWER]: Leader election won for term 1
I0721 23:22:26.419021 11328 raft_consensus.cc:1970] T 7270680365d24fdd841c47868cca7794 P 4d5cad21cdbe462d87174e9da291a046 [term 1 FOLLOWER]: Snoozing failure detection for election timeout plus an additional 1.648s
I0721 23:22:26.419602 11328 raft_consensus.cc:1677] T 7270680365d24fdd841c47868cca7794 P 4d5cad21cdbe462d87174e9da291a046 [term 1 FOLLOWER]: Leader election vote request: Granting yes vote for candidate d248c9dacad642be9a5fabec3add151e in term 1.
I0721 23:22:26.419687 11490 leader_election.cc:347] T 7270680365d24fdd841c47868cca7794 P d248c9dacad642be9a5fabec3add151e [CANDIDATE]: Term 1 election: Vote granted by peer 4d5cad21cdbe462d87174e9da291a046
I0721 23:22:26.425858 12555 raft_consensus.cc:464] T 7270680365d24fdd841c47868cca7794 P d248c9dacad642be9a5fabec3add151e [term 1 LEADER]: Becoming Leader. State: Replica: d248c9dacad642be9a5fabec3add151e, State: 1, Role: LEADER Watermarks: {Received: term: 0 index: 0 Committed: term: 0 index: 0}
I0721 23:22:26.425906 12555 consensus_queue.cc:145] T 7270680365d24fdd841c47868cca7794 P d248c9dacad642be9a5fabec3add151e [LEADER]: Queue going to LEADER mode. State: All replicated op: 0.0, Majority replicated op: 0.0, Committed index: 0.0, Last appended: 0.0, Current term: 1, Majority size: 2, State: 1, Mode: LEADER, active raft config: opid_index: -1 peers { permanent_uuid: "4d5cad21cdbe462d87174e9da291a046" member_type: VOTER last_known_addr { host: "127.42.220.2" port: 37062 } } peers { permanent_uuid: "2aeff3d0fc13436a9d6090b9a6aaa6aa" member_type: VOTER last_known_addr { host: "127.42.220.0" port: 48563 } } peers { permanent_uuid: "d248c9dacad642be9a5fabec3add151e" member_type: VOTER last_known_addr { host: "127.42.220.1" port: 37489 } }
I0721 23:22:26.442327 12391 catalog_manager.cc:1856] TS d248c9dacad642be9a5fabec3add151e does not have the latest schema for tablet 7270680365d24fdd841c47868cca7794 (table test-table [id=41787a805a7a407ca4ef642fee224d02]). Expected version 9 got 0
I0721 23:22:26.442386 12391 catalog_manager.cc:1957] Tablet: 7270680365d24fdd841c47868cca7794 reported consensus state change. New consensus state: current_term: 1 leader_uuid: "d248c9dacad642be9a5fabec3add151e" config { opid_index: -1 peers { permanent_uuid: "4d5cad21cdbe462d87174e9da291a046" member_type: VOTER last_known_addr { host: "127.42.220.2" port: 37062 } } peers { permanent_uuid: "2aeff3d0fc13436a9d6090b9a6aaa6aa" member_type: VOTER last_known_addr { host: "127.42.220.0" port: 48563 } } peers { permanent_uuid: "d248c9dacad642be9a5fabec3add151e" member_type: VOTER last_known_addr { host: "127.42.220.1" port: 37489 } } }
W0721 23:22:26.445899 12583 raft_consensus_state.cc:541] T 7270680365d24fdd841c47868cca7794 P d248c9dacad642be9a5fabec3add151e [term 1 LEADER]: Can't advance the committed index across term boundaries until operations from the current term are replicated. Last committed operation was: term: 0 index: 0, New majority replicated is: term: 0 index: 0, Current term is: 1
I0721 23:22:26.450117 12064 raft_consensus.cc:869] T 7270680365d24fdd841c47868cca7794 P 2aeff3d0fc13436a9d6090b9a6aaa6aa [term 1 FOLLOWER]: Refusing update from remote peer d248c9dacad642be9a5fabec3add151e: Log matching property violated. Preceding OpId in replica: term: 0 index: 0. Preceding OpId from leader: term: 1 index: 2. (index mismatch)
I0721 23:22:26.450232 11328 raft_consensus.cc:869] T 7270680365d24fdd841c47868cca7794 P 4d5cad21cdbe462d87174e9da291a046 [term 1 FOLLOWER]: Refusing update from remote peer d248c9dacad642be9a5fabec3add151e: Log matching property violated. Preceding OpId in replica: term: 0 index: 0. Preceding OpId from leader: term: 1 index: 2. (index mismatch)
I0721 23:22:26.450326 12555 consensus_queue.cc:578] T 7270680365d24fdd841c47868cca7794 P d248c9dacad642be9a5fabec3add151e [LEADER]: Connected to new peer: Peer: 2aeff3d0fc13436a9d6090b9a6aaa6aa, Is new: false, Last received: 0.0, Next index: 1, Last known committed idx: 0, Last exchange result: ERROR, Needs remote bootstrap: false
I0721 23:22:26.450356 12555 consensus_queue.cc:578] T 7270680365d24fdd841c47868cca7794 P d248c9dacad642be9a5fabec3add151e [LEADER]: Connected to new peer: Peer: 4d5cad21cdbe462d87174e9da291a046, Is new: false, Last received: 0.0, Next index: 1, Last known committed idx: 0, Last exchange result: ERROR, Needs remote bootstrap: false
I0721 23:22:26.454187 12391 catalog_manager.cc:1856] TS 2aeff3d0fc13436a9d6090b9a6aaa6aa does not have the latest schema for tablet 7270680365d24fdd841c47868cca7794 (table test-table [id=41787a805a7a407ca4ef642fee224d02]). Expected version 9 got 0
I0721 23:22:26.454939 12391 catalog_manager.cc:1856] TS 4d5cad21cdbe462d87174e9da291a046 does not have the latest schema for tablet 7270680365d24fdd841c47868cca7794 (table test-table [id=41787a805a7a407ca4ef642fee224d02]). Expected version 9 got 0
I0721 23:22:26.455492 12545 tablet.cc:824] T 7270680365d24fdd841c47868cca7794 Alter schema from Schema [ 0:key[int32 NOT NULL], 6:c831[int32 NOT NULL], 8:c659[int32 NOT NULL], 14:c824[int32 NOT NULL] ] version 0 to Schema [ 0:key[int32 NOT NULL], 6:c831[int32 NOT NULL], 8:c659[int32 NOT NULL], 14:c824[int32 NOT NULL] ] version 9
I0721 23:22:26.456059 12583 raft_consensus_state.cc:534] T 7270680365d24fdd841c47868cca7794 P d248c9dacad642be9a5fabec3add151e [term 1 LEADER]: Advanced the committed_index across terms. Last committed operation was: term: 0 index: 0 New committed index is: term: 1 index: 2
I0721 23:22:26.456802 12391 catalog_manager.cc:2970] test-table [id=41787a805a7a407ca4ef642fee224d02] - Alter table completed version=9
I0721 23:22:26.457211 12478 tablet.cc:824] T 7270680365d24fdd841c47868cca7794 Alter schema from Schema [ 0:key[int32 NOT NULL], 6:c831[int32 NOT NULL], 8:c659[int32 NOT NULL], 14:c824[int32 NOT NULL] ] version 0 to Schema [ 0:key[int32 NOT NULL], 6:c831[int32 NOT NULL], 8:c659[int32 NOT NULL], 14:c824[int32 NOT NULL] ] version 9
I0721 23:22:26.457700 12391 catalog_manager.cc:1856] TS 2aeff3d0fc13436a9d6090b9a6aaa6aa does not have the latest schema for tablet 7270680365d24fdd841c47868cca7794 (table test-table [id=41787a805a7a407ca4ef642fee224d02]). Expected version 9 got 0
I0721 23:22:26.458937 12549 tablet.cc:819] T 7270680365d24fdd841c47868cca7794 Already running schema version 9 got alter request for version 9
I0721 23:22:26.459254 12550 tablet.cc:824] T 7270680365d24fdd841c47868cca7794 Alter schema from Schema [ 0:key[int32 NOT NULL], 6:c831[int32 NOT NULL], 8:c659[int32 NOT NULL], 14:c824[int32 NOT NULL] ] version 0 to Schema [ 0:key[int32 NOT NULL], 6:c831[int32 NOT NULL], 8:c659[int32 NOT NULL], 14:c824[int32 NOT NULL] ] version 9
I0721 23:22:26.461266 12442 tablet.cc:819] T 7270680365d24fdd841c47868cca7794 Already running schema version 9 got alter request for version 9
I0721 23:22:26.461871 12441 tablet.cc:819] T 7270680365d24fdd841c47868cca7794 Already running schema version 9 got alter request for version 9
I0721 23:22:26.462179 12546 tablet.cc:819] T 7270680365d24fdd841c47868cca7794 Already running schema version 9 got alter request for version 9
I0721 23:22:26.507546 12441 tablet.cc:819] T 5dd0e72041574e04a29b049aff2b2a01 Already running schema version 9 got alter request for version 9
I0721 23:22:26.508394 12546 tablet.cc:819] T 5dd0e72041574e04a29b049aff2b2a01 Already running schema version 9 got alter request for version 9
I0721 23:22:26.510079 10972 alter_table-randomized-test.cc:92] Restarting TS 0
I0721 23:22:26.510100 10972 external_mini_cluster.cc:661] Killing /tmp/run_tha_testJdYyRY/build/release/bin/kudu-tserver with pid 11991
W0721 23:22:26.515014 11268 connection.cc:458] client connection to 127.42.220.0:48563 recv error: Network error: recv error: Connection reset by peer (error 104)
W0721 23:22:26.515033 11268 consensus_peers.cc:333] T 0249e3dbe50545f99e40b25143970dc6 P 4d5cad21cdbe462d87174e9da291a046 -> Peer 2aeff3d0fc13436a9d6090b9a6aaa6aa (127.42.220.0:48563): Couldn't send request to peer 2aeff3d0fc13436a9d6090b9a6aaa6aa for tablet 0249e3dbe50545f99e40b25143970dc6. Status: Network error: recv error: Connection reset by peer (error 104). Retrying in the next heartbeat period. Already tried 1 times.
W0721 23:22:26.515043 11268 consensus_peers.cc:333] T 67b0e5f3081d4c34be5dac68a0b10025 P 4d5cad21cdbe462d87174e9da291a046 -> Peer 2aeff3d0fc13436a9d6090b9a6aaa6aa (127.42.220.0:48563): Couldn't send request to peer 2aeff3d0fc13436a9d6090b9a6aaa6aa for tablet 67b0e5f3081d4c34be5dac68a0b10025. Status: Network error: recv error: Connection reset by peer (error 104). Retrying in the next heartbeat period. Already tried 1 times.
I0721 23:22:26.515290 10972 external_mini_cluster.cc:559] Running /tmp/run_tha_testJdYyRY/build/release/bin/kudu-tserver kudu-tserver --fs_wal_dir=/tmp/kudutest-1000/alter_table-randomized-test.AlterTableRandomized.TestRandomSequence.1469143337762994-10972/minicluster-data/ts-0 --fs_data_dirs=/tmp/kudutest-1000/alter_table-randomized-test.AlterTableRandomized.TestRandomSequence.1469143337762994-10972/minicluster-data/ts-0 --rpc_bind_addresses=127.42.220.0:48563 --local_ip_for_outbound_sockets=127.42.220.0 --webserver_port=58085 --webserver_interface=127.42.220.0 --tserver_master_addrs=127.0.0.1:46345 --metrics_log_interval_ms=1000 --log_dir=/tmp/kudutest-1000/alter_table-randomized-test.AlterTableRandomized.TestRandomSequence.1469143337762994-10972/minicluster-data/ts-0 --never_fsync --log_container_preallocate_bytes=0 --server_dump_info_path=/tmp/kudutest-1000/alter_table-randomized-test.AlterTableRandomized.TestRandomSequence.1469143337762994-10972/minicluster-data/ts-0/info.pb --server_dump_info_format=pb --rpc_server_allow_ephemeral_ports --logtostderr --logbuflevel=-1
I0721 23:22:26.521894 12588 mem_tracker.cc:138] MemTracker: hard memory limit is 11.777661 GB
I0721 23:22:26.521951 12588 mem_tracker.cc:140] MemTracker: soft memory limit is 7.066597 GB
I0721 23:22:26.533915 12588 tablet_server_main.cc:54] Initializing tablet server...
I0721 23:22:26.534113 12588 hybrid_clock.cc:178] HybridClock initialized. Resolution in nanos?: 1 Wait times tolerance adjustment: 1.0005 Current error: 1137658
I0721 23:22:26.538230 12588 fs_manager.cc:242] Opened local filesystem: /tmp/kudutest-1000/alter_table-randomized-test.AlterTableRandomized.TestRandomSequence.1469143337762994-10972/minicluster-data/ts-0 uuid: "2aeff3d0fc13436a9d6090b9a6aaa6aa" format_stamp: "Formatted at 2016-07-21 23:22:17 on dist-test-slave-dist-test-slave-zjmv"
I0721 23:22:26.540503 12588 ts_tablet_manager.cc:607] Loading metadata for tablet 0c5c7515d77f4072bde96a5bde4c4e23
I0721 23:22:26.540830 12588 ts_tablet_manager.cc:607] Loading metadata for tablet 7270680365d24fdd841c47868cca7794
I0721 23:22:26.541018 12588 ts_tablet_manager.cc:607] Loading metadata for tablet 0249e3dbe50545f99e40b25143970dc6
I0721 23:22:26.541267 12588 ts_tablet_manager.cc:607] Loading metadata for tablet 4d01ea135b3e48929ff3ed0d140be9ab
I0721 23:22:26.541436 12588 ts_tablet_manager.cc:607] Loading metadata for tablet 9b57343f7776457f86d235d3cfb90b70
I0721 23:22:26.541610 12588 ts_tablet_manager.cc:607] Loading metadata for tablet 6a4c4010ca524867aed3bcd8ce342a34
I0721 23:22:26.541808 12588 ts_tablet_manager.cc:607] Loading metadata for tablet 5dd0e72041574e04a29b049aff2b2a01
I0721 23:22:26.542031 12588 ts_tablet_manager.cc:607] Loading metadata for tablet 67b0e5f3081d4c34be5dac68a0b10025
I0721 23:22:26.542246 12588 ts_tablet_manager.cc:607] Loading metadata for tablet 8be26ea17cb04d4882ac6cc20f435a0e
I0721 23:22:26.542435 12588 ts_tablet_manager.cc:765] Registered tablet 0c5c7515d77f4072bde96a5bde4c4e23
I0721 23:22:26.542596 12588 ts_tablet_manager.cc:765] Registered tablet 7270680365d24fdd841c47868cca7794
I0721 23:22:26.542655 12588 ts_tablet_manager.cc:765] Registered tablet 0249e3dbe50545f99e40b25143970dc6
I0721 23:22:26.542701 12588 ts_tablet_manager.cc:765] Registered tablet 4d01ea135b3e48929ff3ed0d140be9ab
I0721 23:22:26.542707 12597 ts_tablet_manager.cc:631] T 0c5c7515d77f4072bde96a5bde4c4e23 P 2aeff3d0fc13436a9d6090b9a6aaa6aa: Bootstrapping tablet
I0721 23:22:26.542923 12597 tablet_bootstrap.cc:400] T 0c5c7515d77f4072bde96a5bde4c4e23 P 2aeff3d0fc13436a9d6090b9a6aaa6aa: Bootstrap starting.
I0721 23:22:26.543820 12597 tablet_bootstrap.cc:563] T 0c5c7515d77f4072bde96a5bde4c4e23 P 2aeff3d0fc13436a9d6090b9a6aaa6aa: Time spent opening tablet: real 0.001s user 0.000s sys 0.000s
I0721 23:22:26.543936 12597 tablet_bootstrap.cc:619] T 0c5c7515d77f4072bde96a5bde4c4e23 P 2aeff3d0fc13436a9d6090b9a6aaa6aa: Will attempt to recover log segment /tmp/kudutest-1000/alter_table-randomized-test.AlterTableRandomized.TestRandomSequence.1469143337762994-10972/minicluster-data/ts-0/wals/0c5c7515d77f4072bde96a5bde4c4e23/wal-000000001 to /tmp/kudutest-1000/alter_table-randomized-test.AlterTableRandomized.TestRandomSequence.1469143337762994-10972/minicluster-data/ts-0/wals/0c5c7515d77f4072bde96a5bde4c4e23.recovery/wal-000000001
I0721 23:22:26.543978 12597 tablet_bootstrap.cc:627] T 0c5c7515d77f4072bde96a5bde4c4e23 P 2aeff3d0fc13436a9d6090b9a6aaa6aa: Moving log directory /tmp/kudutest-1000/alter_table-randomized-test.AlterTableRandomized.TestRandomSequence.1469143337762994-10972/minicluster-data/ts-0/wals/0c5c7515d77f4072bde96a5bde4c4e23 to recovery directory /tmp/kudutest-1000/alter_table-randomized-test.AlterTableRandomized.TestRandomSequence.1469143337762994-10972/minicluster-data/ts-0/wals/0c5c7515d77f4072bde96a5bde4c4e23.recovery in preparation for log replay
W0721 23:22:26.544140 12597 log_util.cc:311] Could not read footer for segment: /tmp/kudutest-1000/alter_table-randomized-test.AlterTableRandomized.TestRandomSequence.1469143337762994-10972/minicluster-data/ts-0/wals/0c5c7515d77f4072bde96a5bde4c4e23.recovery/wal-000000001: Not found: Footer not found. Footer magic doesn't match
I0721 23:22:26.544157 12597 log_reader.cc:152] Log segment /tmp/kudutest-1000/alter_table-randomized-test.AlterTableRandomized.TestRandomSequence.1469143337762994-10972/minicluster-data/ts-0/wals/0c5c7515d77f4072bde96a5bde4c4e23.recovery/wal-000000001 was likely left in-progress after a previous crash. Will try to rebuild footer by scanning data.
I0721 23:22:26.542729 12588 ts_tablet_manager.cc:765] Registered tablet 9b57343f7776457f86d235d3cfb90b70
I0721 23:22:26.545809 12588 ts_tablet_manager.cc:765] Registered tablet 6a4c4010ca524867aed3bcd8ce342a34
I0721 23:22:26.545824 12588 ts_tablet_manager.cc:765] Registered tablet 5dd0e72041574e04a29b049aff2b2a01
I0721 23:22:26.545830 12588 ts_tablet_manager.cc:765] Registered tablet 67b0e5f3081d4c34be5dac68a0b10025
I0721 23:22:26.545838 12588 ts_tablet_manager.cc:765] Registered tablet 8be26ea17cb04d4882ac6cc20f435a0e
I0721 23:22:26.546114 12597 log_util.cc:569] Scanning /tmp/kudutest-1000/alter_table-randomized-test.AlterTableRandomized.TestRandomSequence.1469143337762994-10972/minicluster-data/ts-0/wals/0c5c7515d77f4072bde96a5bde4c4e23.recovery/wal-000000001 for valid entry headers following offset 3399...
I0721 23:22:26.553880 12588 tablet_server_main.cc:57] Starting tablet server...
I0721 23:22:26.592453 12597 log_util.cc:606] Found no log entry headers
I0721 23:22:26.592488 12597 log_util.cc:215] Ignoring log segment corruption in /tmp/kudutest-1000/alter_table-randomized-test.AlterTableRandomized.TestRandomSequence.1469143337762994-10972/minicluster-data/ts-0/wals/0c5c7515d77f4072bde96a5bde4c4e23.recovery/wal-000000001 because there are no log entries following the corrupted one. The server probably crashed in the middle of writing an entry to the write-ahead log or downloaded an active log via remote bootstrap. Error detail: Corruption: CRC mismatch in log entry header: Log file corruption detected. Failed trying to read batch #0 at offset 3387 for log segment /tmp/kudutest-1000/alter_table-randomized-test.AlterTableRandomized.TestRandomSequence.1469143337762994-10972/minicluster-data/ts-0/wals/0c5c7515d77f4072bde96a5bde4c4e23.recovery/wal-000000001: Prior entries: [off=3080 REPLICATE (1.13)] [off=3114 COMMIT (1.13)] [off=3361 REPLICATE (1.14)] [off=3387 COMMIT (1.14)]
I0721 23:22:26.592495 12597 log_util.cc:359] Successfully rebuilt footer for segment: /tmp/kudutest-1000/alter_table-randomized-test.AlterTableRandomized.TestRandomSequence.1469143337762994-10972/minicluster-data/ts-0/wals/0c5c7515d77f4072bde96a5bde4c4e23.recovery/wal-000000001 (valid entries through byte offset 3387)
I0721 23:22:26.592545 12597 tablet.cc:853] T 0c5c7515d77f4072bde96a5bde4c4e23 Rewinding schema during bootstrap to Schema [ 0:key[int32 NOT NULL], 4:c123[int32 NOT NULL], 5:c137[int32 NULLABLE] ]
I0721 23:22:26.592789 12597 log.cc:349] Log is configured to *not* fsync() on all Append() calls
I0721 23:22:26.598973 12597 tablet.cc:824] T 0c5c7515d77f4072bde96a5bde4c4e23 Alter schema from Schema [ 0:key[int32 NOT NULL], 4:c123[int32 NOT NULL], 5:c137[int32 NULLABLE] ] version 0 to Schema [ 0:key[int32 NOT NULL], 4:c123[int32 NOT NULL], 5:c137[int32 NULLABLE] ] version 4
I0721 23:22:26.599038 12597 tablet_metadata.cc:428] Not flushing: waiting for 1 pins to be released.
I0721 23:22:26.599232 12597 tablet.cc:824] T 0c5c7515d77f4072bde96a5bde4c4e23 Alter schema from Schema [ 0:key[int32 NOT NULL], 4:c123[int32 NOT NULL], 5:c137[int32 NULLABLE] ] version 4 to Schema [ 0:key[int32 NOT NULL], 5:c137[int32 NULLABLE] ] version 5
I0721 23:22:26.599305 12597 tablet.cc:763] MemRowSet was empty: no flush needed.
I0721 23:22:26.599346 12597 tablet_metadata.cc:428] Not flushing: waiting for 1 pins to be released.
I0721 23:22:26.599423 12597 tablet.cc:824] T 0c5c7515d77f4072bde96a5bde4c4e23 Alter schema from Schema [ 0:key[int32 NOT NULL], 5:c137[int32 NULLABLE] ] version 5 to Schema [ 0:key[int32 NOT NULL], 6:c831[int32 NOT NULL] ] version 6
I0721 23:22:26.599474 12597 tablet.cc:763] MemRowSet was empty: no flush needed.
I0721 23:22:26.599501 12597 tablet_metadata.cc:428] Not flushing: waiting for 1 pins to be released.
I0721 23:22:26.599608 12597 tablet.cc:824] T 0c5c7515d77f4072bde96a5bde4c4e23 Alter schema from Schema [ 0:key[int32 NOT NULL], 6:c831[int32 NOT NULL] ] version 6 to Schema [ 0:key[int32 NOT NULL], 6:c831[int32 NOT NULL], 7:c566[int32 NOT NULL], 8:c659[int32 NOT NULL], 9:c997[int32 NOT NULL] ] version 7
I0721 23:22:26.599673 12597 tablet.cc:763] MemRowSet was empty: no flush needed.
I0721 23:22:26.599709 12597 tablet_metadata.cc:428] Not flushing: waiting for 1 pins to be released.
I0721 23:22:26.599993 12597 tablet.cc:824] T 0c5c7515d77f4072bde96a5bde4c4e23 Alter schema from Schema [ 0:key[int32 NOT NULL], 6:c831[int32 NOT NULL], 7:c566[int32 NOT NULL], 8:c659[int32 NOT NULL], 9:c997[int32 NOT NULL] ] version 7 to Schema [ 0:key[int32 NOT NULL], 6:c831[int32 NOT NULL], 8:c659[int32 NOT NULL], 11:c776[int32 NOT NULL], 12:c323[int32 NULLABLE], 13:c527[int32 NOT NULL] ] version 8
I0721 23:22:26.600069 12597 tablet.cc:763] MemRowSet was empty: no flush needed.
I0721 23:22:26.600096 12597 tablet_metadata.cc:428] Not flushing: waiting for 1 pins to be released.
I0721 23:22:26.600230 12597 tablet.cc:824] T 0c5c7515d77f4072bde96a5bde4c4e23 Alter schema from Schema [ 0:key[int32 NOT NULL], 6:c831[int32 NOT NULL], 8:c659[int32 NOT NULL], 11:c776[int32 NOT NULL], 12:c323[int32 NULLABLE], 13:c527[int32 NOT NULL] ] version 8 to Schema [ 0:key[int32 NOT NULL], 6:c831[int32 NOT NULL], 8:c659[int32 NOT NULL], 14:c824[int32 NOT NULL] ] version 9
I0721 23:22:26.600296 12597 tablet.cc:763] MemRowSet was empty: no flush needed.
I0721 23:22:26.600324 12597 tablet_metadata.cc:428] Not flushing: waiting for 1 pins to be released.
I0721 23:22:26.600374 12597 tablet_bootstrap.cc:400] T 0c5c7515d77f4072bde96a5bde4c4e23 P 2aeff3d0fc13436a9d6090b9a6aaa6aa: Bootstrap replayed 1/1 log segments. Stats: ops{read=14 overwritten=0 applied=14 ignored=6} inserts{seen=0 ignored=0} mutations{seen=1 ignored=0} orphaned_commits=0. Pending: 0 replicates
I0721 23:22:26.600407 12597 tablet_bootstrap.cc:1040] T 0c5c7515d77f4072bde96a5bde4c4e23 P 2aeff3d0fc13436a9d6090b9a6aaa6aa: ReplayState: Previous OpId: 1.14, Committed OpId: 1.14, Pending Replicates: 0, Pending Commits: 0
I0721 23:22:26.600839 12597 tablet_bootstrap.cc:656] T 0c5c7515d77f4072bde96a5bde4c4e23 P 2aeff3d0fc13436a9d6090b9a6aaa6aa: Preparing to delete log recovery files and directory /tmp/kudutest-1000/alter_table-randomized-test.AlterTableRandomized.TestRandomSequence.1469143337762994-10972/minicluster-data/ts-0/wals/0c5c7515d77f4072bde96a5bde4c4e23.recovery
I0721 23:22:26.600889 12597 tablet_bootstrap.cc:659] T 0c5c7515d77f4072bde96a5bde4c4e23 P 2aeff3d0fc13436a9d6090b9a6aaa6aa: Renaming log recovery dir from /tmp/kudutest-1000/alter_table-randomized-test.AlterTableRandomized.TestRandomSequence.1469143337762994-10972/minicluster-data/ts-0/wals/0c5c7515d77f4072bde96a5bde4c4e23.recovery to /tmp/kudutest-1000/alter_table-randomized-test.AlterTableRandomized.TestRandomSequence.1469143337762994-10972/minicluster-data/ts-0/wals/0c5c7515d77f4072bde96a5bde4c4e23.recovery-1469143346600886
I0721 23:22:26.600961 12597 tablet_bootstrap.cc:669] T 0c5c7515d77f4072bde96a5bde4c4e23 P 2aeff3d0fc13436a9d6090b9a6aaa6aa: Deleting all files from renamed log recovery directory /tmp/kudutest-1000/alter_table-randomized-test.AlterTableRandomized.TestRandomSequence.1469143337762994-10972/minicluster-data/ts-0/wals/0c5c7515d77f4072bde96a5bde4c4e23.recovery-1469143346600886
I0721 23:22:26.601217 12597 tablet_bootstrap.cc:672] T 0c5c7515d77f4072bde96a5bde4c4e23 P 2aeff3d0fc13436a9d6090b9a6aaa6aa: Completed deletion of old log recovery files and directory /tmp/kudutest-1000/alter_table-randomized-test.AlterTableRandomized.TestRandomSequence.1469143337762994-10972/minicluster-data/ts-0/wals/0c5c7515d77f4072bde96a5bde4c4e23.recovery-1469143346600886
I0721 23:22:26.601696 12597 tablet_bootstrap.cc:400] T 0c5c7515d77f4072bde96a5bde4c4e23 P 2aeff3d0fc13436a9d6090b9a6aaa6aa: Bootstrap complete.
I0721 23:22:26.608634 12597 ts_tablet_manager.cc:636] T 0c5c7515d77f4072bde96a5bde4c4e23 P 2aeff3d0fc13436a9d6090b9a6aaa6aa: Time spent bootstrapping tablet: real 0.066s user 0.004s sys 0.044s
I0721 23:22:26.609055 12597 raft_consensus.cc:269] T 0c5c7515d77f4072bde96a5bde4c4e23 P 2aeff3d0fc13436a9d6090b9a6aaa6aa [term 1 FOLLOWER]: Replica starting. Triggering 0 pending transactions. Active config: opid_index: -1 peers { permanent_uuid: "2aeff3d0fc13436a9d6090b9a6aaa6aa" member_type: VOTER last_known_addr { host: "127.42.220.0" port: 48563 } } peers { permanent_uuid: "d248c9dacad642be9a5fabec3add151e" member_type: VOTER last_known_addr { host: "127.42.220.1" port: 37489 } } peers { permanent_uuid: "4d5cad21cdbe462d87174e9da291a046" member_type: VOTER last_known_addr { host: "127.42.220.2" port: 37062 } }
I0721 23:22:26.609118 12597 raft_consensus.cc:499] T 0c5c7515d77f4072bde96a5bde4c4e23 P 2aeff3d0fc13436a9d6090b9a6aaa6aa [term 1 FOLLOWER]: Becoming Follower/Learner. State: Replica: 2aeff3d0fc13436a9d6090b9a6aaa6aa, State: 1, Role: FOLLOWER Watermarks: {Received: term: 1 index: 14 Committed: term: 1 index: 14}
I0721 23:22:26.609159 12597 consensus_queue.cc:162] T 0c5c7515d77f4072bde96a5bde4c4e23 P 2aeff3d0fc13436a9d6090b9a6aaa6aa [NON_LEADER]: Queue going to NON_LEADER mode. State: All replicated op: 0.0, Majority replicated op: 0.0, Committed index: 0.0, Last appended: 1.14, Current term: 0, Majority size: -1, State: 1, Mode: NON_LEADER
I0721 23:22:26.609243 12597 ts_tablet_manager.cc:663] T 0c5c7515d77f4072bde96a5bde4c4e23 P 2aeff3d0fc13436a9d6090b9a6aaa6aa: Time spent starting tablet: real 0.001s user 0.000s sys 0.000s
I0721 23:22:26.609285 12597 ts_tablet_manager.cc:631] T 7270680365d24fdd841c47868cca7794 P 2aeff3d0fc13436a9d6090b9a6aaa6aa: Bootstrapping tablet
I0721 23:22:26.609411 12597 tablet_bootstrap.cc:400] T 7270680365d24fdd841c47868cca7794 P 2aeff3d0fc13436a9d6090b9a6aaa6aa: Bootstrap starting.
I0721 23:22:26.609540 12597 tablet_bootstrap.cc:563] T 7270680365d24fdd841c47868cca7794 P 2aeff3d0fc13436a9d6090b9a6aaa6aa: Time spent opening tablet: real 0.000s user 0.000s sys 0.000s
I0721 23:22:26.609618 12597 tablet_bootstrap.cc:619] T 7270680365d24fdd841c47868cca7794 P 2aeff3d0fc13436a9d6090b9a6aaa6aa: Will attempt to recover log segment /tmp/kudutest-1000/alter_table-randomized-test.AlterTableRandomized.TestRandomSequence.1469143337762994-10972/minicluster-data/ts-0/wals/7270680365d24fdd841c47868cca7794/wal-000000001 to /tmp/kudutest-1000/alter_table-randomized-test.AlterTableRandomized.TestRandomSequence.1469143337762994-10972/minicluster-data/ts-0/wals/7270680365d24fdd841c47868cca7794.recovery/wal-000000001
I0721 23:22:26.609643 12597 tablet_bootstrap.cc:627] T 7270680365d24fdd841c47868cca7794 P 2aeff3d0fc13436a9d6090b9a6aaa6aa: Moving log directory /tmp/kudutest-1000/alter_table-randomized-test.AlterTableRandomized.TestRandomSequence.1469143337762994-10972/minicluster-data/ts-0/wals/7270680365d24fdd841c47868cca7794 to recovery directory /tmp/kudutest-1000/alter_table-randomized-test.AlterTableRandomized.TestRandomSequence.1469143337762994-10972/minicluster-data/ts-0/wals/7270680365d24fdd841c47868cca7794.recovery in preparation for log replay
W0721 23:22:26.609882 12597 log_util.cc:311] Could not read footer for segment: /tmp/kudutest-1000/alter_table-randomized-test.AlterTableRandomized.TestRandomSequence.1469143337762994-10972/minicluster-data/ts-0/wals/7270680365d24fdd841c47868cca7794.recovery/wal-000000001: Not found: Footer not found. Footer magic doesn't match
I0721 23:22:26.609916 12597 log_reader.cc:152] Log segment /tmp/kudutest-1000/alter_table-randomized-test.AlterTableRandomized.TestRandomSequence.1469143337762994-10972/minicluster-data/ts-0/wals/7270680365d24fdd841c47868cca7794.recovery/wal-000000001 was likely left in-progress after a previous crash. Will try to rebuild footer by scanning data.
I0721 23:22:26.609983 12597 log_util.cc:569] Scanning /tmp/kudutest-1000/alter_table-randomized-test.AlterTableRandomized.TestRandomSequence.1469143337762994-10972/minicluster-data/ts-0/wals/7270680365d24fdd841c47868cca7794.recovery/wal-000000001 for valid entry headers following offset 1036...
I0721 23:22:26.648027 12597 log_util.cc:606] Found no log entry headers
I0721 23:22:26.648131 12597 log_util.cc:215] Ignoring log segment corruption in /tmp/kudutest-1000/alter_table-randomized-test.AlterTableRandomized.TestRandomSequence.1469143337762994-10972/minicluster-data/ts-0/wals/7270680365d24fdd841c47868cca7794.recovery/wal-000000001 because there are no log entries following the corrupted one. The server probably crashed in the middle of writing an entry to the write-ahead log or downloaded an active log via remote bootstrap. Error detail: Corruption: CRC mismatch in log entry header: Log file corruption detected. Failed trying to read batch #0 at offset 1024 for log segment /tmp/kudutest-1000/alter_table-randomized-test.AlterTableRandomized.TestRandomSequence.1469143337762994-10972/minicluster-data/ts-0/wals/7270680365d24fdd841c47868cca7794.recovery/wal-000000001: Prior entries: [off=725 REPLICATE (1.3)] [off=751 COMMIT (1.2)] [off=998 REPLICATE (1.4)] [off=1024 COMMIT (1.3)]
I0721 23:22:26.648159 12597 log_util.cc:359] Successfully rebuilt footer for segment: /tmp/kudutest-1000/alter_table-randomized-test.AlterTableRandomized.TestRandomSequence.1469143337762994-10972/minicluster-data/ts-0/wals/7270680365d24fdd841c47868cca7794.recovery/wal-000000001 (valid entries through byte offset 1024)
I0721 23:22:26.648210 12597 tablet.cc:853] T 7270680365d24fdd841c47868cca7794 Rewinding schema during bootstrap to Schema [ 0:key[int32 NOT NULL], 6:c831[int32 NOT NULL], 8:c659[int32 NOT NULL], 14:c824[int32 NOT NULL] ]
I0721 23:22:26.649185 12597 tablet.cc:824] T 7270680365d24fdd841c47868cca7794 Alter schema from Schema [ 0:key[int32 NOT NULL], 6:c831[int32 NOT NULL], 8:c659[int32 NOT NULL], 14:c824[int32 NOT NULL] ] version 0 to Schema [ 0:key[int32 NOT NULL], 6:c831[int32 NOT NULL], 8:c659[int32 NOT NULL], 14:c824[int32 NOT NULL] ] version 9
I0721 23:22:26.649294 12597 tablet_metadata.cc:428] Not flushing: waiting for 1 pins to be released.
I0721 23:22:26.649361 12597 tablet.cc:819] T 7270680365d24fdd841c47868cca7794 Already running schema version 9 got alter request for version 9
I0721 23:22:26.649404 12597 tablet_bootstrap.cc:400] T 7270680365d24fdd841c47868cca7794 P 2aeff3d0fc13436a9d6090b9a6aaa6aa: Bootstrap replayed 1/1 log segments. Stats: ops{read=4 overwritten=0 applied=3 ignored=0} inserts{seen=0 ignored=0} mutations{seen=0 ignored=0} orphaned_commits=0. Pending: 1 replicates
I0721 23:22:26.649549 12597 tablet_bootstrap.cc:1040] T 7270680365d24fdd841c47868cca7794 P 2aeff3d0fc13436a9d6090b9a6aaa6aa: ReplayState: Previous OpId: 1.4, Committed OpId: 1.3, Pending Replicates: 1, Pending Commits: 0
I0721 23:22:26.649580 12597 tablet_bootstrap.cc:1040] T 7270680365d24fdd841c47868cca7794 P 2aeff3d0fc13436a9d6090b9a6aaa6aa: Dumping REPLICATES:
I0721 23:22:26.649600 12597 tablet_bootstrap.cc:1040] T 7270680365d24fdd841c47868cca7794 P 2aeff3d0fc13436a9d6090b9a6aaa6aa: type: REPLICATE replicate { id { term: 1 index: 4 } timestamp: 6017611147102908416 op_type: ALTER_SCHEMA_OP alter_schema_request { tablet_id: "7270680365d24fdd841c47868cca7794" schema { columns { id: 0 name: "key" type: INT32 is_key: true is_nullable: false encoding: AUTO_ENCODING compression: DEFAULT_COMPRESSION cfile_block_size: 0 } columns { id: 6 name: "c831" type: INT32 is_key: false is_nullable: false read_default_value: "\365WiJ" write_default_value: "\365WiJ" encoding: AUTO_ENCODING compression: DEFAULT_COMPRESSION cfile_block_size: 0 } columns { id: 8 name: "c659" type: INT32 is_key: false is_nullable: false read_default_value: "\362\021~\013" write_default_value: "\362\021~\013" encoding: AUTO_ENCODING compression: DEFAULT_COMPRESSION cfile_block_size: 0 } columns { id: 14 name: "c824" type: INT32 is_key: false is_nullable: false read_default_value: "\003\351F!" write_default_value: "\003\351F!" encoding: AUTO_ENCODING compression: DEFAULT_COMPRESSION cfile_block_size: 0 } } schema_version: 9 new_table_name: "test-table" dest_uuid: "d248c9dacad642be9a5fabec3add151e" } }
I0721 23:22:26.650017 12597 tablet_bootstrap.cc:656] T 7270680365d24fdd841c47868cca7794 P 2aeff3d0fc13436a9d6090b9a6aaa6aa: Preparing to delete log recovery files and directory /tmp/kudutest-1000/alter_table-randomized-test.AlterTableRandomized.TestRandomSequence.1469143337762994-10972/minicluster-data/ts-0/wals/7270680365d24fdd841c47868cca7794.recovery
I0721 23:22:26.650053 12597 tablet_bootstrap.cc:659] T 7270680365d24fdd841c47868cca7794 P 2aeff3d0fc13436a9d6090b9a6aaa6aa: Renaming log recovery dir from /tmp/kudutest-1000/alter_table-randomized-test.AlterTableRandomized.TestRandomSequence.1469143337762994-10972/minicluster-data/ts-0/wals/7270680365d24fdd841c47868cca7794.recovery to /tmp/kudutest-1000/alter_table-randomized-test.AlterTableRandomized.TestRandomSequence.1469143337762994-10972/minicluster-data/ts-0/wals/7270680365d24fdd841c47868cca7794.recovery-1469143346650051
