I0721 23:22:24.302762 10972 alter_table-randomized-test.cc:101] Restarting Master
I0721 23:22:24.302783 10972 external_mini_cluster.cc:661] Killing /tmp/run_tha_testJdYyRY/build/release/bin/kudu-master with pid 10977
I0721 23:22:24.304951 10972 external_mini_cluster.cc:559] Running /tmp/run_tha_testJdYyRY/build/release/bin/kudu-master kudu-master --fs_wal_dir=/tmp/kudutest-1000/alter_table-randomized-test.AlterTableRandomized.TestRandomSequence.1469143337762994-10972/minicluster-data/master --fs_data_dirs=/tmp/kudutest-1000/alter_table-randomized-test.AlterTableRandomized.TestRandomSequence.1469143337762994-10972/minicluster-data/master --rpc_bind_addresses=127.0.0.1:46345 --webserver_interface=localhost --webserver_port=45186 --metrics_log_interval_ms=1000 --log_dir=/tmp/kudutest-1000/alter_table-randomized-test.AlterTableRandomized.TestRandomSequence.1469143337762994-10972/minicluster-data/master --server_dump_info_path=/tmp/kudutest-1000/alter_table-randomized-test.AlterTableRandomized.TestRandomSequence.1469143337762994-10972/minicluster-data/master/info.pb --server_dump_info_format=pb --rpc_server_allow_ephemeral_ports --logtostderr --logbuflevel=-1
I0721 23:22:24.318064 12372 mem_tracker.cc:138] MemTracker: hard memory limit is 11.777661 GB
I0721 23:22:24.318125 12372 mem_tracker.cc:140] MemTracker: soft memory limit is 7.066597 GB
I0721 23:22:24.337848 12372 master_main.cc:58] Initializing master server...
I0721 23:22:24.338034 12372 hybrid_clock.cc:178] HybridClock initialized. Resolution in nanos?: 1 Wait times tolerance adjustment: 1.0005 Current error: 1136658
I0721 23:22:24.350126 12372 fs_manager.cc:242] Opened local filesystem: /tmp/kudutest-1000/alter_table-randomized-test.AlterTableRandomized.TestRandomSequence.1469143337762994-10972/minicluster-data/master uuid: "ed427968d4be45578319d4ea8dca073a" format_stamp: "Formatted at 2016-07-21 23:22:17 on dist-test-slave-dist-test-slave-zjmv"
I0721 23:22:24.409843 12372 master_main.cc:61] Starting Master server...
I0721 23:22:24.733856 12372 rpc_server.cc:164] RPC server started. Bound to: 127.0.0.1:46345
I0721 23:22:24.733976 12372 webserver.cc:122] Starting webserver on localhost:45186
I0721 23:22:24.733994 12372 webserver.cc:133] Document root disabled
I0721 23:22:24.734225 12372 net_util.cc:183] Address 127.0.0.1:45186 for localhost:45186 duplicates an earlier resolved entry.
I0721 23:22:24.734335 12372 webserver.cc:217] Webserver started. Bound to: http://127.0.0.1:45186/
I0721 23:22:24.734639 12372 server_base.cc:235] Dumped server information to /tmp/kudutest-1000/alter_table-randomized-test.AlterTableRandomized.TestRandomSequence.1469143337762994-10972/minicluster-data/master/info.pb
I0721 23:22:24.737447 10972 external_mini_cluster.cc:595] Started /tmp/run_tha_testJdYyRY/build/release/bin/kudu-master as pid 12372
I0721 23:22:24.748747 12414 tablet_bootstrap.cc:400] T 00000000000000000000000000000000 P ed427968d4be45578319d4ea8dca073a: Bootstrap starting.
I0721 23:22:24.748908 12414 tablet_bootstrap.cc:563] T 00000000000000000000000000000000 P ed427968d4be45578319d4ea8dca073a: Time spent opening tablet: real 0.000s user 0.000s sys 0.000s
I0721 23:22:24.748991 12414 tablet_bootstrap.cc:619] T 00000000000000000000000000000000 P ed427968d4be45578319d4ea8dca073a: Will attempt to recover log segment /tmp/kudutest-1000/alter_table-randomized-test.AlterTableRandomized.TestRandomSequence.1469143337762994-10972/minicluster-data/master/wals/00000000000000000000000000000000/wal-000000001 to /tmp/kudutest-1000/alter_table-randomized-test.AlterTableRandomized.TestRandomSequence.1469143337762994-10972/minicluster-data/master/wals/00000000000000000000000000000000.recovery/wal-000000001
I0721 23:22:24.749014 12414 tablet_bootstrap.cc:627] T 00000000000000000000000000000000 P ed427968d4be45578319d4ea8dca073a: Moving log directory /tmp/kudutest-1000/alter_table-randomized-test.AlterTableRandomized.TestRandomSequence.1469143337762994-10972/minicluster-data/master/wals/00000000000000000000000000000000 to recovery directory /tmp/kudutest-1000/alter_table-randomized-test.AlterTableRandomized.TestRandomSequence.1469143337762994-10972/minicluster-data/master/wals/00000000000000000000000000000000.recovery in preparation for log replay
W0721 23:22:24.749137 12414 log_util.cc:311] Could not read footer for segment: /tmp/kudutest-1000/alter_table-randomized-test.AlterTableRandomized.TestRandomSequence.1469143337762994-10972/minicluster-data/master/wals/00000000000000000000000000000000.recovery/wal-000000001: Not found: Footer not found. Footer magic doesn't match
I0721 23:22:24.749162 12414 log_reader.cc:152] Log segment /tmp/kudutest-1000/alter_table-randomized-test.AlterTableRandomized.TestRandomSequence.1469143337762994-10972/minicluster-data/master/wals/00000000000000000000000000000000.recovery/wal-000000001 was likely left in-progress after a previous crash. Will try to rebuild footer by scanning data.
I0721 23:22:24.752101 12414 log_util.cc:569] Scanning /tmp/kudutest-1000/alter_table-randomized-test.AlterTableRandomized.TestRandomSequence.1469143337762994-10972/minicluster-data/master/wals/00000000000000000000000000000000.recovery/wal-000000001 for valid entry headers following offset 300114...
I0721 23:22:24.780228 12414 log_util.cc:606] Found no log entry headers
I0721 23:22:24.780311 12414 log_util.cc:215] Ignoring log segment corruption in /tmp/kudutest-1000/alter_table-randomized-test.AlterTableRandomized.TestRandomSequence.1469143337762994-10972/minicluster-data/master/wals/00000000000000000000000000000000.recovery/wal-000000001 because there are no log entries following the corrupted one. The server probably crashed in the middle of writing an entry to the write-ahead log or downloaded an active log via remote bootstrap. Error detail: Corruption: CRC mismatch in log entry header: Log file corruption detected. Failed trying to read batch #0 at offset 300102 for log segment /tmp/kudutest-1000/alter_table-randomized-test.AlterTableRandomized.TestRandomSequence.1469143337762994-10972/minicluster-data/master/wals/00000000000000000000000000000000.recovery/wal-000000001: Prior entries: [off=299490 REPLICATE (1.515)] [off=299525 COMMIT (1.515)] [off=300067 REPLICATE (1.516)] [off=300102 COMMIT (1.516)]
I0721 23:22:24.780341 12414 log_util.cc:359] Successfully rebuilt footer for segment: /tmp/kudutest-1000/alter_table-randomized-test.AlterTableRandomized.TestRandomSequence.1469143337762994-10972/minicluster-data/master/wals/00000000000000000000000000000000.recovery/wal-000000001 (valid entries through byte offset 300102)
I0721 23:22:24.780381 12414 tablet.cc:853] T 00000000000000000000000000000000 Rewinding schema during bootstrap to Schema [ 0:entry_type[int8 NOT NULL], 1:entry_id[string NOT NULL], 2:metadata[string NOT NULL] ]
I0721 23:22:24.780539 12414 log.cc:349] Log is configured to *not* fsync() on all Append() calls
I0721 23:22:24.810180 12414 tablet_bootstrap.cc:400] T 00000000000000000000000000000000 P ed427968d4be45578319d4ea8dca073a: Bootstrap replayed 1/1 log segments. Stats: ops{read=516 overwritten=0 applied=516 ignored=0} inserts{seen=21 ignored=0} mutations{seen=534 ignored=0} orphaned_commits=0. Pending: 0 replicates
I0721 23:22:24.810212 12414 tablet_bootstrap.cc:1040] T 00000000000000000000000000000000 P ed427968d4be45578319d4ea8dca073a: ReplayState: Previous OpId: 1.516, Committed OpId: 1.516, Pending Replicates: 0, Pending Commits: 0
I0721 23:22:24.810526 12414 tablet_bootstrap.cc:656] T 00000000000000000000000000000000 P ed427968d4be45578319d4ea8dca073a: Preparing to delete log recovery files and directory /tmp/kudutest-1000/alter_table-randomized-test.AlterTableRandomized.TestRandomSequence.1469143337762994-10972/minicluster-data/master/wals/00000000000000000000000000000000.recovery
I0721 23:22:24.810565 12414 tablet_bootstrap.cc:659] T 00000000000000000000000000000000 P ed427968d4be45578319d4ea8dca073a: Renaming log recovery dir from /tmp/kudutest-1000/alter_table-randomized-test.AlterTableRandomized.TestRandomSequence.1469143337762994-10972/minicluster-data/master/wals/00000000000000000000000000000000.recovery to /tmp/kudutest-1000/alter_table-randomized-test.AlterTableRandomized.TestRandomSequence.1469143337762994-10972/minicluster-data/master/wals/00000000000000000000000000000000.recovery-1469143344810563
I0721 23:22:24.810606 12414 tablet_bootstrap.cc:669] T 00000000000000000000000000000000 P ed427968d4be45578319d4ea8dca073a: Deleting all files from renamed log recovery directory /tmp/kudutest-1000/alter_table-randomized-test.AlterTableRandomized.TestRandomSequence.1469143337762994-10972/minicluster-data/master/wals/00000000000000000000000000000000.recovery-1469143344810563
I0721 23:22:24.810811 12414 tablet_bootstrap.cc:672] T 00000000000000000000000000000000 P ed427968d4be45578319d4ea8dca073a: Completed deletion of old log recovery files and directory /tmp/kudutest-1000/alter_table-randomized-test.AlterTableRandomized.TestRandomSequence.1469143337762994-10972/minicluster-data/master/wals/00000000000000000000000000000000.recovery-1469143344810563
I0721 23:22:24.810838 12414 tablet_bootstrap.cc:400] T 00000000000000000000000000000000 P ed427968d4be45578319d4ea8dca073a: Bootstrap complete.
I0721 23:22:24.825852 12414 raft_consensus.cc:269] T 00000000000000000000000000000000 P ed427968d4be45578319d4ea8dca073a [term 1 FOLLOWER]: Replica starting. Triggering 0 pending transactions. Active config: opid_index: -1 peers { permanent_uuid: "ed427968d4be45578319d4ea8dca073a" member_type: VOTER }
I0721 23:22:24.825896 12414 raft_consensus.cc:499] T 00000000000000000000000000000000 P ed427968d4be45578319d4ea8dca073a [term 1 FOLLOWER]: Becoming Follower/Learner. State: Replica: ed427968d4be45578319d4ea8dca073a, State: 1, Role: FOLLOWER Watermarks: {Received: term: 1 index: 516 Committed: term: 1 index: 516}
I0721 23:22:24.825925 12414 consensus_queue.cc:162] T 00000000000000000000000000000000 P ed427968d4be45578319d4ea8dca073a [NON_LEADER]: Queue going to NON_LEADER mode. State: All replicated op: 0.0, Majority replicated op: 0.0, Committed index: 0.0, Last appended: 1.516, Current term: 0, Majority size: -1, State: 1, Mode: NON_LEADER
I0721 23:22:24.825947 12414 raft_consensus.cc:314] T 00000000000000000000000000000000 P ed427968d4be45578319d4ea8dca073a [term 1 FOLLOWER]: Only one voter in the Raft config. Triggering election immediately
I0721 23:22:24.825963 12414 raft_consensus.cc:370] T 00000000000000000000000000000000 P ed427968d4be45578319d4ea8dca073a [term 1 FOLLOWER]: No leader contacted us within the election timeout. Triggering leader election
I0721 23:22:24.825975 12414 raft_consensus.cc:2019] T 00000000000000000000000000000000 P ed427968d4be45578319d4ea8dca073a [term 1 FOLLOWER]: Advancing to term 2
I0721 23:22:24.826174 12414 raft_consensus.cc:1970] T 00000000000000000000000000000000 P ed427968d4be45578319d4ea8dca073a [term 2 FOLLOWER]: Snoozing failure detection for election timeout plus an additional 1.628s
I0721 23:22:24.826208 12414 raft_consensus.cc:386] T 00000000000000000000000000000000 P ed427968d4be45578319d4ea8dca073a [term 2 FOLLOWER]: Starting election with config: opid_index: -1 peers { permanent_uuid: "ed427968d4be45578319d4ea8dca073a" member_type: VOTER }
I0721 23:22:24.826977 12414 leader_election.cc:248] T 00000000000000000000000000000000 P ed427968d4be45578319d4ea8dca073a [CANDIDATE]: Term 2 election: Election decided. Result: candidate won.
I0721 23:22:24.841861 12414 sys_catalog.cc:235] T 00000000000000000000000000000000 P ed427968d4be45578319d4ea8dca073a [sys.catalog]: SysCatalogTable state changed. Reason: Started TabletPeer. Latest consensus state: current_term: 2 config { opid_index: -1 peers { permanent_uuid: "ed427968d4be45578319d4ea8dca073a" member_type: VOTER } }
I0721 23:22:24.841991 12414 sys_catalog.cc:238] T 00000000000000000000000000000000 P ed427968d4be45578319d4ea8dca073a [sys.catalog]: This master's current role is: FOLLOWER
I0721 23:22:24.841969 12420 raft_consensus.cc:1970] T 00000000000000000000000000000000 P ed427968d4be45578319d4ea8dca073a [term 2 FOLLOWER]: Snoozing failure detection for election timeout plus an additional 1.636s
I0721 23:22:24.842072 12420 raft_consensus.cc:1859] T 00000000000000000000000000000000 P ed427968d4be45578319d4ea8dca073a [term 2 FOLLOWER]: Leader election won for term 2
I0721 23:22:24.850018 12420 raft_consensus.cc:464] T 00000000000000000000000000000000 P ed427968d4be45578319d4ea8dca073a [term 2 LEADER]: Becoming Leader. State: Replica: ed427968d4be45578319d4ea8dca073a, State: 1, Role: LEADER Watermarks: {Received: term: 1 index: 516 Committed: term: 1 index: 516}
I0721 23:22:24.850121 12420 consensus_queue.cc:145] T 00000000000000000000000000000000 P ed427968d4be45578319d4ea8dca073a [LEADER]: Queue going to LEADER mode. State: All replicated op: 0.0, Majority replicated op: 1.516, Committed index: 1.516, Last appended: 1.516, Current term: 2, Majority size: 1, State: 1, Mode: LEADER, active raft config: opid_index: -1 peers { permanent_uuid: "ed427968d4be45578319d4ea8dca073a" member_type: VOTER }
I0721 23:22:24.850316 12421 sys_catalog.cc:235] T 00000000000000000000000000000000 P ed427968d4be45578319d4ea8dca073a [sys.catalog]: SysCatalogTable state changed. Reason: RaftConsensus started. Latest consensus state: current_term: 2 leader_uuid: "ed427968d4be45578319d4ea8dca073a" config { opid_index: -1 peers { permanent_uuid: "ed427968d4be45578319d4ea8dca073a" member_type: VOTER } }
I0721 23:22:24.850342 12421 sys_catalog.cc:238] T 00000000000000000000000000000000 P ed427968d4be45578319d4ea8dca073a [sys.catalog]: This master's current role is: LEADER
I0721 23:22:24.850416 12422 sys_catalog.cc:235] T 00000000000000000000000000000000 P ed427968d4be45578319d4ea8dca073a [sys.catalog]: SysCatalogTable state changed. Reason: New leader ed427968d4be45578319d4ea8dca073a. Latest consensus state: current_term: 2 leader_uuid: "ed427968d4be45578319d4ea8dca073a" config { opid_index: -1 peers { permanent_uuid: "ed427968d4be45578319d4ea8dca073a" member_type: VOTER } }
I0721 23:22:24.850476 12422 sys_catalog.cc:238] T 00000000000000000000000000000000 P ed427968d4be45578319d4ea8dca073a [sys.catalog]: This master's current role is: LEADER
I0721 23:22:24.850448 12414 sys_catalog.cc:313] T 00000000000000000000000000000000 P ed427968d4be45578319d4ea8dca073a [sys.catalog]: configured and running, proceeding with master startup.
W0721 23:22:24.857839 12425 catalog_manager.cc:351] Catalog manager background task thread going to sleep: Service unavailable: Catalog manager is not initialized. State: 1
I0721 23:22:24.857892 12424 catalog_manager.cc:642] Loading table and tablet metadata into memory...
I0721 23:22:24.857961 12372 master_main.cc:64] Master server successfully started.
I0721 23:22:24.858006 12423 raft_consensus_state.cc:534] T 00000000000000000000000000000000 P ed427968d4be45578319d4ea8dca073a [term 2 LEADER]: Advanced the committed_index across terms. Last committed operation was: term: 1 index: 516 New committed index is: term: 2 index: 517
I0721 23:22:24.869942 12424 catalog_manager.cc:213] Loaded metadata for table test-table [id=41787a805a7a407ca4ef642fee224d02]
I0721 23:22:24.870082 12424 catalog_manager.cc:263] Loaded metadata for tablet 0249e3dbe50545f99e40b25143970dc6 (table test-table [id=41787a805a7a407ca4ef642fee224d02])
I0721 23:22:24.870122 12424 catalog_manager.cc:263] Loaded metadata for tablet 0c5c7515d77f4072bde96a5bde4c4e23 (table test-table [id=41787a805a7a407ca4ef642fee224d02])
I0721 23:22:24.870147 12424 catalog_manager.cc:263] Loaded metadata for tablet 1ad8690bd1174f529ca41865f7d98cea (table test-table [id=41787a805a7a407ca4ef642fee224d02])
I0721 23:22:24.870169 12424 catalog_manager.cc:263] Loaded metadata for tablet 1d2b22ac3e8c47c5974bea835eebce29 (table test-table [id=41787a805a7a407ca4ef642fee224d02])
I0721 23:22:24.870192 12424 catalog_manager.cc:263] Loaded metadata for tablet 4d01ea135b3e48929ff3ed0d140be9ab (table test-table [id=41787a805a7a407ca4ef642fee224d02])
I0721 23:22:24.870213 12424 catalog_manager.cc:263] Loaded metadata for tablet 5121f4a24d964a2a89f4d75bb7eae036 (table test-table [id=41787a805a7a407ca4ef642fee224d02])
I0721 23:22:24.870235 12424 catalog_manager.cc:263] Loaded metadata for tablet 67b0e5f3081d4c34be5dac68a0b10025 (table test-table [id=41787a805a7a407ca4ef642fee224d02])
I0721 23:22:24.870260 12424 catalog_manager.cc:263] Loaded metadata for tablet 68eb87c25a5f404cbf5df0acb9b77106 (table test-table [id=41787a805a7a407ca4ef642fee224d02])
I0721 23:22:24.870283 12424 catalog_manager.cc:263] Loaded metadata for tablet 6a4c4010ca524867aed3bcd8ce342a34 (table test-table [id=41787a805a7a407ca4ef642fee224d02])
I0721 23:22:24.870306 12424 catalog_manager.cc:263] Loaded metadata for tablet 73806c9e0da348e5854f7d76bf67ad0f (table test-table [id=41787a805a7a407ca4ef642fee224d02])
I0721 23:22:24.870327 12424 catalog_manager.cc:263] Loaded metadata for tablet 80a3f91629b846aba9a549f0e6a83ed6 (table test-table [id=41787a805a7a407ca4ef642fee224d02])
I0721 23:22:24.870348 12424 catalog_manager.cc:263] Loaded metadata for tablet 8be26ea17cb04d4882ac6cc20f435a0e (table test-table [id=41787a805a7a407ca4ef642fee224d02])
I0721 23:22:24.873805 12424 catalog_manager.cc:263] Loaded metadata for tablet 9b57343f7776457f86d235d3cfb90b70 (table test-table [id=41787a805a7a407ca4ef642fee224d02])
I0721 23:22:24.873845 12424 catalog_manager.cc:263] Loaded metadata for tablet a9b0f2a221544cd19161aa7461f19068 (table test-table [id=41787a805a7a407ca4ef642fee224d02])
I0721 23:22:24.873875 12424 catalog_manager.cc:263] Loaded metadata for tablet b2671d47f6ac4321a3daf62b2de4d3c2 (table test-table [id=41787a805a7a407ca4ef642fee224d02])
I0721 23:22:24.873913 12424 catalog_manager.cc:263] Loaded metadata for tablet cd48ba26a30f42b4a776b30f67eb48d3 (table test-table [id=41787a805a7a407ca4ef642fee224d02])
I0721 23:22:24.873940 12424 catalog_manager.cc:263] Loaded metadata for tablet d0cce9fea65345d899d95b40bf02db82 (table test-table [id=41787a805a7a407ca4ef642fee224d02])
I0721 23:22:24.873962 12424 catalog_manager.cc:263] Loaded metadata for tablet d165e55b67964c75b43791cdb2fd98ab (table test-table [id=41787a805a7a407ca4ef642fee224d02])
I0721 23:22:24.873983 12424 catalog_manager.cc:263] Loaded metadata for tablet d8dc71543f874434a91e5a91e720b7b3 (table test-table [id=41787a805a7a407ca4ef642fee224d02])
I0721 23:22:24.874013 12424 catalog_manager.cc:263] Loaded metadata for tablet e0dce1c9e4f94fa0bb7b93d2834c0364 (table test-table [id=41787a805a7a407ca4ef642fee224d02])
I0721 23:22:25.295156 12391 master_service.cc:125] Got heartbeat from unknown tablet server { permanent_uuid: "4d5cad21cdbe462d87174e9da291a046" instance_seqno: 1469143337906358 } as {real_user=slave, eff_user=} at 127.42.220.2:45093; Asking this server to re-register.
I0721 23:22:25.295264 11376 heartbeater.cc:322] Registering TS with master...
I0721 23:22:25.295291 11376 heartbeater.cc:328] Sending a full tablet report to master...
I0721 23:22:25.295521 12391 ts_manager.cc:81] Registered new tablet server { permanent_uuid: "4d5cad21cdbe462d87174e9da291a046" instance_seqno: 1469143337906358 } with Master
I0721 23:22:25.296144 12389 master_service.cc:125] Got heartbeat from unknown tablet server { permanent_uuid: "2aeff3d0fc13436a9d6090b9a6aaa6aa" instance_seqno: 1469143342532231 } as {real_user=slave, eff_user=} at 127.42.220.0:39726; Asking this server to re-register.
I0721 23:22:25.296229 12389 master_service.cc:125] Got heartbeat from unknown tablet server { permanent_uuid: "d248c9dacad642be9a5fabec3add151e" instance_seqno: 1469143338782720 } as {real_user=slave, eff_user=} at 127.42.220.1:39326; Asking this server to re-register.
I0721 23:22:25.296242 12107 heartbeater.cc:322] Registering TS with master...
I0721 23:22:25.296259 12107 heartbeater.cc:328] Sending a full tablet report to master...
I0721 23:22:25.296303 11599 heartbeater.cc:322] Registering TS with master...
I0721 23:22:25.296319 11599 heartbeater.cc:328] Sending a full tablet report to master...
I0721 23:22:25.296471 12389 ts_manager.cc:81] Registered new tablet server { permanent_uuid: "2aeff3d0fc13436a9d6090b9a6aaa6aa" instance_seqno: 1469143342532231 } with Master
I0721 23:22:25.296576 12390 ts_manager.cc:81] Registered new tablet server { permanent_uuid: "d248c9dacad642be9a5fabec3add151e" instance_seqno: 1469143338782720 } with Master
I0721 23:22:25.297333 10972 external_mini_cluster.cc:322] 3 TS(s) registered with Master
I0721 23:22:25.297366 10972 alter_table-randomized-test.cc:106] Master Restarted
I0721 23:22:25.304136 10972 alter_table-randomized-test.cc:385] Beginning Alterations
I0721 23:22:25.304297 10972 alter_table-randomized-test.cc:413] Adding column c566, existing columns: key, c831
I0721 23:22:25.304329 10972 alter_table-randomized-test.cc:466] Dropping range partition: [67108863, 134217726) resulting partitions: (335544315, 402653178], (536870904, 603979767], (603979767, 671088630], (805306356, 872415219], (872415219, 939524082], (1073741808, 1140850671], (1140850671, 1207959534], (1207959534, 1275068397], (1543503849, 1610612712], (1610612712, 1677721575], (1811939301, 1879048164], (2013265890, 2080374753], (2080374753, 2147483616)
I0721 23:22:25.304338 10972 alter_table-randomized-test.cc:413] Adding column c659, existing columns: key, c831, c566
I0721 23:22:25.304347 10972 alter_table-randomized-test.cc:466] Dropping range partition: [1073741808, 1140850671) resulting partitions: (335544315, 402653178], (536870904, 603979767], (603979767, 671088630], (805306356, 872415219], (872415219, 939524082], (1140850671, 1207959534], (1207959534, 1275068397], (1543503849, 1610612712], (1610612712, 1677721575], (1811939301, 1879048164], (2013265890, 2080374753], (2080374753, 2147483616)
I0721 23:22:25.304353 10972 alter_table-randomized-test.cc:413] Adding column c997, existing columns: key, c831, c566, c659
I0721 23:22:25.304363 10972 alter_table-randomized-test.cc:413] Adding column c450, existing columns: key, c831, c566, c659, c997
I0721 23:22:25.304373 10972 alter_table-randomized-test.cc:466] Dropping range partition: [2080374753, 2147483616) resulting partitions: (335544315, 402653178], (536870904, 603979767], (603979767, 671088630], (805306356, 872415219], (872415219, 939524082], (1140850671, 1207959534], (1207959534, 1275068397], (1543503849, 1610612712], (1610612712, 1677721575], (1811939301, 1879048164], (2013265890, 2080374753)
I0721 23:22:25.304375 10972 alter_table-randomized-test.cc:434] Dropping column c450, existing columns: key, c831, c566, c659, c997, c450
I0721 23:22:25.304381 10972 alter_table-randomized-test.cc:407] Committing Alterations
I0721 23:22:25.305112 12389 catalog_manager.cc:1359] Servicing AlterTable request from {real_user=slave, eff_user=} at 127.0.0.1:52526: table { table_name: "test-table" } alter_schema_steps { type: ADD_COLUMN add_column { schema { name: "c566" type: INT32 is_nullable: false read_default_value: "\327\324l\020" write_default_value: "\327\324l\020" encoding: AUTO_ENCODING compression: DEFAULT_COMPRESSION cfile_block_size: 0 } } } alter_schema_steps { type: DROP_RANGE_PARTITION drop_range_partition { range_bounds { rows: "\006\001\377\377\377\003\007\001\376\377\377\007" } } } alter_schema_steps { type: ADD_COLUMN add_column { schema { name: "c659" type: INT32 is_nullable: false read_default_value: "\362\021~\013" write_default_value: "\362\021~\013" encoding: AUTO_ENCODING compression: DEFAULT_COMPRESSION cfile_block_size: 0 } } } alter_schema_steps { type: DROP_RANGE_PARTITION drop_range_partition { range_bounds { rows: "\006\001\360\377\377?\007\001\357\377\377C" } } } alter_schema_steps { type: ADD_COLUMN add_column { schema { name: "c997" type: INT32 is_nullable: false read_default_value: "\304\315\2256" write_default_value: "\304\315\2256" encoding: AUTO_ENCODING compression: DEFAULT_COMPRESSION cfile_block_size: 0 } } } alter_schema_steps { type: ADD_COLUMN add_column { schema { name: "c450" type: INT32 is_nullable: true encoding: AUTO_ENCODING compression: DEFAULT_COMPRESSION cfile_block_size: 0 } } } alter_schema_steps { type: DROP_RANGE_PARTITION drop_range_partition { range_bounds { rows: "\006\001\341\377\377{\007\001\340\377\377\177" } } } alter_schema_steps { type: DROP_COLUMN drop_column { name: "c450" } } schema { columns { name: "key" type: INT32 is_key: true is_nullable: false encoding: AUTO_ENCODING compression: DEFAULT_COMPRESSION cfile_block_size: 0 } columns { name: "c831" type: INT32 is_key: false is_nullable: false read_default_value: "\365WiJ" write_default_value: "\365WiJ" encoding: AUTO_ENCODING compression: DEFAULT_COMPRESSION cfile_block_size: 0 } }
I0721 23:22:25.305716 12389 catalog_manager.cc:2796] Sending DeleteTablet for 3 replicas of tablet 80a3f91629b846aba9a549f0e6a83ed6
I0721 23:22:25.305729 12389 catalog_manager.cc:2812] T 00000000000000000000000000000000 P ed427968d4be45578319d4ea8dca073a: Deleting tablet 80a3f91629b846aba9a549f0e6a83ed6 on peer 2aeff3d0fc13436a9d6090b9a6aaa6aa with delete type TABLET_DATA_DELETED (Partition dropped at 2016-07-21 23:22:25 UTC)
I0721 23:22:25.305739 12389 catalog_manager.cc:2812] T 00000000000000000000000000000000 P ed427968d4be45578319d4ea8dca073a: Deleting tablet 80a3f91629b846aba9a549f0e6a83ed6 on peer d248c9dacad642be9a5fabec3add151e with delete type TABLET_DATA_DELETED (Partition dropped at 2016-07-21 23:22:25 UTC)
I0721 23:22:25.305745 12389 catalog_manager.cc:2812] T 00000000000000000000000000000000 P ed427968d4be45578319d4ea8dca073a: Deleting tablet 80a3f91629b846aba9a549f0e6a83ed6 on peer 4d5cad21cdbe462d87174e9da291a046 with delete type TABLET_DATA_DELETED (Partition dropped at 2016-07-21 23:22:25 UTC)
I0721 23:22:25.305750 12389 catalog_manager.cc:2796] Sending DeleteTablet for 3 replicas of tablet a9b0f2a221544cd19161aa7461f19068
I0721 23:22:25.305752 12389 catalog_manager.cc:2812] T 00000000000000000000000000000000 P ed427968d4be45578319d4ea8dca073a: Deleting tablet a9b0f2a221544cd19161aa7461f19068 on peer d248c9dacad642be9a5fabec3add151e with delete type TABLET_DATA_DELETED (Partition dropped at 2016-07-21 23:22:25 UTC)
I0721 23:22:25.305760 12389 catalog_manager.cc:2812] T 00000000000000000000000000000000 P ed427968d4be45578319d4ea8dca073a: Deleting tablet a9b0f2a221544cd19161aa7461f19068 on peer 2aeff3d0fc13436a9d6090b9a6aaa6aa with delete type TABLET_DATA_DELETED (Partition dropped at 2016-07-21 23:22:25 UTC)
I0721 23:22:25.305764 12389 catalog_manager.cc:2812] T 00000000000000000000000000000000 P ed427968d4be45578319d4ea8dca073a: Deleting tablet a9b0f2a221544cd19161aa7461f19068 on peer 4d5cad21cdbe462d87174e9da291a046 with delete type TABLET_DATA_DELETED (Partition dropped at 2016-07-21 23:22:25 UTC)
I0721 23:22:25.305781 12389 catalog_manager.cc:2796] Sending DeleteTablet for 3 replicas of tablet d0cce9fea65345d899d95b40bf02db82
I0721 23:22:25.305784 12389 catalog_manager.cc:2812] T 00000000000000000000000000000000 P ed427968d4be45578319d4ea8dca073a: Deleting tablet d0cce9fea65345d899d95b40bf02db82 on peer 2aeff3d0fc13436a9d6090b9a6aaa6aa with delete type TABLET_DATA_DELETED (Partition dropped at 2016-07-21 23:22:25 UTC)
I0721 23:22:25.305788 12389 catalog_manager.cc:2812] T 00000000000000000000000000000000 P ed427968d4be45578319d4ea8dca073a: Deleting tablet d0cce9fea65345d899d95b40bf02db82 on peer d248c9dacad642be9a5fabec3add151e with delete type TABLET_DATA_DELETED (Partition dropped at 2016-07-21 23:22:25 UTC)
I0721 23:22:25.305793 12389 catalog_manager.cc:2812] T 00000000000000000000000000000000 P ed427968d4be45578319d4ea8dca073a: Deleting tablet d0cce9fea65345d899d95b40bf02db82 on peer 4d5cad21cdbe462d87174e9da291a046 with delete type TABLET_DATA_DELETED (Partition dropped at 2016-07-21 23:22:25 UTC)
I0721 23:22:25.306125 11308 tablet_service.cc:651] Processing DeleteTablet for tablet 80a3f91629b846aba9a549f0e6a83ed6 with delete_type TABLET_DATA_DELETED (Partition dropped at 2016-07-21 23:22:25 UTC) from {real_user=slave, eff_user=} at 127.0.0.1:50160
I0721 23:22:25.306138 11308 tablet_peer.cc:214] Initiating TabletPeer shutdown for tablet: 80a3f91629b846aba9a549f0e6a83ed6
I0721 23:22:25.306145 11308 maintenance_manager.cc:176] Unregistered op CompactRowSetsOp(80a3f91629b846aba9a549f0e6a83ed6)
I0721 23:22:25.306152 11308 maintenance_manager.cc:176] Unregistered op MinorDeltaCompactionOp(80a3f91629b846aba9a549f0e6a83ed6)
I0721 23:22:25.306156 11308 maintenance_manager.cc:176] Unregistered op MajorDeltaCompactionOp(80a3f91629b846aba9a549f0e6a83ed6)
I0721 23:22:25.306152 11530 tablet_service.cc:651] Processing DeleteTablet for tablet d0cce9fea65345d899d95b40bf02db82 with delete_type TABLET_DATA_DELETED (Partition dropped at 2016-07-21 23:22:25 UTC) from {real_user=slave, eff_user=} at 127.0.0.1:53321
I0721 23:22:25.306161 11308 maintenance_manager.cc:176] Unregistered op FlushMRSOp(80a3f91629b846aba9a549f0e6a83ed6)
I0721 23:22:25.306176 11308 maintenance_manager.cc:176] Unregistered op FlushDeltaMemStoresOp(80a3f91629b846aba9a549f0e6a83ed6)
I0721 23:22:25.306176 11530 tablet_peer.cc:214] Initiating TabletPeer shutdown for tablet: d0cce9fea65345d899d95b40bf02db82
I0721 23:22:25.306180 11308 maintenance_manager.cc:176] Unregistered op LogGCOp(80a3f91629b846aba9a549f0e6a83ed6)
I0721 23:22:25.306182 11530 maintenance_manager.cc:176] Unregistered op CompactRowSetsOp(d0cce9fea65345d899d95b40bf02db82)
I0721 23:22:25.306185 11308 raft_consensus.cc:1495] T 80a3f91629b846aba9a549f0e6a83ed6 P 4d5cad21cdbe462d87174e9da291a046 [term 1 LEADER]: Raft consensus shutting down.
I0721 23:22:25.306186 11530 maintenance_manager.cc:176] Unregistered op MinorDeltaCompactionOp(d0cce9fea65345d899d95b40bf02db82)
I0721 23:22:25.306202 11530 maintenance_manager.cc:176] Unregistered op MajorDeltaCompactionOp(d0cce9fea65345d899d95b40bf02db82)
I0721 23:22:25.306206 11530 maintenance_manager.cc:176] Unregistered op FlushMRSOp(d0cce9fea65345d899d95b40bf02db82)
I0721 23:22:25.306208 11530 maintenance_manager.cc:176] Unregistered op FlushDeltaMemStoresOp(d0cce9fea65345d899d95b40bf02db82)
I0721 23:22:25.306211 11530 maintenance_manager.cc:176] Unregistered op LogGCOp(d0cce9fea65345d899d95b40bf02db82)
I0721 23:22:25.306216 11530 raft_consensus.cc:1495] T d0cce9fea65345d899d95b40bf02db82 P d248c9dacad642be9a5fabec3add151e [term 2 LEADER]: Raft consensus shutting down.
I0721 23:22:25.306244 11530 consensus_peers.cc:358] T d0cce9fea65345d899d95b40bf02db82 P d248c9dacad642be9a5fabec3add151e -> Peer 4d5cad21cdbe462d87174e9da291a046 (127.42.220.2:37062): Closing peer: 4d5cad21cdbe462d87174e9da291a046
I0721 23:22:25.306246 11534 tablet_service.cc:651] Processing DeleteTablet for tablet 80a3f91629b846aba9a549f0e6a83ed6 with delete_type TABLET_DATA_DELETED (Partition dropped at 2016-07-21 23:22:25 UTC) from {real_user=slave, eff_user=} at 127.0.0.1:53321
I0721 23:22:25.306257 11534 tablet_peer.cc:214] Initiating TabletPeer shutdown for tablet: 80a3f91629b846aba9a549f0e6a83ed6
I0721 23:22:25.306262 11534 maintenance_manager.cc:176] Unregistered op CompactRowSetsOp(80a3f91629b846aba9a549f0e6a83ed6)
I0721 23:22:25.306265 11534 maintenance_manager.cc:176] Unregistered op MinorDeltaCompactionOp(80a3f91629b846aba9a549f0e6a83ed6)
I0721 23:22:25.306263 11312 tablet_service.cc:651] Processing DeleteTablet for tablet a9b0f2a221544cd19161aa7461f19068 with delete_type TABLET_DATA_DELETED (Partition dropped at 2016-07-21 23:22:25 UTC) from {real_user=slave, eff_user=} at 127.0.0.1:50160
I0721 23:22:25.306270 11534 maintenance_manager.cc:176] Unregistered op MajorDeltaCompactionOp(80a3f91629b846aba9a549f0e6a83ed6)
I0721 23:22:25.306275 11312 tablet_peer.cc:214] Initiating TabletPeer shutdown for tablet: a9b0f2a221544cd19161aa7461f19068
I0721 23:22:25.306277 11534 maintenance_manager.cc:176] Unregistered op FlushMRSOp(80a3f91629b846aba9a549f0e6a83ed6)
I0721 23:22:25.306279 11534 maintenance_manager.cc:176] Unregistered op FlushDeltaMemStoresOp(80a3f91629b846aba9a549f0e6a83ed6)
I0721 23:22:25.306282 11312 maintenance_manager.cc:176] Unregistered op CompactRowSetsOp(a9b0f2a221544cd19161aa7461f19068)
I0721 23:22:25.306282 11534 maintenance_manager.cc:176] Unregistered op LogGCOp(80a3f91629b846aba9a549f0e6a83ed6)
I0721 23:22:25.306288 11312 maintenance_manager.cc:176] Unregistered op MinorDeltaCompactionOp(a9b0f2a221544cd19161aa7461f19068)
I0721 23:22:25.306289 11534 raft_consensus.cc:1495] T 80a3f91629b846aba9a549f0e6a83ed6 P d248c9dacad642be9a5fabec3add151e [term 1 FOLLOWER]: Raft consensus shutting down.
I0721 23:22:25.306293 11312 maintenance_manager.cc:176] Unregistered op MajorDeltaCompactionOp(a9b0f2a221544cd19161aa7461f19068)
I0721 23:22:25.306294 11534 raft_consensus.cc:1511] T 80a3f91629b846aba9a549f0e6a83ed6 P d248c9dacad642be9a5fabec3add151e [term 1 FOLLOWER]: Raft consensus is shut down!
I0721 23:22:25.306298 11312 maintenance_manager.cc:176] Unregistered op FlushMRSOp(a9b0f2a221544cd19161aa7461f19068)
I0721 23:22:25.306301 11312 maintenance_manager.cc:176] Unregistered op FlushDeltaMemStoresOp(a9b0f2a221544cd19161aa7461f19068)
I0721 23:22:25.306304 11312 maintenance_manager.cc:176] Unregistered op LogGCOp(a9b0f2a221544cd19161aa7461f19068)
I0721 23:22:25.306308 11312 raft_consensus.cc:1495] T a9b0f2a221544cd19161aa7461f19068 P 4d5cad21cdbe462d87174e9da291a046 [term 2 LEADER]: Raft consensus shutting down.
I0721 23:22:25.306310 11533 tablet_service.cc:651] Processing DeleteTablet for tablet a9b0f2a221544cd19161aa7461f19068 with delete_type TABLET_DATA_DELETED (Partition dropped at 2016-07-21 23:22:25 UTC) from {real_user=slave, eff_user=} at 127.0.0.1:53321
I0721 23:22:25.306315 11533 tablet_peer.cc:214] Initiating TabletPeer shutdown for tablet: a9b0f2a221544cd19161aa7461f19068
I0721 23:22:25.306318 11533 maintenance_manager.cc:176] Unregistered op CompactRowSetsOp(a9b0f2a221544cd19161aa7461f19068)
I0721 23:22:25.306321 11533 maintenance_manager.cc:176] Unregistered op MinorDeltaCompactionOp(a9b0f2a221544cd19161aa7461f19068)
I0721 23:22:25.306324 11533 maintenance_manager.cc:176] Unregistered op MajorDeltaCompactionOp(a9b0f2a221544cd19161aa7461f19068)
I0721 23:22:25.306327 11533 maintenance_manager.cc:176] Unregistered op FlushMRSOp(a9b0f2a221544cd19161aa7461f19068)
I0721 23:22:25.306329 11533 maintenance_manager.cc:176] Unregistered op FlushDeltaMemStoresOp(a9b0f2a221544cd19161aa7461f19068)
I0721 23:22:25.306331 11533 maintenance_manager.cc:176] Unregistered op LogGCOp(a9b0f2a221544cd19161aa7461f19068)
I0721 23:22:25.306334 11533 raft_consensus.cc:1495] T a9b0f2a221544cd19161aa7461f19068 P d248c9dacad642be9a5fabec3add151e [term 2 FOLLOWER]: Raft consensus shutting down.
I0721 23:22:25.306339 11533 raft_consensus.cc:1511] T a9b0f2a221544cd19161aa7461f19068 P d248c9dacad642be9a5fabec3add151e [term 2 FOLLOWER]: Raft consensus is shut down!
I0721 23:22:25.306406 11530 consensus_peers.cc:358] T d0cce9fea65345d899d95b40bf02db82 P d248c9dacad642be9a5fabec3add151e -> Peer 2aeff3d0fc13436a9d6090b9a6aaa6aa (127.42.220.0:48563): Closing peer: 2aeff3d0fc13436a9d6090b9a6aaa6aa
I0721 23:22:25.306462 11530 raft_consensus.cc:1511] T d0cce9fea65345d899d95b40bf02db82 P d248c9dacad642be9a5fabec3add151e [term 2 LEADER]: Raft consensus is shut down!
I0721 23:22:25.306772 11305 tablet_service.cc:651] Processing DeleteTablet for tablet d0cce9fea65345d899d95b40bf02db82 with delete_type TABLET_DATA_DELETED (Partition dropped at 2016-07-21 23:22:25 UTC) from {real_user=slave, eff_user=} at 127.0.0.1:50160
I0721 23:22:25.306772 12039 tablet_service.cc:651] Processing DeleteTablet for tablet 80a3f91629b846aba9a549f0e6a83ed6 with delete_type TABLET_DATA_DELETED (Partition dropped at 2016-07-21 23:22:25 UTC) from {real_user=slave, eff_user=} at 127.0.0.1:50561
I0721 23:22:25.306784 12039 tablet_peer.cc:214] Initiating TabletPeer shutdown for tablet: 80a3f91629b846aba9a549f0e6a83ed6
I0721 23:22:25.306787 11305 tablet_peer.cc:214] Initiating TabletPeer shutdown for tablet: d0cce9fea65345d899d95b40bf02db82
I0721 23:22:25.306790 12039 maintenance_manager.cc:176] Unregistered op CompactRowSetsOp(80a3f91629b846aba9a549f0e6a83ed6)
I0721 23:22:25.306792 11305 maintenance_manager.cc:176] Unregistered op CompactRowSetsOp(d0cce9fea65345d899d95b40bf02db82)
I0721 23:22:25.306795 12039 maintenance_manager.cc:176] Unregistered op MinorDeltaCompactionOp(80a3f91629b846aba9a549f0e6a83ed6)
I0721 23:22:25.306797 11305 maintenance_manager.cc:176] Unregistered op MinorDeltaCompactionOp(d0cce9fea65345d899d95b40bf02db82)
I0721 23:22:25.306799 11305 maintenance_manager.cc:176] Unregistered op MajorDeltaCompactionOp(d0cce9fea65345d899d95b40bf02db82)
I0721 23:22:25.306799 12039 maintenance_manager.cc:176] Unregistered op MajorDeltaCompactionOp(80a3f91629b846aba9a549f0e6a83ed6)
I0721 23:22:25.306803 11305 maintenance_manager.cc:176] Unregistered op FlushMRSOp(d0cce9fea65345d899d95b40bf02db82)
I0721 23:22:25.306807 11305 maintenance_manager.cc:176] Unregistered op FlushDeltaMemStoresOp(d0cce9fea65345d899d95b40bf02db82)
I0721 23:22:25.306807 12039 maintenance_manager.cc:176] Unregistered op FlushMRSOp(80a3f91629b846aba9a549f0e6a83ed6)
I0721 23:22:25.306810 11305 maintenance_manager.cc:176] Unregistered op LogGCOp(d0cce9fea65345d899d95b40bf02db82)
I0721 23:22:25.306810 12039 maintenance_manager.cc:176] Unregistered op FlushDeltaMemStoresOp(80a3f91629b846aba9a549f0e6a83ed6)
I0721 23:22:25.306814 12039 maintenance_manager.cc:176] Unregistered op LogGCOp(80a3f91629b846aba9a549f0e6a83ed6)
I0721 23:22:25.306814 11305 raft_consensus.cc:1495] T d0cce9fea65345d899d95b40bf02db82 P 4d5cad21cdbe462d87174e9da291a046 [term 2 FOLLOWER]: Raft consensus shutting down.
I0721 23:22:25.306818 12039 raft_consensus.cc:1495] T 80a3f91629b846aba9a549f0e6a83ed6 P 2aeff3d0fc13436a9d6090b9a6aaa6aa [term 1 FOLLOWER]: Raft consensus shutting down.
I0721 23:22:25.306819 11305 raft_consensus.cc:1511] T d0cce9fea65345d899d95b40bf02db82 P 4d5cad21cdbe462d87174e9da291a046 [term 2 FOLLOWER]: Raft consensus is shut down!
I0721 23:22:25.306823 12039 raft_consensus.cc:1511] T 80a3f91629b846aba9a549f0e6a83ed6 P 2aeff3d0fc13436a9d6090b9a6aaa6aa [term 1 FOLLOWER]: Raft consensus is shut down!
I0721 23:22:25.306840 12037 tablet_service.cc:651] Processing DeleteTablet for tablet a9b0f2a221544cd19161aa7461f19068 with delete_type TABLET_DATA_DELETED (Partition dropped at 2016-07-21 23:22:25 UTC) from {real_user=slave, eff_user=} at 127.0.0.1:50561
I0721 23:22:25.306845 12037 tablet_peer.cc:214] Initiating TabletPeer shutdown for tablet: a9b0f2a221544cd19161aa7461f19068
I0721 23:22:25.306850 12037 maintenance_manager.cc:176] Unregistered op CompactRowSetsOp(a9b0f2a221544cd19161aa7461f19068)
I0721 23:22:25.306854 12037 maintenance_manager.cc:176] Unregistered op MinorDeltaCompactionOp(a9b0f2a221544cd19161aa7461f19068)
I0721 23:22:25.306857 12037 maintenance_manager.cc:176] Unregistered op MajorDeltaCompactionOp(a9b0f2a221544cd19161aa7461f19068)
I0721 23:22:25.306861 12037 maintenance_manager.cc:176] Unregistered op FlushMRSOp(a9b0f2a221544cd19161aa7461f19068)
I0721 23:22:25.306864 12037 maintenance_manager.cc:176] Unregistered op FlushDeltaMemStoresOp(a9b0f2a221544cd19161aa7461f19068)
I0721 23:22:25.306866 12037 maintenance_manager.cc:176] Unregistered op LogGCOp(a9b0f2a221544cd19161aa7461f19068)
I0721 23:22:25.306869 12037 raft_consensus.cc:1495] T a9b0f2a221544cd19161aa7461f19068 P 2aeff3d0fc13436a9d6090b9a6aaa6aa [term 2 FOLLOWER]: Raft consensus shutting down.
I0721 23:22:25.306874 12037 raft_consensus.cc:1511] T a9b0f2a221544cd19161aa7461f19068 P 2aeff3d0fc13436a9d6090b9a6aaa6aa [term 2 FOLLOWER]: Raft consensus is shut down!
I0721 23:22:25.306877 11312 consensus_peers.cc:358] T a9b0f2a221544cd19161aa7461f19068 P 4d5cad21cdbe462d87174e9da291a046 -> Peer 2aeff3d0fc13436a9d6090b9a6aaa6aa (127.42.220.0:48563): Closing peer: 2aeff3d0fc13436a9d6090b9a6aaa6aa
I0721 23:22:25.306887 12041 tablet_service.cc:651] Processing DeleteTablet for tablet d0cce9fea65345d899d95b40bf02db82 with delete_type TABLET_DATA_DELETED (Partition dropped at 2016-07-21 23:22:25 UTC) from {real_user=slave, eff_user=} at 127.0.0.1:50561
I0721 23:22:25.306892 12041 tablet_peer.cc:214] Initiating TabletPeer shutdown for tablet: d0cce9fea65345d899d95b40bf02db82
I0721 23:22:25.306895 12041 maintenance_manager.cc:176] Unregistered op CompactRowSetsOp(d0cce9fea65345d899d95b40bf02db82)
I0721 23:22:25.306898 12041 maintenance_manager.cc:176] Unregistered op MinorDeltaCompactionOp(d0cce9fea65345d899d95b40bf02db82)
I0721 23:22:25.306901 12041 maintenance_manager.cc:176] Unregistered op MajorDeltaCompactionOp(d0cce9fea65345d899d95b40bf02db82)
I0721 23:22:25.306906 12041 maintenance_manager.cc:176] Unregistered op FlushMRSOp(d0cce9fea65345d899d95b40bf02db82)
I0721 23:22:25.306908 12041 maintenance_manager.cc:176] Unregistered op FlushDeltaMemStoresOp(d0cce9fea65345d899d95b40bf02db82)
I0721 23:22:25.306911 12041 maintenance_manager.cc:176] Unregistered op LogGCOp(d0cce9fea65345d899d95b40bf02db82)
I0721 23:22:25.306915 12041 raft_consensus.cc:1495] T d0cce9fea65345d899d95b40bf02db82 P 2aeff3d0fc13436a9d6090b9a6aaa6aa [term 2 FOLLOWER]: Raft consensus shutting down.
I0721 23:22:25.306917 12041 raft_consensus.cc:1511] T d0cce9fea65345d899d95b40bf02db82 P 2aeff3d0fc13436a9d6090b9a6aaa6aa [term 2 FOLLOWER]: Raft consensus is shut down!
I0721 23:22:25.307147 11530 ts_tablet_manager.cc:960] T d0cce9fea65345d899d95b40bf02db82 P d248c9dacad642be9a5fabec3add151e: Deleting tablet data with delete state TABLET_DATA_DELETED
I0721 23:22:25.307276 11534 ts_tablet_manager.cc:960] T 80a3f91629b846aba9a549f0e6a83ed6 P d248c9dacad642be9a5fabec3add151e: Deleting tablet data with delete state TABLET_DATA_DELETED
I0721 23:22:25.307346 11312 consensus_peers.cc:358] T a9b0f2a221544cd19161aa7461f19068 P 4d5cad21cdbe462d87174e9da291a046 -> Peer d248c9dacad642be9a5fabec3add151e (127.42.220.1:37489): Closing peer: d248c9dacad642be9a5fabec3add151e
I0721 23:22:25.307379 12041 ts_tablet_manager.cc:960] T d0cce9fea65345d899d95b40bf02db82 P 2aeff3d0fc13436a9d6090b9a6aaa6aa: Deleting tablet data with delete state TABLET_DATA_DELETED
I0721 23:22:25.307425 11312 raft_consensus.cc:1511] T a9b0f2a221544cd19161aa7461f19068 P 4d5cad21cdbe462d87174e9da291a046 [term 2 LEADER]: Raft consensus is shut down!
I0721 23:22:25.307554 12441 tablet.cc:824] T 0c5c7515d77f4072bde96a5bde4c4e23 Alter schema from Schema [ 0:key[int32 NOT NULL], 6:c831[int32 NOT NULL] ] version 6 to Schema [ 0:key[int32 NOT NULL], 6:c831[int32 NOT NULL], 7:c566[int32 NOT NULL], 8:c659[int32 NOT NULL], 9:c997[int32 NOT NULL] ] version 7
I0721 23:22:25.307592 12441 tablet.cc:772] T 0c5c7515d77f4072bde96a5bde4c4e23 Flush: entering stage 1 (old memrowset already frozen for inserts)
I0721 23:22:25.307595 12441 compaction.cc:588] Selected 1 rowsets to compact:
I0721 23:22:25.307597 12441 compaction.cc:591] memrowset(current size on disk: ~0 bytes)
I0721 23:22:25.307600 12441 tablet.cc:774] T 0c5c7515d77f4072bde96a5bde4c4e23 Memstore in-memory size: 763 bytes
I0721 23:22:25.307610 12441 tablet.cc:1238] T 0c5c7515d77f4072bde96a5bde4c4e23 Flush: entering phase 1 (flushing snapshot). Phase 1 snapshot: MvccSnapshot[committed={T|T < 6017611142374854656}]
I0721 23:22:25.307807 11308 consensus_peers.cc:358] T 80a3f91629b846aba9a549f0e6a83ed6 P 4d5cad21cdbe462d87174e9da291a046 -> Peer d248c9dacad642be9a5fabec3add151e (127.42.220.1:37489): Closing peer: d248c9dacad642be9a5fabec3add151e
I0721 23:22:25.308014 11308 consensus_peers.cc:358] T 80a3f91629b846aba9a549f0e6a83ed6 P 4d5cad21cdbe462d87174e9da291a046 -> Peer 2aeff3d0fc13436a9d6090b9a6aaa6aa (127.42.220.0:48563): Closing peer: 2aeff3d0fc13436a9d6090b9a6aaa6aa
I0721 23:22:25.308019 12037 ts_tablet_manager.cc:960] T a9b0f2a221544cd19161aa7461f19068 P 2aeff3d0fc13436a9d6090b9a6aaa6aa: Deleting tablet data with delete state TABLET_DATA_DELETED
I0721 23:22:25.308022 11312 ts_tablet_manager.cc:960] T a9b0f2a221544cd19161aa7461f19068 P 4d5cad21cdbe462d87174e9da291a046: Deleting tablet data with delete state TABLET_DATA_DELETED
I0721 23:22:25.308173 12440 tablet.cc:824] T 0c5c7515d77f4072bde96a5bde4c4e23 Alter schema from Schema [ 0:key[int32 NOT NULL], 6:c831[int32 NOT NULL] ] version 6 to Schema [ 0:key[int32 NOT NULL], 6:c831[int32 NOT NULL], 7:c566[int32 NOT NULL], 8:c659[int32 NOT NULL], 9:c997[int32 NOT NULL] ] version 7
I0721 23:22:25.308207 12440 tablet.cc:772] T 0c5c7515d77f4072bde96a5bde4c4e23 Flush: entering stage 1 (old memrowset already frozen for inserts)
I0721 23:22:25.308210 12440 compaction.cc:588] Selected 1 rowsets to compact:
I0721 23:22:25.308212 12440 compaction.cc:591] memrowset(current size on disk: ~0 bytes)
I0721 23:22:25.308214 12440 tablet.cc:774] T 0c5c7515d77f4072bde96a5bde4c4e23 Memstore in-memory size: 763 bytes
I0721 23:22:25.308218 12440 tablet.cc:1238] T 0c5c7515d77f4072bde96a5bde4c4e23 Flush: entering phase 1 (flushing snapshot). Phase 1 snapshot: MvccSnapshot[committed={T|T < 6017611142374854656}]
I0721 23:22:25.308286 11308 raft_consensus.cc:1511] T 80a3f91629b846aba9a549f0e6a83ed6 P 4d5cad21cdbe462d87174e9da291a046 [term 1 LEADER]: Raft consensus is shut down!
I0721 23:22:25.308663 12039 ts_tablet_manager.cc:960] T 80a3f91629b846aba9a549f0e6a83ed6 P 2aeff3d0fc13436a9d6090b9a6aaa6aa: Deleting tablet data with delete state TABLET_DATA_DELETED
I0721 23:22:25.309000 11308 ts_tablet_manager.cc:960] T 80a3f91629b846aba9a549f0e6a83ed6 P 4d5cad21cdbe462d87174e9da291a046: Deleting tablet data with delete state TABLET_DATA_DELETED
I0721 23:22:25.309237 11530 ts_tablet_manager.cc:970] T d0cce9fea65345d899d95b40bf02db82 P d248c9dacad642be9a5fabec3add151e: Tablet deleted. Last logged OpId: 2.13
I0721 23:22:25.309342 12442 tablet.cc:824] T 8be26ea17cb04d4882ac6cc20f435a0e Alter schema from Schema [ 0:key[int32 NOT NULL], 6:c831[int32 NOT NULL] ] version 6 to Schema [ 0:key[int32 NOT NULL], 6:c831[int32 NOT NULL], 7:c566[int32 NOT NULL], 8:c659[int32 NOT NULL], 9:c997[int32 NOT NULL] ] version 7
I0721 23:22:25.309391 12442 tablet.cc:763] MemRowSet was empty: no flush needed.
I0721 23:22:25.309533 11305 ts_tablet_manager.cc:960] T d0cce9fea65345d899d95b40bf02db82 P 4d5cad21cdbe462d87174e9da291a046: Deleting tablet data with delete state TABLET_DATA_DELETED
I0721 23:22:25.309885 11534 ts_tablet_manager.cc:970] T 80a3f91629b846aba9a549f0e6a83ed6 P d248c9dacad642be9a5fabec3add151e: Tablet deleted. Last logged OpId: 1.13
I0721 23:22:25.310214 11530 tablet_bootstrap.cc:400] T d0cce9fea65345d899d95b40bf02db82 P d248c9dacad642be9a5fabec3add151e: Deleted tablet blocks from disk
I0721 23:22:25.310261 11533 ts_tablet_manager.cc:960] T a9b0f2a221544cd19161aa7461f19068 P d248c9dacad642be9a5fabec3add151e: Deleting tablet data with delete state TABLET_DATA_DELETED
I0721 23:22:25.310365 12379 catalog_manager.cc:2499] TS d248c9dacad642be9a5fabec3add151e: tablet d0cce9fea65345d899d95b40bf02db82 (table test-table [id=41787a805a7a407ca4ef642fee224d02]) successfully deleted
I0721 23:22:25.310629 11534 tablet_bootstrap.cc:400] T 80a3f91629b846aba9a549f0e6a83ed6 P d248c9dacad642be9a5fabec3add151e: Deleted tablet blocks from disk
I0721 23:22:25.310734 12441 multi_column_writer.cc:85] Opened CFile writer for column key[int32 NOT NULL]
I0721 23:22:25.310757 12441 multi_column_writer.cc:85] Opened CFile writer for column c831[int32 NOT NULL]
I0721 23:22:25.310765 12379 catalog_manager.cc:2499] TS d248c9dacad642be9a5fabec3add151e: tablet 80a3f91629b846aba9a549f0e6a83ed6 (table test-table [id=41787a805a7a407ca4ef642fee224d02]) successfully deleted
I0721 23:22:25.310786 12441 multi_column_writer.cc:85] Opened CFile writer for column c566[int32 NOT NULL]
I0721 23:22:25.310900 12440 multi_column_writer.cc:85] Opened CFile writer for column key[int32 NOT NULL]
I0721 23:22:25.310920 12440 multi_column_writer.cc:85] Opened CFile writer for column c831[int32 NOT NULL]
I0721 23:22:25.310955 12440 multi_column_writer.cc:85] Opened CFile writer for column c566[int32 NOT NULL]
I0721 23:22:25.310982 12440 multi_column_writer.cc:85] Opened CFile writer for column c659[int32 NOT NULL]
I0721 23:22:25.311007 12440 multi_column_writer.cc:85] Opened CFile writer for column c997[int32 NOT NULL]
I0721 23:22:25.311015 11312 ts_tablet_manager.cc:970] T a9b0f2a221544cd19161aa7461f19068 P 4d5cad21cdbe462d87174e9da291a046: Tablet deleted. Last logged OpId: 2.23
I0721 23:22:25.311425 12440 tablet.cc:1318] T 0c5c7515d77f4072bde96a5bde4c4e23 Flush: entering phase 2 (starting to duplicate updates in new rowsets)
I0721 23:22:25.311439 12440 tablet.cc:1373] T 0c5c7515d77f4072bde96a5bde4c4e23 Flush Phase 2: carrying over any updates which arrived during Phase 1
I0721 23:22:25.311442 12440 tablet.cc:1375] T 0c5c7515d77f4072bde96a5bde4c4e23 Phase 2 snapshot: MvccSnapshot[committed={T|T < 6017611142374854656}]
I0721 23:22:25.311672 12441 multi_column_writer.cc:85] Opened CFile writer for column c659[int32 NOT NULL]
I0721 23:22:25.311745 12441 multi_column_writer.cc:85] Opened CFile writer for column c997[int32 NOT NULL]
I0721 23:22:25.311848 11533 ts_tablet_manager.cc:970] T a9b0f2a221544cd19161aa7461f19068 P d248c9dacad642be9a5fabec3add151e: Tablet deleted. Last logged OpId: 2.23
I0721 23:22:25.312178 12041 ts_tablet_manager.cc:970] T d0cce9fea65345d899d95b40bf02db82 P 2aeff3d0fc13436a9d6090b9a6aaa6aa: Tablet deleted. Last logged OpId: 2.13
I0721 23:22:25.312260 11312 tablet_bootstrap.cc:400] T a9b0f2a221544cd19161aa7461f19068 P 4d5cad21cdbe462d87174e9da291a046: Deleted tablet blocks from disk
I0721 23:22:25.312409 12378 catalog_manager.cc:2499] TS 4d5cad21cdbe462d87174e9da291a046: tablet a9b0f2a221544cd19161aa7461f19068 (table test-table [id=41787a805a7a407ca4ef642fee224d02]) successfully deleted
I0721 23:22:25.312664 12442 tablet.cc:824] T 67b0e5f3081d4c34be5dac68a0b10025 Alter schema from Schema [ 0:key[int32 NOT NULL], 6:c831[int32 NOT NULL] ] version 6 to Schema [ 0:key[int32 NOT NULL], 6:c831[int32 NOT NULL], 7:c566[int32 NOT NULL], 8:c659[int32 NOT NULL], 9:c997[int32 NOT NULL] ] version 7
