I0721 23:22:29.016757 12823 tablet.cc:824] T 67b0e5f3081d4c34be5dac68a0b10025 Alter schema from Schema [ 0:key[int32 NOT NULL], 5:c137[int32 NULLABLE] ] version 5 to Schema [ 0:key[int32 NOT NULL], 6:c831[int32 NOT NULL] ] version 6
I0721 23:22:29.016782 12823 tablet.cc:763] MemRowSet was empty: no flush needed.
I0721 23:22:29.016788 12823 tablet_metadata.cc:428] Not flushing: waiting for 1 pins to be released.
I0721 23:22:29.016865 12823 tablet.cc:824] T 67b0e5f3081d4c34be5dac68a0b10025 Alter schema from Schema [ 0:key[int32 NOT NULL], 6:c831[int32 NOT NULL] ] version 6 to Schema [ 0:key[int32 NOT NULL], 6:c831[int32 NOT NULL], 7:c566[int32 NOT NULL], 8:c659[int32 NOT NULL], 9:c997[int32 NOT NULL] ] version 7
I0721 23:22:29.016892 12823 tablet.cc:763] MemRowSet was empty: no flush needed.
I0721 23:22:29.016897 12823 tablet_metadata.cc:428] Not flushing: waiting for 1 pins to be released.
I0721 23:22:29.016988 12823 tablet.cc:824] T 67b0e5f3081d4c34be5dac68a0b10025 Alter schema from Schema [ 0:key[int32 NOT NULL], 6:c831[int32 NOT NULL], 7:c566[int32 NOT NULL], 8:c659[int32 NOT NULL], 9:c997[int32 NOT NULL] ] version 7 to Schema [ 0:key[int32 NOT NULL], 6:c831[int32 NOT NULL], 8:c659[int32 NOT NULL], 11:c776[int32 NOT NULL], 12:c323[int32 NULLABLE], 13:c527[int32 NOT NULL] ] version 8
I0721 23:22:29.017015 12823 tablet.cc:763] MemRowSet was empty: no flush needed.
I0721 23:22:29.017020 12823 tablet_metadata.cc:428] Not flushing: waiting for 1 pins to be released.
I0721 23:22:29.017211 12823 tablet.cc:824] T 67b0e5f3081d4c34be5dac68a0b10025 Alter schema from Schema [ 0:key[int32 NOT NULL], 6:c831[int32 NOT NULL], 8:c659[int32 NOT NULL], 11:c776[int32 NOT NULL], 12:c323[int32 NULLABLE], 13:c527[int32 NOT NULL] ] version 8 to Schema [ 0:key[int32 NOT NULL], 6:c831[int32 NOT NULL], 8:c659[int32 NOT NULL], 14:c824[int32 NOT NULL] ] version 9
I0721 23:22:29.017238 12823 tablet.cc:763] MemRowSet was empty: no flush needed.
I0721 23:22:29.017243 12823 tablet_metadata.cc:428] Not flushing: waiting for 1 pins to be released.
I0721 23:22:29.017554 12823 tablet_bootstrap.cc:400] T 67b0e5f3081d4c34be5dac68a0b10025 P 2aeff3d0fc13436a9d6090b9a6aaa6aa: Bootstrap replayed 1/1 log segments. Stats: ops{read=57 overwritten=0 applied=57 ignored=33} inserts{seen=1 ignored=0} mutations{seen=11 ignored=0} orphaned_commits=0. Pending: 0 replicates
I0721 23:22:29.017570 12823 tablet_bootstrap.cc:1040] T 67b0e5f3081d4c34be5dac68a0b10025 P 2aeff3d0fc13436a9d6090b9a6aaa6aa: ReplayState: Previous OpId: 3.57, Committed OpId: 3.57, Pending Replicates: 0, Pending Commits: 0
I0721 23:22:29.017858 12823 tablet_bootstrap.cc:656] T 67b0e5f3081d4c34be5dac68a0b10025 P 2aeff3d0fc13436a9d6090b9a6aaa6aa: Preparing to delete log recovery files and directory /tmp/kudutest-1000/alter_table-randomized-test.AlterTableRandomized.TestRandomSequence.1469143337762994-10972/minicluster-data/ts-0/wals/67b0e5f3081d4c34be5dac68a0b10025.recovery
I0721 23:22:29.017870 12823 tablet_bootstrap.cc:659] T 67b0e5f3081d4c34be5dac68a0b10025 P 2aeff3d0fc13436a9d6090b9a6aaa6aa: Renaming log recovery dir from /tmp/kudutest-1000/alter_table-randomized-test.AlterTableRandomized.TestRandomSequence.1469143337762994-10972/minicluster-data/ts-0/wals/67b0e5f3081d4c34be5dac68a0b10025.recovery to /tmp/kudutest-1000/alter_table-randomized-test.AlterTableRandomized.TestRandomSequence.1469143337762994-10972/minicluster-data/ts-0/wals/67b0e5f3081d4c34be5dac68a0b10025.recovery-1469143349017870
I0721 23:22:29.017909 12823 tablet_bootstrap.cc:669] T 67b0e5f3081d4c34be5dac68a0b10025 P 2aeff3d0fc13436a9d6090b9a6aaa6aa: Deleting all files from renamed log recovery directory /tmp/kudutest-1000/alter_table-randomized-test.AlterTableRandomized.TestRandomSequence.1469143337762994-10972/minicluster-data/ts-0/wals/67b0e5f3081d4c34be5dac68a0b10025.recovery-1469143349017870
I0721 23:22:29.018051 12823 tablet_bootstrap.cc:672] T 67b0e5f3081d4c34be5dac68a0b10025 P 2aeff3d0fc13436a9d6090b9a6aaa6aa: Completed deletion of old log recovery files and directory /tmp/kudutest-1000/alter_table-randomized-test.AlterTableRandomized.TestRandomSequence.1469143337762994-10972/minicluster-data/ts-0/wals/67b0e5f3081d4c34be5dac68a0b10025.recovery-1469143349017870
I0721 23:22:29.018427 12823 tablet_bootstrap.cc:400] T 67b0e5f3081d4c34be5dac68a0b10025 P 2aeff3d0fc13436a9d6090b9a6aaa6aa: Bootstrap complete.
I0721 23:22:29.023162 12823 ts_tablet_manager.cc:636] T 67b0e5f3081d4c34be5dac68a0b10025 P 2aeff3d0fc13436a9d6090b9a6aaa6aa: Time spent bootstrapping tablet: real 0.037s user 0.008s sys 0.028s
I0721 23:22:29.023421 12823 raft_consensus.cc:269] T 67b0e5f3081d4c34be5dac68a0b10025 P 2aeff3d0fc13436a9d6090b9a6aaa6aa [term 3 FOLLOWER]: Replica starting. Triggering 0 pending transactions. Active config: opid_index: -1 peers { permanent_uuid: "d248c9dacad642be9a5fabec3add151e" member_type: VOTER last_known_addr { host: "127.42.220.1" port: 37489 } } peers { permanent_uuid: "2aeff3d0fc13436a9d6090b9a6aaa6aa" member_type: VOTER last_known_addr { host: "127.42.220.0" port: 48563 } } peers { permanent_uuid: "4d5cad21cdbe462d87174e9da291a046" member_type: VOTER last_known_addr { host: "127.42.220.2" port: 37062 } }
I0721 23:22:29.023442 12823 raft_consensus.cc:499] T 67b0e5f3081d4c34be5dac68a0b10025 P 2aeff3d0fc13436a9d6090b9a6aaa6aa [term 3 FOLLOWER]: Becoming Follower/Learner. State: Replica: 2aeff3d0fc13436a9d6090b9a6aaa6aa, State: 1, Role: FOLLOWER Watermarks: {Received: term: 3 index: 57 Committed: term: 3 index: 57}
I0721 23:22:29.023453 12823 consensus_queue.cc:162] T 67b0e5f3081d4c34be5dac68a0b10025 P 2aeff3d0fc13436a9d6090b9a6aaa6aa [NON_LEADER]: Queue going to NON_LEADER mode. State: All replicated op: 0.0, Majority replicated op: 0.0, Committed index: 0.0, Last appended: 3.57, Current term: 0, Majority size: -1, State: 1, Mode: NON_LEADER
I0721 23:22:29.023607 12823 ts_tablet_manager.cc:663] T 67b0e5f3081d4c34be5dac68a0b10025 P 2aeff3d0fc13436a9d6090b9a6aaa6aa: Time spent starting tablet: real 0.000s user 0.000s sys 0.000s
I0721 23:22:29.023624 12823 ts_tablet_manager.cc:631] T 8be26ea17cb04d4882ac6cc20f435a0e P 2aeff3d0fc13436a9d6090b9a6aaa6aa: Bootstrapping tablet
I0721 23:22:29.023723 12823 tablet_bootstrap.cc:400] T 8be26ea17cb04d4882ac6cc20f435a0e P 2aeff3d0fc13436a9d6090b9a6aaa6aa: Bootstrap starting.
I0721 23:22:29.024034 12823 tablet_bootstrap.cc:563] T 8be26ea17cb04d4882ac6cc20f435a0e P 2aeff3d0fc13436a9d6090b9a6aaa6aa: Time spent opening tablet: real 0.000s user 0.000s sys 0.000s
I0721 23:22:29.024128 12823 tablet_bootstrap.cc:619] T 8be26ea17cb04d4882ac6cc20f435a0e P 2aeff3d0fc13436a9d6090b9a6aaa6aa: Will attempt to recover log segment /tmp/kudutest-1000/alter_table-randomized-test.AlterTableRandomized.TestRandomSequence.1469143337762994-10972/minicluster-data/ts-0/wals/8be26ea17cb04d4882ac6cc20f435a0e/wal-000000001 to /tmp/kudutest-1000/alter_table-randomized-test.AlterTableRandomized.TestRandomSequence.1469143337762994-10972/minicluster-data/ts-0/wals/8be26ea17cb04d4882ac6cc20f435a0e.recovery/wal-000000001
I0721 23:22:29.024152 12823 tablet_bootstrap.cc:627] T 8be26ea17cb04d4882ac6cc20f435a0e P 2aeff3d0fc13436a9d6090b9a6aaa6aa: Moving log directory /tmp/kudutest-1000/alter_table-randomized-test.AlterTableRandomized.TestRandomSequence.1469143337762994-10972/minicluster-data/ts-0/wals/8be26ea17cb04d4882ac6cc20f435a0e to recovery directory /tmp/kudutest-1000/alter_table-randomized-test.AlterTableRandomized.TestRandomSequence.1469143337762994-10972/minicluster-data/ts-0/wals/8be26ea17cb04d4882ac6cc20f435a0e.recovery in preparation for log replay
W0721 23:22:29.024312 12823 log_util.cc:311] Could not read footer for segment: /tmp/kudutest-1000/alter_table-randomized-test.AlterTableRandomized.TestRandomSequence.1469143337762994-10972/minicluster-data/ts-0/wals/8be26ea17cb04d4882ac6cc20f435a0e.recovery/wal-000000001: Not found: Footer not found. Footer magic doesn't match
I0721 23:22:29.024324 12823 log_reader.cc:152] Log segment /tmp/kudutest-1000/alter_table-randomized-test.AlterTableRandomized.TestRandomSequence.1469143337762994-10972/minicluster-data/ts-0/wals/8be26ea17cb04d4882ac6cc20f435a0e.recovery/wal-000000001 was likely left in-progress after a previous crash. Will try to rebuild footer by scanning data.
I0721 23:22:29.024464 12823 log_util.cc:569] Scanning /tmp/kudutest-1000/alter_table-randomized-test.AlterTableRandomized.TestRandomSequence.1469143337762994-10972/minicluster-data/ts-0/wals/8be26ea17cb04d4882ac6cc20f435a0e.recovery/wal-000000001 for valid entry headers following offset 5680...
I0721 23:22:29.051215 12823 log_util.cc:606] Found no log entry headers
I0721 23:22:29.051268 12823 log_util.cc:215] Ignoring log segment corruption in /tmp/kudutest-1000/alter_table-randomized-test.AlterTableRandomized.TestRandomSequence.1469143337762994-10972/minicluster-data/ts-0/wals/8be26ea17cb04d4882ac6cc20f435a0e.recovery/wal-000000001 because there are no log entries following the corrupted one. The server probably crashed in the middle of writing an entry to the write-ahead log or downloaded an active log via remote bootstrap. Error detail: Corruption: CRC mismatch in log entry header: Log file corruption detected. Failed trying to read batch #0 at offset 5668 for log segment /tmp/kudutest-1000/alter_table-randomized-test.AlterTableRandomized.TestRandomSequence.1469143337762994-10972/minicluster-data/ts-0/wals/8be26ea17cb04d4882ac6cc20f435a0e.recovery/wal-000000001: Prior entries: [off=5393 REPLICATE (2.22)] [off=5596 REPLICATE (2.23)] [off=5632 COMMIT (2.22)] [off=5668 COMMIT (2.23)]
I0721 23:22:29.051276 12823 log_util.cc:359] Successfully rebuilt footer for segment: /tmp/kudutest-1000/alter_table-randomized-test.AlterTableRandomized.TestRandomSequence.1469143337762994-10972/minicluster-data/ts-0/wals/8be26ea17cb04d4882ac6cc20f435a0e.recovery/wal-000000001 (valid entries through byte offset 5668)
I0721 23:22:29.051306 12823 tablet.cc:853] T 8be26ea17cb04d4882ac6cc20f435a0e Rewinding schema during bootstrap to Schema [ 0:key[int32 NOT NULL], 5:c137[int32 NULLABLE] ]
I0721 23:22:29.052299 12823 tablet.cc:824] T 8be26ea17cb04d4882ac6cc20f435a0e Alter schema from Schema [ 0:key[int32 NOT NULL], 5:c137[int32 NULLABLE] ] version 0 to Schema [ 0:key[int32 NOT NULL], 5:c137[int32 NULLABLE] ] version 5
I0721 23:22:29.052315 12823 tablet_metadata.cc:428] Not flushing: waiting for 1 pins to be released.
I0721 23:22:29.052459 12823 tablet.cc:824] T 8be26ea17cb04d4882ac6cc20f435a0e Alter schema from Schema [ 0:key[int32 NOT NULL], 5:c137[int32 NULLABLE] ] version 5 to Schema [ 0:key[int32 NOT NULL], 6:c831[int32 NOT NULL] ] version 6
I0721 23:22:29.052501 12823 tablet.cc:763] MemRowSet was empty: no flush needed.
I0721 23:22:29.052512 12823 tablet_metadata.cc:428] Not flushing: waiting for 1 pins to be released.
I0721 23:22:29.052597 12823 tablet.cc:824] T 8be26ea17cb04d4882ac6cc20f435a0e Alter schema from Schema [ 0:key[int32 NOT NULL], 6:c831[int32 NOT NULL] ] version 6 to Schema [ 0:key[int32 NOT NULL], 6:c831[int32 NOT NULL], 7:c566[int32 NOT NULL], 8:c659[int32 NOT NULL], 9:c997[int32 NOT NULL] ] version 7
I0721 23:22:29.052646 12823 tablet.cc:763] MemRowSet was empty: no flush needed.
I0721 23:22:29.052651 12823 tablet_metadata.cc:428] Not flushing: waiting for 1 pins to be released.
I0721 23:22:29.052778 12823 tablet.cc:824] T 8be26ea17cb04d4882ac6cc20f435a0e Alter schema from Schema [ 0:key[int32 NOT NULL], 6:c831[int32 NOT NULL], 7:c566[int32 NOT NULL], 8:c659[int32 NOT NULL], 9:c997[int32 NOT NULL] ] version 7 to Schema [ 0:key[int32 NOT NULL], 6:c831[int32 NOT NULL], 8:c659[int32 NOT NULL], 11:c776[int32 NOT NULL], 12:c323[int32 NULLABLE], 13:c527[int32 NOT NULL] ] version 8
I0721 23:22:29.052800 12823 tablet.cc:763] MemRowSet was empty: no flush needed.
I0721 23:22:29.052804 12823 tablet_metadata.cc:428] Not flushing: waiting for 1 pins to be released.
I0721 23:22:29.053391 12823 tablet.cc:824] T 8be26ea17cb04d4882ac6cc20f435a0e Alter schema from Schema [ 0:key[int32 NOT NULL], 6:c831[int32 NOT NULL], 8:c659[int32 NOT NULL], 11:c776[int32 NOT NULL], 12:c323[int32 NULLABLE], 13:c527[int32 NOT NULL] ] version 8 to Schema [ 0:key[int32 NOT NULL], 6:c831[int32 NOT NULL], 8:c659[int32 NOT NULL], 14:c824[int32 NOT NULL] ] version 9
I0721 23:22:29.053422 12823 tablet.cc:763] MemRowSet was empty: no flush needed.
I0721 23:22:29.053427 12823 tablet_metadata.cc:428] Not flushing: waiting for 1 pins to be released.
I0721 23:22:29.053746 12823 tablet_bootstrap.cc:400] T 8be26ea17cb04d4882ac6cc20f435a0e P 2aeff3d0fc13436a9d6090b9a6aaa6aa: Bootstrap replayed 1/1 log segments. Stats: ops{read=23 overwritten=0 applied=23 ignored=12} inserts{seen=0 ignored=0} mutations{seen=4 ignored=0} orphaned_commits=0. Pending: 0 replicates
I0721 23:22:29.053761 12823 tablet_bootstrap.cc:1040] T 8be26ea17cb04d4882ac6cc20f435a0e P 2aeff3d0fc13436a9d6090b9a6aaa6aa: ReplayState: Previous OpId: 2.23, Committed OpId: 2.23, Pending Replicates: 0, Pending Commits: 0
I0721 23:22:29.054210 12823 tablet_bootstrap.cc:656] T 8be26ea17cb04d4882ac6cc20f435a0e P 2aeff3d0fc13436a9d6090b9a6aaa6aa: Preparing to delete log recovery files and directory /tmp/kudutest-1000/alter_table-randomized-test.AlterTableRandomized.TestRandomSequence.1469143337762994-10972/minicluster-data/ts-0/wals/8be26ea17cb04d4882ac6cc20f435a0e.recovery
I0721 23:22:29.054226 12823 tablet_bootstrap.cc:659] T 8be26ea17cb04d4882ac6cc20f435a0e P 2aeff3d0fc13436a9d6090b9a6aaa6aa: Renaming log recovery dir from /tmp/kudutest-1000/alter_table-randomized-test.AlterTableRandomized.TestRandomSequence.1469143337762994-10972/minicluster-data/ts-0/wals/8be26ea17cb04d4882ac6cc20f435a0e.recovery to /tmp/kudutest-1000/alter_table-randomized-test.AlterTableRandomized.TestRandomSequence.1469143337762994-10972/minicluster-data/ts-0/wals/8be26ea17cb04d4882ac6cc20f435a0e.recovery-1469143349054225
I0721 23:22:29.054277 12823 tablet_bootstrap.cc:669] T 8be26ea17cb04d4882ac6cc20f435a0e P 2aeff3d0fc13436a9d6090b9a6aaa6aa: Deleting all files from renamed log recovery directory /tmp/kudutest-1000/alter_table-randomized-test.AlterTableRandomized.TestRandomSequence.1469143337762994-10972/minicluster-data/ts-0/wals/8be26ea17cb04d4882ac6cc20f435a0e.recovery-1469143349054225
I0721 23:22:29.054484 12823 tablet_bootstrap.cc:672] T 8be26ea17cb04d4882ac6cc20f435a0e P 2aeff3d0fc13436a9d6090b9a6aaa6aa: Completed deletion of old log recovery files and directory /tmp/kudutest-1000/alter_table-randomized-test.AlterTableRandomized.TestRandomSequence.1469143337762994-10972/minicluster-data/ts-0/wals/8be26ea17cb04d4882ac6cc20f435a0e.recovery-1469143349054225
I0721 23:22:29.054949 12823 tablet_bootstrap.cc:400] T 8be26ea17cb04d4882ac6cc20f435a0e P 2aeff3d0fc13436a9d6090b9a6aaa6aa: Bootstrap complete.
I0721 23:22:29.059826 12823 ts_tablet_manager.cc:636] T 8be26ea17cb04d4882ac6cc20f435a0e P 2aeff3d0fc13436a9d6090b9a6aaa6aa: Time spent bootstrapping tablet: real 0.036s user 0.004s sys 0.028s
I0721 23:22:29.060122 12823 raft_consensus.cc:269] T 8be26ea17cb04d4882ac6cc20f435a0e P 2aeff3d0fc13436a9d6090b9a6aaa6aa [term 2 FOLLOWER]: Replica starting. Triggering 0 pending transactions. Active config: opid_index: -1 peers { permanent_uuid: "2aeff3d0fc13436a9d6090b9a6aaa6aa" member_type: VOTER last_known_addr { host: "127.42.220.0" port: 48563 } } peers { permanent_uuid: "d248c9dacad642be9a5fabec3add151e" member_type: VOTER last_known_addr { host: "127.42.220.1" port: 37489 } } peers { permanent_uuid: "4d5cad21cdbe462d87174e9da291a046" member_type: VOTER last_known_addr { host: "127.42.220.2" port: 37062 } }
I0721 23:22:29.060143 12823 raft_consensus.cc:499] T 8be26ea17cb04d4882ac6cc20f435a0e P 2aeff3d0fc13436a9d6090b9a6aaa6aa [term 2 FOLLOWER]: Becoming Follower/Learner. State: Replica: 2aeff3d0fc13436a9d6090b9a6aaa6aa, State: 1, Role: FOLLOWER Watermarks: {Received: term: 2 index: 23 Committed: term: 2 index: 23}
I0721 23:22:29.060154 12823 consensus_queue.cc:162] T 8be26ea17cb04d4882ac6cc20f435a0e P 2aeff3d0fc13436a9d6090b9a6aaa6aa [NON_LEADER]: Queue going to NON_LEADER mode. State: All replicated op: 0.0, Majority replicated op: 0.0, Committed index: 0.0, Last appended: 2.23, Current term: 0, Majority size: -1, State: 1, Mode: NON_LEADER
I0721 23:22:29.060333 12823 ts_tablet_manager.cc:663] T 8be26ea17cb04d4882ac6cc20f435a0e P 2aeff3d0fc13436a9d6090b9a6aaa6aa: Time spent starting tablet: real 0.000s user 0.000s sys 0.004s
I0721 23:22:29.063138 10972 alter_table-randomized-test.cc:97] TS 0 Restarted
I0721 23:22:30.473480 12205 raft_consensus.cc:366] T 4d01ea135b3e48929ff3ed0d140be9ab P d248c9dacad642be9a5fabec3add151e [term 2 FOLLOWER]: Failure of leader 2aeff3d0fc13436a9d6090b9a6aaa6aa detected. Triggering leader election
I0721 23:22:30.473503 12205 raft_consensus.cc:2019] T 4d01ea135b3e48929ff3ed0d140be9ab P d248c9dacad642be9a5fabec3add151e [term 2 FOLLOWER]: Advancing to term 3
I0721 23:22:30.473953 12205 raft_consensus.cc:1970] T 4d01ea135b3e48929ff3ed0d140be9ab P d248c9dacad642be9a5fabec3add151e [term 3 FOLLOWER]: Snoozing failure detection for election timeout plus an additional 1.543s
I0721 23:22:30.473989 12205 raft_consensus.cc:386] T 4d01ea135b3e48929ff3ed0d140be9ab P d248c9dacad642be9a5fabec3add151e [term 3 FOLLOWER]: Starting election with config: opid_index: -1 peers { permanent_uuid: "2aeff3d0fc13436a9d6090b9a6aaa6aa" member_type: VOTER last_known_addr { host: "127.42.220.0" port: 48563 } } peers { permanent_uuid: "d248c9dacad642be9a5fabec3add151e" member_type: VOTER last_known_addr { host: "127.42.220.1" port: 37489 } } peers { permanent_uuid: "4d5cad21cdbe462d87174e9da291a046" member_type: VOTER last_known_addr { host: "127.42.220.2" port: 37062 } }
I0721 23:22:30.475199 12205 leader_election.cc:223] T 4d01ea135b3e48929ff3ed0d140be9ab P d248c9dacad642be9a5fabec3add151e [CANDIDATE]: Term 3 election: Requesting vote from peer 2aeff3d0fc13436a9d6090b9a6aaa6aa
I0721 23:22:30.475250 12205 leader_election.cc:223] T 4d01ea135b3e48929ff3ed0d140be9ab P d248c9dacad642be9a5fabec3add151e [CANDIDATE]: Term 3 election: Requesting vote from peer 4d5cad21cdbe462d87174e9da291a046
I0721 23:22:30.475420 11328 raft_consensus.cc:2019] T 4d01ea135b3e48929ff3ed0d140be9ab P 4d5cad21cdbe462d87174e9da291a046 [term 2 FOLLOWER]: Advancing to term 3
I0721 23:22:30.475421 12884 raft_consensus.cc:2019] T 4d01ea135b3e48929ff3ed0d140be9ab P 2aeff3d0fc13436a9d6090b9a6aaa6aa [term 2 FOLLOWER]: Advancing to term 3
I0721 23:22:30.475872 12884 raft_consensus.cc:1970] T 4d01ea135b3e48929ff3ed0d140be9ab P 2aeff3d0fc13436a9d6090b9a6aaa6aa [term 3 FOLLOWER]: Snoozing failure detection for election timeout plus an additional 1.566s
I0721 23:22:30.475872 11328 raft_consensus.cc:1970] T 4d01ea135b3e48929ff3ed0d140be9ab P 4d5cad21cdbe462d87174e9da291a046 [term 3 FOLLOWER]: Snoozing failure detection for election timeout plus an additional 1.640s
I0721 23:22:30.476655 12884 raft_consensus.cc:1677] T 4d01ea135b3e48929ff3ed0d140be9ab P 2aeff3d0fc13436a9d6090b9a6aaa6aa [term 3 FOLLOWER]: Leader election vote request: Granting yes vote for candidate d248c9dacad642be9a5fabec3add151e in term 3.
I0721 23:22:30.476681 11328 raft_consensus.cc:1677] T 4d01ea135b3e48929ff3ed0d140be9ab P 4d5cad21cdbe462d87174e9da291a046 [term 3 FOLLOWER]: Leader election vote request: Granting yes vote for candidate d248c9dacad642be9a5fabec3add151e in term 3.
I0721 23:22:30.476793 11490 leader_election.cc:347] T 4d01ea135b3e48929ff3ed0d140be9ab P d248c9dacad642be9a5fabec3add151e [CANDIDATE]: Term 3 election: Vote granted by peer 4d5cad21cdbe462d87174e9da291a046
I0721 23:22:30.476820 11490 leader_election.cc:248] T 4d01ea135b3e48929ff3ed0d140be9ab P d248c9dacad642be9a5fabec3add151e [CANDIDATE]: Term 3 election: Election decided. Result: candidate won.
I0721 23:22:30.476830 11489 leader_election.cc:347] T 4d01ea135b3e48929ff3ed0d140be9ab P d248c9dacad642be9a5fabec3add151e [CANDIDATE]: Term 3 election: Vote granted by peer 2aeff3d0fc13436a9d6090b9a6aaa6aa
I0721 23:22:30.476994 12979 raft_consensus.cc:1970] T 4d01ea135b3e48929ff3ed0d140be9ab P d248c9dacad642be9a5fabec3add151e [term 3 FOLLOWER]: Snoozing failure detection for election timeout plus an additional 1.620s
I0721 23:22:30.477017 12979 raft_consensus.cc:1859] T 4d01ea135b3e48929ff3ed0d140be9ab P d248c9dacad642be9a5fabec3add151e [term 3 FOLLOWER]: Leader election won for term 3
I0721 23:22:30.477165 12979 raft_consensus.cc:464] T 4d01ea135b3e48929ff3ed0d140be9ab P d248c9dacad642be9a5fabec3add151e [term 3 LEADER]: Becoming Leader. State: Replica: d248c9dacad642be9a5fabec3add151e, State: 1, Role: LEADER Watermarks: {Received: term: 2 index: 33 Committed: term: 2 index: 33}
I0721 23:22:30.477252 12979 consensus_queue.cc:145] T 4d01ea135b3e48929ff3ed0d140be9ab P d248c9dacad642be9a5fabec3add151e [LEADER]: Queue going to LEADER mode. State: All replicated op: 2.33, Majority replicated op: 2.33, Committed index: 2.33, Last appended: 2.33, Current term: 3, Majority size: 2, State: 1, Mode: LEADER, active raft config: opid_index: -1 peers { permanent_uuid: "2aeff3d0fc13436a9d6090b9a6aaa6aa" member_type: VOTER last_known_addr { host: "127.42.220.0" port: 48563 } } peers { permanent_uuid: "d248c9dacad642be9a5fabec3add151e" member_type: VOTER last_known_addr { host: "127.42.220.1" port: 37489 } } peers { permanent_uuid: "4d5cad21cdbe462d87174e9da291a046" member_type: VOTER last_known_addr { host: "127.42.220.2" port: 37062 } }
W0721 23:22:30.477792 12983 raft_consensus_state.cc:541] T 4d01ea135b3e48929ff3ed0d140be9ab P d248c9dacad642be9a5fabec3add151e [term 3 LEADER]: Can't advance the committed index across term boundaries until operations from the current term are replicated. Last committed operation was: term: 2 index: 33, New majority replicated is: term: 2 index: 33, Current term is: 3
I0721 23:22:30.477803 12390 catalog_manager.cc:1957] Tablet: 4d01ea135b3e48929ff3ed0d140be9ab reported consensus state change. New consensus state: current_term: 3 leader_uuid: "d248c9dacad642be9a5fabec3add151e" config { opid_index: -1 peers { permanent_uuid: "2aeff3d0fc13436a9d6090b9a6aaa6aa" member_type: VOTER last_known_addr { host: "127.42.220.0" port: 48563 } } peers { permanent_uuid: "d248c9dacad642be9a5fabec3add151e" member_type: VOTER last_known_addr { host: "127.42.220.1" port: 37489 } } peers { permanent_uuid: "4d5cad21cdbe462d87174e9da291a046" member_type: VOTER last_known_addr { host: "127.42.220.2" port: 37062 } } }
I0721 23:22:30.495628 11328 raft_consensus.cc:869] T 4d01ea135b3e48929ff3ed0d140be9ab P 4d5cad21cdbe462d87174e9da291a046 [term 3 FOLLOWER]: Refusing update from remote peer d248c9dacad642be9a5fabec3add151e: Log matching property violated. Preceding OpId in replica: term: 2 index: 33. Preceding OpId from leader: term: 3 index: 35. (index mismatch)
I0721 23:22:30.495628 12884 raft_consensus.cc:869] T 4d01ea135b3e48929ff3ed0d140be9ab P 2aeff3d0fc13436a9d6090b9a6aaa6aa [term 3 FOLLOWER]: Refusing update from remote peer d248c9dacad642be9a5fabec3add151e: Log matching property violated. Preceding OpId in replica: term: 2 index: 33. Preceding OpId from leader: term: 3 index: 35. (index mismatch)
I0721 23:22:30.495719 12980 consensus_queue.cc:578] T 4d01ea135b3e48929ff3ed0d140be9ab P d248c9dacad642be9a5fabec3add151e [LEADER]: Connected to new peer: Peer: 4d5cad21cdbe462d87174e9da291a046, Is new: false, Last received: 2.33, Next index: 34, Last known committed idx: 33, Last exchange result: ERROR, Needs remote bootstrap: false
I0721 23:22:30.495740 12979 consensus_queue.cc:578] T 4d01ea135b3e48929ff3ed0d140be9ab P d248c9dacad642be9a5fabec3add151e [LEADER]: Connected to new peer: Peer: 2aeff3d0fc13436a9d6090b9a6aaa6aa, Is new: false, Last received: 2.33, Next index: 34, Last known committed idx: 33, Last exchange result: ERROR, Needs remote bootstrap: false
I0721 23:22:30.496465 12983 raft_consensus_state.cc:534] T 4d01ea135b3e48929ff3ed0d140be9ab P d248c9dacad642be9a5fabec3add151e [term 3 LEADER]: Advanced the committed_index across terms. Last committed operation was: term: 2 index: 33 New committed index is: term: 3 index: 35
I0721 23:22:30.522635 10972 alter_table-randomized-test.cc:385] Beginning Alterations
I0721 23:22:30.522891 10972 alter_table-randomized-test.cc:450] Adding range partition: [134217726, 201326589) resulting partitions: (134217726, 201326589], (335544315, 402653178], (603979767, 671088630], (805306356, 872415219], (872415219, 939524082], (1275068397, 1342177260], (1543503849, 1610612712], (1610612712, 1677721575], (1744830438, 1811939301], (2013265890, 2080374753)
I0721 23:22:30.522918 10972 alter_table-randomized-test.cc:466] Dropping range partition: [335544315, 402653178) resulting partitions: (134217726, 201326589], (603979767, 671088630], (805306356, 872415219], (872415219, 939524082], (1275068397, 1342177260], (1543503849, 1610612712], (1610612712, 1677721575], (1744830438, 1811939301], (2013265890, 2080374753)
I0721 23:22:30.522925 10972 alter_table-randomized-test.cc:413] Adding column c758, existing columns: key, c831, c659, c824
I0721 23:22:30.522943 10972 alter_table-randomized-test.cc:413] Adding column c154, existing columns: key, c831, c659, c824, c758
I0721 23:22:30.522953 10972 alter_table-randomized-test.cc:434] Dropping column c154, existing columns: key, c831, c659, c824, c758, c154
I0721 23:22:30.522959 10972 alter_table-randomized-test.cc:450] Adding range partition: [1342177260, 1409286123) resulting partitions: (134217726, 201326589], (603979767, 671088630], (805306356, 872415219], (872415219, 939524082], (1275068397, 1342177260], (1342177260, 1409286123], (1543503849, 1610612712], (1610612712, 1677721575], (1744830438, 1811939301], (2013265890, 2080374753)
I0721 23:22:30.522969 10972 alter_table-randomized-test.cc:466] Dropping range partition: [134217726, 201326589) resulting partitions: (603979767, 671088630], (805306356, 872415219], (872415219, 939524082], (1275068397, 1342177260], (1342177260, 1409286123], (1543503849, 1610612712], (1610612712, 1677721575], (1744830438, 1811939301], (2013265890, 2080374753)
I0721 23:22:30.522972 10972 alter_table-randomized-test.cc:407] Committing Alterations
I0721 23:22:30.523217 12391 catalog_manager.cc:1359] Servicing AlterTable request from {real_user=slave, eff_user=} at 127.0.0.1:52526: table { table_name: "test-table" } alter_schema_steps { type: ADD_RANGE_PARTITION add_range_partition { range_bounds { rows: "\006\001\376\377\377\007\007\001\375\377\377\013" } } } alter_schema_steps { type: DROP_RANGE_PARTITION drop_range_partition { range_bounds { rows: "\006\001\373\377\377\023\007\001\372\377\377\027" } } } alter_schema_steps { type: ADD_COLUMN add_column { schema { name: "c758" type: INT32 is_nullable: false read_default_value: "\233\265,\023" write_default_value: "\233\265,\023" encoding: AUTO_ENCODING compression: DEFAULT_COMPRESSION cfile_block_size: 0 } } } alter_schema_steps { type: ADD_COLUMN add_column { schema { name: "c154" type: INT32 is_nullable: false read_default_value: "\356W\3174" write_default_value: "\356W\3174" encoding: AUTO_ENCODING compression: DEFAULT_COMPRESSION cfile_block_size: 0 } } } alter_schema_steps { type: DROP_COLUMN drop_column { name: "c154" } } alter_schema_steps { type: ADD_RANGE_PARTITION add_range_partition { range_bounds { rows: "\006\001\354\377\377O\007\001\353\377\377S" } } } alter_schema_steps { type: DROP_RANGE_PARTITION drop_range_partition { range_bounds { rows: "\006\001\376\377\377\007\007\001\375\377\377\013" } } } schema { columns { name: "key" type: INT32 is_key: true is_nullable: false encoding: AUTO_ENCODING compression: DEFAULT_COMPRESSION cfile_block_size: 0 } columns { name: "c831" type: INT32 is_key: false is_nullable: false read_default_value: "\365WiJ" write_default_value: "\365WiJ" encoding: AUTO_ENCODING compression: DEFAULT_COMPRESSION cfile_block_size: 0 } columns { name: "c659" type: INT32 is_key: false is_nullable: false read_default_value: "\362\021~\013" write_default_value: "\362\021~\013" encoding: AUTO_ENCODING compression: DEFAULT_COMPRESSION cfile_block_size: 0 } columns { name: "c824" type: INT32 is_key: false is_nullable: false read_default_value: "\003\351F!" write_default_value: "\003\351F!" encoding: AUTO_ENCODING compression: DEFAULT_COMPRESSION cfile_block_size: 0 } }
W0721 23:22:30.523649 12391 catalog_manager.cc:2160] Unable to reset TS proxy: Not found: No leader found: Tablet 108436043bbd40508e5ab0de98130fd0 has no consensus state
W0721 23:22:30.523661 12391 catalog_manager.cc:2770] Failed to send alter table request: Not found: Failed to reset TS proxy: No leader found: Tablet 108436043bbd40508e5ab0de98130fd0 has no consensus state
I0721 23:22:30.523689 12391 catalog_manager.cc:2796] Sending DeleteTablet for 3 replicas of tablet 9b57343f7776457f86d235d3cfb90b70
I0721 23:22:30.523700 12391 catalog_manager.cc:2812] T 00000000000000000000000000000000 P ed427968d4be45578319d4ea8dca073a: Deleting tablet 9b57343f7776457f86d235d3cfb90b70 on peer 2aeff3d0fc13436a9d6090b9a6aaa6aa with delete type TABLET_DATA_DELETED (Partition dropped at 2016-07-21 23:22:30 UTC)
I0721 23:22:30.523831 12391 catalog_manager.cc:2812] T 00000000000000000000000000000000 P ed427968d4be45578319d4ea8dca073a: Deleting tablet 9b57343f7776457f86d235d3cfb90b70 on peer d248c9dacad642be9a5fabec3add151e with delete type TABLET_DATA_DELETED (Partition dropped at 2016-07-21 23:22:30 UTC)
I0721 23:22:30.523850 12391 catalog_manager.cc:2812] T 00000000000000000000000000000000 P ed427968d4be45578319d4ea8dca073a: Deleting tablet 9b57343f7776457f86d235d3cfb90b70 on peer 4d5cad21cdbe462d87174e9da291a046 with delete type TABLET_DATA_DELETED (Partition dropped at 2016-07-21 23:22:30 UTC)
I0721 23:22:30.524329 12992 tablet.cc:824] T 5dd0e72041574e04a29b049aff2b2a01 Alter schema from Schema [ 0:key[int32 NOT NULL], 6:c831[int32 NOT NULL], 8:c659[int32 NOT NULL], 14:c824[int32 NOT NULL] ] version 9 to Schema [ 0:key[int32 NOT NULL], 6:c831[int32 NOT NULL], 8:c659[int32 NOT NULL], 14:c824[int32 NOT NULL], 15:c758[int32 NOT NULL] ] version 10
I0721 23:22:30.524372 12992 tablet.cc:772] T 5dd0e72041574e04a29b049aff2b2a01 Flush: entering stage 1 (old memrowset already frozen for inserts)
I0721 23:22:30.524379 12992 compaction.cc:588] Selected 1 rowsets to compact:
I0721 23:22:30.524382 12992 compaction.cc:591] memrowset(current size on disk: ~0 bytes)
I0721 23:22:30.524385 12992 tablet.cc:774] T 5dd0e72041574e04a29b049aff2b2a01 Memstore in-memory size: 763 bytes
I0721 23:22:30.524390 12992 tablet.cc:1238] T 5dd0e72041574e04a29b049aff2b2a01 Flush: entering phase 1 (flushing snapshot). Phase 1 snapshot: MvccSnapshot[committed={T|T < 6017611163745611776}]
I0721 23:22:30.524801 12994 tablet.cc:824] T 5dd0e72041574e04a29b049aff2b2a01 Alter schema from Schema [ 0:key[int32 NOT NULL], 6:c831[int32 NOT NULL], 8:c659[int32 NOT NULL], 14:c824[int32 NOT NULL] ] version 9 to Schema [ 0:key[int32 NOT NULL], 6:c831[int32 NOT NULL], 8:c659[int32 NOT NULL], 14:c824[int32 NOT NULL], 15:c758[int32 NOT NULL] ] version 10
I0721 23:22:30.524834 12994 tablet.cc:772] T 5dd0e72041574e04a29b049aff2b2a01 Flush: entering stage 1 (old memrowset already frozen for inserts)
I0721 23:22:30.524842 12994 compaction.cc:588] Selected 1 rowsets to compact:
I0721 23:22:30.524845 12994 compaction.cc:591] memrowset(current size on disk: ~0 bytes)
I0721 23:22:30.524849 12994 tablet.cc:774] T 5dd0e72041574e04a29b049aff2b2a01 Memstore in-memory size: 763 bytes
I0721 23:22:30.524857 12994 tablet.cc:1238] T 5dd0e72041574e04a29b049aff2b2a01 Flush: entering phase 1 (flushing snapshot). Phase 1 snapshot: MvccSnapshot[committed={T|T < 6017611163745611776}]
I0721 23:22:30.524857 11307 tablet_service.cc:651] Processing DeleteTablet for tablet 9b57343f7776457f86d235d3cfb90b70 with delete_type TABLET_DATA_DELETED (Partition dropped at 2016-07-21 23:22:30 UTC) from {real_user=slave, eff_user=} at 127.0.0.1:50160
I0721 23:22:30.524871 11307 tablet_peer.cc:214] Initiating TabletPeer shutdown for tablet: 9b57343f7776457f86d235d3cfb90b70
I0721 23:22:30.524883 11307 maintenance_manager.cc:176] Unregistered op CompactRowSetsOp(9b57343f7776457f86d235d3cfb90b70)
I0721 23:22:30.524889 11307 maintenance_manager.cc:176] Unregistered op MinorDeltaCompactionOp(9b57343f7776457f86d235d3cfb90b70)
I0721 23:22:30.524893 11307 maintenance_manager.cc:176] Unregistered op MajorDeltaCompactionOp(9b57343f7776457f86d235d3cfb90b70)
I0721 23:22:30.524899 11307 maintenance_manager.cc:176] Unregistered op FlushMRSOp(9b57343f7776457f86d235d3cfb90b70)
I0721 23:22:30.524902 11307 maintenance_manager.cc:176] Unregistered op FlushDeltaMemStoresOp(9b57343f7776457f86d235d3cfb90b70)
I0721 23:22:30.524907 11307 maintenance_manager.cc:176] Unregistered op LogGCOp(9b57343f7776457f86d235d3cfb90b70)
I0721 23:22:30.524909 11305 tablet_service.cc:610] Processing CreateTablet for tablet 108436043bbd40508e5ab0de98130fd0 (table=test-table [id=41787a805a7a407ca4ef642fee224d02]), partition=range: [(int32 key=1342177260), (int32 key=1409286123))
I0721 23:22:30.525121 12992 multi_column_writer.cc:85] Opened CFile writer for column key[int32 NOT NULL]
I0721 23:22:30.525149 12992 multi_column_writer.cc:85] Opened CFile writer for column c831[int32 NOT NULL]
I0721 23:22:30.525169 12992 multi_column_writer.cc:85] Opened CFile writer for column c659[int32 NOT NULL]
I0721 23:22:30.525182 12994 multi_column_writer.cc:85] Opened CFile writer for column key[int32 NOT NULL]
I0721 23:22:30.525187 12992 multi_column_writer.cc:85] Opened CFile writer for column c824[int32 NOT NULL]
I0721 23:22:30.525214 12992 multi_column_writer.cc:85] Opened CFile writer for column c758[int32 NOT NULL]
I0721 23:22:30.525215 12994 multi_column_writer.cc:85] Opened CFile writer for column c831[int32 NOT NULL]
I0721 23:22:30.525238 12994 multi_column_writer.cc:85] Opened CFile writer for column c659[int32 NOT NULL]
I0721 23:22:30.525264 12994 multi_column_writer.cc:85] Opened CFile writer for column c824[int32 NOT NULL]
I0721 23:22:30.525285 12994 multi_column_writer.cc:85] Opened CFile writer for column c758[int32 NOT NULL]
I0721 23:22:30.525404 11305 ts_tablet_manager.cc:765] Registered tablet 108436043bbd40508e5ab0de98130fd0
I0721 23:22:30.524914 11307 raft_consensus.cc:1495] T 9b57343f7776457f86d235d3cfb90b70 P 4d5cad21cdbe462d87174e9da291a046 [term 1 LEADER]: Raft consensus shutting down.
I0721 23:22:30.525490 11307 consensus_peers.cc:358] T 9b57343f7776457f86d235d3cfb90b70 P 4d5cad21cdbe462d87174e9da291a046 -> Peer d248c9dacad642be9a5fabec3add151e (127.42.220.1:37489): Closing peer: d248c9dacad642be9a5fabec3add151e
I0721 23:22:30.525522 11307 consensus_peers.cc:358] T 9b57343f7776457f86d235d3cfb90b70 P 4d5cad21cdbe462d87174e9da291a046 -> Peer 2aeff3d0fc13436a9d6090b9a6aaa6aa (127.42.220.0:48563): Closing peer: 2aeff3d0fc13436a9d6090b9a6aaa6aa
I0721 23:22:30.525586 11307 raft_consensus.cc:1511] T 9b57343f7776457f86d235d3cfb90b70 P 4d5cad21cdbe462d87174e9da291a046 [term 1 LEADER]: Raft consensus is shut down!
I0721 23:22:30.525745 11535 tablet_service.cc:651] Processing DeleteTablet for tablet 9b57343f7776457f86d235d3cfb90b70 with delete_type TABLET_DATA_DELETED (Partition dropped at 2016-07-21 23:22:30 UTC) from {real_user=slave, eff_user=} at 127.0.0.1:53321
I0721 23:22:30.525777 11535 tablet_peer.cc:214] Initiating TabletPeer shutdown for tablet: 9b57343f7776457f86d235d3cfb90b70
I0721 23:22:30.525787 11535 maintenance_manager.cc:176] Unregistered op CompactRowSetsOp(9b57343f7776457f86d235d3cfb90b70)
I0721 23:22:30.525794 11535 maintenance_manager.cc:176] Unregistered op MinorDeltaCompactionOp(9b57343f7776457f86d235d3cfb90b70)
I0721 23:22:30.525799 11535 maintenance_manager.cc:176] Unregistered op MajorDeltaCompactionOp(9b57343f7776457f86d235d3cfb90b70)
I0721 23:22:30.525804 11535 maintenance_manager.cc:176] Unregistered op FlushMRSOp(9b57343f7776457f86d235d3cfb90b70)
I0721 23:22:30.525807 11535 maintenance_manager.cc:176] Unregistered op FlushDeltaMemStoresOp(9b57343f7776457f86d235d3cfb90b70)
I0721 23:22:30.525811 11535 maintenance_manager.cc:176] Unregistered op LogGCOp(9b57343f7776457f86d235d3cfb90b70)
I0721 23:22:30.525818 11535 raft_consensus.cc:1495] T 9b57343f7776457f86d235d3cfb90b70 P d248c9dacad642be9a5fabec3add151e [term 1 FOLLOWER]: Raft consensus shutting down.
I0721 23:22:30.525823 11535 raft_consensus.cc:1511] T 9b57343f7776457f86d235d3cfb90b70 P d248c9dacad642be9a5fabec3add151e [term 1 FOLLOWER]: Raft consensus is shut down!
I0721 23:22:30.525925 11533 tablet_service.cc:610] Processing CreateTablet for tablet 108436043bbd40508e5ab0de98130fd0 (table=test-table [id=41787a805a7a407ca4ef642fee224d02]), partition=range: [(int32 key=1342177260), (int32 key=1409286123))
I0721 23:22:30.526180 11307 ts_tablet_manager.cc:960] T 9b57343f7776457f86d235d3cfb90b70 P 4d5cad21cdbe462d87174e9da291a046: Deleting tablet data with delete state TABLET_DATA_DELETED
I0721 23:22:30.526331 11535 ts_tablet_manager.cc:960] T 9b57343f7776457f86d235d3cfb90b70 P d248c9dacad642be9a5fabec3add151e: Deleting tablet data with delete state TABLET_DATA_DELETED
I0721 23:22:30.526381 11533 ts_tablet_manager.cc:765] Registered tablet 108436043bbd40508e5ab0de98130fd0
I0721 23:22:30.527169 12993 tablet.cc:824] T 4d01ea135b3e48929ff3ed0d140be9ab Alter schema from Schema [ 0:key[int32 NOT NULL], 6:c831[int32 NOT NULL], 8:c659[int32 NOT NULL], 14:c824[int32 NOT NULL] ] version 9 to Schema [ 0:key[int32 NOT NULL], 6:c831[int32 NOT NULL], 8:c659[int32 NOT NULL], 14:c824[int32 NOT NULL], 15:c758[int32 NOT NULL] ] version 10
I0721 23:22:30.527286 12993 tablet.cc:772] T 4d01ea135b3e48929ff3ed0d140be9ab Flush: entering stage 1 (old memrowset already frozen for inserts)
I0721 23:22:30.527294 12993 compaction.cc:588] Selected 1 rowsets to compact:
I0721 23:22:30.527298 12993 compaction.cc:591] memrowset(current size on disk: ~0 bytes)
I0721 23:22:30.527302 12993 tablet.cc:774] T 4d01ea135b3e48929ff3ed0d140be9ab Memstore in-memory size: 763 bytes
I0721 23:22:30.527307 12993 tablet.cc:1238] T 4d01ea135b3e48929ff3ed0d140be9ab Flush: entering phase 1 (flushing snapshot). Phase 1 snapshot: MvccSnapshot[committed={T|T < 6017611163746275328}]
I0721 23:22:30.528085 11307 ts_tablet_manager.cc:970] T 9b57343f7776457f86d235d3cfb90b70 P 4d5cad21cdbe462d87174e9da291a046: Tablet deleted. Last logged OpId: 1.45
I0721 23:22:30.529119 11307 tablet_bootstrap.cc:400] T 9b57343f7776457f86d235d3cfb90b70 P 4d5cad21cdbe462d87174e9da291a046: Deleted tablet blocks from disk
I0721 23:22:30.529232 12378 catalog_manager.cc:2499] TS 4d5cad21cdbe462d87174e9da291a046: tablet 9b57343f7776457f86d235d3cfb90b70 (table test-table [id=41787a805a7a407ca4ef642fee224d02]) successfully deleted
I0721 23:22:30.529821 13025 ts_tablet_manager.cc:631] T 108436043bbd40508e5ab0de98130fd0 P 4d5cad21cdbe462d87174e9da291a046: Bootstrapping tablet
I0721 23:22:30.530050 13025 tablet_bootstrap.cc:400] T 108436043bbd40508e5ab0de98130fd0 P 4d5cad21cdbe462d87174e9da291a046: Bootstrap starting.
I0721 23:22:30.530194 13025 tablet_bootstrap.cc:563] T 108436043bbd40508e5ab0de98130fd0 P 4d5cad21cdbe462d87174e9da291a046: Time spent opening tablet: real 0.000s user 0.000s sys 0.000s
I0721 23:22:30.530222 12865 tablet_service.cc:651] Processing DeleteTablet for tablet 9b57343f7776457f86d235d3cfb90b70 with delete_type TABLET_DATA_DELETED (Partition dropped at 2016-07-21 23:22:30 UTC) from {real_user=slave, eff_user=} at 127.0.0.1:50567
I0721 23:22:30.530243 12865 tablet_peer.cc:214] Initiating TabletPeer shutdown for tablet: 9b57343f7776457f86d235d3cfb90b70
I0721 23:22:30.530252 12865 maintenance_manager.cc:176] Unregistered op CompactRowSetsOp(9b57343f7776457f86d235d3cfb90b70)
I0721 23:22:30.530259 12865 maintenance_manager.cc:176] Unregistered op MinorDeltaCompactionOp(9b57343f7776457f86d235d3cfb90b70)
I0721 23:22:30.530266 12865 maintenance_manager.cc:176] Unregistered op MajorDeltaCompactionOp(9b57343f7776457f86d235d3cfb90b70)
I0721 23:22:30.530270 12865 maintenance_manager.cc:176] Unregistered op FlushMRSOp(9b57343f7776457f86d235d3cfb90b70)
I0721 23:22:30.530277 12865 maintenance_manager.cc:176] Unregistered op FlushDeltaMemStoresOp(9b57343f7776457f86d235d3cfb90b70)
I0721 23:22:30.530282 12865 maintenance_manager.cc:176] Unregistered op LogGCOp(9b57343f7776457f86d235d3cfb90b70)
I0721 23:22:30.530290 12865 raft_consensus.cc:1495] T 9b57343f7776457f86d235d3cfb90b70 P 2aeff3d0fc13436a9d6090b9a6aaa6aa [term 1 FOLLOWER]: Raft consensus shutting down.
I0721 23:22:30.530297 12865 raft_consensus.cc:1511] T 9b57343f7776457f86d235d3cfb90b70 P 2aeff3d0fc13436a9d6090b9a6aaa6aa [term 1 FOLLOWER]: Raft consensus is shut down!
I0721 23:22:30.530340 12864 tablet_service.cc:610] Processing CreateTablet for tablet 108436043bbd40508e5ab0de98130fd0 (table=test-table [id=41787a805a7a407ca4ef642fee224d02]), partition=range: [(int32 key=1342177260), (int32 key=1409286123))
I0721 23:22:30.530529 13032 tablet.cc:824] T 8be26ea17cb04d4882ac6cc20f435a0e Alter schema from Schema [ 0:key[int32 NOT NULL], 6:c831[int32 NOT NULL], 8:c659[int32 NOT NULL], 14:c824[int32 NOT NULL] ] version 9 to Schema [ 0:key[int32 NOT NULL], 6:c831[int32 NOT NULL], 8:c659[int32 NOT NULL], 14:c824[int32 NOT NULL], 15:c758[int32 NOT NULL] ] version 10
I0721 23:22:30.530622 13032 tablet.cc:772] T 8be26ea17cb04d4882ac6cc20f435a0e Flush: entering stage 1 (old memrowset already frozen for inserts)
I0721 23:22:30.530747 13032 compaction.cc:588] Selected 1 rowsets to compact:
I0721 23:22:30.530815 13025 tablet_bootstrap.cc:503] T 108436043bbd40508e5ab0de98130fd0 P 4d5cad21cdbe462d87174e9da291a046: No blocks or log segments found. Creating new log.
I0721 23:22:30.530814 12864 ts_tablet_manager.cc:765] Registered tablet 108436043bbd40508e5ab0de98130fd0
I0721 23:22:30.530777 13032 compaction.cc:591] memrowset(current size on disk: ~0 bytes)
I0721 23:22:30.530972 13032 tablet.cc:774] T 8be26ea17cb04d4882ac6cc20f435a0e Memstore in-memory size: 763 bytes
I0721 23:22:30.531175 13032 tablet.cc:1238] T 8be26ea17cb04d4882ac6cc20f435a0e Flush: entering phase 1 (flushing snapshot). Phase 1 snapshot: MvccSnapshot[committed={T|T < 6017611163746258944}]
I0721 23:22:30.531335 12865 ts_tablet_manager.cc:960] T 9b57343f7776457f86d235d3cfb90b70 P 2aeff3d0fc13436a9d6090b9a6aaa6aa: Deleting tablet data with delete state TABLET_DATA_DELETED
I0721 23:22:30.532517 13033 tablet.cc:824] T 0c5c7515d77f4072bde96a5bde4c4e23 Alter schema from Schema [ 0:key[int32 NOT NULL], 6:c831[int32 NOT NULL], 8:c659[int32 NOT NULL], 14:c824[int32 NOT NULL] ] version 9 to Schema [ 0:key[int32 NOT NULL], 6:c831[int32 NOT NULL], 8:c659[int32 NOT NULL], 14:c824[int32 NOT NULL], 15:c758[int32 NOT NULL] ] version 10
I0721 23:22:30.532660 13033 tablet.cc:772] T 0c5c7515d77f4072bde96a5bde4c4e23 Flush: entering stage 1 (old memrowset already frozen for inserts)
I0721 23:22:30.532716 13033 compaction.cc:588] Selected 1 rowsets to compact:
I0721 23:22:30.532743 13033 compaction.cc:591] memrowset(current size on disk: ~0 bytes)
I0721 23:22:30.532768 13033 tablet.cc:774] T 0c5c7515d77f4072bde96a5bde4c4e23 Memstore in-memory size: 763 bytes
I0721 23:22:30.532815 13033 tablet.cc:1238] T 0c5c7515d77f4072bde96a5bde4c4e23 Flush: entering phase 1 (flushing snapshot). Phase 1 snapshot: MvccSnapshot[committed={T|T < 6017611163746512896}]
I0721 23:22:30.532858 12994 tablet.cc:1318] T 5dd0e72041574e04a29b049aff2b2a01 Flush: entering phase 2 (starting to duplicate updates in new rowsets)
I0721 23:22:30.532896 12994 tablet.cc:1373] T 5dd0e72041574e04a29b049aff2b2a01 Flush Phase 2: carrying over any updates which arrived during Phase 1
I0721 23:22:30.532904 12994 tablet.cc:1375] T 5dd0e72041574e04a29b049aff2b2a01 Phase 2 snapshot: MvccSnapshot[committed={T|T < 6017611163745611776}]
I0721 23:22:30.533004 13034 tablet.cc:824] T 67b0e5f3081d4c34be5dac68a0b10025 Alter schema from Schema [ 0:key[int32 NOT NULL], 6:c831[int32 NOT NULL], 8:c659[int32 NOT NULL], 14:c824[int32 NOT NULL] ] version 9 to Schema [ 0:key[int32 NOT NULL], 6:c831[int32 NOT NULL], 8:c659[int32 NOT NULL], 14:c824[int32 NOT NULL], 15:c758[int32 NOT NULL] ] version 10
I0721 23:22:30.533088 13034 tablet.cc:772] T 67b0e5f3081d4c34be5dac68a0b10025 Flush: entering stage 1 (old memrowset already frozen for inserts)
I0721 23:22:30.533118 13034 compaction.cc:588] Selected 1 rowsets to compact:
I0721 23:22:30.533140 13034 compaction.cc:591] memrowset(current size on disk: ~0 bytes)
I0721 23:22:30.533177 13034 tablet.cc:774] T 67b0e5f3081d4c34be5dac68a0b10025 Memstore in-memory size: 763 bytes
I0721 23:22:30.533210 13034 tablet.cc:1238] T 67b0e5f3081d4c34be5dac68a0b10025 Flush: entering phase 1 (flushing snapshot). Phase 1 snapshot: MvccSnapshot[committed={T|T < 6017611163745841152}]
I0721 23:22:30.533289 12865 ts_tablet_manager.cc:970] T 9b57343f7776457f86d235d3cfb90b70 P 2aeff3d0fc13436a9d6090b9a6aaa6aa: Tablet deleted. Last logged OpId: 1.45
I0721 23:22:30.533754 12992 tablet.cc:1318] T 5dd0e72041574e04a29b049aff2b2a01 Flush: entering phase 2 (starting to duplicate updates in new rowsets)
I0721 23:22:30.533798 12992 tablet.cc:1373] T 5dd0e72041574e04a29b049aff2b2a01 Flush Phase 2: carrying over any updates which arrived during Phase 1
I0721 23:22:30.533805 12992 tablet.cc:1375] T 5dd0e72041574e04a29b049aff2b2a01 Phase 2 snapshot: MvccSnapshot[committed={T|T < 6017611163745611776}]
I0721 23:22:30.533963 12865 tablet_bootstrap.cc:400] T 9b57343f7776457f86d235d3cfb90b70 P 2aeff3d0fc13436a9d6090b9a6aaa6aa: Deleted tablet blocks from disk
I0721 23:22:30.534308 11535 ts_tablet_manager.cc:970] T 9b57343f7776457f86d235d3cfb90b70 P d248c9dacad642be9a5fabec3add151e: Tablet deleted. Last logged OpId: 1.45
I0721 23:22:30.534690 12377 catalog_manager.cc:2499] TS 2aeff3d0fc13436a9d6090b9a6aaa6aa: tablet 9b57343f7776457f86d235d3cfb90b70 (table test-table [id=41787a805a7a407ca4ef642fee224d02]) successfully deleted
I0721 23:22:30.535818 12992 tablet.cc:1416] T 5dd0e72041574e04a29b049aff2b2a01 Flush successful on 4 rows (4446 bytes)
I0721 23:22:30.536762 12994 tablet.cc:1416] T 5dd0e72041574e04a29b049aff2b2a01 Flush successful on 4 rows (4446 bytes)
I0721 23:22:30.537335 11535 tablet_bootstrap.cc:400] T 9b57343f7776457f86d235d3cfb90b70 P d248c9dacad642be9a5fabec3add151e: Deleted tablet blocks from disk
I0721 23:22:30.537448 12379 catalog_manager.cc:2499] TS d248c9dacad642be9a5fabec3add151e: tablet 9b57343f7776457f86d235d3cfb90b70 (table test-table [id=41787a805a7a407ca4ef642fee224d02]) successfully deleted
I0721 23:22:30.537515 13029 ts_tablet_manager.cc:631] T 108436043bbd40508e5ab0de98130fd0 P d248c9dacad642be9a5fabec3add151e: Bootstrapping tablet
I0721 23:22:30.537827 13029 tablet_bootstrap.cc:400] T 108436043bbd40508e5ab0de98130fd0 P d248c9dacad642be9a5fabec3add151e: Bootstrap starting.
I0721 23:22:30.538056 12993 multi_column_writer.cc:85] Opened CFile writer for column key[int32 NOT NULL]
I0721 23:22:30.538084 12993 multi_column_writer.cc:85] Opened CFile writer for column c831[int32 NOT NULL]
I0721 23:22:30.538108 12993 multi_column_writer.cc:85] Opened CFile writer for column c659[int32 NOT NULL]
I0721 23:22:30.538167 13035 ts_tablet_manager.cc:631] T 108436043bbd40508e5ab0de98130fd0 P 2aeff3d0fc13436a9d6090b9a6aaa6aa: Bootstrapping tablet
I0721 23:22:30.538346 13035 tablet_bootstrap.cc:400] T 108436043bbd40508e5ab0de98130fd0 P 2aeff3d0fc13436a9d6090b9a6aaa6aa: Bootstrap starting.
I0721 23:22:30.538431 12993 multi_column_writer.cc:85] Opened CFile writer for column c824[int32 NOT NULL]
I0721 23:22:30.538460 12993 multi_column_writer.cc:85] Opened CFile writer for column c758[int32 NOT NULL]
I0721 23:22:30.538466 13035 tablet_bootstrap.cc:563] T 108436043bbd40508e5ab0de98130fd0 P 2aeff3d0fc13436a9d6090b9a6aaa6aa: Time spent opening tablet: real 0.000s user 0.000s sys 0.000s
I0721 23:22:30.538564 13035 tablet_bootstrap.cc:503] T 108436043bbd40508e5ab0de98130fd0 P 2aeff3d0fc13436a9d6090b9a6aaa6aa: No blocks or log segments found. Creating new log.
I0721 23:22:30.538751 13028 tablet.cc:824] T 4d01ea135b3e48929ff3ed0d140be9ab Alter schema from Schema [ 0:key[int32 NOT NULL], 6:c831[int32 NOT NULL], 8:c659[int32 NOT NULL], 14:c824[int32 NOT NULL] ] version 9 to Schema [ 0:key[int32 NOT NULL], 6:c831[int32 NOT NULL], 8:c659[int32 NOT NULL], 14:c824[int32 NOT NULL], 15:c758[int32 NOT NULL] ] version 10
I0721 23:22:30.538784 13028 tablet.cc:772] T 4d01ea135b3e48929ff3ed0d140be9ab Flush: entering stage 1 (old memrowset already frozen for inserts)
I0721 23:22:30.538789 13028 compaction.cc:588] Selected 1 rowsets to compact:
I0721 23:22:30.538794 13028 compaction.cc:591] memrowset(current size on disk: ~0 bytes)
I0721 23:22:30.538796 13028 tablet.cc:774] T 4d01ea135b3e48929ff3ed0d140be9ab Memstore in-memory size: 763 bytes
I0721 23:22:30.538806 13028 tablet.cc:1238] T 4d01ea135b3e48929ff3ed0d140be9ab Flush: entering phase 1 (flushing snapshot). Phase 1 snapshot: MvccSnapshot[committed={T|T < 6017611163746275328}]
I0721 23:22:30.538846 12993 tablet.cc:1318] T 4d01ea135b3e48929ff3ed0d140be9ab Flush: entering phase 2 (starting to duplicate updates in new rowsets)
I0721 23:22:30.538854 13028 multi_column_writer.cc:85] Opened CFile writer for column key[int32 NOT NULL]
I0721 23:22:30.538868 12993 tablet.cc:1373] T 4d01ea135b3e48929ff3ed0d140be9ab Flush Phase 2: carrying over any updates which arrived during Phase 1
I0721 23:22:30.538875 12993 tablet.cc:1375] T 4d01ea135b3e48929ff3ed0d140be9ab Phase 2 snapshot: MvccSnapshot[committed={T|T < 6017611163746275328}]
I0721 23:22:30.538882 13028 multi_column_writer.cc:85] Opened CFile writer for column c831[int32 NOT NULL]
I0721 23:22:30.538905 13028 multi_column_writer.cc:85] Opened CFile writer for column c659[int32 NOT NULL]
I0721 23:22:30.538930 13028 multi_column_writer.cc:85] Opened CFile writer for column c824[int32 NOT NULL]
I0721 23:22:30.538947 13028 multi_column_writer.cc:85] Opened CFile writer for column c758[int32 NOT NULL]
I0721 23:22:30.539283 12993 tablet.cc:1416] T 4d01ea135b3e48929ff3ed0d140be9ab Flush successful on 3 rows (4426 bytes)
