I0721 23:22:30.973511 13035 tablet_bootstrap.cc:503] T b3d33bf71fef4a3b9b5d9a85626459d8 P 2aeff3d0fc13436a9d6090b9a6aaa6aa: No blocks or log segments found. Creating new log.
I0721 23:22:30.973765 11535 ts_tablet_manager.cc:960] T 0c5c7515d77f4072bde96a5bde4c4e23 P d248c9dacad642be9a5fabec3add151e: Deleting tablet data with delete state TABLET_DATA_DELETED
I0721 23:22:30.973937 13029 tablet_bootstrap.cc:503] T b3d33bf71fef4a3b9b5d9a85626459d8 P d248c9dacad642be9a5fabec3add151e: No blocks or log segments found. Creating new log.
I0721 23:22:30.976141 11535 ts_tablet_manager.cc:970] T 0c5c7515d77f4072bde96a5bde4c4e23 P d248c9dacad642be9a5fabec3add151e: Tablet deleted. Last logged OpId: 1.38
I0721 23:22:30.976650 12379 catalog_manager.cc:2499] TS d248c9dacad642be9a5fabec3add151e: tablet 0249e3dbe50545f99e40b25143970dc6 (table test-table [id=41787a805a7a407ca4ef642fee224d02]) successfully deleted
I0721 23:22:30.976968 11535 tablet_bootstrap.cc:400] T 0c5c7515d77f4072bde96a5bde4c4e23 P d248c9dacad642be9a5fabec3add151e: Deleted tablet blocks from disk
I0721 23:22:30.977275 12379 catalog_manager.cc:2499] TS d248c9dacad642be9a5fabec3add151e: tablet 0c5c7515d77f4072bde96a5bde4c4e23 (table test-table [id=41787a805a7a407ca4ef642fee224d02]) successfully deleted
I0721 23:22:30.977578 12378 catalog_manager.cc:2499] TS 4d5cad21cdbe462d87174e9da291a046: tablet 0249e3dbe50545f99e40b25143970dc6 (table test-table [id=41787a805a7a407ca4ef642fee224d02]) successfully deleted
I0721 23:22:30.977655 12378 catalog_manager.cc:2499] TS 4d5cad21cdbe462d87174e9da291a046: tablet 0c5c7515d77f4072bde96a5bde4c4e23 (table test-table [id=41787a805a7a407ca4ef642fee224d02]) successfully deleted
I0721 23:22:30.978972 11310 tablet_service.cc:610] Processing CreateTablet for tablet b3d33bf71fef4a3b9b5d9a85626459d8 (table=test-table [id=41787a805a7a407ca4ef642fee224d02]), partition=range: [(int32 key=402653178), (int32 key=469762041))
I0721 23:22:30.980257 12993 tablet.cc:824] T 6a4c4010ca524867aed3bcd8ce342a34 Alter schema from Schema [ 0:key[int32 NOT NULL], 6:c831[int32 NOT NULL], 8:c659[int32 NOT NULL], 14:c824[int32 NOT NULL], 15:c758[int32 NOT NULL] ] version 10 to Schema [ 0:key[int32 NOT NULL], 8:c659[int32 NOT NULL], 15:c758[int32 NOT NULL] ] version 11
I0721 23:22:30.980303 12993 tablet.cc:772] T 6a4c4010ca524867aed3bcd8ce342a34 Flush: entering stage 1 (old memrowset already frozen for inserts)
I0721 23:22:30.980304 13033 tablet.cc:824] T 5dd0e72041574e04a29b049aff2b2a01 Alter schema from Schema [ 0:key[int32 NOT NULL], 6:c831[int32 NOT NULL], 8:c659[int32 NOT NULL], 14:c824[int32 NOT NULL], 15:c758[int32 NOT NULL] ] version 10 to Schema [ 0:key[int32 NOT NULL], 8:c659[int32 NOT NULL], 15:c758[int32 NOT NULL] ] version 11
I0721 23:22:30.980343 13033 tablet.cc:772] T 5dd0e72041574e04a29b049aff2b2a01 Flush: entering stage 1 (old memrowset already frozen for inserts)
I0721 23:22:30.980363 13033 compaction.cc:588] Selected 1 rowsets to compact:
I0721 23:22:30.980367 13033 compaction.cc:591] memrowset(current size on disk: ~0 bytes)
I0721 23:22:30.980371 13033 tablet.cc:774] T 5dd0e72041574e04a29b049aff2b2a01 Memstore in-memory size: 763 bytes
I0721 23:22:30.980381 13033 tablet.cc:1238] T 5dd0e72041574e04a29b049aff2b2a01 Flush: entering phase 1 (flushing snapshot). Phase 1 snapshot: MvccSnapshot[committed={T|T < 6017611165525774336}]
I0721 23:22:30.980309 12993 compaction.cc:588] Selected 1 rowsets to compact:
I0721 23:22:30.980536 12993 compaction.cc:591] memrowset(current size on disk: ~0 bytes)
I0721 23:22:30.980543 12993 tablet.cc:774] T 6a4c4010ca524867aed3bcd8ce342a34 Memstore in-memory size: 763 bytes
I0721 23:22:30.980548 12993 tablet.cc:1238] T 6a4c4010ca524867aed3bcd8ce342a34 Flush: entering phase 1 (flushing snapshot). Phase 1 snapshot: MvccSnapshot[committed={T|T < 6017611165526323200}]
I0721 23:22:30.980597 12993 multi_column_writer.cc:85] Opened CFile writer for column key[int32 NOT NULL]
I0721 23:22:30.980617 12993 multi_column_writer.cc:85] Opened CFile writer for column c659[int32 NOT NULL]
I0721 23:22:30.980631 12993 multi_column_writer.cc:85] Opened CFile writer for column c758[int32 NOT NULL]
I0721 23:22:30.980938 12993 tablet.cc:1318] T 6a4c4010ca524867aed3bcd8ce342a34 Flush: entering phase 2 (starting to duplicate updates in new rowsets)
I0721 23:22:30.980965 12993 tablet.cc:1373] T 6a4c4010ca524867aed3bcd8ce342a34 Flush Phase 2: carrying over any updates which arrived during Phase 1
I0721 23:22:30.980972 12993 tablet.cc:1375] T 6a4c4010ca524867aed3bcd8ce342a34 Phase 2 snapshot: MvccSnapshot[committed={T|T < 6017611165526323200}]
I0721 23:22:30.981139 13032 tablet.cc:824] T 4d01ea135b3e48929ff3ed0d140be9ab Alter schema from Schema [ 0:key[int32 NOT NULL], 6:c831[int32 NOT NULL], 8:c659[int32 NOT NULL], 14:c824[int32 NOT NULL], 15:c758[int32 NOT NULL] ] version 10 to Schema [ 0:key[int32 NOT NULL], 8:c659[int32 NOT NULL], 15:c758[int32 NOT NULL] ] version 11
I0721 23:22:30.981179 13032 tablet.cc:763] MemRowSet was empty: no flush needed.
I0721 23:22:30.981432 12993 tablet.cc:1416] T 6a4c4010ca524867aed3bcd8ce342a34 Flush successful on 2 rows (4304 bytes)
I0721 23:22:30.981508 12993 tablet.cc:824] T 7270680365d24fdd841c47868cca7794 Alter schema from Schema [ 0:key[int32 NOT NULL], 6:c831[int32 NOT NULL], 8:c659[int32 NOT NULL], 14:c824[int32 NOT NULL], 15:c758[int32 NOT NULL] ] version 10 to Schema [ 0:key[int32 NOT NULL], 8:c659[int32 NOT NULL], 15:c758[int32 NOT NULL] ] version 11
I0721 23:22:30.981533 12993 tablet.cc:772] T 7270680365d24fdd841c47868cca7794 Flush: entering stage 1 (old memrowset already frozen for inserts)
I0721 23:22:30.981537 12993 compaction.cc:588] Selected 1 rowsets to compact:
I0721 23:22:30.981541 12993 compaction.cc:591] memrowset(current size on disk: ~0 bytes)
I0721 23:22:30.981545 12993 tablet.cc:774] T 7270680365d24fdd841c47868cca7794 Memstore in-memory size: 763 bytes
I0721 23:22:30.981550 12993 tablet.cc:1238] T 7270680365d24fdd841c47868cca7794 Flush: entering phase 1 (flushing snapshot). Phase 1 snapshot: MvccSnapshot[committed={T|T < 6017611165525516288}]
I0721 23:22:30.981591 12993 multi_column_writer.cc:85] Opened CFile writer for column key[int32 NOT NULL]
I0721 23:22:30.981612 12993 multi_column_writer.cc:85] Opened CFile writer for column c659[int32 NOT NULL]
I0721 23:22:30.981629 12993 multi_column_writer.cc:85] Opened CFile writer for column c758[int32 NOT NULL]
I0721 23:22:30.981730 13033 multi_column_writer.cc:85] Opened CFile writer for column key[int32 NOT NULL]
I0721 23:22:30.981765 13033 multi_column_writer.cc:85] Opened CFile writer for column c659[int32 NOT NULL]
I0721 23:22:30.981812 13033 multi_column_writer.cc:85] Opened CFile writer for column c758[int32 NOT NULL]
I0721 23:22:30.981964 12993 tablet.cc:1318] T 7270680365d24fdd841c47868cca7794 Flush: entering phase 2 (starting to duplicate updates in new rowsets)
I0721 23:22:30.981983 12993 tablet.cc:1373] T 7270680365d24fdd841c47868cca7794 Flush Phase 2: carrying over any updates which arrived during Phase 1
I0721 23:22:30.982002 12993 tablet.cc:1375] T 7270680365d24fdd841c47868cca7794 Phase 2 snapshot: MvccSnapshot[committed={T|T < 6017611165525516288}]
I0721 23:22:30.982210 11310 ts_tablet_manager.cc:765] Registered tablet b3d33bf71fef4a3b9b5d9a85626459d8
I0721 23:22:30.982497 12994 tablet.cc:824] T 67b0e5f3081d4c34be5dac68a0b10025 Alter schema from Schema [ 0:key[int32 NOT NULL], 6:c831[int32 NOT NULL], 8:c659[int32 NOT NULL], 14:c824[int32 NOT NULL], 15:c758[int32 NOT NULL] ] version 10 to Schema [ 0:key[int32 NOT NULL], 8:c659[int32 NOT NULL], 15:c758[int32 NOT NULL] ] version 11
I0721 23:22:30.982563 12994 tablet.cc:772] T 67b0e5f3081d4c34be5dac68a0b10025 Flush: entering stage 1 (old memrowset already frozen for inserts)
I0721 23:22:30.982570 12994 compaction.cc:588] Selected 1 rowsets to compact:
I0721 23:22:30.982573 12994 compaction.cc:591] memrowset(current size on disk: ~0 bytes)
I0721 23:22:30.982578 12994 tablet.cc:774] T 67b0e5f3081d4c34be5dac68a0b10025 Memstore in-memory size: 763 bytes
I0721 23:22:30.982594 12994 tablet.cc:1238] T 67b0e5f3081d4c34be5dac68a0b10025 Flush: entering phase 1 (flushing snapshot). Phase 1 snapshot: MvccSnapshot[committed={T|T < 6017611165547986944}]
I0721 23:22:30.982596 12993 tablet.cc:1416] T 7270680365d24fdd841c47868cca7794 Flush successful on 1 rows (4292 bytes)
I0721 23:22:30.982796 13028 tablet.cc:824] T 8be26ea17cb04d4882ac6cc20f435a0e Alter schema from Schema [ 0:key[int32 NOT NULL], 6:c831[int32 NOT NULL], 8:c659[int32 NOT NULL], 14:c824[int32 NOT NULL], 15:c758[int32 NOT NULL] ] version 10 to Schema [ 0:key[int32 NOT NULL], 8:c659[int32 NOT NULL], 15:c758[int32 NOT NULL] ] version 11
I0721 23:22:30.982836 13028 tablet.cc:772] T 8be26ea17cb04d4882ac6cc20f435a0e Flush: entering stage 1 (old memrowset already frozen for inserts)
I0721 23:22:30.982841 13028 compaction.cc:588] Selected 1 rowsets to compact:
I0721 23:22:30.982844 13028 compaction.cc:591] memrowset(current size on disk: ~0 bytes)
I0721 23:22:30.982848 13028 tablet.cc:774] T 8be26ea17cb04d4882ac6cc20f435a0e Memstore in-memory size: 763 bytes
I0721 23:22:30.982853 13028 tablet.cc:1238] T 8be26ea17cb04d4882ac6cc20f435a0e Flush: entering phase 1 (flushing snapshot). Phase 1 snapshot: MvccSnapshot[committed={T|T < 6017611165548199936}]
I0721 23:22:30.982897 13028 multi_column_writer.cc:85] Opened CFile writer for column key[int32 NOT NULL]
I0721 23:22:30.982918 13028 multi_column_writer.cc:85] Opened CFile writer for column c659[int32 NOT NULL]
I0721 23:22:30.982936 13028 multi_column_writer.cc:85] Opened CFile writer for column c758[int32 NOT NULL]
I0721 23:22:30.983299 13028 tablet.cc:1318] T 8be26ea17cb04d4882ac6cc20f435a0e Flush: entering phase 2 (starting to duplicate updates in new rowsets)
I0721 23:22:30.983324 13028 tablet.cc:1373] T 8be26ea17cb04d4882ac6cc20f435a0e Flush Phase 2: carrying over any updates which arrived during Phase 1
I0721 23:22:30.983330 13028 tablet.cc:1375] T 8be26ea17cb04d4882ac6cc20f435a0e Phase 2 snapshot: MvccSnapshot[committed={T|T < 6017611165548199936}]
I0721 23:22:30.983717 13028 tablet.cc:1416] T 8be26ea17cb04d4882ac6cc20f435a0e Flush successful on 1 rows (4292 bytes)
I0721 23:22:30.984366 12994 multi_column_writer.cc:85] Opened CFile writer for column key[int32 NOT NULL]
I0721 23:22:30.984395 12994 multi_column_writer.cc:85] Opened CFile writer for column c659[int32 NOT NULL]
I0721 23:22:30.984453 12994 multi_column_writer.cc:85] Opened CFile writer for column c758[int32 NOT NULL]
I0721 23:22:30.984983 13035 tablet_bootstrap.cc:400] T b3d33bf71fef4a3b9b5d9a85626459d8 P 2aeff3d0fc13436a9d6090b9a6aaa6aa: No bootstrap required, opened a new log
I0721 23:22:30.985007 13035 ts_tablet_manager.cc:636] T b3d33bf71fef4a3b9b5d9a85626459d8 P 2aeff3d0fc13436a9d6090b9a6aaa6aa: Time spent bootstrapping tablet: real 0.012s user 0.000s sys 0.000s
I0721 23:22:30.985255 13033 tablet.cc:1318] T 5dd0e72041574e04a29b049aff2b2a01 Flush: entering phase 2 (starting to duplicate updates in new rowsets)
I0721 23:22:30.985273 13033 tablet.cc:1373] T 5dd0e72041574e04a29b049aff2b2a01 Flush Phase 2: carrying over any updates which arrived during Phase 1
I0721 23:22:30.985280 13033 tablet.cc:1375] T 5dd0e72041574e04a29b049aff2b2a01 Phase 2 snapshot: MvccSnapshot[committed={T|T < 6017611165525774336}]
I0721 23:22:30.985699 13033 tablet.cc:1416] T 5dd0e72041574e04a29b049aff2b2a01 Flush successful on 1 rows (4292 bytes)
I0721 23:22:30.985978 12994 tablet.cc:1318] T 67b0e5f3081d4c34be5dac68a0b10025 Flush: entering phase 2 (starting to duplicate updates in new rowsets)
I0721 23:22:30.986004 12994 tablet.cc:1373] T 67b0e5f3081d4c34be5dac68a0b10025 Flush Phase 2: carrying over any updates which arrived during Phase 1
I0721 23:22:30.986011 12994 tablet.cc:1375] T 67b0e5f3081d4c34be5dac68a0b10025 Phase 2 snapshot: MvccSnapshot[committed={T|T < 6017611165547986944}]
I0721 23:22:30.986510 12994 tablet.cc:1416] T 67b0e5f3081d4c34be5dac68a0b10025 Flush successful on 4 rows (4328 bytes)
I0721 23:22:30.987807 13025 ts_tablet_manager.cc:631] T b3d33bf71fef4a3b9b5d9a85626459d8 P 4d5cad21cdbe462d87174e9da291a046: Bootstrapping tablet
I0721 23:22:30.988008 13025 tablet_bootstrap.cc:400] T b3d33bf71fef4a3b9b5d9a85626459d8 P 4d5cad21cdbe462d87174e9da291a046: Bootstrap starting.
I0721 23:22:30.988101 13025 tablet_bootstrap.cc:563] T b3d33bf71fef4a3b9b5d9a85626459d8 P 4d5cad21cdbe462d87174e9da291a046: Time spent opening tablet: real 0.000s user 0.000s sys 0.000s
I0721 23:22:30.988476 13025 tablet_bootstrap.cc:503] T b3d33bf71fef4a3b9b5d9a85626459d8 P 4d5cad21cdbe462d87174e9da291a046: No blocks or log segments found. Creating new log.
I0721 23:22:30.989640 13032 tablet.cc:824] T 108436043bbd40508e5ab0de98130fd0 Alter schema from Schema [ 0:key[int32 NOT NULL], 6:c831[int32 NOT NULL], 8:c659[int32 NOT NULL], 14:c824[int32 NOT NULL], 15:c758[int32 NOT NULL] ] version 10 to Schema [ 0:key[int32 NOT NULL], 8:c659[int32 NOT NULL], 15:c758[int32 NOT NULL] ] version 11
I0721 23:22:30.989670 13032 tablet.cc:772] T 108436043bbd40508e5ab0de98130fd0 Flush: entering stage 1 (old memrowset already frozen for inserts)
I0721 23:22:30.989675 13032 compaction.cc:588] Selected 1 rowsets to compact:
I0721 23:22:30.989680 13032 compaction.cc:591] memrowset(current size on disk: ~0 bytes)
I0721 23:22:30.989683 13032 tablet.cc:774] T 108436043bbd40508e5ab0de98130fd0 Memstore in-memory size: 763 bytes
I0721 23:22:30.989688 13032 tablet.cc:1238] T 108436043bbd40508e5ab0de98130fd0 Flush: entering phase 1 (flushing snapshot). Phase 1 snapshot: MvccSnapshot[committed={T|T < 6017611165649465344}]
I0721 23:22:30.989742 13032 multi_column_writer.cc:85] Opened CFile writer for column key[int32 NOT NULL]
I0721 23:22:30.989764 13032 multi_column_writer.cc:85] Opened CFile writer for column c659[int32 NOT NULL]
I0721 23:22:30.989804 13032 multi_column_writer.cc:85] Opened CFile writer for column c758[int32 NOT NULL]
I0721 23:22:30.990097 13032 tablet.cc:1318] T 108436043bbd40508e5ab0de98130fd0 Flush: entering phase 2 (starting to duplicate updates in new rowsets)
I0721 23:22:30.990114 13032 tablet.cc:1373] T 108436043bbd40508e5ab0de98130fd0 Flush Phase 2: carrying over any updates which arrived during Phase 1
I0721 23:22:30.990120 13032 tablet.cc:1375] T 108436043bbd40508e5ab0de98130fd0 Phase 2 snapshot: MvccSnapshot[committed={T|T < 6017611165649465344}]
I0721 23:22:30.990692 13032 tablet.cc:1416] T 108436043bbd40508e5ab0de98130fd0 Flush successful on 3 rows (4316 bytes)
I0721 23:22:30.991742 13024 tablet.cc:824] T 108436043bbd40508e5ab0de98130fd0 Alter schema from Schema [ 0:key[int32 NOT NULL], 6:c831[int32 NOT NULL], 8:c659[int32 NOT NULL], 14:c824[int32 NOT NULL], 15:c758[int32 NOT NULL] ] version 10 to Schema [ 0:key[int32 NOT NULL], 8:c659[int32 NOT NULL], 15:c758[int32 NOT NULL] ] version 11
I0721 23:22:30.991773 13024 tablet.cc:772] T 108436043bbd40508e5ab0de98130fd0 Flush: entering stage 1 (old memrowset already frozen for inserts)
I0721 23:22:30.991780 13024 compaction.cc:588] Selected 1 rowsets to compact:
I0721 23:22:30.991783 13024 compaction.cc:591] memrowset(current size on disk: ~0 bytes)
I0721 23:22:30.991787 13024 tablet.cc:774] T 108436043bbd40508e5ab0de98130fd0 Memstore in-memory size: 763 bytes
I0721 23:22:30.991792 13024 tablet.cc:1238] T 108436043bbd40508e5ab0de98130fd0 Flush: entering phase 1 (flushing snapshot). Phase 1 snapshot: MvccSnapshot[committed={T|T < 6017611165649465344}]
I0721 23:22:30.991855 13024 multi_column_writer.cc:85] Opened CFile writer for column key[int32 NOT NULL]
I0721 23:22:30.991875 13024 multi_column_writer.cc:85] Opened CFile writer for column c659[int32 NOT NULL]
I0721 23:22:30.991892 13024 multi_column_writer.cc:85] Opened CFile writer for column c758[int32 NOT NULL]
I0721 23:22:30.992066 13038 tablet.cc:824] T 108436043bbd40508e5ab0de98130fd0 Alter schema from Schema [ 0:key[int32 NOT NULL], 6:c831[int32 NOT NULL], 8:c659[int32 NOT NULL], 14:c824[int32 NOT NULL], 15:c758[int32 NOT NULL] ] version 10 to Schema [ 0:key[int32 NOT NULL], 8:c659[int32 NOT NULL], 15:c758[int32 NOT NULL] ] version 11
I0721 23:22:30.992120 13038 tablet.cc:772] T 108436043bbd40508e5ab0de98130fd0 Flush: entering stage 1 (old memrowset already frozen for inserts)
I0721 23:22:30.992130 13038 compaction.cc:588] Selected 1 rowsets to compact:
I0721 23:22:30.992133 13038 compaction.cc:591] memrowset(current size on disk: ~0 bytes)
I0721 23:22:30.992137 13038 tablet.cc:774] T 108436043bbd40508e5ab0de98130fd0 Memstore in-memory size: 763 bytes
I0721 23:22:30.992142 13038 tablet.cc:1238] T 108436043bbd40508e5ab0de98130fd0 Flush: entering phase 1 (flushing snapshot). Phase 1 snapshot: MvccSnapshot[committed={T|T < 6017611165649465344}]
I0721 23:22:30.992333 13038 multi_column_writer.cc:85] Opened CFile writer for column key[int32 NOT NULL]
I0721 23:22:30.992368 13038 multi_column_writer.cc:85] Opened CFile writer for column c659[int32 NOT NULL]
I0721 23:22:30.992406 13038 multi_column_writer.cc:85] Opened CFile writer for column c758[int32 NOT NULL]
I0721 23:22:30.992763 13038 tablet.cc:1318] T 108436043bbd40508e5ab0de98130fd0 Flush: entering phase 2 (starting to duplicate updates in new rowsets)
I0721 23:22:30.992789 13038 tablet.cc:1373] T 108436043bbd40508e5ab0de98130fd0 Flush Phase 2: carrying over any updates which arrived during Phase 1
I0721 23:22:30.992797 13038 tablet.cc:1375] T 108436043bbd40508e5ab0de98130fd0 Phase 2 snapshot: MvccSnapshot[committed={T|T < 6017611165649465344}]
I0721 23:22:30.993193 13038 tablet.cc:1416] T 108436043bbd40508e5ab0de98130fd0 Flush successful on 3 rows (4316 bytes)
I0721 23:22:30.994299 13024 tablet.cc:1318] T 108436043bbd40508e5ab0de98130fd0 Flush: entering phase 2 (starting to duplicate updates in new rowsets)
I0721 23:22:30.994328 13024 tablet.cc:1373] T 108436043bbd40508e5ab0de98130fd0 Flush Phase 2: carrying over any updates which arrived during Phase 1
I0721 23:22:30.994336 13024 tablet.cc:1375] T 108436043bbd40508e5ab0de98130fd0 Phase 2 snapshot: MvccSnapshot[committed={T|T < 6017611165649465344}]
I0721 23:22:30.994789 13024 tablet.cc:1416] T 108436043bbd40508e5ab0de98130fd0 Flush successful on 3 rows (4316 bytes)
I0721 23:22:30.997900 13035 raft_consensus.cc:269] T b3d33bf71fef4a3b9b5d9a85626459d8 P 2aeff3d0fc13436a9d6090b9a6aaa6aa [term 0 FOLLOWER]: Replica starting. Triggering 0 pending transactions. Active config: opid_index: -1 peers { permanent_uuid: "4d5cad21cdbe462d87174e9da291a046" member_type: VOTER last_known_addr { host: "127.42.220.2" port: 37062 } } peers { permanent_uuid: "2aeff3d0fc13436a9d6090b9a6aaa6aa" member_type: VOTER last_known_addr { host: "127.42.220.0" port: 48563 } } peers { permanent_uuid: "d248c9dacad642be9a5fabec3add151e" member_type: VOTER last_known_addr { host: "127.42.220.1" port: 37489 } }
I0721 23:22:30.997925 13035 raft_consensus.cc:301] T b3d33bf71fef4a3b9b5d9a85626459d8 P 2aeff3d0fc13436a9d6090b9a6aaa6aa [term 0 FOLLOWER]: Consensus starting up: Expiring failure detector timer to make a prompt election more likely
I0721 23:22:30.997946 13035 raft_consensus.cc:499] T b3d33bf71fef4a3b9b5d9a85626459d8 P 2aeff3d0fc13436a9d6090b9a6aaa6aa [term 0 FOLLOWER]: Becoming Follower/Learner. State: Replica: 2aeff3d0fc13436a9d6090b9a6aaa6aa, State: 1, Role: FOLLOWER Watermarks: {Received: term: 0 index: 0 Committed: term: 0 index: 0}
I0721 23:22:30.997962 13035 consensus_queue.cc:162] T b3d33bf71fef4a3b9b5d9a85626459d8 P 2aeff3d0fc13436a9d6090b9a6aaa6aa [NON_LEADER]: Queue going to NON_LEADER mode. State: All replicated op: 0.0, Majority replicated op: 0.0, Committed index: 0.0, Last appended: 0.0, Current term: 0, Majority size: -1, State: 1, Mode: NON_LEADER
I0721 23:22:30.998064 13035 ts_tablet_manager.cc:663] T b3d33bf71fef4a3b9b5d9a85626459d8 P 2aeff3d0fc13436a9d6090b9a6aaa6aa: Time spent starting tablet: real 0.013s user 0.000s sys 0.004s
I0721 23:22:30.998234 12389 catalog_manager.cc:1856] TS 2aeff3d0fc13436a9d6090b9a6aaa6aa does not have the latest schema for tablet b3d33bf71fef4a3b9b5d9a85626459d8 (table test-table [id=41787a805a7a407ca4ef642fee224d02]). Expected version 11 got 0
W0721 23:22:30.998476 12389 catalog_manager.cc:2160] Unable to reset TS proxy: Not found: No leader found: Tablet b3d33bf71fef4a3b9b5d9a85626459d8 consensus state has no leader
W0721 23:22:30.998492 12389 catalog_manager.cc:2770] Failed to send alter table request: Not found: Failed to reset TS proxy: No leader found: Tablet b3d33bf71fef4a3b9b5d9a85626459d8 consensus state has no leader
I0721 23:22:30.998750 12389 catalog_manager.cc:1856] TS 2aeff3d0fc13436a9d6090b9a6aaa6aa does not have the latest schema for tablet b3d33bf71fef4a3b9b5d9a85626459d8 (table test-table [id=41787a805a7a407ca4ef642fee224d02]). Expected version 11 got 0
W0721 23:22:30.999246 12389 catalog_manager.cc:2160] Unable to reset TS proxy: Not found: No leader found: Tablet b3d33bf71fef4a3b9b5d9a85626459d8 consensus state has no leader
W0721 23:22:30.999269 12389 catalog_manager.cc:2770] Failed to send alter table request: Not found: Failed to reset TS proxy: No leader found: Tablet b3d33bf71fef4a3b9b5d9a85626459d8 consensus state has no leader
I0721 23:22:31.002012 13029 tablet_bootstrap.cc:400] T b3d33bf71fef4a3b9b5d9a85626459d8 P d248c9dacad642be9a5fabec3add151e: No bootstrap required, opened a new log
I0721 23:22:31.002035 13029 ts_tablet_manager.cc:636] T b3d33bf71fef4a3b9b5d9a85626459d8 P d248c9dacad642be9a5fabec3add151e: Time spent bootstrapping tablet: real 0.031s user 0.000s sys 0.000s
I0721 23:22:31.009862 13025 tablet_bootstrap.cc:400] T b3d33bf71fef4a3b9b5d9a85626459d8 P 4d5cad21cdbe462d87174e9da291a046: No bootstrap required, opened a new log
I0721 23:22:31.009912 13025 ts_tablet_manager.cc:636] T b3d33bf71fef4a3b9b5d9a85626459d8 P 4d5cad21cdbe462d87174e9da291a046: Time spent bootstrapping tablet: real 0.022s user 0.008s sys 0.000s
I0721 23:22:31.010197 13029 raft_consensus.cc:269] T b3d33bf71fef4a3b9b5d9a85626459d8 P d248c9dacad642be9a5fabec3add151e [term 0 FOLLOWER]: Replica starting. Triggering 0 pending transactions. Active config: opid_index: -1 peers { permanent_uuid: "4d5cad21cdbe462d87174e9da291a046" member_type: VOTER last_known_addr { host: "127.42.220.2" port: 37062 } } peers { permanent_uuid: "2aeff3d0fc13436a9d6090b9a6aaa6aa" member_type: VOTER last_known_addr { host: "127.42.220.0" port: 48563 } } peers { permanent_uuid: "d248c9dacad642be9a5fabec3add151e" member_type: VOTER last_known_addr { host: "127.42.220.1" port: 37489 } }
I0721 23:22:31.010215 13029 raft_consensus.cc:301] T b3d33bf71fef4a3b9b5d9a85626459d8 P d248c9dacad642be9a5fabec3add151e [term 0 FOLLOWER]: Consensus starting up: Expiring failure detector timer to make a prompt election more likely
I0721 23:22:31.010227 13029 raft_consensus.cc:499] T b3d33bf71fef4a3b9b5d9a85626459d8 P d248c9dacad642be9a5fabec3add151e [term 0 FOLLOWER]: Becoming Follower/Learner. State: Replica: d248c9dacad642be9a5fabec3add151e, State: 1, Role: FOLLOWER Watermarks: {Received: term: 0 index: 0 Committed: term: 0 index: 0}
I0721 23:22:31.010294 13029 consensus_queue.cc:162] T b3d33bf71fef4a3b9b5d9a85626459d8 P d248c9dacad642be9a5fabec3add151e [NON_LEADER]: Queue going to NON_LEADER mode. State: All replicated op: 0.0, Majority replicated op: 0.0, Committed index: 0.0, Last appended: 0.0, Current term: 0, Majority size: -1, State: 1, Mode: NON_LEADER
I0721 23:22:31.011165 13025 raft_consensus.cc:269] T b3d33bf71fef4a3b9b5d9a85626459d8 P 4d5cad21cdbe462d87174e9da291a046 [term 0 FOLLOWER]: Replica starting. Triggering 0 pending transactions. Active config: opid_index: -1 peers { permanent_uuid: "4d5cad21cdbe462d87174e9da291a046" member_type: VOTER last_known_addr { host: "127.42.220.2" port: 37062 } } peers { permanent_uuid: "2aeff3d0fc13436a9d6090b9a6aaa6aa" member_type: VOTER last_known_addr { host: "127.42.220.0" port: 48563 } } peers { permanent_uuid: "d248c9dacad642be9a5fabec3add151e" member_type: VOTER last_known_addr { host: "127.42.220.1" port: 37489 } }
I0721 23:22:31.011239 13025 raft_consensus.cc:301] T b3d33bf71fef4a3b9b5d9a85626459d8 P 4d5cad21cdbe462d87174e9da291a046 [term 0 FOLLOWER]: Consensus starting up: Expiring failure detector timer to make a prompt election more likely
I0721 23:22:31.011279 13025 raft_consensus.cc:499] T b3d33bf71fef4a3b9b5d9a85626459d8 P 4d5cad21cdbe462d87174e9da291a046 [term 0 FOLLOWER]: Becoming Follower/Learner. State: Replica: 4d5cad21cdbe462d87174e9da291a046, State: 1, Role: FOLLOWER Watermarks: {Received: term: 0 index: 0 Committed: term: 0 index: 0}
I0721 23:22:31.011317 13025 consensus_queue.cc:162] T b3d33bf71fef4a3b9b5d9a85626459d8 P 4d5cad21cdbe462d87174e9da291a046 [NON_LEADER]: Queue going to NON_LEADER mode. State: All replicated op: 0.0, Majority replicated op: 0.0, Committed index: 0.0, Last appended: 0.0, Current term: 0, Majority size: -1, State: 1, Mode: NON_LEADER
I0721 23:22:31.013916 13029 ts_tablet_manager.cc:663] T b3d33bf71fef4a3b9b5d9a85626459d8 P d248c9dacad642be9a5fabec3add151e: Time spent starting tablet: real 0.012s user 0.000s sys 0.004s
I0721 23:22:31.014060 12389 catalog_manager.cc:1856] TS d248c9dacad642be9a5fabec3add151e does not have the latest schema for tablet b3d33bf71fef4a3b9b5d9a85626459d8 (table test-table [id=41787a805a7a407ca4ef642fee224d02]). Expected version 11 got 0
W0721 23:22:31.014363 12389 catalog_manager.cc:2160] Unable to reset TS proxy: Not found: No leader found: Tablet b3d33bf71fef4a3b9b5d9a85626459d8 consensus state has no leader
W0721 23:22:31.014374 12389 catalog_manager.cc:2770] Failed to send alter table request: Not found: Failed to reset TS proxy: No leader found: Tablet b3d33bf71fef4a3b9b5d9a85626459d8 consensus state has no leader
I0721 23:22:31.014788 12389 catalog_manager.cc:1856] TS d248c9dacad642be9a5fabec3add151e does not have the latest schema for tablet b3d33bf71fef4a3b9b5d9a85626459d8 (table test-table [id=41787a805a7a407ca4ef642fee224d02]). Expected version 11 got 0
W0721 23:22:31.015188 12389 catalog_manager.cc:2160] Unable to reset TS proxy: Not found: No leader found: Tablet b3d33bf71fef4a3b9b5d9a85626459d8 consensus state has no leader
W0721 23:22:31.015200 12389 catalog_manager.cc:2770] Failed to send alter table request: Not found: Failed to reset TS proxy: No leader found: Tablet b3d33bf71fef4a3b9b5d9a85626459d8 consensus state has no leader
I0721 23:22:31.018009 13025 ts_tablet_manager.cc:663] T b3d33bf71fef4a3b9b5d9a85626459d8 P 4d5cad21cdbe462d87174e9da291a046: Time spent starting tablet: real 0.008s user 0.000s sys 0.000s
I0721 23:22:31.018123 12389 catalog_manager.cc:1856] TS 4d5cad21cdbe462d87174e9da291a046 does not have the latest schema for tablet b3d33bf71fef4a3b9b5d9a85626459d8 (table test-table [id=41787a805a7a407ca4ef642fee224d02]). Expected version 11 got 0
W0721 23:22:31.018353 12389 catalog_manager.cc:2160] Unable to reset TS proxy: Not found: No leader found: Tablet b3d33bf71fef4a3b9b5d9a85626459d8 consensus state has no leader
W0721 23:22:31.018368 12389 catalog_manager.cc:2770] Failed to send alter table request: Not found: Failed to reset TS proxy: No leader found: Tablet b3d33bf71fef4a3b9b5d9a85626459d8 consensus state has no leader
I0721 23:22:31.018550 12389 catalog_manager.cc:1856] TS 4d5cad21cdbe462d87174e9da291a046 does not have the latest schema for tablet b3d33bf71fef4a3b9b5d9a85626459d8 (table test-table [id=41787a805a7a407ca4ef642fee224d02]). Expected version 11 got 0
W0721 23:22:31.018779 12389 catalog_manager.cc:2160] Unable to reset TS proxy: Not found: No leader found: Tablet b3d33bf71fef4a3b9b5d9a85626459d8 consensus state has no leader
W0721 23:22:31.018792 12389 catalog_manager.cc:2770] Failed to send alter table request: Not found: Failed to reset TS proxy: No leader found: Tablet b3d33bf71fef4a3b9b5d9a85626459d8 consensus state has no leader
I0721 23:22:31.211904 13063 raft_consensus.cc:370] T b3d33bf71fef4a3b9b5d9a85626459d8 P 2aeff3d0fc13436a9d6090b9a6aaa6aa [term 0 FOLLOWER]: No leader contacted us within the election timeout. Triggering leader election
I0721 23:22:31.211943 13063 raft_consensus.cc:2019] T b3d33bf71fef4a3b9b5d9a85626459d8 P 2aeff3d0fc13436a9d6090b9a6aaa6aa [term 0 FOLLOWER]: Advancing to term 1
I0721 23:22:31.212456 13063 raft_consensus.cc:1970] T b3d33bf71fef4a3b9b5d9a85626459d8 P 2aeff3d0fc13436a9d6090b9a6aaa6aa [term 1 FOLLOWER]: Snoozing failure detection for election timeout plus an additional 1.627s
I0721 23:22:31.212522 13063 raft_consensus.cc:386] T b3d33bf71fef4a3b9b5d9a85626459d8 P 2aeff3d0fc13436a9d6090b9a6aaa6aa [term 1 FOLLOWER]: Starting election with config: opid_index: -1 peers { permanent_uuid: "4d5cad21cdbe462d87174e9da291a046" member_type: VOTER last_known_addr { host: "127.42.220.2" port: 37062 } } peers { permanent_uuid: "2aeff3d0fc13436a9d6090b9a6aaa6aa" member_type: VOTER last_known_addr { host: "127.42.220.0" port: 48563 } } peers { permanent_uuid: "d248c9dacad642be9a5fabec3add151e" member_type: VOTER last_known_addr { host: "127.42.220.1" port: 37489 } }
I0721 23:22:31.213470 13063 leader_election.cc:223] T b3d33bf71fef4a3b9b5d9a85626459d8 P 2aeff3d0fc13436a9d6090b9a6aaa6aa [CANDIDATE]: Term 1 election: Requesting vote from peer 4d5cad21cdbe462d87174e9da291a046
I0721 23:22:31.213531 13063 leader_election.cc:223] T b3d33bf71fef4a3b9b5d9a85626459d8 P 2aeff3d0fc13436a9d6090b9a6aaa6aa [CANDIDATE]: Term 1 election: Requesting vote from peer d248c9dacad642be9a5fabec3add151e
I0721 23:22:31.230389 11328 raft_consensus.cc:2019] T b3d33bf71fef4a3b9b5d9a85626459d8 P 4d5cad21cdbe462d87174e9da291a046 [term 0 FOLLOWER]: Advancing to term 1
I0721 23:22:31.230515 11549 raft_consensus.cc:2019] T b3d33bf71fef4a3b9b5d9a85626459d8 P d248c9dacad642be9a5fabec3add151e [term 0 FOLLOWER]: Advancing to term 1
I0721 23:22:31.230762 11328 raft_consensus.cc:1970] T b3d33bf71fef4a3b9b5d9a85626459d8 P 4d5cad21cdbe462d87174e9da291a046 [term 1 FOLLOWER]: Snoozing failure detection for election timeout plus an additional 1.559s
I0721 23:22:31.230950 11549 raft_consensus.cc:1970] T b3d33bf71fef4a3b9b5d9a85626459d8 P d248c9dacad642be9a5fabec3add151e [term 1 FOLLOWER]: Snoozing failure detection for election timeout plus an additional 1.542s
I0721 23:22:31.231362 11328 raft_consensus.cc:1677] T b3d33bf71fef4a3b9b5d9a85626459d8 P 4d5cad21cdbe462d87174e9da291a046 [term 1 FOLLOWER]: Leader election vote request: Granting yes vote for candidate 2aeff3d0fc13436a9d6090b9a6aaa6aa in term 1.
I0721 23:22:31.231425 11549 raft_consensus.cc:1677] T b3d33bf71fef4a3b9b5d9a85626459d8 P d248c9dacad642be9a5fabec3add151e [term 1 FOLLOWER]: Leader election vote request: Granting yes vote for candidate 2aeff3d0fc13436a9d6090b9a6aaa6aa in term 1.
I0721 23:22:31.231499 12820 leader_election.cc:347] T b3d33bf71fef4a3b9b5d9a85626459d8 P 2aeff3d0fc13436a9d6090b9a6aaa6aa [CANDIDATE]: Term 1 election: Vote granted by peer 4d5cad21cdbe462d87174e9da291a046
I0721 23:22:31.231524 12820 leader_election.cc:248] T b3d33bf71fef4a3b9b5d9a85626459d8 P 2aeff3d0fc13436a9d6090b9a6aaa6aa [CANDIDATE]: Term 1 election: Election decided. Result: candidate won.
I0721 23:22:31.231537 12821 leader_election.cc:347] T b3d33bf71fef4a3b9b5d9a85626459d8 P 2aeff3d0fc13436a9d6090b9a6aaa6aa [CANDIDATE]: Term 1 election: Vote granted by peer d248c9dacad642be9a5fabec3add151e
I0721 23:22:31.231554 13067 raft_consensus.cc:1970] T b3d33bf71fef4a3b9b5d9a85626459d8 P 2aeff3d0fc13436a9d6090b9a6aaa6aa [term 1 FOLLOWER]: Snoozing failure detection for election timeout plus an additional 1.582s
I0721 23:22:31.231567 13067 raft_consensus.cc:1859] T b3d33bf71fef4a3b9b5d9a85626459d8 P 2aeff3d0fc13436a9d6090b9a6aaa6aa [term 1 FOLLOWER]: Leader election won for term 1
I0721 23:22:31.231752 13067 raft_consensus.cc:464] T b3d33bf71fef4a3b9b5d9a85626459d8 P 2aeff3d0fc13436a9d6090b9a6aaa6aa [term 1 LEADER]: Becoming Leader. State: Replica: 2aeff3d0fc13436a9d6090b9a6aaa6aa, State: 1, Role: LEADER Watermarks: {Received: term: 0 index: 0 Committed: term: 0 index: 0}
I0721 23:22:31.231854 13067 consensus_queue.cc:145] T b3d33bf71fef4a3b9b5d9a85626459d8 P 2aeff3d0fc13436a9d6090b9a6aaa6aa [LEADER]: Queue going to LEADER mode. State: All replicated op: 0.0, Majority replicated op: 0.0, Committed index: 0.0, Last appended: 0.0, Current term: 1, Majority size: 2, State: 1, Mode: LEADER, active raft config: opid_index: -1 peers { permanent_uuid: "4d5cad21cdbe462d87174e9da291a046" member_type: VOTER last_known_addr { host: "127.42.220.2" port: 37062 } } peers { permanent_uuid: "2aeff3d0fc13436a9d6090b9a6aaa6aa" member_type: VOTER last_known_addr { host: "127.42.220.0" port: 48563 } } peers { permanent_uuid: "d248c9dacad642be9a5fabec3add151e" member_type: VOTER last_known_addr { host: "127.42.220.1" port: 37489 } }
I0721 23:22:31.232952 12389 catalog_manager.cc:1856] TS 2aeff3d0fc13436a9d6090b9a6aaa6aa does not have the latest schema for tablet b3d33bf71fef4a3b9b5d9a85626459d8 (table test-table [id=41787a805a7a407ca4ef642fee224d02]). Expected version 11 got 0
I0721 23:22:31.233034 12389 catalog_manager.cc:1957] Tablet: b3d33bf71fef4a3b9b5d9a85626459d8 reported consensus state change. New consensus state: current_term: 1 leader_uuid: "2aeff3d0fc13436a9d6090b9a6aaa6aa" config { opid_index: -1 peers { permanent_uuid: "4d5cad21cdbe462d87174e9da291a046" member_type: VOTER last_known_addr { host: "127.42.220.2" port: 37062 } } peers { permanent_uuid: "2aeff3d0fc13436a9d6090b9a6aaa6aa" member_type: VOTER last_known_addr { host: "127.42.220.0" port: 48563 } } peers { permanent_uuid: "d248c9dacad642be9a5fabec3add151e" member_type: VOTER last_known_addr { host: "127.42.220.1" port: 37489 } } }
W0721 23:22:31.233742 13079 raft_consensus_state.cc:541] T b3d33bf71fef4a3b9b5d9a85626459d8 P 2aeff3d0fc13436a9d6090b9a6aaa6aa [term 1 LEADER]: Can't advance the committed index across term boundaries until operations from the current term are replicated. Last committed operation was: term: 0 index: 0, New majority replicated is: term: 0 index: 0, Current term is: 1
I0721 23:22:31.234067 11549 raft_consensus.cc:869] T b3d33bf71fef4a3b9b5d9a85626459d8 P d248c9dacad642be9a5fabec3add151e [term 1 FOLLOWER]: Refusing update from remote peer 2aeff3d0fc13436a9d6090b9a6aaa6aa: Log matching property violated. Preceding OpId in replica: term: 0 index: 0. Preceding OpId from leader: term: 1 index: 2. (index mismatch)
I0721 23:22:31.234067 11328 raft_consensus.cc:869] T b3d33bf71fef4a3b9b5d9a85626459d8 P 4d5cad21cdbe462d87174e9da291a046 [term 1 FOLLOWER]: Refusing update from remote peer 2aeff3d0fc13436a9d6090b9a6aaa6aa: Log matching property violated. Preceding OpId in replica: term: 0 index: 0. Preceding OpId from leader: term: 1 index: 2. (index mismatch)
I0721 23:22:31.234185 13076 consensus_queue.cc:578] T b3d33bf71fef4a3b9b5d9a85626459d8 P 2aeff3d0fc13436a9d6090b9a6aaa6aa [LEADER]: Connected to new peer: Peer: d248c9dacad642be9a5fabec3add151e, Is new: false, Last received: 0.0, Next index: 1, Last known committed idx: 0, Last exchange result: ERROR, Needs remote bootstrap: false
I0721 23:22:31.234246 13067 consensus_queue.cc:578] T b3d33bf71fef4a3b9b5d9a85626459d8 P 2aeff3d0fc13436a9d6090b9a6aaa6aa [LEADER]: Connected to new peer: Peer: 4d5cad21cdbe462d87174e9da291a046, Is new: false, Last received: 0.0, Next index: 1, Last known committed idx: 0, Last exchange result: ERROR, Needs remote bootstrap: false
I0721 23:22:31.238159 12389 catalog_manager.cc:1856] TS 4d5cad21cdbe462d87174e9da291a046 does not have the latest schema for tablet b3d33bf71fef4a3b9b5d9a85626459d8 (table test-table [id=41787a805a7a407ca4ef642fee224d02]). Expected version 11 got 0
I0721 23:22:31.238363 13040 tablet.cc:824] T b3d33bf71fef4a3b9b5d9a85626459d8 Alter schema from Schema [ 0:key[int32 NOT NULL], 8:c659[int32 NOT NULL], 15:c758[int32 NOT NULL] ] version 0 to Schema [ 0:key[int32 NOT NULL], 8:c659[int32 NOT NULL], 15:c758[int32 NOT NULL] ] version 11
I0721 23:22:31.238872 13079 raft_consensus_state.cc:534] T b3d33bf71fef4a3b9b5d9a85626459d8 P 2aeff3d0fc13436a9d6090b9a6aaa6aa [term 1 LEADER]: Advanced the committed_index across terms. Last committed operation was: term: 0 index: 0 New committed index is: term: 1 index: 2
I0721 23:22:31.239632 12389 catalog_manager.cc:2970] test-table [id=41787a805a7a407ca4ef642fee224d02] - Alter table completed version=11
I0721 23:22:31.250007 12389 catalog_manager.cc:1856] TS d248c9dacad642be9a5fabec3add151e does not have the latest schema for tablet b3d33bf71fef4a3b9b5d9a85626459d8 (table test-table [id=41787a805a7a407ca4ef642fee224d02]). Expected version 11 got 0
I0721 23:22:31.250231 13022 tablet.cc:824] T b3d33bf71fef4a3b9b5d9a85626459d8 Alter schema from Schema [ 0:key[int32 NOT NULL], 8:c659[int32 NOT NULL], 15:c758[int32 NOT NULL] ] version 0 to Schema [ 0:key[int32 NOT NULL], 8:c659[int32 NOT NULL], 15:c758[int32 NOT NULL] ] version 11
I0721 23:22:31.272464 12993 tablet.cc:824] T b3d33bf71fef4a3b9b5d9a85626459d8 Alter schema from Schema [ 0:key[int32 NOT NULL], 8:c659[int32 NOT NULL], 15:c758[int32 NOT NULL] ] version 0 to Schema [ 0:key[int32 NOT NULL], 8:c659[int32 NOT NULL], 15:c758[int32 NOT NULL] ] version 11
I0721 23:22:31.287204 10972 alter_table-randomized-test.cc:385] Beginning Alterations
I0721 23:22:31.287384 10972 alter_table-randomized-test.cc:434] Dropping column c758, existing columns: key, c659, c758
I0721 23:22:31.287412 10972 alter_table-randomized-test.cc:413] Adding column c366, existing columns: key, c659
I0721 23:22:31.287421 10972 alter_table-randomized-test.cc:413] Adding column c879, existing columns: key, c659, c366
I0721 23:22:31.287431 10972 alter_table-randomized-test.cc:413] Adding column c587, existing columns: key, c659, c366, c879
I0721 23:22:31.287442 10972 alter_table-randomized-test.cc:450] Adding range partition: [201326589, 268435452) resulting partitions: (201326589, 268435452], (402653178, 469762041], (805306356, 872415219], (1275068397, 1342177260], (1342177260, 1409286123], (1543503849, 1610612712], (1610612712, 1677721575], (1744830438, 1811939301], (2013265890, 2080374753)
I0721 23:22:31.287448 10972 alter_table-randomized-test.cc:407] Committing Alterations
I0721 23:22:31.287670 12389 catalog_manager.cc:1359] Servicing AlterTable request from {real_user=slave, eff_user=} at 127.0.0.1:52526: table { table_name: "test-table" } alter_schema_steps { type: DROP_COLUMN drop_column { name: "c758" } } alter_schema_steps { type: ADD_COLUMN add_column { schema { name: "c366" type: INT32 is_nullable: false read_default_value: "\236\227\324<" write_default_value: "\236\227\324<" encoding: AUTO_ENCODING compression: DEFAULT_COMPRESSION cfile_block_size: 0 } } } alter_schema_steps { type: ADD_COLUMN add_column { schema { name: "c879" type: INT32 is_nullable: true encoding: AUTO_ENCODING compression: DEFAULT_COMPRESSION cfile_block_size: 0 } } } alter_schema_steps { type: ADD_COLUMN add_column { schema { name: "c587" type: INT32 is_nullable: false read_default_value: "\204\352\316G" write_default_value: "\204\352\316G" encoding: AUTO_ENCODING compression: DEFAULT_COMPRESSION cfile_block_size: 0 } } } alter_schema_steps { type: ADD_RANGE_PARTITION add_range_partition { range_bounds { rows: "\006\001\375\377\377\013\007\001\374\377\377\017" } } } schema { columns { name: "key" type: INT32 is_key: true is_nullable: false encoding: AUTO_ENCODING compression: DEFAULT_COMPRESSION cfile_block_size: 0 } columns { name: "c659" type: INT32 is_key: false is_nullable: false read_default_value: "\362\021~\013" write_default_value: "\362\021~\013" encoding: AUTO_ENCODING compression: DEFAULT_COMPRESSION cfile_block_size: 0 } columns { name: "c758" type: INT32 is_key: false is_nullable: false read_default_value: "\233\265,\023" write_default_value: "\233\265,\023" encoding: AUTO_ENCODING compression: DEFAULT_COMPRESSION cfile_block_size: 0 } }
W0721 23:22:31.288031 12389 catalog_manager.cc:2160] Unable to reset TS proxy: Not found: No leader found: Tablet 17945348ed4047618947c6171438f957 has no consensus state
W0721 23:22:31.288071 12389 catalog_manager.cc:2770] Failed to send alter table request: Not found: Failed to reset TS proxy: No leader found: Tablet 17945348ed4047618947c6171438f957 has no consensus state
I0721 23:22:31.288785 13032 tablet.cc:824] T 67b0e5f3081d4c34be5dac68a0b10025 Alter schema from Schema [ 0:key[int32 NOT NULL], 8:c659[int32 NOT NULL], 15:c758[int32 NOT NULL] ] version 11 to Schema [ 0:key[int32 NOT NULL], 8:c659[int32 NOT NULL], 18:c366[int32 NOT NULL], 19:c879[int32 NULLABLE], 20:c587[int32 NOT NULL] ] version 12
I0721 23:22:31.288841 13032 tablet.cc:772] T 67b0e5f3081d4c34be5dac68a0b10025 Flush: entering stage 1 (old memrowset already frozen for inserts)
I0721 23:22:31.288847 13032 compaction.cc:588] Selected 1 rowsets to compact:
I0721 23:22:31.288851 13032 compaction.cc:591] memrowset(current size on disk: ~0 bytes)
I0721 23:22:31.288867 13032 tablet.cc:774] T 67b0e5f3081d4c34be5dac68a0b10025 Memstore in-memory size: 763 bytes
I0721 23:22:31.288873 13032 tablet.cc:1238] T 67b0e5f3081d4c34be5dac68a0b10025 Flush: entering phase 1 (flushing snapshot). Phase 1 snapshot: MvccSnapshot[committed={T|T < 6017611166876676096}]
I0721 23:22:31.288943 13032 multi_column_writer.cc:85] Opened CFile writer for column key[int32 NOT NULL]
I0721 23:22:31.288964 13032 multi_column_writer.cc:85] Opened CFile writer for column c659[int32 NOT NULL]
I0721 23:22:31.288987 13032 multi_column_writer.cc:85] Opened CFile writer for column c366[int32 NOT NULL]
I0721 23:22:31.289007 13032 multi_column_writer.cc:85] Opened CFile writer for column c879[int32 NULLABLE]
I0721 23:22:31.289024 13032 multi_column_writer.cc:85] Opened CFile writer for column c587[int32 NOT NULL]
I0721 23:22:31.289279 13034 tablet.cc:824] T 108436043bbd40508e5ab0de98130fd0 Alter schema from Schema [ 0:key[int32 NOT NULL], 8:c659[int32 NOT NULL], 15:c758[int32 NOT NULL] ] version 11 to Schema [ 0:key[int32 NOT NULL], 8:c659[int32 NOT NULL], 18:c366[int32 NOT NULL], 19:c879[int32 NULLABLE], 20:c587[int32 NOT NULL] ] version 12
I0721 23:22:31.289309 13034 tablet.cc:772] T 108436043bbd40508e5ab0de98130fd0 Flush: entering stage 1 (old memrowset already frozen for inserts)
I0721 23:22:31.289314 13034 compaction.cc:588] Selected 1 rowsets to compact:
I0721 23:22:31.289316 13034 compaction.cc:591] memrowset(current size on disk: ~0 bytes)
I0721 23:22:31.289319 13034 tablet.cc:774] T 108436043bbd40508e5ab0de98130fd0 Memstore in-memory size: 763 bytes
I0721 23:22:31.289324 13034 tablet.cc:1238] T 108436043bbd40508e5ab0de98130fd0 Flush: entering phase 1 (flushing snapshot). Phase 1 snapshot: MvccSnapshot[committed={T|T < 6017611166879129600}]
I0721 23:22:31.289369 13034 multi_column_writer.cc:85] Opened CFile writer for column key[int32 NOT NULL]
I0721 23:22:31.289388 13034 multi_column_writer.cc:85] Opened CFile writer for column c659[int32 NOT NULL]
I0721 23:22:31.289405 13034 multi_column_writer.cc:85] Opened CFile writer for column c366[int32 NOT NULL]
I0721 23:22:31.289419 13032 tablet.cc:1318] T 67b0e5f3081d4c34be5dac68a0b10025 Flush: entering phase 2 (starting to duplicate updates in new rowsets)
I0721 23:22:31.289453 13032 tablet.cc:1373] T 67b0e5f3081d4c34be5dac68a0b10025 Flush Phase 2: carrying over any updates which arrived during Phase 1
I0721 23:22:31.289460 13032 tablet.cc:1375] T 67b0e5f3081d4c34be5dac68a0b10025 Phase 2 snapshot: MvccSnapshot[committed={T|T < 6017611166876676096}]
I0721 23:22:31.289423 13034 multi_column_writer.cc:85] Opened CFile writer for column c879[int32 NULLABLE]
I0721 23:22:31.289700 13034 multi_column_writer.cc:85] Opened CFile writer for column c587[int32 NOT NULL]
I0721 23:22:31.289979 13032 tablet.cc:1416] T 67b0e5f3081d4c34be5dac68a0b10025 Flush successful on 4 rows (4434 bytes)
I0721 23:22:31.290377 13034 tablet.cc:1318] T 108436043bbd40508e5ab0de98130fd0 Flush: entering phase 2 (starting to duplicate updates in new rowsets)
I0721 23:22:31.290400 13034 tablet.cc:1373] T 108436043bbd40508e5ab0de98130fd0 Flush Phase 2: carrying over any updates which arrived during Phase 1
I0721 23:22:31.290407 13034 tablet.cc:1375] T 108436043bbd40508e5ab0de98130fd0 Phase 2 snapshot: MvccSnapshot[committed={T|T < 6017611166879129600}]
I0721 23:22:31.291029 13024 tablet.cc:824] T 5dd0e72041574e04a29b049aff2b2a01 Alter schema from Schema [ 0:key[int32 NOT NULL], 8:c659[int32 NOT NULL], 15:c758[int32 NOT NULL] ] version 11 to Schema [ 0:key[int32 NOT NULL], 8:c659[int32 NOT NULL], 18:c366[int32 NOT NULL], 19:c879[int32 NULLABLE], 20:c587[int32 NOT NULL] ] version 12
I0721 23:22:31.291075 13024 tablet.cc:772] T 5dd0e72041574e04a29b049aff2b2a01 Flush: entering stage 1 (old memrowset already frozen for inserts)
I0721 23:22:31.291081 13024 compaction.cc:588] Selected 1 rowsets to compact:
I0721 23:22:31.291085 13024 compaction.cc:591] memrowset(current size on disk: ~0 bytes)
I0721 23:22:31.291088 13024 tablet.cc:774] T 5dd0e72041574e04a29b049aff2b2a01 Memstore in-memory size: 763 bytes
I0721 23:22:31.291093 13024 tablet.cc:1238] T 5dd0e72041574e04a29b049aff2b2a01 Flush: entering phase 1 (flushing snapshot). Phase 1 snapshot: MvccSnapshot[committed={T|T < 6017611166885617664}]
I0721 23:22:31.291144 13024 multi_column_writer.cc:85] Opened CFile writer for column key[int32 NOT NULL]
I0721 23:22:31.291177 13024 multi_column_writer.cc:85] Opened CFile writer for column c659[int32 NOT NULL]
I0721 23:22:31.291194 13024 multi_column_writer.cc:85] Opened CFile writer for column c366[int32 NOT NULL]
I0721 23:22:31.291259 13024 multi_column_writer.cc:85] Opened CFile writer for column c879[int32 NULLABLE]
I0721 23:22:31.291275 13024 multi_column_writer.cc:85] Opened CFile writer for column c587[int32 NOT NULL]
I0721 23:22:31.291517 13034 tablet.cc:1416] T 108436043bbd40508e5ab0de98130fd0 Flush successful on 4 rows (4434 bytes)
I0721 23:22:31.291880 13024 tablet.cc:1318] T 5dd0e72041574e04a29b049aff2b2a01 Flush: entering phase 2 (starting to duplicate updates in new rowsets)
I0721 23:22:31.291918 13024 tablet.cc:1373] T 5dd0e72041574e04a29b049aff2b2a01 Flush Phase 2: carrying over any updates which arrived during Phase 1
I0721 23:22:31.291935 13024 tablet.cc:1375] T 5dd0e72041574e04a29b049aff2b2a01 Phase 2 snapshot: MvccSnapshot[committed={T|T < 6017611166885617664}]
I0721 23:22:31.292048 13038 tablet.cc:824] T 67b0e5f3081d4c34be5dac68a0b10025 Alter schema from Schema [ 0:key[int32 NOT NULL], 8:c659[int32 NOT NULL], 15:c758[int32 NOT NULL] ] version 11 to Schema [ 0:key[int32 NOT NULL], 8:c659[int32 NOT NULL], 18:c366[int32 NOT NULL], 19:c879[int32 NULLABLE], 20:c587[int32 NOT NULL] ] version 12
I0721 23:22:31.292094 13038 tablet.cc:772] T 67b0e5f3081d4c34be5dac68a0b10025 Flush: entering stage 1 (old memrowset already frozen for inserts)
I0721 23:22:31.292101 13038 compaction.cc:588] Selected 1 rowsets to compact:
I0721 23:22:31.292105 13038 compaction.cc:591] memrowset(current size on disk: ~0 bytes)
I0721 23:22:31.292109 13038 tablet.cc:774] T 67b0e5f3081d4c34be5dac68a0b10025 Memstore in-memory size: 763 bytes
I0721 23:22:31.292114 13038 tablet.cc:1238] T 67b0e5f3081d4c34be5dac68a0b10025 Flush: entering phase 1 (flushing snapshot). Phase 1 snapshot: MvccSnapshot[committed={T|T < 6017611166876676096}]
I0721 23:22:31.292521 12993 tablet.cc:824] T 5dd0e72041574e04a29b049aff2b2a01 Alter schema from Schema [ 0:key[int32 NOT NULL], 8:c659[int32 NOT NULL], 15:c758[int32 NOT NULL] ] version 11 to Schema [ 0:key[int32 NOT NULL], 8:c659[int32 NOT NULL], 18:c366[int32 NOT NULL], 19:c879[int32 NULLABLE], 20:c587[int32 NOT NULL] ] version 12
I0721 23:22:31.292569 12993 tablet.cc:772] T 5dd0e72041574e04a29b049aff2b2a01 Flush: entering stage 1 (old memrowset already frozen for inserts)
I0721 23:22:31.292575 12993 compaction.cc:588] Selected 1 rowsets to compact:
I0721 23:22:31.292578 12993 compaction.cc:591] memrowset(current size on disk: ~0 bytes)
I0721 23:22:31.292582 12993 tablet.cc:774] T 5dd0e72041574e04a29b049aff2b2a01 Memstore in-memory size: 763 bytes
I0721 23:22:31.292587 12993 tablet.cc:1238] T 5dd0e72041574e04a29b049aff2b2a01 Flush: entering phase 1 (flushing snapshot). Phase 1 snapshot: MvccSnapshot[committed={T|T < 6017611166885617664}]
I0721 23:22:31.292642 12993 multi_column_writer.cc:85] Opened CFile writer for column key[int32 NOT NULL]
I0721 23:22:31.292664 12993 multi_column_writer.cc:85] Opened CFile writer for column c659[int32 NOT NULL]
I0721 23:22:31.292680 12993 multi_column_writer.cc:85] Opened CFile writer for column c366[int32 NOT NULL]
I0721 23:22:31.292709 12993 multi_column_writer.cc:85] Opened CFile writer for column c879[int32 NULLABLE]
I0721 23:22:31.292738 12993 multi_column_writer.cc:85] Opened CFile writer for column c587[int32 NOT NULL]
I0721 23:22:31.292881 13040 tablet.cc:824] T 5dd0e72041574e04a29b049aff2b2a01 Alter schema from Schema [ 0:key[int32 NOT NULL], 8:c659[int32 NOT NULL], 15:c758[int32 NOT NULL] ] version 11 to Schema [ 0:key[int32 NOT NULL], 8:c659[int32 NOT NULL], 18:c366[int32 NOT NULL], 19:c879[int32 NULLABLE], 20:c587[int32 NOT NULL] ] version 12
I0721 23:22:31.292927 13040 tablet.cc:772] T 5dd0e72041574e04a29b049aff2b2a01 Flush: entering stage 1 (old memrowset already frozen for inserts)
I0721 23:22:31.292933 13040 compaction.cc:588] Selected 1 rowsets to compact:
I0721 23:22:31.292937 13040 compaction.cc:591] memrowset(current size on disk: ~0 bytes)
I0721 23:22:31.292940 13040 tablet.cc:774] T 5dd0e72041574e04a29b049aff2b2a01 Memstore in-memory size: 763 bytes
I0721 23:22:31.292945 13040 tablet.cc:1238] T 5dd0e72041574e04a29b049aff2b2a01 Flush: entering phase 1 (flushing snapshot). Phase 1 snapshot: MvccSnapshot[committed={T|T < 6017611166885617664}]
I0721 23:22:31.293143 13024 tablet.cc:1416] T 5dd0e72041574e04a29b049aff2b2a01 Flush successful on 2 rows (4402 bytes)
I0721 23:22:31.293262 12993 tablet.cc:1318] T 5dd0e72041574e04a29b049aff2b2a01 Flush: entering phase 2 (starting to duplicate updates in new rowsets)
I0721 23:22:31.293279 12993 tablet.cc:1373] T 5dd0e72041574e04a29b049aff2b2a01 Flush Phase 2: carrying over any updates which arrived during Phase 1
