I0720 00:35:48.495077 12567 ts_tablet_manager.cc:631] T c1349da600fe445bbe151b00a41a4e3c P 3b2a62766e5449f9ae2697a9113d09fb: Bootstrapping tablet
W0720 00:35:48.495105 12021 catalog_manager.cc:2770] Failed to send alter table request: Not found: Failed to reset TS proxy: No leader found: Tablet f6e9db4a1f1644b4a3b1935d19395232 consensus state has no leader
I0720 00:35:48.495426 12567 tablet_bootstrap.cc:400] T c1349da600fe445bbe151b00a41a4e3c P 3b2a62766e5449f9ae2697a9113d09fb: Bootstrap starting.
I0720 00:35:48.496300 12567 tablet_bootstrap.cc:563] T c1349da600fe445bbe151b00a41a4e3c P 3b2a62766e5449f9ae2697a9113d09fb: Time spent opening tablet: real 0.000s user 0.000s sys 0.000s
I0720 00:35:48.496407 12021 catalog_manager.cc:1856] TS 3b2a62766e5449f9ae2697a9113d09fb does not have the latest schema for tablet 3941d911c89d427eacd1d70afe9fb986 (table test-table [id=2a30b8d6c8764cdc9573a60ac5f96269]). Expected version 11 got 0
I0720 00:35:48.496467 12567 tablet_bootstrap.cc:503] T c1349da600fe445bbe151b00a41a4e3c P 3b2a62766e5449f9ae2697a9113d09fb: No blocks or log segments found. Creating new log.
I0720 00:35:48.497508 12565 ts_tablet_manager.cc:663] T 3941d911c89d427eacd1d70afe9fb986 P bcc77f1560a949c6b130d6b3c67653be: Time spent starting tablet: real 0.012s user 0.000s sys 0.000s
I0720 00:35:48.497607 12565 ts_tablet_manager.cc:631] T f6e9db4a1f1644b4a3b1935d19395232 P bcc77f1560a949c6b130d6b3c67653be: Bootstrapping tablet
I0720 00:35:48.497778 12567 tablet_bootstrap.cc:400] T c1349da600fe445bbe151b00a41a4e3c P 3b2a62766e5449f9ae2697a9113d09fb: No bootstrap required, opened a new log
I0720 00:35:48.497835 12567 ts_tablet_manager.cc:636] T c1349da600fe445bbe151b00a41a4e3c P 3b2a62766e5449f9ae2697a9113d09fb: Time spent bootstrapping tablet: real 0.003s user 0.004s sys 0.000s
I0720 00:35:48.497858 12565 tablet_bootstrap.cc:400] T f6e9db4a1f1644b4a3b1935d19395232 P bcc77f1560a949c6b130d6b3c67653be: Bootstrap starting.
I0720 00:35:48.498311 12565 tablet_bootstrap.cc:563] T f6e9db4a1f1644b4a3b1935d19395232 P bcc77f1560a949c6b130d6b3c67653be: Time spent opening tablet: real 0.000s user 0.000s sys 0.000s
I0720 00:35:48.498443 12565 tablet_bootstrap.cc:503] T f6e9db4a1f1644b4a3b1935d19395232 P bcc77f1560a949c6b130d6b3c67653be: No blocks or log segments found. Creating new log.
W0720 00:35:48.498512 12021 catalog_manager.cc:2160] Unable to reset TS proxy: Not found: No leader found: Tablet 3941d911c89d427eacd1d70afe9fb986 consensus state has no leader
W0720 00:35:48.498558 12021 catalog_manager.cc:2770] Failed to send alter table request: Not found: Failed to reset TS proxy: No leader found: Tablet 3941d911c89d427eacd1d70afe9fb986 consensus state has no leader
I0720 00:35:48.498908 12567 raft_consensus.cc:269] T c1349da600fe445bbe151b00a41a4e3c P 3b2a62766e5449f9ae2697a9113d09fb [term 0 FOLLOWER]: Replica starting. Triggering 0 pending transactions. Active config: opid_index: -1 peers { permanent_uuid: "ee4ffccf9eb5471297e208d202495ffe" member_type: VOTER last_known_addr { host: "127.42.236.1" port: 57816 } } peers { permanent_uuid: "3b2a62766e5449f9ae2697a9113d09fb" member_type: VOTER last_known_addr { host: "127.42.236.2" port: 60090 } } peers { permanent_uuid: "bcc77f1560a949c6b130d6b3c67653be" member_type: VOTER last_known_addr { host: "127.42.236.0" port: 42768 } }
I0720 00:35:48.498972 12567 raft_consensus.cc:301] T c1349da600fe445bbe151b00a41a4e3c P 3b2a62766e5449f9ae2697a9113d09fb [term 0 FOLLOWER]: Consensus starting up: Expiring failure detector timer to make a prompt election more likely
I0720 00:35:48.499019 12567 raft_consensus.cc:499] T c1349da600fe445bbe151b00a41a4e3c P 3b2a62766e5449f9ae2697a9113d09fb [term 0 FOLLOWER]: Becoming Follower/Learner. State: Replica: 3b2a62766e5449f9ae2697a9113d09fb, State: 1, Role: FOLLOWER Watermarks: {Received: term: 0 index: 0 Committed: term: 0 index: 0}
I0720 00:35:48.499074 12567 consensus_queue.cc:162] T c1349da600fe445bbe151b00a41a4e3c P 3b2a62766e5449f9ae2697a9113d09fb [NON_LEADER]: Queue going to NON_LEADER mode. State: All replicated op: 0.0, Majority replicated op: 0.0, Committed index: 0.0, Last appended: 0.0, Current term: 0, Majority size: -1, State: 1, Mode: NON_LEADER
I0720 00:35:48.500360 12567 ts_tablet_manager.cc:663] T c1349da600fe445bbe151b00a41a4e3c P 3b2a62766e5449f9ae2697a9113d09fb: Time spent starting tablet: real 0.003s user 0.000s sys 0.000s
I0720 00:35:48.500475 12565 tablet_bootstrap.cc:400] T f6e9db4a1f1644b4a3b1935d19395232 P bcc77f1560a949c6b130d6b3c67653be: No bootstrap required, opened a new log
I0720 00:35:48.500533 12565 ts_tablet_manager.cc:636] T f6e9db4a1f1644b4a3b1935d19395232 P bcc77f1560a949c6b130d6b3c67653be: Time spent bootstrapping tablet: real 0.003s user 0.004s sys 0.000s
I0720 00:35:48.500892 12022 catalog_manager.cc:1856] TS bcc77f1560a949c6b130d6b3c67653be does not have the latest schema for tablet 8e2841309b884bd8a36f7ef18615d201 (table test-table [id=2a30b8d6c8764cdc9573a60ac5f96269]). Expected version 11 got 0
I0720 00:35:48.501384 12565 raft_consensus.cc:269] T f6e9db4a1f1644b4a3b1935d19395232 P bcc77f1560a949c6b130d6b3c67653be [term 0 FOLLOWER]: Replica starting. Triggering 0 pending transactions. Active config: opid_index: -1 peers { permanent_uuid: "3b2a62766e5449f9ae2697a9113d09fb" member_type: VOTER last_known_addr { host: "127.42.236.2" port: 60090 } } peers { permanent_uuid: "ee4ffccf9eb5471297e208d202495ffe" member_type: VOTER last_known_addr { host: "127.42.236.1" port: 57816 } } peers { permanent_uuid: "bcc77f1560a949c6b130d6b3c67653be" member_type: VOTER last_known_addr { host: "127.42.236.0" port: 42768 } }
I0720 00:35:48.501446 12565 raft_consensus.cc:301] T f6e9db4a1f1644b4a3b1935d19395232 P bcc77f1560a949c6b130d6b3c67653be [term 0 FOLLOWER]: Consensus starting up: Expiring failure detector timer to make a prompt election more likely
I0720 00:35:48.501500 12565 raft_consensus.cc:499] T f6e9db4a1f1644b4a3b1935d19395232 P bcc77f1560a949c6b130d6b3c67653be [term 0 FOLLOWER]: Becoming Follower/Learner. State: Replica: bcc77f1560a949c6b130d6b3c67653be, State: 1, Role: FOLLOWER Watermarks: {Received: term: 0 index: 0 Committed: term: 0 index: 0}
I0720 00:35:48.501557 12565 consensus_queue.cc:162] T f6e9db4a1f1644b4a3b1935d19395232 P bcc77f1560a949c6b130d6b3c67653be [NON_LEADER]: Queue going to NON_LEADER mode. State: All replicated op: 0.0, Majority replicated op: 0.0, Committed index: 0.0, Last appended: 0.0, Current term: 0, Majority size: -1, State: 1, Mode: NON_LEADER
I0720 00:35:48.501979 12021 catalog_manager.cc:1856] TS 3b2a62766e5449f9ae2697a9113d09fb does not have the latest schema for tablet c1349da600fe445bbe151b00a41a4e3c (table test-table [id=2a30b8d6c8764cdc9573a60ac5f96269]). Expected version 11 got 0
I0720 00:35:48.502456 12365 tablet.cc:824] T 8e2841309b884bd8a36f7ef18615d201 Alter schema from Schema [ 10:key[int32 NOT NULL] ] version 0 to Schema [ 10:key[int32 NOT NULL] ] version 11
I0720 00:35:48.502534 12565 ts_tablet_manager.cc:663] T f6e9db4a1f1644b4a3b1935d19395232 P bcc77f1560a949c6b130d6b3c67653be: Time spent starting tablet: real 0.002s user 0.000s sys 0.000s
W0720 00:35:48.503661 12021 catalog_manager.cc:2160] Unable to reset TS proxy: Not found: No leader found: Tablet c1349da600fe445bbe151b00a41a4e3c consensus state has no leader
W0720 00:35:48.503695 12021 catalog_manager.cc:2770] Failed to send alter table request: Not found: Failed to reset TS proxy: No leader found: Tablet c1349da600fe445bbe151b00a41a4e3c consensus state has no leader
I0720 00:35:48.503840 12021 catalog_manager.cc:1856] TS 3b2a62766e5449f9ae2697a9113d09fb does not have the latest schema for tablet 3941d911c89d427eacd1d70afe9fb986 (table test-table [id=2a30b8d6c8764cdc9573a60ac5f96269]). Expected version 11 got 0
I0720 00:35:48.504972 12022 catalog_manager.cc:1856] TS bcc77f1560a949c6b130d6b3c67653be does not have the latest schema for tablet f6e9db4a1f1644b4a3b1935d19395232 (table test-table [id=2a30b8d6c8764cdc9573a60ac5f96269]). Expected version 11 got 0
W0720 00:35:48.505708 12021 catalog_manager.cc:2160] Unable to reset TS proxy: Not found: No leader found: Tablet 3941d911c89d427eacd1d70afe9fb986 consensus state has no leader
W0720 00:35:48.505739 12021 catalog_manager.cc:2770] Failed to send alter table request: Not found: Failed to reset TS proxy: No leader found: Tablet 3941d911c89d427eacd1d70afe9fb986 consensus state has no leader
W0720 00:35:48.506382 12022 catalog_manager.cc:2160] Unable to reset TS proxy: Not found: No leader found: Tablet f6e9db4a1f1644b4a3b1935d19395232 consensus state has no leader
W0720 00:35:48.506427 12022 catalog_manager.cc:2770] Failed to send alter table request: Not found: Failed to reset TS proxy: No leader found: Tablet f6e9db4a1f1644b4a3b1935d19395232 consensus state has no leader
I0720 00:35:48.506613 12022 catalog_manager.cc:1856] TS bcc77f1560a949c6b130d6b3c67653be does not have the latest schema for tablet 3941d911c89d427eacd1d70afe9fb986 (table test-table [id=2a30b8d6c8764cdc9573a60ac5f96269]). Expected version 11 got 0
I0720 00:35:48.506975 12023 catalog_manager.cc:1856] TS 3b2a62766e5449f9ae2697a9113d09fb does not have the latest schema for tablet c1349da600fe445bbe151b00a41a4e3c (table test-table [id=2a30b8d6c8764cdc9573a60ac5f96269]). Expected version 11 got 0
W0720 00:35:48.508384 12022 catalog_manager.cc:2160] Unable to reset TS proxy: Not found: No leader found: Tablet 3941d911c89d427eacd1d70afe9fb986 consensus state has no leader
W0720 00:35:48.508424 12022 catalog_manager.cc:2770] Failed to send alter table request: Not found: Failed to reset TS proxy: No leader found: Tablet 3941d911c89d427eacd1d70afe9fb986 consensus state has no leader
W0720 00:35:48.508435 12023 catalog_manager.cc:2160] Unable to reset TS proxy: Not found: No leader found: Tablet c1349da600fe445bbe151b00a41a4e3c consensus state has no leader
W0720 00:35:48.508458 12023 catalog_manager.cc:2770] Failed to send alter table request: Not found: Failed to reset TS proxy: No leader found: Tablet c1349da600fe445bbe151b00a41a4e3c consensus state has no leader
W0720 00:35:48.561970 10988 table-internal.cc:136] Error getting table locations: Service unavailable: Tablet not running, retrying.
W0720 00:35:48.663344 10988 table-internal.cc:136] Error getting table locations: Service unavailable: Tablet not running, retrying.
I0720 00:35:48.685459 12611 raft_consensus.cc:370] T 3941d911c89d427eacd1d70afe9fb986 P 3b2a62766e5449f9ae2697a9113d09fb [term 0 FOLLOWER]: No leader contacted us within the election timeout. Triggering leader election
I0720 00:35:48.685488 12611 raft_consensus.cc:2019] T 3941d911c89d427eacd1d70afe9fb986 P 3b2a62766e5449f9ae2697a9113d09fb [term 0 FOLLOWER]: Advancing to term 1
I0720 00:35:48.686025 12611 raft_consensus.cc:1970] T 3941d911c89d427eacd1d70afe9fb986 P 3b2a62766e5449f9ae2697a9113d09fb [term 1 FOLLOWER]: Snoozing failure detection for election timeout plus an additional 1.635s
I0720 00:35:48.686077 12611 raft_consensus.cc:386] T 3941d911c89d427eacd1d70afe9fb986 P 3b2a62766e5449f9ae2697a9113d09fb [term 1 FOLLOWER]: Starting election with config: opid_index: -1 peers { permanent_uuid: "ee4ffccf9eb5471297e208d202495ffe" member_type: VOTER last_known_addr { host: "127.42.236.1" port: 57816 } } peers { permanent_uuid: "3b2a62766e5449f9ae2697a9113d09fb" member_type: VOTER last_known_addr { host: "127.42.236.2" port: 60090 } } peers { permanent_uuid: "bcc77f1560a949c6b130d6b3c67653be" member_type: VOTER last_known_addr { host: "127.42.236.0" port: 42768 } }
I0720 00:35:48.687085 12611 leader_election.cc:223] T 3941d911c89d427eacd1d70afe9fb986 P 3b2a62766e5449f9ae2697a9113d09fb [CANDIDATE]: Term 1 election: Requesting vote from peer ee4ffccf9eb5471297e208d202495ffe
I0720 00:35:48.687209 12611 leader_election.cc:223] T 3941d911c89d427eacd1d70afe9fb986 P 3b2a62766e5449f9ae2697a9113d09fb [CANDIDATE]: Term 1 election: Requesting vote from peer bcc77f1560a949c6b130d6b3c67653be
I0720 00:35:48.687676 12221 raft_consensus.cc:2019] T 3941d911c89d427eacd1d70afe9fb986 P ee4ffccf9eb5471297e208d202495ffe [term 0 FOLLOWER]: Advancing to term 1
I0720 00:35:48.687752 11943 raft_consensus.cc:2019] T 3941d911c89d427eacd1d70afe9fb986 P bcc77f1560a949c6b130d6b3c67653be [term 0 FOLLOWER]: Advancing to term 1
I0720 00:35:48.688153 12221 raft_consensus.cc:1970] T 3941d911c89d427eacd1d70afe9fb986 P ee4ffccf9eb5471297e208d202495ffe [term 1 FOLLOWER]: Snoozing failure detection for election timeout plus an additional 1.533s
I0720 00:35:48.688320 11943 raft_consensus.cc:1970] T 3941d911c89d427eacd1d70afe9fb986 P bcc77f1560a949c6b130d6b3c67653be [term 1 FOLLOWER]: Snoozing failure detection for election timeout plus an additional 1.606s
I0720 00:35:48.688755 12221 raft_consensus.cc:1677] T 3941d911c89d427eacd1d70afe9fb986 P ee4ffccf9eb5471297e208d202495ffe [term 1 FOLLOWER]: Leader election vote request: Granting yes vote for candidate 3b2a62766e5449f9ae2697a9113d09fb in term 1.
I0720 00:35:48.688760 11943 raft_consensus.cc:1677] T 3941d911c89d427eacd1d70afe9fb986 P bcc77f1560a949c6b130d6b3c67653be [term 1 FOLLOWER]: Leader election vote request: Granting yes vote for candidate 3b2a62766e5449f9ae2697a9113d09fb in term 1.
I0720 00:35:48.688971 11633 leader_election.cc:347] T 3941d911c89d427eacd1d70afe9fb986 P 3b2a62766e5449f9ae2697a9113d09fb [CANDIDATE]: Term 1 election: Vote granted by peer bcc77f1560a949c6b130d6b3c67653be
I0720 00:35:48.689007 11633 leader_election.cc:248] T 3941d911c89d427eacd1d70afe9fb986 P 3b2a62766e5449f9ae2697a9113d09fb [CANDIDATE]: Term 1 election: Election decided. Result: candidate won.
I0720 00:35:48.689028 11634 leader_election.cc:347] T 3941d911c89d427eacd1d70afe9fb986 P 3b2a62766e5449f9ae2697a9113d09fb [CANDIDATE]: Term 1 election: Vote granted by peer ee4ffccf9eb5471297e208d202495ffe
I0720 00:35:48.689188 12613 raft_consensus.cc:1970] T 3941d911c89d427eacd1d70afe9fb986 P 3b2a62766e5449f9ae2697a9113d09fb [term 1 FOLLOWER]: Snoozing failure detection for election timeout plus an additional 1.550s
I0720 00:35:48.689229 12613 raft_consensus.cc:1859] T 3941d911c89d427eacd1d70afe9fb986 P 3b2a62766e5449f9ae2697a9113d09fb [term 1 FOLLOWER]: Leader election won for term 1
I0720 00:35:48.689533 12613 raft_consensus.cc:464] T 3941d911c89d427eacd1d70afe9fb986 P 3b2a62766e5449f9ae2697a9113d09fb [term 1 LEADER]: Becoming Leader. State: Replica: 3b2a62766e5449f9ae2697a9113d09fb, State: 1, Role: LEADER Watermarks: {Received: term: 0 index: 0 Committed: term: 0 index: 0}
I0720 00:35:48.689617 12613 consensus_queue.cc:145] T 3941d911c89d427eacd1d70afe9fb986 P 3b2a62766e5449f9ae2697a9113d09fb [LEADER]: Queue going to LEADER mode. State: All replicated op: 0.0, Majority replicated op: 0.0, Committed index: 0.0, Last appended: 0.0, Current term: 1, Majority size: 2, State: 1, Mode: LEADER, active raft config: opid_index: -1 peers { permanent_uuid: "ee4ffccf9eb5471297e208d202495ffe" member_type: VOTER last_known_addr { host: "127.42.236.1" port: 57816 } } peers { permanent_uuid: "3b2a62766e5449f9ae2697a9113d09fb" member_type: VOTER last_known_addr { host: "127.42.236.2" port: 60090 } } peers { permanent_uuid: "bcc77f1560a949c6b130d6b3c67653be" member_type: VOTER last_known_addr { host: "127.42.236.0" port: 42768 } }
I0720 00:35:48.691066 12022 catalog_manager.cc:1856] TS 3b2a62766e5449f9ae2697a9113d09fb does not have the latest schema for tablet 3941d911c89d427eacd1d70afe9fb986 (table test-table [id=2a30b8d6c8764cdc9573a60ac5f96269]). Expected version 11 got 0
I0720 00:35:48.691153 12022 catalog_manager.cc:1957] Tablet: 3941d911c89d427eacd1d70afe9fb986 reported consensus state change. New consensus state: current_term: 1 leader_uuid: "3b2a62766e5449f9ae2697a9113d09fb" config { opid_index: -1 peers { permanent_uuid: "ee4ffccf9eb5471297e208d202495ffe" member_type: VOTER last_known_addr { host: "127.42.236.1" port: 57816 } } peers { permanent_uuid: "3b2a62766e5449f9ae2697a9113d09fb" member_type: VOTER last_known_addr { host: "127.42.236.2" port: 60090 } } peers { permanent_uuid: "bcc77f1560a949c6b130d6b3c67653be" member_type: VOTER last_known_addr { host: "127.42.236.0" port: 42768 } } }
I0720 00:35:48.704160 11943 raft_consensus.cc:869] T 3941d911c89d427eacd1d70afe9fb986 P bcc77f1560a949c6b130d6b3c67653be [term 1 FOLLOWER]: Refusing update from remote peer 3b2a62766e5449f9ae2697a9113d09fb: Log matching property violated. Preceding OpId in replica: term: 0 index: 0. Preceding OpId from leader: term: 1 index: 2. (index mismatch)
I0720 00:35:48.704170 12221 raft_consensus.cc:869] T 3941d911c89d427eacd1d70afe9fb986 P ee4ffccf9eb5471297e208d202495ffe [term 1 FOLLOWER]: Refusing update from remote peer 3b2a62766e5449f9ae2697a9113d09fb: Log matching property violated. Preceding OpId in replica: term: 0 index: 0. Preceding OpId from leader: term: 1 index: 2. (index mismatch)
I0720 00:35:48.704589 12613 consensus_queue.cc:578] T 3941d911c89d427eacd1d70afe9fb986 P 3b2a62766e5449f9ae2697a9113d09fb [LEADER]: Connected to new peer: Peer: bcc77f1560a949c6b130d6b3c67653be, Is new: false, Last received: 0.0, Next index: 1, Last known committed idx: 0, Last exchange result: ERROR, Needs remote bootstrap: false
I0720 00:35:48.704772 12613 consensus_queue.cc:578] T 3941d911c89d427eacd1d70afe9fb986 P 3b2a62766e5449f9ae2697a9113d09fb [LEADER]: Connected to new peer: Peer: ee4ffccf9eb5471297e208d202495ffe, Is new: false, Last received: 0.0, Next index: 1, Last known committed idx: 0, Last exchange result: ERROR, Needs remote bootstrap: false
I0720 00:35:48.712638 12022 catalog_manager.cc:1856] TS bcc77f1560a949c6b130d6b3c67653be does not have the latest schema for tablet 3941d911c89d427eacd1d70afe9fb986 (table test-table [id=2a30b8d6c8764cdc9573a60ac5f96269]). Expected version 11 got 0
I0720 00:35:48.713049 12368 tablet.cc:824] T 3941d911c89d427eacd1d70afe9fb986 Alter schema from Schema [ 10:key[int32 NOT NULL] ] version 0 to Schema [ 10:key[int32 NOT NULL] ] version 11
I0720 00:35:48.713341 12625 raft_consensus_state.cc:534] T 3941d911c89d427eacd1d70afe9fb986 P 3b2a62766e5449f9ae2697a9113d09fb [term 1 LEADER]: Advanced the committed_index across terms. Last committed operation was: term: 0 index: 0 New committed index is: term: 1 index: 2
I0720 00:35:48.717949 12023 catalog_manager.cc:1856] TS ee4ffccf9eb5471297e208d202495ffe does not have the latest schema for tablet 3941d911c89d427eacd1d70afe9fb986 (table test-table [id=2a30b8d6c8764cdc9573a60ac5f96269]). Expected version 11 got 0
I0720 00:35:48.718077 12366 tablet.cc:824] T 3941d911c89d427eacd1d70afe9fb986 Alter schema from Schema [ 10:key[int32 NOT NULL] ] version 0 to Schema [ 10:key[int32 NOT NULL] ] version 11
W0720 00:35:48.764416 10988 table-internal.cc:136] Error getting table locations: Service unavailable: Tablet not running, retrying.
I0720 00:35:48.833075 12606 raft_consensus.cc:370] T f6e9db4a1f1644b4a3b1935d19395232 P ee4ffccf9eb5471297e208d202495ffe [term 0 FOLLOWER]: No leader contacted us within the election timeout. Triggering leader election
I0720 00:35:48.833112 12606 raft_consensus.cc:2019] T f6e9db4a1f1644b4a3b1935d19395232 P ee4ffccf9eb5471297e208d202495ffe [term 0 FOLLOWER]: Advancing to term 1
I0720 00:35:48.833645 12606 raft_consensus.cc:1970] T f6e9db4a1f1644b4a3b1935d19395232 P ee4ffccf9eb5471297e208d202495ffe [term 1 FOLLOWER]: Snoozing failure detection for election timeout plus an additional 1.584s
I0720 00:35:48.833719 12606 raft_consensus.cc:386] T f6e9db4a1f1644b4a3b1935d19395232 P ee4ffccf9eb5471297e208d202495ffe [term 1 FOLLOWER]: Starting election with config: opid_index: -1 peers { permanent_uuid: "3b2a62766e5449f9ae2697a9113d09fb" member_type: VOTER last_known_addr { host: "127.42.236.2" port: 60090 } } peers { permanent_uuid: "ee4ffccf9eb5471297e208d202495ffe" member_type: VOTER last_known_addr { host: "127.42.236.1" port: 57816 } } peers { permanent_uuid: "bcc77f1560a949c6b130d6b3c67653be" member_type: VOTER last_known_addr { host: "127.42.236.0" port: 42768 } }
I0720 00:35:48.834450 12606 leader_election.cc:223] T f6e9db4a1f1644b4a3b1935d19395232 P ee4ffccf9eb5471297e208d202495ffe [CANDIDATE]: Term 1 election: Requesting vote from peer 3b2a62766e5449f9ae2697a9113d09fb
I0720 00:35:48.834554 12606 leader_election.cc:223] T f6e9db4a1f1644b4a3b1935d19395232 P ee4ffccf9eb5471297e208d202495ffe [CANDIDATE]: Term 1 election: Requesting vote from peer bcc77f1560a949c6b130d6b3c67653be
I0720 00:35:48.835098 11942 raft_consensus.cc:2019] T f6e9db4a1f1644b4a3b1935d19395232 P bcc77f1560a949c6b130d6b3c67653be [term 0 FOLLOWER]: Advancing to term 1
I0720 00:35:48.835109 11697 raft_consensus.cc:2019] T f6e9db4a1f1644b4a3b1935d19395232 P 3b2a62766e5449f9ae2697a9113d09fb [term 0 FOLLOWER]: Advancing to term 1
I0720 00:35:48.835672 11697 raft_consensus.cc:1970] T f6e9db4a1f1644b4a3b1935d19395232 P 3b2a62766e5449f9ae2697a9113d09fb [term 1 FOLLOWER]: Snoozing failure detection for election timeout plus an additional 1.505s
I0720 00:35:48.835755 11942 raft_consensus.cc:1970] T f6e9db4a1f1644b4a3b1935d19395232 P bcc77f1560a949c6b130d6b3c67653be [term 1 FOLLOWER]: Snoozing failure detection for election timeout plus an additional 1.541s
I0720 00:35:48.836185 11697 raft_consensus.cc:1677] T f6e9db4a1f1644b4a3b1935d19395232 P 3b2a62766e5449f9ae2697a9113d09fb [term 1 FOLLOWER]: Leader election vote request: Granting yes vote for candidate ee4ffccf9eb5471297e208d202495ffe in term 1.
I0720 00:35:48.836359 11942 raft_consensus.cc:1677] T f6e9db4a1f1644b4a3b1935d19395232 P bcc77f1560a949c6b130d6b3c67653be [term 1 FOLLOWER]: Leader election vote request: Granting yes vote for candidate ee4ffccf9eb5471297e208d202495ffe in term 1.
I0720 00:35:48.836493 12154 leader_election.cc:347] T f6e9db4a1f1644b4a3b1935d19395232 P ee4ffccf9eb5471297e208d202495ffe [CANDIDATE]: Term 1 election: Vote granted by peer 3b2a62766e5449f9ae2697a9113d09fb
I0720 00:35:48.836526 12154 leader_election.cc:248] T f6e9db4a1f1644b4a3b1935d19395232 P ee4ffccf9eb5471297e208d202495ffe [CANDIDATE]: Term 1 election: Election decided. Result: candidate won.
I0720 00:35:48.836607 12155 leader_election.cc:347] T f6e9db4a1f1644b4a3b1935d19395232 P ee4ffccf9eb5471297e208d202495ffe [CANDIDATE]: Term 1 election: Vote granted by peer bcc77f1560a949c6b130d6b3c67653be
I0720 00:35:48.836724 12608 raft_consensus.cc:1970] T f6e9db4a1f1644b4a3b1935d19395232 P ee4ffccf9eb5471297e208d202495ffe [term 1 FOLLOWER]: Snoozing failure detection for election timeout plus an additional 1.584s
I0720 00:35:48.836784 12608 raft_consensus.cc:1859] T f6e9db4a1f1644b4a3b1935d19395232 P ee4ffccf9eb5471297e208d202495ffe [term 1 FOLLOWER]: Leader election won for term 1
I0720 00:35:48.837110 12608 raft_consensus.cc:464] T f6e9db4a1f1644b4a3b1935d19395232 P ee4ffccf9eb5471297e208d202495ffe [term 1 LEADER]: Becoming Leader. State: Replica: ee4ffccf9eb5471297e208d202495ffe, State: 1, Role: LEADER Watermarks: {Received: term: 0 index: 0 Committed: term: 0 index: 0}
I0720 00:35:48.837214 12608 consensus_queue.cc:145] T f6e9db4a1f1644b4a3b1935d19395232 P ee4ffccf9eb5471297e208d202495ffe [LEADER]: Queue going to LEADER mode. State: All replicated op: 0.0, Majority replicated op: 0.0, Committed index: 0.0, Last appended: 0.0, Current term: 1, Majority size: 2, State: 1, Mode: LEADER, active raft config: opid_index: -1 peers { permanent_uuid: "3b2a62766e5449f9ae2697a9113d09fb" member_type: VOTER last_known_addr { host: "127.42.236.2" port: 60090 } } peers { permanent_uuid: "ee4ffccf9eb5471297e208d202495ffe" member_type: VOTER last_known_addr { host: "127.42.236.1" port: 57816 } } peers { permanent_uuid: "bcc77f1560a949c6b130d6b3c67653be" member_type: VOTER last_known_addr { host: "127.42.236.0" port: 42768 } }
I0720 00:35:48.838764 12023 catalog_manager.cc:1856] TS ee4ffccf9eb5471297e208d202495ffe does not have the latest schema for tablet f6e9db4a1f1644b4a3b1935d19395232 (table test-table [id=2a30b8d6c8764cdc9573a60ac5f96269]). Expected version 11 got 0
I0720 00:35:48.838873 12023 catalog_manager.cc:1957] Tablet: f6e9db4a1f1644b4a3b1935d19395232 reported consensus state change. New consensus state: current_term: 1 leader_uuid: "ee4ffccf9eb5471297e208d202495ffe" config { opid_index: -1 peers { permanent_uuid: "3b2a62766e5449f9ae2697a9113d09fb" member_type: VOTER last_known_addr { host: "127.42.236.2" port: 60090 } } peers { permanent_uuid: "ee4ffccf9eb5471297e208d202495ffe" member_type: VOTER last_known_addr { host: "127.42.236.1" port: 57816 } } peers { permanent_uuid: "bcc77f1560a949c6b130d6b3c67653be" member_type: VOTER last_known_addr { host: "127.42.236.0" port: 42768 } } }
I0720 00:35:48.842373 11697 raft_consensus.cc:869] T f6e9db4a1f1644b4a3b1935d19395232 P 3b2a62766e5449f9ae2697a9113d09fb [term 1 FOLLOWER]: Refusing update from remote peer ee4ffccf9eb5471297e208d202495ffe: Log matching property violated. Preceding OpId in replica: term: 0 index: 0. Preceding OpId from leader: term: 1 index: 2. (index mismatch)
I0720 00:35:48.842417 11942 raft_consensus.cc:869] T f6e9db4a1f1644b4a3b1935d19395232 P bcc77f1560a949c6b130d6b3c67653be [term 1 FOLLOWER]: Refusing update from remote peer ee4ffccf9eb5471297e208d202495ffe: Log matching property violated. Preceding OpId in replica: term: 0 index: 0. Preceding OpId from leader: term: 1 index: 2. (index mismatch)
I0720 00:35:48.842725 12629 consensus_queue.cc:578] T f6e9db4a1f1644b4a3b1935d19395232 P ee4ffccf9eb5471297e208d202495ffe [LEADER]: Connected to new peer: Peer: 3b2a62766e5449f9ae2697a9113d09fb, Is new: false, Last received: 0.0, Next index: 1, Last known committed idx: 0, Last exchange result: ERROR, Needs remote bootstrap: false
I0720 00:35:48.842825 12608 consensus_queue.cc:578] T f6e9db4a1f1644b4a3b1935d19395232 P ee4ffccf9eb5471297e208d202495ffe [LEADER]: Connected to new peer: Peer: bcc77f1560a949c6b130d6b3c67653be, Is new: false, Last received: 0.0, Next index: 1, Last known committed idx: 0, Last exchange result: ERROR, Needs remote bootstrap: false
I0720 00:35:48.844635 12023 catalog_manager.cc:1856] TS 3b2a62766e5449f9ae2697a9113d09fb does not have the latest schema for tablet f6e9db4a1f1644b4a3b1935d19395232 (table test-table [id=2a30b8d6c8764cdc9573a60ac5f96269]). Expected version 11 got 0
I0720 00:35:48.845139 12632 raft_consensus_state.cc:534] T f6e9db4a1f1644b4a3b1935d19395232 P ee4ffccf9eb5471297e208d202495ffe [term 1 LEADER]: Advanced the committed_index across terms. Last committed operation was: term: 0 index: 0 New committed index is: term: 1 index: 2
I0720 00:35:48.845212 12297 tablet.cc:824] T f6e9db4a1f1644b4a3b1935d19395232 Alter schema from Schema [ 10:key[int32 NOT NULL] ] version 0 to Schema [ 10:key[int32 NOT NULL] ] version 11
I0720 00:35:48.846654 12444 tablet.cc:824] T f6e9db4a1f1644b4a3b1935d19395232 Alter schema from Schema [ 10:key[int32 NOT NULL] ] version 0 to Schema [ 10:key[int32 NOT NULL] ] version 11
I0720 00:35:48.847126 12445 tablet.cc:824] T f6e9db4a1f1644b4a3b1935d19395232 Alter schema from Schema [ 10:key[int32 NOT NULL] ] version 0 to Schema [ 10:key[int32 NOT NULL] ] version 11
I0720 00:35:48.847784 12022 catalog_manager.cc:1856] TS bcc77f1560a949c6b130d6b3c67653be does not have the latest schema for tablet f6e9db4a1f1644b4a3b1935d19395232 (table test-table [id=2a30b8d6c8764cdc9573a60ac5f96269]). Expected version 11 got 0
W0720 00:35:48.865675 10988 table-internal.cc:136] Error getting table locations: Service unavailable: Tablet not running, retrying.
I0720 00:35:48.884634 12585 raft_consensus.cc:370] T c1349da600fe445bbe151b00a41a4e3c P bcc77f1560a949c6b130d6b3c67653be [term 0 FOLLOWER]: No leader contacted us within the election timeout. Triggering leader election
I0720 00:35:48.884671 12585 raft_consensus.cc:2019] T c1349da600fe445bbe151b00a41a4e3c P bcc77f1560a949c6b130d6b3c67653be [term 0 FOLLOWER]: Advancing to term 1
I0720 00:35:48.885087 12585 raft_consensus.cc:1970] T c1349da600fe445bbe151b00a41a4e3c P bcc77f1560a949c6b130d6b3c67653be [term 1 FOLLOWER]: Snoozing failure detection for election timeout plus an additional 1.627s
I0720 00:35:48.885134 12585 raft_consensus.cc:386] T c1349da600fe445bbe151b00a41a4e3c P bcc77f1560a949c6b130d6b3c67653be [term 1 FOLLOWER]: Starting election with config: opid_index: -1 peers { permanent_uuid: "ee4ffccf9eb5471297e208d202495ffe" member_type: VOTER last_known_addr { host: "127.42.236.1" port: 57816 } } peers { permanent_uuid: "3b2a62766e5449f9ae2697a9113d09fb" member_type: VOTER last_known_addr { host: "127.42.236.2" port: 60090 } } peers { permanent_uuid: "bcc77f1560a949c6b130d6b3c67653be" member_type: VOTER last_known_addr { host: "127.42.236.0" port: 42768 } }
I0720 00:35:48.885808 12585 leader_election.cc:223] T c1349da600fe445bbe151b00a41a4e3c P bcc77f1560a949c6b130d6b3c67653be [CANDIDATE]: Term 1 election: Requesting vote from peer ee4ffccf9eb5471297e208d202495ffe
I0720 00:35:48.885918 12585 leader_election.cc:223] T c1349da600fe445bbe151b00a41a4e3c P bcc77f1560a949c6b130d6b3c67653be [CANDIDATE]: Term 1 election: Requesting vote from peer 3b2a62766e5449f9ae2697a9113d09fb
I0720 00:35:48.886240 12221 raft_consensus.cc:2019] T c1349da600fe445bbe151b00a41a4e3c P ee4ffccf9eb5471297e208d202495ffe [term 0 FOLLOWER]: Advancing to term 1
I0720 00:35:48.886390 11697 raft_consensus.cc:2019] T c1349da600fe445bbe151b00a41a4e3c P 3b2a62766e5449f9ae2697a9113d09fb [term 0 FOLLOWER]: Advancing to term 1
I0720 00:35:48.886740 12221 raft_consensus.cc:1970] T c1349da600fe445bbe151b00a41a4e3c P ee4ffccf9eb5471297e208d202495ffe [term 1 FOLLOWER]: Snoozing failure detection for election timeout plus an additional 1.537s
I0720 00:35:48.886870 11697 raft_consensus.cc:1970] T c1349da600fe445bbe151b00a41a4e3c P 3b2a62766e5449f9ae2697a9113d09fb [term 1 FOLLOWER]: Snoozing failure detection for election timeout plus an additional 1.538s
I0720 00:35:48.887260 12221 raft_consensus.cc:1677] T c1349da600fe445bbe151b00a41a4e3c P ee4ffccf9eb5471297e208d202495ffe [term 1 FOLLOWER]: Leader election vote request: Granting yes vote for candidate bcc77f1560a949c6b130d6b3c67653be in term 1.
I0720 00:35:48.887298 11697 raft_consensus.cc:1677] T c1349da600fe445bbe151b00a41a4e3c P 3b2a62766e5449f9ae2697a9113d09fb [term 1 FOLLOWER]: Leader election vote request: Granting yes vote for candidate bcc77f1560a949c6b130d6b3c67653be in term 1.
I0720 00:35:48.887471 11878 leader_election.cc:347] T c1349da600fe445bbe151b00a41a4e3c P bcc77f1560a949c6b130d6b3c67653be [CANDIDATE]: Term 1 election: Vote granted by peer ee4ffccf9eb5471297e208d202495ffe
I0720 00:35:48.887537 11878 leader_election.cc:248] T c1349da600fe445bbe151b00a41a4e3c P bcc77f1560a949c6b130d6b3c67653be [CANDIDATE]: Term 1 election: Election decided. Result: candidate won.
I0720 00:35:48.887568 11876 leader_election.cc:347] T c1349da600fe445bbe151b00a41a4e3c P bcc77f1560a949c6b130d6b3c67653be [CANDIDATE]: Term 1 election: Vote granted by peer 3b2a62766e5449f9ae2697a9113d09fb
I0720 00:35:48.887694 12586 raft_consensus.cc:1970] T c1349da600fe445bbe151b00a41a4e3c P bcc77f1560a949c6b130d6b3c67653be [term 1 FOLLOWER]: Snoozing failure detection for election timeout plus an additional 1.510s
I0720 00:35:48.887723 12586 raft_consensus.cc:1859] T c1349da600fe445bbe151b00a41a4e3c P bcc77f1560a949c6b130d6b3c67653be [term 1 FOLLOWER]: Leader election won for term 1
I0720 00:35:48.888041 12586 raft_consensus.cc:464] T c1349da600fe445bbe151b00a41a4e3c P bcc77f1560a949c6b130d6b3c67653be [term 1 LEADER]: Becoming Leader. State: Replica: bcc77f1560a949c6b130d6b3c67653be, State: 1, Role: LEADER Watermarks: {Received: term: 0 index: 0 Committed: term: 0 index: 0}
I0720 00:35:48.888128 12586 consensus_queue.cc:145] T c1349da600fe445bbe151b00a41a4e3c P bcc77f1560a949c6b130d6b3c67653be [LEADER]: Queue going to LEADER mode. State: All replicated op: 0.0, Majority replicated op: 0.0, Committed index: 0.0, Last appended: 0.0, Current term: 1, Majority size: 2, State: 1, Mode: LEADER, active raft config: opid_index: -1 peers { permanent_uuid: "ee4ffccf9eb5471297e208d202495ffe" member_type: VOTER last_known_addr { host: "127.42.236.1" port: 57816 } } peers { permanent_uuid: "3b2a62766e5449f9ae2697a9113d09fb" member_type: VOTER last_known_addr { host: "127.42.236.2" port: 60090 } } peers { permanent_uuid: "bcc77f1560a949c6b130d6b3c67653be" member_type: VOTER last_known_addr { host: "127.42.236.0" port: 42768 } }
I0720 00:35:48.889360 12023 catalog_manager.cc:1856] TS bcc77f1560a949c6b130d6b3c67653be does not have the latest schema for tablet c1349da600fe445bbe151b00a41a4e3c (table test-table [id=2a30b8d6c8764cdc9573a60ac5f96269]). Expected version 11 got 0
I0720 00:35:48.889453 12023 catalog_manager.cc:1957] Tablet: c1349da600fe445bbe151b00a41a4e3c reported consensus state change. New consensus state: current_term: 1 leader_uuid: "bcc77f1560a949c6b130d6b3c67653be" config { opid_index: -1 peers { permanent_uuid: "ee4ffccf9eb5471297e208d202495ffe" member_type: VOTER last_known_addr { host: "127.42.236.1" port: 57816 } } peers { permanent_uuid: "3b2a62766e5449f9ae2697a9113d09fb" member_type: VOTER last_known_addr { host: "127.42.236.2" port: 60090 } } peers { permanent_uuid: "bcc77f1560a949c6b130d6b3c67653be" member_type: VOTER last_known_addr { host: "127.42.236.0" port: 42768 } } }
W0720 00:35:48.890113 12639 raft_consensus_state.cc:541] T c1349da600fe445bbe151b00a41a4e3c P bcc77f1560a949c6b130d6b3c67653be [term 1 LEADER]: Can't advance the committed index across term boundaries until operations from the current term are replicated. Last committed operation was: term: 0 index: 0, New majority replicated is: term: 0 index: 0, Current term is: 1
I0720 00:35:48.892827 11697 raft_consensus.cc:869] T c1349da600fe445bbe151b00a41a4e3c P 3b2a62766e5449f9ae2697a9113d09fb [term 1 FOLLOWER]: Refusing update from remote peer bcc77f1560a949c6b130d6b3c67653be: Log matching property violated. Preceding OpId in replica: term: 0 index: 0. Preceding OpId from leader: term: 1 index: 2. (index mismatch)
I0720 00:35:48.892953 12221 raft_consensus.cc:869] T c1349da600fe445bbe151b00a41a4e3c P ee4ffccf9eb5471297e208d202495ffe [term 1 FOLLOWER]: Refusing update from remote peer bcc77f1560a949c6b130d6b3c67653be: Log matching property violated. Preceding OpId in replica: term: 0 index: 0. Preceding OpId from leader: term: 1 index: 2. (index mismatch)
I0720 00:35:48.893170 12636 consensus_queue.cc:578] T c1349da600fe445bbe151b00a41a4e3c P bcc77f1560a949c6b130d6b3c67653be [LEADER]: Connected to new peer: Peer: 3b2a62766e5449f9ae2697a9113d09fb, Is new: false, Last received: 0.0, Next index: 1, Last known committed idx: 0, Last exchange result: ERROR, Needs remote bootstrap: false
I0720 00:35:48.893278 12586 consensus_queue.cc:578] T c1349da600fe445bbe151b00a41a4e3c P bcc77f1560a949c6b130d6b3c67653be [LEADER]: Connected to new peer: Peer: ee4ffccf9eb5471297e208d202495ffe, Is new: false, Last received: 0.0, Next index: 1, Last known committed idx: 0, Last exchange result: ERROR, Needs remote bootstrap: false
I0720 00:35:48.895241 12022 catalog_manager.cc:1856] TS 3b2a62766e5449f9ae2697a9113d09fb does not have the latest schema for tablet c1349da600fe445bbe151b00a41a4e3c (table test-table [id=2a30b8d6c8764cdc9573a60ac5f96269]). Expected version 11 got 0
I0720 00:35:48.895464 12639 raft_consensus_state.cc:534] T c1349da600fe445bbe151b00a41a4e3c P bcc77f1560a949c6b130d6b3c67653be [term 1 LEADER]: Advanced the committed_index across terms. Last committed operation was: term: 0 index: 0 New committed index is: term: 1 index: 2
I0720 00:35:48.895544 12445 tablet.cc:824] T c1349da600fe445bbe151b00a41a4e3c Alter schema from Schema [ 10:key[int32 NOT NULL] ] version 0 to Schema [ 10:key[int32 NOT NULL] ] version 11
I0720 00:35:48.896927 12023 catalog_manager.cc:1856] TS ee4ffccf9eb5471297e208d202495ffe does not have the latest schema for tablet c1349da600fe445bbe151b00a41a4e3c (table test-table [id=2a30b8d6c8764cdc9573a60ac5f96269]). Expected version 11 got 0
I0720 00:35:48.896973 12368 tablet.cc:824] T c1349da600fe445bbe151b00a41a4e3c Alter schema from Schema [ 10:key[int32 NOT NULL] ] version 0 to Schema [ 10:key[int32 NOT NULL] ] version 11
I0720 00:35:48.898635 12366 tablet.cc:824] T c1349da600fe445bbe151b00a41a4e3c Alter schema from Schema [ 10:key[int32 NOT NULL] ] version 0 to Schema [ 10:key[int32 NOT NULL] ] version 11
I0720 00:35:49.002768 12445 tablet.cc:824] T 3941d911c89d427eacd1d70afe9fb986 Alter schema from Schema [ 10:key[int32 NOT NULL] ] version 0 to Schema [ 10:key[int32 NOT NULL] ] version 11
I0720 00:35:49.003880 12021 catalog_manager.cc:1856] TS bcc77f1560a949c6b130d6b3c67653be does not have the latest schema for tablet 3941d911c89d427eacd1d70afe9fb986 (table test-table [id=2a30b8d6c8764cdc9573a60ac5f96269]). Expected version 11 got 0
I0720 00:35:49.015940 10988 alter_table-randomized-test.cc:390] Beginning Alterations
I0720 00:35:49.016933 10988 alter_table-randomized-test.cc:455] Adding range partition: [738197493, 805306356) resulting partitions: (67108863, 134217726], (201326589, 268435452], (536870904, 603979767], (671088630, 738197493], (738197493, 805306356], (1073741808, 1140850671], (1140850671, 1207959534], (1811939301, 1879048164)
I0720 00:35:49.016983 10988 alter_table-randomized-test.cc:455] Adding range partition: [603979767, 671088630) resulting partitions: (67108863, 134217726], (201326589, 268435452], (536870904, 603979767], (603979767, 671088630], (671088630, 738197493], (738197493, 805306356], (1073741808, 1140850671], (1140850671, 1207959534], (1811939301, 1879048164)
I0720 00:35:49.017016 10988 alter_table-randomized-test.cc:418] Adding column c47, existing columns: key
I0720 00:35:49.017050 10988 alter_table-randomized-test.cc:439] Dropping column c47, existing columns: key, c47
I0720 00:35:49.017077 10988 alter_table-randomized-test.cc:471] Dropping range partition: [1811939301, 1879048164) resulting partitions: (67108863, 134217726], (201326589, 268435452], (536870904, 603979767], (603979767, 671088630], (671088630, 738197493], (738197493, 805306356], (1073741808, 1140850671], (1140850671, 1207959534)
I0720 00:35:49.017102 10988 alter_table-randomized-test.cc:412] Committing Alterations
I0720 00:35:49.017612 12021 catalog_manager.cc:1359] Servicing AlterTable request from {real_user=slave, eff_user=} at 127.0.0.1:46073: table { table_name: "test-table" } alter_schema_steps { type: ADD_RANGE_PARTITION add_range_partition { range_bounds { rows: "\006\001\365\377\377+\007\001\364\377\377/" } } } alter_schema_steps { type: ADD_RANGE_PARTITION add_range_partition { range_bounds { rows: "\006\001\367\377\377#\007\001\366\377\377\'" } } } alter_schema_steps { type: ADD_COLUMN add_column { schema { name: "c47" type: INT32 is_nullable: true encoding: AUTO_ENCODING compression: DEFAULT_COMPRESSION cfile_block_size: 0 } } } alter_schema_steps { type: DROP_COLUMN drop_column { name: "c47" } } alter_schema_steps { type: DROP_RANGE_PARTITION drop_range_partition { range_bounds { rows: "\006\001\345\377\377k\007\001\344\377\377o" } } } schema { columns { name: "key" type: INT32 is_key: true is_nullable: false encoding: AUTO_ENCODING compression: DEFAULT_COMPRESSION cfile_block_size: 0 } }
W0720 00:35:49.020766 12021 catalog_manager.cc:2160] Unable to reset TS proxy: Not found: No leader found: Tablet aa279b8c69d14abeb83e8483c783d464 has no consensus state
W0720 00:35:49.020814 12021 catalog_manager.cc:2770] Failed to send alter table request: Not found: Failed to reset TS proxy: No leader found: Tablet aa279b8c69d14abeb83e8483c783d464 has no consensus state
W0720 00:35:49.021281 12021 catalog_manager.cc:2160] Unable to reset TS proxy: Not found: No leader found: Tablet 0c575170c6764de8a3c83b4f7c3ee8e1 has no consensus state
W0720 00:35:49.021316 12021 catalog_manager.cc:2770] Failed to send alter table request: Not found: Failed to reset TS proxy: No leader found: Tablet 0c575170c6764de8a3c83b4f7c3ee8e1 has no consensus state
I0720 00:35:49.021955 12021 catalog_manager.cc:2796] Sending DeleteTablet for 3 replicas of tablet 5283371ecd56452fbd2f2519ee898d44
I0720 00:35:49.021996 12021 catalog_manager.cc:2812] T 00000000000000000000000000000000 P 1045dd375010469d9a77d8d8f93d4562: Deleting tablet 5283371ecd56452fbd2f2519ee898d44 on peer ee4ffccf9eb5471297e208d202495ffe with delete type TABLET_DATA_DELETED (Partition dropped at 2016-07-20 00:35:49 UTC)
I0720 00:35:49.022083 12021 catalog_manager.cc:2812] T 00000000000000000000000000000000 P 1045dd375010469d9a77d8d8f93d4562: Deleting tablet 5283371ecd56452fbd2f2519ee898d44 on peer 3b2a62766e5449f9ae2697a9113d09fb with delete type TABLET_DATA_DELETED (Partition dropped at 2016-07-20 00:35:49 UTC)
I0720 00:35:49.022405 12021 catalog_manager.cc:2812] T 00000000000000000000000000000000 P 1045dd375010469d9a77d8d8f93d4562: Deleting tablet 5283371ecd56452fbd2f2519ee898d44 on peer bcc77f1560a949c6b130d6b3c67653be with delete type TABLET_DATA_DELETED (Partition dropped at 2016-07-20 00:35:49 UTC)
I0720 00:35:49.022490 11676 tablet_service.cc:651] Processing DeleteTablet for tablet 5283371ecd56452fbd2f2519ee898d44 with delete_type TABLET_DATA_DELETED (Partition dropped at 2016-07-20 00:35:49 UTC) from {real_user=slave, eff_user=} at 127.0.0.1:56657
I0720 00:35:49.022538 11676 tablet_peer.cc:214] Initiating TabletPeer shutdown for tablet: 5283371ecd56452fbd2f2519ee898d44
I0720 00:35:49.022604 11676 maintenance_manager.cc:176] Unregistered op CompactRowSetsOp(5283371ecd56452fbd2f2519ee898d44)
I0720 00:35:49.022624 11676 maintenance_manager.cc:176] Unregistered op MinorDeltaCompactionOp(5283371ecd56452fbd2f2519ee898d44)
I0720 00:35:49.022634 11676 maintenance_manager.cc:176] Unregistered op MajorDeltaCompactionOp(5283371ecd56452fbd2f2519ee898d44)
I0720 00:35:49.022675 11676 maintenance_manager.cc:176] Unregistered op FlushMRSOp(5283371ecd56452fbd2f2519ee898d44)
I0720 00:35:49.022696 11676 maintenance_manager.cc:176] Unregistered op FlushDeltaMemStoresOp(5283371ecd56452fbd2f2519ee898d44)
I0720 00:35:49.022712 11676 maintenance_manager.cc:176] Unregistered op LogGCOp(5283371ecd56452fbd2f2519ee898d44)
I0720 00:35:49.022738 11676 raft_consensus.cc:1495] T 5283371ecd56452fbd2f2519ee898d44 P 3b2a62766e5449f9ae2697a9113d09fb [term 1 LEADER]: Raft consensus shutting down.
I0720 00:35:49.023253 11923 tablet_service.cc:651] Processing DeleteTablet for tablet 5283371ecd56452fbd2f2519ee898d44 with delete_type TABLET_DATA_DELETED (Partition dropped at 2016-07-20 00:35:49 UTC) from {real_user=slave, eff_user=} at 127.0.0.1:36281
I0720 00:35:49.023303 11923 tablet_peer.cc:214] Initiating TabletPeer shutdown for tablet: 5283371ecd56452fbd2f2519ee898d44
I0720 00:35:49.023368 11923 maintenance_manager.cc:176] Unregistered op CompactRowSetsOp(5283371ecd56452fbd2f2519ee898d44)
I0720 00:35:49.023397 11923 maintenance_manager.cc:176] Unregistered op MinorDeltaCompactionOp(5283371ecd56452fbd2f2519ee898d44)
I0720 00:35:49.023416 11923 maintenance_manager.cc:176] Unregistered op MajorDeltaCompactionOp(5283371ecd56452fbd2f2519ee898d44)
I0720 00:35:49.023448 11923 maintenance_manager.cc:176] Unregistered op FlushMRSOp(5283371ecd56452fbd2f2519ee898d44)
I0720 00:35:49.023469 11923 maintenance_manager.cc:176] Unregistered op FlushDeltaMemStoresOp(5283371ecd56452fbd2f2519ee898d44)
I0720 00:35:49.023489 11923 maintenance_manager.cc:176] Unregistered op LogGCOp(5283371ecd56452fbd2f2519ee898d44)
I0720 00:35:49.023536 11923 raft_consensus.cc:1495] T 5283371ecd56452fbd2f2519ee898d44 P bcc77f1560a949c6b130d6b3c67653be [term 1 FOLLOWER]: Raft consensus shutting down.
I0720 00:35:49.023591 11923 raft_consensus.cc:1511] T 5283371ecd56452fbd2f2519ee898d44 P bcc77f1560a949c6b130d6b3c67653be [term 1 FOLLOWER]: Raft consensus is shut down!
I0720 00:35:49.024240 11676 consensus_peers.cc:358] T 5283371ecd56452fbd2f2519ee898d44 P 3b2a62766e5449f9ae2697a9113d09fb -> Peer bcc77f1560a949c6b130d6b3c67653be (127.42.236.0:42768): Closing peer: bcc77f1560a949c6b130d6b3c67653be
I0720 00:35:49.024463 11676 consensus_peers.cc:358] T 5283371ecd56452fbd2f2519ee898d44 P 3b2a62766e5449f9ae2697a9113d09fb -> Peer ee4ffccf9eb5471297e208d202495ffe (127.42.236.1:57816): Closing peer: ee4ffccf9eb5471297e208d202495ffe
I0720 00:35:49.025302 12445 tablet.cc:824] T c1349da600fe445bbe151b00a41a4e3c Alter schema from Schema [ 10:key[int32 NOT NULL] ] version 11 to Schema [ 10:key[int32 NOT NULL] ] version 12
I0720 00:35:49.026698 12366 tablet.cc:824] T c1349da600fe445bbe151b00a41a4e3c Alter schema from Schema [ 10:key[int32 NOT NULL] ] version 11 to Schema [ 10:key[int32 NOT NULL] ] version 12
I0720 00:35:49.027765 11676 raft_consensus.cc:1511] T 5283371ecd56452fbd2f2519ee898d44 P 3b2a62766e5449f9ae2697a9113d09fb [term 1 LEADER]: Raft consensus is shut down!
I0720 00:35:49.028210 11921 tablet_service.cc:610] Processing CreateTablet for tablet aa279b8c69d14abeb83e8483c783d464 (table=test-table [id=2a30b8d6c8764cdc9573a60ac5f96269]), partition=range: [(int32 key=603979767), (int32 key=671088630))
I0720 00:35:49.028327 11677 tablet_service.cc:610] Processing CreateTablet for tablet aa279b8c69d14abeb83e8483c783d464 (table=test-table [id=2a30b8d6c8764cdc9573a60ac5f96269]), partition=range: [(int32 key=603979767), (int32 key=671088630))
I0720 00:35:49.028501 11679 tablet_service.cc:610] Processing CreateTablet for tablet 0c575170c6764de8a3c83b4f7c3ee8e1 (table=test-table [id=2a30b8d6c8764cdc9573a60ac5f96269]), partition=range: [(int32 key=738197493), (int32 key=805306356))
I0720 00:35:49.029183 11921 ts_tablet_manager.cc:765] Registered tablet aa279b8c69d14abeb83e8483c783d464
I0720 00:35:49.029408 11677 ts_tablet_manager.cc:765] Registered tablet aa279b8c69d14abeb83e8483c783d464
I0720 00:35:49.029433 11679 ts_tablet_manager.cc:765] Registered tablet 0c575170c6764de8a3c83b4f7c3ee8e1
I0720 00:35:49.029531 11922 tablet_service.cc:610] Processing CreateTablet for tablet 0c575170c6764de8a3c83b4f7c3ee8e1 (table=test-table [id=2a30b8d6c8764cdc9573a60ac5f96269]), partition=range: [(int32 key=738197493), (int32 key=805306356))
I0720 00:35:49.029924 12368 tablet.cc:824] T 3941d911c89d427eacd1d70afe9fb986 Alter schema from Schema [ 10:key[int32 NOT NULL] ] version 11 to Schema [ 10:key[int32 NOT NULL] ] version 12
I0720 00:35:49.030405 11922 ts_tablet_manager.cc:765] Registered tablet 0c575170c6764de8a3c83b4f7c3ee8e1
I0720 00:35:49.030982 12368 tablet.cc:824] T c1349da600fe445bbe151b00a41a4e3c Alter schema from Schema [ 10:key[int32 NOT NULL] ] version 11 to Schema [ 10:key[int32 NOT NULL] ] version 12
I0720 00:35:49.031043 11676 ts_tablet_manager.cc:960] T 5283371ecd56452fbd2f2519ee898d44 P 3b2a62766e5449f9ae2697a9113d09fb: Deleting tablet data with delete state TABLET_DATA_DELETED
I0720 00:35:49.031324 12444 tablet.cc:824] T fb14d4878a6441df8d5ab1d6802492fb Alter schema from Schema [ 10:key[int32 NOT NULL] ] version 11 to Schema [ 10:key[int32 NOT NULL] ] version 12
I0720 00:35:49.033061 11923 ts_tablet_manager.cc:960] T 5283371ecd56452fbd2f2519ee898d44 P bcc77f1560a949c6b130d6b3c67653be: Deleting tablet data with delete state TABLET_DATA_DELETED
I0720 00:35:49.034127 11923 ts_tablet_manager.cc:970] T 5283371ecd56452fbd2f2519ee898d44 P bcc77f1560a949c6b130d6b3c67653be: Tablet deleted. Last logged OpId: 1.8
I0720 00:35:49.034605 11923 tablet_bootstrap.cc:400] T 5283371ecd56452fbd2f2519ee898d44 P bcc77f1560a949c6b130d6b3c67653be: Deleted tablet blocks from disk
I0720 00:35:49.034641 12297 tablet.cc:824] T fb14d4878a6441df8d5ab1d6802492fb Alter schema from Schema [ 10:key[int32 NOT NULL] ] version 11 to Schema [ 10:key[int32 NOT NULL] ] version 12
I0720 00:35:49.035239 12009 catalog_manager.cc:2499] TS bcc77f1560a949c6b130d6b3c67653be: tablet 5283371ecd56452fbd2f2519ee898d44 (table test-table [id=2a30b8d6c8764cdc9573a60ac5f96269]) successfully deleted
I0720 00:35:49.035725 12198 tablet_service.cc:651] Processing DeleteTablet for tablet 5283371ecd56452fbd2f2519ee898d44 with delete_type TABLET_DATA_DELETED (Partition dropped at 2016-07-20 00:35:49 UTC) from {real_user=slave, eff_user=} at 127.0.0.1:60329
I0720 00:35:49.035769 12198 tablet_peer.cc:214] Initiating TabletPeer shutdown for tablet: 5283371ecd56452fbd2f2519ee898d44
I0720 00:35:49.035845 12198 maintenance_manager.cc:176] Unregistered op CompactRowSetsOp(5283371ecd56452fbd2f2519ee898d44)
I0720 00:35:49.035888 12198 maintenance_manager.cc:176] Unregistered op MinorDeltaCompactionOp(5283371ecd56452fbd2f2519ee898d44)
I0720 00:35:49.035915 12198 maintenance_manager.cc:176] Unregistered op MajorDeltaCompactionOp(5283371ecd56452fbd2f2519ee898d44)
I0720 00:35:49.035943 12198 maintenance_manager.cc:176] Unregistered op FlushMRSOp(5283371ecd56452fbd2f2519ee898d44)
I0720 00:35:49.035959 12198 maintenance_manager.cc:176] Unregistered op FlushDeltaMemStoresOp(5283371ecd56452fbd2f2519ee898d44)
I0720 00:35:49.035975 12198 maintenance_manager.cc:176] Unregistered op LogGCOp(5283371ecd56452fbd2f2519ee898d44)
I0720 00:35:49.036000 12198 raft_consensus.cc:1495] T 5283371ecd56452fbd2f2519ee898d44 P ee4ffccf9eb5471297e208d202495ffe [term 1 FOLLOWER]: Raft consensus shutting down.
I0720 00:35:49.036051 12198 raft_consensus_state.cc:377] T 5283371ecd56452fbd2f2519ee898d44 P ee4ffccf9eb5471297e208d202495ffe [term 1 FOLLOWER]: Trying to abort 1 pending transactions.
I0720 00:35:49.036103 12198 raft_consensus_state.cc:382] T 5283371ecd56452fbd2f2519ee898d44 P ee4ffccf9eb5471297e208d202495ffe [term 1 FOLLOWER]: Aborting transaction as it isn't in flight: id { term: 1 index: 8 } timestamp: 6016921391160004608 op_type: WRITE_OP write_request { tablet_id: "5283371ecd56452fbd2f2519ee898d44" schema { columns { name: "key" type: INT32 is_key: true is_nullable: false encoding: AUTO_ENCODING compression: DEFAULT_COMPRESSION cfile_block_size: 0 } } row_operations { rows: "\003\001H\277\221l" } external_consistency_mode: CLIENT_PROPAGATED }
I0720 00:35:49.036216 12198 raft_consensus.cc:1511] T 5283371ecd56452fbd2f2519ee898d44 P ee4ffccf9eb5471297e208d202495ffe [term 1 FOLLOWER]: Raft consensus is shut down!
