I0720 00:35:47.350175 11923 maintenance_manager.cc:176] Unregistered op MajorDeltaCompactionOp(bf1c7be5ba99499db4d157bb130481a0)
I0720 00:35:47.350193 11923 maintenance_manager.cc:176] Unregistered op FlushMRSOp(bf1c7be5ba99499db4d157bb130481a0)
I0720 00:35:47.350222 11923 maintenance_manager.cc:176] Unregistered op FlushDeltaMemStoresOp(bf1c7be5ba99499db4d157bb130481a0)
I0720 00:35:47.350232 11923 maintenance_manager.cc:176] Unregistered op LogGCOp(bf1c7be5ba99499db4d157bb130481a0)
I0720 00:35:47.350250 11923 raft_consensus.cc:1495] T bf1c7be5ba99499db4d157bb130481a0 P bcc77f1560a949c6b130d6b3c67653be [term 1 FOLLOWER]: Raft consensus shutting down.
I0720 00:35:47.350284 11923 raft_consensus.cc:1511] T bf1c7be5ba99499db4d157bb130481a0 P bcc77f1560a949c6b130d6b3c67653be [term 1 FOLLOWER]: Raft consensus is shut down!
I0720 00:35:47.350446 12198 maintenance_manager.cc:176] Unregistered op CompactRowSetsOp(bf1c7be5ba99499db4d157bb130481a0)
I0720 00:35:47.350461 12198 maintenance_manager.cc:176] Unregistered op MinorDeltaCompactionOp(bf1c7be5ba99499db4d157bb130481a0)
I0720 00:35:47.350466 12198 maintenance_manager.cc:176] Unregistered op MajorDeltaCompactionOp(bf1c7be5ba99499db4d157bb130481a0)
I0720 00:35:47.350472 12198 maintenance_manager.cc:176] Unregistered op FlushMRSOp(bf1c7be5ba99499db4d157bb130481a0)
I0720 00:35:47.350479 12198 maintenance_manager.cc:176] Unregistered op FlushDeltaMemStoresOp(bf1c7be5ba99499db4d157bb130481a0)
I0720 00:35:47.350483 12198 maintenance_manager.cc:176] Unregistered op LogGCOp(bf1c7be5ba99499db4d157bb130481a0)
I0720 00:35:47.350500 12198 raft_consensus.cc:1495] T bf1c7be5ba99499db4d157bb130481a0 P ee4ffccf9eb5471297e208d202495ffe [term 1 FOLLOWER]: Raft consensus shutting down.
I0720 00:35:47.350517 12198 raft_consensus.cc:1511] T bf1c7be5ba99499db4d157bb130481a0 P ee4ffccf9eb5471297e208d202495ffe [term 1 FOLLOWER]: Raft consensus is shut down!
I0720 00:35:47.350585 12201 ts_tablet_manager.cc:960] T 27b3a1d170cc40e9b2b3d05a5a3afa28 P ee4ffccf9eb5471297e208d202495ffe: Deleting tablet data with delete state TABLET_DATA_DELETED
I0720 00:35:47.350596 11679 consensus_peers.cc:358] T bf1c7be5ba99499db4d157bb130481a0 P 3b2a62766e5449f9ae2697a9113d09fb -> Peer bcc77f1560a949c6b130d6b3c67653be (127.42.236.0:42768): Closing peer: bcc77f1560a949c6b130d6b3c67653be
I0720 00:35:47.350841 11679 consensus_peers.cc:358] T bf1c7be5ba99499db4d157bb130481a0 P 3b2a62766e5449f9ae2697a9113d09fb -> Peer ee4ffccf9eb5471297e208d202495ffe (127.42.236.1:57816): Closing peer: ee4ffccf9eb5471297e208d202495ffe
I0720 00:35:47.350924 11677 ts_tablet_manager.cc:960] T 27b3a1d170cc40e9b2b3d05a5a3afa28 P 3b2a62766e5449f9ae2697a9113d09fb: Deleting tablet data with delete state TABLET_DATA_DELETED
I0720 00:35:47.351030 12200 ts_tablet_manager.cc:960] T 297b05026d8d4464aecd40c71d630767 P ee4ffccf9eb5471297e208d202495ffe: Deleting tablet data with delete state TABLET_DATA_DELETED
I0720 00:35:47.351130 11679 raft_consensus.cc:1511] T bf1c7be5ba99499db4d157bb130481a0 P 3b2a62766e5449f9ae2697a9113d09fb [term 1 LEADER]: Raft consensus is shut down!
I0720 00:35:47.352002 11923 ts_tablet_manager.cc:960] T bf1c7be5ba99499db4d157bb130481a0 P bcc77f1560a949c6b130d6b3c67653be: Deleting tablet data with delete state TABLET_DATA_DELETED
I0720 00:35:47.352058 11677 ts_tablet_manager.cc:970] T 27b3a1d170cc40e9b2b3d05a5a3afa28 P 3b2a62766e5449f9ae2697a9113d09fb: Tablet deleted. Last logged OpId: 1.17
I0720 00:35:47.352344 12198 ts_tablet_manager.cc:960] T bf1c7be5ba99499db4d157bb130481a0 P ee4ffccf9eb5471297e208d202495ffe: Deleting tablet data with delete state TABLET_DATA_DELETED
I0720 00:35:47.352473 12021 catalog_manager.cc:2812] T 00000000000000000000000000000000 P 1045dd375010469d9a77d8d8f93d4562: Deleting tablet 27b3a1d170cc40e9b2b3d05a5a3afa28 on peer bcc77f1560a949c6b130d6b3c67653be with delete type TABLET_DATA_DELETED (Partition dropped at 2016-07-20 00:35:47 UTC)
I0720 00:35:47.352568 12021 catalog_manager.cc:2796] Sending DeleteTablet for 3 replicas of tablet b2fe2d8f7e604eeca15fe52f69879550
I0720 00:35:47.352583 12021 catalog_manager.cc:2812] T 00000000000000000000000000000000 P 1045dd375010469d9a77d8d8f93d4562: Deleting tablet b2fe2d8f7e604eeca15fe52f69879550 on peer 3b2a62766e5449f9ae2697a9113d09fb with delete type TABLET_DATA_DELETED (Partition dropped at 2016-07-20 00:35:47 UTC)
I0720 00:35:47.352876 11920 tablet_service.cc:651] Processing DeleteTablet for tablet 27b3a1d170cc40e9b2b3d05a5a3afa28 with delete_type TABLET_DATA_DELETED (Partition dropped at 2016-07-20 00:35:47 UTC) from {real_user=slave, eff_user=} at 127.0.0.1:36281
I0720 00:35:47.352883 11676 tablet_service.cc:651] Processing DeleteTablet for tablet b2fe2d8f7e604eeca15fe52f69879550 with delete_type TABLET_DATA_DELETED (Partition dropped at 2016-07-20 00:35:47 UTC) from {real_user=slave, eff_user=} at 127.0.0.1:56657
I0720 00:35:47.352905 11920 tablet_peer.cc:214] Initiating TabletPeer shutdown for tablet: 27b3a1d170cc40e9b2b3d05a5a3afa28
I0720 00:35:47.352913 11676 tablet_peer.cc:214] Initiating TabletPeer shutdown for tablet: b2fe2d8f7e604eeca15fe52f69879550
I0720 00:35:47.352936 11920 maintenance_manager.cc:176] Unregistered op CompactRowSetsOp(27b3a1d170cc40e9b2b3d05a5a3afa28)
I0720 00:35:47.352951 11920 maintenance_manager.cc:176] Unregistered op MinorDeltaCompactionOp(27b3a1d170cc40e9b2b3d05a5a3afa28)
I0720 00:35:47.352952 11676 maintenance_manager.cc:176] Unregistered op CompactRowSetsOp(b2fe2d8f7e604eeca15fe52f69879550)
I0720 00:35:47.352960 11920 maintenance_manager.cc:176] Unregistered op MajorDeltaCompactionOp(27b3a1d170cc40e9b2b3d05a5a3afa28)
I0720 00:35:47.352967 11676 maintenance_manager.cc:176] Unregistered op MinorDeltaCompactionOp(b2fe2d8f7e604eeca15fe52f69879550)
I0720 00:35:47.352974 11920 maintenance_manager.cc:176] Unregistered op FlushMRSOp(27b3a1d170cc40e9b2b3d05a5a3afa28)
I0720 00:35:47.352977 11676 maintenance_manager.cc:176] Unregistered op MajorDeltaCompactionOp(b2fe2d8f7e604eeca15fe52f69879550)
I0720 00:35:47.352984 11920 maintenance_manager.cc:176] Unregistered op FlushDeltaMemStoresOp(27b3a1d170cc40e9b2b3d05a5a3afa28)
I0720 00:35:47.352993 11676 maintenance_manager.cc:176] Unregistered op FlushMRSOp(b2fe2d8f7e604eeca15fe52f69879550)
I0720 00:35:47.352998 11920 maintenance_manager.cc:176] Unregistered op LogGCOp(27b3a1d170cc40e9b2b3d05a5a3afa28)
I0720 00:35:47.353008 11676 maintenance_manager.cc:176] Unregistered op FlushDeltaMemStoresOp(b2fe2d8f7e604eeca15fe52f69879550)
I0720 00:35:47.353013 11920 raft_consensus.cc:1495] T 27b3a1d170cc40e9b2b3d05a5a3afa28 P bcc77f1560a949c6b130d6b3c67653be [term 1 LEADER]: Raft consensus shutting down.
I0720 00:35:47.353018 11676 maintenance_manager.cc:176] Unregistered op LogGCOp(b2fe2d8f7e604eeca15fe52f69879550)
I0720 00:35:47.353032 11676 raft_consensus.cc:1495] T b2fe2d8f7e604eeca15fe52f69879550 P 3b2a62766e5449f9ae2697a9113d09fb [term 1 FOLLOWER]: Raft consensus shutting down.
I0720 00:35:47.353056 11676 raft_consensus.cc:1511] T b2fe2d8f7e604eeca15fe52f69879550 P 3b2a62766e5449f9ae2697a9113d09fb [term 1 FOLLOWER]: Raft consensus is shut down!
I0720 00:35:47.353101 12021 catalog_manager.cc:2812] T 00000000000000000000000000000000 P 1045dd375010469d9a77d8d8f93d4562: Deleting tablet b2fe2d8f7e604eeca15fe52f69879550 on peer ee4ffccf9eb5471297e208d202495ffe with delete type TABLET_DATA_DELETED (Partition dropped at 2016-07-20 00:35:47 UTC)
I0720 00:35:47.353173 11920 consensus_peers.cc:358] T 27b3a1d170cc40e9b2b3d05a5a3afa28 P bcc77f1560a949c6b130d6b3c67653be -> Peer 3b2a62766e5449f9ae2697a9113d09fb (127.42.236.2:60090): Closing peer: 3b2a62766e5449f9ae2697a9113d09fb
I0720 00:35:47.353293 11920 consensus_peers.cc:358] T 27b3a1d170cc40e9b2b3d05a5a3afa28 P bcc77f1560a949c6b130d6b3c67653be -> Peer ee4ffccf9eb5471297e208d202495ffe (127.42.236.1:57816): Closing peer: ee4ffccf9eb5471297e208d202495ffe
I0720 00:35:47.353397 12199 tablet_service.cc:651] Processing DeleteTablet for tablet b2fe2d8f7e604eeca15fe52f69879550 with delete_type TABLET_DATA_DELETED (Partition dropped at 2016-07-20 00:35:47 UTC) from {real_user=slave, eff_user=} at 127.0.0.1:60329
I0720 00:35:47.353425 12199 tablet_peer.cc:214] Initiating TabletPeer shutdown for tablet: b2fe2d8f7e604eeca15fe52f69879550
I0720 00:35:47.353461 12199 maintenance_manager.cc:176] Unregistered op CompactRowSetsOp(b2fe2d8f7e604eeca15fe52f69879550)
I0720 00:35:47.353474 12199 maintenance_manager.cc:176] Unregistered op MinorDeltaCompactionOp(b2fe2d8f7e604eeca15fe52f69879550)
I0720 00:35:47.353484 12199 maintenance_manager.cc:176] Unregistered op MajorDeltaCompactionOp(b2fe2d8f7e604eeca15fe52f69879550)
I0720 00:35:47.353502 12199 maintenance_manager.cc:176] Unregistered op FlushMRSOp(b2fe2d8f7e604eeca15fe52f69879550)
I0720 00:35:47.353500 11920 raft_consensus.cc:1511] T 27b3a1d170cc40e9b2b3d05a5a3afa28 P bcc77f1560a949c6b130d6b3c67653be [term 1 LEADER]: Raft consensus is shut down!
I0720 00:35:47.353510 12199 maintenance_manager.cc:176] Unregistered op FlushDeltaMemStoresOp(b2fe2d8f7e604eeca15fe52f69879550)
I0720 00:35:47.353519 12199 maintenance_manager.cc:176] Unregistered op LogGCOp(b2fe2d8f7e604eeca15fe52f69879550)
I0720 00:35:47.353534 12199 raft_consensus.cc:1495] T b2fe2d8f7e604eeca15fe52f69879550 P ee4ffccf9eb5471297e208d202495ffe [term 1 FOLLOWER]: Raft consensus shutting down.
I0720 00:35:47.353569 12199 raft_consensus.cc:1511] T b2fe2d8f7e604eeca15fe52f69879550 P ee4ffccf9eb5471297e208d202495ffe [term 1 FOLLOWER]: Raft consensus is shut down!
I0720 00:35:47.354086 11676 ts_tablet_manager.cc:960] T b2fe2d8f7e604eeca15fe52f69879550 P 3b2a62766e5449f9ae2697a9113d09fb: Deleting tablet data with delete state TABLET_DATA_DELETED
I0720 00:35:47.354497 11920 ts_tablet_manager.cc:960] T 27b3a1d170cc40e9b2b3d05a5a3afa28 P bcc77f1560a949c6b130d6b3c67653be: Deleting tablet data with delete state TABLET_DATA_DELETED
I0720 00:35:47.354733 12199 ts_tablet_manager.cc:960] T b2fe2d8f7e604eeca15fe52f69879550 P ee4ffccf9eb5471297e208d202495ffe: Deleting tablet data with delete state TABLET_DATA_DELETED
I0720 00:35:47.354856 12021 catalog_manager.cc:2812] T 00000000000000000000000000000000 P 1045dd375010469d9a77d8d8f93d4562: Deleting tablet b2fe2d8f7e604eeca15fe52f69879550 on peer bcc77f1560a949c6b130d6b3c67653be with delete type TABLET_DATA_DELETED (Partition dropped at 2016-07-20 00:35:47 UTC)
I0720 00:35:47.355252 11921 tablet_service.cc:651] Processing DeleteTablet for tablet b2fe2d8f7e604eeca15fe52f69879550 with delete_type TABLET_DATA_DELETED (Partition dropped at 2016-07-20 00:35:47 UTC) from {real_user=slave, eff_user=} at 127.0.0.1:36281
I0720 00:35:47.355281 11921 tablet_peer.cc:214] Initiating TabletPeer shutdown for tablet: b2fe2d8f7e604eeca15fe52f69879550
I0720 00:35:47.355314 11921 maintenance_manager.cc:176] Unregistered op CompactRowSetsOp(b2fe2d8f7e604eeca15fe52f69879550)
I0720 00:35:47.355326 11921 maintenance_manager.cc:176] Unregistered op MinorDeltaCompactionOp(b2fe2d8f7e604eeca15fe52f69879550)
I0720 00:35:47.355336 11921 maintenance_manager.cc:176] Unregistered op MajorDeltaCompactionOp(b2fe2d8f7e604eeca15fe52f69879550)
I0720 00:35:47.355401 11921 maintenance_manager.cc:176] Unregistered op FlushMRSOp(b2fe2d8f7e604eeca15fe52f69879550)
I0720 00:35:47.355422 11921 maintenance_manager.cc:176] Unregistered op FlushDeltaMemStoresOp(b2fe2d8f7e604eeca15fe52f69879550)
I0720 00:35:47.355432 11921 maintenance_manager.cc:176] Unregistered op LogGCOp(b2fe2d8f7e604eeca15fe52f69879550)
I0720 00:35:47.355449 11921 raft_consensus.cc:1495] T b2fe2d8f7e604eeca15fe52f69879550 P bcc77f1560a949c6b130d6b3c67653be [term 1 LEADER]: Raft consensus shutting down.
I0720 00:35:47.355515 11920 ts_tablet_manager.cc:970] T 27b3a1d170cc40e9b2b3d05a5a3afa28 P bcc77f1560a949c6b130d6b3c67653be: Tablet deleted. Last logged OpId: 1.17
I0720 00:35:47.355629 11921 consensus_peers.cc:358] T b2fe2d8f7e604eeca15fe52f69879550 P bcc77f1560a949c6b130d6b3c67653be -> Peer ee4ffccf9eb5471297e208d202495ffe (127.42.236.1:57816): Closing peer: ee4ffccf9eb5471297e208d202495ffe
I0720 00:35:47.355798 11679 ts_tablet_manager.cc:960] T bf1c7be5ba99499db4d157bb130481a0 P 3b2a62766e5449f9ae2697a9113d09fb: Deleting tablet data with delete state TABLET_DATA_DELETED
I0720 00:35:47.356036 11921 consensus_peers.cc:358] T b2fe2d8f7e604eeca15fe52f69879550 P bcc77f1560a949c6b130d6b3c67653be -> Peer 3b2a62766e5449f9ae2697a9113d09fb (127.42.236.2:60090): Closing peer: 3b2a62766e5449f9ae2697a9113d09fb
I0720 00:35:47.356215 11677 tablet_bootstrap.cc:400] T 27b3a1d170cc40e9b2b3d05a5a3afa28 P 3b2a62766e5449f9ae2697a9113d09fb: Deleted tablet blocks from disk
I0720 00:35:47.356248 11921 raft_consensus.cc:1511] T b2fe2d8f7e604eeca15fe52f69879550 P bcc77f1560a949c6b130d6b3c67653be [term 1 LEADER]: Raft consensus is shut down!
I0720 00:35:47.356463 11676 ts_tablet_manager.cc:970] T b2fe2d8f7e604eeca15fe52f69879550 P 3b2a62766e5449f9ae2697a9113d09fb: Tablet deleted. Last logged OpId: 1.20
I0720 00:35:47.356714 11676 tablet_bootstrap.cc:400] T b2fe2d8f7e604eeca15fe52f69879550 P 3b2a62766e5449f9ae2697a9113d09fb: Deleted tablet blocks from disk
I0720 00:35:47.357381 11921 ts_tablet_manager.cc:960] T b2fe2d8f7e604eeca15fe52f69879550 P bcc77f1560a949c6b130d6b3c67653be: Deleting tablet data with delete state TABLET_DATA_DELETED
I0720 00:35:47.357452 12197 tablet_service.cc:610] Processing CreateTablet for tablet 2ca97545415b4d79a8026b4f952f6d92 (table=test-table [id=2a30b8d6c8764cdc9573a60ac5f96269]), partition=range: [(int32 key=1744830438), (int32 key=1811939301))
I0720 00:35:47.358216 11919 tablet_service.cc:610] Processing CreateTablet for tablet 2ca97545415b4d79a8026b4f952f6d92 (table=test-table [id=2a30b8d6c8764cdc9573a60ac5f96269]), partition=range: [(int32 key=1744830438), (int32 key=1811939301))
I0720 00:35:47.358492 11921 ts_tablet_manager.cc:970] T b2fe2d8f7e604eeca15fe52f69879550 P bcc77f1560a949c6b130d6b3c67653be: Tablet deleted. Last logged OpId: 1.20
I0720 00:35:47.359037 11919 ts_tablet_manager.cc:765] Registered tablet 2ca97545415b4d79a8026b4f952f6d92
I0720 00:35:47.359308 11921 tablet_bootstrap.cc:400] T b2fe2d8f7e604eeca15fe52f69879550 P bcc77f1560a949c6b130d6b3c67653be: Deleted tablet blocks from disk
I0720 00:35:47.359355 12201 ts_tablet_manager.cc:970] T 27b3a1d170cc40e9b2b3d05a5a3afa28 P ee4ffccf9eb5471297e208d202495ffe: Tablet deleted. Last logged OpId: 1.17
I0720 00:35:47.359655 12201 tablet_bootstrap.cc:400] T 27b3a1d170cc40e9b2b3d05a5a3afa28 P ee4ffccf9eb5471297e208d202495ffe: Deleted tablet blocks from disk
I0720 00:35:47.359704 12456 ts_tablet_manager.cc:631] T 2ca97545415b4d79a8026b4f952f6d92 P bcc77f1560a949c6b130d6b3c67653be: Bootstrapping tablet
I0720 00:35:47.359714 12009 catalog_manager.cc:2499] TS bcc77f1560a949c6b130d6b3c67653be: tablet b2fe2d8f7e604eeca15fe52f69879550 (table test-table [id=2a30b8d6c8764cdc9573a60ac5f96269]) successfully deleted
I0720 00:35:47.359920 12456 tablet_bootstrap.cc:400] T 2ca97545415b4d79a8026b4f952f6d92 P bcc77f1560a949c6b130d6b3c67653be: Bootstrap starting.
I0720 00:35:47.360440 12456 tablet_bootstrap.cc:563] T 2ca97545415b4d79a8026b4f952f6d92 P bcc77f1560a949c6b130d6b3c67653be: Time spent opening tablet: real 0.000s user 0.000s sys 0.000s
I0720 00:35:47.360546 12456 tablet_bootstrap.cc:503] T 2ca97545415b4d79a8026b4f952f6d92 P bcc77f1560a949c6b130d6b3c67653be: No blocks or log segments found. Creating new log.
I0720 00:35:47.360743 12200 ts_tablet_manager.cc:970] T 297b05026d8d4464aecd40c71d630767 P ee4ffccf9eb5471297e208d202495ffe: Tablet deleted. Last logged OpId: 1.17
I0720 00:35:47.361377 12456 tablet_bootstrap.cc:400] T 2ca97545415b4d79a8026b4f952f6d92 P bcc77f1560a949c6b130d6b3c67653be: No bootstrap required, opened a new log
I0720 00:35:47.361418 12456 ts_tablet_manager.cc:636] T 2ca97545415b4d79a8026b4f952f6d92 P bcc77f1560a949c6b130d6b3c67653be: Time spent bootstrapping tablet: real 0.002s user 0.000s sys 0.000s
I0720 00:35:47.361790 12200 tablet_bootstrap.cc:400] T 297b05026d8d4464aecd40c71d630767 P ee4ffccf9eb5471297e208d202495ffe: Deleted tablet blocks from disk
I0720 00:35:47.362082 12010 catalog_manager.cc:2499] TS ee4ffccf9eb5471297e208d202495ffe: tablet 297b05026d8d4464aecd40c71d630767 (table test-table [id=2a30b8d6c8764cdc9573a60ac5f96269]) successfully deleted
I0720 00:35:47.362110 12456 raft_consensus.cc:269] T 2ca97545415b4d79a8026b4f952f6d92 P bcc77f1560a949c6b130d6b3c67653be [term 0 FOLLOWER]: Replica starting. Triggering 0 pending transactions. Active config: opid_index: -1 peers { permanent_uuid: "ee4ffccf9eb5471297e208d202495ffe" member_type: VOTER last_known_addr { host: "127.42.236.1" port: 57816 } } peers { permanent_uuid: "3b2a62766e5449f9ae2697a9113d09fb" member_type: VOTER last_known_addr { host: "127.42.236.2" port: 60090 } } peers { permanent_uuid: "bcc77f1560a949c6b130d6b3c67653be" member_type: VOTER last_known_addr { host: "127.42.236.0" port: 42768 } }
I0720 00:35:47.362156 12456 raft_consensus.cc:301] T 2ca97545415b4d79a8026b4f952f6d92 P bcc77f1560a949c6b130d6b3c67653be [term 0 FOLLOWER]: Consensus starting up: Expiring failure detector timer to make a prompt election more likely
I0720 00:35:47.362182 12456 raft_consensus.cc:499] T 2ca97545415b4d79a8026b4f952f6d92 P bcc77f1560a949c6b130d6b3c67653be [term 0 FOLLOWER]: Becoming Follower/Learner. State: Replica: bcc77f1560a949c6b130d6b3c67653be, State: 1, Role: FOLLOWER Watermarks: {Received: term: 0 index: 0 Committed: term: 0 index: 0}
I0720 00:35:47.362212 12456 consensus_queue.cc:162] T 2ca97545415b4d79a8026b4f952f6d92 P bcc77f1560a949c6b130d6b3c67653be [NON_LEADER]: Queue going to NON_LEADER mode. State: All replicated op: 0.0, Majority replicated op: 0.0, Committed index: 0.0, Last appended: 0.0, Current term: 0, Majority size: -1, State: 1, Mode: NON_LEADER
I0720 00:35:47.362563 12456 ts_tablet_manager.cc:663] T 2ca97545415b4d79a8026b4f952f6d92 P bcc77f1560a949c6b130d6b3c67653be: Time spent starting tablet: real 0.001s user 0.000s sys 0.000s
I0720 00:35:47.363184 12197 ts_tablet_manager.cc:765] Registered tablet 2ca97545415b4d79a8026b4f952f6d92
I0720 00:35:47.363327 12020 catalog_manager.cc:1856] TS bcc77f1560a949c6b130d6b3c67653be does not have the latest schema for tablet 2ca97545415b4d79a8026b4f952f6d92 (table test-table [id=2a30b8d6c8764cdc9573a60ac5f96269]). Expected version 10 got 0
I0720 00:35:47.363729 12198 ts_tablet_manager.cc:970] T bf1c7be5ba99499db4d157bb130481a0 P ee4ffccf9eb5471297e208d202495ffe: Tablet deleted. Last logged OpId: 1.37
I0720 00:35:47.364198 12199 ts_tablet_manager.cc:970] T b2fe2d8f7e604eeca15fe52f69879550 P ee4ffccf9eb5471297e208d202495ffe: Tablet deleted. Last logged OpId: 1.20
I0720 00:35:47.364508 12198 tablet_bootstrap.cc:400] T bf1c7be5ba99499db4d157bb130481a0 P ee4ffccf9eb5471297e208d202495ffe: Deleted tablet blocks from disk
W0720 00:35:47.364526 12020 catalog_manager.cc:2160] Unable to reset TS proxy: Not found: No leader found: Tablet 2ca97545415b4d79a8026b4f952f6d92 consensus state has no leader
W0720 00:35:47.364545 12020 catalog_manager.cc:2770] Failed to send alter table request: Not found: Failed to reset TS proxy: No leader found: Tablet 2ca97545415b4d79a8026b4f952f6d92 consensus state has no leader
I0720 00:35:47.364670 12199 tablet_bootstrap.cc:400] T b2fe2d8f7e604eeca15fe52f69879550 P ee4ffccf9eb5471297e208d202495ffe: Deleted tablet blocks from disk
I0720 00:35:47.364809 12010 catalog_manager.cc:2499] TS ee4ffccf9eb5471297e208d202495ffe: tablet bf1c7be5ba99499db4d157bb130481a0 (table test-table [id=2a30b8d6c8764cdc9573a60ac5f96269]) successfully deleted
I0720 00:35:47.364929 12010 catalog_manager.cc:2499] TS ee4ffccf9eb5471297e208d202495ffe: tablet b2fe2d8f7e604eeca15fe52f69879550 (table test-table [id=2a30b8d6c8764cdc9573a60ac5f96269]) successfully deleted
I0720 00:35:47.365154 11920 tablet_bootstrap.cc:400] T 27b3a1d170cc40e9b2b3d05a5a3afa28 P bcc77f1560a949c6b130d6b3c67653be: Deleted tablet blocks from disk
I0720 00:35:47.365531 11678 tablet_service.cc:651] Processing DeleteTablet for tablet 297b05026d8d4464aecd40c71d630767 with delete_type TABLET_DATA_DELETED (Partition dropped at 2016-07-20 00:35:47 UTC) from {real_user=slave, eff_user=} at 127.0.0.1:56657
I0720 00:35:47.365579 11678 tablet_peer.cc:214] Initiating TabletPeer shutdown for tablet: 297b05026d8d4464aecd40c71d630767
I0720 00:35:47.365579 12009 catalog_manager.cc:2499] TS bcc77f1560a949c6b130d6b3c67653be: tablet 27b3a1d170cc40e9b2b3d05a5a3afa28 (table test-table [id=2a30b8d6c8764cdc9573a60ac5f96269]) successfully deleted
I0720 00:35:47.365602 11678 maintenance_manager.cc:176] Unregistered op CompactRowSetsOp(297b05026d8d4464aecd40c71d630767)
I0720 00:35:47.365620 11678 maintenance_manager.cc:176] Unregistered op MinorDeltaCompactionOp(297b05026d8d4464aecd40c71d630767)
I0720 00:35:47.365628 11678 maintenance_manager.cc:176] Unregistered op MajorDeltaCompactionOp(297b05026d8d4464aecd40c71d630767)
I0720 00:35:47.365635 11678 maintenance_manager.cc:176] Unregistered op FlushMRSOp(297b05026d8d4464aecd40c71d630767)
I0720 00:35:47.365638 11678 maintenance_manager.cc:176] Unregistered op FlushDeltaMemStoresOp(297b05026d8d4464aecd40c71d630767)
I0720 00:35:47.365641 11678 maintenance_manager.cc:176] Unregistered op LogGCOp(297b05026d8d4464aecd40c71d630767)
I0720 00:35:47.365850 11679 ts_tablet_manager.cc:970] T bf1c7be5ba99499db4d157bb130481a0 P 3b2a62766e5449f9ae2697a9113d09fb: Tablet deleted. Last logged OpId: 1.37
I0720 00:35:47.366390 11922 tablet_service.cc:651] Processing DeleteTablet for tablet 297b05026d8d4464aecd40c71d630767 with delete_type TABLET_DATA_DELETED (Partition dropped at 2016-07-20 00:35:47 UTC) from {real_user=slave, eff_user=} at 127.0.0.1:36281
I0720 00:35:47.366422 11922 tablet_peer.cc:214] Initiating TabletPeer shutdown for tablet: 297b05026d8d4464aecd40c71d630767
I0720 00:35:47.366468 11922 maintenance_manager.cc:176] Unregistered op CompactRowSetsOp(297b05026d8d4464aecd40c71d630767)
I0720 00:35:47.366487 11922 maintenance_manager.cc:176] Unregistered op MinorDeltaCompactionOp(297b05026d8d4464aecd40c71d630767)
I0720 00:35:47.366500 11922 maintenance_manager.cc:176] Unregistered op MajorDeltaCompactionOp(297b05026d8d4464aecd40c71d630767)
I0720 00:35:47.366525 11922 maintenance_manager.cc:176] Unregistered op FlushMRSOp(297b05026d8d4464aecd40c71d630767)
I0720 00:35:47.366540 11922 maintenance_manager.cc:176] Unregistered op FlushDeltaMemStoresOp(297b05026d8d4464aecd40c71d630767)
I0720 00:35:47.366554 11922 maintenance_manager.cc:176] Unregistered op LogGCOp(297b05026d8d4464aecd40c71d630767)
I0720 00:35:47.366577 11922 raft_consensus.cc:1495] T 297b05026d8d4464aecd40c71d630767 P bcc77f1560a949c6b130d6b3c67653be [term 1 FOLLOWER]: Raft consensus shutting down.
I0720 00:35:47.366612 11922 raft_consensus.cc:1511] T 297b05026d8d4464aecd40c71d630767 P bcc77f1560a949c6b130d6b3c67653be [term 1 FOLLOWER]: Raft consensus is shut down!
I0720 00:35:47.366688 11678 raft_consensus.cc:1495] T 297b05026d8d4464aecd40c71d630767 P 3b2a62766e5449f9ae2697a9113d09fb [term 1 FOLLOWER]: Raft consensus shutting down.
I0720 00:35:47.366717 11678 raft_consensus.cc:1511] T 297b05026d8d4464aecd40c71d630767 P 3b2a62766e5449f9ae2697a9113d09fb [term 1 FOLLOWER]: Raft consensus is shut down!
I0720 00:35:47.366787 11679 tablet_bootstrap.cc:400] T bf1c7be5ba99499db4d157bb130481a0 P 3b2a62766e5449f9ae2697a9113d09fb: Deleted tablet blocks from disk
I0720 00:35:47.367043 12010 catalog_manager.cc:2499] TS ee4ffccf9eb5471297e208d202495ffe: tablet 27b3a1d170cc40e9b2b3d05a5a3afa28 (table test-table [id=2a30b8d6c8764cdc9573a60ac5f96269]) successfully deleted
I0720 00:35:47.367252 12008 catalog_manager.cc:2499] TS 3b2a62766e5449f9ae2697a9113d09fb: tablet b2fe2d8f7e604eeca15fe52f69879550 (table test-table [id=2a30b8d6c8764cdc9573a60ac5f96269]) successfully deleted
I0720 00:35:47.367314 11676 tablet_service.cc:610] Processing CreateTablet for tablet 2ca97545415b4d79a8026b4f952f6d92 (table=test-table [id=2a30b8d6c8764cdc9573a60ac5f96269]), partition=range: [(int32 key=1744830438), (int32 key=1811939301))
I0720 00:35:47.367324 12008 catalog_manager.cc:2499] TS 3b2a62766e5449f9ae2697a9113d09fb: tablet 27b3a1d170cc40e9b2b3d05a5a3afa28 (table test-table [id=2a30b8d6c8764cdc9573a60ac5f96269]) successfully deleted
I0720 00:35:47.367389 12008 catalog_manager.cc:2499] TS 3b2a62766e5449f9ae2697a9113d09fb: tablet bf1c7be5ba99499db4d157bb130481a0 (table test-table [id=2a30b8d6c8764cdc9573a60ac5f96269]) successfully deleted
I0720 00:35:47.367944 11678 ts_tablet_manager.cc:960] T 297b05026d8d4464aecd40c71d630767 P 3b2a62766e5449f9ae2697a9113d09fb: Deleting tablet data with delete state TABLET_DATA_DELETED
I0720 00:35:47.368005 11676 ts_tablet_manager.cc:765] Registered tablet 2ca97545415b4d79a8026b4f952f6d92
I0720 00:35:47.368285 12462 ts_tablet_manager.cc:631] T 2ca97545415b4d79a8026b4f952f6d92 P 3b2a62766e5449f9ae2697a9113d09fb: Bootstrapping tablet
I0720 00:35:47.368556 12462 tablet_bootstrap.cc:400] T 2ca97545415b4d79a8026b4f952f6d92 P 3b2a62766e5449f9ae2697a9113d09fb: Bootstrap starting.
I0720 00:35:47.368875 11923 ts_tablet_manager.cc:970] T bf1c7be5ba99499db4d157bb130481a0 P bcc77f1560a949c6b130d6b3c67653be: Tablet deleted. Last logged OpId: 1.37
I0720 00:35:47.369032 12462 tablet_bootstrap.cc:563] T 2ca97545415b4d79a8026b4f952f6d92 P 3b2a62766e5449f9ae2697a9113d09fb: Time spent opening tablet: real 0.000s user 0.000s sys 0.000s
I0720 00:35:47.369150 12462 tablet_bootstrap.cc:503] T 2ca97545415b4d79a8026b4f952f6d92 P 3b2a62766e5449f9ae2697a9113d09fb: No blocks or log segments found. Creating new log.
I0720 00:35:47.369166 11923 tablet_bootstrap.cc:400] T bf1c7be5ba99499db4d157bb130481a0 P bcc77f1560a949c6b130d6b3c67653be: Deleted tablet blocks from disk
I0720 00:35:47.369519 12009 catalog_manager.cc:2499] TS bcc77f1560a949c6b130d6b3c67653be: tablet bf1c7be5ba99499db4d157bb130481a0 (table test-table [id=2a30b8d6c8764cdc9573a60ac5f96269]) successfully deleted
I0720 00:35:47.370234 11922 ts_tablet_manager.cc:960] T 297b05026d8d4464aecd40c71d630767 P bcc77f1560a949c6b130d6b3c67653be: Deleting tablet data with delete state TABLET_DATA_DELETED
I0720 00:35:47.370254 11678 ts_tablet_manager.cc:970] T 297b05026d8d4464aecd40c71d630767 P 3b2a62766e5449f9ae2697a9113d09fb: Tablet deleted. Last logged OpId: 1.17
I0720 00:35:47.370790 12461 ts_tablet_manager.cc:631] T 2ca97545415b4d79a8026b4f952f6d92 P ee4ffccf9eb5471297e208d202495ffe: Bootstrapping tablet
I0720 00:35:47.370894 11678 tablet_bootstrap.cc:400] T 297b05026d8d4464aecd40c71d630767 P 3b2a62766e5449f9ae2697a9113d09fb: Deleted tablet blocks from disk
I0720 00:35:47.371105 12461 tablet_bootstrap.cc:400] T 2ca97545415b4d79a8026b4f952f6d92 P ee4ffccf9eb5471297e208d202495ffe: Bootstrap starting.
I0720 00:35:47.371219 12008 catalog_manager.cc:2499] TS 3b2a62766e5449f9ae2697a9113d09fb: tablet 297b05026d8d4464aecd40c71d630767 (table test-table [id=2a30b8d6c8764cdc9573a60ac5f96269]) successfully deleted
I0720 00:35:47.371750 12461 tablet_bootstrap.cc:563] T 2ca97545415b4d79a8026b4f952f6d92 P ee4ffccf9eb5471297e208d202495ffe: Time spent opening tablet: real 0.000s user 0.000s sys 0.000s
I0720 00:35:47.371860 12462 tablet_bootstrap.cc:400] T 2ca97545415b4d79a8026b4f952f6d92 P 3b2a62766e5449f9ae2697a9113d09fb: No bootstrap required, opened a new log
I0720 00:35:47.371902 12462 ts_tablet_manager.cc:636] T 2ca97545415b4d79a8026b4f952f6d92 P 3b2a62766e5449f9ae2697a9113d09fb: Time spent bootstrapping tablet: real 0.004s user 0.000s sys 0.000s
I0720 00:35:47.371899 11922 ts_tablet_manager.cc:970] T 297b05026d8d4464aecd40c71d630767 P bcc77f1560a949c6b130d6b3c67653be: Tablet deleted. Last logged OpId: 1.17
I0720 00:35:47.372197 11922 tablet_bootstrap.cc:400] T 297b05026d8d4464aecd40c71d630767 P bcc77f1560a949c6b130d6b3c67653be: Deleted tablet blocks from disk
I0720 00:35:47.372656 12462 raft_consensus.cc:269] T 2ca97545415b4d79a8026b4f952f6d92 P 3b2a62766e5449f9ae2697a9113d09fb [term 0 FOLLOWER]: Replica starting. Triggering 0 pending transactions. Active config: opid_index: -1 peers { permanent_uuid: "ee4ffccf9eb5471297e208d202495ffe" member_type: VOTER last_known_addr { host: "127.42.236.1" port: 57816 } } peers { permanent_uuid: "3b2a62766e5449f9ae2697a9113d09fb" member_type: VOTER last_known_addr { host: "127.42.236.2" port: 60090 } } peers { permanent_uuid: "bcc77f1560a949c6b130d6b3c67653be" member_type: VOTER last_known_addr { host: "127.42.236.0" port: 42768 } }
I0720 00:35:47.372659 12009 catalog_manager.cc:2499] TS bcc77f1560a949c6b130d6b3c67653be: tablet 297b05026d8d4464aecd40c71d630767 (table test-table [id=2a30b8d6c8764cdc9573a60ac5f96269]) successfully deleted
I0720 00:35:47.372723 12461 tablet_bootstrap.cc:503] T 2ca97545415b4d79a8026b4f952f6d92 P ee4ffccf9eb5471297e208d202495ffe: No blocks or log segments found. Creating new log.
I0720 00:35:47.372733 12462 raft_consensus.cc:301] T 2ca97545415b4d79a8026b4f952f6d92 P 3b2a62766e5449f9ae2697a9113d09fb [term 0 FOLLOWER]: Consensus starting up: Expiring failure detector timer to make a prompt election more likely
I0720 00:35:47.372757 12462 raft_consensus.cc:499] T 2ca97545415b4d79a8026b4f952f6d92 P 3b2a62766e5449f9ae2697a9113d09fb [term 0 FOLLOWER]: Becoming Follower/Learner. State: Replica: 3b2a62766e5449f9ae2697a9113d09fb, State: 1, Role: FOLLOWER Watermarks: {Received: term: 0 index: 0 Committed: term: 0 index: 0}
I0720 00:35:47.372783 12462 consensus_queue.cc:162] T 2ca97545415b4d79a8026b4f952f6d92 P 3b2a62766e5449f9ae2697a9113d09fb [NON_LEADER]: Queue going to NON_LEADER mode. State: All replicated op: 0.0, Majority replicated op: 0.0, Committed index: 0.0, Last appended: 0.0, Current term: 0, Majority size: -1, State: 1, Mode: NON_LEADER
I0720 00:35:47.373092 12462 ts_tablet_manager.cc:663] T 2ca97545415b4d79a8026b4f952f6d92 P 3b2a62766e5449f9ae2697a9113d09fb: Time spent starting tablet: real 0.001s user 0.000s sys 0.000s
I0720 00:35:47.373669 12020 catalog_manager.cc:1856] TS 3b2a62766e5449f9ae2697a9113d09fb does not have the latest schema for tablet 2ca97545415b4d79a8026b4f952f6d92 (table test-table [id=2a30b8d6c8764cdc9573a60ac5f96269]). Expected version 10 got 0
I0720 00:35:47.373976 12461 tablet_bootstrap.cc:400] T 2ca97545415b4d79a8026b4f952f6d92 P ee4ffccf9eb5471297e208d202495ffe: No bootstrap required, opened a new log
I0720 00:35:47.374300 12461 ts_tablet_manager.cc:636] T 2ca97545415b4d79a8026b4f952f6d92 P ee4ffccf9eb5471297e208d202495ffe: Time spent bootstrapping tablet: real 0.003s user 0.000s sys 0.000s
W0720 00:35:47.374889 12020 catalog_manager.cc:2160] Unable to reset TS proxy: Not found: No leader found: Tablet 2ca97545415b4d79a8026b4f952f6d92 consensus state has no leader
W0720 00:35:47.374925 12020 catalog_manager.cc:2770] Failed to send alter table request: Not found: Failed to reset TS proxy: No leader found: Tablet 2ca97545415b4d79a8026b4f952f6d92 consensus state has no leader
I0720 00:35:47.375334 12461 raft_consensus.cc:269] T 2ca97545415b4d79a8026b4f952f6d92 P ee4ffccf9eb5471297e208d202495ffe [term 0 FOLLOWER]: Replica starting. Triggering 0 pending transactions. Active config: opid_index: -1 peers { permanent_uuid: "ee4ffccf9eb5471297e208d202495ffe" member_type: VOTER last_known_addr { host: "127.42.236.1" port: 57816 } } peers { permanent_uuid: "3b2a62766e5449f9ae2697a9113d09fb" member_type: VOTER last_known_addr { host: "127.42.236.2" port: 60090 } } peers { permanent_uuid: "bcc77f1560a949c6b130d6b3c67653be" member_type: VOTER last_known_addr { host: "127.42.236.0" port: 42768 } }
I0720 00:35:47.375391 12461 raft_consensus.cc:301] T 2ca97545415b4d79a8026b4f952f6d92 P ee4ffccf9eb5471297e208d202495ffe [term 0 FOLLOWER]: Consensus starting up: Expiring failure detector timer to make a prompt election more likely
I0720 00:35:47.375416 12461 raft_consensus.cc:499] T 2ca97545415b4d79a8026b4f952f6d92 P ee4ffccf9eb5471297e208d202495ffe [term 0 FOLLOWER]: Becoming Follower/Learner. State: Replica: ee4ffccf9eb5471297e208d202495ffe, State: 1, Role: FOLLOWER Watermarks: {Received: term: 0 index: 0 Committed: term: 0 index: 0}
I0720 00:35:47.375444 12461 consensus_queue.cc:162] T 2ca97545415b4d79a8026b4f952f6d92 P ee4ffccf9eb5471297e208d202495ffe [NON_LEADER]: Queue going to NON_LEADER mode. State: All replicated op: 0.0, Majority replicated op: 0.0, Committed index: 0.0, Last appended: 0.0, Current term: 0, Majority size: -1, State: 1, Mode: NON_LEADER
I0720 00:35:47.375798 12020 catalog_manager.cc:1856] TS 3b2a62766e5449f9ae2697a9113d09fb does not have the latest schema for tablet 2ca97545415b4d79a8026b4f952f6d92 (table test-table [id=2a30b8d6c8764cdc9573a60ac5f96269]). Expected version 10 got 0
I0720 00:35:47.375844 12461 ts_tablet_manager.cc:663] T 2ca97545415b4d79a8026b4f952f6d92 P ee4ffccf9eb5471297e208d202495ffe: Time spent starting tablet: real 0.002s user 0.000s sys 0.000s
W0720 00:35:47.377019 12020 catalog_manager.cc:2160] Unable to reset TS proxy: Not found: No leader found: Tablet 2ca97545415b4d79a8026b4f952f6d92 consensus state has no leader
W0720 00:35:47.377055 12020 catalog_manager.cc:2770] Failed to send alter table request: Not found: Failed to reset TS proxy: No leader found: Tablet 2ca97545415b4d79a8026b4f952f6d92 consensus state has no leader
I0720 00:35:47.377073 12021 catalog_manager.cc:1856] TS ee4ffccf9eb5471297e208d202495ffe does not have the latest schema for tablet 2ca97545415b4d79a8026b4f952f6d92 (table test-table [id=2a30b8d6c8764cdc9573a60ac5f96269]). Expected version 10 got 0
W0720 00:35:47.378286 12021 catalog_manager.cc:2160] Unable to reset TS proxy: Not found: No leader found: Tablet 2ca97545415b4d79a8026b4f952f6d92 consensus state has no leader
W0720 00:35:47.378331 12021 catalog_manager.cc:2770] Failed to send alter table request: Not found: Failed to reset TS proxy: No leader found: Tablet 2ca97545415b4d79a8026b4f952f6d92 consensus state has no leader
I0720 00:35:47.547236 12459 raft_consensus.cc:370] T 2ca97545415b4d79a8026b4f952f6d92 P bcc77f1560a949c6b130d6b3c67653be [term 0 FOLLOWER]: No leader contacted us within the election timeout. Triggering leader election
I0720 00:35:47.547273 12459 raft_consensus.cc:2019] T 2ca97545415b4d79a8026b4f952f6d92 P bcc77f1560a949c6b130d6b3c67653be [term 0 FOLLOWER]: Advancing to term 1
I0720 00:35:47.547853 12459 raft_consensus.cc:1970] T 2ca97545415b4d79a8026b4f952f6d92 P bcc77f1560a949c6b130d6b3c67653be [term 1 FOLLOWER]: Snoozing failure detection for election timeout plus an additional 1.617s
I0720 00:35:47.547922 12459 raft_consensus.cc:386] T 2ca97545415b4d79a8026b4f952f6d92 P bcc77f1560a949c6b130d6b3c67653be [term 1 FOLLOWER]: Starting election with config: opid_index: -1 peers { permanent_uuid: "ee4ffccf9eb5471297e208d202495ffe" member_type: VOTER last_known_addr { host: "127.42.236.1" port: 57816 } } peers { permanent_uuid: "3b2a62766e5449f9ae2697a9113d09fb" member_type: VOTER last_known_addr { host: "127.42.236.2" port: 60090 } } peers { permanent_uuid: "bcc77f1560a949c6b130d6b3c67653be" member_type: VOTER last_known_addr { host: "127.42.236.0" port: 42768 } }
I0720 00:35:47.548872 12459 leader_election.cc:223] T 2ca97545415b4d79a8026b4f952f6d92 P bcc77f1560a949c6b130d6b3c67653be [CANDIDATE]: Term 1 election: Requesting vote from peer ee4ffccf9eb5471297e208d202495ffe
I0720 00:35:47.548962 12459 leader_election.cc:223] T 2ca97545415b4d79a8026b4f952f6d92 P bcc77f1560a949c6b130d6b3c67653be [CANDIDATE]: Term 1 election: Requesting vote from peer 3b2a62766e5449f9ae2697a9113d09fb
I0720 00:35:47.549357 12221 raft_consensus.cc:2019] T 2ca97545415b4d79a8026b4f952f6d92 P ee4ffccf9eb5471297e208d202495ffe [term 0 FOLLOWER]: Advancing to term 1
I0720 00:35:47.549428 11697 raft_consensus.cc:2019] T 2ca97545415b4d79a8026b4f952f6d92 P 3b2a62766e5449f9ae2697a9113d09fb [term 0 FOLLOWER]: Advancing to term 1
I0720 00:35:47.549839 12221 raft_consensus.cc:1970] T 2ca97545415b4d79a8026b4f952f6d92 P ee4ffccf9eb5471297e208d202495ffe [term 1 FOLLOWER]: Snoozing failure detection for election timeout plus an additional 1.535s
I0720 00:35:47.549929 11697 raft_consensus.cc:1970] T 2ca97545415b4d79a8026b4f952f6d92 P 3b2a62766e5449f9ae2697a9113d09fb [term 1 FOLLOWER]: Snoozing failure detection for election timeout plus an additional 1.619s
I0720 00:35:47.550367 12221 raft_consensus.cc:1677] T 2ca97545415b4d79a8026b4f952f6d92 P ee4ffccf9eb5471297e208d202495ffe [term 1 FOLLOWER]: Leader election vote request: Granting yes vote for candidate bcc77f1560a949c6b130d6b3c67653be in term 1.
I0720 00:35:47.550413 11697 raft_consensus.cc:1677] T 2ca97545415b4d79a8026b4f952f6d92 P 3b2a62766e5449f9ae2697a9113d09fb [term 1 FOLLOWER]: Leader election vote request: Granting yes vote for candidate bcc77f1560a949c6b130d6b3c67653be in term 1.
I0720 00:35:47.550600 11876 leader_election.cc:347] T 2ca97545415b4d79a8026b4f952f6d92 P bcc77f1560a949c6b130d6b3c67653be [CANDIDATE]: Term 1 election: Vote granted by peer 3b2a62766e5449f9ae2697a9113d09fb
I0720 00:35:47.550714 11876 leader_election.cc:248] T 2ca97545415b4d79a8026b4f952f6d92 P bcc77f1560a949c6b130d6b3c67653be [CANDIDATE]: Term 1 election: Election decided. Result: candidate won.
I0720 00:35:47.550735 11878 leader_election.cc:347] T 2ca97545415b4d79a8026b4f952f6d92 P bcc77f1560a949c6b130d6b3c67653be [CANDIDATE]: Term 1 election: Vote granted by peer ee4ffccf9eb5471297e208d202495ffe
I0720 00:35:47.550846 12460 raft_consensus.cc:1970] T 2ca97545415b4d79a8026b4f952f6d92 P bcc77f1560a949c6b130d6b3c67653be [term 1 FOLLOWER]: Snoozing failure detection for election timeout plus an additional 1.502s
I0720 00:35:47.550876 12460 raft_consensus.cc:1859] T 2ca97545415b4d79a8026b4f952f6d92 P bcc77f1560a949c6b130d6b3c67653be [term 1 FOLLOWER]: Leader election won for term 1
I0720 00:35:47.551131 12460 raft_consensus.cc:464] T 2ca97545415b4d79a8026b4f952f6d92 P bcc77f1560a949c6b130d6b3c67653be [term 1 LEADER]: Becoming Leader. State: Replica: bcc77f1560a949c6b130d6b3c67653be, State: 1, Role: LEADER Watermarks: {Received: term: 0 index: 0 Committed: term: 0 index: 0}
I0720 00:35:47.551236 12460 consensus_queue.cc:145] T 2ca97545415b4d79a8026b4f952f6d92 P bcc77f1560a949c6b130d6b3c67653be [LEADER]: Queue going to LEADER mode. State: All replicated op: 0.0, Majority replicated op: 0.0, Committed index: 0.0, Last appended: 0.0, Current term: 1, Majority size: 2, State: 1, Mode: LEADER, active raft config: opid_index: -1 peers { permanent_uuid: "ee4ffccf9eb5471297e208d202495ffe" member_type: VOTER last_known_addr { host: "127.42.236.1" port: 57816 } } peers { permanent_uuid: "3b2a62766e5449f9ae2697a9113d09fb" member_type: VOTER last_known_addr { host: "127.42.236.2" port: 60090 } } peers { permanent_uuid: "bcc77f1560a949c6b130d6b3c67653be" member_type: VOTER last_known_addr { host: "127.42.236.0" port: 42768 } }
I0720 00:35:47.552500 12021 catalog_manager.cc:1856] TS bcc77f1560a949c6b130d6b3c67653be does not have the latest schema for tablet 2ca97545415b4d79a8026b4f952f6d92 (table test-table [id=2a30b8d6c8764cdc9573a60ac5f96269]). Expected version 10 got 0
I0720 00:35:47.552608 12021 catalog_manager.cc:1957] Tablet: 2ca97545415b4d79a8026b4f952f6d92 reported consensus state change. New consensus state: current_term: 1 leader_uuid: "bcc77f1560a949c6b130d6b3c67653be" config { opid_index: -1 peers { permanent_uuid: "ee4ffccf9eb5471297e208d202495ffe" member_type: VOTER last_known_addr { host: "127.42.236.1" port: 57816 } } peers { permanent_uuid: "3b2a62766e5449f9ae2697a9113d09fb" member_type: VOTER last_known_addr { host: "127.42.236.2" port: 60090 } } peers { permanent_uuid: "bcc77f1560a949c6b130d6b3c67653be" member_type: VOTER last_known_addr { host: "127.42.236.0" port: 42768 } } }
I0720 00:35:47.555999 11697 raft_consensus.cc:869] T 2ca97545415b4d79a8026b4f952f6d92 P 3b2a62766e5449f9ae2697a9113d09fb [term 1 FOLLOWER]: Refusing update from remote peer bcc77f1560a949c6b130d6b3c67653be: Log matching property violated. Preceding OpId in replica: term: 0 index: 0. Preceding OpId from leader: term: 1 index: 2. (index mismatch)
I0720 00:35:47.556007 12221 raft_consensus.cc:869] T 2ca97545415b4d79a8026b4f952f6d92 P ee4ffccf9eb5471297e208d202495ffe [term 1 FOLLOWER]: Refusing update from remote peer bcc77f1560a949c6b130d6b3c67653be: Log matching property violated. Preceding OpId in replica: term: 0 index: 0. Preceding OpId from leader: term: 1 index: 2. (index mismatch)
I0720 00:35:47.556296 12471 consensus_queue.cc:578] T 2ca97545415b4d79a8026b4f952f6d92 P bcc77f1560a949c6b130d6b3c67653be [LEADER]: Connected to new peer: Peer: ee4ffccf9eb5471297e208d202495ffe, Is new: false, Last received: 0.0, Next index: 1, Last known committed idx: 0, Last exchange result: ERROR, Needs remote bootstrap: false
I0720 00:35:47.556341 12460 consensus_queue.cc:578] T 2ca97545415b4d79a8026b4f952f6d92 P bcc77f1560a949c6b130d6b3c67653be [LEADER]: Connected to new peer: Peer: 3b2a62766e5449f9ae2697a9113d09fb, Is new: false, Last received: 0.0, Next index: 1, Last known committed idx: 0, Last exchange result: ERROR, Needs remote bootstrap: false
I0720 00:35:47.558099 12021 catalog_manager.cc:1856] TS ee4ffccf9eb5471297e208d202495ffe does not have the latest schema for tablet 2ca97545415b4d79a8026b4f952f6d92 (table test-table [id=2a30b8d6c8764cdc9573a60ac5f96269]). Expected version 10 got 0
I0720 00:35:47.558125 12474 raft_consensus_state.cc:534] T 2ca97545415b4d79a8026b4f952f6d92 P bcc77f1560a949c6b130d6b3c67653be [term 1 LEADER]: Advanced the committed_index across terms. Last committed operation was: term: 0 index: 0 New committed index is: term: 1 index: 2
I0720 00:35:47.558257 12293 tablet.cc:824] T 2ca97545415b4d79a8026b4f952f6d92 Alter schema from Schema [ 10:key[int32 NOT NULL], 21:c673[int32 NOT NULL], 22:c65[int32 NULLABLE] ] version 0 to Schema [ 10:key[int32 NOT NULL], 21:c673[int32 NOT NULL], 22:c65[int32 NULLABLE] ] version 10
I0720 00:35:47.558928 12366 tablet.cc:824] T 2ca97545415b4d79a8026b4f952f6d92 Alter schema from Schema [ 10:key[int32 NOT NULL], 21:c673[int32 NOT NULL], 22:c65[int32 NULLABLE] ] version 0 to Schema [ 10:key[int32 NOT NULL], 21:c673[int32 NOT NULL], 22:c65[int32 NULLABLE] ] version 10
I0720 00:35:47.559895 12020 catalog_manager.cc:1856] TS 3b2a62766e5449f9ae2697a9113d09fb does not have the latest schema for tablet 2ca97545415b4d79a8026b4f952f6d92 (table test-table [id=2a30b8d6c8764cdc9573a60ac5f96269]). Expected version 10 got 0
I0720 00:35:47.564062 12021 catalog_manager.cc:2970] test-table [id=2a30b8d6c8764cdc9573a60ac5f96269] - Alter table completed version=10
I0720 00:35:47.607830 12440 tablet.cc:824] T 2ca97545415b4d79a8026b4f952f6d92 Alter schema from Schema [ 10:key[int32 NOT NULL], 21:c673[int32 NOT NULL], 22:c65[int32 NULLABLE] ] version 0 to Schema [ 10:key[int32 NOT NULL], 21:c673[int32 NOT NULL], 22:c65[int32 NULLABLE] ] version 10
I0720 00:35:47.768615 10988 alter_table-randomized-test.cc:390] Beginning Alterations
I0720 00:35:47.769368 10988 alter_table-randomized-test.cc:471] Dropping range partition: [1744830438, 1811939301) resulting partitions: ()
I0720 00:35:47.769402 10988 alter_table-randomized-test.cc:439] Dropping column c673, existing columns: key, c673, c65
I0720 00:35:47.769418 10988 alter_table-randomized-test.cc:455] Adding range partition: [1140850671, 1207959534) resulting partitions: (1140850671, 1207959534)
I0720 00:35:47.769435 10988 alter_table-randomized-test.cc:455] Adding range partition: [1073741808, 1140850671) resulting partitions: (1073741808, 1140850671], (1140850671, 1207959534)
I0720 00:35:47.769448 10988 alter_table-randomized-test.cc:455] Adding range partition: [1342177260, 1409286123) resulting partitions: (1073741808, 1140850671], (1140850671, 1207959534], (1342177260, 1409286123)
I0720 00:35:47.769461 10988 alter_table-randomized-test.cc:471] Dropping range partition: [1342177260, 1409286123) resulting partitions: (1073741808, 1140850671], (1140850671, 1207959534)
I0720 00:35:47.769472 10988 alter_table-randomized-test.cc:439] Dropping column c65, existing columns: key, c65
I0720 00:35:47.769479 10988 alter_table-randomized-test.cc:455] Adding range partition: [134217726, 201326589) resulting partitions: (134217726, 201326589], (1073741808, 1140850671], (1140850671, 1207959534)
I0720 00:35:47.769491 10988 alter_table-randomized-test.cc:455] Adding range partition: [1811939301, 1879048164) resulting partitions: (134217726, 201326589], (1073741808, 1140850671], (1140850671, 1207959534], (1811939301, 1879048164)
I0720 00:35:47.769503 10988 alter_table-randomized-test.cc:412] Committing Alterations
I0720 00:35:47.770043 12022 catalog_manager.cc:1359] Servicing AlterTable request from {real_user=slave, eff_user=} at 127.0.0.1:46073: table { table_name: "test-table" } alter_schema_steps { type: DROP_RANGE_PARTITION drop_range_partition { range_bounds { rows: "\006\001\000\346\377\377g\007\001\000\345\377\377k" } } } alter_schema_steps { type: DROP_COLUMN drop_column { name: "c673" } } alter_schema_steps { type: ADD_RANGE_PARTITION add_range_partition { range_bounds { rows: "\006\001\000\357\377\377C\007\001\000\356\377\377G" } } } alter_schema_steps { type: ADD_RANGE_PARTITION add_range_partition { range_bounds { rows: "\006\001\000\360\377\377?\007\001\000\357\377\377C" } } } alter_schema_steps { type: ADD_RANGE_PARTITION add_range_partition { range_bounds { rows: "\006\001\000\354\377\377O\007\001\000\353\377\377S" } } } alter_schema_steps { type: DROP_RANGE_PARTITION drop_range_partition { range_bounds { rows: "\006\001\000\354\377\377O\007\001\000\353\377\377S" } } } alter_schema_steps { type: DROP_COLUMN drop_column { name: "c65" } } alter_schema_steps { type: ADD_RANGE_PARTITION add_range_partition { range_bounds { rows: "\006\001\000\376\377\377\007\007\001\000\375\377\377\013" } } } alter_schema_steps { type: ADD_RANGE_PARTITION add_range_partition { range_bounds { rows: "\006\001\000\345\377\377k\007\001\000\344\377\377o" } } } schema { columns { name: "key" type: INT32 is_key: true is_nullable: false encoding: AUTO_ENCODING compression: DEFAULT_COMPRESSION cfile_block_size: 0 } columns { name: "c673" type: INT32 is_key: false is_nullable: false read_default_value: "\201\223e\004" write_default_value: "\201\223e\004" encoding: AUTO_ENCODING compression: DEFAULT_COMPRESSION cfile_block_size: 0 } columns { name: "c65" type: INT32 is_key: false is_nullable: true encoding: AUTO_ENCODING compression: DEFAULT_COMPRESSION cfile_block_size: 0 } }
W0720 00:35:47.773195 12022 catalog_manager.cc:2160] Unable to reset TS proxy: Not found: No leader found: Tablet 012cb2e3fa664bc6be77fb45b81fffc0 has no consensus state
W0720 00:35:47.773236 12022 catalog_manager.cc:2770] Failed to send alter table request: Not found: Failed to reset TS proxy: No leader found: Tablet 012cb2e3fa664bc6be77fb45b81fffc0 has no consensus state
W0720 00:35:47.773273 12022 catalog_manager.cc:2160] Unable to reset TS proxy: Not found: No leader found: Tablet 304f195d847441e5a3daabaa3158a7fa has no consensus state
W0720 00:35:47.773289 12022 catalog_manager.cc:2770] Failed to send alter table request: Not found: Failed to reset TS proxy: No leader found: Tablet 304f195d847441e5a3daabaa3158a7fa has no consensus state
W0720 00:35:47.773319 12022 catalog_manager.cc:2160] Unable to reset TS proxy: Not found: No leader found: Tablet fb14d4878a6441df8d5ab1d6802492fb has no consensus state
W0720 00:35:47.773330 12022 catalog_manager.cc:2770] Failed to send alter table request: Not found: Failed to reset TS proxy: No leader found: Tablet fb14d4878a6441df8d5ab1d6802492fb has no consensus state
W0720 00:35:47.773358 12022 catalog_manager.cc:2160] Unable to reset TS proxy: Not found: No leader found: Tablet 5283371ecd56452fbd2f2519ee898d44 has no consensus state
W0720 00:35:47.773375 12022 catalog_manager.cc:2770] Failed to send alter table request: Not found: Failed to reset TS proxy: No leader found: Tablet 5283371ecd56452fbd2f2519ee898d44 has no consensus state
I0720 00:35:47.773411 12022 catalog_manager.cc:2796] Sending DeleteTablet for 3 replicas of tablet 2ca97545415b4d79a8026b4f952f6d92
I0720 00:35:47.773427 12022 catalog_manager.cc:2812] T 00000000000000000000000000000000 P 1045dd375010469d9a77d8d8f93d4562: Deleting tablet 2ca97545415b4d79a8026b4f952f6d92 on peer ee4ffccf9eb5471297e208d202495ffe with delete type TABLET_DATA_DELETED (Partition dropped at 2016-07-20 00:35:47 UTC)
I0720 00:35:47.773494 12022 catalog_manager.cc:2812] T 00000000000000000000000000000000 P 1045dd375010469d9a77d8d8f93d4562: Deleting tablet 2ca97545415b4d79a8026b4f952f6d92 on peer 3b2a62766e5449f9ae2697a9113d09fb with delete type TABLET_DATA_DELETED (Partition dropped at 2016-07-20 00:35:47 UTC)
I0720 00:35:47.773627 12022 catalog_manager.cc:2812] T 00000000000000000000000000000000 P 1045dd375010469d9a77d8d8f93d4562: Deleting tablet 2ca97545415b4d79a8026b4f952f6d92 on peer bcc77f1560a949c6b130d6b3c67653be with delete type TABLET_DATA_DELETED (Partition dropped at 2016-07-20 00:35:47 UTC)
I0720 00:35:47.773756 12197 tablet_service.cc:651] Processing DeleteTablet for tablet 2ca97545415b4d79a8026b4f952f6d92 with delete_type TABLET_DATA_DELETED (Partition dropped at 2016-07-20 00:35:47 UTC) from {real_user=slave, eff_user=} at 127.0.0.1:60329
I0720 00:35:47.773782 11678 tablet_service.cc:651] Processing DeleteTablet for tablet 2ca97545415b4d79a8026b4f952f6d92 with delete_type TABLET_DATA_DELETED (Partition dropped at 2016-07-20 00:35:47 UTC) from {real_user=slave, eff_user=} at 127.0.0.1:56657
I0720 00:35:47.773797 12197 tablet_peer.cc:214] Initiating TabletPeer shutdown for tablet: 2ca97545415b4d79a8026b4f952f6d92
I0720 00:35:47.773816 11678 tablet_peer.cc:214] Initiating TabletPeer shutdown for tablet: 2ca97545415b4d79a8026b4f952f6d92
I0720 00:35:47.773879 12197 maintenance_manager.cc:176] Unregistered op CompactRowSetsOp(2ca97545415b4d79a8026b4f952f6d92)
I0720 00:35:47.773885 11678 maintenance_manager.cc:176] Unregistered op CompactRowSetsOp(2ca97545415b4d79a8026b4f952f6d92)
I0720 00:35:47.773895 12197 maintenance_manager.cc:176] Unregistered op MinorDeltaCompactionOp(2ca97545415b4d79a8026b4f952f6d92)
