I0720 00:35:59.167347 13794 multi_column_writer.cc:85] Opened CFile writer for column key[int32 NOT NULL]
I0720 00:35:59.170151 13794 tablet.cc:1318] T fb14d4878a6441df8d5ab1d6802492fb Flush: entering phase 2 (starting to duplicate updates in new rowsets)
I0720 00:35:59.170325 13794 tablet.cc:1373] T fb14d4878a6441df8d5ab1d6802492fb Flush Phase 2: carrying over any updates which arrived during Phase 1
I0720 00:35:59.170393 13794 tablet.cc:1375] T fb14d4878a6441df8d5ab1d6802492fb Phase 2 snapshot: MvccSnapshot[committed={T|T < 6016921432470552576}]
I0720 00:35:59.171800 13794 tablet.cc:1416] T fb14d4878a6441df8d5ab1d6802492fb Flush successful on 2 rows (4202 bytes)
I0720 00:35:59.171890 13803 ts_tablet_manager.cc:663] T 2cb397eb20544e5083a66377d9e81ed7 P bcc77f1560a949c6b130d6b3c67653be: Time spent starting tablet: real 0.016s user 0.000s sys 0.000s
W0720 00:35:59.173426 12022 catalog_manager.cc:2160] Unable to reset TS proxy: Not found: No leader found: Tablet 7e03f0ba978b40fd85393c9e21af5abd consensus state has no leader
W0720 00:35:59.173506 12022 catalog_manager.cc:2770] Failed to send alter table request: Not found: Failed to reset TS proxy: No leader found: Tablet 7e03f0ba978b40fd85393c9e21af5abd consensus state has no leader
I0720 00:35:59.174337 13782 tablet.cc:1318] T f6e9db4a1f1644b4a3b1935d19395232 Flush: entering phase 2 (starting to duplicate updates in new rowsets)
I0720 00:35:59.174477 13782 tablet.cc:1373] T f6e9db4a1f1644b4a3b1935d19395232 Flush Phase 2: carrying over any updates which arrived during Phase 1
I0720 00:35:59.174499 13782 tablet.cc:1375] T f6e9db4a1f1644b4a3b1935d19395232 Phase 2 snapshot: MvccSnapshot[committed={T|T < 6016921432417435648}]
I0720 00:35:59.174674 12023 catalog_manager.cc:1856] TS ee4ffccf9eb5471297e208d202495ffe does not have the latest schema for tablet 7e03f0ba978b40fd85393c9e21af5abd (table test-table [id=2a30b8d6c8764cdc9573a60ac5f96269]). Expected version 17 got 0
I0720 00:35:59.176031 13811 tablet.cc:1318] T f6e9db4a1f1644b4a3b1935d19395232 Flush: entering phase 2 (starting to duplicate updates in new rowsets)
I0720 00:35:59.176178 13811 tablet.cc:1373] T f6e9db4a1f1644b4a3b1935d19395232 Flush Phase 2: carrying over any updates which arrived during Phase 1
I0720 00:35:59.176208 13811 tablet.cc:1375] T f6e9db4a1f1644b4a3b1935d19395232 Phase 2 snapshot: MvccSnapshot[committed={T|T < 6016921432417435648}]
I0720 00:35:59.178248 13660 tablet_service.cc:651] Processing DeleteTablet for tablet d52f7cf5517746b3855ab5de02429c7b with delete_type TABLET_DATA_DELETED (Partition dropped at 2016-07-20 00:35:59 UTC) from {real_user=slave, eff_user=} at 127.0.0.1:56678
I0720 00:35:59.178333 13660 tablet_peer.cc:214] Initiating TabletPeer shutdown for tablet: d52f7cf5517746b3855ab5de02429c7b
I0720 00:35:59.178462 13660 maintenance_manager.cc:176] Unregistered op CompactRowSetsOp(d52f7cf5517746b3855ab5de02429c7b)
I0720 00:35:59.178510 13660 maintenance_manager.cc:176] Unregistered op MinorDeltaCompactionOp(d52f7cf5517746b3855ab5de02429c7b)
I0720 00:35:59.178537 13660 maintenance_manager.cc:176] Unregistered op MajorDeltaCompactionOp(d52f7cf5517746b3855ab5de02429c7b)
I0720 00:35:59.178593 13660 maintenance_manager.cc:176] Unregistered op FlushMRSOp(d52f7cf5517746b3855ab5de02429c7b)
I0720 00:35:59.178622 13660 maintenance_manager.cc:176] Unregistered op FlushDeltaMemStoresOp(d52f7cf5517746b3855ab5de02429c7b)
I0720 00:35:59.178647 13660 maintenance_manager.cc:176] Unregistered op LogGCOp(d52f7cf5517746b3855ab5de02429c7b)
I0720 00:35:59.178692 13660 raft_consensus.cc:1495] T d52f7cf5517746b3855ab5de02429c7b P 3b2a62766e5449f9ae2697a9113d09fb [term 2 FOLLOWER]: Raft consensus shutting down.
I0720 00:35:59.178794 13660 raft_consensus.cc:1511] T d52f7cf5517746b3855ab5de02429c7b P 3b2a62766e5449f9ae2697a9113d09fb [term 2 FOLLOWER]: Raft consensus is shut down!
I0720 00:35:59.179039 12022 catalog_manager.cc:1856] TS bcc77f1560a949c6b130d6b3c67653be does not have the latest schema for tablet 2cb397eb20544e5083a66377d9e81ed7 (table test-table [id=2a30b8d6c8764cdc9573a60ac5f96269]). Expected version 17 got 0
I0720 00:35:59.179265 13659 tablet_service.cc:610] Processing CreateTablet for tablet 7e03f0ba978b40fd85393c9e21af5abd (table=test-table [id=2a30b8d6c8764cdc9573a60ac5f96269]), partition=range: [(int32 key=738197493), (int32 key=805306356))
I0720 00:35:59.180477 13782 tablet.cc:1416] T f6e9db4a1f1644b4a3b1935d19395232 Flush successful on 3 rows (4206 bytes)
I0720 00:35:59.180575 13659 ts_tablet_manager.cc:765] Registered tablet 7e03f0ba978b40fd85393c9e21af5abd
I0720 00:35:59.181071 13658 tablet_service.cc:610] Processing CreateTablet for tablet 2cb397eb20544e5083a66377d9e81ed7 (table=test-table [id=2a30b8d6c8764cdc9573a60ac5f96269]), partition=range: [(int32 key=872415219), (int32 key=939524082))
W0720 00:35:59.181314 12023 catalog_manager.cc:2160] Unable to reset TS proxy: Not found: No leader found: Tablet 7e03f0ba978b40fd85393c9e21af5abd consensus state has no leader
W0720 00:35:59.181349 12023 catalog_manager.cc:2770] Failed to send alter table request: Not found: Failed to reset TS proxy: No leader found: Tablet 7e03f0ba978b40fd85393c9e21af5abd consensus state has no leader
I0720 00:35:59.182149 13658 ts_tablet_manager.cc:765] Registered tablet 2cb397eb20544e5083a66377d9e81ed7
I0720 00:35:59.183900 13660 ts_tablet_manager.cc:960] T d52f7cf5517746b3855ab5de02429c7b P 3b2a62766e5449f9ae2697a9113d09fb: Deleting tablet data with delete state TABLET_DATA_DELETED
I0720 00:35:59.184980 13660 ts_tablet_manager.cc:970] T d52f7cf5517746b3855ab5de02429c7b P 3b2a62766e5449f9ae2697a9113d09fb: Tablet deleted. Last logged OpId: 1.3
I0720 00:35:59.185463 13660 tablet_bootstrap.cc:400] T d52f7cf5517746b3855ab5de02429c7b P 3b2a62766e5449f9ae2697a9113d09fb: Deleted tablet blocks from disk
I0720 00:35:59.186305 12008 catalog_manager.cc:2499] TS 3b2a62766e5449f9ae2697a9113d09fb: tablet d52f7cf5517746b3855ab5de02429c7b (table test-table [id=2a30b8d6c8764cdc9573a60ac5f96269]) successfully deleted
I0720 00:35:59.187141 13833 ts_tablet_manager.cc:631] T 7e03f0ba978b40fd85393c9e21af5abd P 3b2a62766e5449f9ae2697a9113d09fb: Bootstrapping tablet
I0720 00:35:59.187479 13833 tablet_bootstrap.cc:400] T 7e03f0ba978b40fd85393c9e21af5abd P 3b2a62766e5449f9ae2697a9113d09fb: Bootstrap starting.
I0720 00:35:59.188408 13833 tablet_bootstrap.cc:563] T 7e03f0ba978b40fd85393c9e21af5abd P 3b2a62766e5449f9ae2697a9113d09fb: Time spent opening tablet: real 0.000s user 0.000s sys 0.000s
I0720 00:35:59.188613 13833 tablet_bootstrap.cc:503] T 7e03f0ba978b40fd85393c9e21af5abd P 3b2a62766e5449f9ae2697a9113d09fb: No blocks or log segments found. Creating new log.
W0720 00:35:59.188724 12022 catalog_manager.cc:2160] Unable to reset TS proxy: Not found: No leader found: Tablet 2cb397eb20544e5083a66377d9e81ed7 consensus state has no leader
W0720 00:35:59.188791 12022 catalog_manager.cc:2770] Failed to send alter table request: Not found: Failed to reset TS proxy: No leader found: Tablet 2cb397eb20544e5083a66377d9e81ed7 consensus state has no leader
I0720 00:35:59.190235 13811 tablet.cc:1416] T f6e9db4a1f1644b4a3b1935d19395232 Flush successful on 3 rows (4206 bytes)
I0720 00:35:59.195662 13800 tablet_bootstrap.cc:400] T 2cb397eb20544e5083a66377d9e81ed7 P ee4ffccf9eb5471297e208d202495ffe: No bootstrap required, opened a new log
I0720 00:35:59.195720 13800 ts_tablet_manager.cc:636] T 2cb397eb20544e5083a66377d9e81ed7 P ee4ffccf9eb5471297e208d202495ffe: Time spent bootstrapping tablet: real 0.030s user 0.004s sys 0.000s
I0720 00:35:59.199667 13800 raft_consensus.cc:269] T 2cb397eb20544e5083a66377d9e81ed7 P ee4ffccf9eb5471297e208d202495ffe [term 0 FOLLOWER]: Replica starting. Triggering 0 pending transactions. Active config: opid_index: -1 peers { permanent_uuid: "ee4ffccf9eb5471297e208d202495ffe" member_type: VOTER last_known_addr { host: "127.42.236.1" port: 57816 } } peers { permanent_uuid: "3b2a62766e5449f9ae2697a9113d09fb" member_type: VOTER last_known_addr { host: "127.42.236.2" port: 60090 } } peers { permanent_uuid: "bcc77f1560a949c6b130d6b3c67653be" member_type: VOTER last_known_addr { host: "127.42.236.0" port: 42768 } }
I0720 00:35:59.199731 13800 raft_consensus.cc:301] T 2cb397eb20544e5083a66377d9e81ed7 P ee4ffccf9eb5471297e208d202495ffe [term 0 FOLLOWER]: Consensus starting up: Expiring failure detector timer to make a prompt election more likely
I0720 00:35:59.199782 13800 raft_consensus.cc:499] T 2cb397eb20544e5083a66377d9e81ed7 P ee4ffccf9eb5471297e208d202495ffe [term 0 FOLLOWER]: Becoming Follower/Learner. State: Replica: ee4ffccf9eb5471297e208d202495ffe, State: 1, Role: FOLLOWER Watermarks: {Received: term: 0 index: 0 Committed: term: 0 index: 0}
I0720 00:35:59.199844 13800 consensus_queue.cc:162] T 2cb397eb20544e5083a66377d9e81ed7 P ee4ffccf9eb5471297e208d202495ffe [NON_LEADER]: Queue going to NON_LEADER mode. State: All replicated op: 0.0, Majority replicated op: 0.0, Committed index: 0.0, Last appended: 0.0, Current term: 0, Majority size: -1, State: 1, Mode: NON_LEADER
I0720 00:35:59.203593 13833 tablet_bootstrap.cc:400] T 7e03f0ba978b40fd85393c9e21af5abd P 3b2a62766e5449f9ae2697a9113d09fb: No bootstrap required, opened a new log
I0720 00:35:59.203646 13833 ts_tablet_manager.cc:636] T 7e03f0ba978b40fd85393c9e21af5abd P 3b2a62766e5449f9ae2697a9113d09fb: Time spent bootstrapping tablet: real 0.016s user 0.000s sys 0.000s
I0720 00:35:59.204627 13800 ts_tablet_manager.cc:663] T 2cb397eb20544e5083a66377d9e81ed7 P ee4ffccf9eb5471297e208d202495ffe: Time spent starting tablet: real 0.009s user 0.004s sys 0.000s
I0720 00:35:59.205070 12023 catalog_manager.cc:1856] TS ee4ffccf9eb5471297e208d202495ffe does not have the latest schema for tablet 2cb397eb20544e5083a66377d9e81ed7 (table test-table [id=2a30b8d6c8764cdc9573a60ac5f96269]). Expected version 17 got 0
W0720 00:35:59.207038 12023 catalog_manager.cc:2160] Unable to reset TS proxy: Not found: No leader found: Tablet 2cb397eb20544e5083a66377d9e81ed7 consensus state has no leader
W0720 00:35:59.207073 12023 catalog_manager.cc:2770] Failed to send alter table request: Not found: Failed to reset TS proxy: No leader found: Tablet 2cb397eb20544e5083a66377d9e81ed7 consensus state has no leader
I0720 00:35:59.207720 13833 raft_consensus.cc:269] T 7e03f0ba978b40fd85393c9e21af5abd P 3b2a62766e5449f9ae2697a9113d09fb [term 0 FOLLOWER]: Replica starting. Triggering 0 pending transactions. Active config: opid_index: -1 peers { permanent_uuid: "ee4ffccf9eb5471297e208d202495ffe" member_type: VOTER last_known_addr { host: "127.42.236.1" port: 57816 } } peers { permanent_uuid: "3b2a62766e5449f9ae2697a9113d09fb" member_type: VOTER last_known_addr { host: "127.42.236.2" port: 60090 } } peers { permanent_uuid: "bcc77f1560a949c6b130d6b3c67653be" member_type: VOTER last_known_addr { host: "127.42.236.0" port: 42768 } }
I0720 00:35:59.207785 13833 raft_consensus.cc:301] T 7e03f0ba978b40fd85393c9e21af5abd P 3b2a62766e5449f9ae2697a9113d09fb [term 0 FOLLOWER]: Consensus starting up: Expiring failure detector timer to make a prompt election more likely
I0720 00:35:59.207828 13833 raft_consensus.cc:499] T 7e03f0ba978b40fd85393c9e21af5abd P 3b2a62766e5449f9ae2697a9113d09fb [term 0 FOLLOWER]: Becoming Follower/Learner. State: Replica: 3b2a62766e5449f9ae2697a9113d09fb, State: 1, Role: FOLLOWER Watermarks: {Received: term: 0 index: 0 Committed: term: 0 index: 0}
I0720 00:35:59.207880 13833 consensus_queue.cc:162] T 7e03f0ba978b40fd85393c9e21af5abd P 3b2a62766e5449f9ae2697a9113d09fb [NON_LEADER]: Queue going to NON_LEADER mode. State: All replicated op: 0.0, Majority replicated op: 0.0, Committed index: 0.0, Last appended: 0.0, Current term: 0, Majority size: -1, State: 1, Mode: NON_LEADER
I0720 00:35:59.208290 12023 catalog_manager.cc:1856] TS ee4ffccf9eb5471297e208d202495ffe does not have the latest schema for tablet 2cb397eb20544e5083a66377d9e81ed7 (table test-table [id=2a30b8d6c8764cdc9573a60ac5f96269]). Expected version 17 got 0
W0720 00:35:59.210539 12023 catalog_manager.cc:2160] Unable to reset TS proxy: Not found: No leader found: Tablet 2cb397eb20544e5083a66377d9e81ed7 consensus state has no leader
W0720 00:35:59.210573 12023 catalog_manager.cc:2770] Failed to send alter table request: Not found: Failed to reset TS proxy: No leader found: Tablet 2cb397eb20544e5083a66377d9e81ed7 consensus state has no leader
I0720 00:35:59.211881 13833 ts_tablet_manager.cc:663] T 7e03f0ba978b40fd85393c9e21af5abd P 3b2a62766e5449f9ae2697a9113d09fb: Time spent starting tablet: real 0.008s user 0.000s sys 0.004s
I0720 00:35:59.211959 13833 ts_tablet_manager.cc:631] T 2cb397eb20544e5083a66377d9e81ed7 P 3b2a62766e5449f9ae2697a9113d09fb: Bootstrapping tablet
I0720 00:35:59.212247 13833 tablet_bootstrap.cc:400] T 2cb397eb20544e5083a66377d9e81ed7 P 3b2a62766e5449f9ae2697a9113d09fb: Bootstrap starting.
I0720 00:35:59.212985 12023 catalog_manager.cc:1856] TS 3b2a62766e5449f9ae2697a9113d09fb does not have the latest schema for tablet 7e03f0ba978b40fd85393c9e21af5abd (table test-table [id=2a30b8d6c8764cdc9573a60ac5f96269]). Expected version 17 got 0
I0720 00:35:59.213084 13833 tablet_bootstrap.cc:563] T 2cb397eb20544e5083a66377d9e81ed7 P 3b2a62766e5449f9ae2697a9113d09fb: Time spent opening tablet: real 0.000s user 0.000s sys 0.000s
I0720 00:35:59.213268 13833 tablet_bootstrap.cc:503] T 2cb397eb20544e5083a66377d9e81ed7 P 3b2a62766e5449f9ae2697a9113d09fb: No blocks or log segments found. Creating new log.
W0720 00:35:59.215800 12023 catalog_manager.cc:2160] Unable to reset TS proxy: Not found: No leader found: Tablet 7e03f0ba978b40fd85393c9e21af5abd consensus state has no leader
W0720 00:35:59.215848 12023 catalog_manager.cc:2770] Failed to send alter table request: Not found: Failed to reset TS proxy: No leader found: Tablet 7e03f0ba978b40fd85393c9e21af5abd consensus state has no leader
I0720 00:35:59.217092 12023 catalog_manager.cc:1856] TS 3b2a62766e5449f9ae2697a9113d09fb does not have the latest schema for tablet 7e03f0ba978b40fd85393c9e21af5abd (table test-table [id=2a30b8d6c8764cdc9573a60ac5f96269]). Expected version 17 got 0
W0720 00:35:59.219471 12023 catalog_manager.cc:2160] Unable to reset TS proxy: Not found: No leader found: Tablet 7e03f0ba978b40fd85393c9e21af5abd consensus state has no leader
W0720 00:35:59.219519 12023 catalog_manager.cc:2770] Failed to send alter table request: Not found: Failed to reset TS proxy: No leader found: Tablet 7e03f0ba978b40fd85393c9e21af5abd consensus state has no leader
I0720 00:35:59.220715 13833 tablet_bootstrap.cc:400] T 2cb397eb20544e5083a66377d9e81ed7 P 3b2a62766e5449f9ae2697a9113d09fb: No bootstrap required, opened a new log
I0720 00:35:59.220775 13833 ts_tablet_manager.cc:636] T 2cb397eb20544e5083a66377d9e81ed7 P 3b2a62766e5449f9ae2697a9113d09fb: Time spent bootstrapping tablet: real 0.009s user 0.000s sys 0.004s
I0720 00:35:59.227638 13833 raft_consensus.cc:269] T 2cb397eb20544e5083a66377d9e81ed7 P 3b2a62766e5449f9ae2697a9113d09fb [term 0 FOLLOWER]: Replica starting. Triggering 0 pending transactions. Active config: opid_index: -1 peers { permanent_uuid: "ee4ffccf9eb5471297e208d202495ffe" member_type: VOTER last_known_addr { host: "127.42.236.1" port: 57816 } } peers { permanent_uuid: "3b2a62766e5449f9ae2697a9113d09fb" member_type: VOTER last_known_addr { host: "127.42.236.2" port: 60090 } } peers { permanent_uuid: "bcc77f1560a949c6b130d6b3c67653be" member_type: VOTER last_known_addr { host: "127.42.236.0" port: 42768 } }
I0720 00:35:59.227696 13833 raft_consensus.cc:301] T 2cb397eb20544e5083a66377d9e81ed7 P 3b2a62766e5449f9ae2697a9113d09fb [term 0 FOLLOWER]: Consensus starting up: Expiring failure detector timer to make a prompt election more likely
I0720 00:35:59.227717 13833 raft_consensus.cc:499] T 2cb397eb20544e5083a66377d9e81ed7 P 3b2a62766e5449f9ae2697a9113d09fb [term 0 FOLLOWER]: Becoming Follower/Learner. State: Replica: 3b2a62766e5449f9ae2697a9113d09fb, State: 1, Role: FOLLOWER Watermarks: {Received: term: 0 index: 0 Committed: term: 0 index: 0}
I0720 00:35:59.227746 13833 consensus_queue.cc:162] T 2cb397eb20544e5083a66377d9e81ed7 P 3b2a62766e5449f9ae2697a9113d09fb [NON_LEADER]: Queue going to NON_LEADER mode. State: All replicated op: 0.0, Majority replicated op: 0.0, Committed index: 0.0, Last appended: 0.0, Current term: 0, Majority size: -1, State: 1, Mode: NON_LEADER
I0720 00:35:59.231894 13833 ts_tablet_manager.cc:663] T 2cb397eb20544e5083a66377d9e81ed7 P 3b2a62766e5449f9ae2697a9113d09fb: Time spent starting tablet: real 0.011s user 0.000s sys 0.000s
I0720 00:35:59.232267 12023 catalog_manager.cc:1856] TS 3b2a62766e5449f9ae2697a9113d09fb does not have the latest schema for tablet 2cb397eb20544e5083a66377d9e81ed7 (table test-table [id=2a30b8d6c8764cdc9573a60ac5f96269]). Expected version 17 got 0
W0720 00:35:59.234329 12023 catalog_manager.cc:2160] Unable to reset TS proxy: Not found: No leader found: Tablet 2cb397eb20544e5083a66377d9e81ed7 consensus state has no leader
W0720 00:35:59.234395 12023 catalog_manager.cc:2770] Failed to send alter table request: Not found: Failed to reset TS proxy: No leader found: Tablet 2cb397eb20544e5083a66377d9e81ed7 consensus state has no leader
I0720 00:35:59.241698 12023 catalog_manager.cc:1856] TS 3b2a62766e5449f9ae2697a9113d09fb does not have the latest schema for tablet 2cb397eb20544e5083a66377d9e81ed7 (table test-table [id=2a30b8d6c8764cdc9573a60ac5f96269]). Expected version 17 got 0
W0720 00:35:59.243993 12023 catalog_manager.cc:2160] Unable to reset TS proxy: Not found: No leader found: Tablet 2cb397eb20544e5083a66377d9e81ed7 consensus state has no leader
W0720 00:35:59.244058 12023 catalog_manager.cc:2770] Failed to send alter table request: Not found: Failed to reset TS proxy: No leader found: Tablet 2cb397eb20544e5083a66377d9e81ed7 consensus state has no leader
I0720 00:35:59.430853 13810 tablet.cc:824] T fb14d4878a6441df8d5ab1d6802492fb Alter schema from Schema [ 10:key[int32 NOT NULL], 29:c576[int32 NULLABLE] ] version 16 to Schema [ 10:key[int32 NOT NULL] ] version 17
I0720 00:35:59.431354 13810 tablet.cc:772] T fb14d4878a6441df8d5ab1d6802492fb Flush: entering stage 1 (old memrowset already frozen for inserts)
I0720 00:35:59.431372 13810 compaction.cc:588] Selected 1 rowsets to compact:
I0720 00:35:59.431377 13810 compaction.cc:591] memrowset(current size on disk: ~0 bytes)
I0720 00:35:59.431399 13810 tablet.cc:774] T fb14d4878a6441df8d5ab1d6802492fb Memstore in-memory size: 763 bytes
I0720 00:35:59.431430 13810 tablet.cc:1238] T fb14d4878a6441df8d5ab1d6802492fb Flush: entering phase 1 (flushing snapshot). Phase 1 snapshot: MvccSnapshot[committed={T|T < 6016921432470552576}]
I0720 00:35:59.431874 13810 multi_column_writer.cc:85] Opened CFile writer for column key[int32 NOT NULL]
I0720 00:35:59.433655 13810 tablet.cc:1318] T fb14d4878a6441df8d5ab1d6802492fb Flush: entering phase 2 (starting to duplicate updates in new rowsets)
I0720 00:35:59.433771 13810 tablet.cc:1373] T fb14d4878a6441df8d5ab1d6802492fb Flush Phase 2: carrying over any updates which arrived during Phase 1
I0720 00:35:59.433797 13810 tablet.cc:1375] T fb14d4878a6441df8d5ab1d6802492fb Phase 2 snapshot: MvccSnapshot[committed={T|T < 6016921432470552576}]
I0720 00:35:59.434949 13810 tablet.cc:1416] T fb14d4878a6441df8d5ab1d6802492fb Flush successful on 2 rows (4202 bytes)
I0720 00:35:59.465757 13827 raft_consensus.cc:370] T 7e03f0ba978b40fd85393c9e21af5abd P ee4ffccf9eb5471297e208d202495ffe [term 0 FOLLOWER]: No leader contacted us within the election timeout. Triggering leader election
I0720 00:35:59.465795 13827 raft_consensus.cc:2019] T 7e03f0ba978b40fd85393c9e21af5abd P ee4ffccf9eb5471297e208d202495ffe [term 0 FOLLOWER]: Advancing to term 1
I0720 00:35:59.466325 13827 raft_consensus.cc:1970] T 7e03f0ba978b40fd85393c9e21af5abd P ee4ffccf9eb5471297e208d202495ffe [term 1 FOLLOWER]: Snoozing failure detection for election timeout plus an additional 1.575s
I0720 00:35:59.466403 13827 raft_consensus.cc:386] T 7e03f0ba978b40fd85393c9e21af5abd P ee4ffccf9eb5471297e208d202495ffe [term 1 FOLLOWER]: Starting election with config: opid_index: -1 peers { permanent_uuid: "ee4ffccf9eb5471297e208d202495ffe" member_type: VOTER last_known_addr { host: "127.42.236.1" port: 57816 } } peers { permanent_uuid: "3b2a62766e5449f9ae2697a9113d09fb" member_type: VOTER last_known_addr { host: "127.42.236.2" port: 60090 } } peers { permanent_uuid: "bcc77f1560a949c6b130d6b3c67653be" member_type: VOTER last_known_addr { host: "127.42.236.0" port: 42768 } }
I0720 00:35:59.467232 13827 leader_election.cc:223] T 7e03f0ba978b40fd85393c9e21af5abd P ee4ffccf9eb5471297e208d202495ffe [CANDIDATE]: Term 1 election: Requesting vote from peer 3b2a62766e5449f9ae2697a9113d09fb
I0720 00:35:59.467346 13827 leader_election.cc:223] T 7e03f0ba978b40fd85393c9e21af5abd P ee4ffccf9eb5471297e208d202495ffe [CANDIDATE]: Term 1 election: Requesting vote from peer bcc77f1560a949c6b130d6b3c67653be
I0720 00:35:59.467718 13677 raft_consensus.cc:2019] T 7e03f0ba978b40fd85393c9e21af5abd P 3b2a62766e5449f9ae2697a9113d09fb [term 0 FOLLOWER]: Advancing to term 1
I0720 00:35:59.467838 12814 raft_consensus.cc:2019] T 7e03f0ba978b40fd85393c9e21af5abd P bcc77f1560a949c6b130d6b3c67653be [term 0 FOLLOWER]: Advancing to term 1
I0720 00:35:59.468153 13677 raft_consensus.cc:1970] T 7e03f0ba978b40fd85393c9e21af5abd P 3b2a62766e5449f9ae2697a9113d09fb [term 1 FOLLOWER]: Snoozing failure detection for election timeout plus an additional 1.548s
I0720 00:35:59.468307 12814 raft_consensus.cc:1970] T 7e03f0ba978b40fd85393c9e21af5abd P bcc77f1560a949c6b130d6b3c67653be [term 1 FOLLOWER]: Snoozing failure detection for election timeout plus an additional 1.539s
I0720 00:35:59.468727 13677 raft_consensus.cc:1677] T 7e03f0ba978b40fd85393c9e21af5abd P 3b2a62766e5449f9ae2697a9113d09fb [term 1 FOLLOWER]: Leader election vote request: Granting yes vote for candidate ee4ffccf9eb5471297e208d202495ffe in term 1.
I0720 00:35:59.468924 12814 raft_consensus.cc:1677] T 7e03f0ba978b40fd85393c9e21af5abd P bcc77f1560a949c6b130d6b3c67653be [term 1 FOLLOWER]: Leader election vote request: Granting yes vote for candidate ee4ffccf9eb5471297e208d202495ffe in term 1.
I0720 00:35:59.469043 13279 leader_election.cc:347] T 7e03f0ba978b40fd85393c9e21af5abd P ee4ffccf9eb5471297e208d202495ffe [CANDIDATE]: Term 1 election: Vote granted by peer 3b2a62766e5449f9ae2697a9113d09fb
I0720 00:35:59.469084 13279 leader_election.cc:248] T 7e03f0ba978b40fd85393c9e21af5abd P ee4ffccf9eb5471297e208d202495ffe [CANDIDATE]: Term 1 election: Election decided. Result: candidate won.
I0720 00:35:59.469163 13280 leader_election.cc:347] T 7e03f0ba978b40fd85393c9e21af5abd P ee4ffccf9eb5471297e208d202495ffe [CANDIDATE]: Term 1 election: Vote granted by peer bcc77f1560a949c6b130d6b3c67653be
I0720 00:35:59.469260 13829 raft_consensus.cc:1970] T 7e03f0ba978b40fd85393c9e21af5abd P ee4ffccf9eb5471297e208d202495ffe [term 1 FOLLOWER]: Snoozing failure detection for election timeout plus an additional 1.590s
I0720 00:35:59.469300 13829 raft_consensus.cc:1859] T 7e03f0ba978b40fd85393c9e21af5abd P ee4ffccf9eb5471297e208d202495ffe [term 1 FOLLOWER]: Leader election won for term 1
I0720 00:35:59.469588 13829 raft_consensus.cc:464] T 7e03f0ba978b40fd85393c9e21af5abd P ee4ffccf9eb5471297e208d202495ffe [term 1 LEADER]: Becoming Leader. State: Replica: ee4ffccf9eb5471297e208d202495ffe, State: 1, Role: LEADER Watermarks: {Received: term: 0 index: 0 Committed: term: 0 index: 0}
I0720 00:35:59.469704 13829 consensus_queue.cc:145] T 7e03f0ba978b40fd85393c9e21af5abd P ee4ffccf9eb5471297e208d202495ffe [LEADER]: Queue going to LEADER mode. State: All replicated op: 0.0, Majority replicated op: 0.0, Committed index: 0.0, Last appended: 0.0, Current term: 1, Majority size: 2, State: 1, Mode: LEADER, active raft config: opid_index: -1 peers { permanent_uuid: "ee4ffccf9eb5471297e208d202495ffe" member_type: VOTER last_known_addr { host: "127.42.236.1" port: 57816 } } peers { permanent_uuid: "3b2a62766e5449f9ae2697a9113d09fb" member_type: VOTER last_known_addr { host: "127.42.236.2" port: 60090 } } peers { permanent_uuid: "bcc77f1560a949c6b130d6b3c67653be" member_type: VOTER last_known_addr { host: "127.42.236.0" port: 42768 } }
I0720 00:35:59.471076 12023 catalog_manager.cc:1856] TS ee4ffccf9eb5471297e208d202495ffe does not have the latest schema for tablet 7e03f0ba978b40fd85393c9e21af5abd (table test-table [id=2a30b8d6c8764cdc9573a60ac5f96269]). Expected version 17 got 0
I0720 00:35:59.471179 12023 catalog_manager.cc:1957] Tablet: 7e03f0ba978b40fd85393c9e21af5abd reported consensus state change. New consensus state: current_term: 1 leader_uuid: "ee4ffccf9eb5471297e208d202495ffe" config { opid_index: -1 peers { permanent_uuid: "ee4ffccf9eb5471297e208d202495ffe" member_type: VOTER last_known_addr { host: "127.42.236.1" port: 57816 } } peers { permanent_uuid: "3b2a62766e5449f9ae2697a9113d09fb" member_type: VOTER last_known_addr { host: "127.42.236.2" port: 60090 } } peers { permanent_uuid: "bcc77f1560a949c6b130d6b3c67653be" member_type: VOTER last_known_addr { host: "127.42.236.0" port: 42768 } } }
I0720 00:35:59.474324 12814 raft_consensus.cc:869] T 7e03f0ba978b40fd85393c9e21af5abd P bcc77f1560a949c6b130d6b3c67653be [term 1 FOLLOWER]: Refusing update from remote peer ee4ffccf9eb5471297e208d202495ffe: Log matching property violated. Preceding OpId in replica: term: 0 index: 0. Preceding OpId from leader: term: 1 index: 2. (index mismatch)
I0720 00:35:59.474603 13680 raft_consensus.cc:869] T 7e03f0ba978b40fd85393c9e21af5abd P 3b2a62766e5449f9ae2697a9113d09fb [term 1 FOLLOWER]: Refusing update from remote peer ee4ffccf9eb5471297e208d202495ffe: Log matching property violated. Preceding OpId in replica: term: 0 index: 0. Preceding OpId from leader: term: 1 index: 2. (index mismatch)
I0720 00:35:59.474723 13845 consensus_queue.cc:578] T 7e03f0ba978b40fd85393c9e21af5abd P ee4ffccf9eb5471297e208d202495ffe [LEADER]: Connected to new peer: Peer: bcc77f1560a949c6b130d6b3c67653be, Is new: false, Last received: 0.0, Next index: 1, Last known committed idx: 0, Last exchange result: ERROR, Needs remote bootstrap: false
I0720 00:35:59.474952 13829 consensus_queue.cc:578] T 7e03f0ba978b40fd85393c9e21af5abd P ee4ffccf9eb5471297e208d202495ffe [LEADER]: Connected to new peer: Peer: 3b2a62766e5449f9ae2697a9113d09fb, Is new: false, Last received: 0.0, Next index: 1, Last known committed idx: 0, Last exchange result: ERROR, Needs remote bootstrap: false
I0720 00:35:59.477095 13848 raft_consensus_state.cc:534] T 7e03f0ba978b40fd85393c9e21af5abd P ee4ffccf9eb5471297e208d202495ffe [term 1 LEADER]: Advanced the committed_index across terms. Last committed operation was: term: 0 index: 0 New committed index is: term: 1 index: 2
I0720 00:35:59.477264 13825 tablet.cc:824] T 7e03f0ba978b40fd85393c9e21af5abd Alter schema from Schema [ 10:key[int32 NOT NULL] ] version 0 to Schema [ 10:key[int32 NOT NULL] ] version 17
I0720 00:35:59.477284 12022 catalog_manager.cc:1856] TS 3b2a62766e5449f9ae2697a9113d09fb does not have the latest schema for tablet 7e03f0ba978b40fd85393c9e21af5abd (table test-table [id=2a30b8d6c8764cdc9573a60ac5f96269]). Expected version 17 got 0
I0720 00:35:59.478185 13809 tablet.cc:824] T 7e03f0ba978b40fd85393c9e21af5abd Alter schema from Schema [ 10:key[int32 NOT NULL] ] version 0 to Schema [ 10:key[int32 NOT NULL] ] version 17
I0720 00:35:59.478768 13781 tablet.cc:824] T 7e03f0ba978b40fd85393c9e21af5abd Alter schema from Schema [ 10:key[int32 NOT NULL] ] version 0 to Schema [ 10:key[int32 NOT NULL] ] version 17
I0720 00:35:59.481619 12023 catalog_manager.cc:1856] TS bcc77f1560a949c6b130d6b3c67653be does not have the latest schema for tablet 7e03f0ba978b40fd85393c9e21af5abd (table test-table [id=2a30b8d6c8764cdc9573a60ac5f96269]). Expected version 17 got 0
I0720 00:35:59.505961 13796 tablet.cc:824] T fb14d4878a6441df8d5ab1d6802492fb Alter schema from Schema [ 10:key[int32 NOT NULL], 29:c576[int32 NULLABLE] ] version 16 to Schema [ 10:key[int32 NOT NULL] ] version 17
I0720 00:35:59.506366 13796 tablet.cc:772] T fb14d4878a6441df8d5ab1d6802492fb Flush: entering stage 1 (old memrowset already frozen for inserts)
I0720 00:35:59.506378 13796 compaction.cc:588] Selected 1 rowsets to compact:
I0720 00:35:59.506383 13796 compaction.cc:591] memrowset(current size on disk: ~0 bytes)
I0720 00:35:59.506408 13796 tablet.cc:774] T fb14d4878a6441df8d5ab1d6802492fb Memstore in-memory size: 763 bytes
I0720 00:35:59.506424 13796 tablet.cc:1238] T fb14d4878a6441df8d5ab1d6802492fb Flush: entering phase 1 (flushing snapshot). Phase 1 snapshot: MvccSnapshot[committed={T|T < 6016921432470552576}]
I0720 00:35:59.506739 13796 multi_column_writer.cc:85] Opened CFile writer for column key[int32 NOT NULL]
I0720 00:35:59.508433 13796 tablet.cc:1318] T fb14d4878a6441df8d5ab1d6802492fb Flush: entering phase 2 (starting to duplicate updates in new rowsets)
I0720 00:35:59.508520 13796 tablet.cc:1373] T fb14d4878a6441df8d5ab1d6802492fb Flush Phase 2: carrying over any updates which arrived during Phase 1
I0720 00:35:59.508536 13796 tablet.cc:1375] T fb14d4878a6441df8d5ab1d6802492fb Phase 2 snapshot: MvccSnapshot[committed={T|T < 6016921432470552576}]
I0720 00:35:59.509582 13796 tablet.cc:1416] T fb14d4878a6441df8d5ab1d6802492fb Flush successful on 2 rows (4202 bytes)
I0720 00:35:59.518075 13816 tablet.cc:824] T b1c07315063d4ca2bd5779ba9cb0880e Alter schema from Schema [ 10:key[int32 NOT NULL], 29:c576[int32 NULLABLE] ] version 16 to Schema [ 10:key[int32 NOT NULL] ] version 17
I0720 00:35:59.518389 13816 tablet.cc:772] T b1c07315063d4ca2bd5779ba9cb0880e Flush: entering stage 1 (old memrowset already frozen for inserts)
I0720 00:35:59.518410 13816 compaction.cc:588] Selected 1 rowsets to compact:
I0720 00:35:59.518419 13816 compaction.cc:591] memrowset(current size on disk: ~0 bytes)
I0720 00:35:59.518451 13816 tablet.cc:774] T b1c07315063d4ca2bd5779ba9cb0880e Memstore in-memory size: 763 bytes
I0720 00:35:59.518474 13816 tablet.cc:1238] T b1c07315063d4ca2bd5779ba9cb0880e Flush: entering phase 1 (flushing snapshot). Phase 1 snapshot: MvccSnapshot[committed={T|T < 6016921432352354304}]
I0720 00:35:59.518751 13816 multi_column_writer.cc:85] Opened CFile writer for column key[int32 NOT NULL]
I0720 00:35:59.520367 13816 tablet.cc:1318] T b1c07315063d4ca2bd5779ba9cb0880e Flush: entering phase 2 (starting to duplicate updates in new rowsets)
I0720 00:35:59.520453 13816 tablet.cc:1373] T b1c07315063d4ca2bd5779ba9cb0880e Flush Phase 2: carrying over any updates which arrived during Phase 1
I0720 00:35:59.520481 13816 tablet.cc:1375] T b1c07315063d4ca2bd5779ba9cb0880e Phase 2 snapshot: MvccSnapshot[committed={T|T < 6016921432352354304}]
I0720 00:35:59.521507 13816 tablet.cc:1416] T b1c07315063d4ca2bd5779ba9cb0880e Flush successful on 1 rows (4198 bytes)
I0720 00:35:59.672063 13830 raft_consensus.cc:370] T 2cb397eb20544e5083a66377d9e81ed7 P bcc77f1560a949c6b130d6b3c67653be [term 0 FOLLOWER]: No leader contacted us within the election timeout. Triggering leader election
I0720 00:35:59.672114 13830 raft_consensus.cc:2019] T 2cb397eb20544e5083a66377d9e81ed7 P bcc77f1560a949c6b130d6b3c67653be [term 0 FOLLOWER]: Advancing to term 1
I0720 00:35:59.672705 13830 raft_consensus.cc:1970] T 2cb397eb20544e5083a66377d9e81ed7 P bcc77f1560a949c6b130d6b3c67653be [term 1 FOLLOWER]: Snoozing failure detection for election timeout plus an additional 1.600s
I0720 00:35:59.672761 13830 raft_consensus.cc:386] T 2cb397eb20544e5083a66377d9e81ed7 P bcc77f1560a949c6b130d6b3c67653be [term 1 FOLLOWER]: Starting election with config: opid_index: -1 peers { permanent_uuid: "ee4ffccf9eb5471297e208d202495ffe" member_type: VOTER last_known_addr { host: "127.42.236.1" port: 57816 } } peers { permanent_uuid: "3b2a62766e5449f9ae2697a9113d09fb" member_type: VOTER last_known_addr { host: "127.42.236.2" port: 60090 } } peers { permanent_uuid: "bcc77f1560a949c6b130d6b3c67653be" member_type: VOTER last_known_addr { host: "127.42.236.0" port: 42768 } }
I0720 00:35:59.673671 13830 leader_election.cc:223] T 2cb397eb20544e5083a66377d9e81ed7 P bcc77f1560a949c6b130d6b3c67653be [CANDIDATE]: Term 1 election: Requesting vote from peer ee4ffccf9eb5471297e208d202495ffe
I0720 00:35:59.673795 13830 leader_election.cc:223] T 2cb397eb20544e5083a66377d9e81ed7 P bcc77f1560a949c6b130d6b3c67653be [CANDIDATE]: Term 1 election: Requesting vote from peer 3b2a62766e5449f9ae2697a9113d09fb
I0720 00:35:59.674309 13346 raft_consensus.cc:2019] T 2cb397eb20544e5083a66377d9e81ed7 P ee4ffccf9eb5471297e208d202495ffe [term 0 FOLLOWER]: Advancing to term 1
I0720 00:35:59.674334 13680 raft_consensus.cc:2019] T 2cb397eb20544e5083a66377d9e81ed7 P 3b2a62766e5449f9ae2697a9113d09fb [term 0 FOLLOWER]: Advancing to term 1
I0720 00:35:59.674787 13346 raft_consensus.cc:1970] T 2cb397eb20544e5083a66377d9e81ed7 P ee4ffccf9eb5471297e208d202495ffe [term 1 FOLLOWER]: Snoozing failure detection for election timeout plus an additional 1.554s
I0720 00:35:59.674800 13680 raft_consensus.cc:1970] T 2cb397eb20544e5083a66377d9e81ed7 P 3b2a62766e5449f9ae2697a9113d09fb [term 1 FOLLOWER]: Snoozing failure detection for election timeout plus an additional 1.525s
I0720 00:35:59.675329 13346 raft_consensus.cc:1677] T 2cb397eb20544e5083a66377d9e81ed7 P ee4ffccf9eb5471297e208d202495ffe [term 1 FOLLOWER]: Leader election vote request: Granting yes vote for candidate bcc77f1560a949c6b130d6b3c67653be in term 1.
I0720 00:35:59.675333 13680 raft_consensus.cc:1677] T 2cb397eb20544e5083a66377d9e81ed7 P 3b2a62766e5449f9ae2697a9113d09fb [term 1 FOLLOWER]: Leader election vote request: Granting yes vote for candidate bcc77f1560a949c6b130d6b3c67653be in term 1.
I0720 00:35:59.675576 12747 leader_election.cc:347] T 2cb397eb20544e5083a66377d9e81ed7 P bcc77f1560a949c6b130d6b3c67653be [CANDIDATE]: Term 1 election: Vote granted by peer 3b2a62766e5449f9ae2697a9113d09fb
I0720 00:35:59.675642 12747 leader_election.cc:248] T 2cb397eb20544e5083a66377d9e81ed7 P bcc77f1560a949c6b130d6b3c67653be [CANDIDATE]: Term 1 election: Election decided. Result: candidate won.
I0720 00:35:59.675670 12749 leader_election.cc:347] T 2cb397eb20544e5083a66377d9e81ed7 P bcc77f1560a949c6b130d6b3c67653be [CANDIDATE]: Term 1 election: Vote granted by peer ee4ffccf9eb5471297e208d202495ffe
I0720 00:35:59.676040 13852 raft_consensus.cc:1970] T 2cb397eb20544e5083a66377d9e81ed7 P bcc77f1560a949c6b130d6b3c67653be [term 1 FOLLOWER]: Snoozing failure detection for election timeout plus an additional 1.545s
I0720 00:35:59.676087 13852 raft_consensus.cc:1859] T 2cb397eb20544e5083a66377d9e81ed7 P bcc77f1560a949c6b130d6b3c67653be [term 1 FOLLOWER]: Leader election won for term 1
I0720 00:35:59.676434 13852 raft_consensus.cc:464] T 2cb397eb20544e5083a66377d9e81ed7 P bcc77f1560a949c6b130d6b3c67653be [term 1 LEADER]: Becoming Leader. State: Replica: bcc77f1560a949c6b130d6b3c67653be, State: 1, Role: LEADER Watermarks: {Received: term: 0 index: 0 Committed: term: 0 index: 0}
I0720 00:35:59.676537 13852 consensus_queue.cc:145] T 2cb397eb20544e5083a66377d9e81ed7 P bcc77f1560a949c6b130d6b3c67653be [LEADER]: Queue going to LEADER mode. State: All replicated op: 0.0, Majority replicated op: 0.0, Committed index: 0.0, Last appended: 0.0, Current term: 1, Majority size: 2, State: 1, Mode: LEADER, active raft config: opid_index: -1 peers { permanent_uuid: "ee4ffccf9eb5471297e208d202495ffe" member_type: VOTER last_known_addr { host: "127.42.236.1" port: 57816 } } peers { permanent_uuid: "3b2a62766e5449f9ae2697a9113d09fb" member_type: VOTER last_known_addr { host: "127.42.236.2" port: 60090 } } peers { permanent_uuid: "bcc77f1560a949c6b130d6b3c67653be" member_type: VOTER last_known_addr { host: "127.42.236.0" port: 42768 } }
I0720 00:35:59.678154 12023 catalog_manager.cc:1856] TS bcc77f1560a949c6b130d6b3c67653be does not have the latest schema for tablet 2cb397eb20544e5083a66377d9e81ed7 (table test-table [id=2a30b8d6c8764cdc9573a60ac5f96269]). Expected version 17 got 0
I0720 00:35:59.678241 12023 catalog_manager.cc:1957] Tablet: 2cb397eb20544e5083a66377d9e81ed7 reported consensus state change. New consensus state: current_term: 1 leader_uuid: "bcc77f1560a949c6b130d6b3c67653be" config { opid_index: -1 peers { permanent_uuid: "ee4ffccf9eb5471297e208d202495ffe" member_type: VOTER last_known_addr { host: "127.42.236.1" port: 57816 } } peers { permanent_uuid: "3b2a62766e5449f9ae2697a9113d09fb" member_type: VOTER last_known_addr { host: "127.42.236.2" port: 60090 } } peers { permanent_uuid: "bcc77f1560a949c6b130d6b3c67653be" member_type: VOTER last_known_addr { host: "127.42.236.0" port: 42768 } } }
I0720 00:35:59.682266 13680 raft_consensus.cc:869] T 2cb397eb20544e5083a66377d9e81ed7 P 3b2a62766e5449f9ae2697a9113d09fb [term 1 FOLLOWER]: Refusing update from remote peer bcc77f1560a949c6b130d6b3c67653be: Log matching property violated. Preceding OpId in replica: term: 0 index: 0. Preceding OpId from leader: term: 1 index: 2. (index mismatch)
I0720 00:35:59.682266 13346 raft_consensus.cc:869] T 2cb397eb20544e5083a66377d9e81ed7 P ee4ffccf9eb5471297e208d202495ffe [term 1 FOLLOWER]: Refusing update from remote peer bcc77f1560a949c6b130d6b3c67653be: Log matching property violated. Preceding OpId in replica: term: 0 index: 0. Preceding OpId from leader: term: 1 index: 2. (index mismatch)
I0720 00:35:59.682605 13852 consensus_queue.cc:578] T 2cb397eb20544e5083a66377d9e81ed7 P bcc77f1560a949c6b130d6b3c67653be [LEADER]: Connected to new peer: Peer: ee4ffccf9eb5471297e208d202495ffe, Is new: false, Last received: 0.0, Next index: 1, Last known committed idx: 0, Last exchange result: ERROR, Needs remote bootstrap: false
I0720 00:35:59.682678 13853 consensus_queue.cc:578] T 2cb397eb20544e5083a66377d9e81ed7 P bcc77f1560a949c6b130d6b3c67653be [LEADER]: Connected to new peer: Peer: 3b2a62766e5449f9ae2697a9113d09fb, Is new: false, Last received: 0.0, Next index: 1, Last known committed idx: 0, Last exchange result: ERROR, Needs remote bootstrap: false
I0720 00:35:59.684680 12023 catalog_manager.cc:1856] TS ee4ffccf9eb5471297e208d202495ffe does not have the latest schema for tablet 2cb397eb20544e5083a66377d9e81ed7 (table test-table [id=2a30b8d6c8764cdc9573a60ac5f96269]). Expected version 17 got 0
I0720 00:35:59.685031 13794 tablet.cc:824] T 2cb397eb20544e5083a66377d9e81ed7 Alter schema from Schema [ 10:key[int32 NOT NULL] ] version 0 to Schema [ 10:key[int32 NOT NULL] ] version 17
I0720 00:35:59.685325 13856 raft_consensus_state.cc:534] T 2cb397eb20544e5083a66377d9e81ed7 P bcc77f1560a949c6b130d6b3c67653be [term 1 LEADER]: Advanced the committed_index across terms. Last committed operation was: term: 0 index: 0 New committed index is: term: 1 index: 2
I0720 00:35:59.686997 13810 tablet.cc:824] T 2cb397eb20544e5083a66377d9e81ed7 Alter schema from Schema [ 10:key[int32 NOT NULL] ] version 0 to Schema [ 10:key[int32 NOT NULL] ] version 17
I0720 00:35:59.688573 12022 catalog_manager.cc:1856] TS 3b2a62766e5449f9ae2697a9113d09fb does not have the latest schema for tablet 2cb397eb20544e5083a66377d9e81ed7 (table test-table [id=2a30b8d6c8764cdc9573a60ac5f96269]). Expected version 17 got 0
I0720 00:35:59.689618 12020 catalog_manager.cc:2970] test-table [id=2a30b8d6c8764cdc9573a60ac5f96269] - Alter table completed version=17
I0720 00:35:59.713975 13825 tablet.cc:824] T 2cb397eb20544e5083a66377d9e81ed7 Alter schema from Schema [ 10:key[int32 NOT NULL] ] version 0 to Schema [ 10:key[int32 NOT NULL] ] version 17
I0720 00:35:59.715713 12022 catalog_manager.cc:1856] TS ee4ffccf9eb5471297e208d202495ffe does not have the latest schema for tablet 2cb397eb20544e5083a66377d9e81ed7 (table test-table [id=2a30b8d6c8764cdc9573a60ac5f96269]). Expected version 17 got 0
I0720 00:35:59.725127 10988 alter_table-randomized-test.cc:390] Beginning Alterations
I0720 00:35:59.726277 10988 alter_table-randomized-test.cc:455] Adding range partition: [1543503849, 1610612712) resulting partitions: (67108863, 134217726], (268435452, 335544315], (402653178, 469762041], (671088630, 738197493], (738197493, 805306356], (872415219, 939524082], (1006632945, 1073741808], (1140850671, 1207959534], (1543503849, 1610612712], (1677721575, 1744830438)
I0720 00:35:59.726326 10988 alter_table-randomized-test.cc:455] Adding range partition: [805306356, 872415219) resulting partitions: (67108863, 134217726], (268435452, 335544315], (402653178, 469762041], (671088630, 738197493], (738197493, 805306356], (805306356, 872415219], (872415219, 939524082], (1006632945, 1073741808], (1140850671, 1207959534], (1543503849, 1610612712], (1677721575, 1744830438)
I0720 00:35:59.726353 10988 alter_table-randomized-test.cc:471] Dropping range partition: [268435452, 335544315) resulting partitions: (67108863, 134217726], (402653178, 469762041], (671088630, 738197493], (738197493, 805306356], (805306356, 872415219], (872415219, 939524082], (1006632945, 1073741808], (1140850671, 1207959534], (1543503849, 1610612712], (1677721575, 1744830438)
I0720 00:35:59.726375 10988 alter_table-randomized-test.cc:418] Adding column c457, existing columns: key
I0720 00:35:59.726395 10988 alter_table-randomized-test.cc:471] Dropping range partition: [1006632945, 1073741808) resulting partitions: (67108863, 134217726], (402653178, 469762041], (671088630, 738197493], (738197493, 805306356], (805306356, 872415219], (872415219, 939524082], (1140850671, 1207959534], (1543503849, 1610612712], (1677721575, 1744830438)
I0720 00:35:59.726423 10988 alter_table-randomized-test.cc:439] Dropping column c457, existing columns: key, c457
I0720 00:35:59.726445 10988 alter_table-randomized-test.cc:412] Committing Alterations
I0720 00:35:59.726935 12020 catalog_manager.cc:1359] Servicing AlterTable request from {real_user=slave, eff_user=} at 127.0.0.1:46073: table { table_name: "test-table" } alter_schema_steps { type: ADD_RANGE_PARTITION add_range_partition { range_bounds { rows: "\006\001\351\377\377[\007\001\350\377\377_" } } } alter_schema_steps { type: ADD_RANGE_PARTITION add_range_partition { range_bounds { rows: "\006\001\364\377\377/\007\001\363\377\3773" } } } alter_schema_steps { type: DROP_RANGE_PARTITION drop_range_partition { range_bounds { rows: "\006\001\374\377\377\017\007\001\373\377\377\023" } } } alter_schema_steps { type: ADD_COLUMN add_column { schema { name: "c457" type: INT32 is_nullable: false read_default_value: "phLm" write_default_value: "phLm" encoding: AUTO_ENCODING compression: DEFAULT_COMPRESSION cfile_block_size: 0 } } } alter_schema_steps { type: DROP_RANGE_PARTITION drop_range_partition { range_bounds { rows: "\006\001\361\377\377;\007\001\360\377\377?" } } } alter_schema_steps { type: DROP_COLUMN drop_column { name: "c457" } } schema { columns { name: "key" type: INT32 is_key: true is_nullable: false encoding: AUTO_ENCODING compression: DEFAULT_COMPRESSION cfile_block_size: 0 } }
W0720 00:35:59.730332 12020 catalog_manager.cc:2160] Unable to reset TS proxy: Not found: No leader found: Tablet 29f497c505024c759ee8d7ad1e87eadd has no consensus state
W0720 00:35:59.730408 12020 catalog_manager.cc:2770] Failed to send alter table request: Not found: Failed to reset TS proxy: No leader found: Tablet 29f497c505024c759ee8d7ad1e87eadd has no consensus state
I0720 00:35:59.733726 13809 tablet.cc:824] T f6e9db4a1f1644b4a3b1935d19395232 Alter schema from Schema [ 10:key[int32 NOT NULL] ] version 17 to Schema [ 10:key[int32 NOT NULL] ] version 18
I0720 00:35:59.734019 13825 tablet.cc:824] T 7e03f0ba978b40fd85393c9e21af5abd Alter schema from Schema [ 10:key[int32 NOT NULL] ] version 17 to Schema [ 10:key[int32 NOT NULL] ] version 18
I0720 00:35:59.735846 13794 tablet.cc:824] T 2cb397eb20544e5083a66377d9e81ed7 Alter schema from Schema [ 10:key[int32 NOT NULL] ] version 17 to Schema [ 10:key[int32 NOT NULL] ] version 18
I0720 00:35:59.737574 13796 tablet.cc:824] T 2cb397eb20544e5083a66377d9e81ed7 Alter schema from Schema [ 10:key[int32 NOT NULL] ] version 17 to Schema [ 10:key[int32 NOT NULL] ] version 18
I0720 00:35:59.739651 13781 tablet.cc:824] T 7e03f0ba978b40fd85393c9e21af5abd Alter schema from Schema [ 10:key[int32 NOT NULL] ] version 17 to Schema [ 10:key[int32 NOT NULL] ] version 18
I0720 00:35:59.740685 13809 tablet.cc:824] T 7e03f0ba978b40fd85393c9e21af5abd Alter schema from Schema [ 10:key[int32 NOT NULL] ] version 17 to Schema [ 10:key[int32 NOT NULL] ] version 18
I0720 00:35:59.741605 13816 tablet.cc:824] T f6e9db4a1f1644b4a3b1935d19395232 Alter schema from Schema [ 10:key[int32 NOT NULL] ] version 17 to Schema [ 10:key[int32 NOT NULL] ] version 18
W0720 00:35:59.744384 12020 catalog_manager.cc:2160] Unable to reset TS proxy: Not found: No leader found: Tablet c6cc355d995a4a4c96fbdeb49e77c85b has no consensus state
W0720 00:35:59.744472 12020 catalog_manager.cc:2770] Failed to send alter table request: Not found: Failed to reset TS proxy: No leader found: Tablet c6cc355d995a4a4c96fbdeb49e77c85b has no consensus state
I0720 00:35:59.745717 12020 catalog_manager.cc:2796] Sending DeleteTablet for 3 replicas of tablet cc0a6444c53e4ca28f43b8baa8ec5daf
I0720 00:35:59.745779 12020 catalog_manager.cc:2812] T 00000000000000000000000000000000 P 1045dd375010469d9a77d8d8f93d4562: Deleting tablet cc0a6444c53e4ca28f43b8baa8ec5daf on peer 3b2a62766e5449f9ae2697a9113d09fb with delete type TABLET_DATA_DELETED (Partition dropped at 2016-07-20 00:35:59 UTC)
I0720 00:35:59.746004 13809 tablet.cc:824] T b1c07315063d4ca2bd5779ba9cb0880e Alter schema from Schema [ 10:key[int32 NOT NULL] ] version 17 to Schema [ 10:key[int32 NOT NULL] ] version 18
I0720 00:35:59.746203 13658 tablet_service.cc:651] Processing DeleteTablet for tablet cc0a6444c53e4ca28f43b8baa8ec5daf with delete_type TABLET_DATA_DELETED (Partition dropped at 2016-07-20 00:35:59 UTC) from {real_user=slave, eff_user=} at 127.0.0.1:56678
I0720 00:35:59.746248 13658 tablet_peer.cc:214] Initiating TabletPeer shutdown for tablet: cc0a6444c53e4ca28f43b8baa8ec5daf
I0720 00:35:59.746320 13658 maintenance_manager.cc:176] Unregistered op CompactRowSetsOp(cc0a6444c53e4ca28f43b8baa8ec5daf)
I0720 00:35:59.746372 13658 maintenance_manager.cc:176] Unregistered op MinorDeltaCompactionOp(cc0a6444c53e4ca28f43b8baa8ec5daf)
I0720 00:35:59.746390 13658 maintenance_manager.cc:176] Unregistered op MajorDeltaCompactionOp(cc0a6444c53e4ca28f43b8baa8ec5daf)
I0720 00:35:59.746443 13658 maintenance_manager.cc:176] Unregistered op FlushMRSOp(cc0a6444c53e4ca28f43b8baa8ec5daf)
I0720 00:35:59.746470 13658 maintenance_manager.cc:176] Unregistered op FlushDeltaMemStoresOp(cc0a6444c53e4ca28f43b8baa8ec5daf)
I0720 00:35:59.746498 13658 maintenance_manager.cc:176] Unregistered op LogGCOp(cc0a6444c53e4ca28f43b8baa8ec5daf)
I0720 00:35:59.746531 13658 raft_consensus.cc:1495] T cc0a6444c53e4ca28f43b8baa8ec5daf P 3b2a62766e5449f9ae2697a9113d09fb [term 1 FOLLOWER]: Raft consensus shutting down.
I0720 00:35:59.746594 13658 raft_consensus.cc:1511] T cc0a6444c53e4ca28f43b8baa8ec5daf P 3b2a62766e5449f9ae2697a9113d09fb [term 1 FOLLOWER]: Raft consensus is shut down!
I0720 00:35:59.747184 13810 tablet.cc:824] T 3941d911c89d427eacd1d70afe9fb986 Alter schema from Schema [ 10:key[int32 NOT NULL] ] version 17 to Schema [ 10:key[int32 NOT NULL] ] version 18
I0720 00:35:59.747262 13809 tablet.cc:824] T 3941d911c89d427eacd1d70afe9fb986 Alter schema from Schema [ 10:key[int32 NOT NULL] ] version 17 to Schema [ 10:key[int32 NOT NULL] ] version 18
I0720 00:35:59.748230 13658 ts_tablet_manager.cc:960] T cc0a6444c53e4ca28f43b8baa8ec5daf P 3b2a62766e5449f9ae2697a9113d09fb: Deleting tablet data with delete state TABLET_DATA_DELETED
I0720 00:35:59.749363 13825 tablet.cc:824] T b1c07315063d4ca2bd5779ba9cb0880e Alter schema from Schema [ 10:key[int32 NOT NULL] ] version 17 to Schema [ 10:key[int32 NOT NULL] ] version 18
I0720 00:35:59.749619 13781 tablet.cc:824] T b1c07315063d4ca2bd5779ba9cb0880e Alter schema from Schema [ 10:key[int32 NOT NULL] ] version 17 to Schema [ 10:key[int32 NOT NULL] ] version 18
I0720 00:35:59.749964 13796 tablet.cc:824] T 3941d911c89d427eacd1d70afe9fb986 Alter schema from Schema [ 10:key[int32 NOT NULL] ] version 17 to Schema [ 10:key[int32 NOT NULL] ] version 18
I0720 00:35:59.750210 13658 ts_tablet_manager.cc:970] T cc0a6444c53e4ca28f43b8baa8ec5daf P 3b2a62766e5449f9ae2697a9113d09fb: Tablet deleted. Last logged OpId: 1.6
I0720 00:35:59.750941 13658 tablet_bootstrap.cc:400] T cc0a6444c53e4ca28f43b8baa8ec5daf P 3b2a62766e5449f9ae2697a9113d09fb: Deleted tablet blocks from disk
I0720 00:35:59.751679 12008 catalog_manager.cc:2499] TS 3b2a62766e5449f9ae2697a9113d09fb: tablet cc0a6444c53e4ca28f43b8baa8ec5daf (table test-table [id=2a30b8d6c8764cdc9573a60ac5f96269]) successfully deleted
I0720 00:35:59.751847 12020 catalog_manager.cc:2812] T 00000000000000000000000000000000 P 1045dd375010469d9a77d8d8f93d4562: Deleting tablet cc0a6444c53e4ca28f43b8baa8ec5daf on peer ee4ffccf9eb5471297e208d202495ffe with delete type TABLET_DATA_DELETED (Partition dropped at 2016-07-20 00:35:59 UTC)
I0720 00:35:59.751950 12020 catalog_manager.cc:2812] T 00000000000000000000000000000000 P 1045dd375010469d9a77d8d8f93d4562: Deleting tablet cc0a6444c53e4ca28f43b8baa8ec5daf on peer bcc77f1560a949c6b130d6b3c67653be with delete type TABLET_DATA_DELETED (Partition dropped at 2016-07-20 00:35:59 UTC)
I0720 00:35:59.752224 13322 tablet_service.cc:651] Processing DeleteTablet for tablet cc0a6444c53e4ca28f43b8baa8ec5daf with delete_type TABLET_DATA_DELETED (Partition dropped at 2016-07-20 00:35:59 UTC) from {real_user=slave, eff_user=} at 127.0.0.1:60342
I0720 00:35:59.752281 13322 tablet_peer.cc:214] Initiating TabletPeer shutdown for tablet: cc0a6444c53e4ca28f43b8baa8ec5daf
I0720 00:35:59.752308 13322 maintenance_manager.cc:176] Unregistered op CompactRowSetsOp(cc0a6444c53e4ca28f43b8baa8ec5daf)
I0720 00:35:59.752378 13322 maintenance_manager.cc:176] Unregistered op MinorDeltaCompactionOp(cc0a6444c53e4ca28f43b8baa8ec5daf)
I0720 00:35:59.752404 13322 maintenance_manager.cc:176] Unregistered op MajorDeltaCompactionOp(cc0a6444c53e4ca28f43b8baa8ec5daf)
