I0720 00:35:49.505393 12656 ts_tablet_manager.cc:663] T e23d5d1007ad47259bfc62a21737a54a P ee4ffccf9eb5471297e208d202495ffe: Time spent starting tablet: real 0.002s user 0.000s sys 0.000s
I0720 00:35:49.505506 12655 tablet_bootstrap.cc:400] T 5d2b354e4dab4313ab880bbbc03f1fd2 P 3b2a62766e5449f9ae2697a9113d09fb: No bootstrap required, opened a new log
I0720 00:35:49.505584 12655 ts_tablet_manager.cc:636] T 5d2b354e4dab4313ab880bbbc03f1fd2 P 3b2a62766e5449f9ae2697a9113d09fb: Time spent bootstrapping tablet: real 0.004s user 0.004s sys 0.000s
W0720 00:35:49.506702 12023 catalog_manager.cc:2160] Unable to reset TS proxy: Not found: No leader found: Tablet e23d5d1007ad47259bfc62a21737a54a consensus state has no leader
W0720 00:35:49.506737 12023 catalog_manager.cc:2770] Failed to send alter table request: Not found: Failed to reset TS proxy: No leader found: Tablet e23d5d1007ad47259bfc62a21737a54a consensus state has no leader
I0720 00:35:49.507050 12655 raft_consensus.cc:269] T 5d2b354e4dab4313ab880bbbc03f1fd2 P 3b2a62766e5449f9ae2697a9113d09fb [term 0 FOLLOWER]: Replica starting. Triggering 0 pending transactions. Active config: opid_index: -1 peers { permanent_uuid: "ee4ffccf9eb5471297e208d202495ffe" member_type: VOTER last_known_addr { host: "127.42.236.1" port: 57816 } } peers { permanent_uuid: "3b2a62766e5449f9ae2697a9113d09fb" member_type: VOTER last_known_addr { host: "127.42.236.2" port: 60090 } } peers { permanent_uuid: "bcc77f1560a949c6b130d6b3c67653be" member_type: VOTER last_known_addr { host: "127.42.236.0" port: 42768 } }
I0720 00:35:49.507117 12655 raft_consensus.cc:301] T 5d2b354e4dab4313ab880bbbc03f1fd2 P 3b2a62766e5449f9ae2697a9113d09fb [term 0 FOLLOWER]: Consensus starting up: Expiring failure detector timer to make a prompt election more likely
I0720 00:35:49.507164 12655 raft_consensus.cc:499] T 5d2b354e4dab4313ab880bbbc03f1fd2 P 3b2a62766e5449f9ae2697a9113d09fb [term 0 FOLLOWER]: Becoming Follower/Learner. State: Replica: 3b2a62766e5449f9ae2697a9113d09fb, State: 1, Role: FOLLOWER Watermarks: {Received: term: 0 index: 0 Committed: term: 0 index: 0}
I0720 00:35:49.507232 12655 consensus_queue.cc:162] T 5d2b354e4dab4313ab880bbbc03f1fd2 P 3b2a62766e5449f9ae2697a9113d09fb [NON_LEADER]: Queue going to NON_LEADER mode. State: All replicated op: 0.0, Majority replicated op: 0.0, Committed index: 0.0, Last appended: 0.0, Current term: 0, Majority size: -1, State: 1, Mode: NON_LEADER
W0720 00:35:49.507571 12020 catalog_manager.cc:2160] Unable to reset TS proxy: Not found: No leader found: Tablet 5d2b354e4dab4313ab880bbbc03f1fd2 consensus state has no leader
W0720 00:35:49.507603 12020 catalog_manager.cc:2770] Failed to send alter table request: Not found: Failed to reset TS proxy: No leader found: Tablet 5d2b354e4dab4313ab880bbbc03f1fd2 consensus state has no leader
I0720 00:35:49.507663 12655 ts_tablet_manager.cc:663] T 5d2b354e4dab4313ab880bbbc03f1fd2 P 3b2a62766e5449f9ae2697a9113d09fb: Time spent starting tablet: real 0.002s user 0.000s sys 0.000s
I0720 00:35:49.508177 12020 catalog_manager.cc:1856] TS 3b2a62766e5449f9ae2697a9113d09fb does not have the latest schema for tablet 5d2b354e4dab4313ab880bbbc03f1fd2 (table test-table [id=2a30b8d6c8764cdc9573a60ac5f96269]). Expected version 13 got 0
I0720 00:35:49.508700 12023 catalog_manager.cc:1856] TS ee4ffccf9eb5471297e208d202495ffe does not have the latest schema for tablet e23d5d1007ad47259bfc62a21737a54a (table test-table [id=2a30b8d6c8764cdc9573a60ac5f96269]). Expected version 13 got 0
I0720 00:35:49.508787 12715 raft_consensus.cc:370] T 5d2b354e4dab4313ab880bbbc03f1fd2 P ee4ffccf9eb5471297e208d202495ffe [term 0 FOLLOWER]: No leader contacted us within the election timeout. Triggering leader election
I0720 00:35:49.508834 12715 raft_consensus.cc:2019] T 5d2b354e4dab4313ab880bbbc03f1fd2 P ee4ffccf9eb5471297e208d202495ffe [term 0 FOLLOWER]: Advancing to term 1
I0720 00:35:49.509397 12715 raft_consensus.cc:1970] T 5d2b354e4dab4313ab880bbbc03f1fd2 P ee4ffccf9eb5471297e208d202495ffe [term 1 FOLLOWER]: Snoozing failure detection for election timeout plus an additional 1.560s
I0720 00:35:49.509485 12715 raft_consensus.cc:386] T 5d2b354e4dab4313ab880bbbc03f1fd2 P ee4ffccf9eb5471297e208d202495ffe [term 1 FOLLOWER]: Starting election with config: opid_index: -1 peers { permanent_uuid: "ee4ffccf9eb5471297e208d202495ffe" member_type: VOTER last_known_addr { host: "127.42.236.1" port: 57816 } } peers { permanent_uuid: "3b2a62766e5449f9ae2697a9113d09fb" member_type: VOTER last_known_addr { host: "127.42.236.2" port: 60090 } } peers { permanent_uuid: "bcc77f1560a949c6b130d6b3c67653be" member_type: VOTER last_known_addr { host: "127.42.236.0" port: 42768 } }
W0720 00:35:49.509979 12020 catalog_manager.cc:2160] Unable to reset TS proxy: Not found: No leader found: Tablet 5d2b354e4dab4313ab880bbbc03f1fd2 consensus state has no leader
W0720 00:35:49.510009 12020 catalog_manager.cc:2770] Failed to send alter table request: Not found: Failed to reset TS proxy: No leader found: Tablet 5d2b354e4dab4313ab880bbbc03f1fd2 consensus state has no leader
I0720 00:35:49.510072 12715 leader_election.cc:223] T 5d2b354e4dab4313ab880bbbc03f1fd2 P ee4ffccf9eb5471297e208d202495ffe [CANDIDATE]: Term 1 election: Requesting vote from peer 3b2a62766e5449f9ae2697a9113d09fb
I0720 00:35:49.510166 12715 leader_election.cc:223] T 5d2b354e4dab4313ab880bbbc03f1fd2 P ee4ffccf9eb5471297e208d202495ffe [CANDIDATE]: Term 1 election: Requesting vote from peer bcc77f1560a949c6b130d6b3c67653be
I0720 00:35:49.510473 11696 raft_consensus.cc:2019] T 5d2b354e4dab4313ab880bbbc03f1fd2 P 3b2a62766e5449f9ae2697a9113d09fb [term 0 FOLLOWER]: Advancing to term 1
I0720 00:35:49.510625 11942 raft_consensus.cc:2019] T 5d2b354e4dab4313ab880bbbc03f1fd2 P bcc77f1560a949c6b130d6b3c67653be [term 0 FOLLOWER]: Advancing to term 1
I0720 00:35:49.510942 11696 raft_consensus.cc:1970] T 5d2b354e4dab4313ab880bbbc03f1fd2 P 3b2a62766e5449f9ae2697a9113d09fb [term 1 FOLLOWER]: Snoozing failure detection for election timeout plus an additional 1.609s
I0720 00:35:49.511127 11942 raft_consensus.cc:1970] T 5d2b354e4dab4313ab880bbbc03f1fd2 P bcc77f1560a949c6b130d6b3c67653be [term 1 FOLLOWER]: Snoozing failure detection for election timeout plus an additional 1.590s
I0720 00:35:49.511477 12020 catalog_manager.cc:1856] TS 3b2a62766e5449f9ae2697a9113d09fb does not have the latest schema for tablet 5d2b354e4dab4313ab880bbbc03f1fd2 (table test-table [id=2a30b8d6c8764cdc9573a60ac5f96269]). Expected version 13 got 0
I0720 00:35:49.511651 11696 raft_consensus.cc:1677] T 5d2b354e4dab4313ab880bbbc03f1fd2 P 3b2a62766e5449f9ae2697a9113d09fb [term 1 FOLLOWER]: Leader election vote request: Granting yes vote for candidate ee4ffccf9eb5471297e208d202495ffe in term 1.
I0720 00:35:49.511852 12154 leader_election.cc:347] T 5d2b354e4dab4313ab880bbbc03f1fd2 P ee4ffccf9eb5471297e208d202495ffe [CANDIDATE]: Term 1 election: Vote granted by peer 3b2a62766e5449f9ae2697a9113d09fb
I0720 00:35:49.511883 12154 leader_election.cc:248] T 5d2b354e4dab4313ab880bbbc03f1fd2 P ee4ffccf9eb5471297e208d202495ffe [CANDIDATE]: Term 1 election: Election decided. Result: candidate won.
I0720 00:35:49.511957 11942 raft_consensus.cc:1677] T 5d2b354e4dab4313ab880bbbc03f1fd2 P bcc77f1560a949c6b130d6b3c67653be [term 1 FOLLOWER]: Leader election vote request: Granting yes vote for candidate ee4ffccf9eb5471297e208d202495ffe in term 1.
I0720 00:35:49.512078 12718 raft_consensus.cc:1970] T 5d2b354e4dab4313ab880bbbc03f1fd2 P ee4ffccf9eb5471297e208d202495ffe [term 1 FOLLOWER]: Snoozing failure detection for election timeout plus an additional 1.649s
I0720 00:35:49.512120 12718 raft_consensus.cc:1859] T 5d2b354e4dab4313ab880bbbc03f1fd2 P ee4ffccf9eb5471297e208d202495ffe [term 1 FOLLOWER]: Leader election won for term 1
I0720 00:35:49.512202 12155 leader_election.cc:347] T 5d2b354e4dab4313ab880bbbc03f1fd2 P ee4ffccf9eb5471297e208d202495ffe [CANDIDATE]: Term 1 election: Vote granted by peer bcc77f1560a949c6b130d6b3c67653be
I0720 00:35:49.513316 12718 raft_consensus.cc:464] T 5d2b354e4dab4313ab880bbbc03f1fd2 P ee4ffccf9eb5471297e208d202495ffe [term 1 LEADER]: Becoming Leader. State: Replica: ee4ffccf9eb5471297e208d202495ffe, State: 1, Role: LEADER Watermarks: {Received: term: 0 index: 0 Committed: term: 0 index: 0}
I0720 00:35:49.513417 12718 consensus_queue.cc:145] T 5d2b354e4dab4313ab880bbbc03f1fd2 P ee4ffccf9eb5471297e208d202495ffe [LEADER]: Queue going to LEADER mode. State: All replicated op: 0.0, Majority replicated op: 0.0, Committed index: 0.0, Last appended: 0.0, Current term: 1, Majority size: 2, State: 1, Mode: LEADER, active raft config: opid_index: -1 peers { permanent_uuid: "ee4ffccf9eb5471297e208d202495ffe" member_type: VOTER last_known_addr { host: "127.42.236.1" port: 57816 } } peers { permanent_uuid: "3b2a62766e5449f9ae2697a9113d09fb" member_type: VOTER last_known_addr { host: "127.42.236.2" port: 60090 } } peers { permanent_uuid: "bcc77f1560a949c6b130d6b3c67653be" member_type: VOTER last_known_addr { host: "127.42.236.0" port: 42768 } }
W0720 00:35:49.513857 12023 catalog_manager.cc:2160] Unable to reset TS proxy: Not found: No leader found: Tablet e23d5d1007ad47259bfc62a21737a54a consensus state has no leader
W0720 00:35:49.513890 12023 catalog_manager.cc:2770] Failed to send alter table request: Not found: Failed to reset TS proxy: No leader found: Tablet e23d5d1007ad47259bfc62a21737a54a consensus state has no leader
W0720 00:35:49.514262 12020 catalog_manager.cc:2160] Unable to reset TS proxy: Not found: No leader found: Tablet 5d2b354e4dab4313ab880bbbc03f1fd2 consensus state has no leader
W0720 00:35:49.514294 12020 catalog_manager.cc:2770] Failed to send alter table request: Not found: Failed to reset TS proxy: No leader found: Tablet 5d2b354e4dab4313ab880bbbc03f1fd2 consensus state has no leader
I0720 00:35:49.516028 12022 catalog_manager.cc:1856] TS ee4ffccf9eb5471297e208d202495ffe does not have the latest schema for tablet 5d2b354e4dab4313ab880bbbc03f1fd2 (table test-table [id=2a30b8d6c8764cdc9573a60ac5f96269]). Expected version 13 got 0
I0720 00:35:49.516121 12022 catalog_manager.cc:1957] Tablet: 5d2b354e4dab4313ab880bbbc03f1fd2 reported consensus state change. New consensus state: current_term: 1 leader_uuid: "ee4ffccf9eb5471297e208d202495ffe" config { opid_index: -1 peers { permanent_uuid: "ee4ffccf9eb5471297e208d202495ffe" member_type: VOTER last_known_addr { host: "127.42.236.1" port: 57816 } } peers { permanent_uuid: "3b2a62766e5449f9ae2697a9113d09fb" member_type: VOTER last_known_addr { host: "127.42.236.2" port: 60090 } } peers { permanent_uuid: "bcc77f1560a949c6b130d6b3c67653be" member_type: VOTER last_known_addr { host: "127.42.236.0" port: 42768 } } }
I0720 00:35:49.517629 12023 catalog_manager.cc:1856] TS bcc77f1560a949c6b130d6b3c67653be does not have the latest schema for tablet 5d2b354e4dab4313ab880bbbc03f1fd2 (table test-table [id=2a30b8d6c8764cdc9573a60ac5f96269]). Expected version 13 got 0
I0720 00:35:49.519251 11942 raft_consensus.cc:869] T 5d2b354e4dab4313ab880bbbc03f1fd2 P bcc77f1560a949c6b130d6b3c67653be [term 1 FOLLOWER]: Refusing update from remote peer ee4ffccf9eb5471297e208d202495ffe: Log matching property violated. Preceding OpId in replica: term: 0 index: 0. Preceding OpId from leader: term: 1 index: 2. (index mismatch)
I0720 00:35:49.519429 12023 catalog_manager.cc:1856] TS bcc77f1560a949c6b130d6b3c67653be does not have the latest schema for tablet e23d5d1007ad47259bfc62a21737a54a (table test-table [id=2a30b8d6c8764cdc9573a60ac5f96269]). Expected version 13 got 0
I0720 00:35:49.519537 11696 raft_consensus.cc:869] T 5d2b354e4dab4313ab880bbbc03f1fd2 P 3b2a62766e5449f9ae2697a9113d09fb [term 1 FOLLOWER]: Refusing update from remote peer ee4ffccf9eb5471297e208d202495ffe: Log matching property violated. Preceding OpId in replica: term: 0 index: 0. Preceding OpId from leader: term: 1 index: 2. (index mismatch)
I0720 00:35:49.519732 12729 consensus_queue.cc:578] T 5d2b354e4dab4313ab880bbbc03f1fd2 P ee4ffccf9eb5471297e208d202495ffe [LEADER]: Connected to new peer: Peer: bcc77f1560a949c6b130d6b3c67653be, Is new: false, Last received: 0.0, Next index: 1, Last known committed idx: 0, Last exchange result: ERROR, Needs remote bootstrap: false
I0720 00:35:49.519948 12718 consensus_queue.cc:578] T 5d2b354e4dab4313ab880bbbc03f1fd2 P ee4ffccf9eb5471297e208d202495ffe [LEADER]: Connected to new peer: Peer: 3b2a62766e5449f9ae2697a9113d09fb, Is new: false, Last received: 0.0, Next index: 1, Last known committed idx: 0, Last exchange result: ERROR, Needs remote bootstrap: false
W0720 00:35:49.521114 12023 catalog_manager.cc:2160] Unable to reset TS proxy: Not found: No leader found: Tablet e23d5d1007ad47259bfc62a21737a54a consensus state has no leader
W0720 00:35:49.521142 12023 catalog_manager.cc:2770] Failed to send alter table request: Not found: Failed to reset TS proxy: No leader found: Tablet e23d5d1007ad47259bfc62a21737a54a consensus state has no leader
I0720 00:35:49.522101 12023 catalog_manager.cc:1856] TS bcc77f1560a949c6b130d6b3c67653be does not have the latest schema for tablet 5d2b354e4dab4313ab880bbbc03f1fd2 (table test-table [id=2a30b8d6c8764cdc9573a60ac5f96269]). Expected version 13 got 0
I0720 00:35:49.522521 12732 raft_consensus_state.cc:534] T 5d2b354e4dab4313ab880bbbc03f1fd2 P ee4ffccf9eb5471297e208d202495ffe [term 1 LEADER]: Advanced the committed_index across terms. Last committed operation was: term: 0 index: 0 New committed index is: term: 1 index: 2
I0720 00:35:49.522729 12297 tablet.cc:824] T 5d2b354e4dab4313ab880bbbc03f1fd2 Alter schema from Schema [ 10:key[int32 NOT NULL], 25:c236[int32 NULLABLE] ] version 0 to Schema [ 10:key[int32 NOT NULL], 25:c236[int32 NULLABLE] ] version 13
I0720 00:35:49.523969 12022 catalog_manager.cc:1856] TS 3b2a62766e5449f9ae2697a9113d09fb does not have the latest schema for tablet 5d2b354e4dab4313ab880bbbc03f1fd2 (table test-table [id=2a30b8d6c8764cdc9573a60ac5f96269]). Expected version 13 got 0
I0720 00:35:49.524224 12657 tablet.cc:824] T 5d2b354e4dab4313ab880bbbc03f1fd2 Alter schema from Schema [ 10:key[int32 NOT NULL], 25:c236[int32 NULLABLE] ] version 0 to Schema [ 10:key[int32 NOT NULL], 25:c236[int32 NULLABLE] ] version 13
I0720 00:35:49.524302 12368 tablet.cc:824] T 5d2b354e4dab4313ab880bbbc03f1fd2 Alter schema from Schema [ 10:key[int32 NOT NULL], 25:c236[int32 NULLABLE] ] version 0 to Schema [ 10:key[int32 NOT NULL], 25:c236[int32 NULLABLE] ] version 13
I0720 00:35:49.529675 12704 tablet.cc:819] T 5d2b354e4dab4313ab880bbbc03f1fd2 Already running schema version 13 got alter request for version 13
I0720 00:35:49.531396 12709 tablet.cc:819] T 5d2b354e4dab4313ab880bbbc03f1fd2 Already running schema version 13 got alter request for version 13
I0720 00:35:49.531692 12445 tablet.cc:819] T 5d2b354e4dab4313ab880bbbc03f1fd2 Already running schema version 13 got alter request for version 13
I0720 00:35:49.657063 12719 raft_consensus.cc:370] T e23d5d1007ad47259bfc62a21737a54a P 3b2a62766e5449f9ae2697a9113d09fb [term 0 FOLLOWER]: No leader contacted us within the election timeout. Triggering leader election
I0720 00:35:49.657094 12719 raft_consensus.cc:2019] T e23d5d1007ad47259bfc62a21737a54a P 3b2a62766e5449f9ae2697a9113d09fb [term 0 FOLLOWER]: Advancing to term 1
I0720 00:35:49.657570 12719 raft_consensus.cc:1970] T e23d5d1007ad47259bfc62a21737a54a P 3b2a62766e5449f9ae2697a9113d09fb [term 1 FOLLOWER]: Snoozing failure detection for election timeout plus an additional 1.613s
I0720 00:35:49.657639 12719 raft_consensus.cc:386] T e23d5d1007ad47259bfc62a21737a54a P 3b2a62766e5449f9ae2697a9113d09fb [term 1 FOLLOWER]: Starting election with config: opid_index: -1 peers { permanent_uuid: "ee4ffccf9eb5471297e208d202495ffe" member_type: VOTER last_known_addr { host: "127.42.236.1" port: 57816 } } peers { permanent_uuid: "3b2a62766e5449f9ae2697a9113d09fb" member_type: VOTER last_known_addr { host: "127.42.236.2" port: 60090 } } peers { permanent_uuid: "bcc77f1560a949c6b130d6b3c67653be" member_type: VOTER last_known_addr { host: "127.42.236.0" port: 42768 } }
I0720 00:35:49.658484 12719 leader_election.cc:223] T e23d5d1007ad47259bfc62a21737a54a P 3b2a62766e5449f9ae2697a9113d09fb [CANDIDATE]: Term 1 election: Requesting vote from peer ee4ffccf9eb5471297e208d202495ffe
I0720 00:35:49.658584 12719 leader_election.cc:223] T e23d5d1007ad47259bfc62a21737a54a P 3b2a62766e5449f9ae2697a9113d09fb [CANDIDATE]: Term 1 election: Requesting vote from peer bcc77f1560a949c6b130d6b3c67653be
I0720 00:35:49.658998 12220 raft_consensus.cc:2019] T e23d5d1007ad47259bfc62a21737a54a P ee4ffccf9eb5471297e208d202495ffe [term 0 FOLLOWER]: Advancing to term 1
I0720 00:35:49.659054 11942 raft_consensus.cc:2019] T e23d5d1007ad47259bfc62a21737a54a P bcc77f1560a949c6b130d6b3c67653be [term 0 FOLLOWER]: Advancing to term 1
I0720 00:35:49.659569 11942 raft_consensus.cc:1970] T e23d5d1007ad47259bfc62a21737a54a P bcc77f1560a949c6b130d6b3c67653be [term 1 FOLLOWER]: Snoozing failure detection for election timeout plus an additional 1.631s
I0720 00:35:49.659569 12220 raft_consensus.cc:1970] T e23d5d1007ad47259bfc62a21737a54a P ee4ffccf9eb5471297e208d202495ffe [term 1 FOLLOWER]: Snoozing failure detection for election timeout plus an additional 1.568s
I0720 00:35:49.660114 12220 raft_consensus.cc:1677] T e23d5d1007ad47259bfc62a21737a54a P ee4ffccf9eb5471297e208d202495ffe [term 1 FOLLOWER]: Leader election vote request: Granting yes vote for candidate 3b2a62766e5449f9ae2697a9113d09fb in term 1.
I0720 00:35:49.660137 11942 raft_consensus.cc:1677] T e23d5d1007ad47259bfc62a21737a54a P bcc77f1560a949c6b130d6b3c67653be [term 1 FOLLOWER]: Leader election vote request: Granting yes vote for candidate 3b2a62766e5449f9ae2697a9113d09fb in term 1.
I0720 00:35:49.660346 11633 leader_election.cc:347] T e23d5d1007ad47259bfc62a21737a54a P 3b2a62766e5449f9ae2697a9113d09fb [CANDIDATE]: Term 1 election: Vote granted by peer bcc77f1560a949c6b130d6b3c67653be
I0720 00:35:49.660374 11633 leader_election.cc:248] T e23d5d1007ad47259bfc62a21737a54a P 3b2a62766e5449f9ae2697a9113d09fb [CANDIDATE]: Term 1 election: Election decided. Result: candidate won.
I0720 00:35:49.660395 11634 leader_election.cc:347] T e23d5d1007ad47259bfc62a21737a54a P 3b2a62766e5449f9ae2697a9113d09fb [CANDIDATE]: Term 1 election: Vote granted by peer ee4ffccf9eb5471297e208d202495ffe
I0720 00:35:49.660574 12720 raft_consensus.cc:1970] T e23d5d1007ad47259bfc62a21737a54a P 3b2a62766e5449f9ae2697a9113d09fb [term 1 FOLLOWER]: Snoozing failure detection for election timeout plus an additional 1.645s
I0720 00:35:49.660620 12720 raft_consensus.cc:1859] T e23d5d1007ad47259bfc62a21737a54a P 3b2a62766e5449f9ae2697a9113d09fb [term 1 FOLLOWER]: Leader election won for term 1
I0720 00:35:49.660981 12720 raft_consensus.cc:464] T e23d5d1007ad47259bfc62a21737a54a P 3b2a62766e5449f9ae2697a9113d09fb [term 1 LEADER]: Becoming Leader. State: Replica: 3b2a62766e5449f9ae2697a9113d09fb, State: 1, Role: LEADER Watermarks: {Received: term: 0 index: 0 Committed: term: 0 index: 0}
I0720 00:35:49.661094 12720 consensus_queue.cc:145] T e23d5d1007ad47259bfc62a21737a54a P 3b2a62766e5449f9ae2697a9113d09fb [LEADER]: Queue going to LEADER mode. State: All replicated op: 0.0, Majority replicated op: 0.0, Committed index: 0.0, Last appended: 0.0, Current term: 1, Majority size: 2, State: 1, Mode: LEADER, active raft config: opid_index: -1 peers { permanent_uuid: "ee4ffccf9eb5471297e208d202495ffe" member_type: VOTER last_known_addr { host: "127.42.236.1" port: 57816 } } peers { permanent_uuid: "3b2a62766e5449f9ae2697a9113d09fb" member_type: VOTER last_known_addr { host: "127.42.236.2" port: 60090 } } peers { permanent_uuid: "bcc77f1560a949c6b130d6b3c67653be" member_type: VOTER last_known_addr { host: "127.42.236.0" port: 42768 } }
W0720 00:35:49.662608 12739 raft_consensus_state.cc:541] T e23d5d1007ad47259bfc62a21737a54a P 3b2a62766e5449f9ae2697a9113d09fb [term 1 LEADER]: Can't advance the committed index across term boundaries until operations from the current term are replicated. Last committed operation was: term: 0 index: 0, New majority replicated is: term: 0 index: 0, Current term is: 1
I0720 00:35:49.662691 12022 catalog_manager.cc:1856] TS 3b2a62766e5449f9ae2697a9113d09fb does not have the latest schema for tablet e23d5d1007ad47259bfc62a21737a54a (table test-table [id=2a30b8d6c8764cdc9573a60ac5f96269]). Expected version 13 got 0
I0720 00:35:49.662797 12022 catalog_manager.cc:1957] Tablet: e23d5d1007ad47259bfc62a21737a54a reported consensus state change. New consensus state: current_term: 1 leader_uuid: "3b2a62766e5449f9ae2697a9113d09fb" config { opid_index: -1 peers { permanent_uuid: "ee4ffccf9eb5471297e208d202495ffe" member_type: VOTER last_known_addr { host: "127.42.236.1" port: 57816 } } peers { permanent_uuid: "3b2a62766e5449f9ae2697a9113d09fb" member_type: VOTER last_known_addr { host: "127.42.236.2" port: 60090 } } peers { permanent_uuid: "bcc77f1560a949c6b130d6b3c67653be" member_type: VOTER last_known_addr { host: "127.42.236.0" port: 42768 } } }
I0720 00:35:49.666008 11942 raft_consensus.cc:869] T e23d5d1007ad47259bfc62a21737a54a P bcc77f1560a949c6b130d6b3c67653be [term 1 FOLLOWER]: Refusing update from remote peer 3b2a62766e5449f9ae2697a9113d09fb: Log matching property violated. Preceding OpId in replica: term: 0 index: 0. Preceding OpId from leader: term: 1 index: 2. (index mismatch)
I0720 00:35:49.666196 12220 raft_consensus.cc:869] T e23d5d1007ad47259bfc62a21737a54a P ee4ffccf9eb5471297e208d202495ffe [term 1 FOLLOWER]: Refusing update from remote peer 3b2a62766e5449f9ae2697a9113d09fb: Log matching property violated. Preceding OpId in replica: term: 0 index: 0. Preceding OpId from leader: term: 1 index: 2. (index mismatch)
I0720 00:35:49.666410 12736 consensus_queue.cc:578] T e23d5d1007ad47259bfc62a21737a54a P 3b2a62766e5449f9ae2697a9113d09fb [LEADER]: Connected to new peer: Peer: bcc77f1560a949c6b130d6b3c67653be, Is new: false, Last received: 0.0, Next index: 1, Last known committed idx: 0, Last exchange result: ERROR, Needs remote bootstrap: false
I0720 00:35:49.666568 12720 consensus_queue.cc:578] T e23d5d1007ad47259bfc62a21737a54a P 3b2a62766e5449f9ae2697a9113d09fb [LEADER]: Connected to new peer: Peer: ee4ffccf9eb5471297e208d202495ffe, Is new: false, Last received: 0.0, Next index: 1, Last known committed idx: 0, Last exchange result: ERROR, Needs remote bootstrap: false
I0720 00:35:49.668649 12022 catalog_manager.cc:1856] TS ee4ffccf9eb5471297e208d202495ffe does not have the latest schema for tablet e23d5d1007ad47259bfc62a21737a54a (table test-table [id=2a30b8d6c8764cdc9573a60ac5f96269]). Expected version 13 got 0
I0720 00:35:49.668817 12739 raft_consensus_state.cc:534] T e23d5d1007ad47259bfc62a21737a54a P 3b2a62766e5449f9ae2697a9113d09fb [term 1 LEADER]: Advanced the committed_index across terms. Last committed operation was: term: 0 index: 0 New committed index is: term: 1 index: 2
I0720 00:35:49.668898 12701 tablet.cc:824] T e23d5d1007ad47259bfc62a21737a54a Alter schema from Schema [ 10:key[int32 NOT NULL], 25:c236[int32 NULLABLE] ] version 0 to Schema [ 10:key[int32 NOT NULL], 25:c236[int32 NULLABLE] ] version 13
I0720 00:35:49.672446 12020 catalog_manager.cc:1856] TS bcc77f1560a949c6b130d6b3c67653be does not have the latest schema for tablet e23d5d1007ad47259bfc62a21737a54a (table test-table [id=2a30b8d6c8764cdc9573a60ac5f96269]). Expected version 13 got 0
I0720 00:35:49.673681 12023 catalog_manager.cc:2970] test-table [id=2a30b8d6c8764cdc9573a60ac5f96269] - Alter table completed version=13
I0720 00:35:49.690688 12657 tablet.cc:824] T 304f195d847441e5a3daabaa3158a7fa Alter schema from Schema [ 10:key[int32 NOT NULL] ] version 12 to Schema [ 10:key[int32 NOT NULL], 25:c236[int32 NULLABLE] ] version 13
I0720 00:35:49.691009 12657 tablet.cc:772] T 304f195d847441e5a3daabaa3158a7fa Flush: entering stage 1 (old memrowset already frozen for inserts)
I0720 00:35:49.691021 12657 compaction.cc:588] Selected 1 rowsets to compact:
I0720 00:35:49.691030 12657 compaction.cc:591] memrowset(current size on disk: ~0 bytes)
I0720 00:35:49.691068 12657 tablet.cc:774] T 304f195d847441e5a3daabaa3158a7fa Memstore in-memory size: 763 bytes
I0720 00:35:49.691093 12657 tablet.cc:1238] T 304f195d847441e5a3daabaa3158a7fa Flush: entering phase 1 (flushing snapshot). Phase 1 snapshot: MvccSnapshot[committed={T|T < 6016921392932323328}]
I0720 00:35:49.691467 12657 multi_column_writer.cc:85] Opened CFile writer for column key[int32 NOT NULL]
I0720 00:35:49.691615 12657 multi_column_writer.cc:85] Opened CFile writer for column c236[int32 NULLABLE]
I0720 00:35:49.694459 12657 tablet.cc:1318] T 304f195d847441e5a3daabaa3158a7fa Flush: entering phase 2 (starting to duplicate updates in new rowsets)
I0720 00:35:49.694571 12657 tablet.cc:1373] T 304f195d847441e5a3daabaa3158a7fa Flush Phase 2: carrying over any updates which arrived during Phase 1
I0720 00:35:49.694593 12657 tablet.cc:1375] T 304f195d847441e5a3daabaa3158a7fa Phase 2 snapshot: MvccSnapshot[committed={T|T < 6016921392932323328}]
I0720 00:35:49.695802 12657 tablet.cc:1416] T 304f195d847441e5a3daabaa3158a7fa Flush successful on 6 rows (4265 bytes)
I0720 00:35:49.699908 12365 tablet.cc:824] T 0c575170c6764de8a3c83b4f7c3ee8e1 Alter schema from Schema [ 10:key[int32 NOT NULL] ] version 12 to Schema [ 10:key[int32 NOT NULL], 25:c236[int32 NULLABLE] ] version 13
I0720 00:35:49.700213 12365 tablet.cc:763] MemRowSet was empty: no flush needed.
I0720 00:35:49.737553 12365 tablet.cc:824] T e23d5d1007ad47259bfc62a21737a54a Alter schema from Schema [ 10:key[int32 NOT NULL], 25:c236[int32 NULLABLE] ] version 0 to Schema [ 10:key[int32 NOT NULL], 25:c236[int32 NULLABLE] ] version 13
I0720 00:35:49.737947 12704 tablet.cc:824] T e23d5d1007ad47259bfc62a21737a54a Alter schema from Schema [ 10:key[int32 NOT NULL], 25:c236[int32 NULLABLE] ] version 0 to Schema [ 10:key[int32 NOT NULL], 25:c236[int32 NULLABLE] ] version 13
I0720 00:35:49.743150 12020 catalog_manager.cc:1856] TS bcc77f1560a949c6b130d6b3c67653be does not have the latest schema for tablet e23d5d1007ad47259bfc62a21737a54a (table test-table [id=2a30b8d6c8764cdc9573a60ac5f96269]). Expected version 13 got 0
I0720 00:35:49.777600 10988 alter_table-randomized-test.cc:92] Restarting TS 0
I0720 00:35:49.777639 10988 external_mini_cluster.cc:661] Killing /tmp/run_tha_testFPtVYj/build/debug/bin/kudu-tserver with pid 11872
W0720 00:35:49.782037 12155 consensus_peers.cc:333] T 304f195d847441e5a3daabaa3158a7fa P ee4ffccf9eb5471297e208d202495ffe -> Peer bcc77f1560a949c6b130d6b3c67653be (127.42.236.0:42768): Couldn't send request to peer bcc77f1560a949c6b130d6b3c67653be for tablet 304f195d847441e5a3daabaa3158a7fa. Status: Network error: Recv() got EOF from remote (error 108). Retrying in the next heartbeat period. Already tried 1 times.
I0720 00:35:49.782395 10988 external_mini_cluster.cc:559] Running /tmp/run_tha_testFPtVYj/build/debug/bin/kudu-tserver kudu-tserver --fs_wal_dir=/tmp/kudutest-1000/alter_table-randomized-test.AlterTableRandomized.TestRandomSequence.1468974934021256-10988/minicluster-data/ts-0 --fs_data_dirs=/tmp/kudutest-1000/alter_table-randomized-test.AlterTableRandomized.TestRandomSequence.1468974934021256-10988/minicluster-data/ts-0 --rpc_bind_addresses=127.42.236.0:42768 --local_ip_for_outbound_sockets=127.42.236.0 --webserver_port=59541 --webserver_interface=127.42.236.0 --tserver_master_addrs=127.0.0.1:35587 --metrics_log_interval_ms=1000 --log_dir=/tmp/kudutest-1000/alter_table-randomized-test.AlterTableRandomized.TestRandomSequence.1468974934021256-10988/minicluster-data/ts-0 --never_fsync --log_container_preallocate_bytes=0 --server_dump_info_path=/tmp/kudutest-1000/alter_table-randomized-test.AlterTableRandomized.TestRandomSequence.1468974934021256-10988/minicluster-data/ts-0/info.pb --server_dump_info_format=pb --rpc_server_allow_ephemeral_ports --logtostderr --logbuflevel=-1
I0720 00:35:49.806473 12743 mem_tracker.cc:138] MemTracker: hard memory limit is 11.777661 GB
I0720 00:35:49.806578 12743 mem_tracker.cc:140] MemTracker: soft memory limit is 7.066597 GB
I0720 00:35:49.810319 12743 tablet_server_main.cc:54] Initializing tablet server...
I0720 00:35:49.810993 12743 hybrid_clock.cc:178] HybridClock initialized. Resolution in nanos?: 1 Wait times tolerance adjustment: 1.0005 Current error: 1034693
I0720 00:35:49.818464 12743 fs_manager.cc:242] Opened local filesystem: /tmp/kudutest-1000/alter_table-randomized-test.AlterTableRandomized.TestRandomSequence.1468974934021256-10988/minicluster-data/ts-0 uuid: "bcc77f1560a949c6b130d6b3c67653be" format_stamp: "Formatted at 2016-07-20 00:35:34 on dist-test-slave-dist-test-slave-yks8"
I0720 00:35:49.822110 12743 ts_tablet_manager.cc:607] Loading metadata for tablet aa279b8c69d14abeb83e8483c783d464
I0720 00:35:49.823647 12743 ts_tablet_manager.cc:607] Loading metadata for tablet 304f195d847441e5a3daabaa3158a7fa
I0720 00:35:49.823968 12743 ts_tablet_manager.cc:607] Loading metadata for tablet 3941d911c89d427eacd1d70afe9fb986
I0720 00:35:49.824247 12743 ts_tablet_manager.cc:607] Loading metadata for tablet e23d5d1007ad47259bfc62a21737a54a
I0720 00:35:49.824497 12743 ts_tablet_manager.cc:607] Loading metadata for tablet c1349da600fe445bbe151b00a41a4e3c
I0720 00:35:49.824764 12743 ts_tablet_manager.cc:607] Loading metadata for tablet 0c575170c6764de8a3c83b4f7c3ee8e1
I0720 00:35:49.825003 12743 ts_tablet_manager.cc:607] Loading metadata for tablet fb14d4878a6441df8d5ab1d6802492fb
I0720 00:35:49.825299 12743 ts_tablet_manager.cc:607] Loading metadata for tablet 5d2b354e4dab4313ab880bbbc03f1fd2
I0720 00:35:49.825541 12743 ts_tablet_manager.cc:607] Loading metadata for tablet f6e9db4a1f1644b4a3b1935d19395232
I0720 00:35:49.826030 12743 ts_tablet_manager.cc:765] Registered tablet aa279b8c69d14abeb83e8483c783d464
I0720 00:35:49.826298 12743 ts_tablet_manager.cc:765] Registered tablet 304f195d847441e5a3daabaa3158a7fa
I0720 00:35:49.826390 12743 ts_tablet_manager.cc:765] Registered tablet 3941d911c89d427eacd1d70afe9fb986
I0720 00:35:49.826485 12743 ts_tablet_manager.cc:765] Registered tablet e23d5d1007ad47259bfc62a21737a54a
I0720 00:35:49.826500 12752 ts_tablet_manager.cc:631] T aa279b8c69d14abeb83e8483c783d464 P bcc77f1560a949c6b130d6b3c67653be: Bootstrapping tablet
I0720 00:35:49.826575 12743 ts_tablet_manager.cc:765] Registered tablet c1349da600fe445bbe151b00a41a4e3c
I0720 00:35:49.826664 12743 ts_tablet_manager.cc:765] Registered tablet 0c575170c6764de8a3c83b4f7c3ee8e1
I0720 00:35:49.826755 12743 ts_tablet_manager.cc:765] Registered tablet fb14d4878a6441df8d5ab1d6802492fb
I0720 00:35:49.826855 12743 ts_tablet_manager.cc:765] Registered tablet 5d2b354e4dab4313ab880bbbc03f1fd2
I0720 00:35:49.826941 12743 ts_tablet_manager.cc:765] Registered tablet f6e9db4a1f1644b4a3b1935d19395232
I0720 00:35:49.827145 12743 tablet_server_main.cc:57] Starting tablet server...
I0720 00:35:49.827149 12752 tablet_bootstrap.cc:400] T aa279b8c69d14abeb83e8483c783d464 P bcc77f1560a949c6b130d6b3c67653be: Bootstrap starting.
I0720 00:35:49.831691 12752 tablet_bootstrap.cc:563] T aa279b8c69d14abeb83e8483c783d464 P bcc77f1560a949c6b130d6b3c67653be: Time spent opening tablet: real 0.003s user 0.004s sys 0.000s
I0720 00:35:49.831913 12752 tablet_bootstrap.cc:619] T aa279b8c69d14abeb83e8483c783d464 P bcc77f1560a949c6b130d6b3c67653be: Will attempt to recover log segment /tmp/kudutest-1000/alter_table-randomized-test.AlterTableRandomized.TestRandomSequence.1468974934021256-10988/minicluster-data/ts-0/wals/aa279b8c69d14abeb83e8483c783d464/wal-000000001 to /tmp/kudutest-1000/alter_table-randomized-test.AlterTableRandomized.TestRandomSequence.1468974934021256-10988/minicluster-data/ts-0/wals/aa279b8c69d14abeb83e8483c783d464.recovery/wal-000000001
I0720 00:35:49.831931 12752 tablet_bootstrap.cc:627] T aa279b8c69d14abeb83e8483c783d464 P bcc77f1560a949c6b130d6b3c67653be: Moving log directory /tmp/kudutest-1000/alter_table-randomized-test.AlterTableRandomized.TestRandomSequence.1468974934021256-10988/minicluster-data/ts-0/wals/aa279b8c69d14abeb83e8483c783d464 to recovery directory /tmp/kudutest-1000/alter_table-randomized-test.AlterTableRandomized.TestRandomSequence.1468974934021256-10988/minicluster-data/ts-0/wals/aa279b8c69d14abeb83e8483c783d464.recovery in preparation for log replay
W0720 00:35:49.832533 12752 log_util.cc:311] Could not read footer for segment: /tmp/kudutest-1000/alter_table-randomized-test.AlterTableRandomized.TestRandomSequence.1468974934021256-10988/minicluster-data/ts-0/wals/aa279b8c69d14abeb83e8483c783d464.recovery/wal-000000001: Not found: Footer not found. Footer magic doesn't match
I0720 00:35:49.832571 12752 log_reader.cc:152] Log segment /tmp/kudutest-1000/alter_table-randomized-test.AlterTableRandomized.TestRandomSequence.1468974934021256-10988/minicluster-data/ts-0/wals/aa279b8c69d14abeb83e8483c783d464.recovery/wal-000000001 was likely left in-progress after a previous crash. Will try to rebuild footer by scanning data.
I0720 00:35:49.835784 12752 log_util.cc:569] Scanning /tmp/kudutest-1000/alter_table-randomized-test.AlterTableRandomized.TestRandomSequence.1468974934021256-10988/minicluster-data/ts-0/wals/aa279b8c69d14abeb83e8483c783d464.recovery/wal-000000001 for valid entry headers following offset 805...
W0720 00:35:49.863994 11633 consensus_peers.cc:333] T 3941d911c89d427eacd1d70afe9fb986 P 3b2a62766e5449f9ae2697a9113d09fb -> Peer bcc77f1560a949c6b130d6b3c67653be (127.42.236.0:42768): Couldn't send request to peer bcc77f1560a949c6b130d6b3c67653be for tablet 3941d911c89d427eacd1d70afe9fb986. Status: Network error: Client connection negotiation failed: client connection to 127.42.236.0:42768: connect: Connection refused (error 111). Retrying in the next heartbeat period. Already tried 1 times.
I0720 00:35:49.883628 12752 log_util.cc:606] Found no log entry headers
I0720 00:35:49.883662 12752 log_util.cc:215] Ignoring log segment corruption in /tmp/kudutest-1000/alter_table-randomized-test.AlterTableRandomized.TestRandomSequence.1468974934021256-10988/minicluster-data/ts-0/wals/aa279b8c69d14abeb83e8483c783d464.recovery/wal-000000001 because there are no log entries following the corrupted one. The server probably crashed in the middle of writing an entry to the write-ahead log or downloaded an active log via remote bootstrap. Error detail: Corruption: CRC mismatch in log entry header: Log file corruption detected. Failed trying to read batch #0 at offset 793 for log segment /tmp/kudutest-1000/alter_table-randomized-test.AlterTableRandomized.TestRandomSequence.1468974934021256-10988/minicluster-data/ts-0/wals/aa279b8c69d14abeb83e8483c783d464.recovery/wal-000000001: Prior entries: [off=602 REPLICATE (1.4)] [off=628 COMMIT (1.4)] [off=757 REPLICATE (1.5)] [off=793 COMMIT (1.5)]
I0720 00:35:49.883699 12752 log_util.cc:359] Successfully rebuilt footer for segment: /tmp/kudutest-1000/alter_table-randomized-test.AlterTableRandomized.TestRandomSequence.1468974934021256-10988/minicluster-data/ts-0/wals/aa279b8c69d14abeb83e8483c783d464.recovery/wal-000000001 (valid entries through byte offset 793)
I0720 00:35:49.884104 12752 tablet.cc:853] T aa279b8c69d14abeb83e8483c783d464 Rewinding schema during bootstrap to Schema [ 10:key[int32 NOT NULL] ]
I0720 00:35:49.885162 12752 log.cc:349] Log is configured to *not* fsync() on all Append() calls
I0720 00:35:49.887629 12752 tablet.cc:824] T aa279b8c69d14abeb83e8483c783d464 Alter schema from Schema [ 10:key[int32 NOT NULL] ] version 0 to Schema [ 10:key[int32 NOT NULL] ] version 12
I0720 00:35:49.887742 12752 tablet_metadata.cc:428] Not flushing: waiting for 1 pins to be released.
I0720 00:35:49.888911 12752 tablet.cc:824] T aa279b8c69d14abeb83e8483c783d464 Alter schema from Schema [ 10:key[int32 NOT NULL] ] version 12 to Schema [ 10:key[int32 NOT NULL], 25:c236[int32 NULLABLE] ] version 13
I0720 00:35:49.889256 12752 tablet.cc:763] MemRowSet was empty: no flush needed.
I0720 00:35:49.889363 12752 tablet_metadata.cc:428] Not flushing: waiting for 1 pins to be released.
I0720 00:35:49.891567 12752 tablet_bootstrap.cc:400] T aa279b8c69d14abeb83e8483c783d464 P bcc77f1560a949c6b130d6b3c67653be: Bootstrap replayed 1/1 log segments. Stats: ops{read=5 overwritten=0 applied=5 ignored=1} inserts{seen=0 ignored=0} mutations{seen=1 ignored=0} orphaned_commits=0. Pending: 0 replicates
I0720 00:35:49.891625 12752 tablet_bootstrap.cc:1040] T aa279b8c69d14abeb83e8483c783d464 P bcc77f1560a949c6b130d6b3c67653be: ReplayState: Previous OpId: 1.5, Committed OpId: 1.5, Pending Replicates: 0, Pending Commits: 0
I0720 00:35:49.892422 12752 tablet_bootstrap.cc:656] T aa279b8c69d14abeb83e8483c783d464 P bcc77f1560a949c6b130d6b3c67653be: Preparing to delete log recovery files and directory /tmp/kudutest-1000/alter_table-randomized-test.AlterTableRandomized.TestRandomSequence.1468974934021256-10988/minicluster-data/ts-0/wals/aa279b8c69d14abeb83e8483c783d464.recovery
I0720 00:35:49.892443 12752 tablet_bootstrap.cc:659] T aa279b8c69d14abeb83e8483c783d464 P bcc77f1560a949c6b130d6b3c67653be: Renaming log recovery dir from /tmp/kudutest-1000/alter_table-randomized-test.AlterTableRandomized.TestRandomSequence.1468974934021256-10988/minicluster-data/ts-0/wals/aa279b8c69d14abeb83e8483c783d464.recovery to /tmp/kudutest-1000/alter_table-randomized-test.AlterTableRandomized.TestRandomSequence.1468974934021256-10988/minicluster-data/ts-0/wals/aa279b8c69d14abeb83e8483c783d464.recovery-1468974949892439
I0720 00:35:49.892477 12752 tablet_bootstrap.cc:669] T aa279b8c69d14abeb83e8483c783d464 P bcc77f1560a949c6b130d6b3c67653be: Deleting all files from renamed log recovery directory /tmp/kudutest-1000/alter_table-randomized-test.AlterTableRandomized.TestRandomSequence.1468974934021256-10988/minicluster-data/ts-0/wals/aa279b8c69d14abeb83e8483c783d464.recovery-1468974949892439
I0720 00:35:49.892673 12752 tablet_bootstrap.cc:672] T aa279b8c69d14abeb83e8483c783d464 P bcc77f1560a949c6b130d6b3c67653be: Completed deletion of old log recovery files and directory /tmp/kudutest-1000/alter_table-randomized-test.AlterTableRandomized.TestRandomSequence.1468974934021256-10988/minicluster-data/ts-0/wals/aa279b8c69d14abeb83e8483c783d464.recovery-1468974949892439
I0720 00:35:49.893460 12743 rpc_server.cc:164] RPC server started. Bound to: 127.42.236.0:42768
I0720 00:35:49.893710 12743 webserver.cc:122] Starting webserver on 127.42.236.0:59541
I0720 00:35:49.893728 12743 webserver.cc:133] Document root disabled
I0720 00:35:49.894047 12743 webserver.cc:217] Webserver started. Bound to: http://127.42.236.0:59541/
I0720 00:35:49.894475 12743 server_base.cc:235] Dumped server information to /tmp/kudutest-1000/alter_table-randomized-test.AlterTableRandomized.TestRandomSequence.1468974934021256-10988/minicluster-data/ts-0/info.pb
I0720 00:35:49.895295 12752 tablet_bootstrap.cc:400] T aa279b8c69d14abeb83e8483c783d464 P bcc77f1560a949c6b130d6b3c67653be: Bootstrap complete.
I0720 00:35:49.898522 12860 heartbeater.cc:255] Connected to a leader master server at 127.0.0.1:35587
I0720 00:35:49.898614 12860 heartbeater.cc:322] Registering TS with master...
I0720 00:35:49.898682 12860 heartbeater.cc:328] Sending a full tablet report to master...
I0720 00:35:49.899361 12020 ts_manager.cc:86] Re-registered known tablet server { permanent_uuid: "bcc77f1560a949c6b130d6b3c67653be" instance_seqno: 1468974949848700 } with Master
I0720 00:35:49.901480 12752 ts_tablet_manager.cc:636] T aa279b8c69d14abeb83e8483c783d464 P bcc77f1560a949c6b130d6b3c67653be: Time spent bootstrapping tablet: real 0.075s user 0.048s sys 0.024s
I0720 00:35:49.902940 12743 tablet_server_main.cc:60] Tablet server successfully started.
I0720 00:35:49.903100 12752 raft_consensus.cc:269] T aa279b8c69d14abeb83e8483c783d464 P bcc77f1560a949c6b130d6b3c67653be [term 1 FOLLOWER]: Replica starting. Triggering 0 pending transactions. Active config: opid_index: -1 peers { permanent_uuid: "ee4ffccf9eb5471297e208d202495ffe" member_type: VOTER last_known_addr { host: "127.42.236.1" port: 57816 } } peers { permanent_uuid: "3b2a62766e5449f9ae2697a9113d09fb" member_type: VOTER last_known_addr { host: "127.42.236.2" port: 60090 } } peers { permanent_uuid: "bcc77f1560a949c6b130d6b3c67653be" member_type: VOTER last_known_addr { host: "127.42.236.0" port: 42768 } }
I0720 00:35:49.903408 12752 raft_consensus.cc:499] T aa279b8c69d14abeb83e8483c783d464 P bcc77f1560a949c6b130d6b3c67653be [term 1 FOLLOWER]: Becoming Follower/Learner. State: Replica: bcc77f1560a949c6b130d6b3c67653be, State: 1, Role: FOLLOWER Watermarks: {Received: term: 1 index: 5 Committed: term: 1 index: 5}
I0720 00:35:49.903514 12752 consensus_queue.cc:162] T aa279b8c69d14abeb83e8483c783d464 P bcc77f1560a949c6b130d6b3c67653be [NON_LEADER]: Queue going to NON_LEADER mode. State: All replicated op: 0.0, Majority replicated op: 0.0, Committed index: 0.0, Last appended: 1.5, Current term: 0, Majority size: -1, State: 1, Mode: NON_LEADER
I0720 00:35:49.904769 10988 external_mini_cluster.cc:595] Started /tmp/run_tha_testFPtVYj/build/debug/bin/kudu-tserver as pid 12743
I0720 00:35:49.904942 12752 ts_tablet_manager.cc:663] T aa279b8c69d14abeb83e8483c783d464 P bcc77f1560a949c6b130d6b3c67653be: Time spent starting tablet: real 0.003s user 0.000s sys 0.000s
I0720 00:35:49.905047 12752 ts_tablet_manager.cc:631] T 304f195d847441e5a3daabaa3158a7fa P bcc77f1560a949c6b130d6b3c67653be: Bootstrapping tablet
I0720 00:35:49.905316 12752 tablet_bootstrap.cc:400] T 304f195d847441e5a3daabaa3158a7fa P bcc77f1560a949c6b130d6b3c67653be: Bootstrap starting.
I0720 00:35:49.906638 12752 tablet_bootstrap.cc:563] T 304f195d847441e5a3daabaa3158a7fa P bcc77f1560a949c6b130d6b3c67653be: Time spent opening tablet: real 0.001s user 0.000s sys 0.000s
I0720 00:35:49.906774 12752 tablet_bootstrap.cc:619] T 304f195d847441e5a3daabaa3158a7fa P bcc77f1560a949c6b130d6b3c67653be: Will attempt to recover log segment /tmp/kudutest-1000/alter_table-randomized-test.AlterTableRandomized.TestRandomSequence.1468974934021256-10988/minicluster-data/ts-0/wals/304f195d847441e5a3daabaa3158a7fa/wal-000000001 to /tmp/kudutest-1000/alter_table-randomized-test.AlterTableRandomized.TestRandomSequence.1468974934021256-10988/minicluster-data/ts-0/wals/304f195d847441e5a3daabaa3158a7fa.recovery/wal-000000001
I0720 00:35:49.906800 12752 tablet_bootstrap.cc:627] T 304f195d847441e5a3daabaa3158a7fa P bcc77f1560a949c6b130d6b3c67653be: Moving log directory /tmp/kudutest-1000/alter_table-randomized-test.AlterTableRandomized.TestRandomSequence.1468974934021256-10988/minicluster-data/ts-0/wals/304f195d847441e5a3daabaa3158a7fa to recovery directory /tmp/kudutest-1000/alter_table-randomized-test.AlterTableRandomized.TestRandomSequence.1468974934021256-10988/minicluster-data/ts-0/wals/304f195d847441e5a3daabaa3158a7fa.recovery in preparation for log replay
W0720 00:35:49.907057 12752 log_util.cc:311] Could not read footer for segment: /tmp/kudutest-1000/alter_table-randomized-test.AlterTableRandomized.TestRandomSequence.1468974934021256-10988/minicluster-data/ts-0/wals/304f195d847441e5a3daabaa3158a7fa.recovery/wal-000000001: Not found: Footer not found. Footer magic doesn't match
I0720 00:35:49.907078 12752 log_reader.cc:152] Log segment /tmp/kudutest-1000/alter_table-randomized-test.AlterTableRandomized.TestRandomSequence.1468974934021256-10988/minicluster-data/ts-0/wals/304f195d847441e5a3daabaa3158a7fa.recovery/wal-000000001 was likely left in-progress after a previous crash. Will try to rebuild footer by scanning data.
W0720 00:35:49.907773 12155 consensus_peers.cc:333] T 5d2b354e4dab4313ab880bbbc03f1fd2 P ee4ffccf9eb5471297e208d202495ffe -> Peer bcc77f1560a949c6b130d6b3c67653be (127.42.236.0:42768): Couldn't send request to peer bcc77f1560a949c6b130d6b3c67653be for tablet 5d2b354e4dab4313ab880bbbc03f1fd2. Error code: TABLET_NOT_RUNNING (12). Status: Illegal state: Tablet not RUNNING: NOT_STARTED. Retrying in the next heartbeat period. Already tried 1 times.
I0720 00:35:49.907968 12752 log_util.cc:569] Scanning /tmp/kudutest-1000/alter_table-randomized-test.AlterTableRandomized.TestRandomSequence.1468974934021256-10988/minicluster-data/ts-0/wals/304f195d847441e5a3daabaa3158a7fa.recovery/wal-000000001 for valid entry headers following offset 2548...
I0720 00:35:49.956292 12752 log_util.cc:606] Found no log entry headers
I0720 00:35:49.956331 12752 log_util.cc:215] Ignoring log segment corruption in /tmp/kudutest-1000/alter_table-randomized-test.AlterTableRandomized.TestRandomSequence.1468974934021256-10988/minicluster-data/ts-0/wals/304f195d847441e5a3daabaa3158a7fa.recovery/wal-000000001 because there are no log entries following the corrupted one. The server probably crashed in the middle of writing an entry to the write-ahead log or downloaded an active log via remote bootstrap. Error detail: Corruption: CRC mismatch in log entry header: Log file corruption detected. Failed trying to read batch #0 at offset 2536 for log segment /tmp/kudutest-1000/alter_table-randomized-test.AlterTableRandomized.TestRandomSequence.1468974934021256-10988/minicluster-data/ts-0/wals/304f195d847441e5a3daabaa3158a7fa.recovery/wal-000000001: Prior entries: [off=2252 COMMIT (1.15)] [off=2377 REPLICATE (1.16)] [off=2411 COMMIT (1.16)] [off=2536 REPLICATE (1.17)]
I0720 00:35:49.956346 12752 log_util.cc:359] Successfully rebuilt footer for segment: /tmp/kudutest-1000/alter_table-randomized-test.AlterTableRandomized.TestRandomSequence.1468974934021256-10988/minicluster-data/ts-0/wals/304f195d847441e5a3daabaa3158a7fa.recovery/wal-000000001 (valid entries through byte offset 2536)
I0720 00:35:49.956549 12752 tablet.cc:853] T 304f195d847441e5a3daabaa3158a7fa Rewinding schema during bootstrap to Schema [ 10:key[int32 NOT NULL] ]
I0720 00:35:49.958760 12752 tablet.cc:824] T 304f195d847441e5a3daabaa3158a7fa Alter schema from Schema [ 10:key[int32 NOT NULL] ] version 0 to Schema [ 10:key[int32 NOT NULL] ] version 11
I0720 00:35:49.958880 12752 tablet_metadata.cc:428] Not flushing: waiting for 1 pins to be released.
I0720 00:35:49.961376 12752 tablet.cc:824] T 304f195d847441e5a3daabaa3158a7fa Alter schema from Schema [ 10:key[int32 NOT NULL] ] version 11 to Schema [ 10:key[int32 NOT NULL] ] version 12
I0720 00:35:49.961462 12752 tablet_metadata.cc:428] Not flushing: waiting for 1 pins to be released.
I0720 00:35:49.961974 12752 tablet.cc:824] T 304f195d847441e5a3daabaa3158a7fa Alter schema from Schema [ 10:key[int32 NOT NULL] ] version 12 to Schema [ 10:key[int32 NOT NULL], 25:c236[int32 NULLABLE] ] version 13
I0720 00:35:49.962332 12752 tablet.cc:763] MemRowSet was empty: no flush needed.
I0720 00:35:49.962393 12752 tablet_metadata.cc:428] Not flushing: waiting for 1 pins to be released.
I0720 00:35:49.965497 12752 tablet_bootstrap.cc:400] T 304f195d847441e5a3daabaa3158a7fa P bcc77f1560a949c6b130d6b3c67653be: Bootstrap replayed 1/1 log segments. Stats: ops{read=17 overwritten=0 applied=16 ignored=8} inserts{seen=2 ignored=0} mutations{seen=2 ignored=0} orphaned_commits=0. Pending: 1 replicates
I0720 00:35:49.965698 12752 tablet_bootstrap.cc:1040] T 304f195d847441e5a3daabaa3158a7fa P bcc77f1560a949c6b130d6b3c67653be: ReplayState: Previous OpId: 1.17, Committed OpId: 1.16, Pending Replicates: 1, Pending Commits: 0
I0720 00:35:49.965714 12752 tablet_bootstrap.cc:1040] T 304f195d847441e5a3daabaa3158a7fa P bcc77f1560a949c6b130d6b3c67653be: Dumping REPLICATES:
I0720 00:35:49.965718 12752 tablet_bootstrap.cc:1040] T 304f195d847441e5a3daabaa3158a7fa P bcc77f1560a949c6b130d6b3c67653be: type: REPLICATE replicate { id { term: 1 index: 17 } timestamp: 6016921394279092224 op_type: WRITE_OP write_request { tablet_id: "304f195d847441e5a3daabaa3158a7fa" schema { columns { name: "key" type: INT32 is_key: true is_nullable: false encoding: AUTO_ENCODING compression: DEFAULT_COMPRESSION cfile_block_size: 0 } columns { name: "c236" type: INT32 is_key: false is_nullable: true encoding: AUTO_ENCODING compression: DEFAULT_COMPRESSION cfile_block_size: 0 } } row_operations { rows: "\001\003\002\375(=C" } external_consistency_mode: CLIENT_PROPAGATED } }
I0720 00:35:49.966197 12752 tablet_bootstrap.cc:656] T 304f195d847441e5a3daabaa3158a7fa P bcc77f1560a949c6b130d6b3c67653be: Preparing to delete log recovery files and directory /tmp/kudutest-1000/alter_table-randomized-test.AlterTableRandomized.TestRandomSequence.1468974934021256-10988/minicluster-data/ts-0/wals/304f195d847441e5a3daabaa3158a7fa.recovery
I0720 00:35:49.966217 12752 tablet_bootstrap.cc:659] T 304f195d847441e5a3daabaa3158a7fa P bcc77f1560a949c6b130d6b3c67653be: Renaming log recovery dir from /tmp/kudutest-1000/alter_table-randomized-test.AlterTableRandomized.TestRandomSequence.1468974934021256-10988/minicluster-data/ts-0/wals/304f195d847441e5a3daabaa3158a7fa.recovery to /tmp/kudutest-1000/alter_table-randomized-test.AlterTableRandomized.TestRandomSequence.1468974934021256-10988/minicluster-data/ts-0/wals/304f195d847441e5a3daabaa3158a7fa.recovery-1468974949966214
I0720 00:35:49.966256 12752 tablet_bootstrap.cc:669] T 304f195d847441e5a3daabaa3158a7fa P bcc77f1560a949c6b130d6b3c67653be: Deleting all files from renamed log recovery directory /tmp/kudutest-1000/alter_table-randomized-test.AlterTableRandomized.TestRandomSequence.1468974934021256-10988/minicluster-data/ts-0/wals/304f195d847441e5a3daabaa3158a7fa.recovery-1468974949966214
I0720 00:35:49.966490 12752 tablet_bootstrap.cc:672] T 304f195d847441e5a3daabaa3158a7fa P bcc77f1560a949c6b130d6b3c67653be: Completed deletion of old log recovery files and directory /tmp/kudutest-1000/alter_table-randomized-test.AlterTableRandomized.TestRandomSequence.1468974934021256-10988/minicluster-data/ts-0/wals/304f195d847441e5a3daabaa3158a7fa.recovery-1468974949966214
I0720 00:35:49.967432 12752 tablet_bootstrap.cc:400] T 304f195d847441e5a3daabaa3158a7fa P bcc77f1560a949c6b130d6b3c67653be: Bootstrap complete.
I0720 00:35:49.972741 12752 ts_tablet_manager.cc:636] T 304f195d847441e5a3daabaa3158a7fa P bcc77f1560a949c6b130d6b3c67653be: Time spent bootstrapping tablet: real 0.068s user 0.036s sys 0.036s
