I0720 00:35:48.451692 11923 maintenance_manager.cc:176] Unregistered op FlushDeltaMemStoresOp(012cb2e3fa664bc6be77fb45b81fffc0)
I0720 00:35:48.451709 11923 maintenance_manager.cc:176] Unregistered op LogGCOp(012cb2e3fa664bc6be77fb45b81fffc0)
I0720 00:35:48.451711 12200 tablet_peer.cc:214] Initiating TabletPeer shutdown for tablet: 012cb2e3fa664bc6be77fb45b81fffc0
I0720 00:35:48.451732 11923 raft_consensus.cc:1495] T 012cb2e3fa664bc6be77fb45b81fffc0 P bcc77f1560a949c6b130d6b3c67653be [term 1 FOLLOWER]: Raft consensus shutting down.
I0720 00:35:48.451776 12200 maintenance_manager.cc:176] Unregistered op CompactRowSetsOp(012cb2e3fa664bc6be77fb45b81fffc0)
I0720 00:35:48.451783 11923 raft_consensus.cc:1511] T 012cb2e3fa664bc6be77fb45b81fffc0 P bcc77f1560a949c6b130d6b3c67653be [term 1 FOLLOWER]: Raft consensus is shut down!
I0720 00:35:48.451808 12200 maintenance_manager.cc:176] Unregistered op MinorDeltaCompactionOp(012cb2e3fa664bc6be77fb45b81fffc0)
I0720 00:35:48.451834 12200 maintenance_manager.cc:176] Unregistered op MajorDeltaCompactionOp(012cb2e3fa664bc6be77fb45b81fffc0)
I0720 00:35:48.451871 12200 maintenance_manager.cc:176] Unregistered op FlushMRSOp(012cb2e3fa664bc6be77fb45b81fffc0)
I0720 00:35:48.451913 12200 maintenance_manager.cc:176] Unregistered op FlushDeltaMemStoresOp(012cb2e3fa664bc6be77fb45b81fffc0)
I0720 00:35:48.451947 12200 maintenance_manager.cc:176] Unregistered op LogGCOp(012cb2e3fa664bc6be77fb45b81fffc0)
I0720 00:35:48.451974 12200 raft_consensus.cc:1495] T 012cb2e3fa664bc6be77fb45b81fffc0 P ee4ffccf9eb5471297e208d202495ffe [term 1 FOLLOWER]: Raft consensus shutting down.
I0720 00:35:48.452033 12200 raft_consensus_state.cc:377] T 012cb2e3fa664bc6be77fb45b81fffc0 P ee4ffccf9eb5471297e208d202495ffe [term 1 FOLLOWER]: Trying to abort 1 pending transactions.
I0720 00:35:48.452116 12200 raft_consensus_state.cc:382] T 012cb2e3fa664bc6be77fb45b81fffc0 P ee4ffccf9eb5471297e208d202495ffe [term 1 FOLLOWER]: Aborting transaction as it isn't in flight: id { term: 1 index: 7 } timestamp: 6016921388673548288 op_type: WRITE_OP write_request { tablet_id: "012cb2e3fa664bc6be77fb45b81fffc0" schema { columns { name: "key" type: INT32 is_key: true is_nullable: false encoding: AUTO_ENCODING compression: DEFAULT_COMPRESSION cfile_block_size: 0 } } row_operations { rows: "\003\001\250\332\201\013" } external_consistency_mode: CLIENT_PROPAGATED }
I0720 00:35:48.452267 12200 raft_consensus.cc:1511] T 012cb2e3fa664bc6be77fb45b81fffc0 P ee4ffccf9eb5471297e208d202495ffe [term 1 FOLLOWER]: Raft consensus is shut down!
I0720 00:35:48.452476 11675 maintenance_manager.cc:176] Unregistered op MinorDeltaCompactionOp(012cb2e3fa664bc6be77fb45b81fffc0)
I0720 00:35:48.452514 11675 maintenance_manager.cc:176] Unregistered op MajorDeltaCompactionOp(012cb2e3fa664bc6be77fb45b81fffc0)
I0720 00:35:48.452556 11675 maintenance_manager.cc:176] Unregistered op FlushMRSOp(012cb2e3fa664bc6be77fb45b81fffc0)
I0720 00:35:48.452586 11675 maintenance_manager.cc:176] Unregistered op FlushDeltaMemStoresOp(012cb2e3fa664bc6be77fb45b81fffc0)
I0720 00:35:48.452612 11675 maintenance_manager.cc:176] Unregistered op LogGCOp(012cb2e3fa664bc6be77fb45b81fffc0)
I0720 00:35:48.452643 11675 raft_consensus.cc:1495] T 012cb2e3fa664bc6be77fb45b81fffc0 P 3b2a62766e5449f9ae2697a9113d09fb [term 1 LEADER]: Raft consensus shutting down.
I0720 00:35:48.452850 11675 consensus_peers.cc:358] T 012cb2e3fa664bc6be77fb45b81fffc0 P 3b2a62766e5449f9ae2697a9113d09fb -> Peer bcc77f1560a949c6b130d6b3c67653be (127.42.236.0:42768): Closing peer: bcc77f1560a949c6b130d6b3c67653be
I0720 00:35:48.453021 11675 consensus_peers.cc:358] T 012cb2e3fa664bc6be77fb45b81fffc0 P 3b2a62766e5449f9ae2697a9113d09fb -> Peer ee4ffccf9eb5471297e208d202495ffe (127.42.236.1:57816): Closing peer: ee4ffccf9eb5471297e208d202495ffe
I0720 00:35:48.453068 11923 ts_tablet_manager.cc:960] T 012cb2e3fa664bc6be77fb45b81fffc0 P bcc77f1560a949c6b130d6b3c67653be: Deleting tablet data with delete state TABLET_DATA_DELETED
I0720 00:35:48.453505 11675 raft_consensus.cc:1511] T 012cb2e3fa664bc6be77fb45b81fffc0 P 3b2a62766e5449f9ae2697a9113d09fb [term 1 LEADER]: Raft consensus is shut down!
I0720 00:35:48.453994 12200 ts_tablet_manager.cc:960] T 012cb2e3fa664bc6be77fb45b81fffc0 P ee4ffccf9eb5471297e208d202495ffe: Deleting tablet data with delete state TABLET_DATA_DELETED
I0720 00:35:48.455057 11675 ts_tablet_manager.cc:960] T 012cb2e3fa664bc6be77fb45b81fffc0 P 3b2a62766e5449f9ae2697a9113d09fb: Deleting tablet data with delete state TABLET_DATA_DELETED
I0720 00:35:48.455152 12200 ts_tablet_manager.cc:970] T 012cb2e3fa664bc6be77fb45b81fffc0 P ee4ffccf9eb5471297e208d202495ffe: Tablet deleted. Last logged OpId: 1.7
I0720 00:35:48.455652 12200 tablet_bootstrap.cc:400] T 012cb2e3fa664bc6be77fb45b81fffc0 P ee4ffccf9eb5471297e208d202495ffe: Deleted tablet blocks from disk
I0720 00:35:48.456331 11675 ts_tablet_manager.cc:970] T 012cb2e3fa664bc6be77fb45b81fffc0 P 3b2a62766e5449f9ae2697a9113d09fb: Tablet deleted. Last logged OpId: 1.7
I0720 00:35:48.456667 11675 tablet_bootstrap.cc:400] T 012cb2e3fa664bc6be77fb45b81fffc0 P 3b2a62766e5449f9ae2697a9113d09fb: Deleted tablet blocks from disk
I0720 00:35:48.457520 12010 catalog_manager.cc:2499] TS ee4ffccf9eb5471297e208d202495ffe: tablet 012cb2e3fa664bc6be77fb45b81fffc0 (table test-table [id=2a30b8d6c8764cdc9573a60ac5f96269]) successfully deleted
I0720 00:35:48.457856 12008 catalog_manager.cc:2499] TS 3b2a62766e5449f9ae2697a9113d09fb: tablet 012cb2e3fa664bc6be77fb45b81fffc0 (table test-table [id=2a30b8d6c8764cdc9573a60ac5f96269]) successfully deleted
I0720 00:35:48.458070 12200 tablet_service.cc:610] Processing CreateTablet for tablet f6e9db4a1f1644b4a3b1935d19395232 (table=test-table [id=2a30b8d6c8764cdc9573a60ac5f96269]), partition=range: [(int32 key=67108863), (int32 key=134217726))
I0720 00:35:48.458070 12201 tablet_service.cc:610] Processing CreateTablet for tablet 8e2841309b884bd8a36f7ef18615d201 (table=test-table [id=2a30b8d6c8764cdc9573a60ac5f96269]), partition=range: [(int32 key=201326589), (int32 key=268435452))
I0720 00:35:48.458284 12198 tablet_service.cc:610] Processing CreateTablet for tablet c1349da600fe445bbe151b00a41a4e3c (table=test-table [id=2a30b8d6c8764cdc9573a60ac5f96269]), partition=range: [(int32 key=536870904), (int32 key=603979767))
I0720 00:35:48.458412 11923 ts_tablet_manager.cc:970] T 012cb2e3fa664bc6be77fb45b81fffc0 P bcc77f1560a949c6b130d6b3c67653be: Tablet deleted. Last logged OpId: 1.7
I0720 00:35:48.458780 11923 tablet_bootstrap.cc:400] T 012cb2e3fa664bc6be77fb45b81fffc0 P bcc77f1560a949c6b130d6b3c67653be: Deleted tablet blocks from disk
I0720 00:35:48.458920 12201 ts_tablet_manager.cc:765] Registered tablet 8e2841309b884bd8a36f7ef18615d201
I0720 00:35:48.459022 12200 ts_tablet_manager.cc:765] Registered tablet f6e9db4a1f1644b4a3b1935d19395232
I0720 00:35:48.459244 12198 ts_tablet_manager.cc:765] Registered tablet c1349da600fe445bbe151b00a41a4e3c
I0720 00:35:48.459487 12009 catalog_manager.cc:2499] TS bcc77f1560a949c6b130d6b3c67653be: tablet 012cb2e3fa664bc6be77fb45b81fffc0 (table test-table [id=2a30b8d6c8764cdc9573a60ac5f96269]) successfully deleted
I0720 00:35:48.459554 12199 tablet_service.cc:610] Processing CreateTablet for tablet 3941d911c89d427eacd1d70afe9fb986 (table=test-table [id=2a30b8d6c8764cdc9573a60ac5f96269]), partition=range: [(int32 key=671088630), (int32 key=738197493))
I0720 00:35:48.460003 11923 tablet_service.cc:610] Processing CreateTablet for tablet f6e9db4a1f1644b4a3b1935d19395232 (table=test-table [id=2a30b8d6c8764cdc9573a60ac5f96269]), partition=range: [(int32 key=67108863), (int32 key=134217726))
I0720 00:35:48.460119 11920 tablet_service.cc:610] Processing CreateTablet for tablet 8e2841309b884bd8a36f7ef18615d201 (table=test-table [id=2a30b8d6c8764cdc9573a60ac5f96269]), partition=range: [(int32 key=201326589), (int32 key=268435452))
W0720 00:35:48.460464 10988 table-internal.cc:136] Error getting table locations: Service unavailable: Tablet not running, retrying.
I0720 00:35:48.460603 12199 ts_tablet_manager.cc:765] Registered tablet 3941d911c89d427eacd1d70afe9fb986
I0720 00:35:48.460796 12563 ts_tablet_manager.cc:631] T 8e2841309b884bd8a36f7ef18615d201 P ee4ffccf9eb5471297e208d202495ffe: Bootstrapping tablet
I0720 00:35:48.460877 11922 tablet_service.cc:610] Processing CreateTablet for tablet c1349da600fe445bbe151b00a41a4e3c (table=test-table [id=2a30b8d6c8764cdc9573a60ac5f96269]), partition=range: [(int32 key=536870904), (int32 key=603979767))
I0720 00:35:48.461177 11921 tablet_service.cc:610] Processing CreateTablet for tablet 3941d911c89d427eacd1d70afe9fb986 (table=test-table [id=2a30b8d6c8764cdc9573a60ac5f96269]), partition=range: [(int32 key=671088630), (int32 key=738197493))
I0720 00:35:48.461416 12563 tablet_bootstrap.cc:400] T 8e2841309b884bd8a36f7ef18615d201 P ee4ffccf9eb5471297e208d202495ffe: Bootstrap starting.
I0720 00:35:48.461864 11675 tablet_service.cc:610] Processing CreateTablet for tablet f6e9db4a1f1644b4a3b1935d19395232 (table=test-table [id=2a30b8d6c8764cdc9573a60ac5f96269]), partition=range: [(int32 key=67108863), (int32 key=134217726))
I0720 00:35:48.461956 11679 tablet_service.cc:610] Processing CreateTablet for tablet 8e2841309b884bd8a36f7ef18615d201 (table=test-table [id=2a30b8d6c8764cdc9573a60ac5f96269]), partition=range: [(int32 key=201326589), (int32 key=268435452))
I0720 00:35:48.462151 11676 tablet_service.cc:610] Processing CreateTablet for tablet 3941d911c89d427eacd1d70afe9fb986 (table=test-table [id=2a30b8d6c8764cdc9573a60ac5f96269]), partition=range: [(int32 key=671088630), (int32 key=738197493))
I0720 00:35:48.462206 12563 tablet_bootstrap.cc:563] T 8e2841309b884bd8a36f7ef18615d201 P ee4ffccf9eb5471297e208d202495ffe: Time spent opening tablet: real 0.000s user 0.000s sys 0.000s
I0720 00:35:48.462354 12563 tablet_bootstrap.cc:503] T 8e2841309b884bd8a36f7ef18615d201 P ee4ffccf9eb5471297e208d202495ffe: No blocks or log segments found. Creating new log.
I0720 00:35:48.462575 11677 tablet_service.cc:610] Processing CreateTablet for tablet c1349da600fe445bbe151b00a41a4e3c (table=test-table [id=2a30b8d6c8764cdc9573a60ac5f96269]), partition=range: [(int32 key=536870904), (int32 key=603979767))
I0720 00:35:48.463045 11920 ts_tablet_manager.cc:765] Registered tablet 8e2841309b884bd8a36f7ef18615d201
I0720 00:35:48.463438 12565 ts_tablet_manager.cc:631] T 8e2841309b884bd8a36f7ef18615d201 P bcc77f1560a949c6b130d6b3c67653be: Bootstrapping tablet
I0720 00:35:48.463558 11922 ts_tablet_manager.cc:765] Registered tablet c1349da600fe445bbe151b00a41a4e3c
I0720 00:35:48.463784 12565 tablet_bootstrap.cc:400] T 8e2841309b884bd8a36f7ef18615d201 P bcc77f1560a949c6b130d6b3c67653be: Bootstrap starting.
I0720 00:35:48.464581 11921 ts_tablet_manager.cc:765] Registered tablet 3941d911c89d427eacd1d70afe9fb986
I0720 00:35:48.464581 12565 tablet_bootstrap.cc:563] T 8e2841309b884bd8a36f7ef18615d201 P bcc77f1560a949c6b130d6b3c67653be: Time spent opening tablet: real 0.000s user 0.000s sys 0.000s
I0720 00:35:48.464722 12565 tablet_bootstrap.cc:503] T 8e2841309b884bd8a36f7ef18615d201 P bcc77f1560a949c6b130d6b3c67653be: No blocks or log segments found. Creating new log.
I0720 00:35:48.464808 12563 tablet_bootstrap.cc:400] T 8e2841309b884bd8a36f7ef18615d201 P ee4ffccf9eb5471297e208d202495ffe: No bootstrap required, opened a new log
I0720 00:35:48.465257 11675 ts_tablet_manager.cc:765] Registered tablet f6e9db4a1f1644b4a3b1935d19395232
I0720 00:35:48.465311 11679 ts_tablet_manager.cc:765] Registered tablet 8e2841309b884bd8a36f7ef18615d201
I0720 00:35:48.465406 12563 ts_tablet_manager.cc:636] T 8e2841309b884bd8a36f7ef18615d201 P ee4ffccf9eb5471297e208d202495ffe: Time spent bootstrapping tablet: real 0.004s user 0.000s sys 0.000s
I0720 00:35:48.465526 11676 ts_tablet_manager.cc:765] Registered tablet 3941d911c89d427eacd1d70afe9fb986
I0720 00:35:48.465663 11677 ts_tablet_manager.cc:765] Registered tablet c1349da600fe445bbe151b00a41a4e3c
I0720 00:35:48.466384 11923 ts_tablet_manager.cc:765] Registered tablet f6e9db4a1f1644b4a3b1935d19395232
I0720 00:35:48.466555 12563 raft_consensus.cc:269] T 8e2841309b884bd8a36f7ef18615d201 P ee4ffccf9eb5471297e208d202495ffe [term 0 FOLLOWER]: Replica starting. Triggering 0 pending transactions. Active config: opid_index: -1 peers { permanent_uuid: "ee4ffccf9eb5471297e208d202495ffe" member_type: VOTER last_known_addr { host: "127.42.236.1" port: 57816 } } peers { permanent_uuid: "3b2a62766e5449f9ae2697a9113d09fb" member_type: VOTER last_known_addr { host: "127.42.236.2" port: 60090 } } peers { permanent_uuid: "bcc77f1560a949c6b130d6b3c67653be" member_type: VOTER last_known_addr { host: "127.42.236.0" port: 42768 } }
I0720 00:35:48.466637 12563 raft_consensus.cc:301] T 8e2841309b884bd8a36f7ef18615d201 P ee4ffccf9eb5471297e208d202495ffe [term 0 FOLLOWER]: Consensus starting up: Expiring failure detector timer to make a prompt election more likely
I0720 00:35:48.466681 12563 raft_consensus.cc:499] T 8e2841309b884bd8a36f7ef18615d201 P ee4ffccf9eb5471297e208d202495ffe [term 0 FOLLOWER]: Becoming Follower/Learner. State: Replica: ee4ffccf9eb5471297e208d202495ffe, State: 1, Role: FOLLOWER Watermarks: {Received: term: 0 index: 0 Committed: term: 0 index: 0}
I0720 00:35:48.466728 12563 consensus_queue.cc:162] T 8e2841309b884bd8a36f7ef18615d201 P ee4ffccf9eb5471297e208d202495ffe [NON_LEADER]: Queue going to NON_LEADER mode. State: All replicated op: 0.0, Majority replicated op: 0.0, Committed index: 0.0, Last appended: 0.0, Current term: 0, Majority size: -1, State: 1, Mode: NON_LEADER
I0720 00:35:48.467123 12563 ts_tablet_manager.cc:663] T 8e2841309b884bd8a36f7ef18615d201 P ee4ffccf9eb5471297e208d202495ffe: Time spent starting tablet: real 0.002s user 0.000s sys 0.000s
I0720 00:35:48.467247 12563 ts_tablet_manager.cc:631] T c1349da600fe445bbe151b00a41a4e3c P ee4ffccf9eb5471297e208d202495ffe: Bootstrapping tablet
I0720 00:35:48.467533 12563 tablet_bootstrap.cc:400] T c1349da600fe445bbe151b00a41a4e3c P ee4ffccf9eb5471297e208d202495ffe: Bootstrap starting.
I0720 00:35:48.467824 12023 catalog_manager.cc:1856] TS ee4ffccf9eb5471297e208d202495ffe does not have the latest schema for tablet 8e2841309b884bd8a36f7ef18615d201 (table test-table [id=2a30b8d6c8764cdc9573a60ac5f96269]). Expected version 11 got 0
I0720 00:35:48.468031 12563 tablet_bootstrap.cc:563] T c1349da600fe445bbe151b00a41a4e3c P ee4ffccf9eb5471297e208d202495ffe: Time spent opening tablet: real 0.000s user 0.000s sys 0.000s
I0720 00:35:48.468185 12563 tablet_bootstrap.cc:503] T c1349da600fe445bbe151b00a41a4e3c P ee4ffccf9eb5471297e208d202495ffe: No blocks or log segments found. Creating new log.
I0720 00:35:48.469085 12567 ts_tablet_manager.cc:631] T f6e9db4a1f1644b4a3b1935d19395232 P 3b2a62766e5449f9ae2697a9113d09fb: Bootstrapping tablet
W0720 00:35:48.469471 12023 catalog_manager.cc:2160] Unable to reset TS proxy: Not found: No leader found: Tablet 8e2841309b884bd8a36f7ef18615d201 consensus state has no leader
I0720 00:35:48.469490 12567 tablet_bootstrap.cc:400] T f6e9db4a1f1644b4a3b1935d19395232 P 3b2a62766e5449f9ae2697a9113d09fb: Bootstrap starting.
W0720 00:35:48.469496 12023 catalog_manager.cc:2770] Failed to send alter table request: Not found: Failed to reset TS proxy: No leader found: Tablet 8e2841309b884bd8a36f7ef18615d201 consensus state has no leader
I0720 00:35:48.470181 12567 tablet_bootstrap.cc:563] T f6e9db4a1f1644b4a3b1935d19395232 P 3b2a62766e5449f9ae2697a9113d09fb: Time spent opening tablet: real 0.000s user 0.000s sys 0.000s
I0720 00:35:48.470415 12567 tablet_bootstrap.cc:503] T f6e9db4a1f1644b4a3b1935d19395232 P 3b2a62766e5449f9ae2697a9113d09fb: No blocks or log segments found. Creating new log.
I0720 00:35:48.470942 12565 tablet_bootstrap.cc:400] T 8e2841309b884bd8a36f7ef18615d201 P bcc77f1560a949c6b130d6b3c67653be: No bootstrap required, opened a new log
I0720 00:35:48.471036 12565 ts_tablet_manager.cc:636] T 8e2841309b884bd8a36f7ef18615d201 P bcc77f1560a949c6b130d6b3c67653be: Time spent bootstrapping tablet: real 0.008s user 0.000s sys 0.000s
I0720 00:35:48.471089 12563 tablet_bootstrap.cc:400] T c1349da600fe445bbe151b00a41a4e3c P ee4ffccf9eb5471297e208d202495ffe: No bootstrap required, opened a new log
I0720 00:35:48.471143 12563 ts_tablet_manager.cc:636] T c1349da600fe445bbe151b00a41a4e3c P ee4ffccf9eb5471297e208d202495ffe: Time spent bootstrapping tablet: real 0.004s user 0.004s sys 0.000s
I0720 00:35:48.472040 12565 raft_consensus.cc:269] T 8e2841309b884bd8a36f7ef18615d201 P bcc77f1560a949c6b130d6b3c67653be [term 0 FOLLOWER]: Replica starting. Triggering 0 pending transactions. Active config: opid_index: -1 peers { permanent_uuid: "ee4ffccf9eb5471297e208d202495ffe" member_type: VOTER last_known_addr { host: "127.42.236.1" port: 57816 } } peers { permanent_uuid: "3b2a62766e5449f9ae2697a9113d09fb" member_type: VOTER last_known_addr { host: "127.42.236.2" port: 60090 } } peers { permanent_uuid: "bcc77f1560a949c6b130d6b3c67653be" member_type: VOTER last_known_addr { host: "127.42.236.0" port: 42768 } }
I0720 00:35:48.472102 12565 raft_consensus.cc:301] T 8e2841309b884bd8a36f7ef18615d201 P bcc77f1560a949c6b130d6b3c67653be [term 0 FOLLOWER]: Consensus starting up: Expiring failure detector timer to make a prompt election more likely
I0720 00:35:48.472136 12565 raft_consensus.cc:499] T 8e2841309b884bd8a36f7ef18615d201 P bcc77f1560a949c6b130d6b3c67653be [term 0 FOLLOWER]: Becoming Follower/Learner. State: Replica: bcc77f1560a949c6b130d6b3c67653be, State: 1, Role: FOLLOWER Watermarks: {Received: term: 0 index: 0 Committed: term: 0 index: 0}
I0720 00:35:48.472137 12563 raft_consensus.cc:269] T c1349da600fe445bbe151b00a41a4e3c P ee4ffccf9eb5471297e208d202495ffe [term 0 FOLLOWER]: Replica starting. Triggering 0 pending transactions. Active config: opid_index: -1 peers { permanent_uuid: "ee4ffccf9eb5471297e208d202495ffe" member_type: VOTER last_known_addr { host: "127.42.236.1" port: 57816 } } peers { permanent_uuid: "3b2a62766e5449f9ae2697a9113d09fb" member_type: VOTER last_known_addr { host: "127.42.236.2" port: 60090 } } peers { permanent_uuid: "bcc77f1560a949c6b130d6b3c67653be" member_type: VOTER last_known_addr { host: "127.42.236.0" port: 42768 } }
I0720 00:35:48.472199 12565 consensus_queue.cc:162] T 8e2841309b884bd8a36f7ef18615d201 P bcc77f1560a949c6b130d6b3c67653be [NON_LEADER]: Queue going to NON_LEADER mode. State: All replicated op: 0.0, Majority replicated op: 0.0, Committed index: 0.0, Last appended: 0.0, Current term: 0, Majority size: -1, State: 1, Mode: NON_LEADER
I0720 00:35:48.472209 12563 raft_consensus.cc:301] T c1349da600fe445bbe151b00a41a4e3c P ee4ffccf9eb5471297e208d202495ffe [term 0 FOLLOWER]: Consensus starting up: Expiring failure detector timer to make a prompt election more likely
I0720 00:35:48.472240 12563 raft_consensus.cc:499] T c1349da600fe445bbe151b00a41a4e3c P ee4ffccf9eb5471297e208d202495ffe [term 0 FOLLOWER]: Becoming Follower/Learner. State: Replica: ee4ffccf9eb5471297e208d202495ffe, State: 1, Role: FOLLOWER Watermarks: {Received: term: 0 index: 0 Committed: term: 0 index: 0}
I0720 00:35:48.472290 12563 consensus_queue.cc:162] T c1349da600fe445bbe151b00a41a4e3c P ee4ffccf9eb5471297e208d202495ffe [NON_LEADER]: Queue going to NON_LEADER mode. State: All replicated op: 0.0, Majority replicated op: 0.0, Committed index: 0.0, Last appended: 0.0, Current term: 0, Majority size: -1, State: 1, Mode: NON_LEADER
I0720 00:35:48.472612 12565 ts_tablet_manager.cc:663] T 8e2841309b884bd8a36f7ef18615d201 P bcc77f1560a949c6b130d6b3c67653be: Time spent starting tablet: real 0.002s user 0.000s sys 0.000s
I0720 00:35:48.472700 12565 ts_tablet_manager.cc:631] T c1349da600fe445bbe151b00a41a4e3c P bcc77f1560a949c6b130d6b3c67653be: Bootstrapping tablet
I0720 00:35:48.472775 12563 ts_tablet_manager.cc:663] T c1349da600fe445bbe151b00a41a4e3c P ee4ffccf9eb5471297e208d202495ffe: Time spent starting tablet: real 0.002s user 0.000s sys 0.000s
I0720 00:35:48.472551 12567 tablet_bootstrap.cc:400] T f6e9db4a1f1644b4a3b1935d19395232 P 3b2a62766e5449f9ae2697a9113d09fb: No bootstrap required, opened a new log
I0720 00:35:48.472862 12567 ts_tablet_manager.cc:636] T f6e9db4a1f1644b4a3b1935d19395232 P 3b2a62766e5449f9ae2697a9113d09fb: Time spent bootstrapping tablet: real 0.004s user 0.000s sys 0.000s
I0720 00:35:48.472894 12563 ts_tablet_manager.cc:631] T 3941d911c89d427eacd1d70afe9fb986 P ee4ffccf9eb5471297e208d202495ffe: Bootstrapping tablet
I0720 00:35:48.472954 12565 tablet_bootstrap.cc:400] T c1349da600fe445bbe151b00a41a4e3c P bcc77f1560a949c6b130d6b3c67653be: Bootstrap starting.
I0720 00:35:48.473124 12563 tablet_bootstrap.cc:400] T 3941d911c89d427eacd1d70afe9fb986 P ee4ffccf9eb5471297e208d202495ffe: Bootstrap starting.
I0720 00:35:48.473393 12565 tablet_bootstrap.cc:563] T c1349da600fe445bbe151b00a41a4e3c P bcc77f1560a949c6b130d6b3c67653be: Time spent opening tablet: real 0.000s user 0.000s sys 0.000s
I0720 00:35:48.473489 12565 tablet_bootstrap.cc:503] T c1349da600fe445bbe151b00a41a4e3c P bcc77f1560a949c6b130d6b3c67653be: No blocks or log segments found. Creating new log.
I0720 00:35:48.473798 12563 tablet_bootstrap.cc:563] T 3941d911c89d427eacd1d70afe9fb986 P ee4ffccf9eb5471297e208d202495ffe: Time spent opening tablet: real 0.000s user 0.000s sys 0.000s
I0720 00:35:48.473820 12567 raft_consensus.cc:269] T f6e9db4a1f1644b4a3b1935d19395232 P 3b2a62766e5449f9ae2697a9113d09fb [term 0 FOLLOWER]: Replica starting. Triggering 0 pending transactions. Active config: opid_index: -1 peers { permanent_uuid: "3b2a62766e5449f9ae2697a9113d09fb" member_type: VOTER last_known_addr { host: "127.42.236.2" port: 60090 } } peers { permanent_uuid: "ee4ffccf9eb5471297e208d202495ffe" member_type: VOTER last_known_addr { host: "127.42.236.1" port: 57816 } } peers { permanent_uuid: "bcc77f1560a949c6b130d6b3c67653be" member_type: VOTER last_known_addr { host: "127.42.236.0" port: 42768 } }
I0720 00:35:48.473875 12567 raft_consensus.cc:301] T f6e9db4a1f1644b4a3b1935d19395232 P 3b2a62766e5449f9ae2697a9113d09fb [term 0 FOLLOWER]: Consensus starting up: Expiring failure detector timer to make a prompt election more likely
I0720 00:35:48.473911 12567 raft_consensus.cc:499] T f6e9db4a1f1644b4a3b1935d19395232 P 3b2a62766e5449f9ae2697a9113d09fb [term 0 FOLLOWER]: Becoming Follower/Learner. State: Replica: 3b2a62766e5449f9ae2697a9113d09fb, State: 1, Role: FOLLOWER Watermarks: {Received: term: 0 index: 0 Committed: term: 0 index: 0}
I0720 00:35:48.473930 12563 tablet_bootstrap.cc:503] T 3941d911c89d427eacd1d70afe9fb986 P ee4ffccf9eb5471297e208d202495ffe: No blocks or log segments found. Creating new log.
I0720 00:35:48.473958 12567 consensus_queue.cc:162] T f6e9db4a1f1644b4a3b1935d19395232 P 3b2a62766e5449f9ae2697a9113d09fb [NON_LEADER]: Queue going to NON_LEADER mode. State: All replicated op: 0.0, Majority replicated op: 0.0, Committed index: 0.0, Last appended: 0.0, Current term: 0, Majority size: -1, State: 1, Mode: NON_LEADER
I0720 00:35:48.474625 12567 ts_tablet_manager.cc:663] T f6e9db4a1f1644b4a3b1935d19395232 P 3b2a62766e5449f9ae2697a9113d09fb: Time spent starting tablet: real 0.002s user 0.000s sys 0.000s
I0720 00:35:48.474649 12565 tablet_bootstrap.cc:400] T c1349da600fe445bbe151b00a41a4e3c P bcc77f1560a949c6b130d6b3c67653be: No bootstrap required, opened a new log
I0720 00:35:48.474697 12565 ts_tablet_manager.cc:636] T c1349da600fe445bbe151b00a41a4e3c P bcc77f1560a949c6b130d6b3c67653be: Time spent bootstrapping tablet: real 0.002s user 0.004s sys 0.000s
I0720 00:35:48.474710 12567 ts_tablet_manager.cc:631] T 8e2841309b884bd8a36f7ef18615d201 P 3b2a62766e5449f9ae2697a9113d09fb: Bootstrapping tablet
I0720 00:35:48.474719 12023 catalog_manager.cc:1856] TS bcc77f1560a949c6b130d6b3c67653be does not have the latest schema for tablet 8e2841309b884bd8a36f7ef18615d201 (table test-table [id=2a30b8d6c8764cdc9573a60ac5f96269]). Expected version 11 got 0
I0720 00:35:48.474952 12567 tablet_bootstrap.cc:400] T 8e2841309b884bd8a36f7ef18615d201 P 3b2a62766e5449f9ae2697a9113d09fb: Bootstrap starting.
I0720 00:35:48.474985 12021 catalog_manager.cc:1856] TS 3b2a62766e5449f9ae2697a9113d09fb does not have the latest schema for tablet f6e9db4a1f1644b4a3b1935d19395232 (table test-table [id=2a30b8d6c8764cdc9573a60ac5f96269]). Expected version 11 got 0
I0720 00:35:48.475646 12022 catalog_manager.cc:1856] TS ee4ffccf9eb5471297e208d202495ffe does not have the latest schema for tablet c1349da600fe445bbe151b00a41a4e3c (table test-table [id=2a30b8d6c8764cdc9573a60ac5f96269]). Expected version 11 got 0
I0720 00:35:48.475828 12567 tablet_bootstrap.cc:563] T 8e2841309b884bd8a36f7ef18615d201 P 3b2a62766e5449f9ae2697a9113d09fb: Time spent opening tablet: real 0.000s user 0.000s sys 0.000s
I0720 00:35:48.475996 12567 tablet_bootstrap.cc:503] T 8e2841309b884bd8a36f7ef18615d201 P 3b2a62766e5449f9ae2697a9113d09fb: No blocks or log segments found. Creating new log.
I0720 00:35:48.476016 12565 raft_consensus.cc:269] T c1349da600fe445bbe151b00a41a4e3c P bcc77f1560a949c6b130d6b3c67653be [term 0 FOLLOWER]: Replica starting. Triggering 0 pending transactions. Active config: opid_index: -1 peers { permanent_uuid: "ee4ffccf9eb5471297e208d202495ffe" member_type: VOTER last_known_addr { host: "127.42.236.1" port: 57816 } } peers { permanent_uuid: "3b2a62766e5449f9ae2697a9113d09fb" member_type: VOTER last_known_addr { host: "127.42.236.2" port: 60090 } } peers { permanent_uuid: "bcc77f1560a949c6b130d6b3c67653be" member_type: VOTER last_known_addr { host: "127.42.236.0" port: 42768 } }
I0720 00:35:48.476063 12565 raft_consensus.cc:301] T c1349da600fe445bbe151b00a41a4e3c P bcc77f1560a949c6b130d6b3c67653be [term 0 FOLLOWER]: Consensus starting up: Expiring failure detector timer to make a prompt election more likely
I0720 00:35:48.476090 12565 raft_consensus.cc:499] T c1349da600fe445bbe151b00a41a4e3c P bcc77f1560a949c6b130d6b3c67653be [term 0 FOLLOWER]: Becoming Follower/Learner. State: Replica: bcc77f1560a949c6b130d6b3c67653be, State: 1, Role: FOLLOWER Watermarks: {Received: term: 0 index: 0 Committed: term: 0 index: 0}
I0720 00:35:48.476136 12565 consensus_queue.cc:162] T c1349da600fe445bbe151b00a41a4e3c P bcc77f1560a949c6b130d6b3c67653be [NON_LEADER]: Queue going to NON_LEADER mode. State: All replicated op: 0.0, Majority replicated op: 0.0, Committed index: 0.0, Last appended: 0.0, Current term: 0, Majority size: -1, State: 1, Mode: NON_LEADER
I0720 00:35:48.476486 12568 raft_consensus.cc:370] T 8e2841309b884bd8a36f7ef18615d201 P ee4ffccf9eb5471297e208d202495ffe [term 0 FOLLOWER]: No leader contacted us within the election timeout. Triggering leader election
I0720 00:35:48.476495 12565 ts_tablet_manager.cc:663] T c1349da600fe445bbe151b00a41a4e3c P bcc77f1560a949c6b130d6b3c67653be: Time spent starting tablet: real 0.002s user 0.000s sys 0.000s
I0720 00:35:48.476518 12568 raft_consensus.cc:2019] T 8e2841309b884bd8a36f7ef18615d201 P ee4ffccf9eb5471297e208d202495ffe [term 0 FOLLOWER]: Advancing to term 1
I0720 00:35:48.476590 12565 ts_tablet_manager.cc:631] T 3941d911c89d427eacd1d70afe9fb986 P bcc77f1560a949c6b130d6b3c67653be: Bootstrapping tablet
I0720 00:35:48.476867 12565 tablet_bootstrap.cc:400] T 3941d911c89d427eacd1d70afe9fb986 P bcc77f1560a949c6b130d6b3c67653be: Bootstrap starting.
I0720 00:35:48.477074 12568 raft_consensus.cc:1970] T 8e2841309b884bd8a36f7ef18615d201 P ee4ffccf9eb5471297e208d202495ffe [term 1 FOLLOWER]: Snoozing failure detection for election timeout plus an additional 1.644s
I0720 00:35:48.477183 12568 raft_consensus.cc:386] T 8e2841309b884bd8a36f7ef18615d201 P ee4ffccf9eb5471297e208d202495ffe [term 1 FOLLOWER]: Starting election with config: opid_index: -1 peers { permanent_uuid: "ee4ffccf9eb5471297e208d202495ffe" member_type: VOTER last_known_addr { host: "127.42.236.1" port: 57816 } } peers { permanent_uuid: "3b2a62766e5449f9ae2697a9113d09fb" member_type: VOTER last_known_addr { host: "127.42.236.2" port: 60090 } } peers { permanent_uuid: "bcc77f1560a949c6b130d6b3c67653be" member_type: VOTER last_known_addr { host: "127.42.236.0" port: 42768 } }
I0720 00:35:48.477624 12565 tablet_bootstrap.cc:563] T 3941d911c89d427eacd1d70afe9fb986 P bcc77f1560a949c6b130d6b3c67653be: Time spent opening tablet: real 0.000s user 0.000s sys 0.000s
I0720 00:35:48.477757 12565 tablet_bootstrap.cc:503] T 3941d911c89d427eacd1d70afe9fb986 P bcc77f1560a949c6b130d6b3c67653be: No blocks or log segments found. Creating new log.
I0720 00:35:48.477995 12568 leader_election.cc:223] T 8e2841309b884bd8a36f7ef18615d201 P ee4ffccf9eb5471297e208d202495ffe [CANDIDATE]: Term 1 election: Requesting vote from peer 3b2a62766e5449f9ae2697a9113d09fb
I0720 00:35:48.478090 12568 leader_election.cc:223] T 8e2841309b884bd8a36f7ef18615d201 P ee4ffccf9eb5471297e208d202495ffe [CANDIDATE]: Term 1 election: Requesting vote from peer bcc77f1560a949c6b130d6b3c67653be
I0720 00:35:48.478435 11943 raft_consensus.cc:2019] T 8e2841309b884bd8a36f7ef18615d201 P bcc77f1560a949c6b130d6b3c67653be [term 0 FOLLOWER]: Advancing to term 1
W0720 00:35:48.478761 12154 leader_election.cc:281] T 8e2841309b884bd8a36f7ef18615d201 P ee4ffccf9eb5471297e208d202495ffe [CANDIDATE]: Term 1 election: Tablet error from VoteRequest() call to peer 3b2a62766e5449f9ae2697a9113d09fb: Illegal state: Tablet not RUNNING: BOOTSTRAPPING
I0720 00:35:48.478868 11943 raft_consensus.cc:1970] T 8e2841309b884bd8a36f7ef18615d201 P bcc77f1560a949c6b130d6b3c67653be [term 1 FOLLOWER]: Snoozing failure detection for election timeout plus an additional 1.505s
I0720 00:35:48.479315 11943 raft_consensus.cc:1677] T 8e2841309b884bd8a36f7ef18615d201 P bcc77f1560a949c6b130d6b3c67653be [term 1 FOLLOWER]: Leader election vote request: Granting yes vote for candidate ee4ffccf9eb5471297e208d202495ffe in term 1.
I0720 00:35:48.479583 12155 leader_election.cc:347] T 8e2841309b884bd8a36f7ef18615d201 P ee4ffccf9eb5471297e208d202495ffe [CANDIDATE]: Term 1 election: Vote granted by peer bcc77f1560a949c6b130d6b3c67653be
I0720 00:35:48.479609 12155 leader_election.cc:248] T 8e2841309b884bd8a36f7ef18615d201 P ee4ffccf9eb5471297e208d202495ffe [CANDIDATE]: Term 1 election: Election decided. Result: candidate won.
W0720 00:35:48.479676 12023 catalog_manager.cc:2160] Unable to reset TS proxy: Not found: No leader found: Tablet 8e2841309b884bd8a36f7ef18615d201 consensus state has no leader
W0720 00:35:48.479709 12023 catalog_manager.cc:2770] Failed to send alter table request: Not found: Failed to reset TS proxy: No leader found: Tablet 8e2841309b884bd8a36f7ef18615d201 consensus state has no leader
I0720 00:35:48.479763 12570 raft_consensus.cc:1970] T 8e2841309b884bd8a36f7ef18615d201 P ee4ffccf9eb5471297e208d202495ffe [term 1 FOLLOWER]: Snoozing failure detection for election timeout plus an additional 1.573s
I0720 00:35:48.479787 12570 raft_consensus.cc:1859] T 8e2841309b884bd8a36f7ef18615d201 P ee4ffccf9eb5471297e208d202495ffe [term 1 FOLLOWER]: Leader election won for term 1
I0720 00:35:48.479885 12563 tablet_bootstrap.cc:400] T 3941d911c89d427eacd1d70afe9fb986 P ee4ffccf9eb5471297e208d202495ffe: No bootstrap required, opened a new log
I0720 00:35:48.479954 12563 ts_tablet_manager.cc:636] T 3941d911c89d427eacd1d70afe9fb986 P ee4ffccf9eb5471297e208d202495ffe: Time spent bootstrapping tablet: real 0.007s user 0.004s sys 0.000s
W0720 00:35:48.480064 12021 catalog_manager.cc:2160] Unable to reset TS proxy: Not found: No leader found: Tablet f6e9db4a1f1644b4a3b1935d19395232 consensus state has no leader
W0720 00:35:48.480098 12021 catalog_manager.cc:2770] Failed to send alter table request: Not found: Failed to reset TS proxy: No leader found: Tablet f6e9db4a1f1644b4a3b1935d19395232 consensus state has no leader
I0720 00:35:48.480177 12570 raft_consensus.cc:464] T 8e2841309b884bd8a36f7ef18615d201 P ee4ffccf9eb5471297e208d202495ffe [term 1 LEADER]: Becoming Leader. State: Replica: ee4ffccf9eb5471297e208d202495ffe, State: 1, Role: LEADER Watermarks: {Received: term: 0 index: 0 Committed: term: 0 index: 0}
I0720 00:35:48.480268 12570 consensus_queue.cc:145] T 8e2841309b884bd8a36f7ef18615d201 P ee4ffccf9eb5471297e208d202495ffe [LEADER]: Queue going to LEADER mode. State: All replicated op: 0.0, Majority replicated op: 0.0, Committed index: 0.0, Last appended: 0.0, Current term: 1, Majority size: 2, State: 1, Mode: LEADER, active raft config: opid_index: -1 peers { permanent_uuid: "ee4ffccf9eb5471297e208d202495ffe" member_type: VOTER last_known_addr { host: "127.42.236.1" port: 57816 } } peers { permanent_uuid: "3b2a62766e5449f9ae2697a9113d09fb" member_type: VOTER last_known_addr { host: "127.42.236.2" port: 60090 } } peers { permanent_uuid: "bcc77f1560a949c6b130d6b3c67653be" member_type: VOTER last_known_addr { host: "127.42.236.0" port: 42768 } }
W0720 00:35:48.480402 12022 catalog_manager.cc:2160] Unable to reset TS proxy: Not found: No leader found: Tablet c1349da600fe445bbe151b00a41a4e3c consensus state has no leader
W0720 00:35:48.480432 12022 catalog_manager.cc:2770] Failed to send alter table request: Not found: Failed to reset TS proxy: No leader found: Tablet c1349da600fe445bbe151b00a41a4e3c consensus state has no leader
I0720 00:35:48.481382 12563 raft_consensus.cc:269] T 3941d911c89d427eacd1d70afe9fb986 P ee4ffccf9eb5471297e208d202495ffe [term 0 FOLLOWER]: Replica starting. Triggering 0 pending transactions. Active config: opid_index: -1 peers { permanent_uuid: "ee4ffccf9eb5471297e208d202495ffe" member_type: VOTER last_known_addr { host: "127.42.236.1" port: 57816 } } peers { permanent_uuid: "3b2a62766e5449f9ae2697a9113d09fb" member_type: VOTER last_known_addr { host: "127.42.236.2" port: 60090 } } peers { permanent_uuid: "bcc77f1560a949c6b130d6b3c67653be" member_type: VOTER last_known_addr { host: "127.42.236.0" port: 42768 } }
I0720 00:35:48.481418 12022 catalog_manager.cc:1856] TS bcc77f1560a949c6b130d6b3c67653be does not have the latest schema for tablet c1349da600fe445bbe151b00a41a4e3c (table test-table [id=2a30b8d6c8764cdc9573a60ac5f96269]). Expected version 11 got 0
I0720 00:35:48.481441 12563 raft_consensus.cc:301] T 3941d911c89d427eacd1d70afe9fb986 P ee4ffccf9eb5471297e208d202495ffe [term 0 FOLLOWER]: Consensus starting up: Expiring failure detector timer to make a prompt election more likely
I0720 00:35:48.481478 12563 raft_consensus.cc:499] T 3941d911c89d427eacd1d70afe9fb986 P ee4ffccf9eb5471297e208d202495ffe [term 0 FOLLOWER]: Becoming Follower/Learner. State: Replica: ee4ffccf9eb5471297e208d202495ffe, State: 1, Role: FOLLOWER Watermarks: {Received: term: 0 index: 0 Committed: term: 0 index: 0}
I0720 00:35:48.481528 12563 consensus_queue.cc:162] T 3941d911c89d427eacd1d70afe9fb986 P ee4ffccf9eb5471297e208d202495ffe [NON_LEADER]: Queue going to NON_LEADER mode. State: All replicated op: 0.0, Majority replicated op: 0.0, Committed index: 0.0, Last appended: 0.0, Current term: 0, Majority size: -1, State: 1, Mode: NON_LEADER
I0720 00:35:48.481571 12021 catalog_manager.cc:1856] TS 3b2a62766e5449f9ae2697a9113d09fb does not have the latest schema for tablet f6e9db4a1f1644b4a3b1935d19395232 (table test-table [id=2a30b8d6c8764cdc9573a60ac5f96269]). Expected version 11 got 0
I0720 00:35:48.481993 12567 tablet_bootstrap.cc:400] T 8e2841309b884bd8a36f7ef18615d201 P 3b2a62766e5449f9ae2697a9113d09fb: No bootstrap required, opened a new log
I0720 00:35:48.482043 12567 ts_tablet_manager.cc:636] T 8e2841309b884bd8a36f7ef18615d201 P 3b2a62766e5449f9ae2697a9113d09fb: Time spent bootstrapping tablet: real 0.007s user 0.004s sys 0.000s
I0720 00:35:48.482637 12563 ts_tablet_manager.cc:663] T 3941d911c89d427eacd1d70afe9fb986 P ee4ffccf9eb5471297e208d202495ffe: Time spent starting tablet: real 0.003s user 0.000s sys 0.000s
I0720 00:35:48.482738 12563 ts_tablet_manager.cc:631] T f6e9db4a1f1644b4a3b1935d19395232 P ee4ffccf9eb5471297e208d202495ffe: Bootstrapping tablet
I0720 00:35:48.482991 12563 tablet_bootstrap.cc:400] T f6e9db4a1f1644b4a3b1935d19395232 P ee4ffccf9eb5471297e208d202495ffe: Bootstrap starting.
I0720 00:35:48.483166 12567 raft_consensus.cc:269] T 8e2841309b884bd8a36f7ef18615d201 P 3b2a62766e5449f9ae2697a9113d09fb [term 0 FOLLOWER]: Replica starting. Triggering 0 pending transactions. Active config: opid_index: -1 peers { permanent_uuid: "ee4ffccf9eb5471297e208d202495ffe" member_type: VOTER last_known_addr { host: "127.42.236.1" port: 57816 } } peers { permanent_uuid: "3b2a62766e5449f9ae2697a9113d09fb" member_type: VOTER last_known_addr { host: "127.42.236.2" port: 60090 } } peers { permanent_uuid: "bcc77f1560a949c6b130d6b3c67653be" member_type: VOTER last_known_addr { host: "127.42.236.0" port: 42768 } }
I0720 00:35:48.483227 12567 raft_consensus.cc:301] T 8e2841309b884bd8a36f7ef18615d201 P 3b2a62766e5449f9ae2697a9113d09fb [term 0 FOLLOWER]: Consensus starting up: Expiring failure detector timer to make a prompt election more likely
I0720 00:35:48.483244 12567 raft_consensus.cc:499] T 8e2841309b884bd8a36f7ef18615d201 P 3b2a62766e5449f9ae2697a9113d09fb [term 0 FOLLOWER]: Becoming Follower/Learner. State: Replica: 3b2a62766e5449f9ae2697a9113d09fb, State: 1, Role: FOLLOWER Watermarks: {Received: term: 0 index: 0 Committed: term: 0 index: 0}
I0720 00:35:48.483259 12023 catalog_manager.cc:1856] TS ee4ffccf9eb5471297e208d202495ffe does not have the latest schema for tablet 8e2841309b884bd8a36f7ef18615d201 (table test-table [id=2a30b8d6c8764cdc9573a60ac5f96269]). Expected version 11 got 0
I0720 00:35:48.483268 12567 consensus_queue.cc:162] T 8e2841309b884bd8a36f7ef18615d201 P 3b2a62766e5449f9ae2697a9113d09fb [NON_LEADER]: Queue going to NON_LEADER mode. State: All replicated op: 0.0, Majority replicated op: 0.0, Committed index: 0.0, Last appended: 0.0, Current term: 0, Majority size: -1, State: 1, Mode: NON_LEADER
I0720 00:35:48.483351 12023 catalog_manager.cc:1957] Tablet: 8e2841309b884bd8a36f7ef18615d201 reported consensus state change. New consensus state: current_term: 1 leader_uuid: "ee4ffccf9eb5471297e208d202495ffe" config { opid_index: -1 peers { permanent_uuid: "ee4ffccf9eb5471297e208d202495ffe" member_type: VOTER last_known_addr { host: "127.42.236.1" port: 57816 } } peers { permanent_uuid: "3b2a62766e5449f9ae2697a9113d09fb" member_type: VOTER last_known_addr { host: "127.42.236.2" port: 60090 } } peers { permanent_uuid: "bcc77f1560a949c6b130d6b3c67653be" member_type: VOTER last_known_addr { host: "127.42.236.0" port: 42768 } } }
I0720 00:35:48.483623 12567 ts_tablet_manager.cc:663] T 8e2841309b884bd8a36f7ef18615d201 P 3b2a62766e5449f9ae2697a9113d09fb: Time spent starting tablet: real 0.002s user 0.000s sys 0.000s
I0720 00:35:48.483686 12567 ts_tablet_manager.cc:631] T 3941d911c89d427eacd1d70afe9fb986 P 3b2a62766e5449f9ae2697a9113d09fb: Bootstrapping tablet
I0720 00:35:48.483844 12563 tablet_bootstrap.cc:563] T f6e9db4a1f1644b4a3b1935d19395232 P ee4ffccf9eb5471297e208d202495ffe: Time spent opening tablet: real 0.000s user 0.000s sys 0.000s
I0720 00:35:48.483922 12567 tablet_bootstrap.cc:400] T 3941d911c89d427eacd1d70afe9fb986 P 3b2a62766e5449f9ae2697a9113d09fb: Bootstrap starting.
I0720 00:35:48.483973 12563 tablet_bootstrap.cc:503] T f6e9db4a1f1644b4a3b1935d19395232 P ee4ffccf9eb5471297e208d202495ffe: No blocks or log segments found. Creating new log.
I0720 00:35:48.484686 12567 tablet_bootstrap.cc:563] T 3941d911c89d427eacd1d70afe9fb986 P 3b2a62766e5449f9ae2697a9113d09fb: Time spent opening tablet: real 0.000s user 0.004s sys 0.000s
I0720 00:35:48.484875 12567 tablet_bootstrap.cc:503] T 3941d911c89d427eacd1d70afe9fb986 P 3b2a62766e5449f9ae2697a9113d09fb: No blocks or log segments found. Creating new log.
W0720 00:35:48.485183 12022 catalog_manager.cc:2160] Unable to reset TS proxy: Not found: No leader found: Tablet c1349da600fe445bbe151b00a41a4e3c consensus state has no leader
W0720 00:35:48.485222 12022 catalog_manager.cc:2770] Failed to send alter table request: Not found: Failed to reset TS proxy: No leader found: Tablet c1349da600fe445bbe151b00a41a4e3c consensus state has no leader
W0720 00:35:48.485352 12021 catalog_manager.cc:2160] Unable to reset TS proxy: Not found: No leader found: Tablet f6e9db4a1f1644b4a3b1935d19395232 consensus state has no leader
W0720 00:35:48.485391 12021 catalog_manager.cc:2770] Failed to send alter table request: Not found: Failed to reset TS proxy: No leader found: Tablet f6e9db4a1f1644b4a3b1935d19395232 consensus state has no leader
I0720 00:35:48.485424 12565 tablet_bootstrap.cc:400] T 3941d911c89d427eacd1d70afe9fb986 P bcc77f1560a949c6b130d6b3c67653be: No bootstrap required, opened a new log
I0720 00:35:48.485487 12565 ts_tablet_manager.cc:636] T 3941d911c89d427eacd1d70afe9fb986 P bcc77f1560a949c6b130d6b3c67653be: Time spent bootstrapping tablet: real 0.009s user 0.004s sys 0.000s
I0720 00:35:48.486438 12563 tablet_bootstrap.cc:400] T f6e9db4a1f1644b4a3b1935d19395232 P ee4ffccf9eb5471297e208d202495ffe: No bootstrap required, opened a new log
I0720 00:35:48.486492 12563 ts_tablet_manager.cc:636] T f6e9db4a1f1644b4a3b1935d19395232 P ee4ffccf9eb5471297e208d202495ffe: Time spent bootstrapping tablet: real 0.004s user 0.004s sys 0.000s
I0720 00:35:48.486759 12023 catalog_manager.cc:1856] TS 3b2a62766e5449f9ae2697a9113d09fb does not have the latest schema for tablet 8e2841309b884bd8a36f7ef18615d201 (table test-table [id=2a30b8d6c8764cdc9573a60ac5f96269]). Expected version 11 got 0
I0720 00:35:48.487776 11943 raft_consensus.cc:869] T 8e2841309b884bd8a36f7ef18615d201 P bcc77f1560a949c6b130d6b3c67653be [term 1 FOLLOWER]: Refusing update from remote peer ee4ffccf9eb5471297e208d202495ffe: Log matching property violated. Preceding OpId in replica: term: 0 index: 0. Preceding OpId from leader: term: 1 index: 2. (index mismatch)
I0720 00:35:48.487926 11697 raft_consensus.cc:2019] T 8e2841309b884bd8a36f7ef18615d201 P 3b2a62766e5449f9ae2697a9113d09fb [term 0 FOLLOWER]: Advancing to term 1
I0720 00:35:48.488067 12021 catalog_manager.cc:1856] TS ee4ffccf9eb5471297e208d202495ffe does not have the latest schema for tablet 3941d911c89d427eacd1d70afe9fb986 (table test-table [id=2a30b8d6c8764cdc9573a60ac5f96269]). Expected version 11 got 0
I0720 00:35:48.488454 11697 raft_consensus.cc:869] T 8e2841309b884bd8a36f7ef18615d201 P 3b2a62766e5449f9ae2697a9113d09fb [term 1 FOLLOWER]: Refusing update from remote peer ee4ffccf9eb5471297e208d202495ffe: Log matching property violated. Preceding OpId in replica: term: 0 index: 0. Preceding OpId from leader: term: 1 index: 2. (index mismatch)
I0720 00:35:48.488497 12591 consensus_queue.cc:578] T 8e2841309b884bd8a36f7ef18615d201 P ee4ffccf9eb5471297e208d202495ffe [LEADER]: Connected to new peer: Peer: bcc77f1560a949c6b130d6b3c67653be, Is new: false, Last received: 0.0, Next index: 1, Last known committed idx: 0, Last exchange result: ERROR, Needs remote bootstrap: false
I0720 00:35:48.488759 12570 consensus_queue.cc:578] T 8e2841309b884bd8a36f7ef18615d201 P ee4ffccf9eb5471297e208d202495ffe [LEADER]: Connected to new peer: Peer: 3b2a62766e5449f9ae2697a9113d09fb, Is new: false, Last received: 0.0, Next index: 1, Last known committed idx: 0, Last exchange result: ERROR, Needs remote bootstrap: false
I0720 00:35:48.489058 12563 raft_consensus.cc:269] T f6e9db4a1f1644b4a3b1935d19395232 P ee4ffccf9eb5471297e208d202495ffe [term 0 FOLLOWER]: Replica starting. Triggering 0 pending transactions. Active config: opid_index: -1 peers { permanent_uuid: "3b2a62766e5449f9ae2697a9113d09fb" member_type: VOTER last_known_addr { host: "127.42.236.2" port: 60090 } } peers { permanent_uuid: "ee4ffccf9eb5471297e208d202495ffe" member_type: VOTER last_known_addr { host: "127.42.236.1" port: 57816 } } peers { permanent_uuid: "bcc77f1560a949c6b130d6b3c67653be" member_type: VOTER last_known_addr { host: "127.42.236.0" port: 42768 } }
I0720 00:35:48.489110 12563 raft_consensus.cc:301] T f6e9db4a1f1644b4a3b1935d19395232 P ee4ffccf9eb5471297e208d202495ffe [term 0 FOLLOWER]: Consensus starting up: Expiring failure detector timer to make a prompt election more likely
I0720 00:35:48.489148 12563 raft_consensus.cc:499] T f6e9db4a1f1644b4a3b1935d19395232 P ee4ffccf9eb5471297e208d202495ffe [term 0 FOLLOWER]: Becoming Follower/Learner. State: Replica: ee4ffccf9eb5471297e208d202495ffe, State: 1, Role: FOLLOWER Watermarks: {Received: term: 0 index: 0 Committed: term: 0 index: 0}
I0720 00:35:48.489207 12563 consensus_queue.cc:162] T f6e9db4a1f1644b4a3b1935d19395232 P ee4ffccf9eb5471297e208d202495ffe [NON_LEADER]: Queue going to NON_LEADER mode. State: All replicated op: 0.0, Majority replicated op: 0.0, Committed index: 0.0, Last appended: 0.0, Current term: 0, Majority size: -1, State: 1, Mode: NON_LEADER
I0720 00:35:48.490397 12567 tablet_bootstrap.cc:400] T 3941d911c89d427eacd1d70afe9fb986 P 3b2a62766e5449f9ae2697a9113d09fb: No bootstrap required, opened a new log
I0720 00:35:48.490430 12563 ts_tablet_manager.cc:663] T f6e9db4a1f1644b4a3b1935d19395232 P ee4ffccf9eb5471297e208d202495ffe: Time spent starting tablet: real 0.004s user 0.000s sys 0.000s
I0720 00:35:48.490459 12567 ts_tablet_manager.cc:636] T 3941d911c89d427eacd1d70afe9fb986 P 3b2a62766e5449f9ae2697a9113d09fb: Time spent bootstrapping tablet: real 0.007s user 0.004s sys 0.000s
W0720 00:35:48.490504 12021 catalog_manager.cc:2160] Unable to reset TS proxy: Not found: No leader found: Tablet 3941d911c89d427eacd1d70afe9fb986 consensus state has no leader
W0720 00:35:48.490540 12021 catalog_manager.cc:2770] Failed to send alter table request: Not found: Failed to reset TS proxy: No leader found: Tablet 3941d911c89d427eacd1d70afe9fb986 consensus state has no leader
I0720 00:35:48.491184 12598 raft_consensus_state.cc:534] T 8e2841309b884bd8a36f7ef18615d201 P ee4ffccf9eb5471297e208d202495ffe [term 1 LEADER]: Advanced the committed_index across terms. Last committed operation was: term: 0 index: 0 New committed index is: term: 1 index: 2
I0720 00:35:48.491380 12366 tablet.cc:824] T 8e2841309b884bd8a36f7ef18615d201 Alter schema from Schema [ 10:key[int32 NOT NULL] ] version 0 to Schema [ 10:key[int32 NOT NULL] ] version 11
I0720 00:35:48.491674 12565 raft_consensus.cc:269] T 3941d911c89d427eacd1d70afe9fb986 P bcc77f1560a949c6b130d6b3c67653be [term 0 FOLLOWER]: Replica starting. Triggering 0 pending transactions. Active config: opid_index: -1 peers { permanent_uuid: "ee4ffccf9eb5471297e208d202495ffe" member_type: VOTER last_known_addr { host: "127.42.236.1" port: 57816 } } peers { permanent_uuid: "3b2a62766e5449f9ae2697a9113d09fb" member_type: VOTER last_known_addr { host: "127.42.236.2" port: 60090 } } peers { permanent_uuid: "bcc77f1560a949c6b130d6b3c67653be" member_type: VOTER last_known_addr { host: "127.42.236.0" port: 42768 } }
I0720 00:35:48.491729 12565 raft_consensus.cc:301] T 3941d911c89d427eacd1d70afe9fb986 P bcc77f1560a949c6b130d6b3c67653be [term 0 FOLLOWER]: Consensus starting up: Expiring failure detector timer to make a prompt election more likely
I0720 00:35:48.491760 12565 raft_consensus.cc:499] T 3941d911c89d427eacd1d70afe9fb986 P bcc77f1560a949c6b130d6b3c67653be [term 0 FOLLOWER]: Becoming Follower/Learner. State: Replica: bcc77f1560a949c6b130d6b3c67653be, State: 1, Role: FOLLOWER Watermarks: {Received: term: 0 index: 0 Committed: term: 0 index: 0}
I0720 00:35:48.491806 12565 consensus_queue.cc:162] T 3941d911c89d427eacd1d70afe9fb986 P bcc77f1560a949c6b130d6b3c67653be [NON_LEADER]: Queue going to NON_LEADER mode. State: All replicated op: 0.0, Majority replicated op: 0.0, Committed index: 0.0, Last appended: 0.0, Current term: 0, Majority size: -1, State: 1, Mode: NON_LEADER
I0720 00:35:48.492403 12023 catalog_manager.cc:1856] TS 3b2a62766e5449f9ae2697a9113d09fb does not have the latest schema for tablet 8e2841309b884bd8a36f7ef18615d201 (table test-table [id=2a30b8d6c8764cdc9573a60ac5f96269]). Expected version 11 got 0
I0720 00:35:48.492677 12021 catalog_manager.cc:1856] TS ee4ffccf9eb5471297e208d202495ffe does not have the latest schema for tablet f6e9db4a1f1644b4a3b1935d19395232 (table test-table [id=2a30b8d6c8764cdc9573a60ac5f96269]). Expected version 11 got 0
I0720 00:35:48.493091 12444 tablet.cc:824] T 8e2841309b884bd8a36f7ef18615d201 Alter schema from Schema [ 10:key[int32 NOT NULL] ] version 0 to Schema [ 10:key[int32 NOT NULL] ] version 11
I0720 00:35:48.493264 12567 raft_consensus.cc:269] T 3941d911c89d427eacd1d70afe9fb986 P 3b2a62766e5449f9ae2697a9113d09fb [term 0 FOLLOWER]: Replica starting. Triggering 0 pending transactions. Active config: opid_index: -1 peers { permanent_uuid: "ee4ffccf9eb5471297e208d202495ffe" member_type: VOTER last_known_addr { host: "127.42.236.1" port: 57816 } } peers { permanent_uuid: "3b2a62766e5449f9ae2697a9113d09fb" member_type: VOTER last_known_addr { host: "127.42.236.2" port: 60090 } } peers { permanent_uuid: "bcc77f1560a949c6b130d6b3c67653be" member_type: VOTER last_known_addr { host: "127.42.236.0" port: 42768 } }
I0720 00:35:48.493332 12567 raft_consensus.cc:301] T 3941d911c89d427eacd1d70afe9fb986 P 3b2a62766e5449f9ae2697a9113d09fb [term 0 FOLLOWER]: Consensus starting up: Expiring failure detector timer to make a prompt election more likely
I0720 00:35:48.493369 12567 raft_consensus.cc:499] T 3941d911c89d427eacd1d70afe9fb986 P 3b2a62766e5449f9ae2697a9113d09fb [term 0 FOLLOWER]: Becoming Follower/Learner. State: Replica: 3b2a62766e5449f9ae2697a9113d09fb, State: 1, Role: FOLLOWER Watermarks: {Received: term: 0 index: 0 Committed: term: 0 index: 0}
I0720 00:35:48.493419 12567 consensus_queue.cc:162] T 3941d911c89d427eacd1d70afe9fb986 P 3b2a62766e5449f9ae2697a9113d09fb [NON_LEADER]: Queue going to NON_LEADER mode. State: All replicated op: 0.0, Majority replicated op: 0.0, Committed index: 0.0, Last appended: 0.0, Current term: 0, Majority size: -1, State: 1, Mode: NON_LEADER
I0720 00:35:48.494957 12567 ts_tablet_manager.cc:663] T 3941d911c89d427eacd1d70afe9fb986 P 3b2a62766e5449f9ae2697a9113d09fb: Time spent starting tablet: real 0.004s user 0.000s sys 0.000s
W0720 00:35:48.495070 12021 catalog_manager.cc:2160] Unable to reset TS proxy: Not found: No leader found: Tablet f6e9db4a1f1644b4a3b1935d19395232 consensus state has no leader
