I0720 00:35:38.183859 11699 raft_consensus.cc:1677] T ae4e382b53eb40d5811af430609a7a24 P 3b2a62766e5449f9ae2697a9113d09fb [term 2 FOLLOWER]: Leader election vote request: Granting yes vote for candidate bcc77f1560a949c6b130d6b3c67653be in term 2.
I0720 00:35:38.184049 11480 leader_election.cc:347] T ae4e382b53eb40d5811af430609a7a24 P bcc77f1560a949c6b130d6b3c67653be [CANDIDATE]: Term 2 election: Vote granted by peer ee4ffccf9eb5471297e208d202495ffe
I0720 00:35:38.184100 11480 leader_election.cc:248] T ae4e382b53eb40d5811af430609a7a24 P bcc77f1560a949c6b130d6b3c67653be [CANDIDATE]: Term 2 election: Election decided. Result: candidate won.
I0720 00:35:38.184139 11478 leader_election.cc:347] T ae4e382b53eb40d5811af430609a7a24 P bcc77f1560a949c6b130d6b3c67653be [CANDIDATE]: Term 2 election: Vote granted by peer 3b2a62766e5449f9ae2697a9113d09fb
I0720 00:35:38.184411 11760 raft_consensus.cc:1970] T ae4e382b53eb40d5811af430609a7a24 P bcc77f1560a949c6b130d6b3c67653be [term 2 FOLLOWER]: Snoozing failure detection for election timeout plus an additional 1.617s
I0720 00:35:38.184458 11760 raft_consensus.cc:1859] T ae4e382b53eb40d5811af430609a7a24 P bcc77f1560a949c6b130d6b3c67653be [term 2 FOLLOWER]: Leader election won for term 2
I0720 00:35:38.184721 11760 raft_consensus.cc:464] T ae4e382b53eb40d5811af430609a7a24 P bcc77f1560a949c6b130d6b3c67653be [term 2 LEADER]: Becoming Leader. State: Replica: bcc77f1560a949c6b130d6b3c67653be, State: 1, Role: LEADER Watermarks: {Received: term: 1 index: 12 Committed: term: 1 index: 12}
I0720 00:35:38.184902 11760 consensus_queue.cc:145] T ae4e382b53eb40d5811af430609a7a24 P bcc77f1560a949c6b130d6b3c67653be [LEADER]: Queue going to LEADER mode. State: All replicated op: 1.12, Majority replicated op: 1.12, Committed index: 1.12, Last appended: 1.12, Current term: 2, Majority size: 2, State: 1, Mode: LEADER, active raft config: opid_index: -1 peers { permanent_uuid: "ee4ffccf9eb5471297e208d202495ffe" member_type: VOTER last_known_addr { host: "127.42.236.1" port: 57816 } } peers { permanent_uuid: "bcc77f1560a949c6b130d6b3c67653be" member_type: VOTER last_known_addr { host: "127.42.236.0" port: 42768 } } peers { permanent_uuid: "3b2a62766e5449f9ae2697a9113d09fb" member_type: VOTER last_known_addr { host: "127.42.236.2" port: 60090 } }
W0720 00:35:38.186383 11764 raft_consensus_state.cc:541] T ae4e382b53eb40d5811af430609a7a24 P bcc77f1560a949c6b130d6b3c67653be [term 2 LEADER]: Can't advance the committed index across term boundaries until operations from the current term are replicated. Last committed operation was: term: 1 index: 12, New majority replicated is: term: 1 index: 12, Current term is: 2
I0720 00:35:38.186640 11011 catalog_manager.cc:1957] Tablet: ae4e382b53eb40d5811af430609a7a24 reported consensus state change. New consensus state: current_term: 2 leader_uuid: "bcc77f1560a949c6b130d6b3c67653be" config { opid_index: -1 peers { permanent_uuid: "ee4ffccf9eb5471297e208d202495ffe" member_type: VOTER last_known_addr { host: "127.42.236.1" port: 57816 } } peers { permanent_uuid: "bcc77f1560a949c6b130d6b3c67653be" member_type: VOTER last_known_addr { host: "127.42.236.0" port: 42768 } } peers { permanent_uuid: "3b2a62766e5449f9ae2697a9113d09fb" member_type: VOTER last_known_addr { host: "127.42.236.2" port: 60090 } } }
I0720 00:35:38.265437 11699 raft_consensus.cc:869] T ae4e382b53eb40d5811af430609a7a24 P 3b2a62766e5449f9ae2697a9113d09fb [term 2 FOLLOWER]: Refusing update from remote peer bcc77f1560a949c6b130d6b3c67653be: Log matching property violated. Preceding OpId in replica: term: 1 index: 12. Preceding OpId from leader: term: 2 index: 14. (index mismatch)
I0720 00:35:38.265776 11232 raft_consensus.cc:869] T ae4e382b53eb40d5811af430609a7a24 P ee4ffccf9eb5471297e208d202495ffe [term 2 FOLLOWER]: Refusing update from remote peer bcc77f1560a949c6b130d6b3c67653be: Log matching property violated. Preceding OpId in replica: term: 1 index: 12. Preceding OpId from leader: term: 2 index: 14. (index mismatch)
I0720 00:35:38.265940 11760 consensus_queue.cc:578] T ae4e382b53eb40d5811af430609a7a24 P bcc77f1560a949c6b130d6b3c67653be [LEADER]: Connected to new peer: Peer: 3b2a62766e5449f9ae2697a9113d09fb, Is new: false, Last received: 1.12, Next index: 13, Last known committed idx: 12, Last exchange result: ERROR, Needs remote bootstrap: false
I0720 00:35:38.266388 11761 consensus_queue.cc:578] T ae4e382b53eb40d5811af430609a7a24 P bcc77f1560a949c6b130d6b3c67653be [LEADER]: Connected to new peer: Peer: ee4ffccf9eb5471297e208d202495ffe, Is new: false, Last received: 1.12, Next index: 13, Last known committed idx: 12, Last exchange result: ERROR, Needs remote bootstrap: false
I0720 00:35:38.269541 11764 raft_consensus_state.cc:534] T ae4e382b53eb40d5811af430609a7a24 P bcc77f1560a949c6b130d6b3c67653be [term 2 LEADER]: Advanced the committed_index across terms. Last committed operation was: term: 1 index: 12 New committed index is: term: 2 index: 14
I0720 00:35:38.555893 10988 alter_table-randomized-test.cc:100] Restarting Master
I0720 00:35:38.555941 10988 external_mini_cluster.cc:661] Killing /tmp/run_tha_testFPtVYj/build/debug/bin/kudu-master with pid 10993
I0720 00:35:38.558831 10988 external_mini_cluster.cc:559] Running /tmp/run_tha_testFPtVYj/build/debug/bin/kudu-master kudu-master --fs_wal_dir=/tmp/kudutest-1000/alter_table-randomized-test.AlterTableRandomized.TestRandomSequence.1468974934021256-10988/minicluster-data/master --fs_data_dirs=/tmp/kudutest-1000/alter_table-randomized-test.AlterTableRandomized.TestRandomSequence.1468974934021256-10988/minicluster-data/master --rpc_bind_addresses=127.0.0.1:35587 --webserver_interface=localhost --webserver_port=46598 --metrics_log_interval_ms=1000 --log_dir=/tmp/kudutest-1000/alter_table-randomized-test.AlterTableRandomized.TestRandomSequence.1468974934021256-10988/minicluster-data/master --server_dump_info_path=/tmp/kudutest-1000/alter_table-randomized-test.AlterTableRandomized.TestRandomSequence.1468974934021256-10988/minicluster-data/master/info.pb --server_dump_info_format=pb --rpc_server_allow_ephemeral_ports --logtostderr --logbuflevel=-1
I0720 00:35:38.585789 11779 mem_tracker.cc:138] MemTracker: hard memory limit is 11.777661 GB
I0720 00:35:38.585938 11779 mem_tracker.cc:140] MemTracker: soft memory limit is 7.066597 GB
I0720 00:35:38.590119 11779 master_main.cc:58] Initializing master server...
I0720 00:35:38.590562 11779 hybrid_clock.cc:178] HybridClock initialized. Resolution in nanos?: 1 Wait times tolerance adjustment: 1.0005 Current error: 1029193
I0720 00:35:38.594802 11779 fs_manager.cc:242] Opened local filesystem: /tmp/kudutest-1000/alter_table-randomized-test.AlterTableRandomized.TestRandomSequence.1468974934021256-10988/minicluster-data/master uuid: "1045dd375010469d9a77d8d8f93d4562" format_stamp: "Formatted at 2016-07-20 00:35:34 on dist-test-slave-dist-test-slave-yks8"
I0720 00:35:38.598608 11779 master_main.cc:61] Starting Master server...
I0720 00:35:38.603485 11779 rpc_server.cc:164] RPC server started. Bound to: 127.0.0.1:35587
I0720 00:35:38.603710 11779 webserver.cc:122] Starting webserver on localhost:46598
I0720 00:35:38.603727 11779 webserver.cc:133] Document root disabled
I0720 00:35:38.604092 11779 net_util.cc:183] Address 127.0.0.1:46598 for localhost:46598 duplicates an earlier resolved entry.
I0720 00:35:38.604333 11779 webserver.cc:217] Webserver started. Bound to: http://127.0.0.1:46598/
I0720 00:35:38.604708 11779 server_base.cc:235] Dumped server information to /tmp/kudutest-1000/alter_table-randomized-test.AlterTableRandomized.TestRandomSequence.1468974934021256-10988/minicluster-data/master/info.pb
I0720 00:35:38.607208 11821 tablet_bootstrap.cc:400] T 00000000000000000000000000000000 P 1045dd375010469d9a77d8d8f93d4562: Bootstrap starting.
I0720 00:35:38.608517 11821 tablet_bootstrap.cc:563] T 00000000000000000000000000000000 P 1045dd375010469d9a77d8d8f93d4562: Time spent opening tablet: real 0.000s user 0.000s sys 0.000s
I0720 00:35:38.608716 11821 tablet_bootstrap.cc:619] T 00000000000000000000000000000000 P 1045dd375010469d9a77d8d8f93d4562: Will attempt to recover log segment /tmp/kudutest-1000/alter_table-randomized-test.AlterTableRandomized.TestRandomSequence.1468974934021256-10988/minicluster-data/master/wals/00000000000000000000000000000000/wal-000000001 to /tmp/kudutest-1000/alter_table-randomized-test.AlterTableRandomized.TestRandomSequence.1468974934021256-10988/minicluster-data/master/wals/00000000000000000000000000000000.recovery/wal-000000001
I0720 00:35:38.608738 11821 tablet_bootstrap.cc:627] T 00000000000000000000000000000000 P 1045dd375010469d9a77d8d8f93d4562: Moving log directory /tmp/kudutest-1000/alter_table-randomized-test.AlterTableRandomized.TestRandomSequence.1468974934021256-10988/minicluster-data/master/wals/00000000000000000000000000000000 to recovery directory /tmp/kudutest-1000/alter_table-randomized-test.AlterTableRandomized.TestRandomSequence.1468974934021256-10988/minicluster-data/master/wals/00000000000000000000000000000000.recovery in preparation for log replay
W0720 00:35:38.609181 11821 log_util.cc:311] Could not read footer for segment: /tmp/kudutest-1000/alter_table-randomized-test.AlterTableRandomized.TestRandomSequence.1468974934021256-10988/minicluster-data/master/wals/00000000000000000000000000000000.recovery/wal-000000001: Not found: Footer not found. Footer magic doesn't match
I0720 00:35:38.609227 11821 log_reader.cc:152] Log segment /tmp/kudutest-1000/alter_table-randomized-test.AlterTableRandomized.TestRandomSequence.1468974934021256-10988/minicluster-data/master/wals/00000000000000000000000000000000.recovery/wal-000000001 was likely left in-progress after a previous crash. Will try to rebuild footer by scanning data.
I0720 00:35:38.610440 10988 external_mini_cluster.cc:595] Started /tmp/run_tha_testFPtVYj/build/debug/bin/kudu-master as pid 11779
I0720 00:35:38.613329 11821 log_util.cc:569] Scanning /tmp/kudutest-1000/alter_table-randomized-test.AlterTableRandomized.TestRandomSequence.1468974934021256-10988/minicluster-data/master/wals/00000000000000000000000000000000.recovery/wal-000000001 for valid entry headers following offset 33487...
I0720 00:35:38.660228 11821 log_util.cc:606] Found no log entry headers
I0720 00:35:38.660276 11821 log_util.cc:215] Ignoring log segment corruption in /tmp/kudutest-1000/alter_table-randomized-test.AlterTableRandomized.TestRandomSequence.1468974934021256-10988/minicluster-data/master/wals/00000000000000000000000000000000.recovery/wal-000000001 because there are no log entries following the corrupted one. The server probably crashed in the middle of writing an entry to the write-ahead log or downloaded an active log via remote bootstrap. Error detail: Corruption: CRC mismatch in log entry header: Log file corruption detected. Failed trying to read batch #0 at offset 33475 for log segment /tmp/kudutest-1000/alter_table-randomized-test.AlterTableRandomized.TestRandomSequence.1468974934021256-10988/minicluster-data/master/wals/00000000000000000000000000000000.recovery/wal-000000001: Prior entries: [off=32866 REPLICATE (1.59)] [off=32900 COMMIT (1.59)] [off=33441 REPLICATE (1.60)] [off=33475 COMMIT (1.60)]
I0720 00:35:38.660323 11821 log_util.cc:359] Successfully rebuilt footer for segment: /tmp/kudutest-1000/alter_table-randomized-test.AlterTableRandomized.TestRandomSequence.1468974934021256-10988/minicluster-data/master/wals/00000000000000000000000000000000.recovery/wal-000000001 (valid entries through byte offset 33475)
I0720 00:35:38.660753 11821 tablet.cc:853] T 00000000000000000000000000000000 Rewinding schema during bootstrap to Schema [ 10:entry_type[int8 NOT NULL], 11:entry_id[string NOT NULL], 12:metadata[string NOT NULL] ]
I0720 00:35:38.661720 11821 log.cc:349] Log is configured to *not* fsync() on all Append() calls
I0720 00:35:38.692716 11821 tablet_bootstrap.cc:400] T 00000000000000000000000000000000 P 1045dd375010469d9a77d8d8f93d4562: Bootstrap replayed 1/1 log segments. Stats: ops{read=60 overwritten=0 applied=60 ignored=0} inserts{seen=4 ignored=0} mutations{seen=59 ignored=0} orphaned_commits=0. Pending: 0 replicates
I0720 00:35:38.692770 11821 tablet_bootstrap.cc:1040] T 00000000000000000000000000000000 P 1045dd375010469d9a77d8d8f93d4562: ReplayState: Previous OpId: 1.60, Committed OpId: 1.60, Pending Replicates: 0, Pending Commits: 0
I0720 00:35:38.693642 11821 tablet_bootstrap.cc:656] T 00000000000000000000000000000000 P 1045dd375010469d9a77d8d8f93d4562: Preparing to delete log recovery files and directory /tmp/kudutest-1000/alter_table-randomized-test.AlterTableRandomized.TestRandomSequence.1468974934021256-10988/minicluster-data/master/wals/00000000000000000000000000000000.recovery
I0720 00:35:38.693668 11821 tablet_bootstrap.cc:659] T 00000000000000000000000000000000 P 1045dd375010469d9a77d8d8f93d4562: Renaming log recovery dir from /tmp/kudutest-1000/alter_table-randomized-test.AlterTableRandomized.TestRandomSequence.1468974934021256-10988/minicluster-data/master/wals/00000000000000000000000000000000.recovery to /tmp/kudutest-1000/alter_table-randomized-test.AlterTableRandomized.TestRandomSequence.1468974934021256-10988/minicluster-data/master/wals/00000000000000000000000000000000.recovery-1468974938693661
I0720 00:35:38.693706 11821 tablet_bootstrap.cc:669] T 00000000000000000000000000000000 P 1045dd375010469d9a77d8d8f93d4562: Deleting all files from renamed log recovery directory /tmp/kudutest-1000/alter_table-randomized-test.AlterTableRandomized.TestRandomSequence.1468974934021256-10988/minicluster-data/master/wals/00000000000000000000000000000000.recovery-1468974938693661
I0720 00:35:38.693951 11821 tablet_bootstrap.cc:672] T 00000000000000000000000000000000 P 1045dd375010469d9a77d8d8f93d4562: Completed deletion of old log recovery files and directory /tmp/kudutest-1000/alter_table-randomized-test.AlterTableRandomized.TestRandomSequence.1468974934021256-10988/minicluster-data/master/wals/00000000000000000000000000000000.recovery-1468974938693661
I0720 00:35:38.694047 11821 tablet_bootstrap.cc:400] T 00000000000000000000000000000000 P 1045dd375010469d9a77d8d8f93d4562: Bootstrap complete.
I0720 00:35:38.700927 11821 raft_consensus.cc:269] T 00000000000000000000000000000000 P 1045dd375010469d9a77d8d8f93d4562 [term 1 FOLLOWER]: Replica starting. Triggering 0 pending transactions. Active config: opid_index: -1 peers { permanent_uuid: "1045dd375010469d9a77d8d8f93d4562" member_type: VOTER }
I0720 00:35:38.701208 11821 raft_consensus.cc:499] T 00000000000000000000000000000000 P 1045dd375010469d9a77d8d8f93d4562 [term 1 FOLLOWER]: Becoming Follower/Learner. State: Replica: 1045dd375010469d9a77d8d8f93d4562, State: 1, Role: FOLLOWER Watermarks: {Received: term: 1 index: 60 Committed: term: 1 index: 60}
I0720 00:35:38.701280 11821 consensus_queue.cc:162] T 00000000000000000000000000000000 P 1045dd375010469d9a77d8d8f93d4562 [NON_LEADER]: Queue going to NON_LEADER mode. State: All replicated op: 0.0, Majority replicated op: 0.0, Committed index: 0.0, Last appended: 1.60, Current term: 0, Majority size: -1, State: 1, Mode: NON_LEADER
I0720 00:35:38.701326 11821 raft_consensus.cc:314] T 00000000000000000000000000000000 P 1045dd375010469d9a77d8d8f93d4562 [term 1 FOLLOWER]: Only one voter in the Raft config. Triggering election immediately
I0720 00:35:38.701354 11821 raft_consensus.cc:370] T 00000000000000000000000000000000 P 1045dd375010469d9a77d8d8f93d4562 [term 1 FOLLOWER]: No leader contacted us within the election timeout. Triggering leader election
I0720 00:35:38.701360 11821 raft_consensus.cc:2019] T 00000000000000000000000000000000 P 1045dd375010469d9a77d8d8f93d4562 [term 1 FOLLOWER]: Advancing to term 2
I0720 00:35:38.701762 11821 raft_consensus.cc:1970] T 00000000000000000000000000000000 P 1045dd375010469d9a77d8d8f93d4562 [term 2 FOLLOWER]: Snoozing failure detection for election timeout plus an additional 1.562s
I0720 00:35:38.701814 11821 raft_consensus.cc:386] T 00000000000000000000000000000000 P 1045dd375010469d9a77d8d8f93d4562 [term 2 FOLLOWER]: Starting election with config: opid_index: -1 peers { permanent_uuid: "1045dd375010469d9a77d8d8f93d4562" member_type: VOTER }
I0720 00:35:38.702442 11821 leader_election.cc:248] T 00000000000000000000000000000000 P 1045dd375010469d9a77d8d8f93d4562 [CANDIDATE]: Term 2 election: Election decided. Result: candidate won.
I0720 00:35:38.702739 11827 raft_consensus.cc:1970] T 00000000000000000000000000000000 P 1045dd375010469d9a77d8d8f93d4562 [term 2 FOLLOWER]: Snoozing failure detection for election timeout plus an additional 1.577s
I0720 00:35:38.702790 11827 raft_consensus.cc:1859] T 00000000000000000000000000000000 P 1045dd375010469d9a77d8d8f93d4562 [term 2 FOLLOWER]: Leader election won for term 2
I0720 00:35:38.703198 11827 raft_consensus.cc:464] T 00000000000000000000000000000000 P 1045dd375010469d9a77d8d8f93d4562 [term 2 LEADER]: Becoming Leader. State: Replica: 1045dd375010469d9a77d8d8f93d4562, State: 1, Role: LEADER Watermarks: {Received: term: 1 index: 60 Committed: term: 1 index: 60}
I0720 00:35:38.703362 11827 consensus_queue.cc:145] T 00000000000000000000000000000000 P 1045dd375010469d9a77d8d8f93d4562 [LEADER]: Queue going to LEADER mode. State: All replicated op: 0.0, Majority replicated op: 1.60, Committed index: 1.60, Last appended: 1.60, Current term: 2, Majority size: 1, State: 1, Mode: LEADER, active raft config: opid_index: -1 peers { permanent_uuid: "1045dd375010469d9a77d8d8f93d4562" member_type: VOTER }
I0720 00:35:38.703909 11821 sys_catalog.cc:235] T 00000000000000000000000000000000 P 1045dd375010469d9a77d8d8f93d4562 [sys.catalog]: SysCatalogTable state changed. Reason: Started TabletPeer. Latest consensus state: current_term: 2 leader_uuid: "1045dd375010469d9a77d8d8f93d4562" config { opid_index: -1 peers { permanent_uuid: "1045dd375010469d9a77d8d8f93d4562" member_type: VOTER } }
I0720 00:35:38.703938 11821 sys_catalog.cc:238] T 00000000000000000000000000000000 P 1045dd375010469d9a77d8d8f93d4562 [sys.catalog]: This master's current role is: LEADER
I0720 00:35:38.704141 11828 sys_catalog.cc:235] T 00000000000000000000000000000000 P 1045dd375010469d9a77d8d8f93d4562 [sys.catalog]: SysCatalogTable state changed. Reason: RaftConsensus started. Latest consensus state: current_term: 2 leader_uuid: "1045dd375010469d9a77d8d8f93d4562" config { opid_index: -1 peers { permanent_uuid: "1045dd375010469d9a77d8d8f93d4562" member_type: VOTER } }
I0720 00:35:38.704171 11828 sys_catalog.cc:238] T 00000000000000000000000000000000 P 1045dd375010469d9a77d8d8f93d4562 [sys.catalog]: This master's current role is: LEADER
I0720 00:35:38.704228 11829 sys_catalog.cc:235] T 00000000000000000000000000000000 P 1045dd375010469d9a77d8d8f93d4562 [sys.catalog]: SysCatalogTable state changed. Reason: New leader 1045dd375010469d9a77d8d8f93d4562. Latest consensus state: current_term: 2 leader_uuid: "1045dd375010469d9a77d8d8f93d4562" config { opid_index: -1 peers { permanent_uuid: "1045dd375010469d9a77d8d8f93d4562" member_type: VOTER } }
I0720 00:35:38.704279 11829 sys_catalog.cc:238] T 00000000000000000000000000000000 P 1045dd375010469d9a77d8d8f93d4562 [sys.catalog]: This master's current role is: LEADER
I0720 00:35:38.704367 11830 catalog_manager.cc:642] Loading table and tablet metadata into memory...
I0720 00:35:38.704776 11831 raft_consensus_state.cc:534] T 00000000000000000000000000000000 P 1045dd375010469d9a77d8d8f93d4562 [term 2 LEADER]: Advanced the committed_index across terms. Last committed operation was: term: 1 index: 60 New committed index is: term: 2 index: 61
I0720 00:35:38.704911 11821 sys_catalog.cc:313] T 00000000000000000000000000000000 P 1045dd375010469d9a77d8d8f93d4562 [sys.catalog]: configured and running, proceeding with master startup.
I0720 00:35:38.706815 11830 catalog_manager.cc:213] Loaded metadata for table test-table [id=2a30b8d6c8764cdc9573a60ac5f96269]
I0720 00:35:38.707816 11830 catalog_manager.cc:263] Loaded metadata for tablet 8e7920d866884beca1cb9c404826ab66 (table test-table [id=2a30b8d6c8764cdc9573a60ac5f96269])
I0720 00:35:38.707965 11830 catalog_manager.cc:263] Loaded metadata for tablet aab31496785646c686a2b76616094410 (table test-table [id=2a30b8d6c8764cdc9573a60ac5f96269])
I0720 00:35:38.708112 11830 catalog_manager.cc:263] Loaded metadata for tablet ae4e382b53eb40d5811af430609a7a24 (table test-table [id=2a30b8d6c8764cdc9573a60ac5f96269])
W0720 00:35:38.708439 11833 catalog_manager.cc:351] Catalog manager background task thread going to sleep: Service unavailable: Catalog manager is not initialized. State: 1
I0720 00:35:38.708621 11779 master_main.cc:64] Master server successfully started.
I0720 00:35:38.849555 10988 alter_table-randomized-test.cc:390] Beginning Alterations
I0720 00:35:38.851227 10988 alter_table-randomized-test.cc:471] Dropping range partition: [1073741808, 1140850671) resulting partitions: (1476394986, 1543503849)
I0720 00:35:38.851275 10988 alter_table-randomized-test.cc:471] Dropping range partition: [1476394986, 1543503849) resulting partitions: ()
I0720 00:35:38.851317 10988 alter_table-randomized-test.cc:418] Adding column c569, existing columns: key, c674
I0720 00:35:38.851343 10988 alter_table-randomized-test.cc:439] Dropping column c674, existing columns: key, c674, c569
I0720 00:35:38.851368 10988 alter_table-randomized-test.cc:455] Adding range partition: [536870904, 603979767) resulting partitions: (536870904, 603979767)
I0720 00:35:38.851403 10988 alter_table-randomized-test.cc:418] Adding column c186, existing columns: key, c569
I0720 00:35:38.851433 10988 alter_table-randomized-test.cc:412] Committing Alterations
I0720 00:35:38.853039 11798 catalog_manager.cc:1359] Servicing AlterTable request from {real_user=slave, eff_user=} at 127.0.0.1:46067: table { table_name: "test-table" } alter_schema_steps { type: DROP_RANGE_PARTITION drop_range_partition { range_bounds { rows: "\006\001\000\360\377\377?\007\001\000\357\377\377C" } } } alter_schema_steps { type: DROP_RANGE_PARTITION drop_range_partition { range_bounds { rows: "\006\001\000\352\377\377W\007\001\000\351\377\377[" } } } alter_schema_steps { type: ADD_COLUMN add_column { schema { name: "c569" type: INT32 is_nullable: true encoding: AUTO_ENCODING compression: DEFAULT_COMPRESSION cfile_block_size: 0 } } } alter_schema_steps { type: DROP_COLUMN drop_column { name: "c674" } } alter_schema_steps { type: ADD_RANGE_PARTITION add_range_partition { range_bounds { rows: "\006\001\000\370\377\377\037\007\001\000\367\377\377#" } } } alter_schema_steps { type: ADD_COLUMN add_column { schema { name: "c186" type: INT32 is_nullable: false read_default_value: "qm\320\014" write_default_value: "qm\320\014" encoding: AUTO_ENCODING compression: DEFAULT_COMPRESSION cfile_block_size: 0 } } } schema { columns { name: "key" type: INT32 is_key: true is_nullable: false encoding: AUTO_ENCODING compression: DEFAULT_COMPRESSION cfile_block_size: 0 } columns { name: "c674" type: INT32 is_key: false is_nullable: true encoding: AUTO_ENCODING compression: DEFAULT_COMPRESSION cfile_block_size: 0 } }
W0720 00:35:38.857909 11798 catalog_manager.cc:2160] Unable to reset TS proxy: Not found: No leader found: Tablet 601fa55cefbd4c60ba6eb395a3dca80f has no consensus state
W0720 00:35:38.857995 11798 catalog_manager.cc:2770] Failed to send alter table request: Not found: Failed to reset TS proxy: No leader found: Tablet 601fa55cefbd4c60ba6eb395a3dca80f has no consensus state
I0720 00:35:38.858049 11798 catalog_manager.cc:2796] Sending DeleteTablet for 3 replicas of tablet 8e7920d866884beca1cb9c404826ab66
I0720 00:35:38.858098 11798 catalog_manager.cc:2812] T 00000000000000000000000000000000 P 1045dd375010469d9a77d8d8f93d4562: Deleting tablet 8e7920d866884beca1cb9c404826ab66 on peer bcc77f1560a949c6b130d6b3c67653be with delete type TABLET_DATA_DELETED (Partition dropped at 2016-07-20 00:35:38 UTC)
W0720 00:35:38.858163 11798 catalog_manager.cc:2160] Unable to reset TS proxy: Not found: Could not find TS for UUID bcc77f1560a949c6b130d6b3c67653be
W0720 00:35:38.858188 11798 catalog_manager.cc:2828] Failed to send delete tablet request: Not found: Failed to reset TS proxy: Could not find TS for UUID bcc77f1560a949c6b130d6b3c67653be
I0720 00:35:38.858203 11798 catalog_manager.cc:2812] T 00000000000000000000000000000000 P 1045dd375010469d9a77d8d8f93d4562: Deleting tablet 8e7920d866884beca1cb9c404826ab66 on peer ee4ffccf9eb5471297e208d202495ffe with delete type TABLET_DATA_DELETED (Partition dropped at 2016-07-20 00:35:38 UTC)
W0720 00:35:38.858224 11798 catalog_manager.cc:2160] Unable to reset TS proxy: Not found: Could not find TS for UUID ee4ffccf9eb5471297e208d202495ffe
W0720 00:35:38.858252 11798 catalog_manager.cc:2828] Failed to send delete tablet request: Not found: Failed to reset TS proxy: Could not find TS for UUID ee4ffccf9eb5471297e208d202495ffe
I0720 00:35:38.858263 11798 catalog_manager.cc:2812] T 00000000000000000000000000000000 P 1045dd375010469d9a77d8d8f93d4562: Deleting tablet 8e7920d866884beca1cb9c404826ab66 on peer 3b2a62766e5449f9ae2697a9113d09fb with delete type TABLET_DATA_DELETED (Partition dropped at 2016-07-20 00:35:38 UTC)
W0720 00:35:38.858278 11798 catalog_manager.cc:2160] Unable to reset TS proxy: Not found: Could not find TS for UUID 3b2a62766e5449f9ae2697a9113d09fb
W0720 00:35:38.858292 11798 catalog_manager.cc:2828] Failed to send delete tablet request: Not found: Failed to reset TS proxy: Could not find TS for UUID 3b2a62766e5449f9ae2697a9113d09fb
I0720 00:35:38.858347 11798 catalog_manager.cc:2796] Sending DeleteTablet for 3 replicas of tablet ae4e382b53eb40d5811af430609a7a24
I0720 00:35:38.858386 11798 catalog_manager.cc:2812] T 00000000000000000000000000000000 P 1045dd375010469d9a77d8d8f93d4562: Deleting tablet ae4e382b53eb40d5811af430609a7a24 on peer ee4ffccf9eb5471297e208d202495ffe with delete type TABLET_DATA_DELETED (Partition dropped at 2016-07-20 00:35:38 UTC)
W0720 00:35:38.858407 11798 catalog_manager.cc:2160] Unable to reset TS proxy: Not found: Could not find TS for UUID ee4ffccf9eb5471297e208d202495ffe
W0720 00:35:38.858423 11798 catalog_manager.cc:2828] Failed to send delete tablet request: Not found: Failed to reset TS proxy: Could not find TS for UUID ee4ffccf9eb5471297e208d202495ffe
I0720 00:35:38.858448 11798 catalog_manager.cc:2812] T 00000000000000000000000000000000 P 1045dd375010469d9a77d8d8f93d4562: Deleting tablet ae4e382b53eb40d5811af430609a7a24 on peer bcc77f1560a949c6b130d6b3c67653be with delete type TABLET_DATA_DELETED (Partition dropped at 2016-07-20 00:35:38 UTC)
W0720 00:35:38.858484 11798 catalog_manager.cc:2160] Unable to reset TS proxy: Not found: Could not find TS for UUID bcc77f1560a949c6b130d6b3c67653be
W0720 00:35:38.858500 11798 catalog_manager.cc:2828] Failed to send delete tablet request: Not found: Failed to reset TS proxy: Could not find TS for UUID bcc77f1560a949c6b130d6b3c67653be
I0720 00:35:38.858510 11798 catalog_manager.cc:2812] T 00000000000000000000000000000000 P 1045dd375010469d9a77d8d8f93d4562: Deleting tablet ae4e382b53eb40d5811af430609a7a24 on peer 3b2a62766e5449f9ae2697a9113d09fb with delete type TABLET_DATA_DELETED (Partition dropped at 2016-07-20 00:35:38 UTC)
W0720 00:35:38.858527 11798 catalog_manager.cc:2160] Unable to reset TS proxy: Not found: Could not find TS for UUID 3b2a62766e5449f9ae2697a9113d09fb
W0720 00:35:38.858544 11798 catalog_manager.cc:2828] Failed to send delete tablet request: Not found: Failed to reset TS proxy: Could not find TS for UUID 3b2a62766e5449f9ae2697a9113d09fb
W0720 00:35:38.859014 11833 catalog_manager.cc:3053] Aborting the current task due to error: Invalid argument: An error occured while selecting replicas for tablet 601fa55cefbd4c60ba6eb395a3dca80f: Not enough tablet servers are online for table 'test-table'. Need at least 3 replicas, but only 0 tablet servers are available
E0720 00:35:38.859079 11833 catalog_manager.cc:369] Error processing pending assignments, aborting the current task: Invalid argument: An error occured while selecting replicas for tablet 601fa55cefbd4c60ba6eb395a3dca80f: Not enough tablet servers are online for table 'test-table'. Need at least 3 replicas, but only 0 tablet servers are available
I0720 00:35:39.191393 11798 master_service.cc:125] Got heartbeat from unknown tablet server { permanent_uuid: "bcc77f1560a949c6b130d6b3c67653be" instance_seqno: 1468974935043896 } as {real_user=slave, eff_user=} at 127.42.236.0:42611; Asking this server to re-register.
I0720 00:35:39.191783 11593 heartbeater.cc:322] Registering TS with master...
I0720 00:35:39.191846 11593 heartbeater.cc:328] Sending a full tablet report to master...
I0720 00:35:39.192479 11798 ts_manager.cc:81] Registered new tablet server { permanent_uuid: "bcc77f1560a949c6b130d6b3c67653be" instance_seqno: 1468974935043896 } with Master
I0720 00:35:39.192673 11798 catalog_manager.cc:1826] Got report from deleted tablet 8e7920d866884beca1cb9c404826ab66 (table test-table [id=2a30b8d6c8764cdc9573a60ac5f96269]) (Partition dropped at 2016-07-20 00:35:38 UTC): Sending delete request for this tablet
I0720 00:35:39.192699 11798 catalog_manager.cc:2812] T 00000000000000000000000000000000 P 1045dd375010469d9a77d8d8f93d4562: Deleting tablet 8e7920d866884beca1cb9c404826ab66 on peer bcc77f1560a949c6b130d6b3c67653be with delete type TABLET_DATA_DELETED (Partition dropped at 2016-07-20 00:35:38 UTC)
I0720 00:35:39.193202 11798 catalog_manager.cc:1826] Got report from deleted tablet ae4e382b53eb40d5811af430609a7a24 (table test-table [id=2a30b8d6c8764cdc9573a60ac5f96269]) (Partition dropped at 2016-07-20 00:35:38 UTC): Sending delete request for this tablet
I0720 00:35:39.193224 11798 catalog_manager.cc:2812] T 00000000000000000000000000000000 P 1045dd375010469d9a77d8d8f93d4562: Deleting tablet ae4e382b53eb40d5811af430609a7a24 on peer bcc77f1560a949c6b130d6b3c67653be with delete type TABLET_DATA_DELETED (Partition dropped at 2016-07-20 00:35:38 UTC)
I0720 00:35:39.195036 11526 tablet_service.cc:651] Processing DeleteTablet for tablet 8e7920d866884beca1cb9c404826ab66 with delete_type TABLET_DATA_DELETED (Partition dropped at 2016-07-20 00:35:38 UTC) from {real_user=slave, eff_user=} at 127.0.0.1:36273
I0720 00:35:39.195116 11525 tablet_service.cc:651] Processing DeleteTablet for tablet ae4e382b53eb40d5811af430609a7a24 with delete_type TABLET_DATA_DELETED (Partition dropped at 2016-07-20 00:35:38 UTC) from {real_user=slave, eff_user=} at 127.0.0.1:36273
I0720 00:35:39.195124 11526 tablet_peer.cc:214] Initiating TabletPeer shutdown for tablet: 8e7920d866884beca1cb9c404826ab66
I0720 00:35:39.195169 11525 tablet_peer.cc:214] Initiating TabletPeer shutdown for tablet: ae4e382b53eb40d5811af430609a7a24
I0720 00:35:39.195262 11525 maintenance_manager.cc:176] Unregistered op CompactRowSetsOp(ae4e382b53eb40d5811af430609a7a24)
I0720 00:35:39.195340 11526 maintenance_manager.cc:176] Unregistered op CompactRowSetsOp(8e7920d866884beca1cb9c404826ab66)
I0720 00:35:39.195379 11525 maintenance_manager.cc:176] Unregistered op MinorDeltaCompactionOp(ae4e382b53eb40d5811af430609a7a24)
I0720 00:35:39.195410 11526 maintenance_manager.cc:176] Unregistered op MinorDeltaCompactionOp(8e7920d866884beca1cb9c404826ab66)
I0720 00:35:39.195425 11525 maintenance_manager.cc:176] Unregistered op MajorDeltaCompactionOp(ae4e382b53eb40d5811af430609a7a24)
I0720 00:35:39.195438 11526 maintenance_manager.cc:176] Unregistered op MajorDeltaCompactionOp(8e7920d866884beca1cb9c404826ab66)
I0720 00:35:39.195469 11525 maintenance_manager.cc:176] Unregistered op FlushMRSOp(ae4e382b53eb40d5811af430609a7a24)
I0720 00:35:39.195524 11526 maintenance_manager.cc:176] Unregistered op FlushMRSOp(8e7920d866884beca1cb9c404826ab66)
I0720 00:35:39.195571 11525 maintenance_manager.cc:176] Unregistered op FlushDeltaMemStoresOp(ae4e382b53eb40d5811af430609a7a24)
I0720 00:35:39.195605 11526 maintenance_manager.cc:176] Unregistered op FlushDeltaMemStoresOp(8e7920d866884beca1cb9c404826ab66)
I0720 00:35:39.195633 11525 maintenance_manager.cc:176] Unregistered op LogGCOp(ae4e382b53eb40d5811af430609a7a24)
I0720 00:35:39.195652 11526 maintenance_manager.cc:176] Unregistered op LogGCOp(8e7920d866884beca1cb9c404826ab66)
I0720 00:35:39.195698 11525 raft_consensus.cc:1495] T ae4e382b53eb40d5811af430609a7a24 P bcc77f1560a949c6b130d6b3c67653be [term 2 LEADER]: Raft consensus shutting down.
I0720 00:35:39.195698 11526 raft_consensus.cc:1495] T 8e7920d866884beca1cb9c404826ab66 P bcc77f1560a949c6b130d6b3c67653be [term 2 FOLLOWER]: Raft consensus shutting down.
I0720 00:35:39.195835 11526 raft_consensus.cc:1511] T 8e7920d866884beca1cb9c404826ab66 P bcc77f1560a949c6b130d6b3c67653be [term 2 FOLLOWER]: Raft consensus is shut down!
I0720 00:35:39.195945 11525 consensus_peers.cc:358] T ae4e382b53eb40d5811af430609a7a24 P bcc77f1560a949c6b130d6b3c67653be -> Peer 3b2a62766e5449f9ae2697a9113d09fb (127.42.236.2:60090): Closing peer: 3b2a62766e5449f9ae2697a9113d09fb
I0720 00:35:39.196097 11525 consensus_peers.cc:358] T ae4e382b53eb40d5811af430609a7a24 P bcc77f1560a949c6b130d6b3c67653be -> Peer ee4ffccf9eb5471297e208d202495ffe (127.42.236.1:57816): Closing peer: ee4ffccf9eb5471297e208d202495ffe
I0720 00:35:39.196322 11525 raft_consensus.cc:1511] T ae4e382b53eb40d5811af430609a7a24 P bcc77f1560a949c6b130d6b3c67653be [term 2 LEADER]: Raft consensus is shut down!
I0720 00:35:39.197449 11526 ts_tablet_manager.cc:960] T 8e7920d866884beca1cb9c404826ab66 P bcc77f1560a949c6b130d6b3c67653be: Deleting tablet data with delete state TABLET_DATA_DELETED
I0720 00:35:39.197649 11525 ts_tablet_manager.cc:960] T ae4e382b53eb40d5811af430609a7a24 P bcc77f1560a949c6b130d6b3c67653be: Deleting tablet data with delete state TABLET_DATA_DELETED
I0720 00:35:39.198726 11526 ts_tablet_manager.cc:970] T 8e7920d866884beca1cb9c404826ab66 P bcc77f1560a949c6b130d6b3c67653be: Tablet deleted. Last logged OpId: 2.76
I0720 00:35:39.199146 11526 tablet_bootstrap.cc:400] T 8e7920d866884beca1cb9c404826ab66 P bcc77f1560a949c6b130d6b3c67653be: Deleted tablet blocks from disk
I0720 00:35:39.199178 11525 ts_tablet_manager.cc:970] T ae4e382b53eb40d5811af430609a7a24 P bcc77f1560a949c6b130d6b3c67653be: Tablet deleted. Last logged OpId: 2.47
I0720 00:35:39.199730 11525 tablet_bootstrap.cc:400] T ae4e382b53eb40d5811af430609a7a24 P bcc77f1560a949c6b130d6b3c67653be: Deleted tablet blocks from disk
I0720 00:35:39.199926 11784 catalog_manager.cc:2499] TS bcc77f1560a949c6b130d6b3c67653be: tablet 8e7920d866884beca1cb9c404826ab66 (table test-table [id=2a30b8d6c8764cdc9573a60ac5f96269]) successfully deleted
I0720 00:35:39.200213 11784 catalog_manager.cc:2499] TS bcc77f1560a949c6b130d6b3c67653be: tablet ae4e382b53eb40d5811af430609a7a24 (table test-table [id=2a30b8d6c8764cdc9573a60ac5f96269]) successfully deleted
I0720 00:35:39.276721 11798 master_service.cc:125] Got heartbeat from unknown tablet server { permanent_uuid: "3b2a62766e5449f9ae2697a9113d09fb" instance_seqno: 1468974936625483 } as {real_user=slave, eff_user=} at 127.42.236.2:49941; Asking this server to re-register.
I0720 00:35:39.277138 11746 heartbeater.cc:322] Registering TS with master...
I0720 00:35:39.277199 11746 heartbeater.cc:328] Sending a full tablet report to master...
I0720 00:35:39.277717 11798 ts_manager.cc:81] Registered new tablet server { permanent_uuid: "3b2a62766e5449f9ae2697a9113d09fb" instance_seqno: 1468974936625483 } with Master
I0720 00:35:39.277884 11798 catalog_manager.cc:1826] Got report from deleted tablet 8e7920d866884beca1cb9c404826ab66 (table test-table [id=2a30b8d6c8764cdc9573a60ac5f96269]) (Partition dropped at 2016-07-20 00:35:38 UTC): Sending delete request for this tablet
I0720 00:35:39.277906 11798 catalog_manager.cc:2812] T 00000000000000000000000000000000 P 1045dd375010469d9a77d8d8f93d4562: Deleting tablet 8e7920d866884beca1cb9c404826ab66 on peer 3b2a62766e5449f9ae2697a9113d09fb with delete type TABLET_DATA_DELETED (Partition dropped at 2016-07-20 00:35:38 UTC)
I0720 00:35:39.278200 11798 catalog_manager.cc:1826] Got report from deleted tablet ae4e382b53eb40d5811af430609a7a24 (table test-table [id=2a30b8d6c8764cdc9573a60ac5f96269]) (Partition dropped at 2016-07-20 00:35:38 UTC): Sending delete request for this tablet
I0720 00:35:39.278224 11798 catalog_manager.cc:2812] T 00000000000000000000000000000000 P 1045dd375010469d9a77d8d8f93d4562: Deleting tablet ae4e382b53eb40d5811af430609a7a24 on peer 3b2a62766e5449f9ae2697a9113d09fb with delete type TABLET_DATA_DELETED (Partition dropped at 2016-07-20 00:35:38 UTC)
I0720 00:35:39.279760 11679 tablet_service.cc:651] Processing DeleteTablet for tablet 8e7920d866884beca1cb9c404826ab66 with delete_type TABLET_DATA_DELETED (Partition dropped at 2016-07-20 00:35:38 UTC) from {real_user=slave, eff_user=} at 127.0.0.1:56651
I0720 00:35:39.279760 11678 tablet_service.cc:651] Processing DeleteTablet for tablet ae4e382b53eb40d5811af430609a7a24 with delete_type TABLET_DATA_DELETED (Partition dropped at 2016-07-20 00:35:38 UTC) from {real_user=slave, eff_user=} at 127.0.0.1:56651
I0720 00:35:39.279844 11679 tablet_peer.cc:214] Initiating TabletPeer shutdown for tablet: 8e7920d866884beca1cb9c404826ab66
I0720 00:35:39.279928 11678 tablet_peer.cc:214] Initiating TabletPeer shutdown for tablet: ae4e382b53eb40d5811af430609a7a24
I0720 00:35:39.279973 11679 maintenance_manager.cc:176] Unregistered op CompactRowSetsOp(8e7920d866884beca1cb9c404826ab66)
I0720 00:35:39.280024 11678 maintenance_manager.cc:176] Unregistered op CompactRowSetsOp(ae4e382b53eb40d5811af430609a7a24)
I0720 00:35:39.280151 11678 maintenance_manager.cc:176] Unregistered op MinorDeltaCompactionOp(ae4e382b53eb40d5811af430609a7a24)
I0720 00:35:39.280205 11679 maintenance_manager.cc:176] Unregistered op MinorDeltaCompactionOp(8e7920d866884beca1cb9c404826ab66)
I0720 00:35:39.280236 11678 maintenance_manager.cc:176] Unregistered op MajorDeltaCompactionOp(ae4e382b53eb40d5811af430609a7a24)
I0720 00:35:39.280270 11679 maintenance_manager.cc:176] Unregistered op MajorDeltaCompactionOp(8e7920d866884beca1cb9c404826ab66)
I0720 00:35:39.280340 11679 maintenance_manager.cc:176] Unregistered op FlushMRSOp(8e7920d866884beca1cb9c404826ab66)
I0720 00:35:39.280375 11678 maintenance_manager.cc:176] Unregistered op FlushMRSOp(ae4e382b53eb40d5811af430609a7a24)
I0720 00:35:39.280395 11679 maintenance_manager.cc:176] Unregistered op FlushDeltaMemStoresOp(8e7920d866884beca1cb9c404826ab66)
I0720 00:35:39.280416 11678 maintenance_manager.cc:176] Unregistered op FlushDeltaMemStoresOp(ae4e382b53eb40d5811af430609a7a24)
I0720 00:35:39.280436 11679 maintenance_manager.cc:176] Unregistered op LogGCOp(8e7920d866884beca1cb9c404826ab66)
I0720 00:35:39.280452 11678 maintenance_manager.cc:176] Unregistered op LogGCOp(ae4e382b53eb40d5811af430609a7a24)
I0720 00:35:39.280488 11678 raft_consensus.cc:1495] T ae4e382b53eb40d5811af430609a7a24 P 3b2a62766e5449f9ae2697a9113d09fb [term 2 FOLLOWER]: Raft consensus shutting down.
I0720 00:35:39.280488 11679 raft_consensus.cc:1495] T 8e7920d866884beca1cb9c404826ab66 P 3b2a62766e5449f9ae2697a9113d09fb [term 2 FOLLOWER]: Raft consensus shutting down.
I0720 00:35:39.280606 11678 raft_consensus.cc:1511] T ae4e382b53eb40d5811af430609a7a24 P 3b2a62766e5449f9ae2697a9113d09fb [term 2 FOLLOWER]: Raft consensus is shut down!
I0720 00:35:39.280606 11679 raft_consensus.cc:1511] T 8e7920d866884beca1cb9c404826ab66 P 3b2a62766e5449f9ae2697a9113d09fb [term 2 FOLLOWER]: Raft consensus is shut down!
I0720 00:35:39.281025 11798 master_service.cc:125] Got heartbeat from unknown tablet server { permanent_uuid: "ee4ffccf9eb5471297e208d202495ffe" instance_seqno: 1468974934206196 } as {real_user=slave, eff_user=} at 127.42.236.1:40135; Asking this server to re-register.
I0720 00:35:39.281365 11276 heartbeater.cc:322] Registering TS with master...
I0720 00:35:39.281422 11276 heartbeater.cc:328] Sending a full tablet report to master...
I0720 00:35:39.281918 11798 ts_manager.cc:81] Registered new tablet server { permanent_uuid: "ee4ffccf9eb5471297e208d202495ffe" instance_seqno: 1468974934206196 } with Master
I0720 00:35:39.282057 11798 catalog_manager.cc:1826] Got report from deleted tablet ae4e382b53eb40d5811af430609a7a24 (table test-table [id=2a30b8d6c8764cdc9573a60ac5f96269]) (Partition dropped at 2016-07-20 00:35:38 UTC): Sending delete request for this tablet
I0720 00:35:39.282083 11798 catalog_manager.cc:2812] T 00000000000000000000000000000000 P 1045dd375010469d9a77d8d8f93d4562: Deleting tablet ae4e382b53eb40d5811af430609a7a24 on peer ee4ffccf9eb5471297e208d202495ffe with delete type TABLET_DATA_DELETED (Partition dropped at 2016-07-20 00:35:38 UTC)
I0720 00:35:39.282466 11679 ts_tablet_manager.cc:960] T 8e7920d866884beca1cb9c404826ab66 P 3b2a62766e5449f9ae2697a9113d09fb: Deleting tablet data with delete state TABLET_DATA_DELETED
I0720 00:35:39.282779 11798 catalog_manager.cc:1826] Got report from deleted tablet 8e7920d866884beca1cb9c404826ab66 (table test-table [id=2a30b8d6c8764cdc9573a60ac5f96269]) (Partition dropped at 2016-07-20 00:35:38 UTC): Sending delete request for this tablet
I0720 00:35:39.282817 11798 catalog_manager.cc:2812] T 00000000000000000000000000000000 P 1045dd375010469d9a77d8d8f93d4562: Deleting tablet 8e7920d866884beca1cb9c404826ab66 on peer ee4ffccf9eb5471297e208d202495ffe with delete type TABLET_DATA_DELETED (Partition dropped at 2016-07-20 00:35:38 UTC)
I0720 00:35:39.283828 11212 tablet_service.cc:651] Processing DeleteTablet for tablet ae4e382b53eb40d5811af430609a7a24 with delete_type TABLET_DATA_DELETED (Partition dropped at 2016-07-20 00:35:38 UTC) from {real_user=slave, eff_user=} at 127.0.0.1:60319
I0720 00:35:39.283884 11212 tablet_peer.cc:214] Initiating TabletPeer shutdown for tablet: ae4e382b53eb40d5811af430609a7a24
I0720 00:35:39.283922 11679 ts_tablet_manager.cc:970] T 8e7920d866884beca1cb9c404826ab66 P 3b2a62766e5449f9ae2697a9113d09fb: Tablet deleted. Last logged OpId: 2.76
I0720 00:35:39.283956 11212 maintenance_manager.cc:176] Unregistered op CompactRowSetsOp(ae4e382b53eb40d5811af430609a7a24)
I0720 00:35:39.283983 11212 maintenance_manager.cc:176] Unregistered op MinorDeltaCompactionOp(ae4e382b53eb40d5811af430609a7a24)
I0720 00:35:39.284006 11212 maintenance_manager.cc:176] Unregistered op MajorDeltaCompactionOp(ae4e382b53eb40d5811af430609a7a24)
I0720 00:35:39.284046 11212 maintenance_manager.cc:176] Unregistered op FlushMRSOp(ae4e382b53eb40d5811af430609a7a24)
I0720 00:35:39.284068 11212 maintenance_manager.cc:176] Unregistered op FlushDeltaMemStoresOp(ae4e382b53eb40d5811af430609a7a24)
I0720 00:35:39.284090 11212 maintenance_manager.cc:176] Unregistered op LogGCOp(ae4e382b53eb40d5811af430609a7a24)
I0720 00:35:39.284121 11212 raft_consensus.cc:1495] T ae4e382b53eb40d5811af430609a7a24 P ee4ffccf9eb5471297e208d202495ffe [term 2 FOLLOWER]: Raft consensus shutting down.
I0720 00:35:39.284185 11212 raft_consensus.cc:1511] T ae4e382b53eb40d5811af430609a7a24 P ee4ffccf9eb5471297e208d202495ffe [term 2 FOLLOWER]: Raft consensus is shut down!
I0720 00:35:39.284190 11678 ts_tablet_manager.cc:960] T ae4e382b53eb40d5811af430609a7a24 P 3b2a62766e5449f9ae2697a9113d09fb: Deleting tablet data with delete state TABLET_DATA_DELETED
I0720 00:35:39.284382 11213 tablet_service.cc:651] Processing DeleteTablet for tablet 8e7920d866884beca1cb9c404826ab66 with delete_type TABLET_DATA_DELETED (Partition dropped at 2016-07-20 00:35:38 UTC) from {real_user=slave, eff_user=} at 127.0.0.1:60319
I0720 00:35:39.284389 11679 tablet_bootstrap.cc:400] T 8e7920d866884beca1cb9c404826ab66 P 3b2a62766e5449f9ae2697a9113d09fb: Deleted tablet blocks from disk
I0720 00:35:39.284427 11213 tablet_peer.cc:214] Initiating TabletPeer shutdown for tablet: 8e7920d866884beca1cb9c404826ab66
I0720 00:35:39.284446 11213 maintenance_manager.cc:176] Unregistered op CompactRowSetsOp(8e7920d866884beca1cb9c404826ab66)
I0720 00:35:39.284472 11213 maintenance_manager.cc:176] Unregistered op MinorDeltaCompactionOp(8e7920d866884beca1cb9c404826ab66)
I0720 00:35:39.284489 11213 maintenance_manager.cc:176] Unregistered op MajorDeltaCompactionOp(8e7920d866884beca1cb9c404826ab66)
I0720 00:35:39.284503 11213 maintenance_manager.cc:176] Unregistered op FlushMRSOp(8e7920d866884beca1cb9c404826ab66)
I0720 00:35:39.284512 11213 maintenance_manager.cc:176] Unregistered op FlushDeltaMemStoresOp(8e7920d866884beca1cb9c404826ab66)
I0720 00:35:39.284517 11213 maintenance_manager.cc:176] Unregistered op LogGCOp(8e7920d866884beca1cb9c404826ab66)
I0720 00:35:39.284538 11213 raft_consensus.cc:1495] T 8e7920d866884beca1cb9c404826ab66 P ee4ffccf9eb5471297e208d202495ffe [term 2 LEADER]: Raft consensus shutting down.
I0720 00:35:39.284663 11213 consensus_peers.cc:358] T 8e7920d866884beca1cb9c404826ab66 P ee4ffccf9eb5471297e208d202495ffe -> Peer 3b2a62766e5449f9ae2697a9113d09fb (127.42.236.2:60090): Closing peer: 3b2a62766e5449f9ae2697a9113d09fb
I0720 00:35:39.284926 11213 consensus_peers.cc:358] T 8e7920d866884beca1cb9c404826ab66 P ee4ffccf9eb5471297e208d202495ffe -> Peer bcc77f1560a949c6b130d6b3c67653be (127.42.236.0:42768): Closing peer: bcc77f1560a949c6b130d6b3c67653be
I0720 00:35:39.285259 11213 raft_consensus.cc:1511] T 8e7920d866884beca1cb9c404826ab66 P ee4ffccf9eb5471297e208d202495ffe [term 2 LEADER]: Raft consensus is shut down!
I0720 00:35:39.285446 11212 ts_tablet_manager.cc:960] T ae4e382b53eb40d5811af430609a7a24 P ee4ffccf9eb5471297e208d202495ffe: Deleting tablet data with delete state TABLET_DATA_DELETED
I0720 00:35:39.285737 11678 ts_tablet_manager.cc:970] T ae4e382b53eb40d5811af430609a7a24 P 3b2a62766e5449f9ae2697a9113d09fb: Tablet deleted. Last logged OpId: 2.47
I0720 00:35:39.286211 11678 tablet_bootstrap.cc:400] T ae4e382b53eb40d5811af430609a7a24 P 3b2a62766e5449f9ae2697a9113d09fb: Deleted tablet blocks from disk
I0720 00:35:39.286319 11783 catalog_manager.cc:2499] TS 3b2a62766e5449f9ae2697a9113d09fb: tablet 8e7920d866884beca1cb9c404826ab66 (table test-table [id=2a30b8d6c8764cdc9573a60ac5f96269]) successfully deleted
I0720 00:35:39.286592 11212 ts_tablet_manager.cc:970] T ae4e382b53eb40d5811af430609a7a24 P ee4ffccf9eb5471297e208d202495ffe: Tablet deleted. Last logged OpId: 2.47
I0720 00:35:39.286610 11213 ts_tablet_manager.cc:960] T 8e7920d866884beca1cb9c404826ab66 P ee4ffccf9eb5471297e208d202495ffe: Deleting tablet data with delete state TABLET_DATA_DELETED
I0720 00:35:39.286700 11783 catalog_manager.cc:2499] TS 3b2a62766e5449f9ae2697a9113d09fb: tablet ae4e382b53eb40d5811af430609a7a24 (table test-table [id=2a30b8d6c8764cdc9573a60ac5f96269]) successfully deleted
I0720 00:35:39.287014 11212 tablet_bootstrap.cc:400] T ae4e382b53eb40d5811af430609a7a24 P ee4ffccf9eb5471297e208d202495ffe: Deleted tablet blocks from disk
I0720 00:35:39.287550 11785 catalog_manager.cc:2499] TS ee4ffccf9eb5471297e208d202495ffe: tablet ae4e382b53eb40d5811af430609a7a24 (table test-table [id=2a30b8d6c8764cdc9573a60ac5f96269]) successfully deleted
I0720 00:35:39.287556 11213 ts_tablet_manager.cc:970] T 8e7920d866884beca1cb9c404826ab66 P ee4ffccf9eb5471297e208d202495ffe: Tablet deleted. Last logged OpId: 2.76
I0720 00:35:39.287901 11213 tablet_bootstrap.cc:400] T 8e7920d866884beca1cb9c404826ab66 P ee4ffccf9eb5471297e208d202495ffe: Deleted tablet blocks from disk
I0720 00:35:39.288278 11785 catalog_manager.cc:2499] TS ee4ffccf9eb5471297e208d202495ffe: tablet 8e7920d866884beca1cb9c404826ab66 (table test-table [id=2a30b8d6c8764cdc9573a60ac5f96269]) successfully deleted
I0720 00:35:39.863874 11525 tablet_service.cc:610] Processing CreateTablet for tablet 601fa55cefbd4c60ba6eb395a3dca80f (table=test-table [id=2a30b8d6c8764cdc9573a60ac5f96269]), partition=range: [(int32 key=536870904), (int32 key=603979767))
I0720 00:35:39.863956 11213 tablet_service.cc:610] Processing CreateTablet for tablet 601fa55cefbd4c60ba6eb395a3dca80f (table=test-table [id=2a30b8d6c8764cdc9573a60ac5f96269]), partition=range: [(int32 key=536870904), (int32 key=603979767))
I0720 00:35:39.864001 11678 tablet_service.cc:610] Processing CreateTablet for tablet 601fa55cefbd4c60ba6eb395a3dca80f (table=test-table [id=2a30b8d6c8764cdc9573a60ac5f96269]), partition=range: [(int32 key=536870904), (int32 key=603979767))
I0720 00:35:39.864933 11525 ts_tablet_manager.cc:765] Registered tablet 601fa55cefbd4c60ba6eb395a3dca80f
I0720 00:35:39.865092 11213 ts_tablet_manager.cc:765] Registered tablet 601fa55cefbd4c60ba6eb395a3dca80f
I0720 00:35:39.865277 11678 ts_tablet_manager.cc:765] Registered tablet 601fa55cefbd4c60ba6eb395a3dca80f
I0720 00:35:39.865486 11846 ts_tablet_manager.cc:631] T 601fa55cefbd4c60ba6eb395a3dca80f P bcc77f1560a949c6b130d6b3c67653be: Bootstrapping tablet
I0720 00:35:39.865666 11848 ts_tablet_manager.cc:631] T 601fa55cefbd4c60ba6eb395a3dca80f P 3b2a62766e5449f9ae2697a9113d09fb: Bootstrapping tablet
I0720 00:35:39.865862 11846 tablet_bootstrap.cc:400] T 601fa55cefbd4c60ba6eb395a3dca80f P bcc77f1560a949c6b130d6b3c67653be: Bootstrap starting.
I0720 00:35:39.865978 11848 tablet_bootstrap.cc:400] T 601fa55cefbd4c60ba6eb395a3dca80f P 3b2a62766e5449f9ae2697a9113d09fb: Bootstrap starting.
I0720 00:35:39.866626 11846 tablet_bootstrap.cc:563] T 601fa55cefbd4c60ba6eb395a3dca80f P bcc77f1560a949c6b130d6b3c67653be: Time spent opening tablet: real 0.000s user 0.000s sys 0.000s
I0720 00:35:39.866816 11848 tablet_bootstrap.cc:563] T 601fa55cefbd4c60ba6eb395a3dca80f P 3b2a62766e5449f9ae2697a9113d09fb: Time spent opening tablet: real 0.000s user 0.000s sys 0.000s
I0720 00:35:39.866806 11846 tablet_bootstrap.cc:503] T 601fa55cefbd4c60ba6eb395a3dca80f P bcc77f1560a949c6b130d6b3c67653be: No blocks or log segments found. Creating new log.
I0720 00:35:39.866973 11848 tablet_bootstrap.cc:503] T 601fa55cefbd4c60ba6eb395a3dca80f P 3b2a62766e5449f9ae2697a9113d09fb: No blocks or log segments found. Creating new log.
I0720 00:35:39.867604 11847 ts_tablet_manager.cc:631] T 601fa55cefbd4c60ba6eb395a3dca80f P ee4ffccf9eb5471297e208d202495ffe: Bootstrapping tablet
