I0720 00:35:56.215828 13326 maintenance_manager.cc:176] Unregistered op FlushMRSOp(5d2b354e4dab4313ab880bbbc03f1fd2)
I0720 00:35:56.215855 13326 maintenance_manager.cc:176] Unregistered op FlushDeltaMemStoresOp(5d2b354e4dab4313ab880bbbc03f1fd2)
I0720 00:35:56.215878 13326 maintenance_manager.cc:176] Unregistered op LogGCOp(5d2b354e4dab4313ab880bbbc03f1fd2)
I0720 00:35:56.215914 13326 raft_consensus.cc:1495] T 5d2b354e4dab4313ab880bbbc03f1fd2 P ee4ffccf9eb5471297e208d202495ffe [term 2 FOLLOWER]: Raft consensus shutting down.
I0720 00:35:56.215939 12794 tablet_service.cc:651] Processing DeleteTablet for tablet 304f195d847441e5a3daabaa3158a7fa with delete_type TABLET_DATA_DELETED (Partition dropped at 2016-07-20 00:35:56 UTC) from {real_user=slave, eff_user=} at 127.0.0.1:36291
I0720 00:35:56.215986 12794 tablet_peer.cc:214] Initiating TabletPeer shutdown for tablet: 304f195d847441e5a3daabaa3158a7fa
I0720 00:35:56.216011 13326 raft_consensus.cc:1511] T 5d2b354e4dab4313ab880bbbc03f1fd2 P ee4ffccf9eb5471297e208d202495ffe [term 2 FOLLOWER]: Raft consensus is shut down!
I0720 00:35:56.216025 12794 maintenance_manager.cc:176] Unregistered op CompactRowSetsOp(304f195d847441e5a3daabaa3158a7fa)
I0720 00:35:56.216054 12794 maintenance_manager.cc:176] Unregistered op MinorDeltaCompactionOp(304f195d847441e5a3daabaa3158a7fa)
I0720 00:35:56.216068 12794 maintenance_manager.cc:176] Unregistered op MajorDeltaCompactionOp(304f195d847441e5a3daabaa3158a7fa)
I0720 00:35:56.216094 12794 maintenance_manager.cc:176] Unregistered op FlushMRSOp(304f195d847441e5a3daabaa3158a7fa)
I0720 00:35:56.216104 12794 maintenance_manager.cc:176] Unregistered op FlushDeltaMemStoresOp(304f195d847441e5a3daabaa3158a7fa)
I0720 00:35:56.216111 12794 maintenance_manager.cc:176] Unregistered op LogGCOp(304f195d847441e5a3daabaa3158a7fa)
I0720 00:35:56.216133 12794 raft_consensus.cc:1495] T 304f195d847441e5a3daabaa3158a7fa P bcc77f1560a949c6b130d6b3c67653be [term 2 LEADER]: Raft consensus shutting down.
I0720 00:35:56.216156 13325 tablet_service.cc:651] Processing DeleteTablet for tablet 6f1310ae89dc4ea0b984b70b1d6f520f with delete_type TABLET_DATA_DELETED (Partition dropped at 2016-07-20 00:35:56 UTC) from {real_user=slave, eff_user=} at 127.0.0.1:60342
I0720 00:35:56.216204 13325 tablet_peer.cc:214] Initiating TabletPeer shutdown for tablet: 6f1310ae89dc4ea0b984b70b1d6f520f
I0720 00:35:56.216243 13325 maintenance_manager.cc:176] Unregistered op CompactRowSetsOp(6f1310ae89dc4ea0b984b70b1d6f520f)
I0720 00:35:56.216265 12794 consensus_peers.cc:358] T 304f195d847441e5a3daabaa3158a7fa P bcc77f1560a949c6b130d6b3c67653be -> Peer 3b2a62766e5449f9ae2697a9113d09fb (127.42.236.2:60090): Closing peer: 3b2a62766e5449f9ae2697a9113d09fb
I0720 00:35:56.216272 13325 maintenance_manager.cc:176] Unregistered op MinorDeltaCompactionOp(6f1310ae89dc4ea0b984b70b1d6f520f)
I0720 00:35:56.216298 13325 maintenance_manager.cc:176] Unregistered op MajorDeltaCompactionOp(6f1310ae89dc4ea0b984b70b1d6f520f)
I0720 00:35:56.216331 13325 maintenance_manager.cc:176] Unregistered op FlushMRSOp(6f1310ae89dc4ea0b984b70b1d6f520f)
I0720 00:35:56.216354 13325 maintenance_manager.cc:176] Unregistered op FlushDeltaMemStoresOp(6f1310ae89dc4ea0b984b70b1d6f520f)
I0720 00:35:56.216377 13325 maintenance_manager.cc:176] Unregistered op LogGCOp(6f1310ae89dc4ea0b984b70b1d6f520f)
I0720 00:35:56.216404 13325 raft_consensus.cc:1495] T 6f1310ae89dc4ea0b984b70b1d6f520f P ee4ffccf9eb5471297e208d202495ffe [term 2 FOLLOWER]: Raft consensus shutting down.
I0720 00:35:56.216457 13325 raft_consensus.cc:1511] T 6f1310ae89dc4ea0b984b70b1d6f520f P ee4ffccf9eb5471297e208d202495ffe [term 2 FOLLOWER]: Raft consensus is shut down!
I0720 00:35:56.216488 12023 catalog_manager.cc:2796] Sending DeleteTablet for 3 replicas of tablet c1349da600fe445bbe151b00a41a4e3c
I0720 00:35:56.216512 12023 catalog_manager.cc:2812] T 00000000000000000000000000000000 P 1045dd375010469d9a77d8d8f93d4562: Deleting tablet c1349da600fe445bbe151b00a41a4e3c on peer ee4ffccf9eb5471297e208d202495ffe with delete type TABLET_DATA_DELETED (Partition dropped at 2016-07-20 00:35:56 UTC)
I0720 00:35:56.216588 12023 catalog_manager.cc:2812] T 00000000000000000000000000000000 P 1045dd375010469d9a77d8d8f93d4562: Deleting tablet c1349da600fe445bbe151b00a41a4e3c on peer 3b2a62766e5449f9ae2697a9113d09fb with delete type TABLET_DATA_DELETED (Partition dropped at 2016-07-20 00:35:56 UTC)
I0720 00:35:56.216626 13324 tablet_service.cc:651] Processing DeleteTablet for tablet 304f195d847441e5a3daabaa3158a7fa with delete_type TABLET_DATA_DELETED (Partition dropped at 2016-07-20 00:35:56 UTC) from {real_user=slave, eff_user=} at 127.0.0.1:60342
I0720 00:35:56.216631 12794 consensus_peers.cc:358] T 304f195d847441e5a3daabaa3158a7fa P bcc77f1560a949c6b130d6b3c67653be -> Peer ee4ffccf9eb5471297e208d202495ffe (127.42.236.1:57816): Closing peer: ee4ffccf9eb5471297e208d202495ffe
I0720 00:35:56.216670 13324 tablet_peer.cc:214] Initiating TabletPeer shutdown for tablet: 304f195d847441e5a3daabaa3158a7fa
I0720 00:35:56.216708 13324 maintenance_manager.cc:176] Unregistered op CompactRowSetsOp(304f195d847441e5a3daabaa3158a7fa)
I0720 00:35:56.216738 13324 maintenance_manager.cc:176] Unregistered op MinorDeltaCompactionOp(304f195d847441e5a3daabaa3158a7fa)
I0720 00:35:56.216763 13324 maintenance_manager.cc:176] Unregistered op MajorDeltaCompactionOp(304f195d847441e5a3daabaa3158a7fa)
I0720 00:35:56.216830 13324 maintenance_manager.cc:176] Unregistered op FlushMRSOp(304f195d847441e5a3daabaa3158a7fa)
I0720 00:35:56.216856 13324 maintenance_manager.cc:176] Unregistered op FlushDeltaMemStoresOp(304f195d847441e5a3daabaa3158a7fa)
I0720 00:35:56.216867 12794 raft_consensus.cc:1511] T 304f195d847441e5a3daabaa3158a7fa P bcc77f1560a949c6b130d6b3c67653be [term 2 LEADER]: Raft consensus is shut down!
I0720 00:35:56.216878 13324 maintenance_manager.cc:176] Unregistered op LogGCOp(304f195d847441e5a3daabaa3158a7fa)
I0720 00:35:56.216904 13324 raft_consensus.cc:1495] T 304f195d847441e5a3daabaa3158a7fa P ee4ffccf9eb5471297e208d202495ffe [term 2 FOLLOWER]: Raft consensus shutting down.
I0720 00:35:56.216908 13069 tablet_service.cc:651] Processing DeleteTablet for tablet c1349da600fe445bbe151b00a41a4e3c with delete_type TABLET_DATA_DELETED (Partition dropped at 2016-07-20 00:35:56 UTC) from {real_user=slave, eff_user=} at 127.0.0.1:56672
I0720 00:35:56.216944 13324 raft_consensus.cc:1511] T 304f195d847441e5a3daabaa3158a7fa P ee4ffccf9eb5471297e208d202495ffe [term 2 FOLLOWER]: Raft consensus is shut down!
I0720 00:35:56.216950 13069 tablet_peer.cc:214] Initiating TabletPeer shutdown for tablet: c1349da600fe445bbe151b00a41a4e3c
I0720 00:35:56.216972 13069 maintenance_manager.cc:176] Unregistered op CompactRowSetsOp(c1349da600fe445bbe151b00a41a4e3c)
I0720 00:35:56.216986 13069 maintenance_manager.cc:176] Unregistered op MinorDeltaCompactionOp(c1349da600fe445bbe151b00a41a4e3c)
I0720 00:35:56.216995 13069 maintenance_manager.cc:176] Unregistered op MajorDeltaCompactionOp(c1349da600fe445bbe151b00a41a4e3c)
I0720 00:35:56.217006 13069 maintenance_manager.cc:176] Unregistered op FlushMRSOp(c1349da600fe445bbe151b00a41a4e3c)
I0720 00:35:56.217013 13069 maintenance_manager.cc:176] Unregistered op FlushDeltaMemStoresOp(c1349da600fe445bbe151b00a41a4e3c)
I0720 00:35:56.217021 13069 maintenance_manager.cc:176] Unregistered op LogGCOp(c1349da600fe445bbe151b00a41a4e3c)
I0720 00:35:56.217041 13069 raft_consensus.cc:1495] T c1349da600fe445bbe151b00a41a4e3c P 3b2a62766e5449f9ae2697a9113d09fb [term 3 FOLLOWER]: Raft consensus shutting down.
I0720 00:35:56.217067 13069 raft_consensus_state.cc:377] T c1349da600fe445bbe151b00a41a4e3c P 3b2a62766e5449f9ae2697a9113d09fb [term 3 FOLLOWER]: Trying to abort 2 pending transactions.
I0720 00:35:56.217097 13069 raft_consensus_state.cc:382] T c1349da600fe445bbe151b00a41a4e3c P 3b2a62766e5449f9ae2697a9113d09fb [term 3 FOLLOWER]: Aborting transaction as it isn't in flight: id { term: 3 index: 15 } timestamp: 6016921420265656320 op_type: NO_OP noop_request { }
I0720 00:35:56.217118 13069 raft_consensus.cc:1906] T c1349da600fe445bbe151b00a41a4e3c P 3b2a62766e5449f9ae2697a9113d09fb: NO_OP replication failed: Aborted: Transaction aborted
I0720 00:35:56.217200 12023 catalog_manager.cc:2812] T 00000000000000000000000000000000 P 1045dd375010469d9a77d8d8f93d4562: Deleting tablet c1349da600fe445bbe151b00a41a4e3c on peer bcc77f1560a949c6b130d6b3c67653be with delete type TABLET_DATA_DELETED (Partition dropped at 2016-07-20 00:35:56 UTC)
I0720 00:35:56.217208 12789 ts_tablet_manager.cc:960] T 6f1310ae89dc4ea0b984b70b1d6f520f P bcc77f1560a949c6b130d6b3c67653be: Deleting tablet data with delete state TABLET_DATA_DELETED
I0720 00:35:56.217499 12788 tablet_service.cc:651] Processing DeleteTablet for tablet c1349da600fe445bbe151b00a41a4e3c with delete_type TABLET_DATA_DELETED (Partition dropped at 2016-07-20 00:35:56 UTC) from {real_user=slave, eff_user=} at 127.0.0.1:36291
I0720 00:35:56.217551 12788 tablet_peer.cc:214] Initiating TabletPeer shutdown for tablet: c1349da600fe445bbe151b00a41a4e3c
I0720 00:35:56.217571 12788 maintenance_manager.cc:176] Unregistered op CompactRowSetsOp(c1349da600fe445bbe151b00a41a4e3c)
I0720 00:35:56.217584 12788 maintenance_manager.cc:176] Unregistered op MinorDeltaCompactionOp(c1349da600fe445bbe151b00a41a4e3c)
I0720 00:35:56.217592 12788 maintenance_manager.cc:176] Unregistered op MajorDeltaCompactionOp(c1349da600fe445bbe151b00a41a4e3c)
I0720 00:35:56.217607 12788 maintenance_manager.cc:176] Unregistered op FlushMRSOp(c1349da600fe445bbe151b00a41a4e3c)
I0720 00:35:56.217615 12788 maintenance_manager.cc:176] Unregistered op FlushDeltaMemStoresOp(c1349da600fe445bbe151b00a41a4e3c)
I0720 00:35:56.217623 12788 maintenance_manager.cc:176] Unregistered op LogGCOp(c1349da600fe445bbe151b00a41a4e3c)
I0720 00:35:56.217643 12788 raft_consensus.cc:1495] T c1349da600fe445bbe151b00a41a4e3c P bcc77f1560a949c6b130d6b3c67653be [term 3 LEADER]: Raft consensus shutting down.
I0720 00:35:56.218228 12788 consensus_peers.cc:358] T c1349da600fe445bbe151b00a41a4e3c P bcc77f1560a949c6b130d6b3c67653be -> Peer 3b2a62766e5449f9ae2697a9113d09fb (127.42.236.2:60090): Closing peer: 3b2a62766e5449f9ae2697a9113d09fb
I0720 00:35:56.218504 12788 consensus_peers.cc:358] T c1349da600fe445bbe151b00a41a4e3c P bcc77f1560a949c6b130d6b3c67653be -> Peer ee4ffccf9eb5471297e208d202495ffe (127.42.236.1:57816): Closing peer: ee4ffccf9eb5471297e208d202495ffe
I0720 00:35:56.218771 13325 ts_tablet_manager.cc:960] T 6f1310ae89dc4ea0b984b70b1d6f520f P ee4ffccf9eb5471297e208d202495ffe: Deleting tablet data with delete state TABLET_DATA_DELETED
I0720 00:35:56.218894 12788 raft_consensus.cc:1511] T c1349da600fe445bbe151b00a41a4e3c P bcc77f1560a949c6b130d6b3c67653be [term 3 LEADER]: Raft consensus is shut down!
I0720 00:35:56.220209 13323 tablet_service.cc:651] Processing DeleteTablet for tablet c1349da600fe445bbe151b00a41a4e3c with delete_type TABLET_DATA_DELETED (Partition dropped at 2016-07-20 00:35:56 UTC) from {real_user=slave, eff_user=} at 127.0.0.1:60342
I0720 00:35:56.220257 13323 tablet_peer.cc:214] Initiating TabletPeer shutdown for tablet: c1349da600fe445bbe151b00a41a4e3c
I0720 00:35:56.220326 13323 maintenance_manager.cc:176] Unregistered op CompactRowSetsOp(c1349da600fe445bbe151b00a41a4e3c)
I0720 00:35:56.220356 13323 maintenance_manager.cc:176] Unregistered op MinorDeltaCompactionOp(c1349da600fe445bbe151b00a41a4e3c)
I0720 00:35:56.220377 13323 maintenance_manager.cc:176] Unregistered op MajorDeltaCompactionOp(c1349da600fe445bbe151b00a41a4e3c)
I0720 00:35:56.220408 13323 maintenance_manager.cc:176] Unregistered op FlushMRSOp(c1349da600fe445bbe151b00a41a4e3c)
I0720 00:35:56.220419 12794 ts_tablet_manager.cc:960] T 304f195d847441e5a3daabaa3158a7fa P bcc77f1560a949c6b130d6b3c67653be: Deleting tablet data with delete state TABLET_DATA_DELETED
I0720 00:35:56.220429 13323 maintenance_manager.cc:176] Unregistered op FlushDeltaMemStoresOp(c1349da600fe445bbe151b00a41a4e3c)
I0720 00:35:56.220449 13323 maintenance_manager.cc:176] Unregistered op LogGCOp(c1349da600fe445bbe151b00a41a4e3c)
I0720 00:35:56.220474 13323 raft_consensus.cc:1495] T c1349da600fe445bbe151b00a41a4e3c P ee4ffccf9eb5471297e208d202495ffe [term 3 FOLLOWER]: Raft consensus shutting down.
I0720 00:35:56.220530 13323 raft_consensus.cc:1511] T c1349da600fe445bbe151b00a41a4e3c P ee4ffccf9eb5471297e208d202495ffe [term 3 FOLLOWER]: Raft consensus is shut down!
I0720 00:35:56.221066 12788 ts_tablet_manager.cc:960] T c1349da600fe445bbe151b00a41a4e3c P bcc77f1560a949c6b130d6b3c67653be: Deleting tablet data with delete state TABLET_DATA_DELETED
I0720 00:35:56.222360 13323 ts_tablet_manager.cc:960] T c1349da600fe445bbe151b00a41a4e3c P ee4ffccf9eb5471297e208d202495ffe: Deleting tablet data with delete state TABLET_DATA_DELETED
I0720 00:35:56.223266 13324 ts_tablet_manager.cc:960] T 304f195d847441e5a3daabaa3158a7fa P ee4ffccf9eb5471297e208d202495ffe: Deleting tablet data with delete state TABLET_DATA_DELETED
I0720 00:35:56.224171 13068 tablet_service.cc:610] Processing CreateTablet for tablet cc0a6444c53e4ca28f43b8baa8ec5daf (table=test-table [id=2a30b8d6c8764cdc9573a60ac5f96269]), partition=range: [(int32 key=268435452), (int32 key=335544315))
I0720 00:35:56.224597 13321 tablet_service.cc:610] Processing CreateTablet for tablet fb33637e6f9149ae957eece1e0a14736 (table=test-table [id=2a30b8d6c8764cdc9573a60ac5f96269]), partition=range: [(int32 key=1006632945), (int32 key=1073741808))
I0720 00:35:56.225235 13068 ts_tablet_manager.cc:765] Registered tablet cc0a6444c53e4ca28f43b8baa8ec5daf
I0720 00:35:56.225427 13069 raft_consensus_state.cc:382] T c1349da600fe445bbe151b00a41a4e3c P 3b2a62766e5449f9ae2697a9113d09fb [term 3 FOLLOWER]: Aborting transaction as it isn't in flight: id { term: 3 index: 16 } timestamp: 6016921420414517248 op_type: WRITE_OP write_request { tablet_id: "c1349da600fe445bbe151b00a41a4e3c" schema { columns { name: "key" type: INT32 is_key: true is_nullable: false encoding: AUTO_ENCODING compression: DEFAULT_COMPRESSION cfile_block_size: 0 } columns { name: "c394" type: INT32 is_key: false is_nullable: true encoding: AUTO_ENCODING compression: DEFAULT_COMPRESSION cfile_block_size: 0 } } row_operations { rows: "\001\003\000\037h\272!\352 \007\t" } external_consistency_mode: CLIENT_PROPAGATED }
I0720 00:35:56.225471 13326 ts_tablet_manager.cc:960] T 5d2b354e4dab4313ab880bbbc03f1fd2 P ee4ffccf9eb5471297e208d202495ffe: Deleting tablet data with delete state TABLET_DATA_DELETED
I0720 00:35:56.225560 13067 tablet_service.cc:610] Processing CreateTablet for tablet fb33637e6f9149ae957eece1e0a14736 (table=test-table [id=2a30b8d6c8764cdc9573a60ac5f96269]), partition=range: [(int32 key=1006632945), (int32 key=1073741808))
I0720 00:35:56.225731 13321 ts_tablet_manager.cc:765] Registered tablet fb33637e6f9149ae957eece1e0a14736
I0720 00:35:56.226164 13320 tablet_service.cc:610] Processing CreateTablet for tablet d52f7cf5517746b3855ab5de02429c7b (table=test-table [id=2a30b8d6c8764cdc9573a60ac5f96269]), partition=range: [(int32 key=1275068397), (int32 key=1342177260))
I0720 00:35:56.226433 13072 ts_tablet_manager.cc:960] T 5d2b354e4dab4313ab880bbbc03f1fd2 P 3b2a62766e5449f9ae2697a9113d09fb: Deleting tablet data with delete state TABLET_DATA_DELETED
I0720 00:35:56.226516 13067 ts_tablet_manager.cc:765] Registered tablet fb33637e6f9149ae957eece1e0a14736
I0720 00:35:56.226758 13066 tablet_service.cc:610] Processing CreateTablet for tablet d52f7cf5517746b3855ab5de02429c7b (table=test-table [id=2a30b8d6c8764cdc9573a60ac5f96269]), partition=range: [(int32 key=1275068397), (int32 key=1342177260))
I0720 00:35:56.226763 13319 tablet_service.cc:610] Processing CreateTablet for tablet 6a57c26d3a544205a7915b6156b0567f (table=test-table [id=2a30b8d6c8764cdc9573a60ac5f96269]), partition=range: [(int32 key=1677721575), (int32 key=1744830438))
I0720 00:35:56.226783 13071 ts_tablet_manager.cc:960] T 6f1310ae89dc4ea0b984b70b1d6f520f P 3b2a62766e5449f9ae2697a9113d09fb: Deleting tablet data with delete state TABLET_DATA_DELETED
I0720 00:35:56.227610 13322 tablet_service.cc:610] Processing CreateTablet for tablet cc0a6444c53e4ca28f43b8baa8ec5daf (table=test-table [id=2a30b8d6c8764cdc9573a60ac5f96269]), partition=range: [(int32 key=268435452), (int32 key=335544315))
I0720 00:35:56.227773 12787 tablet_service.cc:610] Processing CreateTablet for tablet cc0a6444c53e4ca28f43b8baa8ec5daf (table=test-table [id=2a30b8d6c8764cdc9573a60ac5f96269]), partition=range: [(int32 key=268435452), (int32 key=335544315))
I0720 00:35:56.228132 13066 ts_tablet_manager.cc:765] Registered tablet d52f7cf5517746b3855ab5de02429c7b
I0720 00:35:56.228631 13319 ts_tablet_manager.cc:765] Registered tablet 6a57c26d3a544205a7915b6156b0567f
I0720 00:35:56.228811 12787 ts_tablet_manager.cc:765] Registered tablet cc0a6444c53e4ca28f43b8baa8ec5daf
I0720 00:35:56.229214 12786 tablet_service.cc:610] Processing CreateTablet for tablet fb33637e6f9149ae957eece1e0a14736 (table=test-table [id=2a30b8d6c8764cdc9573a60ac5f96269]), partition=range: [(int32 key=1006632945), (int32 key=1073741808))
I0720 00:35:56.229233 12790 ts_tablet_manager.cc:970] T 5d2b354e4dab4313ab880bbbc03f1fd2 P bcc77f1560a949c6b130d6b3c67653be: Tablet deleted. Last logged OpId: 2.12
I0720 00:35:56.229620 13325 ts_tablet_manager.cc:970] T 6f1310ae89dc4ea0b984b70b1d6f520f P ee4ffccf9eb5471297e208d202495ffe: Tablet deleted. Last logged OpId: 1.4
I0720 00:35:56.230051 13325 tablet_bootstrap.cc:400] T 6f1310ae89dc4ea0b984b70b1d6f520f P ee4ffccf9eb5471297e208d202495ffe: Deleted tablet blocks from disk
I0720 00:35:56.230175 12786 ts_tablet_manager.cc:765] Registered tablet fb33637e6f9149ae957eece1e0a14736
I0720 00:35:56.230454 12785 tablet_service.cc:610] Processing CreateTablet for tablet d52f7cf5517746b3855ab5de02429c7b (table=test-table [id=2a30b8d6c8764cdc9573a60ac5f96269]), partition=range: [(int32 key=1275068397), (int32 key=1342177260))
I0720 00:35:56.230820 12010 catalog_manager.cc:2499] TS ee4ffccf9eb5471297e208d202495ffe: tablet 6f1310ae89dc4ea0b984b70b1d6f520f (table test-table [id=2a30b8d6c8764cdc9573a60ac5f96269]) successfully deleted
I0720 00:35:56.231438 12785 ts_tablet_manager.cc:765] Registered tablet d52f7cf5517746b3855ab5de02429c7b
I0720 00:35:56.231569 13320 ts_tablet_manager.cc:765] Registered tablet d52f7cf5517746b3855ab5de02429c7b
I0720 00:35:56.231803 12790 tablet_bootstrap.cc:400] T 5d2b354e4dab4313ab880bbbc03f1fd2 P bcc77f1560a949c6b130d6b3c67653be: Deleted tablet blocks from disk
I0720 00:35:56.231935 13324 ts_tablet_manager.cc:970] T 304f195d847441e5a3daabaa3158a7fa P ee4ffccf9eb5471297e208d202495ffe: Tablet deleted. Last logged OpId: 2.26
I0720 00:35:56.232115 12784 tablet_service.cc:610] Processing CreateTablet for tablet 6a57c26d3a544205a7915b6156b0567f (table=test-table [id=2a30b8d6c8764cdc9573a60ac5f96269]), partition=range: [(int32 key=1677721575), (int32 key=1744830438))
I0720 00:35:56.232400 13065 tablet_service.cc:610] Processing CreateTablet for tablet 6a57c26d3a544205a7915b6156b0567f (table=test-table [id=2a30b8d6c8764cdc9573a60ac5f96269]), partition=range: [(int32 key=1677721575), (int32 key=1744830438))
I0720 00:35:56.232713 13323 ts_tablet_manager.cc:970] T c1349da600fe445bbe151b00a41a4e3c P ee4ffccf9eb5471297e208d202495ffe: Tablet deleted. Last logged OpId: 3.16
I0720 00:35:56.233244 13324 tablet_bootstrap.cc:400] T 304f195d847441e5a3daabaa3158a7fa P ee4ffccf9eb5471297e208d202495ffe: Deleted tablet blocks from disk
I0720 00:35:56.233280 13323 tablet_bootstrap.cc:400] T c1349da600fe445bbe151b00a41a4e3c P ee4ffccf9eb5471297e208d202495ffe: Deleted tablet blocks from disk
I0720 00:35:56.233441 13065 ts_tablet_manager.cc:765] Registered tablet 6a57c26d3a544205a7915b6156b0567f
I0720 00:35:56.225563 13069 raft_consensus.cc:1511] T c1349da600fe445bbe151b00a41a4e3c P 3b2a62766e5449f9ae2697a9113d09fb [term 3 FOLLOWER]: Raft consensus is shut down!
I0720 00:35:56.233697 12010 catalog_manager.cc:2499] TS ee4ffccf9eb5471297e208d202495ffe: tablet 304f195d847441e5a3daabaa3158a7fa (table test-table [id=2a30b8d6c8764cdc9573a60ac5f96269]) successfully deleted
I0720 00:35:56.233814 12010 catalog_manager.cc:2499] TS ee4ffccf9eb5471297e208d202495ffe: tablet c1349da600fe445bbe151b00a41a4e3c (table test-table [id=2a30b8d6c8764cdc9573a60ac5f96269]) successfully deleted
I0720 00:35:56.230459 12789 ts_tablet_manager.cc:970] T 6f1310ae89dc4ea0b984b70b1d6f520f P bcc77f1560a949c6b130d6b3c67653be: Tablet deleted. Last logged OpId: 2.5
I0720 00:35:56.234560 12789 tablet_bootstrap.cc:400] T 6f1310ae89dc4ea0b984b70b1d6f520f P bcc77f1560a949c6b130d6b3c67653be: Deleted tablet blocks from disk
I0720 00:35:56.234562 13326 ts_tablet_manager.cc:970] T 5d2b354e4dab4313ab880bbbc03f1fd2 P ee4ffccf9eb5471297e208d202495ffe: Tablet deleted. Last logged OpId: 2.12
I0720 00:35:56.235451 13069 ts_tablet_manager.cc:960] T c1349da600fe445bbe151b00a41a4e3c P 3b2a62766e5449f9ae2697a9113d09fb: Deleting tablet data with delete state TABLET_DATA_DELETED
I0720 00:35:56.235862 13070 ts_tablet_manager.cc:960] T 304f195d847441e5a3daabaa3158a7fa P 3b2a62766e5449f9ae2697a9113d09fb: Deleting tablet data with delete state TABLET_DATA_DELETED
I0720 00:35:56.236455 13460 raft_consensus_state.cc:534] T 3941d911c89d427eacd1d70afe9fb986 P 3b2a62766e5449f9ae2697a9113d09fb [term 3 LEADER]: Advanced the committed_index across terms. Last committed operation was: term: 2 index: 10 New committed index is: term: 3 index: 12
I0720 00:35:56.236685 13473 tablet.cc:824] T 3941d911c89d427eacd1d70afe9fb986 Alter schema from Schema [ 10:key[int32 NOT NULL], 27:c394[int32 NULLABLE] ] version 15 to Schema [ 10:key[int32 NOT NULL], 29:c576[int32 NULLABLE] ] version 16
I0720 00:35:56.237010 13326 tablet_bootstrap.cc:400] T 5d2b354e4dab4313ab880bbbc03f1fd2 P ee4ffccf9eb5471297e208d202495ffe: Deleted tablet blocks from disk
I0720 00:35:56.237052 13473 tablet.cc:763] MemRowSet was empty: no flush needed.
I0720 00:35:56.237723 12023 catalog_manager.cc:1856] TS bcc77f1560a949c6b130d6b3c67653be does not have the latest schema for tablet 3941d911c89d427eacd1d70afe9fb986 (table test-table [id=2a30b8d6c8764cdc9573a60ac5f96269]). Expected version 16 got 15
I0720 00:35:56.237939 12784 ts_tablet_manager.cc:765] Registered tablet 6a57c26d3a544205a7915b6156b0567f
I0720 00:35:56.238417 12009 catalog_manager.cc:2499] TS bcc77f1560a949c6b130d6b3c67653be: tablet 5d2b354e4dab4313ab880bbbc03f1fd2 (table test-table [id=2a30b8d6c8764cdc9573a60ac5f96269]) successfully deleted
I0720 00:35:56.238523 12009 catalog_manager.cc:2499] TS bcc77f1560a949c6b130d6b3c67653be: tablet 6f1310ae89dc4ea0b984b70b1d6f520f (table test-table [id=2a30b8d6c8764cdc9573a60ac5f96269]) successfully deleted
I0720 00:35:56.239300 12788 ts_tablet_manager.cc:970] T c1349da600fe445bbe151b00a41a4e3c P bcc77f1560a949c6b130d6b3c67653be: Tablet deleted. Last logged OpId: 3.16
I0720 00:35:56.239472 13497 ts_tablet_manager.cc:631] T cc0a6444c53e4ca28f43b8baa8ec5daf P bcc77f1560a949c6b130d6b3c67653be: Bootstrapping tablet
I0720 00:35:56.240553 13322 ts_tablet_manager.cc:765] Registered tablet cc0a6444c53e4ca28f43b8baa8ec5daf
I0720 00:35:56.241144 12010 catalog_manager.cc:2499] TS ee4ffccf9eb5471297e208d202495ffe: tablet 5d2b354e4dab4313ab880bbbc03f1fd2 (table test-table [id=2a30b8d6c8764cdc9573a60ac5f96269]) successfully deleted
I0720 00:35:56.242630 12021 catalog_manager.cc:1856] TS bcc77f1560a949c6b130d6b3c67653be does not have the latest schema for tablet 3941d911c89d427eacd1d70afe9fb986 (table test-table [id=2a30b8d6c8764cdc9573a60ac5f96269]). Expected version 16 got 15
I0720 00:35:56.243527 12788 tablet_bootstrap.cc:400] T c1349da600fe445bbe151b00a41a4e3c P bcc77f1560a949c6b130d6b3c67653be: Deleted tablet blocks from disk
I0720 00:35:56.244086 12794 ts_tablet_manager.cc:970] T 304f195d847441e5a3daabaa3158a7fa P bcc77f1560a949c6b130d6b3c67653be: Tablet deleted. Last logged OpId: 2.26
I0720 00:35:56.244853 12009 catalog_manager.cc:2499] TS bcc77f1560a949c6b130d6b3c67653be: tablet c1349da600fe445bbe151b00a41a4e3c (table test-table [id=2a30b8d6c8764cdc9573a60ac5f96269]) successfully deleted
I0720 00:35:56.244987 12794 tablet_bootstrap.cc:400] T 304f195d847441e5a3daabaa3158a7fa P bcc77f1560a949c6b130d6b3c67653be: Deleted tablet blocks from disk
I0720 00:35:56.245049 13347 raft_consensus.cc:869] T f6e9db4a1f1644b4a3b1935d19395232 P ee4ffccf9eb5471297e208d202495ffe [term 2 FOLLOWER]: Refusing update from remote peer bcc77f1560a949c6b130d6b3c67653be: Log matching property violated. Preceding OpId in replica: term: 1 index: 11. Preceding OpId from leader: term: 2 index: 13. (index mismatch)
I0720 00:35:56.245468 13475 consensus_queue.cc:578] T f6e9db4a1f1644b4a3b1935d19395232 P bcc77f1560a949c6b130d6b3c67653be [LEADER]: Connected to new peer: Peer: ee4ffccf9eb5471297e208d202495ffe, Is new: false, Last received: 1.11, Next index: 12, Last known committed idx: 11, Last exchange result: ERROR, Needs remote bootstrap: false
I0720 00:35:56.245556 12023 catalog_manager.cc:1856] TS ee4ffccf9eb5471297e208d202495ffe does not have the latest schema for tablet 3941d911c89d427eacd1d70afe9fb986 (table test-table [id=2a30b8d6c8764cdc9573a60ac5f96269]). Expected version 16 got 15
I0720 00:35:56.245965 13497 tablet_bootstrap.cc:400] T cc0a6444c53e4ca28f43b8baa8ec5daf P bcc77f1560a949c6b130d6b3c67653be: Bootstrap starting.
I0720 00:35:56.246058 12009 catalog_manager.cc:2499] TS bcc77f1560a949c6b130d6b3c67653be: tablet 304f195d847441e5a3daabaa3158a7fa (table test-table [id=2a30b8d6c8764cdc9573a60ac5f96269]) successfully deleted
I0720 00:35:56.247545 13497 tablet_bootstrap.cc:563] T cc0a6444c53e4ca28f43b8baa8ec5daf P bcc77f1560a949c6b130d6b3c67653be: Time spent opening tablet: real 0.000s user 0.000s sys 0.000s
I0720 00:35:56.247977 13497 tablet_bootstrap.cc:503] T cc0a6444c53e4ca28f43b8baa8ec5daf P bcc77f1560a949c6b130d6b3c67653be: No blocks or log segments found. Creating new log.
I0720 00:35:56.249337 12023 catalog_manager.cc:1856] TS ee4ffccf9eb5471297e208d202495ffe does not have the latest schema for tablet f6e9db4a1f1644b4a3b1935d19395232 (table test-table [id=2a30b8d6c8764cdc9573a60ac5f96269]). Expected version 16 got 15
I0720 00:35:56.249469 13483 raft_consensus_state.cc:534] T f6e9db4a1f1644b4a3b1935d19395232 P bcc77f1560a949c6b130d6b3c67653be [term 2 LEADER]: Advanced the committed_index across terms. Last committed operation was: term: 1 index: 11 New committed index is: term: 2 index: 13
I0720 00:35:56.249609 13466 tablet.cc:824] T f6e9db4a1f1644b4a3b1935d19395232 Alter schema from Schema [ 10:key[int32 NOT NULL], 27:c394[int32 NULLABLE] ] version 15 to Schema [ 10:key[int32 NOT NULL], 29:c576[int32 NULLABLE] ] version 16
I0720 00:35:56.249920 13466 tablet.cc:763] MemRowSet was empty: no flush needed.
I0720 00:35:56.250072 13467 tablet.cc:824] T 3941d911c89d427eacd1d70afe9fb986 Alter schema from Schema [ 10:key[int32 NOT NULL], 27:c394[int32 NULLABLE] ] version 15 to Schema [ 10:key[int32 NOT NULL], 29:c576[int32 NULLABLE] ] version 16
I0720 00:35:56.250442 13467 tablet.cc:763] MemRowSet was empty: no flush needed.
I0720 00:35:56.250565 13090 raft_consensus.cc:869] T f6e9db4a1f1644b4a3b1935d19395232 P 3b2a62766e5449f9ae2697a9113d09fb [term 2 FOLLOWER]: Refusing update from remote peer bcc77f1560a949c6b130d6b3c67653be: Log matching property violated. Preceding OpId in replica: term: 1 index: 11. Preceding OpId from leader: term: 2 index: 13. (index mismatch)
I0720 00:35:56.250953 13476 consensus_queue.cc:578] T f6e9db4a1f1644b4a3b1935d19395232 P bcc77f1560a949c6b130d6b3c67653be [LEADER]: Connected to new peer: Peer: 3b2a62766e5449f9ae2697a9113d09fb, Is new: false, Last received: 1.11, Next index: 12, Last known committed idx: 11, Last exchange result: ERROR, Needs remote bootstrap: false
I0720 00:35:56.253885 13473 tablet.cc:824] T b1c07315063d4ca2bd5779ba9cb0880e Alter schema from Schema [ 10:key[int32 NOT NULL], 27:c394[int32 NULLABLE] ] version 15 to Schema [ 10:key[int32 NOT NULL], 29:c576[int32 NULLABLE] ] version 16
I0720 00:35:56.254151 13473 tablet.cc:763] MemRowSet was empty: no flush needed.
I0720 00:35:56.256451 13467 tablet.cc:824] T b1c07315063d4ca2bd5779ba9cb0880e Alter schema from Schema [ 10:key[int32 NOT NULL], 27:c394[int32 NULLABLE] ] version 15 to Schema [ 10:key[int32 NOT NULL], 29:c576[int32 NULLABLE] ] version 16
I0720 00:35:56.256721 13467 tablet.cc:763] MemRowSet was empty: no flush needed.
I0720 00:35:56.258380 13494 ts_tablet_manager.cc:631] T cc0a6444c53e4ca28f43b8baa8ec5daf P 3b2a62766e5449f9ae2697a9113d09fb: Bootstrapping tablet
I0720 00:35:56.258397 12023 catalog_manager.cc:1856] TS ee4ffccf9eb5471297e208d202495ffe does not have the latest schema for tablet 3941d911c89d427eacd1d70afe9fb986 (table test-table [id=2a30b8d6c8764cdc9573a60ac5f96269]). Expected version 16 got 15
I0720 00:35:56.258684 13494 tablet_bootstrap.cc:400] T cc0a6444c53e4ca28f43b8baa8ec5daf P 3b2a62766e5449f9ae2697a9113d09fb: Bootstrap starting.
I0720 00:35:56.259380 13467 tablet.cc:824] T f6e9db4a1f1644b4a3b1935d19395232 Alter schema from Schema [ 10:key[int32 NOT NULL], 27:c394[int32 NULLABLE] ] version 15 to Schema [ 10:key[int32 NOT NULL], 29:c576[int32 NULLABLE] ] version 16
I0720 00:35:56.259686 13466 tablet.cc:824] T b1c07315063d4ca2bd5779ba9cb0880e Alter schema from Schema [ 10:key[int32 NOT NULL], 27:c394[int32 NULLABLE] ] version 15 to Schema [ 10:key[int32 NOT NULL], 29:c576[int32 NULLABLE] ] version 16
I0720 00:35:56.259742 13467 tablet.cc:763] MemRowSet was empty: no flush needed.
I0720 00:35:56.259982 13466 tablet.cc:763] MemRowSet was empty: no flush needed.
I0720 00:35:56.261354 13466 tablet.cc:824] T 3941d911c89d427eacd1d70afe9fb986 Alter schema from Schema [ 10:key[int32 NOT NULL], 27:c394[int32 NULLABLE] ] version 15 to Schema [ 10:key[int32 NOT NULL], 29:c576[int32 NULLABLE] ] version 16
I0720 00:35:56.261694 13466 tablet.cc:763] MemRowSet was empty: no flush needed.
I0720 00:35:56.265563 13473 tablet.cc:824] T fb14d4878a6441df8d5ab1d6802492fb Alter schema from Schema [ 10:key[int32 NOT NULL], 27:c394[int32 NULLABLE] ] version 15 to Schema [ 10:key[int32 NOT NULL], 29:c576[int32 NULLABLE] ] version 16
I0720 00:35:56.265794 13473 tablet.cc:763] MemRowSet was empty: no flush needed.
I0720 00:35:56.267231 12022 catalog_manager.cc:1856] TS 3b2a62766e5449f9ae2697a9113d09fb does not have the latest schema for tablet f6e9db4a1f1644b4a3b1935d19395232 (table test-table [id=2a30b8d6c8764cdc9573a60ac5f96269]). Expected version 16 got 15
I0720 00:35:56.268705 13466 tablet.cc:824] T fb14d4878a6441df8d5ab1d6802492fb Alter schema from Schema [ 10:key[int32 NOT NULL], 27:c394[int32 NULLABLE] ] version 15 to Schema [ 10:key[int32 NOT NULL], 29:c576[int32 NULLABLE] ] version 16
I0720 00:35:56.269022 13466 tablet.cc:763] MemRowSet was empty: no flush needed.
I0720 00:35:56.276729 13494 tablet_bootstrap.cc:563] T cc0a6444c53e4ca28f43b8baa8ec5daf P 3b2a62766e5449f9ae2697a9113d09fb: Time spent opening tablet: real 0.017s user 0.000s sys 0.000s
I0720 00:35:56.276882 13494 tablet_bootstrap.cc:503] T cc0a6444c53e4ca28f43b8baa8ec5daf P 3b2a62766e5449f9ae2697a9113d09fb: No blocks or log segments found. Creating new log.
I0720 00:35:56.279968 13473 tablet.cc:824] T f6e9db4a1f1644b4a3b1935d19395232 Alter schema from Schema [ 10:key[int32 NOT NULL], 27:c394[int32 NULLABLE] ] version 15 to Schema [ 10:key[int32 NOT NULL], 29:c576[int32 NULLABLE] ] version 16
I0720 00:35:56.280300 13473 tablet.cc:763] MemRowSet was empty: no flush needed.
I0720 00:35:56.282124 13072 ts_tablet_manager.cc:970] T 5d2b354e4dab4313ab880bbbc03f1fd2 P 3b2a62766e5449f9ae2697a9113d09fb: Tablet deleted. Last logged OpId: 2.12
I0720 00:35:56.282516 13072 tablet_bootstrap.cc:400] T 5d2b354e4dab4313ab880bbbc03f1fd2 P 3b2a62766e5449f9ae2697a9113d09fb: Deleted tablet blocks from disk
I0720 00:35:56.283560 13071 ts_tablet_manager.cc:970] T 6f1310ae89dc4ea0b984b70b1d6f520f P 3b2a62766e5449f9ae2697a9113d09fb: Tablet deleted. Last logged OpId: 1.4
I0720 00:35:56.284402 13071 tablet_bootstrap.cc:400] T 6f1310ae89dc4ea0b984b70b1d6f520f P 3b2a62766e5449f9ae2697a9113d09fb: Deleted tablet blocks from disk
I0720 00:35:56.285312 13069 ts_tablet_manager.cc:970] T c1349da600fe445bbe151b00a41a4e3c P 3b2a62766e5449f9ae2697a9113d09fb: Tablet deleted. Last logged OpId: 3.16
I0720 00:35:56.285722 13069 tablet_bootstrap.cc:400] T c1349da600fe445bbe151b00a41a4e3c P 3b2a62766e5449f9ae2697a9113d09fb: Deleted tablet blocks from disk
I0720 00:35:56.285750 12008 catalog_manager.cc:2499] TS 3b2a62766e5449f9ae2697a9113d09fb: tablet 5d2b354e4dab4313ab880bbbc03f1fd2 (table test-table [id=2a30b8d6c8764cdc9573a60ac5f96269]) successfully deleted
I0720 00:35:56.285841 12008 catalog_manager.cc:2499] TS 3b2a62766e5449f9ae2697a9113d09fb: tablet 6f1310ae89dc4ea0b984b70b1d6f520f (table test-table [id=2a30b8d6c8764cdc9573a60ac5f96269]) successfully deleted
I0720 00:35:56.286154 12008 catalog_manager.cc:2499] TS 3b2a62766e5449f9ae2697a9113d09fb: tablet c1349da600fe445bbe151b00a41a4e3c (table test-table [id=2a30b8d6c8764cdc9573a60ac5f96269]) successfully deleted
I0720 00:35:56.287052 13070 ts_tablet_manager.cc:970] T 304f195d847441e5a3daabaa3158a7fa P 3b2a62766e5449f9ae2697a9113d09fb: Tablet deleted. Last logged OpId: 2.26
I0720 00:35:56.287575 13070 tablet_bootstrap.cc:400] T 304f195d847441e5a3daabaa3158a7fa P 3b2a62766e5449f9ae2697a9113d09fb: Deleted tablet blocks from disk
I0720 00:35:56.287981 12008 catalog_manager.cc:2499] TS 3b2a62766e5449f9ae2697a9113d09fb: tablet 304f195d847441e5a3daabaa3158a7fa (table test-table [id=2a30b8d6c8764cdc9573a60ac5f96269]) successfully deleted
I0720 00:35:56.288039 13497 tablet_bootstrap.cc:400] T cc0a6444c53e4ca28f43b8baa8ec5daf P bcc77f1560a949c6b130d6b3c67653be: No bootstrap required, opened a new log
I0720 00:35:56.288100 13497 ts_tablet_manager.cc:636] T cc0a6444c53e4ca28f43b8baa8ec5daf P bcc77f1560a949c6b130d6b3c67653be: Time spent bootstrapping tablet: real 0.048s user 0.000s sys 0.000s
I0720 00:35:56.289280 13495 ts_tablet_manager.cc:631] T fb33637e6f9149ae957eece1e0a14736 P ee4ffccf9eb5471297e208d202495ffe: Bootstrapping tablet
I0720 00:35:56.289580 13495 tablet_bootstrap.cc:400] T fb33637e6f9149ae957eece1e0a14736 P ee4ffccf9eb5471297e208d202495ffe: Bootstrap starting.
I0720 00:35:56.289840 13467 tablet.cc:824] T fb14d4878a6441df8d5ab1d6802492fb Alter schema from Schema [ 10:key[int32 NOT NULL], 27:c394[int32 NULLABLE] ] version 15 to Schema [ 10:key[int32 NOT NULL], 29:c576[int32 NULLABLE] ] version 16
I0720 00:35:56.290145 13467 tablet.cc:763] MemRowSet was empty: no flush needed.
I0720 00:35:56.290251 13495 tablet_bootstrap.cc:563] T fb33637e6f9149ae957eece1e0a14736 P ee4ffccf9eb5471297e208d202495ffe: Time spent opening tablet: real 0.000s user 0.000s sys 0.000s
I0720 00:35:56.290395 13495 tablet_bootstrap.cc:503] T fb33637e6f9149ae957eece1e0a14736 P ee4ffccf9eb5471297e208d202495ffe: No blocks or log segments found. Creating new log.
I0720 00:35:56.291120 13494 tablet_bootstrap.cc:400] T cc0a6444c53e4ca28f43b8baa8ec5daf P 3b2a62766e5449f9ae2697a9113d09fb: No bootstrap required, opened a new log
I0720 00:35:56.291183 13494 ts_tablet_manager.cc:636] T cc0a6444c53e4ca28f43b8baa8ec5daf P 3b2a62766e5449f9ae2697a9113d09fb: Time spent bootstrapping tablet: real 0.033s user 0.000s sys 0.000s
I0720 00:35:56.292862 13494 raft_consensus.cc:269] T cc0a6444c53e4ca28f43b8baa8ec5daf P 3b2a62766e5449f9ae2697a9113d09fb [term 0 FOLLOWER]: Replica starting. Triggering 0 pending transactions. Active config: opid_index: -1 peers { permanent_uuid: "3b2a62766e5449f9ae2697a9113d09fb" member_type: VOTER last_known_addr { host: "127.42.236.2" port: 60090 } } peers { permanent_uuid: "ee4ffccf9eb5471297e208d202495ffe" member_type: VOTER last_known_addr { host: "127.42.236.1" port: 57816 } } peers { permanent_uuid: "bcc77f1560a949c6b130d6b3c67653be" member_type: VOTER last_known_addr { host: "127.42.236.0" port: 42768 } }
I0720 00:35:56.292917 13494 raft_consensus.cc:301] T cc0a6444c53e4ca28f43b8baa8ec5daf P 3b2a62766e5449f9ae2697a9113d09fb [term 0 FOLLOWER]: Consensus starting up: Expiring failure detector timer to make a prompt election more likely
I0720 00:35:56.293244 13494 raft_consensus.cc:499] T cc0a6444c53e4ca28f43b8baa8ec5daf P 3b2a62766e5449f9ae2697a9113d09fb [term 0 FOLLOWER]: Becoming Follower/Learner. State: Replica: 3b2a62766e5449f9ae2697a9113d09fb, State: 1, Role: FOLLOWER Watermarks: {Received: term: 0 index: 0 Committed: term: 0 index: 0}
I0720 00:35:56.293326 13494 consensus_queue.cc:162] T cc0a6444c53e4ca28f43b8baa8ec5daf P 3b2a62766e5449f9ae2697a9113d09fb [NON_LEADER]: Queue going to NON_LEADER mode. State: All replicated op: 0.0, Majority replicated op: 0.0, Committed index: 0.0, Last appended: 0.0, Current term: 0, Majority size: -1, State: 1, Mode: NON_LEADER
I0720 00:35:56.294260 13494 ts_tablet_manager.cc:663] T cc0a6444c53e4ca28f43b8baa8ec5daf P 3b2a62766e5449f9ae2697a9113d09fb: Time spent starting tablet: real 0.003s user 0.004s sys 0.000s
I0720 00:35:56.294353 13494 ts_tablet_manager.cc:631] T fb33637e6f9149ae957eece1e0a14736 P 3b2a62766e5449f9ae2697a9113d09fb: Bootstrapping tablet
I0720 00:35:56.294929 12022 catalog_manager.cc:1856] TS 3b2a62766e5449f9ae2697a9113d09fb does not have the latest schema for tablet cc0a6444c53e4ca28f43b8baa8ec5daf (table test-table [id=2a30b8d6c8764cdc9573a60ac5f96269]). Expected version 16 got 0
I0720 00:35:56.294929 13494 tablet_bootstrap.cc:400] T fb33637e6f9149ae957eece1e0a14736 P 3b2a62766e5449f9ae2697a9113d09fb: Bootstrap starting.
I0720 00:35:56.295694 13497 raft_consensus.cc:269] T cc0a6444c53e4ca28f43b8baa8ec5daf P bcc77f1560a949c6b130d6b3c67653be [term 0 FOLLOWER]: Replica starting. Triggering 0 pending transactions. Active config: opid_index: -1 peers { permanent_uuid: "3b2a62766e5449f9ae2697a9113d09fb" member_type: VOTER last_known_addr { host: "127.42.236.2" port: 60090 } } peers { permanent_uuid: "ee4ffccf9eb5471297e208d202495ffe" member_type: VOTER last_known_addr { host: "127.42.236.1" port: 57816 } } peers { permanent_uuid: "bcc77f1560a949c6b130d6b3c67653be" member_type: VOTER last_known_addr { host: "127.42.236.0" port: 42768 } }
I0720 00:35:56.295754 13497 raft_consensus.cc:301] T cc0a6444c53e4ca28f43b8baa8ec5daf P bcc77f1560a949c6b130d6b3c67653be [term 0 FOLLOWER]: Consensus starting up: Expiring failure detector timer to make a prompt election more likely
I0720 00:35:56.295788 13497 raft_consensus.cc:499] T cc0a6444c53e4ca28f43b8baa8ec5daf P bcc77f1560a949c6b130d6b3c67653be [term 0 FOLLOWER]: Becoming Follower/Learner. State: Replica: bcc77f1560a949c6b130d6b3c67653be, State: 1, Role: FOLLOWER Watermarks: {Received: term: 0 index: 0 Committed: term: 0 index: 0}
I0720 00:35:56.295851 13497 consensus_queue.cc:162] T cc0a6444c53e4ca28f43b8baa8ec5daf P bcc77f1560a949c6b130d6b3c67653be [NON_LEADER]: Queue going to NON_LEADER mode. State: All replicated op: 0.0, Majority replicated op: 0.0, Committed index: 0.0, Last appended: 0.0, Current term: 0, Majority size: -1, State: 1, Mode: NON_LEADER
I0720 00:35:56.296290 13494 tablet_bootstrap.cc:563] T fb33637e6f9149ae957eece1e0a14736 P 3b2a62766e5449f9ae2697a9113d09fb: Time spent opening tablet: real 0.000s user 0.000s sys 0.000s
I0720 00:35:56.296478 13494 tablet_bootstrap.cc:503] T fb33637e6f9149ae957eece1e0a14736 P 3b2a62766e5449f9ae2697a9113d09fb: No blocks or log segments found. Creating new log.
W0720 00:35:56.297179 12022 catalog_manager.cc:2160] Unable to reset TS proxy: Not found: No leader found: Tablet cc0a6444c53e4ca28f43b8baa8ec5daf consensus state has no leader
W0720 00:35:56.297220 12022 catalog_manager.cc:2770] Failed to send alter table request: Not found: Failed to reset TS proxy: No leader found: Tablet cc0a6444c53e4ca28f43b8baa8ec5daf consensus state has no leader
I0720 00:35:56.298331 12022 catalog_manager.cc:1856] TS 3b2a62766e5449f9ae2697a9113d09fb does not have the latest schema for tablet cc0a6444c53e4ca28f43b8baa8ec5daf (table test-table [id=2a30b8d6c8764cdc9573a60ac5f96269]). Expected version 16 got 0
I0720 00:35:56.298645 13494 tablet_bootstrap.cc:400] T fb33637e6f9149ae957eece1e0a14736 P 3b2a62766e5449f9ae2697a9113d09fb: No bootstrap required, opened a new log
I0720 00:35:56.298717 13494 ts_tablet_manager.cc:636] T fb33637e6f9149ae957eece1e0a14736 P 3b2a62766e5449f9ae2697a9113d09fb: Time spent bootstrapping tablet: real 0.004s user 0.000s sys 0.000s
W0720 00:35:56.300217 12022 catalog_manager.cc:2160] Unable to reset TS proxy: Not found: No leader found: Tablet cc0a6444c53e4ca28f43b8baa8ec5daf consensus state has no leader
W0720 00:35:56.300256 12022 catalog_manager.cc:2770] Failed to send alter table request: Not found: Failed to reset TS proxy: No leader found: Tablet cc0a6444c53e4ca28f43b8baa8ec5daf consensus state has no leader
I0720 00:35:56.300925 13494 raft_consensus.cc:269] T fb33637e6f9149ae957eece1e0a14736 P 3b2a62766e5449f9ae2697a9113d09fb [term 0 FOLLOWER]: Replica starting. Triggering 0 pending transactions. Active config: opid_index: -1 peers { permanent_uuid: "3b2a62766e5449f9ae2697a9113d09fb" member_type: VOTER last_known_addr { host: "127.42.236.2" port: 60090 } } peers { permanent_uuid: "ee4ffccf9eb5471297e208d202495ffe" member_type: VOTER last_known_addr { host: "127.42.236.1" port: 57816 } } peers { permanent_uuid: "bcc77f1560a949c6b130d6b3c67653be" member_type: VOTER last_known_addr { host: "127.42.236.0" port: 42768 } }
I0720 00:35:56.300982 13494 raft_consensus.cc:301] T fb33637e6f9149ae957eece1e0a14736 P 3b2a62766e5449f9ae2697a9113d09fb [term 0 FOLLOWER]: Consensus starting up: Expiring failure detector timer to make a prompt election more likely
I0720 00:35:56.301015 13494 raft_consensus.cc:499] T fb33637e6f9149ae957eece1e0a14736 P 3b2a62766e5449f9ae2697a9113d09fb [term 0 FOLLOWER]: Becoming Follower/Learner. State: Replica: 3b2a62766e5449f9ae2697a9113d09fb, State: 1, Role: FOLLOWER Watermarks: {Received: term: 0 index: 0 Committed: term: 0 index: 0}
I0720 00:35:56.301060 13494 consensus_queue.cc:162] T fb33637e6f9149ae957eece1e0a14736 P 3b2a62766e5449f9ae2697a9113d09fb [NON_LEADER]: Queue going to NON_LEADER mode. State: All replicated op: 0.0, Majority replicated op: 0.0, Committed index: 0.0, Last appended: 0.0, Current term: 0, Majority size: -1, State: 1, Mode: NON_LEADER
I0720 00:35:56.301648 13494 ts_tablet_manager.cc:663] T fb33637e6f9149ae957eece1e0a14736 P 3b2a62766e5449f9ae2697a9113d09fb: Time spent starting tablet: real 0.003s user 0.000s sys 0.000s
I0720 00:35:56.301956 13494 ts_tablet_manager.cc:631] T d52f7cf5517746b3855ab5de02429c7b P 3b2a62766e5449f9ae2697a9113d09fb: Bootstrapping tablet
I0720 00:35:56.302233 13494 tablet_bootstrap.cc:400] T d52f7cf5517746b3855ab5de02429c7b P 3b2a62766e5449f9ae2697a9113d09fb: Bootstrap starting.
I0720 00:35:56.302322 12022 catalog_manager.cc:1856] TS 3b2a62766e5449f9ae2697a9113d09fb does not have the latest schema for tablet fb33637e6f9149ae957eece1e0a14736 (table test-table [id=2a30b8d6c8764cdc9573a60ac5f96269]). Expected version 16 got 0
I0720 00:35:56.303267 13494 tablet_bootstrap.cc:563] T d52f7cf5517746b3855ab5de02429c7b P 3b2a62766e5449f9ae2697a9113d09fb: Time spent opening tablet: real 0.000s user 0.000s sys 0.000s
I0720 00:35:56.303431 13494 tablet_bootstrap.cc:503] T d52f7cf5517746b3855ab5de02429c7b P 3b2a62766e5449f9ae2697a9113d09fb: No blocks or log segments found. Creating new log.
I0720 00:35:56.303649 13495 tablet_bootstrap.cc:400] T fb33637e6f9149ae957eece1e0a14736 P ee4ffccf9eb5471297e208d202495ffe: No bootstrap required, opened a new log
I0720 00:35:56.303719 13495 ts_tablet_manager.cc:636] T fb33637e6f9149ae957eece1e0a14736 P ee4ffccf9eb5471297e208d202495ffe: Time spent bootstrapping tablet: real 0.014s user 0.000s sys 0.000s
W0720 00:35:56.304486 12022 catalog_manager.cc:2160] Unable to reset TS proxy: Not found: No leader found: Tablet fb33637e6f9149ae957eece1e0a14736 consensus state has no leader
W0720 00:35:56.304517 12022 catalog_manager.cc:2770] Failed to send alter table request: Not found: Failed to reset TS proxy: No leader found: Tablet fb33637e6f9149ae957eece1e0a14736 consensus state has no leader
I0720 00:35:56.304975 13497 ts_tablet_manager.cc:663] T cc0a6444c53e4ca28f43b8baa8ec5daf P bcc77f1560a949c6b130d6b3c67653be: Time spent starting tablet: real 0.017s user 0.004s sys 0.000s
I0720 00:35:56.305079 13497 ts_tablet_manager.cc:631] T fb33637e6f9149ae957eece1e0a14736 P bcc77f1560a949c6b130d6b3c67653be: Bootstrapping tablet
I0720 00:35:56.305346 13497 tablet_bootstrap.cc:400] T fb33637e6f9149ae957eece1e0a14736 P bcc77f1560a949c6b130d6b3c67653be: Bootstrap starting.
I0720 00:35:56.306308 13497 tablet_bootstrap.cc:563] T fb33637e6f9149ae957eece1e0a14736 P bcc77f1560a949c6b130d6b3c67653be: Time spent opening tablet: real 0.000s user 0.000s sys 0.000s
I0720 00:35:56.306458 13497 tablet_bootstrap.cc:503] T fb33637e6f9149ae957eece1e0a14736 P bcc77f1560a949c6b130d6b3c67653be: No blocks or log segments found. Creating new log.
I0720 00:35:56.307565 12022 catalog_manager.cc:1856] TS bcc77f1560a949c6b130d6b3c67653be does not have the latest schema for tablet cc0a6444c53e4ca28f43b8baa8ec5daf (table test-table [id=2a30b8d6c8764cdc9573a60ac5f96269]). Expected version 16 got 0
W0720 00:35:56.309334 12022 catalog_manager.cc:2160] Unable to reset TS proxy: Not found: No leader found: Tablet cc0a6444c53e4ca28f43b8baa8ec5daf consensus state has no leader
W0720 00:35:56.309373 12022 catalog_manager.cc:2770] Failed to send alter table request: Not found: Failed to reset TS proxy: No leader found: Tablet cc0a6444c53e4ca28f43b8baa8ec5daf consensus state has no leader
I0720 00:35:56.310416 12022 catalog_manager.cc:1856] TS bcc77f1560a949c6b130d6b3c67653be does not have the latest schema for tablet cc0a6444c53e4ca28f43b8baa8ec5daf (table test-table [id=2a30b8d6c8764cdc9573a60ac5f96269]). Expected version 16 got 0
I0720 00:35:56.311674 13495 raft_consensus.cc:269] T fb33637e6f9149ae957eece1e0a14736 P ee4ffccf9eb5471297e208d202495ffe [term 0 FOLLOWER]: Replica starting. Triggering 0 pending transactions. Active config: opid_index: -1 peers { permanent_uuid: "3b2a62766e5449f9ae2697a9113d09fb" member_type: VOTER last_known_addr { host: "127.42.236.2" port: 60090 } } peers { permanent_uuid: "ee4ffccf9eb5471297e208d202495ffe" member_type: VOTER last_known_addr { host: "127.42.236.1" port: 57816 } } peers { permanent_uuid: "bcc77f1560a949c6b130d6b3c67653be" member_type: VOTER last_known_addr { host: "127.42.236.0" port: 42768 } }
I0720 00:35:56.311717 13495 raft_consensus.cc:301] T fb33637e6f9149ae957eece1e0a14736 P ee4ffccf9eb5471297e208d202495ffe [term 0 FOLLOWER]: Consensus starting up: Expiring failure detector timer to make a prompt election more likely
I0720 00:35:56.311739 13495 raft_consensus.cc:499] T fb33637e6f9149ae957eece1e0a14736 P ee4ffccf9eb5471297e208d202495ffe [term 0 FOLLOWER]: Becoming Follower/Learner. State: Replica: ee4ffccf9eb5471297e208d202495ffe, State: 1, Role: FOLLOWER Watermarks: {Received: term: 0 index: 0 Committed: term: 0 index: 0}
I0720 00:35:56.311765 13495 consensus_queue.cc:162] T fb33637e6f9149ae957eece1e0a14736 P ee4ffccf9eb5471297e208d202495ffe [NON_LEADER]: Queue going to NON_LEADER mode. State: All replicated op: 0.0, Majority replicated op: 0.0, Committed index: 0.0, Last appended: 0.0, Current term: 0, Majority size: -1, State: 1, Mode: NON_LEADER
I0720 00:35:56.311877 13494 tablet_bootstrap.cc:400] T d52f7cf5517746b3855ab5de02429c7b P 3b2a62766e5449f9ae2697a9113d09fb: No bootstrap required, opened a new log
I0720 00:35:56.311925 13494 ts_tablet_manager.cc:636] T d52f7cf5517746b3855ab5de02429c7b P 3b2a62766e5449f9ae2697a9113d09fb: Time spent bootstrapping tablet: real 0.010s user 0.000s sys 0.000s
W0720 00:35:56.312427 12022 catalog_manager.cc:2160] Unable to reset TS proxy: Not found: No leader found: Tablet cc0a6444c53e4ca28f43b8baa8ec5daf consensus state has no leader
W0720 00:35:56.312459 12022 catalog_manager.cc:2770] Failed to send alter table request: Not found: Failed to reset TS proxy: No leader found: Tablet cc0a6444c53e4ca28f43b8baa8ec5daf consensus state has no leader
I0720 00:35:56.313320 13495 ts_tablet_manager.cc:663] T fb33637e6f9149ae957eece1e0a14736 P ee4ffccf9eb5471297e208d202495ffe: Time spent starting tablet: real 0.010s user 0.000s sys 0.004s
I0720 00:35:56.313428 13495 ts_tablet_manager.cc:631] T 6a57c26d3a544205a7915b6156b0567f P ee4ffccf9eb5471297e208d202495ffe: Bootstrapping tablet
I0720 00:35:56.313647 13495 tablet_bootstrap.cc:400] T 6a57c26d3a544205a7915b6156b0567f P ee4ffccf9eb5471297e208d202495ffe: Bootstrap starting.
I0720 00:35:56.313942 12022 catalog_manager.cc:1856] TS ee4ffccf9eb5471297e208d202495ffe does not have the latest schema for tablet fb33637e6f9149ae957eece1e0a14736 (table test-table [id=2a30b8d6c8764cdc9573a60ac5f96269]). Expected version 16 got 0
I0720 00:35:56.314191 13495 tablet_bootstrap.cc:563] T 6a57c26d3a544205a7915b6156b0567f P ee4ffccf9eb5471297e208d202495ffe: Time spent opening tablet: real 0.000s user 0.000s sys 0.000s
I0720 00:35:56.314352 13495 tablet_bootstrap.cc:503] T 6a57c26d3a544205a7915b6156b0567f P ee4ffccf9eb5471297e208d202495ffe: No blocks or log segments found. Creating new log.
I0720 00:35:56.314852 13494 raft_consensus.cc:269] T d52f7cf5517746b3855ab5de02429c7b P 3b2a62766e5449f9ae2697a9113d09fb [term 0 FOLLOWER]: Replica starting. Triggering 0 pending transactions. Active config: opid_index: -1 peers { permanent_uuid: "ee4ffccf9eb5471297e208d202495ffe" member_type: VOTER last_known_addr { host: "127.42.236.1" port: 57816 } } peers { permanent_uuid: "3b2a62766e5449f9ae2697a9113d09fb" member_type: VOTER last_known_addr { host: "127.42.236.2" port: 60090 } } peers { permanent_uuid: "bcc77f1560a949c6b130d6b3c67653be" member_type: VOTER last_known_addr { host: "127.42.236.0" port: 42768 } }
I0720 00:35:56.314908 13494 raft_consensus.cc:301] T d52f7cf5517746b3855ab5de02429c7b P 3b2a62766e5449f9ae2697a9113d09fb [term 0 FOLLOWER]: Consensus starting up: Expiring failure detector timer to make a prompt election more likely
