I0720 00:35:55.981798 13441 raft_consensus.cc:464] T 5d2b354e4dab4313ab880bbbc03f1fd2 P 3b2a62766e5449f9ae2697a9113d09fb [term 2 LEADER]: Becoming Leader. State: Replica: 3b2a62766e5449f9ae2697a9113d09fb, State: 1, Role: LEADER Watermarks: {Received: term: 1 index: 8 Committed: term: 1 index: 8}
I0720 00:35:55.981959 13441 consensus_queue.cc:145] T 5d2b354e4dab4313ab880bbbc03f1fd2 P 3b2a62766e5449f9ae2697a9113d09fb [LEADER]: Queue going to LEADER mode. State: All replicated op: 1.8, Majority replicated op: 1.8, Committed index: 1.8, Last appended: 1.8, Current term: 2, Majority size: 2, State: 1, Mode: LEADER, active raft config: opid_index: -1 peers { permanent_uuid: "ee4ffccf9eb5471297e208d202495ffe" member_type: VOTER last_known_addr { host: "127.42.236.1" port: 57816 } } peers { permanent_uuid: "3b2a62766e5449f9ae2697a9113d09fb" member_type: VOTER last_known_addr { host: "127.42.236.2" port: 60090 } } peers { permanent_uuid: "bcc77f1560a949c6b130d6b3c67653be" member_type: VOTER last_known_addr { host: "127.42.236.0" port: 42768 } }
W0720 00:35:55.983428 13445 raft_consensus_state.cc:541] T 5d2b354e4dab4313ab880bbbc03f1fd2 P 3b2a62766e5449f9ae2697a9113d09fb [term 2 LEADER]: Can't advance the committed index across term boundaries until operations from the current term are replicated. Last committed operation was: term: 1 index: 8, New majority replicated is: term: 1 index: 8, Current term is: 2
I0720 00:35:55.983652 12023 catalog_manager.cc:1957] Tablet: 5d2b354e4dab4313ab880bbbc03f1fd2 reported consensus state change. New consensus state: current_term: 2 leader_uuid: "3b2a62766e5449f9ae2697a9113d09fb" config { opid_index: -1 peers { permanent_uuid: "ee4ffccf9eb5471297e208d202495ffe" member_type: VOTER last_known_addr { host: "127.42.236.1" port: 57816 } } peers { permanent_uuid: "3b2a62766e5449f9ae2697a9113d09fb" member_type: VOTER last_known_addr { host: "127.42.236.2" port: 60090 } } peers { permanent_uuid: "bcc77f1560a949c6b130d6b3c67653be" member_type: VOTER last_known_addr { host: "127.42.236.0" port: 42768 } } }
I0720 00:35:56.114606 12886 raft_consensus.cc:366] T c1349da600fe445bbe151b00a41a4e3c P bcc77f1560a949c6b130d6b3c67653be [term 2 FOLLOWER]: Failure of leader ee4ffccf9eb5471297e208d202495ffe detected. Triggering leader election
I0720 00:35:56.114647 12886 raft_consensus.cc:2019] T c1349da600fe445bbe151b00a41a4e3c P bcc77f1560a949c6b130d6b3c67653be [term 2 FOLLOWER]: Advancing to term 3
I0720 00:35:56.115375 12886 raft_consensus.cc:1970] T c1349da600fe445bbe151b00a41a4e3c P bcc77f1560a949c6b130d6b3c67653be [term 3 FOLLOWER]: Snoozing failure detection for election timeout plus an additional 1.645s
I0720 00:35:56.115531 12886 raft_consensus.cc:386] T c1349da600fe445bbe151b00a41a4e3c P bcc77f1560a949c6b130d6b3c67653be [term 3 FOLLOWER]: Starting election with config: opid_index: -1 peers { permanent_uuid: "ee4ffccf9eb5471297e208d202495ffe" member_type: VOTER last_known_addr { host: "127.42.236.1" port: 57816 } } peers { permanent_uuid: "3b2a62766e5449f9ae2697a9113d09fb" member_type: VOTER last_known_addr { host: "127.42.236.2" port: 60090 } } peers { permanent_uuid: "bcc77f1560a949c6b130d6b3c67653be" member_type: VOTER last_known_addr { host: "127.42.236.0" port: 42768 } }
I0720 00:35:56.116255 12886 leader_election.cc:223] T c1349da600fe445bbe151b00a41a4e3c P bcc77f1560a949c6b130d6b3c67653be [CANDIDATE]: Term 3 election: Requesting vote from peer ee4ffccf9eb5471297e208d202495ffe
I0720 00:35:56.116360 12886 leader_election.cc:223] T c1349da600fe445bbe151b00a41a4e3c P bcc77f1560a949c6b130d6b3c67653be [CANDIDATE]: Term 3 election: Requesting vote from peer 3b2a62766e5449f9ae2697a9113d09fb
I0720 00:35:56.116668 13348 raft_consensus.cc:2019] T c1349da600fe445bbe151b00a41a4e3c P ee4ffccf9eb5471297e208d202495ffe [term 2 FOLLOWER]: Advancing to term 3
I0720 00:35:56.116906 13091 raft_consensus.cc:2019] T c1349da600fe445bbe151b00a41a4e3c P 3b2a62766e5449f9ae2697a9113d09fb [term 2 FOLLOWER]: Advancing to term 3
I0720 00:35:56.117269 13348 raft_consensus.cc:1970] T c1349da600fe445bbe151b00a41a4e3c P ee4ffccf9eb5471297e208d202495ffe [term 3 FOLLOWER]: Snoozing failure detection for election timeout plus an additional 1.642s
I0720 00:35:56.117482 13091 raft_consensus.cc:1970] T c1349da600fe445bbe151b00a41a4e3c P 3b2a62766e5449f9ae2697a9113d09fb [term 3 FOLLOWER]: Snoozing failure detection for election timeout plus an additional 1.649s
I0720 00:35:56.117756 13348 raft_consensus.cc:1677] T c1349da600fe445bbe151b00a41a4e3c P ee4ffccf9eb5471297e208d202495ffe [term 3 FOLLOWER]: Leader election vote request: Granting yes vote for candidate bcc77f1560a949c6b130d6b3c67653be in term 3.
I0720 00:35:56.117995 13091 raft_consensus.cc:1677] T c1349da600fe445bbe151b00a41a4e3c P 3b2a62766e5449f9ae2697a9113d09fb [term 3 FOLLOWER]: Leader election vote request: Granting yes vote for candidate bcc77f1560a949c6b130d6b3c67653be in term 3.
I0720 00:35:56.118001 12749 leader_election.cc:347] T c1349da600fe445bbe151b00a41a4e3c P bcc77f1560a949c6b130d6b3c67653be [CANDIDATE]: Term 3 election: Vote granted by peer ee4ffccf9eb5471297e208d202495ffe
I0720 00:35:56.118031 12749 leader_election.cc:248] T c1349da600fe445bbe151b00a41a4e3c P bcc77f1560a949c6b130d6b3c67653be [CANDIDATE]: Term 3 election: Election decided. Result: candidate won.
I0720 00:35:56.118191 12747 leader_election.cc:347] T c1349da600fe445bbe151b00a41a4e3c P bcc77f1560a949c6b130d6b3c67653be [CANDIDATE]: Term 3 election: Vote granted by peer 3b2a62766e5449f9ae2697a9113d09fb
I0720 00:35:56.118379 13446 raft_consensus.cc:1970] T c1349da600fe445bbe151b00a41a4e3c P bcc77f1560a949c6b130d6b3c67653be [term 3 FOLLOWER]: Snoozing failure detection for election timeout plus an additional 1.520s
I0720 00:35:56.118424 13446 raft_consensus.cc:1859] T c1349da600fe445bbe151b00a41a4e3c P bcc77f1560a949c6b130d6b3c67653be [term 3 FOLLOWER]: Leader election won for term 3
I0720 00:35:56.118754 13446 raft_consensus.cc:464] T c1349da600fe445bbe151b00a41a4e3c P bcc77f1560a949c6b130d6b3c67653be [term 3 LEADER]: Becoming Leader. State: Replica: bcc77f1560a949c6b130d6b3c67653be, State: 1, Role: LEADER Watermarks: {Received: term: 2 index: 14 Committed: term: 2 index: 14}
I0720 00:35:56.118870 13446 consensus_queue.cc:145] T c1349da600fe445bbe151b00a41a4e3c P bcc77f1560a949c6b130d6b3c67653be [LEADER]: Queue going to LEADER mode. State: All replicated op: 2.14, Majority replicated op: 2.14, Committed index: 2.14, Last appended: 2.14, Current term: 3, Majority size: 2, State: 1, Mode: LEADER, active raft config: opid_index: -1 peers { permanent_uuid: "ee4ffccf9eb5471297e208d202495ffe" member_type: VOTER last_known_addr { host: "127.42.236.1" port: 57816 } } peers { permanent_uuid: "3b2a62766e5449f9ae2697a9113d09fb" member_type: VOTER last_known_addr { host: "127.42.236.2" port: 60090 } } peers { permanent_uuid: "bcc77f1560a949c6b130d6b3c67653be" member_type: VOTER last_known_addr { host: "127.42.236.0" port: 42768 } }
I0720 00:35:56.120378 12023 catalog_manager.cc:1957] Tablet: c1349da600fe445bbe151b00a41a4e3c reported consensus state change. New consensus state: current_term: 3 leader_uuid: "bcc77f1560a949c6b130d6b3c67653be" config { opid_index: -1 peers { permanent_uuid: "ee4ffccf9eb5471297e208d202495ffe" member_type: VOTER last_known_addr { host: "127.42.236.1" port: 57816 } } peers { permanent_uuid: "3b2a62766e5449f9ae2697a9113d09fb" member_type: VOTER last_known_addr { host: "127.42.236.2" port: 60090 } } peers { permanent_uuid: "bcc77f1560a949c6b130d6b3c67653be" member_type: VOTER last_known_addr { host: "127.42.236.0" port: 42768 } } }
I0720 00:35:56.130883 12871 raft_consensus.cc:366] T 304f195d847441e5a3daabaa3158a7fa P bcc77f1560a949c6b130d6b3c67653be [term 1 FOLLOWER]: Failure of leader ee4ffccf9eb5471297e208d202495ffe detected. Triggering leader election
I0720 00:35:56.130911 12871 raft_consensus.cc:2019] T 304f195d847441e5a3daabaa3158a7fa P bcc77f1560a949c6b130d6b3c67653be [term 1 FOLLOWER]: Advancing to term 2
I0720 00:35:56.131362 12871 raft_consensus.cc:1970] T 304f195d847441e5a3daabaa3158a7fa P bcc77f1560a949c6b130d6b3c67653be [term 2 FOLLOWER]: Snoozing failure detection for election timeout plus an additional 1.612s
I0720 00:35:56.131451 12871 raft_consensus.cc:386] T 304f195d847441e5a3daabaa3158a7fa P bcc77f1560a949c6b130d6b3c67653be [term 2 FOLLOWER]: Starting election with config: opid_index: -1 peers { permanent_uuid: "ee4ffccf9eb5471297e208d202495ffe" member_type: VOTER last_known_addr { host: "127.42.236.1" port: 57816 } } peers { permanent_uuid: "3b2a62766e5449f9ae2697a9113d09fb" member_type: VOTER last_known_addr { host: "127.42.236.2" port: 60090 } } peers { permanent_uuid: "bcc77f1560a949c6b130d6b3c67653be" member_type: VOTER last_known_addr { host: "127.42.236.0" port: 42768 } }
I0720 00:35:56.132015 12871 leader_election.cc:223] T 304f195d847441e5a3daabaa3158a7fa P bcc77f1560a949c6b130d6b3c67653be [CANDIDATE]: Term 2 election: Requesting vote from peer ee4ffccf9eb5471297e208d202495ffe
I0720 00:35:56.132128 12871 leader_election.cc:223] T 304f195d847441e5a3daabaa3158a7fa P bcc77f1560a949c6b130d6b3c67653be [CANDIDATE]: Term 2 election: Requesting vote from peer 3b2a62766e5449f9ae2697a9113d09fb
I0720 00:35:56.132524 13348 raft_consensus.cc:2019] T 304f195d847441e5a3daabaa3158a7fa P ee4ffccf9eb5471297e208d202495ffe [term 1 FOLLOWER]: Advancing to term 2
I0720 00:35:56.132581 13091 raft_consensus.cc:2019] T 304f195d847441e5a3daabaa3158a7fa P 3b2a62766e5449f9ae2697a9113d09fb [term 1 FOLLOWER]: Advancing to term 2
I0720 00:35:56.132886 13348 raft_consensus.cc:1970] T 304f195d847441e5a3daabaa3158a7fa P ee4ffccf9eb5471297e208d202495ffe [term 2 FOLLOWER]: Snoozing failure detection for election timeout plus an additional 1.564s
I0720 00:35:56.132958 13091 raft_consensus.cc:1970] T 304f195d847441e5a3daabaa3158a7fa P 3b2a62766e5449f9ae2697a9113d09fb [term 2 FOLLOWER]: Snoozing failure detection for election timeout plus an additional 1.624s
I0720 00:35:56.133411 13348 raft_consensus.cc:1677] T 304f195d847441e5a3daabaa3158a7fa P ee4ffccf9eb5471297e208d202495ffe [term 2 FOLLOWER]: Leader election vote request: Granting yes vote for candidate bcc77f1560a949c6b130d6b3c67653be in term 2.
I0720 00:35:56.133476 13091 raft_consensus.cc:1677] T 304f195d847441e5a3daabaa3158a7fa P 3b2a62766e5449f9ae2697a9113d09fb [term 2 FOLLOWER]: Leader election vote request: Granting yes vote for candidate bcc77f1560a949c6b130d6b3c67653be in term 2.
I0720 00:35:56.133610 12749 leader_election.cc:347] T 304f195d847441e5a3daabaa3158a7fa P bcc77f1560a949c6b130d6b3c67653be [CANDIDATE]: Term 2 election: Vote granted by peer ee4ffccf9eb5471297e208d202495ffe
I0720 00:35:56.133643 12749 leader_election.cc:248] T 304f195d847441e5a3daabaa3158a7fa P bcc77f1560a949c6b130d6b3c67653be [CANDIDATE]: Term 2 election: Election decided. Result: candidate won.
I0720 00:35:56.133699 12747 leader_election.cc:347] T 304f195d847441e5a3daabaa3158a7fa P bcc77f1560a949c6b130d6b3c67653be [CANDIDATE]: Term 2 election: Vote granted by peer 3b2a62766e5449f9ae2697a9113d09fb
I0720 00:35:56.133913 13451 raft_consensus.cc:1970] T 304f195d847441e5a3daabaa3158a7fa P bcc77f1560a949c6b130d6b3c67653be [term 2 FOLLOWER]: Snoozing failure detection for election timeout plus an additional 1.582s
I0720 00:35:56.133955 13451 raft_consensus.cc:1859] T 304f195d847441e5a3daabaa3158a7fa P bcc77f1560a949c6b130d6b3c67653be [term 2 FOLLOWER]: Leader election won for term 2
I0720 00:35:56.134212 13451 raft_consensus.cc:464] T 304f195d847441e5a3daabaa3158a7fa P bcc77f1560a949c6b130d6b3c67653be [term 2 LEADER]: Becoming Leader. State: Replica: bcc77f1560a949c6b130d6b3c67653be, State: 1, Role: LEADER Watermarks: {Received: term: 1 index: 24 Committed: term: 1 index: 24}
I0720 00:35:56.134323 13451 consensus_queue.cc:145] T 304f195d847441e5a3daabaa3158a7fa P bcc77f1560a949c6b130d6b3c67653be [LEADER]: Queue going to LEADER mode. State: All replicated op: 1.24, Majority replicated op: 1.24, Committed index: 1.24, Last appended: 1.24, Current term: 2, Majority size: 2, State: 1, Mode: LEADER, active raft config: opid_index: -1 peers { permanent_uuid: "ee4ffccf9eb5471297e208d202495ffe" member_type: VOTER last_known_addr { host: "127.42.236.1" port: 57816 } } peers { permanent_uuid: "3b2a62766e5449f9ae2697a9113d09fb" member_type: VOTER last_known_addr { host: "127.42.236.2" port: 60090 } } peers { permanent_uuid: "bcc77f1560a949c6b130d6b3c67653be" member_type: VOTER last_known_addr { host: "127.42.236.0" port: 42768 } }
I0720 00:35:56.135681 12023 catalog_manager.cc:1957] Tablet: 304f195d847441e5a3daabaa3158a7fa reported consensus state change. New consensus state: current_term: 2 leader_uuid: "bcc77f1560a949c6b130d6b3c67653be" config { opid_index: -1 peers { permanent_uuid: "ee4ffccf9eb5471297e208d202495ffe" member_type: VOTER last_known_addr { host: "127.42.236.1" port: 57816 } } peers { permanent_uuid: "3b2a62766e5449f9ae2697a9113d09fb" member_type: VOTER last_known_addr { host: "127.42.236.2" port: 60090 } } peers { permanent_uuid: "bcc77f1560a949c6b130d6b3c67653be" member_type: VOTER last_known_addr { host: "127.42.236.0" port: 42768 } } }
I0720 00:35:56.140746 13149 raft_consensus.cc:366] T 3941d911c89d427eacd1d70afe9fb986 P 3b2a62766e5449f9ae2697a9113d09fb [term 2 FOLLOWER]: Failure of leader ee4ffccf9eb5471297e208d202495ffe detected. Triggering leader election
I0720 00:35:56.140774 13149 raft_consensus.cc:2019] T 3941d911c89d427eacd1d70afe9fb986 P 3b2a62766e5449f9ae2697a9113d09fb [term 2 FOLLOWER]: Advancing to term 3
I0720 00:35:56.141131 13149 raft_consensus.cc:1970] T 3941d911c89d427eacd1d70afe9fb986 P 3b2a62766e5449f9ae2697a9113d09fb [term 3 FOLLOWER]: Snoozing failure detection for election timeout plus an additional 1.613s
I0720 00:35:56.141190 13149 raft_consensus.cc:386] T 3941d911c89d427eacd1d70afe9fb986 P 3b2a62766e5449f9ae2697a9113d09fb [term 3 FOLLOWER]: Starting election with config: opid_index: -1 peers { permanent_uuid: "ee4ffccf9eb5471297e208d202495ffe" member_type: VOTER last_known_addr { host: "127.42.236.1" port: 57816 } } peers { permanent_uuid: "3b2a62766e5449f9ae2697a9113d09fb" member_type: VOTER last_known_addr { host: "127.42.236.2" port: 60090 } } peers { permanent_uuid: "bcc77f1560a949c6b130d6b3c67653be" member_type: VOTER last_known_addr { host: "127.42.236.0" port: 42768 } }
I0720 00:35:56.141858 13149 leader_election.cc:223] T 3941d911c89d427eacd1d70afe9fb986 P 3b2a62766e5449f9ae2697a9113d09fb [CANDIDATE]: Term 3 election: Requesting vote from peer ee4ffccf9eb5471297e208d202495ffe
I0720 00:35:56.141973 13149 leader_election.cc:223] T 3941d911c89d427eacd1d70afe9fb986 P 3b2a62766e5449f9ae2697a9113d09fb [CANDIDATE]: Term 3 election: Requesting vote from peer bcc77f1560a949c6b130d6b3c67653be
I0720 00:35:56.142307 13348 raft_consensus.cc:2019] T 3941d911c89d427eacd1d70afe9fb986 P ee4ffccf9eb5471297e208d202495ffe [term 2 FOLLOWER]: Advancing to term 3
I0720 00:35:56.142451 12811 raft_consensus.cc:2019] T 3941d911c89d427eacd1d70afe9fb986 P bcc77f1560a949c6b130d6b3c67653be [term 2 FOLLOWER]: Advancing to term 3
I0720 00:35:56.142765 13348 raft_consensus.cc:1970] T 3941d911c89d427eacd1d70afe9fb986 P ee4ffccf9eb5471297e208d202495ffe [term 3 FOLLOWER]: Snoozing failure detection for election timeout plus an additional 1.535s
I0720 00:35:56.143054 12811 raft_consensus.cc:1970] T 3941d911c89d427eacd1d70afe9fb986 P bcc77f1560a949c6b130d6b3c67653be [term 3 FOLLOWER]: Snoozing failure detection for election timeout plus an additional 1.530s
I0720 00:35:56.143251 13348 raft_consensus.cc:1677] T 3941d911c89d427eacd1d70afe9fb986 P ee4ffccf9eb5471297e208d202495ffe [term 3 FOLLOWER]: Leader election vote request: Granting yes vote for candidate 3b2a62766e5449f9ae2697a9113d09fb in term 3.
I0720 00:35:56.143458 13024 leader_election.cc:347] T 3941d911c89d427eacd1d70afe9fb986 P 3b2a62766e5449f9ae2697a9113d09fb [CANDIDATE]: Term 3 election: Vote granted by peer ee4ffccf9eb5471297e208d202495ffe
I0720 00:35:56.143510 13024 leader_election.cc:248] T 3941d911c89d427eacd1d70afe9fb986 P 3b2a62766e5449f9ae2697a9113d09fb [CANDIDATE]: Term 3 election: Election decided. Result: candidate won.
I0720 00:35:56.143524 12811 raft_consensus.cc:1677] T 3941d911c89d427eacd1d70afe9fb986 P bcc77f1560a949c6b130d6b3c67653be [term 3 FOLLOWER]: Leader election vote request: Granting yes vote for candidate 3b2a62766e5449f9ae2697a9113d09fb in term 3.
I0720 00:35:56.143743 13023 leader_election.cc:347] T 3941d911c89d427eacd1d70afe9fb986 P 3b2a62766e5449f9ae2697a9113d09fb [CANDIDATE]: Term 3 election: Vote granted by peer bcc77f1560a949c6b130d6b3c67653be
I0720 00:35:56.143877 13456 raft_consensus.cc:1970] T 3941d911c89d427eacd1d70afe9fb986 P 3b2a62766e5449f9ae2697a9113d09fb [term 3 FOLLOWER]: Snoozing failure detection for election timeout plus an additional 1.507s
I0720 00:35:56.143916 13456 raft_consensus.cc:1859] T 3941d911c89d427eacd1d70afe9fb986 P 3b2a62766e5449f9ae2697a9113d09fb [term 3 FOLLOWER]: Leader election won for term 3
I0720 00:35:56.144222 13456 raft_consensus.cc:464] T 3941d911c89d427eacd1d70afe9fb986 P 3b2a62766e5449f9ae2697a9113d09fb [term 3 LEADER]: Becoming Leader. State: Replica: 3b2a62766e5449f9ae2697a9113d09fb, State: 1, Role: LEADER Watermarks: {Received: term: 2 index: 10 Committed: term: 2 index: 10}
I0720 00:35:56.144315 13456 consensus_queue.cc:145] T 3941d911c89d427eacd1d70afe9fb986 P 3b2a62766e5449f9ae2697a9113d09fb [LEADER]: Queue going to LEADER mode. State: All replicated op: 2.10, Majority replicated op: 2.10, Committed index: 2.10, Last appended: 2.10, Current term: 3, Majority size: 2, State: 1, Mode: LEADER, active raft config: opid_index: -1 peers { permanent_uuid: "ee4ffccf9eb5471297e208d202495ffe" member_type: VOTER last_known_addr { host: "127.42.236.1" port: 57816 } } peers { permanent_uuid: "3b2a62766e5449f9ae2697a9113d09fb" member_type: VOTER last_known_addr { host: "127.42.236.2" port: 60090 } } peers { permanent_uuid: "bcc77f1560a949c6b130d6b3c67653be" member_type: VOTER last_known_addr { host: "127.42.236.0" port: 42768 } }
I0720 00:35:56.145623 12023 catalog_manager.cc:1957] Tablet: 3941d911c89d427eacd1d70afe9fb986 reported consensus state change. New consensus state: current_term: 3 leader_uuid: "3b2a62766e5449f9ae2697a9113d09fb" config { opid_index: -1 peers { permanent_uuid: "ee4ffccf9eb5471297e208d202495ffe" member_type: VOTER last_known_addr { host: "127.42.236.1" port: 57816 } } peers { permanent_uuid: "3b2a62766e5449f9ae2697a9113d09fb" member_type: VOTER last_known_addr { host: "127.42.236.2" port: 60090 } } peers { permanent_uuid: "bcc77f1560a949c6b130d6b3c67653be" member_type: VOTER last_known_addr { host: "127.42.236.0" port: 42768 } } }
I0720 00:35:56.156720 13091 raft_consensus.cc:869] T c1349da600fe445bbe151b00a41a4e3c P 3b2a62766e5449f9ae2697a9113d09fb [term 3 FOLLOWER]: Refusing update from remote peer bcc77f1560a949c6b130d6b3c67653be: Log matching property violated. Preceding OpId in replica: term: 2 index: 14. Preceding OpId from leader: term: 3 index: 16. (index mismatch)
I0720 00:35:56.156895 13348 raft_consensus.cc:869] T c1349da600fe445bbe151b00a41a4e3c P ee4ffccf9eb5471297e208d202495ffe [term 3 FOLLOWER]: Refusing update from remote peer bcc77f1560a949c6b130d6b3c67653be: Log matching property violated. Preceding OpId in replica: term: 2 index: 14. Preceding OpId from leader: term: 3 index: 16. (index mismatch)
I0720 00:35:56.157240 13446 consensus_queue.cc:578] T c1349da600fe445bbe151b00a41a4e3c P bcc77f1560a949c6b130d6b3c67653be [LEADER]: Connected to new peer: Peer: 3b2a62766e5449f9ae2697a9113d09fb, Is new: false, Last received: 2.14, Next index: 15, Last known committed idx: 14, Last exchange result: ERROR, Needs remote bootstrap: false
I0720 00:35:56.157371 13447 consensus_queue.cc:578] T c1349da600fe445bbe151b00a41a4e3c P bcc77f1560a949c6b130d6b3c67653be [LEADER]: Connected to new peer: Peer: ee4ffccf9eb5471297e208d202495ffe, Is new: false, Last received: 2.14, Next index: 15, Last known committed idx: 14, Last exchange result: ERROR, Needs remote bootstrap: false
I0720 00:35:56.159972 13450 raft_consensus_state.cc:534] T c1349da600fe445bbe151b00a41a4e3c P bcc77f1560a949c6b130d6b3c67653be [term 3 LEADER]: Advanced the committed_index across terms. Last committed operation was: term: 2 index: 14 New committed index is: term: 3 index: 16
I0720 00:35:56.166455 12811 raft_consensus.cc:869] T 5d2b354e4dab4313ab880bbbc03f1fd2 P bcc77f1560a949c6b130d6b3c67653be [term 2 FOLLOWER]: Refusing update from remote peer 3b2a62766e5449f9ae2697a9113d09fb: Log matching property violated. Preceding OpId in replica: term: 1 index: 8. Preceding OpId from leader: term: 2 index: 10. (index mismatch)
I0720 00:35:56.166689 13348 raft_consensus.cc:869] T 5d2b354e4dab4313ab880bbbc03f1fd2 P ee4ffccf9eb5471297e208d202495ffe [term 2 FOLLOWER]: Refusing update from remote peer 3b2a62766e5449f9ae2697a9113d09fb: Log matching property violated. Preceding OpId in replica: term: 1 index: 8. Preceding OpId from leader: term: 2 index: 10. (index mismatch)
I0720 00:35:56.166993 13442 consensus_queue.cc:578] T 5d2b354e4dab4313ab880bbbc03f1fd2 P 3b2a62766e5449f9ae2697a9113d09fb [LEADER]: Connected to new peer: Peer: bcc77f1560a949c6b130d6b3c67653be, Is new: false, Last received: 1.8, Next index: 9, Last known committed idx: 8, Last exchange result: ERROR, Needs remote bootstrap: false
I0720 00:35:56.167042 13441 consensus_queue.cc:578] T 5d2b354e4dab4313ab880bbbc03f1fd2 P 3b2a62766e5449f9ae2697a9113d09fb [LEADER]: Connected to new peer: Peer: ee4ffccf9eb5471297e208d202495ffe, Is new: false, Last received: 1.8, Next index: 9, Last known committed idx: 8, Last exchange result: ERROR, Needs remote bootstrap: false
I0720 00:35:56.169667 13445 raft_consensus_state.cc:534] T 5d2b354e4dab4313ab880bbbc03f1fd2 P 3b2a62766e5449f9ae2697a9113d09fb [term 2 LEADER]: Advanced the committed_index across terms. Last committed operation was: term: 1 index: 8 New committed index is: term: 2 index: 10
I0720 00:35:56.181094 12903 raft_consensus.cc:366] T f6e9db4a1f1644b4a3b1935d19395232 P bcc77f1560a949c6b130d6b3c67653be [term 1 FOLLOWER]: Failure of leader ee4ffccf9eb5471297e208d202495ffe detected. Triggering leader election
I0720 00:35:56.181118 12903 raft_consensus.cc:2019] T f6e9db4a1f1644b4a3b1935d19395232 P bcc77f1560a949c6b130d6b3c67653be [term 1 FOLLOWER]: Advancing to term 2
I0720 00:35:56.181522 12903 raft_consensus.cc:1970] T f6e9db4a1f1644b4a3b1935d19395232 P bcc77f1560a949c6b130d6b3c67653be [term 2 FOLLOWER]: Snoozing failure detection for election timeout plus an additional 1.503s
I0720 00:35:56.181568 12903 raft_consensus.cc:386] T f6e9db4a1f1644b4a3b1935d19395232 P bcc77f1560a949c6b130d6b3c67653be [term 2 FOLLOWER]: Starting election with config: opid_index: -1 peers { permanent_uuid: "3b2a62766e5449f9ae2697a9113d09fb" member_type: VOTER last_known_addr { host: "127.42.236.2" port: 60090 } } peers { permanent_uuid: "ee4ffccf9eb5471297e208d202495ffe" member_type: VOTER last_known_addr { host: "127.42.236.1" port: 57816 } } peers { permanent_uuid: "bcc77f1560a949c6b130d6b3c67653be" member_type: VOTER last_known_addr { host: "127.42.236.0" port: 42768 } }
I0720 00:35:56.182204 12903 leader_election.cc:223] T f6e9db4a1f1644b4a3b1935d19395232 P bcc77f1560a949c6b130d6b3c67653be [CANDIDATE]: Term 2 election: Requesting vote from peer 3b2a62766e5449f9ae2697a9113d09fb
I0720 00:35:56.182279 12903 leader_election.cc:223] T f6e9db4a1f1644b4a3b1935d19395232 P bcc77f1560a949c6b130d6b3c67653be [CANDIDATE]: Term 2 election: Requesting vote from peer ee4ffccf9eb5471297e208d202495ffe
I0720 00:35:56.182624 13091 raft_consensus.cc:2019] T f6e9db4a1f1644b4a3b1935d19395232 P 3b2a62766e5449f9ae2697a9113d09fb [term 1 FOLLOWER]: Advancing to term 2
I0720 00:35:56.182662 13348 raft_consensus.cc:2019] T f6e9db4a1f1644b4a3b1935d19395232 P ee4ffccf9eb5471297e208d202495ffe [term 1 FOLLOWER]: Advancing to term 2
I0720 00:35:56.183065 13348 raft_consensus.cc:1970] T f6e9db4a1f1644b4a3b1935d19395232 P ee4ffccf9eb5471297e208d202495ffe [term 2 FOLLOWER]: Snoozing failure detection for election timeout plus an additional 1.646s
I0720 00:35:56.183080 13091 raft_consensus.cc:1970] T f6e9db4a1f1644b4a3b1935d19395232 P 3b2a62766e5449f9ae2697a9113d09fb [term 2 FOLLOWER]: Snoozing failure detection for election timeout plus an additional 1.556s
I0720 00:35:56.183624 13348 raft_consensus.cc:1677] T f6e9db4a1f1644b4a3b1935d19395232 P ee4ffccf9eb5471297e208d202495ffe [term 2 FOLLOWER]: Leader election vote request: Granting yes vote for candidate bcc77f1560a949c6b130d6b3c67653be in term 2.
I0720 00:35:56.183642 13091 raft_consensus.cc:1677] T f6e9db4a1f1644b4a3b1935d19395232 P 3b2a62766e5449f9ae2697a9113d09fb [term 2 FOLLOWER]: Leader election vote request: Granting yes vote for candidate bcc77f1560a949c6b130d6b3c67653be in term 2.
I0720 00:35:56.183843 12747 leader_election.cc:347] T f6e9db4a1f1644b4a3b1935d19395232 P bcc77f1560a949c6b130d6b3c67653be [CANDIDATE]: Term 2 election: Vote granted by peer 3b2a62766e5449f9ae2697a9113d09fb
I0720 00:35:56.183887 12749 leader_election.cc:347] T f6e9db4a1f1644b4a3b1935d19395232 P bcc77f1560a949c6b130d6b3c67653be [CANDIDATE]: Term 2 election: Vote granted by peer ee4ffccf9eb5471297e208d202495ffe
I0720 00:35:56.183917 12749 leader_election.cc:248] T f6e9db4a1f1644b4a3b1935d19395232 P bcc77f1560a949c6b130d6b3c67653be [CANDIDATE]: Term 2 election: Election decided. Result: candidate won.
I0720 00:35:56.184181 13475 raft_consensus.cc:1970] T f6e9db4a1f1644b4a3b1935d19395232 P bcc77f1560a949c6b130d6b3c67653be [term 2 FOLLOWER]: Snoozing failure detection for election timeout plus an additional 1.631s
I0720 00:35:56.184221 13475 raft_consensus.cc:1859] T f6e9db4a1f1644b4a3b1935d19395232 P bcc77f1560a949c6b130d6b3c67653be [term 2 FOLLOWER]: Leader election won for term 2
I0720 00:35:56.184912 13091 raft_consensus.cc:869] T 304f195d847441e5a3daabaa3158a7fa P 3b2a62766e5449f9ae2697a9113d09fb [term 2 FOLLOWER]: Refusing update from remote peer bcc77f1560a949c6b130d6b3c67653be: Log matching property violated. Preceding OpId in replica: term: 1 index: 24. Preceding OpId from leader: term: 2 index: 26. (index mismatch)
I0720 00:35:56.185029 13348 raft_consensus.cc:869] T 304f195d847441e5a3daabaa3158a7fa P ee4ffccf9eb5471297e208d202495ffe [term 2 FOLLOWER]: Refusing update from remote peer bcc77f1560a949c6b130d6b3c67653be: Log matching property violated. Preceding OpId in replica: term: 1 index: 24. Preceding OpId from leader: term: 2 index: 26. (index mismatch)
I0720 00:35:56.185098 13475 raft_consensus.cc:464] T f6e9db4a1f1644b4a3b1935d19395232 P bcc77f1560a949c6b130d6b3c67653be [term 2 LEADER]: Becoming Leader. State: Replica: bcc77f1560a949c6b130d6b3c67653be, State: 1, Role: LEADER Watermarks: {Received: term: 1 index: 11 Committed: term: 1 index: 11}
I0720 00:35:56.185199 13475 consensus_queue.cc:145] T f6e9db4a1f1644b4a3b1935d19395232 P bcc77f1560a949c6b130d6b3c67653be [LEADER]: Queue going to LEADER mode. State: All replicated op: 1.11, Majority replicated op: 1.11, Committed index: 1.11, Last appended: 1.11, Current term: 2, Majority size: 2, State: 1, Mode: LEADER, active raft config: opid_index: -1 peers { permanent_uuid: "3b2a62766e5449f9ae2697a9113d09fb" member_type: VOTER last_known_addr { host: "127.42.236.2" port: 60090 } } peers { permanent_uuid: "ee4ffccf9eb5471297e208d202495ffe" member_type: VOTER last_known_addr { host: "127.42.236.1" port: 57816 } } peers { permanent_uuid: "bcc77f1560a949c6b130d6b3c67653be" member_type: VOTER last_known_addr { host: "127.42.236.0" port: 42768 } }
I0720 00:35:56.185312 13452 consensus_queue.cc:578] T 304f195d847441e5a3daabaa3158a7fa P bcc77f1560a949c6b130d6b3c67653be [LEADER]: Connected to new peer: Peer: 3b2a62766e5449f9ae2697a9113d09fb, Is new: false, Last received: 1.24, Next index: 25, Last known committed idx: 24, Last exchange result: ERROR, Needs remote bootstrap: false
I0720 00:35:56.185398 13451 consensus_queue.cc:578] T 304f195d847441e5a3daabaa3158a7fa P bcc77f1560a949c6b130d6b3c67653be [LEADER]: Connected to new peer: Peer: ee4ffccf9eb5471297e208d202495ffe, Is new: false, Last received: 1.24, Next index: 25, Last known committed idx: 24, Last exchange result: ERROR, Needs remote bootstrap: false
I0720 00:35:56.187397 12020 catalog_manager.cc:1957] Tablet: f6e9db4a1f1644b4a3b1935d19395232 reported consensus state change. New consensus state: current_term: 2 leader_uuid: "bcc77f1560a949c6b130d6b3c67653be" config { opid_index: -1 peers { permanent_uuid: "3b2a62766e5449f9ae2697a9113d09fb" member_type: VOTER last_known_addr { host: "127.42.236.2" port: 60090 } } peers { permanent_uuid: "ee4ffccf9eb5471297e208d202495ffe" member_type: VOTER last_known_addr { host: "127.42.236.1" port: 57816 } } peers { permanent_uuid: "bcc77f1560a949c6b130d6b3c67653be" member_type: VOTER last_known_addr { host: "127.42.236.0" port: 42768 } } }
I0720 00:35:56.187595 13455 raft_consensus_state.cc:534] T 304f195d847441e5a3daabaa3158a7fa P bcc77f1560a949c6b130d6b3c67653be [term 2 LEADER]: Advanced the committed_index across terms. Last committed operation was: term: 1 index: 24 New committed index is: term: 2 index: 26
I0720 00:35:56.203735 10988 alter_table-randomized-test.cc:390] Beginning Alterations
I0720 00:35:56.204808 10988 alter_table-randomized-test.cc:455] Adding range partition: [1677721575, 1744830438) resulting partitions: (67108863, 134217726], (402653178, 469762041], (536870904, 603979767], (671088630, 738197493], (1073741808, 1140850671], (1140850671, 1207959534], (1543503849, 1610612712], (1610612712, 1677721575], (1677721575, 1744830438)
I0720 00:35:56.204865 10988 alter_table-randomized-test.cc:471] Dropping range partition: [1610612712, 1677721575) resulting partitions: (67108863, 134217726], (402653178, 469762041], (536870904, 603979767], (671088630, 738197493], (1073741808, 1140850671], (1140850671, 1207959534], (1543503849, 1610612712], (1677721575, 1744830438)
I0720 00:35:56.204907 10988 alter_table-randomized-test.cc:471] Dropping range partition: [1543503849, 1610612712) resulting partitions: (67108863, 134217726], (402653178, 469762041], (536870904, 603979767], (671088630, 738197493], (1073741808, 1140850671], (1140850671, 1207959534], (1677721575, 1744830438)
I0720 00:35:56.204949 10988 alter_table-randomized-test.cc:439] Dropping column c394, existing columns: key, c394
I0720 00:35:56.204983 10988 alter_table-randomized-test.cc:455] Adding range partition: [1275068397, 1342177260) resulting partitions: (67108863, 134217726], (402653178, 469762041], (536870904, 603979767], (671088630, 738197493], (1073741808, 1140850671], (1140850671, 1207959534], (1275068397, 1342177260], (1677721575, 1744830438)
I0720 00:35:56.205023 10988 alter_table-randomized-test.cc:455] Adding range partition: [268435452, 335544315) resulting partitions: (67108863, 134217726], (268435452, 335544315], (402653178, 469762041], (536870904, 603979767], (671088630, 738197493], (1073741808, 1140850671], (1140850671, 1207959534], (1275068397, 1342177260], (1677721575, 1744830438)
I0720 00:35:56.205087 10988 alter_table-randomized-test.cc:471] Dropping range partition: [1073741808, 1140850671) resulting partitions: (67108863, 134217726], (268435452, 335544315], (402653178, 469762041], (536870904, 603979767], (671088630, 738197493], (1140850671, 1207959534], (1275068397, 1342177260], (1677721575, 1744830438)
I0720 00:35:56.205135 10988 alter_table-randomized-test.cc:455] Adding range partition: [1006632945, 1073741808) resulting partitions: (67108863, 134217726], (268435452, 335544315], (402653178, 469762041], (536870904, 603979767], (671088630, 738197493], (1006632945, 1073741808], (1140850671, 1207959534], (1275068397, 1342177260], (1677721575, 1744830438)
I0720 00:35:56.205166 10988 alter_table-randomized-test.cc:418] Adding column c576, existing columns: key
I0720 00:35:56.205199 10988 alter_table-randomized-test.cc:471] Dropping range partition: [536870904, 603979767) resulting partitions: (67108863, 134217726], (268435452, 335544315], (402653178, 469762041], (671088630, 738197493], (1006632945, 1073741808], (1140850671, 1207959534], (1275068397, 1342177260], (1677721575, 1744830438)
I0720 00:35:56.205222 10988 alter_table-randomized-test.cc:412] Committing Alterations
I0720 00:35:56.205844 12023 catalog_manager.cc:1359] Servicing AlterTable request from {real_user=slave, eff_user=} at 127.0.0.1:46073: table { table_name: "test-table" } alter_schema_steps { type: ADD_RANGE_PARTITION add_range_partition { range_bounds { rows: "\006\001\000\347\377\377c\007\001\000\346\377\377g" } } } alter_schema_steps { type: DROP_RANGE_PARTITION drop_range_partition { range_bounds { rows: "\006\001\000\350\377\377_\007\001\000\347\377\377c" } } } alter_schema_steps { type: DROP_RANGE_PARTITION drop_range_partition { range_bounds { rows: "\006\001\000\351\377\377[\007\001\000\350\377\377_" } } } alter_schema_steps { type: DROP_COLUMN drop_column { name: "c394" } } alter_schema_steps { type: ADD_RANGE_PARTITION add_range_partition { range_bounds { rows: "\006\001\000\355\377\377K\007\001\000\354\377\377O" } } } alter_schema_steps { type: ADD_RANGE_PARTITION add_range_partition { range_bounds { rows: "\006\001\000\374\377\377\017\007\001\000\373\377\377\023" } } } alter_schema_steps { type: DROP_RANGE_PARTITION drop_range_partition { range_bounds { rows: "\006\001\000\360\377\377?\007\001\000\357\377\377C" } } } alter_schema_steps { type: ADD_RANGE_PARTITION add_range_partition { range_bounds { rows: "\006\001\000\361\377\377;\007\001\000\360\377\377?" } } } alter_schema_steps { type: ADD_COLUMN add_column { schema { name: "c576" type: INT32 is_nullable: true encoding: AUTO_ENCODING compression: DEFAULT_COMPRESSION cfile_block_size: 0 } } } alter_schema_steps { type: DROP_RANGE_PARTITION drop_range_partition { range_bounds { rows: "\006\001\000\370\377\377\037\007\001\000\367\377\377#" } } } schema { columns { name: "key" type: INT32 is_key: true is_nullable: false encoding: AUTO_ENCODING compression: DEFAULT_COMPRESSION cfile_block_size: 0 } columns { name: "c394" type: INT32 is_key: false is_nullable: true encoding: AUTO_ENCODING compression: DEFAULT_COMPRESSION cfile_block_size: 0 } }
W0720 00:35:56.209619 12023 catalog_manager.cc:2160] Unable to reset TS proxy: Not found: No leader found: Tablet cc0a6444c53e4ca28f43b8baa8ec5daf has no consensus state
W0720 00:35:56.209656 12023 catalog_manager.cc:2770] Failed to send alter table request: Not found: Failed to reset TS proxy: No leader found: Tablet cc0a6444c53e4ca28f43b8baa8ec5daf has no consensus state
W0720 00:35:56.210029 12023 catalog_manager.cc:2160] Unable to reset TS proxy: Not found: No leader found: Tablet fb33637e6f9149ae957eece1e0a14736 has no consensus state
W0720 00:35:56.210062 12023 catalog_manager.cc:2770] Failed to send alter table request: Not found: Failed to reset TS proxy: No leader found: Tablet fb33637e6f9149ae957eece1e0a14736 has no consensus state
W0720 00:35:56.210541 12023 catalog_manager.cc:2160] Unable to reset TS proxy: Not found: No leader found: Tablet d52f7cf5517746b3855ab5de02429c7b has no consensus state
W0720 00:35:56.210572 12023 catalog_manager.cc:2770] Failed to send alter table request: Not found: Failed to reset TS proxy: No leader found: Tablet d52f7cf5517746b3855ab5de02429c7b has no consensus state
W0720 00:35:56.210631 12023 catalog_manager.cc:2160] Unable to reset TS proxy: Not found: No leader found: Tablet 6a57c26d3a544205a7915b6156b0567f has no consensus state
W0720 00:35:56.210657 12023 catalog_manager.cc:2770] Failed to send alter table request: Not found: Failed to reset TS proxy: No leader found: Tablet 6a57c26d3a544205a7915b6156b0567f has no consensus state
I0720 00:35:56.210706 12023 catalog_manager.cc:2796] Sending DeleteTablet for 3 replicas of tablet 5d2b354e4dab4313ab880bbbc03f1fd2
I0720 00:35:56.210726 12023 catalog_manager.cc:2812] T 00000000000000000000000000000000 P 1045dd375010469d9a77d8d8f93d4562: Deleting tablet 5d2b354e4dab4313ab880bbbc03f1fd2 on peer ee4ffccf9eb5471297e208d202495ffe with delete type TABLET_DATA_DELETED (Partition dropped at 2016-07-20 00:35:56 UTC)
I0720 00:35:56.210971 12023 catalog_manager.cc:2812] T 00000000000000000000000000000000 P 1045dd375010469d9a77d8d8f93d4562: Deleting tablet 5d2b354e4dab4313ab880bbbc03f1fd2 on peer 3b2a62766e5449f9ae2697a9113d09fb with delete type TABLET_DATA_DELETED (Partition dropped at 2016-07-20 00:35:56 UTC)
I0720 00:35:56.211307 13072 tablet_service.cc:651] Processing DeleteTablet for tablet 5d2b354e4dab4313ab880bbbc03f1fd2 with delete_type TABLET_DATA_DELETED (Partition dropped at 2016-07-20 00:35:56 UTC) from {real_user=slave, eff_user=} at 127.0.0.1:56672
I0720 00:35:56.211406 13072 tablet_peer.cc:214] Initiating TabletPeer shutdown for tablet: 5d2b354e4dab4313ab880bbbc03f1fd2
I0720 00:35:56.211470 13072 maintenance_manager.cc:176] Unregistered op CompactRowSetsOp(5d2b354e4dab4313ab880bbbc03f1fd2)
I0720 00:35:56.211516 13072 maintenance_manager.cc:176] Unregistered op MinorDeltaCompactionOp(5d2b354e4dab4313ab880bbbc03f1fd2)
I0720 00:35:56.211544 13072 maintenance_manager.cc:176] Unregistered op MajorDeltaCompactionOp(5d2b354e4dab4313ab880bbbc03f1fd2)
I0720 00:35:56.211632 13072 maintenance_manager.cc:176] Unregistered op FlushMRSOp(5d2b354e4dab4313ab880bbbc03f1fd2)
I0720 00:35:56.211700 13072 maintenance_manager.cc:176] Unregistered op FlushDeltaMemStoresOp(5d2b354e4dab4313ab880bbbc03f1fd2)
I0720 00:35:56.211700 12811 raft_consensus.cc:869] T 3941d911c89d427eacd1d70afe9fb986 P bcc77f1560a949c6b130d6b3c67653be [term 3 FOLLOWER]: Refusing update from remote peer 3b2a62766e5449f9ae2697a9113d09fb: Log matching property violated. Preceding OpId in replica: term: 2 index: 10. Preceding OpId from leader: term: 3 index: 12. (index mismatch)
I0720 00:35:56.211730 13072 maintenance_manager.cc:176] Unregistered op LogGCOp(5d2b354e4dab4313ab880bbbc03f1fd2)
I0720 00:35:56.211781 13072 raft_consensus.cc:1495] T 5d2b354e4dab4313ab880bbbc03f1fd2 P 3b2a62766e5449f9ae2697a9113d09fb [term 2 LEADER]: Raft consensus shutting down.
I0720 00:35:56.211966 13072 consensus_peers.cc:358] T 5d2b354e4dab4313ab880bbbc03f1fd2 P 3b2a62766e5449f9ae2697a9113d09fb -> Peer bcc77f1560a949c6b130d6b3c67653be (127.42.236.0:42768): Closing peer: bcc77f1560a949c6b130d6b3c67653be
I0720 00:35:56.212077 13457 consensus_queue.cc:578] T 3941d911c89d427eacd1d70afe9fb986 P 3b2a62766e5449f9ae2697a9113d09fb [LEADER]: Connected to new peer: Peer: bcc77f1560a949c6b130d6b3c67653be, Is new: false, Last received: 2.10, Next index: 11, Last known committed idx: 10, Last exchange result: ERROR, Needs remote bootstrap: false
I0720 00:35:56.212182 13348 raft_consensus.cc:869] T 3941d911c89d427eacd1d70afe9fb986 P ee4ffccf9eb5471297e208d202495ffe [term 3 FOLLOWER]: Refusing update from remote peer 3b2a62766e5449f9ae2697a9113d09fb: Log matching property violated. Preceding OpId in replica: term: 2 index: 10. Preceding OpId from leader: term: 3 index: 12. (index mismatch)
I0720 00:35:56.212224 13072 consensus_peers.cc:358] T 5d2b354e4dab4313ab880bbbc03f1fd2 P 3b2a62766e5449f9ae2697a9113d09fb -> Peer ee4ffccf9eb5471297e208d202495ffe (127.42.236.1:57816): Closing peer: ee4ffccf9eb5471297e208d202495ffe
I0720 00:35:56.212555 13456 consensus_queue.cc:578] T 3941d911c89d427eacd1d70afe9fb986 P 3b2a62766e5449f9ae2697a9113d09fb [LEADER]: Connected to new peer: Peer: ee4ffccf9eb5471297e208d202495ffe, Is new: false, Last received: 2.10, Next index: 11, Last known committed idx: 10, Last exchange result: ERROR, Needs remote bootstrap: false
I0720 00:35:56.212669 13072 raft_consensus.cc:1511] T 5d2b354e4dab4313ab880bbbc03f1fd2 P 3b2a62766e5449f9ae2697a9113d09fb [term 2 LEADER]: Raft consensus is shut down!
I0720 00:35:56.213091 12023 catalog_manager.cc:2812] T 00000000000000000000000000000000 P 1045dd375010469d9a77d8d8f93d4562: Deleting tablet 5d2b354e4dab4313ab880bbbc03f1fd2 on peer bcc77f1560a949c6b130d6b3c67653be with delete type TABLET_DATA_DELETED (Partition dropped at 2016-07-20 00:35:56 UTC)
I0720 00:35:56.213376 12023 catalog_manager.cc:2796] Sending DeleteTablet for 3 replicas of tablet 6f1310ae89dc4ea0b984b70b1d6f520f
I0720 00:35:56.213407 12023 catalog_manager.cc:2812] T 00000000000000000000000000000000 P 1045dd375010469d9a77d8d8f93d4562: Deleting tablet 6f1310ae89dc4ea0b984b70b1d6f520f on peer ee4ffccf9eb5471297e208d202495ffe with delete type TABLET_DATA_DELETED (Partition dropped at 2016-07-20 00:35:56 UTC)
I0720 00:35:56.213490 12023 catalog_manager.cc:2812] T 00000000000000000000000000000000 P 1045dd375010469d9a77d8d8f93d4562: Deleting tablet 6f1310ae89dc4ea0b984b70b1d6f520f on peer 3b2a62766e5449f9ae2697a9113d09fb with delete type TABLET_DATA_DELETED (Partition dropped at 2016-07-20 00:35:56 UTC)
I0720 00:35:56.213505 12790 tablet_service.cc:651] Processing DeleteTablet for tablet 5d2b354e4dab4313ab880bbbc03f1fd2 with delete_type TABLET_DATA_DELETED (Partition dropped at 2016-07-20 00:35:56 UTC) from {real_user=slave, eff_user=} at 127.0.0.1:36291
I0720 00:35:56.213548 12790 tablet_peer.cc:214] Initiating TabletPeer shutdown for tablet: 5d2b354e4dab4313ab880bbbc03f1fd2
I0720 00:35:56.213627 12790 maintenance_manager.cc:176] Unregistered op CompactRowSetsOp(5d2b354e4dab4313ab880bbbc03f1fd2)
I0720 00:35:56.213673 12790 maintenance_manager.cc:176] Unregistered op MinorDeltaCompactionOp(5d2b354e4dab4313ab880bbbc03f1fd2)
I0720 00:35:56.213703 12790 maintenance_manager.cc:176] Unregistered op MajorDeltaCompactionOp(5d2b354e4dab4313ab880bbbc03f1fd2)
I0720 00:35:56.213745 12790 maintenance_manager.cc:176] Unregistered op FlushMRSOp(5d2b354e4dab4313ab880bbbc03f1fd2)
I0720 00:35:56.213775 12790 maintenance_manager.cc:176] Unregistered op FlushDeltaMemStoresOp(5d2b354e4dab4313ab880bbbc03f1fd2)
I0720 00:35:56.213775 13071 tablet_service.cc:651] Processing DeleteTablet for tablet 6f1310ae89dc4ea0b984b70b1d6f520f with delete_type TABLET_DATA_DELETED (Partition dropped at 2016-07-20 00:35:56 UTC) from {real_user=slave, eff_user=} at 127.0.0.1:56672
I0720 00:35:56.213805 12790 maintenance_manager.cc:176] Unregistered op LogGCOp(5d2b354e4dab4313ab880bbbc03f1fd2)
I0720 00:35:56.213814 13071 tablet_peer.cc:214] Initiating TabletPeer shutdown for tablet: 6f1310ae89dc4ea0b984b70b1d6f520f
I0720 00:35:56.213840 13071 maintenance_manager.cc:176] Unregistered op CompactRowSetsOp(6f1310ae89dc4ea0b984b70b1d6f520f)
I0720 00:35:56.213852 12790 raft_consensus.cc:1495] T 5d2b354e4dab4313ab880bbbc03f1fd2 P bcc77f1560a949c6b130d6b3c67653be [term 2 FOLLOWER]: Raft consensus shutting down.
I0720 00:35:56.213862 13071 maintenance_manager.cc:176] Unregistered op MinorDeltaCompactionOp(6f1310ae89dc4ea0b984b70b1d6f520f)
I0720 00:35:56.213870 13071 maintenance_manager.cc:176] Unregistered op MajorDeltaCompactionOp(6f1310ae89dc4ea0b984b70b1d6f520f)
I0720 00:35:56.213884 13071 maintenance_manager.cc:176] Unregistered op FlushMRSOp(6f1310ae89dc4ea0b984b70b1d6f520f)
I0720 00:35:56.213898 13071 maintenance_manager.cc:176] Unregistered op FlushDeltaMemStoresOp(6f1310ae89dc4ea0b984b70b1d6f520f)
I0720 00:35:56.213910 13071 maintenance_manager.cc:176] Unregistered op LogGCOp(6f1310ae89dc4ea0b984b70b1d6f520f)
I0720 00:35:56.213912 12790 raft_consensus.cc:1511] T 5d2b354e4dab4313ab880bbbc03f1fd2 P bcc77f1560a949c6b130d6b3c67653be [term 2 FOLLOWER]: Raft consensus is shut down!
I0720 00:35:56.213933 13071 raft_consensus.cc:1495] T 6f1310ae89dc4ea0b984b70b1d6f520f P 3b2a62766e5449f9ae2697a9113d09fb [term 2 FOLLOWER]: Raft consensus shutting down.
I0720 00:35:56.213968 13071 raft_consensus.cc:1511] T 6f1310ae89dc4ea0b984b70b1d6f520f P 3b2a62766e5449f9ae2697a9113d09fb [term 2 FOLLOWER]: Raft consensus is shut down!
I0720 00:35:56.214041 12023 catalog_manager.cc:2812] T 00000000000000000000000000000000 P 1045dd375010469d9a77d8d8f93d4562: Deleting tablet 6f1310ae89dc4ea0b984b70b1d6f520f on peer bcc77f1560a949c6b130d6b3c67653be with delete type TABLET_DATA_DELETED (Partition dropped at 2016-07-20 00:35:56 UTC)
I0720 00:35:56.214402 12789 tablet_service.cc:651] Processing DeleteTablet for tablet 6f1310ae89dc4ea0b984b70b1d6f520f with delete_type TABLET_DATA_DELETED (Partition dropped at 2016-07-20 00:35:56 UTC) from {real_user=slave, eff_user=} at 127.0.0.1:36291
I0720 00:35:56.214444 12789 tablet_peer.cc:214] Initiating TabletPeer shutdown for tablet: 6f1310ae89dc4ea0b984b70b1d6f520f
I0720 00:35:56.214484 12789 maintenance_manager.cc:176] Unregistered op CompactRowSetsOp(6f1310ae89dc4ea0b984b70b1d6f520f)
I0720 00:35:56.214503 12789 maintenance_manager.cc:176] Unregistered op MinorDeltaCompactionOp(6f1310ae89dc4ea0b984b70b1d6f520f)
I0720 00:35:56.214522 12789 maintenance_manager.cc:176] Unregistered op MajorDeltaCompactionOp(6f1310ae89dc4ea0b984b70b1d6f520f)
I0720 00:35:56.214561 12789 maintenance_manager.cc:176] Unregistered op FlushMRSOp(6f1310ae89dc4ea0b984b70b1d6f520f)
I0720 00:35:56.214586 12789 maintenance_manager.cc:176] Unregistered op FlushDeltaMemStoresOp(6f1310ae89dc4ea0b984b70b1d6f520f)
I0720 00:35:56.214612 12789 maintenance_manager.cc:176] Unregistered op LogGCOp(6f1310ae89dc4ea0b984b70b1d6f520f)
I0720 00:35:56.214658 12789 raft_consensus.cc:1495] T 6f1310ae89dc4ea0b984b70b1d6f520f P bcc77f1560a949c6b130d6b3c67653be [term 2 LEADER]: Raft consensus shutting down.
I0720 00:35:56.214787 12023 catalog_manager.cc:2796] Sending DeleteTablet for 3 replicas of tablet 304f195d847441e5a3daabaa3158a7fa
I0720 00:35:56.214817 12023 catalog_manager.cc:2812] T 00000000000000000000000000000000 P 1045dd375010469d9a77d8d8f93d4562: Deleting tablet 304f195d847441e5a3daabaa3158a7fa on peer ee4ffccf9eb5471297e208d202495ffe with delete type TABLET_DATA_DELETED (Partition dropped at 2016-07-20 00:35:56 UTC)
I0720 00:35:56.214854 12789 consensus_peers.cc:358] T 6f1310ae89dc4ea0b984b70b1d6f520f P bcc77f1560a949c6b130d6b3c67653be -> Peer 3b2a62766e5449f9ae2697a9113d09fb (127.42.236.2:60090): Closing peer: 3b2a62766e5449f9ae2697a9113d09fb
I0720 00:35:56.214954 12023 catalog_manager.cc:2812] T 00000000000000000000000000000000 P 1045dd375010469d9a77d8d8f93d4562: Deleting tablet 304f195d847441e5a3daabaa3158a7fa on peer 3b2a62766e5449f9ae2697a9113d09fb with delete type TABLET_DATA_DELETED (Partition dropped at 2016-07-20 00:35:56 UTC)
I0720 00:35:56.215077 12789 consensus_peers.cc:358] T 6f1310ae89dc4ea0b984b70b1d6f520f P bcc77f1560a949c6b130d6b3c67653be -> Peer ee4ffccf9eb5471297e208d202495ffe (127.42.236.1:57816): Closing peer: ee4ffccf9eb5471297e208d202495ffe
I0720 00:35:56.215306 13070 tablet_service.cc:651] Processing DeleteTablet for tablet 304f195d847441e5a3daabaa3158a7fa with delete_type TABLET_DATA_DELETED (Partition dropped at 2016-07-20 00:35:56 UTC) from {real_user=slave, eff_user=} at 127.0.0.1:56672
I0720 00:35:56.215338 12789 raft_consensus_state.cc:377] T 6f1310ae89dc4ea0b984b70b1d6f520f P bcc77f1560a949c6b130d6b3c67653be [term 2 LEADER]: Trying to abort 1 pending transactions.
I0720 00:35:56.215356 13070 tablet_peer.cc:214] Initiating TabletPeer shutdown for tablet: 304f195d847441e5a3daabaa3158a7fa
I0720 00:35:56.215378 13070 maintenance_manager.cc:176] Unregistered op CompactRowSetsOp(304f195d847441e5a3daabaa3158a7fa)
I0720 00:35:56.215379 12789 raft_consensus_state.cc:382] T 6f1310ae89dc4ea0b984b70b1d6f520f P bcc77f1560a949c6b130d6b3c67653be [term 2 LEADER]: Aborting transaction as it isn't in flight: id { term: 2 index: 5 } timestamp: 6016921418651226112 op_type: NO_OP noop_request { }
I0720 00:35:56.215391 13070 maintenance_manager.cc:176] Unregistered op MinorDeltaCompactionOp(304f195d847441e5a3daabaa3158a7fa)
I0720 00:35:56.215400 13070 maintenance_manager.cc:176] Unregistered op MajorDeltaCompactionOp(304f195d847441e5a3daabaa3158a7fa)
I0720 00:35:56.215401 12789 raft_consensus.cc:1906] T 6f1310ae89dc4ea0b984b70b1d6f520f P bcc77f1560a949c6b130d6b3c67653be: NO_OP replication failed: Aborted: Transaction aborted
I0720 00:35:56.215411 13070 maintenance_manager.cc:176] Unregistered op FlushMRSOp(304f195d847441e5a3daabaa3158a7fa)
I0720 00:35:56.215420 13070 maintenance_manager.cc:176] Unregistered op FlushDeltaMemStoresOp(304f195d847441e5a3daabaa3158a7fa)
I0720 00:35:56.215418 12789 raft_consensus.cc:1511] T 6f1310ae89dc4ea0b984b70b1d6f520f P bcc77f1560a949c6b130d6b3c67653be [term 2 LEADER]: Raft consensus is shut down!
I0720 00:35:56.215426 13070 maintenance_manager.cc:176] Unregistered op LogGCOp(304f195d847441e5a3daabaa3158a7fa)
I0720 00:35:56.215446 13070 raft_consensus.cc:1495] T 304f195d847441e5a3daabaa3158a7fa P 3b2a62766e5449f9ae2697a9113d09fb [term 2 FOLLOWER]: Raft consensus shutting down.
I0720 00:35:56.215472 13070 raft_consensus.cc:1511] T 304f195d847441e5a3daabaa3158a7fa P 3b2a62766e5449f9ae2697a9113d09fb [term 2 FOLLOWER]: Raft consensus is shut down!
I0720 00:35:56.215479 12790 ts_tablet_manager.cc:960] T 5d2b354e4dab4313ab880bbbc03f1fd2 P bcc77f1560a949c6b130d6b3c67653be: Deleting tablet data with delete state TABLET_DATA_DELETED
I0720 00:35:56.215508 13326 tablet_service.cc:651] Processing DeleteTablet for tablet 5d2b354e4dab4313ab880bbbc03f1fd2 with delete_type TABLET_DATA_DELETED (Partition dropped at 2016-07-20 00:35:56 UTC) from {real_user=slave, eff_user=} at 127.0.0.1:60342
I0720 00:35:56.215576 13326 tablet_peer.cc:214] Initiating TabletPeer shutdown for tablet: 5d2b354e4dab4313ab880bbbc03f1fd2
I0720 00:35:56.215602 12023 catalog_manager.cc:2812] T 00000000000000000000000000000000 P 1045dd375010469d9a77d8d8f93d4562: Deleting tablet 304f195d847441e5a3daabaa3158a7fa on peer bcc77f1560a949c6b130d6b3c67653be with delete type TABLET_DATA_DELETED (Partition dropped at 2016-07-20 00:35:56 UTC)
I0720 00:35:56.215692 13326 maintenance_manager.cc:176] Unregistered op CompactRowSetsOp(5d2b354e4dab4313ab880bbbc03f1fd2)
I0720 00:35:56.215740 13326 maintenance_manager.cc:176] Unregistered op MinorDeltaCompactionOp(5d2b354e4dab4313ab880bbbc03f1fd2)
I0720 00:35:56.215765 13326 maintenance_manager.cc:176] Unregistered op MajorDeltaCompactionOp(5d2b354e4dab4313ab880bbbc03f1fd2)
