I0720 00:35:43.927095 12150 tablet_server_main.cc:60] Tablet server successfully started.
I0720 00:35:43.927275 10988 external_mini_cluster.cc:595] Started /tmp/run_tha_testFPtVYj/build/debug/bin/kudu-tserver as pid 12150
I0720 00:35:43.930523 12264 heartbeater.cc:255] Connected to a leader master server at 127.0.0.1:35587
I0720 00:35:43.930608 12264 heartbeater.cc:322] Registering TS with master...
I0720 00:35:43.930675 12264 heartbeater.cc:328] Sending a full tablet report to master...
I0720 00:35:43.931216 12021 ts_manager.cc:86] Re-registered known tablet server { permanent_uuid: "ee4ffccf9eb5471297e208d202495ffe" instance_seqno: 1468974943923596 } with Master
I0720 00:35:43.966985 12159 log_util.cc:606] Found no log entry headers
I0720 00:35:43.967027 12159 log_util.cc:215] Ignoring log segment corruption in /tmp/kudutest-1000/alter_table-randomized-test.AlterTableRandomized.TestRandomSequence.1468974934021256-10988/minicluster-data/ts-1/wals/835f3db771474d8cb6a27710c44abd95.recovery/wal-000000001 because there are no log entries following the corrupted one. The server probably crashed in the middle of writing an entry to the write-ahead log or downloaded an active log via remote bootstrap. Error detail: Corruption: CRC mismatch in log entry header: Log file corruption detected. Failed trying to read batch #0 at offset 2992 for log segment /tmp/kudutest-1000/alter_table-randomized-test.AlterTableRandomized.TestRandomSequence.1468974934021256-10988/minicluster-data/ts-1/wals/835f3db771474d8cb6a27710c44abd95.recovery/wal-000000001: Prior entries: [off=2765 REPLICATE (1.14)] [off=2799 COMMIT (1.14)] [off=2958 REPLICATE (1.15)] [off=2992 COMMIT (1.15)]
I0720 00:35:43.967058 12159 log_util.cc:359] Successfully rebuilt footer for segment: /tmp/kudutest-1000/alter_table-randomized-test.AlterTableRandomized.TestRandomSequence.1468974934021256-10988/minicluster-data/ts-1/wals/835f3db771474d8cb6a27710c44abd95.recovery/wal-000000001 (valid entries through byte offset 2992)
I0720 00:35:43.967453 12159 tablet.cc:853] T 835f3db771474d8cb6a27710c44abd95 Rewinding schema during bootstrap to Schema [ 10:key[int32 NOT NULL], 14:c186[int32 NOT NULL], 16:c425[int32 NULLABLE] ]
I0720 00:35:43.968421 12159 log.cc:349] Log is configured to *not* fsync() on all Append() calls
I0720 00:35:43.970515 12159 tablet.cc:824] T 835f3db771474d8cb6a27710c44abd95 Alter schema from Schema [ 10:key[int32 NOT NULL], 14:c186[int32 NOT NULL], 16:c425[int32 NULLABLE] ] version 0 to Schema [ 10:key[int32 NOT NULL], 14:c186[int32 NOT NULL], 16:c425[int32 NULLABLE] ] version 5
I0720 00:35:43.970630 12159 tablet_metadata.cc:428] Not flushing: waiting for 1 pins to be released.
I0720 00:35:43.977531 12159 tablet_bootstrap.cc:400] T 835f3db771474d8cb6a27710c44abd95 P ee4ffccf9eb5471297e208d202495ffe: Bootstrap replayed 1/1 log segments. Stats: ops{read=15 overwritten=0 applied=15 ignored=0} inserts{seen=6 ignored=0} mutations{seen=7 ignored=0} orphaned_commits=0. Pending: 0 replicates
I0720 00:35:43.977576 12159 tablet_bootstrap.cc:1040] T 835f3db771474d8cb6a27710c44abd95 P ee4ffccf9eb5471297e208d202495ffe: ReplayState: Previous OpId: 1.15, Committed OpId: 1.15, Pending Replicates: 0, Pending Commits: 0
I0720 00:35:43.978384 12159 tablet_bootstrap.cc:656] T 835f3db771474d8cb6a27710c44abd95 P ee4ffccf9eb5471297e208d202495ffe: Preparing to delete log recovery files and directory /tmp/kudutest-1000/alter_table-randomized-test.AlterTableRandomized.TestRandomSequence.1468974934021256-10988/minicluster-data/ts-1/wals/835f3db771474d8cb6a27710c44abd95.recovery
I0720 00:35:43.978409 12159 tablet_bootstrap.cc:659] T 835f3db771474d8cb6a27710c44abd95 P ee4ffccf9eb5471297e208d202495ffe: Renaming log recovery dir from /tmp/kudutest-1000/alter_table-randomized-test.AlterTableRandomized.TestRandomSequence.1468974934021256-10988/minicluster-data/ts-1/wals/835f3db771474d8cb6a27710c44abd95.recovery to /tmp/kudutest-1000/alter_table-randomized-test.AlterTableRandomized.TestRandomSequence.1468974934021256-10988/minicluster-data/ts-1/wals/835f3db771474d8cb6a27710c44abd95.recovery-1468974943978402
I0720 00:35:43.978448 12159 tablet_bootstrap.cc:669] T 835f3db771474d8cb6a27710c44abd95 P ee4ffccf9eb5471297e208d202495ffe: Deleting all files from renamed log recovery directory /tmp/kudutest-1000/alter_table-randomized-test.AlterTableRandomized.TestRandomSequence.1468974934021256-10988/minicluster-data/ts-1/wals/835f3db771474d8cb6a27710c44abd95.recovery-1468974943978402
I0720 00:35:43.978662 12159 tablet_bootstrap.cc:672] T 835f3db771474d8cb6a27710c44abd95 P ee4ffccf9eb5471297e208d202495ffe: Completed deletion of old log recovery files and directory /tmp/kudutest-1000/alter_table-randomized-test.AlterTableRandomized.TestRandomSequence.1468974934021256-10988/minicluster-data/ts-1/wals/835f3db771474d8cb6a27710c44abd95.recovery-1468974943978402
I0720 00:35:43.979538 12159 tablet_bootstrap.cc:400] T 835f3db771474d8cb6a27710c44abd95 P ee4ffccf9eb5471297e208d202495ffe: Bootstrap complete.
I0720 00:35:43.984725 12159 ts_tablet_manager.cc:636] T 835f3db771474d8cb6a27710c44abd95 P ee4ffccf9eb5471297e208d202495ffe: Time spent bootstrapping tablet: real 0.070s user 0.040s sys 0.024s
I0720 00:35:43.986027 12159 raft_consensus.cc:269] T 835f3db771474d8cb6a27710c44abd95 P ee4ffccf9eb5471297e208d202495ffe [term 1 FOLLOWER]: Replica starting. Triggering 0 pending transactions. Active config: opid_index: -1 peers { permanent_uuid: "3b2a62766e5449f9ae2697a9113d09fb" member_type: VOTER last_known_addr { host: "127.42.236.2" port: 60090 } } peers { permanent_uuid: "ee4ffccf9eb5471297e208d202495ffe" member_type: VOTER last_known_addr { host: "127.42.236.1" port: 57816 } } peers { permanent_uuid: "bcc77f1560a949c6b130d6b3c67653be" member_type: VOTER last_known_addr { host: "127.42.236.0" port: 42768 } }
I0720 00:35:43.986300 12159 raft_consensus.cc:499] T 835f3db771474d8cb6a27710c44abd95 P ee4ffccf9eb5471297e208d202495ffe [term 1 FOLLOWER]: Becoming Follower/Learner. State: Replica: ee4ffccf9eb5471297e208d202495ffe, State: 1, Role: FOLLOWER Watermarks: {Received: term: 1 index: 15 Committed: term: 1 index: 15}
I0720 00:35:43.986383 12159 consensus_queue.cc:162] T 835f3db771474d8cb6a27710c44abd95 P ee4ffccf9eb5471297e208d202495ffe [NON_LEADER]: Queue going to NON_LEADER mode. State: All replicated op: 0.0, Majority replicated op: 0.0, Committed index: 0.0, Last appended: 1.15, Current term: 0, Majority size: -1, State: 1, Mode: NON_LEADER
I0720 00:35:43.987033 12159 ts_tablet_manager.cc:663] T 835f3db771474d8cb6a27710c44abd95 P ee4ffccf9eb5471297e208d202495ffe: Time spent starting tablet: real 0.002s user 0.000s sys 0.004s
I0720 00:35:43.987121 12159 ts_tablet_manager.cc:631] T 5a7b7855b3b94fb68b828969fa703ce1 P ee4ffccf9eb5471297e208d202495ffe: Bootstrapping tablet
I0720 00:35:43.987293 12159 tablet_bootstrap.cc:400] T 5a7b7855b3b94fb68b828969fa703ce1 P ee4ffccf9eb5471297e208d202495ffe: Bootstrap starting.
I0720 00:35:43.987891 12159 tablet_bootstrap.cc:563] T 5a7b7855b3b94fb68b828969fa703ce1 P ee4ffccf9eb5471297e208d202495ffe: Time spent opening tablet: real 0.000s user 0.000s sys 0.000s
I0720 00:35:43.988037 12159 tablet_bootstrap.cc:619] T 5a7b7855b3b94fb68b828969fa703ce1 P ee4ffccf9eb5471297e208d202495ffe: Will attempt to recover log segment /tmp/kudutest-1000/alter_table-randomized-test.AlterTableRandomized.TestRandomSequence.1468974934021256-10988/minicluster-data/ts-1/wals/5a7b7855b3b94fb68b828969fa703ce1/wal-000000001 to /tmp/kudutest-1000/alter_table-randomized-test.AlterTableRandomized.TestRandomSequence.1468974934021256-10988/minicluster-data/ts-1/wals/5a7b7855b3b94fb68b828969fa703ce1.recovery/wal-000000001
I0720 00:35:43.988054 12159 tablet_bootstrap.cc:627] T 5a7b7855b3b94fb68b828969fa703ce1 P ee4ffccf9eb5471297e208d202495ffe: Moving log directory /tmp/kudutest-1000/alter_table-randomized-test.AlterTableRandomized.TestRandomSequence.1468974934021256-10988/minicluster-data/ts-1/wals/5a7b7855b3b94fb68b828969fa703ce1 to recovery directory /tmp/kudutest-1000/alter_table-randomized-test.AlterTableRandomized.TestRandomSequence.1468974934021256-10988/minicluster-data/ts-1/wals/5a7b7855b3b94fb68b828969fa703ce1.recovery in preparation for log replay
W0720 00:35:43.988261 12159 log_util.cc:311] Could not read footer for segment: /tmp/kudutest-1000/alter_table-randomized-test.AlterTableRandomized.TestRandomSequence.1468974934021256-10988/minicluster-data/ts-1/wals/5a7b7855b3b94fb68b828969fa703ce1.recovery/wal-000000001: Not found: Footer not found. Footer magic doesn't match
I0720 00:35:43.988281 12159 log_reader.cc:152] Log segment /tmp/kudutest-1000/alter_table-randomized-test.AlterTableRandomized.TestRandomSequence.1468974934021256-10988/minicluster-data/ts-1/wals/5a7b7855b3b94fb68b828969fa703ce1.recovery/wal-000000001 was likely left in-progress after a previous crash. Will try to rebuild footer by scanning data.
I0720 00:35:43.988554 12159 log_util.cc:569] Scanning /tmp/kudutest-1000/alter_table-randomized-test.AlterTableRandomized.TestRandomSequence.1468974934021256-10988/minicluster-data/ts-1/wals/5a7b7855b3b94fb68b828969fa703ce1.recovery/wal-000000001 for valid entry headers following offset 1835...
I0720 00:35:44.034109 12159 log_util.cc:606] Found no log entry headers
I0720 00:35:44.034175 12159 log_util.cc:215] Ignoring log segment corruption in /tmp/kudutest-1000/alter_table-randomized-test.AlterTableRandomized.TestRandomSequence.1468974934021256-10988/minicluster-data/ts-1/wals/5a7b7855b3b94fb68b828969fa703ce1.recovery/wal-000000001 because there are no log entries following the corrupted one. The server probably crashed in the middle of writing an entry to the write-ahead log or downloaded an active log via remote bootstrap. Error detail: Corruption: CRC mismatch in log entry header: Log file corruption detected. Failed trying to read batch #0 at offset 1823 for log segment /tmp/kudutest-1000/alter_table-randomized-test.AlterTableRandomized.TestRandomSequence.1468974934021256-10988/minicluster-data/ts-1/wals/5a7b7855b3b94fb68b828969fa703ce1.recovery/wal-000000001: Prior entries: [off=1592 REPLICATE (1.8)] [off=1626 COMMIT (1.8)] [off=1789 REPLICATE (1.9)] [off=1823 COMMIT (1.9)]
I0720 00:35:44.034190 12159 log_util.cc:359] Successfully rebuilt footer for segment: /tmp/kudutest-1000/alter_table-randomized-test.AlterTableRandomized.TestRandomSequence.1468974934021256-10988/minicluster-data/ts-1/wals/5a7b7855b3b94fb68b828969fa703ce1.recovery/wal-000000001 (valid entries through byte offset 1823)
I0720 00:35:44.034447 12159 tablet.cc:853] T 5a7b7855b3b94fb68b828969fa703ce1 Rewinding schema during bootstrap to Schema [ 10:key[int32 NOT NULL], 14:c186[int32 NOT NULL], 16:c425[int32 NULLABLE] ]
I0720 00:35:44.036634 12159 tablet.cc:824] T 5a7b7855b3b94fb68b828969fa703ce1 Alter schema from Schema [ 10:key[int32 NOT NULL], 14:c186[int32 NOT NULL], 16:c425[int32 NULLABLE] ] version 0 to Schema [ 10:key[int32 NOT NULL], 14:c186[int32 NOT NULL], 16:c425[int32 NULLABLE] ] version 5
I0720 00:35:44.036761 12159 tablet_metadata.cc:428] Not flushing: waiting for 1 pins to be released.
I0720 00:35:44.040132 12159 tablet_bootstrap.cc:400] T 5a7b7855b3b94fb68b828969fa703ce1 P ee4ffccf9eb5471297e208d202495ffe: Bootstrap replayed 1/1 log segments. Stats: ops{read=9 overwritten=0 applied=9 ignored=0} inserts{seen=6 ignored=0} mutations{seen=1 ignored=0} orphaned_commits=0. Pending: 0 replicates
I0720 00:35:44.040174 12159 tablet_bootstrap.cc:1040] T 5a7b7855b3b94fb68b828969fa703ce1 P ee4ffccf9eb5471297e208d202495ffe: ReplayState: Previous OpId: 1.9, Committed OpId: 1.9, Pending Replicates: 0, Pending Commits: 0
I0720 00:35:44.040611 12159 tablet_bootstrap.cc:656] T 5a7b7855b3b94fb68b828969fa703ce1 P ee4ffccf9eb5471297e208d202495ffe: Preparing to delete log recovery files and directory /tmp/kudutest-1000/alter_table-randomized-test.AlterTableRandomized.TestRandomSequence.1468974934021256-10988/minicluster-data/ts-1/wals/5a7b7855b3b94fb68b828969fa703ce1.recovery
I0720 00:35:44.040632 12159 tablet_bootstrap.cc:659] T 5a7b7855b3b94fb68b828969fa703ce1 P ee4ffccf9eb5471297e208d202495ffe: Renaming log recovery dir from /tmp/kudutest-1000/alter_table-randomized-test.AlterTableRandomized.TestRandomSequence.1468974934021256-10988/minicluster-data/ts-1/wals/5a7b7855b3b94fb68b828969fa703ce1.recovery to /tmp/kudutest-1000/alter_table-randomized-test.AlterTableRandomized.TestRandomSequence.1468974934021256-10988/minicluster-data/ts-1/wals/5a7b7855b3b94fb68b828969fa703ce1.recovery-1468974944040629
I0720 00:35:44.040666 12159 tablet_bootstrap.cc:669] T 5a7b7855b3b94fb68b828969fa703ce1 P ee4ffccf9eb5471297e208d202495ffe: Deleting all files from renamed log recovery directory /tmp/kudutest-1000/alter_table-randomized-test.AlterTableRandomized.TestRandomSequence.1468974934021256-10988/minicluster-data/ts-1/wals/5a7b7855b3b94fb68b828969fa703ce1.recovery-1468974944040629
I0720 00:35:44.040803 12159 tablet_bootstrap.cc:672] T 5a7b7855b3b94fb68b828969fa703ce1 P ee4ffccf9eb5471297e208d202495ffe: Completed deletion of old log recovery files and directory /tmp/kudutest-1000/alter_table-randomized-test.AlterTableRandomized.TestRandomSequence.1468974934021256-10988/minicluster-data/ts-1/wals/5a7b7855b3b94fb68b828969fa703ce1.recovery-1468974944040629
I0720 00:35:44.041443 12159 tablet_bootstrap.cc:400] T 5a7b7855b3b94fb68b828969fa703ce1 P ee4ffccf9eb5471297e208d202495ffe: Bootstrap complete.
I0720 00:35:44.046875 12159 ts_tablet_manager.cc:636] T 5a7b7855b3b94fb68b828969fa703ce1 P ee4ffccf9eb5471297e208d202495ffe: Time spent bootstrapping tablet: real 0.060s user 0.028s sys 0.028s
I0720 00:35:44.047593 12159 raft_consensus.cc:269] T 5a7b7855b3b94fb68b828969fa703ce1 P ee4ffccf9eb5471297e208d202495ffe [term 1 FOLLOWER]: Replica starting. Triggering 0 pending transactions. Active config: opid_index: -1 peers { permanent_uuid: "ee4ffccf9eb5471297e208d202495ffe" member_type: VOTER last_known_addr { host: "127.42.236.1" port: 57816 } } peers { permanent_uuid: "3b2a62766e5449f9ae2697a9113d09fb" member_type: VOTER last_known_addr { host: "127.42.236.2" port: 60090 } } peers { permanent_uuid: "bcc77f1560a949c6b130d6b3c67653be" member_type: VOTER last_known_addr { host: "127.42.236.0" port: 42768 } }
I0720 00:35:44.047653 12159 raft_consensus.cc:499] T 5a7b7855b3b94fb68b828969fa703ce1 P ee4ffccf9eb5471297e208d202495ffe [term 1 FOLLOWER]: Becoming Follower/Learner. State: Replica: ee4ffccf9eb5471297e208d202495ffe, State: 1, Role: FOLLOWER Watermarks: {Received: term: 1 index: 9 Committed: term: 1 index: 9}
I0720 00:35:44.047684 12159 consensus_queue.cc:162] T 5a7b7855b3b94fb68b828969fa703ce1 P ee4ffccf9eb5471297e208d202495ffe [NON_LEADER]: Queue going to NON_LEADER mode. State: All replicated op: 0.0, Majority replicated op: 0.0, Committed index: 0.0, Last appended: 1.9, Current term: 0, Majority size: -1, State: 1, Mode: NON_LEADER
I0720 00:35:44.048029 12159 ts_tablet_manager.cc:663] T 5a7b7855b3b94fb68b828969fa703ce1 P ee4ffccf9eb5471297e208d202495ffe: Time spent starting tablet: real 0.001s user 0.000s sys 0.004s
I0720 00:35:45.377866 12119 raft_consensus.cc:366] T 5a7b7855b3b94fb68b828969fa703ce1 P 3b2a62766e5449f9ae2697a9113d09fb [term 1 FOLLOWER]: Failure of leader ee4ffccf9eb5471297e208d202495ffe detected. Triggering leader election
I0720 00:35:45.377914 12119 raft_consensus.cc:2019] T 5a7b7855b3b94fb68b828969fa703ce1 P 3b2a62766e5449f9ae2697a9113d09fb [term 1 FOLLOWER]: Advancing to term 2
I0720 00:35:45.378538 12119 raft_consensus.cc:1970] T 5a7b7855b3b94fb68b828969fa703ce1 P 3b2a62766e5449f9ae2697a9113d09fb [term 2 FOLLOWER]: Snoozing failure detection for election timeout plus an additional 1.543s
I0720 00:35:45.378607 12119 raft_consensus.cc:386] T 5a7b7855b3b94fb68b828969fa703ce1 P 3b2a62766e5449f9ae2697a9113d09fb [term 2 FOLLOWER]: Starting election with config: opid_index: -1 peers { permanent_uuid: "ee4ffccf9eb5471297e208d202495ffe" member_type: VOTER last_known_addr { host: "127.42.236.1" port: 57816 } } peers { permanent_uuid: "3b2a62766e5449f9ae2697a9113d09fb" member_type: VOTER last_known_addr { host: "127.42.236.2" port: 60090 } } peers { permanent_uuid: "bcc77f1560a949c6b130d6b3c67653be" member_type: VOTER last_known_addr { host: "127.42.236.0" port: 42768 } }
I0720 00:35:45.380110 12119 leader_election.cc:223] T 5a7b7855b3b94fb68b828969fa703ce1 P 3b2a62766e5449f9ae2697a9113d09fb [CANDIDATE]: Term 2 election: Requesting vote from peer ee4ffccf9eb5471297e208d202495ffe
I0720 00:35:45.380204 12119 leader_election.cc:223] T 5a7b7855b3b94fb68b828969fa703ce1 P 3b2a62766e5449f9ae2697a9113d09fb [CANDIDATE]: Term 2 election: Requesting vote from peer bcc77f1560a949c6b130d6b3c67653be
I0720 00:35:45.381794 12221 raft_consensus.cc:2019] T 5a7b7855b3b94fb68b828969fa703ce1 P ee4ffccf9eb5471297e208d202495ffe [term 1 FOLLOWER]: Advancing to term 2
I0720 00:35:45.381930 11943 raft_consensus.cc:2019] T 5a7b7855b3b94fb68b828969fa703ce1 P bcc77f1560a949c6b130d6b3c67653be [term 1 FOLLOWER]: Advancing to term 2
I0720 00:35:45.382311 12221 raft_consensus.cc:1970] T 5a7b7855b3b94fb68b828969fa703ce1 P ee4ffccf9eb5471297e208d202495ffe [term 2 FOLLOWER]: Snoozing failure detection for election timeout plus an additional 1.512s
I0720 00:35:45.382421 11943 raft_consensus.cc:1970] T 5a7b7855b3b94fb68b828969fa703ce1 P bcc77f1560a949c6b130d6b3c67653be [term 2 FOLLOWER]: Snoozing failure detection for election timeout plus an additional 1.580s
I0720 00:35:45.382840 12221 raft_consensus.cc:1677] T 5a7b7855b3b94fb68b828969fa703ce1 P ee4ffccf9eb5471297e208d202495ffe [term 2 FOLLOWER]: Leader election vote request: Granting yes vote for candidate 3b2a62766e5449f9ae2697a9113d09fb in term 2.
I0720 00:35:45.382869 11943 raft_consensus.cc:1677] T 5a7b7855b3b94fb68b828969fa703ce1 P bcc77f1560a949c6b130d6b3c67653be [term 2 FOLLOWER]: Leader election vote request: Granting yes vote for candidate 3b2a62766e5449f9ae2697a9113d09fb in term 2.
I0720 00:35:45.383047 11634 leader_election.cc:347] T 5a7b7855b3b94fb68b828969fa703ce1 P 3b2a62766e5449f9ae2697a9113d09fb [CANDIDATE]: Term 2 election: Vote granted by peer ee4ffccf9eb5471297e208d202495ffe
I0720 00:35:45.383090 11634 leader_election.cc:248] T 5a7b7855b3b94fb68b828969fa703ce1 P 3b2a62766e5449f9ae2697a9113d09fb [CANDIDATE]: Term 2 election: Election decided. Result: candidate won.
I0720 00:35:45.383199 11633 leader_election.cc:347] T 5a7b7855b3b94fb68b828969fa703ce1 P 3b2a62766e5449f9ae2697a9113d09fb [CANDIDATE]: Term 2 election: Vote granted by peer bcc77f1560a949c6b130d6b3c67653be
I0720 00:35:45.383298 12282 raft_consensus.cc:1970] T 5a7b7855b3b94fb68b828969fa703ce1 P 3b2a62766e5449f9ae2697a9113d09fb [term 2 FOLLOWER]: Snoozing failure detection for election timeout plus an additional 1.570s
I0720 00:35:45.383332 12282 raft_consensus.cc:1859] T 5a7b7855b3b94fb68b828969fa703ce1 P 3b2a62766e5449f9ae2697a9113d09fb [term 2 FOLLOWER]: Leader election won for term 2
I0720 00:35:45.383559 12282 raft_consensus.cc:464] T 5a7b7855b3b94fb68b828969fa703ce1 P 3b2a62766e5449f9ae2697a9113d09fb [term 2 LEADER]: Becoming Leader. State: Replica: 3b2a62766e5449f9ae2697a9113d09fb, State: 1, Role: LEADER Watermarks: {Received: term: 1 index: 9 Committed: term: 1 index: 9}
I0720 00:35:45.383708 12282 consensus_queue.cc:145] T 5a7b7855b3b94fb68b828969fa703ce1 P 3b2a62766e5449f9ae2697a9113d09fb [LEADER]: Queue going to LEADER mode. State: All replicated op: 1.9, Majority replicated op: 1.9, Committed index: 1.9, Last appended: 1.9, Current term: 2, Majority size: 2, State: 1, Mode: LEADER, active raft config: opid_index: -1 peers { permanent_uuid: "ee4ffccf9eb5471297e208d202495ffe" member_type: VOTER last_known_addr { host: "127.42.236.1" port: 57816 } } peers { permanent_uuid: "3b2a62766e5449f9ae2697a9113d09fb" member_type: VOTER last_known_addr { host: "127.42.236.2" port: 60090 } } peers { permanent_uuid: "bcc77f1560a949c6b130d6b3c67653be" member_type: VOTER last_known_addr { host: "127.42.236.0" port: 42768 } }
W0720 00:35:45.385125 12286 raft_consensus_state.cc:541] T 5a7b7855b3b94fb68b828969fa703ce1 P 3b2a62766e5449f9ae2697a9113d09fb [term 2 LEADER]: Can't advance the committed index across term boundaries until operations from the current term are replicated. Last committed operation was: term: 1 index: 9, New majority replicated is: term: 1 index: 9, Current term is: 2
I0720 00:35:45.385412 12020 catalog_manager.cc:1957] Tablet: 5a7b7855b3b94fb68b828969fa703ce1 reported consensus state change. New consensus state: current_term: 2 leader_uuid: "3b2a62766e5449f9ae2697a9113d09fb" config { opid_index: -1 peers { permanent_uuid: "ee4ffccf9eb5471297e208d202495ffe" member_type: VOTER last_known_addr { host: "127.42.236.1" port: 57816 } } peers { permanent_uuid: "3b2a62766e5449f9ae2697a9113d09fb" member_type: VOTER last_known_addr { host: "127.42.236.2" port: 60090 } } peers { permanent_uuid: "bcc77f1560a949c6b130d6b3c67653be" member_type: VOTER last_known_addr { host: "127.42.236.0" port: 42768 } } }
I0720 00:35:45.443490 11943 raft_consensus.cc:869] T 5a7b7855b3b94fb68b828969fa703ce1 P bcc77f1560a949c6b130d6b3c67653be [term 2 FOLLOWER]: Refusing update from remote peer 3b2a62766e5449f9ae2697a9113d09fb: Log matching property violated. Preceding OpId in replica: term: 1 index: 9. Preceding OpId from leader: term: 2 index: 11. (index mismatch)
I0720 00:35:45.443575 12221 raft_consensus.cc:869] T 5a7b7855b3b94fb68b828969fa703ce1 P ee4ffccf9eb5471297e208d202495ffe [term 2 FOLLOWER]: Refusing update from remote peer 3b2a62766e5449f9ae2697a9113d09fb: Log matching property violated. Preceding OpId in replica: term: 1 index: 9. Preceding OpId from leader: term: 2 index: 11. (index mismatch)
I0720 00:35:45.443914 12282 consensus_queue.cc:578] T 5a7b7855b3b94fb68b828969fa703ce1 P 3b2a62766e5449f9ae2697a9113d09fb [LEADER]: Connected to new peer: Peer: bcc77f1560a949c6b130d6b3c67653be, Is new: false, Last received: 1.9, Next index: 10, Last known committed idx: 8, Last exchange result: ERROR, Needs remote bootstrap: false
I0720 00:35:45.443994 12283 consensus_queue.cc:578] T 5a7b7855b3b94fb68b828969fa703ce1 P 3b2a62766e5449f9ae2697a9113d09fb [LEADER]: Connected to new peer: Peer: ee4ffccf9eb5471297e208d202495ffe, Is new: false, Last received: 1.9, Next index: 10, Last known committed idx: 9, Last exchange result: ERROR, Needs remote bootstrap: false
I0720 00:35:45.446271 12286 raft_consensus_state.cc:534] T 5a7b7855b3b94fb68b828969fa703ce1 P 3b2a62766e5449f9ae2697a9113d09fb [term 2 LEADER]: Advanced the committed_index across terms. Last committed operation was: term: 1 index: 9 New committed index is: term: 2 index: 11
I0720 00:35:45.499754 10988 alter_table-randomized-test.cc:390] Beginning Alterations
I0720 00:35:45.500517 10988 alter_table-randomized-test.cc:471] Dropping range partition: [1342177260, 1409286123) resulting partitions: (134217726, 201326589)
I0720 00:35:45.500553 10988 alter_table-randomized-test.cc:455] Adding range partition: [1677721575, 1744830438) resulting partitions: (134217726, 201326589], (1677721575, 1744830438)
I0720 00:35:45.500571 10988 alter_table-randomized-test.cc:439] Dropping column c425, existing columns: key, c186, c425
I0720 00:35:45.500586 10988 alter_table-randomized-test.cc:455] Adding range partition: [671088630, 738197493) resulting partitions: (134217726, 201326589], (671088630, 738197493], (1677721575, 1744830438)
I0720 00:35:45.500608 10988 alter_table-randomized-test.cc:418] Adding column c878, existing columns: key, c186
I0720 00:35:45.500627 10988 alter_table-randomized-test.cc:471] Dropping range partition: [134217726, 201326589) resulting partitions: (671088630, 738197493], (1677721575, 1744830438)
I0720 00:35:45.500638 10988 alter_table-randomized-test.cc:439] Dropping column c186, existing columns: key, c186, c878
I0720 00:35:45.500649 10988 alter_table-randomized-test.cc:471] Dropping range partition: [671088630, 738197493) resulting partitions: (1677721575, 1744830438)
I0720 00:35:45.500658 10988 alter_table-randomized-test.cc:439] Dropping column c878, existing columns: key, c878
I0720 00:35:45.500669 10988 alter_table-randomized-test.cc:455] Adding range partition: [1744830438, 1811939301) resulting partitions: (1677721575, 1744830438], (1744830438, 1811939301)
I0720 00:35:45.500679 10988 alter_table-randomized-test.cc:412] Committing Alterations
I0720 00:35:45.501194 12023 catalog_manager.cc:1359] Servicing AlterTable request from {real_user=slave, eff_user=} at 127.0.0.1:46073: table { table_name: "test-table" } alter_schema_steps { type: DROP_RANGE_PARTITION drop_range_partition { range_bounds { rows: "\006\001\000\354\377\377O\007\001\000\353\377\377S" } } } alter_schema_steps { type: ADD_RANGE_PARTITION add_range_partition { range_bounds { rows: "\006\001\000\347\377\377c\007\001\000\346\377\377g" } } } alter_schema_steps { type: DROP_COLUMN drop_column { name: "c425" } } alter_schema_steps { type: ADD_RANGE_PARTITION add_range_partition { range_bounds { rows: "\006\001\000\366\377\377\'\007\001\000\365\377\377+" } } } alter_schema_steps { type: ADD_COLUMN add_column { schema { name: "c878" type: INT32 is_nullable: false read_default_value: "H\222\300?" write_default_value: "H\222\300?" encoding: AUTO_ENCODING compression: DEFAULT_COMPRESSION cfile_block_size: 0 } } } alter_schema_steps { type: DROP_RANGE_PARTITION drop_range_partition { range_bounds { rows: "\006\001\000\376\377\377\007\007\001\000\375\377\377\013" } } } alter_schema_steps { type: DROP_COLUMN drop_column { name: "c186" } } alter_schema_steps { type: DROP_RANGE_PARTITION drop_range_partition { range_bounds { rows: "\006\001\000\366\377\377\'\007\001\000\365\377\377+" } } } alter_schema_steps { type: DROP_COLUMN drop_column { name: "c878" } } alter_schema_steps { type: ADD_RANGE_PARTITION add_range_partition { range_bounds { rows: "\006\001\000\346\377\377g\007\001\000\345\377\377k" } } } schema { columns { name: "key" type: INT32 is_key: true is_nullable: false encoding: AUTO_ENCODING compression: DEFAULT_COMPRESSION cfile_block_size: 0 } columns { name: "c186" type: INT32 is_key: false is_nullable: false read_default_value: "qm\320\014" write_default_value: "qm\320\014" encoding: AUTO_ENCODING compression: DEFAULT_COMPRESSION cfile_block_size: 0 } columns { name: "c425" type: INT32 is_key: false is_nullable: true encoding: AUTO_ENCODING compression: DEFAULT_COMPRESSION cfile_block_size: 0 } }
W0720 00:35:45.504233 12023 catalog_manager.cc:2160] Unable to reset TS proxy: Not found: No leader found: Tablet 7da0807657214adda8fc2f4cfc6e8159 has no consensus state
W0720 00:35:45.504262 12023 catalog_manager.cc:2770] Failed to send alter table request: Not found: Failed to reset TS proxy: No leader found: Tablet 7da0807657214adda8fc2f4cfc6e8159 has no consensus state
W0720 00:35:45.504330 12023 catalog_manager.cc:2160] Unable to reset TS proxy: Not found: No leader found: Tablet bf1c7be5ba99499db4d157bb130481a0 has no consensus state
W0720 00:35:45.504346 12023 catalog_manager.cc:2770] Failed to send alter table request: Not found: Failed to reset TS proxy: No leader found: Tablet bf1c7be5ba99499db4d157bb130481a0 has no consensus state
I0720 00:35:45.504376 12023 catalog_manager.cc:2796] Sending DeleteTablet for 3 replicas of tablet 5a7b7855b3b94fb68b828969fa703ce1
I0720 00:35:45.504395 12023 catalog_manager.cc:2812] T 00000000000000000000000000000000 P 1045dd375010469d9a77d8d8f93d4562: Deleting tablet 5a7b7855b3b94fb68b828969fa703ce1 on peer ee4ffccf9eb5471297e208d202495ffe with delete type TABLET_DATA_DELETED (Partition dropped at 2016-07-20 00:35:45 UTC)
I0720 00:35:45.504642 12023 catalog_manager.cc:2812] T 00000000000000000000000000000000 P 1045dd375010469d9a77d8d8f93d4562: Deleting tablet 5a7b7855b3b94fb68b828969fa703ce1 on peer 3b2a62766e5449f9ae2697a9113d09fb with delete type TABLET_DATA_DELETED (Partition dropped at 2016-07-20 00:35:45 UTC)
I0720 00:35:45.504706 12023 catalog_manager.cc:2812] T 00000000000000000000000000000000 P 1045dd375010469d9a77d8d8f93d4562: Deleting tablet 5a7b7855b3b94fb68b828969fa703ce1 on peer bcc77f1560a949c6b130d6b3c67653be with delete type TABLET_DATA_DELETED (Partition dropped at 2016-07-20 00:35:45 UTC)
I0720 00:35:45.504920 12023 catalog_manager.cc:2796] Sending DeleteTablet for 3 replicas of tablet 835f3db771474d8cb6a27710c44abd95
I0720 00:35:45.504951 11679 tablet_service.cc:651] Processing DeleteTablet for tablet 5a7b7855b3b94fb68b828969fa703ce1 with delete_type TABLET_DATA_DELETED (Partition dropped at 2016-07-20 00:35:45 UTC) from {real_user=slave, eff_user=} at 127.0.0.1:56657
I0720 00:35:45.504964 12023 catalog_manager.cc:2812] T 00000000000000000000000000000000 P 1045dd375010469d9a77d8d8f93d4562: Deleting tablet 835f3db771474d8cb6a27710c44abd95 on peer 3b2a62766e5449f9ae2697a9113d09fb with delete type TABLET_DATA_DELETED (Partition dropped at 2016-07-20 00:35:45 UTC)
I0720 00:35:45.504986 11679 tablet_peer.cc:214] Initiating TabletPeer shutdown for tablet: 5a7b7855b3b94fb68b828969fa703ce1
I0720 00:35:45.505033 11679 maintenance_manager.cc:176] Unregistered op CompactRowSetsOp(5a7b7855b3b94fb68b828969fa703ce1)
I0720 00:35:45.505061 11679 maintenance_manager.cc:176] Unregistered op MinorDeltaCompactionOp(5a7b7855b3b94fb68b828969fa703ce1)
I0720 00:35:45.505070 11679 maintenance_manager.cc:176] Unregistered op MajorDeltaCompactionOp(5a7b7855b3b94fb68b828969fa703ce1)
I0720 00:35:45.505064 11923 tablet_service.cc:651] Processing DeleteTablet for tablet 5a7b7855b3b94fb68b828969fa703ce1 with delete_type TABLET_DATA_DELETED (Partition dropped at 2016-07-20 00:35:45 UTC) from {real_user=slave, eff_user=} at 127.0.0.1:36281
I0720 00:35:45.505092 11679 maintenance_manager.cc:176] Unregistered op FlushMRSOp(5a7b7855b3b94fb68b828969fa703ce1)
I0720 00:35:45.505096 11923 tablet_peer.cc:214] Initiating TabletPeer shutdown for tablet: 5a7b7855b3b94fb68b828969fa703ce1
I0720 00:35:45.505102 11679 maintenance_manager.cc:176] Unregistered op FlushDeltaMemStoresOp(5a7b7855b3b94fb68b828969fa703ce1)
I0720 00:35:45.505102 12023 catalog_manager.cc:2812] T 00000000000000000000000000000000 P 1045dd375010469d9a77d8d8f93d4562: Deleting tablet 835f3db771474d8cb6a27710c44abd95 on peer ee4ffccf9eb5471297e208d202495ffe with delete type TABLET_DATA_DELETED (Partition dropped at 2016-07-20 00:35:45 UTC)
I0720 00:35:45.505111 11679 maintenance_manager.cc:176] Unregistered op LogGCOp(5a7b7855b3b94fb68b828969fa703ce1)
I0720 00:35:45.505127 11679 raft_consensus.cc:1495] T 5a7b7855b3b94fb68b828969fa703ce1 P 3b2a62766e5449f9ae2697a9113d09fb [term 2 LEADER]: Raft consensus shutting down.
I0720 00:35:45.505141 11923 maintenance_manager.cc:176] Unregistered op CompactRowSetsOp(5a7b7855b3b94fb68b828969fa703ce1)
I0720 00:35:45.505157 12023 catalog_manager.cc:2812] T 00000000000000000000000000000000 P 1045dd375010469d9a77d8d8f93d4562: Deleting tablet 835f3db771474d8cb6a27710c44abd95 on peer bcc77f1560a949c6b130d6b3c67653be with delete type TABLET_DATA_DELETED (Partition dropped at 2016-07-20 00:35:45 UTC)
I0720 00:35:45.505162 11923 maintenance_manager.cc:176] Unregistered op MinorDeltaCompactionOp(5a7b7855b3b94fb68b828969fa703ce1)
I0720 00:35:45.505177 11923 maintenance_manager.cc:176] Unregistered op MajorDeltaCompactionOp(5a7b7855b3b94fb68b828969fa703ce1)
I0720 00:35:45.505195 11923 maintenance_manager.cc:176] Unregistered op FlushMRSOp(5a7b7855b3b94fb68b828969fa703ce1)
I0720 00:35:45.505205 11923 maintenance_manager.cc:176] Unregistered op FlushDeltaMemStoresOp(5a7b7855b3b94fb68b828969fa703ce1)
I0720 00:35:45.505214 11923 maintenance_manager.cc:176] Unregistered op LogGCOp(5a7b7855b3b94fb68b828969fa703ce1)
I0720 00:35:45.505235 11923 raft_consensus.cc:1495] T 5a7b7855b3b94fb68b828969fa703ce1 P bcc77f1560a949c6b130d6b3c67653be [term 2 FOLLOWER]: Raft consensus shutting down.
I0720 00:35:45.505270 11923 raft_consensus.cc:1511] T 5a7b7855b3b94fb68b828969fa703ce1 P bcc77f1560a949c6b130d6b3c67653be [term 2 FOLLOWER]: Raft consensus is shut down!
I0720 00:35:45.505350 11679 consensus_peers.cc:358] T 5a7b7855b3b94fb68b828969fa703ce1 P 3b2a62766e5449f9ae2697a9113d09fb -> Peer bcc77f1560a949c6b130d6b3c67653be (127.42.236.0:42768): Closing peer: bcc77f1560a949c6b130d6b3c67653be
I0720 00:35:45.505391 11922 tablet_service.cc:651] Processing DeleteTablet for tablet 835f3db771474d8cb6a27710c44abd95 with delete_type TABLET_DATA_DELETED (Partition dropped at 2016-07-20 00:35:45 UTC) from {real_user=slave, eff_user=} at 127.0.0.1:36281
I0720 00:35:45.505421 11922 tablet_peer.cc:214] Initiating TabletPeer shutdown for tablet: 835f3db771474d8cb6a27710c44abd95
I0720 00:35:45.505446 11922 maintenance_manager.cc:176] Unregistered op CompactRowSetsOp(835f3db771474d8cb6a27710c44abd95)
I0720 00:35:45.505453 11922 maintenance_manager.cc:176] Unregistered op MinorDeltaCompactionOp(835f3db771474d8cb6a27710c44abd95)
I0720 00:35:45.505465 11922 maintenance_manager.cc:176] Unregistered op MajorDeltaCompactionOp(835f3db771474d8cb6a27710c44abd95)
I0720 00:35:45.505483 11922 maintenance_manager.cc:176] Unregistered op FlushMRSOp(835f3db771474d8cb6a27710c44abd95)
I0720 00:35:45.505493 11922 maintenance_manager.cc:176] Unregistered op FlushDeltaMemStoresOp(835f3db771474d8cb6a27710c44abd95)
I0720 00:35:45.505496 11679 consensus_peers.cc:358] T 5a7b7855b3b94fb68b828969fa703ce1 P 3b2a62766e5449f9ae2697a9113d09fb -> Peer ee4ffccf9eb5471297e208d202495ffe (127.42.236.1:57816): Closing peer: ee4ffccf9eb5471297e208d202495ffe
I0720 00:35:45.505501 11922 maintenance_manager.cc:176] Unregistered op LogGCOp(835f3db771474d8cb6a27710c44abd95)
I0720 00:35:45.505517 11922 raft_consensus.cc:1495] T 835f3db771474d8cb6a27710c44abd95 P bcc77f1560a949c6b130d6b3c67653be [term 1 LEADER]: Raft consensus shutting down.
I0720 00:35:45.505697 11922 consensus_peers.cc:358] T 835f3db771474d8cb6a27710c44abd95 P bcc77f1560a949c6b130d6b3c67653be -> Peer ee4ffccf9eb5471297e208d202495ffe (127.42.236.1:57816): Closing peer: ee4ffccf9eb5471297e208d202495ffe
I0720 00:35:45.505779 11679 raft_consensus.cc:1511] T 5a7b7855b3b94fb68b828969fa703ce1 P 3b2a62766e5449f9ae2697a9113d09fb [term 2 LEADER]: Raft consensus is shut down!
I0720 00:35:45.505857 11922 consensus_peers.cc:358] T 835f3db771474d8cb6a27710c44abd95 P bcc77f1560a949c6b130d6b3c67653be -> Peer 3b2a62766e5449f9ae2697a9113d09fb (127.42.236.2:60090): Closing peer: 3b2a62766e5449f9ae2697a9113d09fb
I0720 00:35:45.506074 11922 raft_consensus.cc:1511] T 835f3db771474d8cb6a27710c44abd95 P bcc77f1560a949c6b130d6b3c67653be [term 1 LEADER]: Raft consensus is shut down!
I0720 00:35:45.506167 11923 ts_tablet_manager.cc:960] T 5a7b7855b3b94fb68b828969fa703ce1 P bcc77f1560a949c6b130d6b3c67653be: Deleting tablet data with delete state TABLET_DATA_DELETED
I0720 00:35:45.506774 11679 ts_tablet_manager.cc:960] T 5a7b7855b3b94fb68b828969fa703ce1 P 3b2a62766e5449f9ae2697a9113d09fb: Deleting tablet data with delete state TABLET_DATA_DELETED
I0720 00:35:45.507009 11922 ts_tablet_manager.cc:960] T 835f3db771474d8cb6a27710c44abd95 P bcc77f1560a949c6b130d6b3c67653be: Deleting tablet data with delete state TABLET_DATA_DELETED
I0720 00:35:45.507553 11923 ts_tablet_manager.cc:970] T 5a7b7855b3b94fb68b828969fa703ce1 P bcc77f1560a949c6b130d6b3c67653be: Tablet deleted. Last logged OpId: 2.17
I0720 00:35:45.507727 11678 tablet_service.cc:651] Processing DeleteTablet for tablet 835f3db771474d8cb6a27710c44abd95 with delete_type TABLET_DATA_DELETED (Partition dropped at 2016-07-20 00:35:45 UTC) from {real_user=slave, eff_user=} at 127.0.0.1:56657
I0720 00:35:45.507755 11678 tablet_peer.cc:214] Initiating TabletPeer shutdown for tablet: 835f3db771474d8cb6a27710c44abd95
I0720 00:35:45.507793 11678 maintenance_manager.cc:176] Unregistered op CompactRowSetsOp(835f3db771474d8cb6a27710c44abd95)
I0720 00:35:45.507807 11678 maintenance_manager.cc:176] Unregistered op MinorDeltaCompactionOp(835f3db771474d8cb6a27710c44abd95)
I0720 00:35:45.507815 11678 maintenance_manager.cc:176] Unregistered op MajorDeltaCompactionOp(835f3db771474d8cb6a27710c44abd95)
I0720 00:35:45.507833 11678 maintenance_manager.cc:176] Unregistered op FlushMRSOp(835f3db771474d8cb6a27710c44abd95)
I0720 00:35:45.507843 11678 maintenance_manager.cc:176] Unregistered op FlushDeltaMemStoresOp(835f3db771474d8cb6a27710c44abd95)
I0720 00:35:45.507850 11678 maintenance_manager.cc:176] Unregistered op LogGCOp(835f3db771474d8cb6a27710c44abd95)
I0720 00:35:45.507864 11678 raft_consensus.cc:1495] T 835f3db771474d8cb6a27710c44abd95 P 3b2a62766e5449f9ae2697a9113d09fb [term 1 FOLLOWER]: Raft consensus shutting down.
I0720 00:35:45.507890 11678 raft_consensus.cc:1511] T 835f3db771474d8cb6a27710c44abd95 P 3b2a62766e5449f9ae2697a9113d09fb [term 1 FOLLOWER]: Raft consensus is shut down!
I0720 00:35:45.507901 11923 tablet_bootstrap.cc:400] T 5a7b7855b3b94fb68b828969fa703ce1 P bcc77f1560a949c6b130d6b3c67653be: Deleted tablet blocks from disk
I0720 00:35:45.508255 11679 ts_tablet_manager.cc:970] T 5a7b7855b3b94fb68b828969fa703ce1 P 3b2a62766e5449f9ae2697a9113d09fb: Tablet deleted. Last logged OpId: 2.17
I0720 00:35:45.508301 11677 tablet_service.cc:610] Processing CreateTablet for tablet 7da0807657214adda8fc2f4cfc6e8159 (table=test-table [id=2a30b8d6c8764cdc9573a60ac5f96269]), partition=range: [(int32 key=1677721575), (int32 key=1744830438))
I0720 00:35:45.508433 11923 tablet_service.cc:610] Processing CreateTablet for tablet 7da0807657214adda8fc2f4cfc6e8159 (table=test-table [id=2a30b8d6c8764cdc9573a60ac5f96269]), partition=range: [(int32 key=1677721575), (int32 key=1744830438))
I0720 00:35:45.508548 11922 ts_tablet_manager.cc:970] T 835f3db771474d8cb6a27710c44abd95 P bcc77f1560a949c6b130d6b3c67653be: Tablet deleted. Last logged OpId: 1.21
I0720 00:35:45.508577 11679 tablet_bootstrap.cc:400] T 5a7b7855b3b94fb68b828969fa703ce1 P 3b2a62766e5449f9ae2697a9113d09fb: Deleted tablet blocks from disk
I0720 00:35:45.508771 11921 tablet_service.cc:610] Processing CreateTablet for tablet bf1c7be5ba99499db4d157bb130481a0 (table=test-table [id=2a30b8d6c8764cdc9573a60ac5f96269]), partition=range: [(int32 key=1744830438), (int32 key=1811939301))
I0720 00:35:45.508862 11922 tablet_bootstrap.cc:400] T 835f3db771474d8cb6a27710c44abd95 P bcc77f1560a949c6b130d6b3c67653be: Deleted tablet blocks from disk
I0720 00:35:45.509042 11677 ts_tablet_manager.cc:765] Registered tablet 7da0807657214adda8fc2f4cfc6e8159
I0720 00:35:45.509402 12008 catalog_manager.cc:2499] TS 3b2a62766e5449f9ae2697a9113d09fb: tablet 5a7b7855b3b94fb68b828969fa703ce1 (table test-table [id=2a30b8d6c8764cdc9573a60ac5f96269]) successfully deleted
I0720 00:35:45.509459 11679 tablet_service.cc:610] Processing CreateTablet for tablet bf1c7be5ba99499db4d157bb130481a0 (table=test-table [id=2a30b8d6c8764cdc9573a60ac5f96269]), partition=range: [(int32 key=1744830438), (int32 key=1811939301))
I0720 00:35:45.509485 12009 catalog_manager.cc:2499] TS bcc77f1560a949c6b130d6b3c67653be: tablet 5a7b7855b3b94fb68b828969fa703ce1 (table test-table [id=2a30b8d6c8764cdc9573a60ac5f96269]) successfully deleted
I0720 00:35:45.509588 12302 ts_tablet_manager.cc:631] T 7da0807657214adda8fc2f4cfc6e8159 P 3b2a62766e5449f9ae2697a9113d09fb: Bootstrapping tablet
I0720 00:35:45.509804 11923 ts_tablet_manager.cc:765] Registered tablet 7da0807657214adda8fc2f4cfc6e8159
I0720 00:35:45.509824 12302 tablet_bootstrap.cc:400] T 7da0807657214adda8fc2f4cfc6e8159 P 3b2a62766e5449f9ae2697a9113d09fb: Bootstrap starting.
I0720 00:35:45.509935 12009 catalog_manager.cc:2499] TS bcc77f1560a949c6b130d6b3c67653be: tablet 835f3db771474d8cb6a27710c44abd95 (table test-table [id=2a30b8d6c8764cdc9573a60ac5f96269]) successfully deleted
I0720 00:35:45.510107 11679 ts_tablet_manager.cc:765] Registered tablet bf1c7be5ba99499db4d157bb130481a0
I0720 00:35:45.510164 11921 ts_tablet_manager.cc:765] Registered tablet bf1c7be5ba99499db4d157bb130481a0
I0720 00:35:45.510329 12302 tablet_bootstrap.cc:563] T 7da0807657214adda8fc2f4cfc6e8159 P 3b2a62766e5449f9ae2697a9113d09fb: Time spent opening tablet: real 0.000s user 0.000s sys 0.000s
I0720 00:35:45.510439 12302 tablet_bootstrap.cc:503] T 7da0807657214adda8fc2f4cfc6e8159 P 3b2a62766e5449f9ae2697a9113d09fb: No blocks or log segments found. Creating new log.
I0720 00:35:45.511019 11678 ts_tablet_manager.cc:960] T 835f3db771474d8cb6a27710c44abd95 P 3b2a62766e5449f9ae2697a9113d09fb: Deleting tablet data with delete state TABLET_DATA_DELETED
I0720 00:35:45.512120 11678 ts_tablet_manager.cc:970] T 835f3db771474d8cb6a27710c44abd95 P 3b2a62766e5449f9ae2697a9113d09fb: Tablet deleted. Last logged OpId: 1.21
I0720 00:35:45.512501 11678 tablet_bootstrap.cc:400] T 835f3db771474d8cb6a27710c44abd95 P 3b2a62766e5449f9ae2697a9113d09fb: Deleted tablet blocks from disk
I0720 00:35:45.512948 12008 catalog_manager.cc:2499] TS 3b2a62766e5449f9ae2697a9113d09fb: tablet 835f3db771474d8cb6a27710c44abd95 (table test-table [id=2a30b8d6c8764cdc9573a60ac5f96269]) successfully deleted
I0720 00:35:45.513042 12303 ts_tablet_manager.cc:631] T 7da0807657214adda8fc2f4cfc6e8159 P bcc77f1560a949c6b130d6b3c67653be: Bootstrapping tablet
I0720 00:35:45.513274 12303 tablet_bootstrap.cc:400] T 7da0807657214adda8fc2f4cfc6e8159 P bcc77f1560a949c6b130d6b3c67653be: Bootstrap starting.
I0720 00:35:45.513777 12201 tablet_service.cc:651] Processing DeleteTablet for tablet 5a7b7855b3b94fb68b828969fa703ce1 with delete_type TABLET_DATA_DELETED (Partition dropped at 2016-07-20 00:35:45 UTC) from {real_user=slave, eff_user=} at 127.0.0.1:60329
I0720 00:35:45.513788 12303 tablet_bootstrap.cc:563] T 7da0807657214adda8fc2f4cfc6e8159 P bcc77f1560a949c6b130d6b3c67653be: Time spent opening tablet: real 0.000s user 0.000s sys 0.000s
I0720 00:35:45.513833 12201 tablet_peer.cc:214] Initiating TabletPeer shutdown for tablet: 5a7b7855b3b94fb68b828969fa703ce1
I0720 00:35:45.513890 12303 tablet_bootstrap.cc:503] T 7da0807657214adda8fc2f4cfc6e8159 P bcc77f1560a949c6b130d6b3c67653be: No blocks or log segments found. Creating new log.
I0720 00:35:45.513890 12200 tablet_service.cc:651] Processing DeleteTablet for tablet 835f3db771474d8cb6a27710c44abd95 with delete_type TABLET_DATA_DELETED (Partition dropped at 2016-07-20 00:35:45 UTC) from {real_user=slave, eff_user=} at 127.0.0.1:60329
I0720 00:35:45.513919 12201 maintenance_manager.cc:176] Unregistered op CompactRowSetsOp(5a7b7855b3b94fb68b828969fa703ce1)
I0720 00:35:45.513927 12200 tablet_peer.cc:214] Initiating TabletPeer shutdown for tablet: 835f3db771474d8cb6a27710c44abd95
I0720 00:35:45.513970 12200 maintenance_manager.cc:176] Unregistered op CompactRowSetsOp(835f3db771474d8cb6a27710c44abd95)
I0720 00:35:45.513994 12200 maintenance_manager.cc:176] Unregistered op MinorDeltaCompactionOp(835f3db771474d8cb6a27710c44abd95)
I0720 00:35:45.514029 12201 maintenance_manager.cc:176] Unregistered op MinorDeltaCompactionOp(5a7b7855b3b94fb68b828969fa703ce1)
I0720 00:35:45.514065 12200 maintenance_manager.cc:176] Unregistered op MajorDeltaCompactionOp(835f3db771474d8cb6a27710c44abd95)
I0720 00:35:45.514077 12201 maintenance_manager.cc:176] Unregistered op MajorDeltaCompactionOp(5a7b7855b3b94fb68b828969fa703ce1)
I0720 00:35:45.514111 12201 maintenance_manager.cc:176] Unregistered op FlushMRSOp(5a7b7855b3b94fb68b828969fa703ce1)
I0720 00:35:45.514122 12201 maintenance_manager.cc:176] Unregistered op FlushDeltaMemStoresOp(5a7b7855b3b94fb68b828969fa703ce1)
I0720 00:35:45.514137 12201 maintenance_manager.cc:176] Unregistered op LogGCOp(5a7b7855b3b94fb68b828969fa703ce1)
I0720 00:35:45.514166 12201 raft_consensus.cc:1495] T 5a7b7855b3b94fb68b828969fa703ce1 P ee4ffccf9eb5471297e208d202495ffe [term 2 FOLLOWER]: Raft consensus shutting down.
I0720 00:35:45.514210 12199 tablet_service.cc:610] Processing CreateTablet for tablet 7da0807657214adda8fc2f4cfc6e8159 (table=test-table [id=2a30b8d6c8764cdc9573a60ac5f96269]), partition=range: [(int32 key=1677721575), (int32 key=1744830438))
I0720 00:35:45.514230 12201 raft_consensus.cc:1511] T 5a7b7855b3b94fb68b828969fa703ce1 P ee4ffccf9eb5471297e208d202495ffe [term 2 FOLLOWER]: Raft consensus is shut down!
I0720 00:35:45.514264 12200 maintenance_manager.cc:176] Unregistered op FlushMRSOp(835f3db771474d8cb6a27710c44abd95)
I0720 00:35:45.514273 12200 maintenance_manager.cc:176] Unregistered op FlushDeltaMemStoresOp(835f3db771474d8cb6a27710c44abd95)
I0720 00:35:45.514278 12200 maintenance_manager.cc:176] Unregistered op LogGCOp(835f3db771474d8cb6a27710c44abd95)
I0720 00:35:45.514289 12200 raft_consensus.cc:1495] T 835f3db771474d8cb6a27710c44abd95 P ee4ffccf9eb5471297e208d202495ffe [term 1 FOLLOWER]: Raft consensus shutting down.
I0720 00:35:45.514344 12200 raft_consensus.cc:1511] T 835f3db771474d8cb6a27710c44abd95 P ee4ffccf9eb5471297e208d202495ffe [term 1 FOLLOWER]: Raft consensus is shut down!
I0720 00:35:45.515076 12199 ts_tablet_manager.cc:765] Registered tablet 7da0807657214adda8fc2f4cfc6e8159
I0720 00:35:45.515306 12302 tablet_bootstrap.cc:400] T 7da0807657214adda8fc2f4cfc6e8159 P 3b2a62766e5449f9ae2697a9113d09fb: No bootstrap required, opened a new log
I0720 00:35:45.515346 12302 ts_tablet_manager.cc:636] T 7da0807657214adda8fc2f4cfc6e8159 P 3b2a62766e5449f9ae2697a9113d09fb: Time spent bootstrapping tablet: real 0.006s user 0.000s sys 0.000s
I0720 00:35:45.515352 12198 tablet_service.cc:610] Processing CreateTablet for tablet bf1c7be5ba99499db4d157bb130481a0 (table=test-table [id=2a30b8d6c8764cdc9573a60ac5f96269]), partition=range: [(int32 key=1744830438), (int32 key=1811939301))
I0720 00:35:45.515445 12201 ts_tablet_manager.cc:960] T 5a7b7855b3b94fb68b828969fa703ce1 P ee4ffccf9eb5471297e208d202495ffe: Deleting tablet data with delete state TABLET_DATA_DELETED
I0720 00:35:45.516036 12200 ts_tablet_manager.cc:960] T 835f3db771474d8cb6a27710c44abd95 P ee4ffccf9eb5471297e208d202495ffe: Deleting tablet data with delete state TABLET_DATA_DELETED
I0720 00:35:45.516068 12198 ts_tablet_manager.cc:765] Registered tablet bf1c7be5ba99499db4d157bb130481a0
I0720 00:35:45.516088 12302 raft_consensus.cc:269] T 7da0807657214adda8fc2f4cfc6e8159 P 3b2a62766e5449f9ae2697a9113d09fb [term 0 FOLLOWER]: Replica starting. Triggering 0 pending transactions. Active config: opid_index: -1 peers { permanent_uuid: "ee4ffccf9eb5471297e208d202495ffe" member_type: VOTER last_known_addr { host: "127.42.236.1" port: 57816 } } peers { permanent_uuid: "3b2a62766e5449f9ae2697a9113d09fb" member_type: VOTER last_known_addr { host: "127.42.236.2" port: 60090 } } peers { permanent_uuid: "bcc77f1560a949c6b130d6b3c67653be" member_type: VOTER last_known_addr { host: "127.42.236.0" port: 42768 } }
I0720 00:35:45.516127 12302 raft_consensus.cc:301] T 7da0807657214adda8fc2f4cfc6e8159 P 3b2a62766e5449f9ae2697a9113d09fb [term 0 FOLLOWER]: Consensus starting up: Expiring failure detector timer to make a prompt election more likely
I0720 00:35:45.516145 12302 raft_consensus.cc:499] T 7da0807657214adda8fc2f4cfc6e8159 P 3b2a62766e5449f9ae2697a9113d09fb [term 0 FOLLOWER]: Becoming Follower/Learner. State: Replica: 3b2a62766e5449f9ae2697a9113d09fb, State: 1, Role: FOLLOWER Watermarks: {Received: term: 0 index: 0 Committed: term: 0 index: 0}
I0720 00:35:45.516185 12302 consensus_queue.cc:162] T 7da0807657214adda8fc2f4cfc6e8159 P 3b2a62766e5449f9ae2697a9113d09fb [NON_LEADER]: Queue going to NON_LEADER mode. State: All replicated op: 0.0, Majority replicated op: 0.0, Committed index: 0.0, Last appended: 0.0, Current term: 0, Majority size: -1, State: 1, Mode: NON_LEADER
I0720 00:35:45.516455 12302 ts_tablet_manager.cc:663] T 7da0807657214adda8fc2f4cfc6e8159 P 3b2a62766e5449f9ae2697a9113d09fb: Time spent starting tablet: real 0.001s user 0.000s sys 0.000s
I0720 00:35:45.516504 12302 ts_tablet_manager.cc:631] T bf1c7be5ba99499db4d157bb130481a0 P 3b2a62766e5449f9ae2697a9113d09fb: Bootstrapping tablet
I0720 00:35:45.516687 12302 tablet_bootstrap.cc:400] T bf1c7be5ba99499db4d157bb130481a0 P 3b2a62766e5449f9ae2697a9113d09fb: Bootstrap starting.
I0720 00:35:45.516762 12201 ts_tablet_manager.cc:970] T 5a7b7855b3b94fb68b828969fa703ce1 P ee4ffccf9eb5471297e208d202495ffe: Tablet deleted. Last logged OpId: 2.17
I0720 00:35:45.516865 12023 catalog_manager.cc:1856] TS 3b2a62766e5449f9ae2697a9113d09fb does not have the latest schema for tablet 7da0807657214adda8fc2f4cfc6e8159 (table test-table [id=2a30b8d6c8764cdc9573a60ac5f96269]). Expected version 6 got 0
I0720 00:35:45.517071 12307 ts_tablet_manager.cc:631] T 7da0807657214adda8fc2f4cfc6e8159 P ee4ffccf9eb5471297e208d202495ffe: Bootstrapping tablet
I0720 00:35:45.517202 12201 tablet_bootstrap.cc:400] T 5a7b7855b3b94fb68b828969fa703ce1 P ee4ffccf9eb5471297e208d202495ffe: Deleted tablet blocks from disk
I0720 00:35:45.517283 12307 tablet_bootstrap.cc:400] T 7da0807657214adda8fc2f4cfc6e8159 P ee4ffccf9eb5471297e208d202495ffe: Bootstrap starting.
I0720 00:35:45.517360 12200 ts_tablet_manager.cc:970] T 835f3db771474d8cb6a27710c44abd95 P ee4ffccf9eb5471297e208d202495ffe: Tablet deleted. Last logged OpId: 1.21
I0720 00:35:45.517740 12307 tablet_bootstrap.cc:563] T 7da0807657214adda8fc2f4cfc6e8159 P ee4ffccf9eb5471297e208d202495ffe: Time spent opening tablet: real 0.000s user 0.000s sys 0.000s
I0720 00:35:45.517776 12010 catalog_manager.cc:2499] TS ee4ffccf9eb5471297e208d202495ffe: tablet 5a7b7855b3b94fb68b828969fa703ce1 (table test-table [id=2a30b8d6c8764cdc9573a60ac5f96269]) successfully deleted
I0720 00:35:45.517853 12307 tablet_bootstrap.cc:503] T 7da0807657214adda8fc2f4cfc6e8159 P ee4ffccf9eb5471297e208d202495ffe: No blocks or log segments found. Creating new log.
I0720 00:35:45.517874 12200 tablet_bootstrap.cc:400] T 835f3db771474d8cb6a27710c44abd95 P ee4ffccf9eb5471297e208d202495ffe: Deleted tablet blocks from disk
W0720 00:35:45.518156 12023 catalog_manager.cc:2160] Unable to reset TS proxy: Not found: No leader found: Tablet 7da0807657214adda8fc2f4cfc6e8159 consensus state has no leader
W0720 00:35:45.518177 12023 catalog_manager.cc:2770] Failed to send alter table request: Not found: Failed to reset TS proxy: No leader found: Tablet 7da0807657214adda8fc2f4cfc6e8159 consensus state has no leader
