I0720 00:35:59.752440 13322 maintenance_manager.cc:176] Unregistered op FlushMRSOp(cc0a6444c53e4ca28f43b8baa8ec5daf)
I0720 00:35:59.752463 13322 maintenance_manager.cc:176] Unregistered op FlushDeltaMemStoresOp(cc0a6444c53e4ca28f43b8baa8ec5daf)
I0720 00:35:59.752486 13322 maintenance_manager.cc:176] Unregistered op LogGCOp(cc0a6444c53e4ca28f43b8baa8ec5daf)
I0720 00:35:59.752516 13322 raft_consensus.cc:1495] T cc0a6444c53e4ca28f43b8baa8ec5daf P ee4ffccf9eb5471297e208d202495ffe [term 1 LEADER]: Raft consensus shutting down.
I0720 00:35:59.752742 13322 consensus_peers.cc:358] T cc0a6444c53e4ca28f43b8baa8ec5daf P ee4ffccf9eb5471297e208d202495ffe -> Peer bcc77f1560a949c6b130d6b3c67653be (127.42.236.0:42768): Closing peer: bcc77f1560a949c6b130d6b3c67653be
I0720 00:35:59.752867 12788 tablet_service.cc:651] Processing DeleteTablet for tablet cc0a6444c53e4ca28f43b8baa8ec5daf with delete_type TABLET_DATA_DELETED (Partition dropped at 2016-07-20 00:35:59 UTC) from {real_user=slave, eff_user=} at 127.0.0.1:36291
I0720 00:35:59.752928 12788 tablet_peer.cc:214] Initiating TabletPeer shutdown for tablet: cc0a6444c53e4ca28f43b8baa8ec5daf
I0720 00:35:59.752967 13322 consensus_peers.cc:358] T cc0a6444c53e4ca28f43b8baa8ec5daf P ee4ffccf9eb5471297e208d202495ffe -> Peer 3b2a62766e5449f9ae2697a9113d09fb (127.42.236.2:60090): Closing peer: 3b2a62766e5449f9ae2697a9113d09fb
I0720 00:35:59.753012 12788 maintenance_manager.cc:176] Unregistered op CompactRowSetsOp(cc0a6444c53e4ca28f43b8baa8ec5daf)
I0720 00:35:59.753043 12788 maintenance_manager.cc:176] Unregistered op MinorDeltaCompactionOp(cc0a6444c53e4ca28f43b8baa8ec5daf)
I0720 00:35:59.753068 12788 maintenance_manager.cc:176] Unregistered op MajorDeltaCompactionOp(cc0a6444c53e4ca28f43b8baa8ec5daf)
I0720 00:35:59.753083 13810 tablet.cc:824] T fb14d4878a6441df8d5ab1d6802492fb Alter schema from Schema [ 10:key[int32 NOT NULL] ] version 17 to Schema [ 10:key[int32 NOT NULL] ] version 18
I0720 00:35:59.753090 12788 maintenance_manager.cc:176] Unregistered op FlushMRSOp(cc0a6444c53e4ca28f43b8baa8ec5daf)
I0720 00:35:59.753104 12788 maintenance_manager.cc:176] Unregistered op FlushDeltaMemStoresOp(cc0a6444c53e4ca28f43b8baa8ec5daf)
I0720 00:35:59.753134 12788 maintenance_manager.cc:176] Unregistered op LogGCOp(cc0a6444c53e4ca28f43b8baa8ec5daf)
I0720 00:35:59.753162 12788 raft_consensus.cc:1495] T cc0a6444c53e4ca28f43b8baa8ec5daf P bcc77f1560a949c6b130d6b3c67653be [term 1 FOLLOWER]: Raft consensus shutting down.
I0720 00:35:59.753217 13816 tablet.cc:824] T fb14d4878a6441df8d5ab1d6802492fb Alter schema from Schema [ 10:key[int32 NOT NULL] ] version 17 to Schema [ 10:key[int32 NOT NULL] ] version 18
I0720 00:35:59.753222 12788 raft_consensus.cc:1511] T cc0a6444c53e4ca28f43b8baa8ec5daf P bcc77f1560a949c6b130d6b3c67653be [term 1 FOLLOWER]: Raft consensus is shut down!
I0720 00:35:59.753221 13322 raft_consensus.cc:1511] T cc0a6444c53e4ca28f43b8baa8ec5daf P ee4ffccf9eb5471297e208d202495ffe [term 1 LEADER]: Raft consensus is shut down!
I0720 00:35:59.754392 13809 tablet.cc:824] T fb14d4878a6441df8d5ab1d6802492fb Alter schema from Schema [ 10:key[int32 NOT NULL] ] version 17 to Schema [ 10:key[int32 NOT NULL] ] version 18
I0720 00:35:59.754525 12788 ts_tablet_manager.cc:960] T cc0a6444c53e4ca28f43b8baa8ec5daf P bcc77f1560a949c6b130d6b3c67653be: Deleting tablet data with delete state TABLET_DATA_DELETED
I0720 00:35:59.754662 13322 ts_tablet_manager.cc:960] T cc0a6444c53e4ca28f43b8baa8ec5daf P ee4ffccf9eb5471297e208d202495ffe: Deleting tablet data with delete state TABLET_DATA_DELETED
I0720 00:35:59.756119 13322 ts_tablet_manager.cc:970] T cc0a6444c53e4ca28f43b8baa8ec5daf P ee4ffccf9eb5471297e208d202495ffe: Tablet deleted. Last logged OpId: 1.6
I0720 00:35:59.756641 12788 ts_tablet_manager.cc:970] T cc0a6444c53e4ca28f43b8baa8ec5daf P bcc77f1560a949c6b130d6b3c67653be: Tablet deleted. Last logged OpId: 1.6
I0720 00:35:59.756839 13322 tablet_bootstrap.cc:400] T cc0a6444c53e4ca28f43b8baa8ec5daf P ee4ffccf9eb5471297e208d202495ffe: Deleted tablet blocks from disk
I0720 00:35:59.757127 12020 catalog_manager.cc:2796] Sending DeleteTablet for 3 replicas of tablet fb33637e6f9149ae957eece1e0a14736
I0720 00:35:59.757164 12020 catalog_manager.cc:2812] T 00000000000000000000000000000000 P 1045dd375010469d9a77d8d8f93d4562: Deleting tablet fb33637e6f9149ae957eece1e0a14736 on peer 3b2a62766e5449f9ae2697a9113d09fb with delete type TABLET_DATA_DELETED (Partition dropped at 2016-07-20 00:35:59 UTC)
I0720 00:35:59.757381 12010 catalog_manager.cc:2499] TS ee4ffccf9eb5471297e208d202495ffe: tablet cc0a6444c53e4ca28f43b8baa8ec5daf (table test-table [id=2a30b8d6c8764cdc9573a60ac5f96269]) successfully deleted
I0720 00:35:59.757575 13658 tablet_service.cc:651] Processing DeleteTablet for tablet fb33637e6f9149ae957eece1e0a14736 with delete_type TABLET_DATA_DELETED (Partition dropped at 2016-07-20 00:35:59 UTC) from {real_user=slave, eff_user=} at 127.0.0.1:56678
I0720 00:35:59.757623 13658 tablet_peer.cc:214] Initiating TabletPeer shutdown for tablet: fb33637e6f9149ae957eece1e0a14736
I0720 00:35:59.757699 13658 maintenance_manager.cc:176] Unregistered op CompactRowSetsOp(fb33637e6f9149ae957eece1e0a14736)
I0720 00:35:59.757725 12788 tablet_bootstrap.cc:400] T cc0a6444c53e4ca28f43b8baa8ec5daf P bcc77f1560a949c6b130d6b3c67653be: Deleted tablet blocks from disk
I0720 00:35:59.757732 13658 maintenance_manager.cc:176] Unregistered op MinorDeltaCompactionOp(fb33637e6f9149ae957eece1e0a14736)
I0720 00:35:59.757755 13658 maintenance_manager.cc:176] Unregistered op MajorDeltaCompactionOp(fb33637e6f9149ae957eece1e0a14736)
I0720 00:35:59.757796 13658 maintenance_manager.cc:176] Unregistered op FlushMRSOp(fb33637e6f9149ae957eece1e0a14736)
I0720 00:35:59.757823 13658 maintenance_manager.cc:176] Unregistered op FlushDeltaMemStoresOp(fb33637e6f9149ae957eece1e0a14736)
I0720 00:35:59.757853 13658 maintenance_manager.cc:176] Unregistered op LogGCOp(fb33637e6f9149ae957eece1e0a14736)
I0720 00:35:59.757887 13658 raft_consensus.cc:1495] T fb33637e6f9149ae957eece1e0a14736 P 3b2a62766e5449f9ae2697a9113d09fb [term 1 FOLLOWER]: Raft consensus shutting down.
I0720 00:35:59.757947 13658 raft_consensus.cc:1511] T fb33637e6f9149ae957eece1e0a14736 P 3b2a62766e5449f9ae2697a9113d09fb [term 1 FOLLOWER]: Raft consensus is shut down!
I0720 00:35:59.758234 12009 catalog_manager.cc:2499] TS bcc77f1560a949c6b130d6b3c67653be: tablet cc0a6444c53e4ca28f43b8baa8ec5daf (table test-table [id=2a30b8d6c8764cdc9573a60ac5f96269]) successfully deleted
I0720 00:35:59.758417 12020 catalog_manager.cc:2812] T 00000000000000000000000000000000 P 1045dd375010469d9a77d8d8f93d4562: Deleting tablet fb33637e6f9149ae957eece1e0a14736 on peer ee4ffccf9eb5471297e208d202495ffe with delete type TABLET_DATA_DELETED (Partition dropped at 2016-07-20 00:35:59 UTC)
I0720 00:35:59.758522 12020 catalog_manager.cc:2812] T 00000000000000000000000000000000 P 1045dd375010469d9a77d8d8f93d4562: Deleting tablet fb33637e6f9149ae957eece1e0a14736 on peer bcc77f1560a949c6b130d6b3c67653be with delete type TABLET_DATA_DELETED (Partition dropped at 2016-07-20 00:35:59 UTC)
I0720 00:35:59.758821 13322 tablet_service.cc:651] Processing DeleteTablet for tablet fb33637e6f9149ae957eece1e0a14736 with delete_type TABLET_DATA_DELETED (Partition dropped at 2016-07-20 00:35:59 UTC) from {real_user=slave, eff_user=} at 127.0.0.1:60342
I0720 00:35:59.758893 13322 tablet_peer.cc:214] Initiating TabletPeer shutdown for tablet: fb33637e6f9149ae957eece1e0a14736
I0720 00:35:59.758983 13322 maintenance_manager.cc:176] Unregistered op CompactRowSetsOp(fb33637e6f9149ae957eece1e0a14736)
I0720 00:35:59.759009 13658 ts_tablet_manager.cc:960] T fb33637e6f9149ae957eece1e0a14736 P 3b2a62766e5449f9ae2697a9113d09fb: Deleting tablet data with delete state TABLET_DATA_DELETED
I0720 00:35:59.759073 13322 maintenance_manager.cc:176] Unregistered op MinorDeltaCompactionOp(fb33637e6f9149ae957eece1e0a14736)
I0720 00:35:59.759132 13322 maintenance_manager.cc:176] Unregistered op MajorDeltaCompactionOp(fb33637e6f9149ae957eece1e0a14736)
I0720 00:35:59.759227 13322 maintenance_manager.cc:176] Unregistered op FlushMRSOp(fb33637e6f9149ae957eece1e0a14736)
I0720 00:35:59.759286 13322 maintenance_manager.cc:176] Unregistered op FlushDeltaMemStoresOp(fb33637e6f9149ae957eece1e0a14736)
I0720 00:35:59.759352 13322 maintenance_manager.cc:176] Unregistered op LogGCOp(fb33637e6f9149ae957eece1e0a14736)
I0720 00:35:59.759397 12788 tablet_service.cc:651] Processing DeleteTablet for tablet fb33637e6f9149ae957eece1e0a14736 with delete_type TABLET_DATA_DELETED (Partition dropped at 2016-07-20 00:35:59 UTC) from {real_user=slave, eff_user=} at 127.0.0.1:36291
I0720 00:35:59.759443 13322 raft_consensus.cc:1495] T fb33637e6f9149ae957eece1e0a14736 P ee4ffccf9eb5471297e208d202495ffe [term 1 FOLLOWER]: Raft consensus shutting down.
I0720 00:35:59.759523 13322 raft_consensus.cc:1511] T fb33637e6f9149ae957eece1e0a14736 P ee4ffccf9eb5471297e208d202495ffe [term 1 FOLLOWER]: Raft consensus is shut down!
I0720 00:35:59.759562 12788 tablet_peer.cc:214] Initiating TabletPeer shutdown for tablet: fb33637e6f9149ae957eece1e0a14736
I0720 00:35:59.759639 12788 maintenance_manager.cc:176] Unregistered op CompactRowSetsOp(fb33637e6f9149ae957eece1e0a14736)
I0720 00:35:59.759683 12788 maintenance_manager.cc:176] Unregistered op MinorDeltaCompactionOp(fb33637e6f9149ae957eece1e0a14736)
I0720 00:35:59.759707 12788 maintenance_manager.cc:176] Unregistered op MajorDeltaCompactionOp(fb33637e6f9149ae957eece1e0a14736)
I0720 00:35:59.759740 12788 maintenance_manager.cc:176] Unregistered op FlushMRSOp(fb33637e6f9149ae957eece1e0a14736)
I0720 00:35:59.759766 12788 maintenance_manager.cc:176] Unregistered op FlushDeltaMemStoresOp(fb33637e6f9149ae957eece1e0a14736)
I0720 00:35:59.759793 12788 maintenance_manager.cc:176] Unregistered op LogGCOp(fb33637e6f9149ae957eece1e0a14736)
I0720 00:35:59.759842 12788 raft_consensus.cc:1495] T fb33637e6f9149ae957eece1e0a14736 P bcc77f1560a949c6b130d6b3c67653be [term 1 LEADER]: Raft consensus shutting down.
I0720 00:35:59.760071 12788 consensus_peers.cc:358] T fb33637e6f9149ae957eece1e0a14736 P bcc77f1560a949c6b130d6b3c67653be -> Peer ee4ffccf9eb5471297e208d202495ffe (127.42.236.1:57816): Closing peer: ee4ffccf9eb5471297e208d202495ffe
I0720 00:35:59.760300 12788 consensus_peers.cc:358] T fb33637e6f9149ae957eece1e0a14736 P bcc77f1560a949c6b130d6b3c67653be -> Peer 3b2a62766e5449f9ae2697a9113d09fb (127.42.236.2:60090): Closing peer: 3b2a62766e5449f9ae2697a9113d09fb
I0720 00:35:59.760650 12788 raft_consensus.cc:1511] T fb33637e6f9149ae957eece1e0a14736 P bcc77f1560a949c6b130d6b3c67653be [term 1 LEADER]: Raft consensus is shut down!
I0720 00:35:59.760710 13658 ts_tablet_manager.cc:970] T fb33637e6f9149ae957eece1e0a14736 P 3b2a62766e5449f9ae2697a9113d09fb: Tablet deleted. Last logged OpId: 1.3
I0720 00:35:59.761070 13781 tablet.cc:824] T f6e9db4a1f1644b4a3b1935d19395232 Alter schema from Schema [ 10:key[int32 NOT NULL] ] version 17 to Schema [ 10:key[int32 NOT NULL] ] version 18
I0720 00:35:59.761186 13658 tablet_bootstrap.cc:400] T fb33637e6f9149ae957eece1e0a14736 P 3b2a62766e5449f9ae2697a9113d09fb: Deleted tablet blocks from disk
I0720 00:35:59.761409 13322 ts_tablet_manager.cc:960] T fb33637e6f9149ae957eece1e0a14736 P ee4ffccf9eb5471297e208d202495ffe: Deleting tablet data with delete state TABLET_DATA_DELETED
I0720 00:35:59.761657 12008 catalog_manager.cc:2499] TS 3b2a62766e5449f9ae2697a9113d09fb: tablet fb33637e6f9149ae957eece1e0a14736 (table test-table [id=2a30b8d6c8764cdc9573a60ac5f96269]) successfully deleted
I0720 00:35:59.762645 13322 ts_tablet_manager.cc:970] T fb33637e6f9149ae957eece1e0a14736 P ee4ffccf9eb5471297e208d202495ffe: Tablet deleted. Last logged OpId: 1.3
I0720 00:35:59.763092 13322 tablet_bootstrap.cc:400] T fb33637e6f9149ae957eece1e0a14736 P ee4ffccf9eb5471297e208d202495ffe: Deleted tablet blocks from disk
I0720 00:35:59.763664 12010 catalog_manager.cc:2499] TS ee4ffccf9eb5471297e208d202495ffe: tablet fb33637e6f9149ae957eece1e0a14736 (table test-table [id=2a30b8d6c8764cdc9573a60ac5f96269]) successfully deleted
I0720 00:35:59.763815 12788 ts_tablet_manager.cc:960] T fb33637e6f9149ae957eece1e0a14736 P bcc77f1560a949c6b130d6b3c67653be: Deleting tablet data with delete state TABLET_DATA_DELETED
I0720 00:35:59.764832 12788 ts_tablet_manager.cc:970] T fb33637e6f9149ae957eece1e0a14736 P bcc77f1560a949c6b130d6b3c67653be: Tablet deleted. Last logged OpId: 1.3
I0720 00:35:59.765226 12788 tablet_bootstrap.cc:400] T fb33637e6f9149ae957eece1e0a14736 P bcc77f1560a949c6b130d6b3c67653be: Deleted tablet blocks from disk
I0720 00:35:59.765527 13810 tablet.cc:824] T 2cb397eb20544e5083a66377d9e81ed7 Alter schema from Schema [ 10:key[int32 NOT NULL] ] version 17 to Schema [ 10:key[int32 NOT NULL] ] version 18
I0720 00:35:59.765784 12009 catalog_manager.cc:2499] TS bcc77f1560a949c6b130d6b3c67653be: tablet fb33637e6f9149ae957eece1e0a14736 (table test-table [id=2a30b8d6c8764cdc9573a60ac5f96269]) successfully deleted
I0720 00:35:59.766865 13825 tablet.cc:824] T 6a57c26d3a544205a7915b6156b0567f Alter schema from Schema [ 10:key[int32 NOT NULL] ] version 17 to Schema [ 10:key[int32 NOT NULL] ] version 18
I0720 00:35:59.769637 13794 tablet.cc:824] T 6a57c26d3a544205a7915b6156b0567f Alter schema from Schema [ 10:key[int32 NOT NULL] ] version 17 to Schema [ 10:key[int32 NOT NULL] ] version 18
I0720 00:35:59.771560 13781 tablet.cc:824] T 6a57c26d3a544205a7915b6156b0567f Alter schema from Schema [ 10:key[int32 NOT NULL] ] version 17 to Schema [ 10:key[int32 NOT NULL] ] version 18
I0720 00:35:59.775367 13658 tablet_service.cc:610] Processing CreateTablet for tablet 29f497c505024c759ee8d7ad1e87eadd (table=test-table [id=2a30b8d6c8764cdc9573a60ac5f96269]), partition=range: [(int32 key=805306356), (int32 key=872415219))
I0720 00:35:59.775877 12788 tablet_service.cc:610] Processing CreateTablet for tablet 29f497c505024c759ee8d7ad1e87eadd (table=test-table [id=2a30b8d6c8764cdc9573a60ac5f96269]), partition=range: [(int32 key=805306356), (int32 key=872415219))
I0720 00:35:59.776249 13659 tablet_service.cc:610] Processing CreateTablet for tablet c6cc355d995a4a4c96fbdeb49e77c85b (table=test-table [id=2a30b8d6c8764cdc9573a60ac5f96269]), partition=range: [(int32 key=1543503849), (int32 key=1610612712))
I0720 00:35:59.776358 13658 ts_tablet_manager.cc:765] Registered tablet 29f497c505024c759ee8d7ad1e87eadd
I0720 00:35:59.776690 12788 ts_tablet_manager.cc:765] Registered tablet 29f497c505024c759ee8d7ad1e87eadd
I0720 00:35:59.777205 13659 ts_tablet_manager.cc:765] Registered tablet c6cc355d995a4a4c96fbdeb49e77c85b
I0720 00:35:59.777297 13321 tablet_service.cc:610] Processing CreateTablet for tablet c6cc355d995a4a4c96fbdeb49e77c85b (table=test-table [id=2a30b8d6c8764cdc9573a60ac5f96269]), partition=range: [(int32 key=1543503849), (int32 key=1610612712))
I0720 00:35:59.777706 12785 tablet_service.cc:610] Processing CreateTablet for tablet c6cc355d995a4a4c96fbdeb49e77c85b (table=test-table [id=2a30b8d6c8764cdc9573a60ac5f96269]), partition=range: [(int32 key=1543503849), (int32 key=1610612712))
I0720 00:35:59.778205 13321 ts_tablet_manager.cc:765] Registered tablet c6cc355d995a4a4c96fbdeb49e77c85b
I0720 00:35:59.778463 13322 tablet_service.cc:610] Processing CreateTablet for tablet 29f497c505024c759ee8d7ad1e87eadd (table=test-table [id=2a30b8d6c8764cdc9573a60ac5f96269]), partition=range: [(int32 key=805306356), (int32 key=872415219))
I0720 00:35:59.778679 12785 ts_tablet_manager.cc:765] Registered tablet c6cc355d995a4a4c96fbdeb49e77c85b
I0720 00:35:59.779268 13322 ts_tablet_manager.cc:765] Registered tablet 29f497c505024c759ee8d7ad1e87eadd
I0720 00:35:59.779520 13878 ts_tablet_manager.cc:631] T 29f497c505024c759ee8d7ad1e87eadd P 3b2a62766e5449f9ae2697a9113d09fb: Bootstrapping tablet
I0720 00:35:59.779849 13878 tablet_bootstrap.cc:400] T 29f497c505024c759ee8d7ad1e87eadd P 3b2a62766e5449f9ae2697a9113d09fb: Bootstrap starting.
I0720 00:35:59.780484 13879 ts_tablet_manager.cc:631] T 29f497c505024c759ee8d7ad1e87eadd P bcc77f1560a949c6b130d6b3c67653be: Bootstrapping tablet
I0720 00:35:59.780841 13878 tablet_bootstrap.cc:563] T 29f497c505024c759ee8d7ad1e87eadd P 3b2a62766e5449f9ae2697a9113d09fb: Time spent opening tablet: real 0.000s user 0.000s sys 0.000s
I0720 00:35:59.780870 13879 tablet_bootstrap.cc:400] T 29f497c505024c759ee8d7ad1e87eadd P bcc77f1560a949c6b130d6b3c67653be: Bootstrap starting.
I0720 00:35:59.781008 13878 tablet_bootstrap.cc:503] T 29f497c505024c759ee8d7ad1e87eadd P 3b2a62766e5449f9ae2697a9113d09fb: No blocks or log segments found. Creating new log.
I0720 00:35:59.781437 13880 ts_tablet_manager.cc:631] T c6cc355d995a4a4c96fbdeb49e77c85b P ee4ffccf9eb5471297e208d202495ffe: Bootstrapping tablet
I0720 00:35:59.781708 13880 tablet_bootstrap.cc:400] T c6cc355d995a4a4c96fbdeb49e77c85b P ee4ffccf9eb5471297e208d202495ffe: Bootstrap starting.
I0720 00:35:59.781864 13879 tablet_bootstrap.cc:563] T 29f497c505024c759ee8d7ad1e87eadd P bcc77f1560a949c6b130d6b3c67653be: Time spent opening tablet: real 0.000s user 0.000s sys 0.000s
I0720 00:35:59.782030 13879 tablet_bootstrap.cc:503] T 29f497c505024c759ee8d7ad1e87eadd P bcc77f1560a949c6b130d6b3c67653be: No blocks or log segments found. Creating new log.
I0720 00:35:59.782325 13880 tablet_bootstrap.cc:563] T c6cc355d995a4a4c96fbdeb49e77c85b P ee4ffccf9eb5471297e208d202495ffe: Time spent opening tablet: real 0.000s user 0.000s sys 0.000s
I0720 00:35:59.782444 13880 tablet_bootstrap.cc:503] T c6cc355d995a4a4c96fbdeb49e77c85b P ee4ffccf9eb5471297e208d202495ffe: No blocks or log segments found. Creating new log.
I0720 00:35:59.784030 13879 tablet_bootstrap.cc:400] T 29f497c505024c759ee8d7ad1e87eadd P bcc77f1560a949c6b130d6b3c67653be: No bootstrap required, opened a new log
I0720 00:35:59.784087 13879 ts_tablet_manager.cc:636] T 29f497c505024c759ee8d7ad1e87eadd P bcc77f1560a949c6b130d6b3c67653be: Time spent bootstrapping tablet: real 0.004s user 0.000s sys 0.000s
I0720 00:35:59.784205 13878 tablet_bootstrap.cc:400] T 29f497c505024c759ee8d7ad1e87eadd P 3b2a62766e5449f9ae2697a9113d09fb: No bootstrap required, opened a new log
I0720 00:35:59.784260 13878 ts_tablet_manager.cc:636] T 29f497c505024c759ee8d7ad1e87eadd P 3b2a62766e5449f9ae2697a9113d09fb: Time spent bootstrapping tablet: real 0.005s user 0.000s sys 0.000s
I0720 00:35:59.786622 13879 raft_consensus.cc:269] T 29f497c505024c759ee8d7ad1e87eadd P bcc77f1560a949c6b130d6b3c67653be [term 0 FOLLOWER]: Replica starting. Triggering 0 pending transactions. Active config: opid_index: -1 peers { permanent_uuid: "3b2a62766e5449f9ae2697a9113d09fb" member_type: VOTER last_known_addr { host: "127.42.236.2" port: 60090 } } peers { permanent_uuid: "ee4ffccf9eb5471297e208d202495ffe" member_type: VOTER last_known_addr { host: "127.42.236.1" port: 57816 } } peers { permanent_uuid: "bcc77f1560a949c6b130d6b3c67653be" member_type: VOTER last_known_addr { host: "127.42.236.0" port: 42768 } }
I0720 00:35:59.786716 13879 raft_consensus.cc:301] T 29f497c505024c759ee8d7ad1e87eadd P bcc77f1560a949c6b130d6b3c67653be [term 0 FOLLOWER]: Consensus starting up: Expiring failure detector timer to make a prompt election more likely
I0720 00:35:59.786757 13880 tablet_bootstrap.cc:400] T c6cc355d995a4a4c96fbdeb49e77c85b P ee4ffccf9eb5471297e208d202495ffe: No bootstrap required, opened a new log
I0720 00:35:59.786784 13879 raft_consensus.cc:499] T 29f497c505024c759ee8d7ad1e87eadd P bcc77f1560a949c6b130d6b3c67653be [term 0 FOLLOWER]: Becoming Follower/Learner. State: Replica: bcc77f1560a949c6b130d6b3c67653be, State: 1, Role: FOLLOWER Watermarks: {Received: term: 0 index: 0 Committed: term: 0 index: 0}
I0720 00:35:59.786819 13880 ts_tablet_manager.cc:636] T c6cc355d995a4a4c96fbdeb49e77c85b P ee4ffccf9eb5471297e208d202495ffe: Time spent bootstrapping tablet: real 0.005s user 0.000s sys 0.000s
I0720 00:35:59.786839 13879 consensus_queue.cc:162] T 29f497c505024c759ee8d7ad1e87eadd P bcc77f1560a949c6b130d6b3c67653be [NON_LEADER]: Queue going to NON_LEADER mode. State: All replicated op: 0.0, Majority replicated op: 0.0, Committed index: 0.0, Last appended: 0.0, Current term: 0, Majority size: -1, State: 1, Mode: NON_LEADER
I0720 00:35:59.787088 13878 raft_consensus.cc:269] T 29f497c505024c759ee8d7ad1e87eadd P 3b2a62766e5449f9ae2697a9113d09fb [term 0 FOLLOWER]: Replica starting. Triggering 0 pending transactions. Active config: opid_index: -1 peers { permanent_uuid: "3b2a62766e5449f9ae2697a9113d09fb" member_type: VOTER last_known_addr { host: "127.42.236.2" port: 60090 } } peers { permanent_uuid: "ee4ffccf9eb5471297e208d202495ffe" member_type: VOTER last_known_addr { host: "127.42.236.1" port: 57816 } } peers { permanent_uuid: "bcc77f1560a949c6b130d6b3c67653be" member_type: VOTER last_known_addr { host: "127.42.236.0" port: 42768 } }
I0720 00:35:59.787150 13878 raft_consensus.cc:301] T 29f497c505024c759ee8d7ad1e87eadd P 3b2a62766e5449f9ae2697a9113d09fb [term 0 FOLLOWER]: Consensus starting up: Expiring failure detector timer to make a prompt election more likely
I0720 00:35:59.787194 13878 raft_consensus.cc:499] T 29f497c505024c759ee8d7ad1e87eadd P 3b2a62766e5449f9ae2697a9113d09fb [term 0 FOLLOWER]: Becoming Follower/Learner. State: Replica: 3b2a62766e5449f9ae2697a9113d09fb, State: 1, Role: FOLLOWER Watermarks: {Received: term: 0 index: 0 Committed: term: 0 index: 0}
I0720 00:35:59.787256 13878 consensus_queue.cc:162] T 29f497c505024c759ee8d7ad1e87eadd P 3b2a62766e5449f9ae2697a9113d09fb [NON_LEADER]: Queue going to NON_LEADER mode. State: All replicated op: 0.0, Majority replicated op: 0.0, Committed index: 0.0, Last appended: 0.0, Current term: 0, Majority size: -1, State: 1, Mode: NON_LEADER
I0720 00:35:59.787730 13879 ts_tablet_manager.cc:663] T 29f497c505024c759ee8d7ad1e87eadd P bcc77f1560a949c6b130d6b3c67653be: Time spent starting tablet: real 0.004s user 0.000s sys 0.000s
I0720 00:35:59.787824 13879 ts_tablet_manager.cc:631] T c6cc355d995a4a4c96fbdeb49e77c85b P bcc77f1560a949c6b130d6b3c67653be: Bootstrapping tablet
I0720 00:35:59.788138 13879 tablet_bootstrap.cc:400] T c6cc355d995a4a4c96fbdeb49e77c85b P bcc77f1560a949c6b130d6b3c67653be: Bootstrap starting.
I0720 00:35:59.788810 13879 tablet_bootstrap.cc:563] T c6cc355d995a4a4c96fbdeb49e77c85b P bcc77f1560a949c6b130d6b3c67653be: Time spent opening tablet: real 0.000s user 0.000s sys 0.000s
I0720 00:35:59.789026 13879 tablet_bootstrap.cc:503] T c6cc355d995a4a4c96fbdeb49e77c85b P bcc77f1560a949c6b130d6b3c67653be: No blocks or log segments found. Creating new log.
I0720 00:35:59.789522 13880 raft_consensus.cc:269] T c6cc355d995a4a4c96fbdeb49e77c85b P ee4ffccf9eb5471297e208d202495ffe [term 0 FOLLOWER]: Replica starting. Triggering 0 pending transactions. Active config: opid_index: -1 peers { permanent_uuid: "ee4ffccf9eb5471297e208d202495ffe" member_type: VOTER last_known_addr { host: "127.42.236.1" port: 57816 } } peers { permanent_uuid: "3b2a62766e5449f9ae2697a9113d09fb" member_type: VOTER last_known_addr { host: "127.42.236.2" port: 60090 } } peers { permanent_uuid: "bcc77f1560a949c6b130d6b3c67653be" member_type: VOTER last_known_addr { host: "127.42.236.0" port: 42768 } }
I0720 00:35:59.789583 13880 raft_consensus.cc:301] T c6cc355d995a4a4c96fbdeb49e77c85b P ee4ffccf9eb5471297e208d202495ffe [term 0 FOLLOWER]: Consensus starting up: Expiring failure detector timer to make a prompt election more likely
I0720 00:35:59.789619 13880 raft_consensus.cc:499] T c6cc355d995a4a4c96fbdeb49e77c85b P ee4ffccf9eb5471297e208d202495ffe [term 0 FOLLOWER]: Becoming Follower/Learner. State: Replica: ee4ffccf9eb5471297e208d202495ffe, State: 1, Role: FOLLOWER Watermarks: {Received: term: 0 index: 0 Committed: term: 0 index: 0}
I0720 00:35:59.789685 13880 consensus_queue.cc:162] T c6cc355d995a4a4c96fbdeb49e77c85b P ee4ffccf9eb5471297e208d202495ffe [NON_LEADER]: Queue going to NON_LEADER mode. State: All replicated op: 0.0, Majority replicated op: 0.0, Committed index: 0.0, Last appended: 0.0, Current term: 0, Majority size: -1, State: 1, Mode: NON_LEADER
I0720 00:35:59.790071 13878 ts_tablet_manager.cc:663] T 29f497c505024c759ee8d7ad1e87eadd P 3b2a62766e5449f9ae2697a9113d09fb: Time spent starting tablet: real 0.006s user 0.000s sys 0.000s
I0720 00:35:59.790208 13878 ts_tablet_manager.cc:631] T c6cc355d995a4a4c96fbdeb49e77c85b P 3b2a62766e5449f9ae2697a9113d09fb: Bootstrapping tablet
I0720 00:35:59.790249 13880 ts_tablet_manager.cc:663] T c6cc355d995a4a4c96fbdeb49e77c85b P ee4ffccf9eb5471297e208d202495ffe: Time spent starting tablet: real 0.003s user 0.000s sys 0.000s
I0720 00:35:59.790369 13880 ts_tablet_manager.cc:631] T 29f497c505024c759ee8d7ad1e87eadd P ee4ffccf9eb5471297e208d202495ffe: Bootstrapping tablet
I0720 00:35:59.790558 13878 tablet_bootstrap.cc:400] T c6cc355d995a4a4c96fbdeb49e77c85b P 3b2a62766e5449f9ae2697a9113d09fb: Bootstrap starting.
I0720 00:35:59.790627 13880 tablet_bootstrap.cc:400] T 29f497c505024c759ee8d7ad1e87eadd P ee4ffccf9eb5471297e208d202495ffe: Bootstrap starting.
I0720 00:35:59.791224 13878 tablet_bootstrap.cc:563] T c6cc355d995a4a4c96fbdeb49e77c85b P 3b2a62766e5449f9ae2697a9113d09fb: Time spent opening tablet: real 0.000s user 0.000s sys 0.000s
I0720 00:35:59.791394 13878 tablet_bootstrap.cc:503] T c6cc355d995a4a4c96fbdeb49e77c85b P 3b2a62766e5449f9ae2697a9113d09fb: No blocks or log segments found. Creating new log.
I0720 00:35:59.791775 12023 catalog_manager.cc:1856] TS ee4ffccf9eb5471297e208d202495ffe does not have the latest schema for tablet c6cc355d995a4a4c96fbdeb49e77c85b (table test-table [id=2a30b8d6c8764cdc9573a60ac5f96269]). Expected version 18 got 0
I0720 00:35:59.791841 13880 tablet_bootstrap.cc:563] T 29f497c505024c759ee8d7ad1e87eadd P ee4ffccf9eb5471297e208d202495ffe: Time spent opening tablet: real 0.000s user 0.000s sys 0.000s
I0720 00:35:59.791970 13880 tablet_bootstrap.cc:503] T 29f497c505024c759ee8d7ad1e87eadd P ee4ffccf9eb5471297e208d202495ffe: No blocks or log segments found. Creating new log.
I0720 00:35:59.792850 13879 tablet_bootstrap.cc:400] T c6cc355d995a4a4c96fbdeb49e77c85b P bcc77f1560a949c6b130d6b3c67653be: No bootstrap required, opened a new log
I0720 00:35:59.792901 13879 ts_tablet_manager.cc:636] T c6cc355d995a4a4c96fbdeb49e77c85b P bcc77f1560a949c6b130d6b3c67653be: Time spent bootstrapping tablet: real 0.005s user 0.000s sys 0.000s
I0720 00:35:59.793130 13878 tablet_bootstrap.cc:400] T c6cc355d995a4a4c96fbdeb49e77c85b P 3b2a62766e5449f9ae2697a9113d09fb: No bootstrap required, opened a new log
I0720 00:35:59.793189 13878 ts_tablet_manager.cc:636] T c6cc355d995a4a4c96fbdeb49e77c85b P 3b2a62766e5449f9ae2697a9113d09fb: Time spent bootstrapping tablet: real 0.003s user 0.000s sys 0.000s
I0720 00:35:59.794318 13878 raft_consensus.cc:269] T c6cc355d995a4a4c96fbdeb49e77c85b P 3b2a62766e5449f9ae2697a9113d09fb [term 0 FOLLOWER]: Replica starting. Triggering 0 pending transactions. Active config: opid_index: -1 peers { permanent_uuid: "ee4ffccf9eb5471297e208d202495ffe" member_type: VOTER last_known_addr { host: "127.42.236.1" port: 57816 } } peers { permanent_uuid: "3b2a62766e5449f9ae2697a9113d09fb" member_type: VOTER last_known_addr { host: "127.42.236.2" port: 60090 } } peers { permanent_uuid: "bcc77f1560a949c6b130d6b3c67653be" member_type: VOTER last_known_addr { host: "127.42.236.0" port: 42768 } }
I0720 00:35:59.794399 13878 raft_consensus.cc:301] T c6cc355d995a4a4c96fbdeb49e77c85b P 3b2a62766e5449f9ae2697a9113d09fb [term 0 FOLLOWER]: Consensus starting up: Expiring failure detector timer to make a prompt election more likely
I0720 00:35:59.794440 13878 raft_consensus.cc:499] T c6cc355d995a4a4c96fbdeb49e77c85b P 3b2a62766e5449f9ae2697a9113d09fb [term 0 FOLLOWER]: Becoming Follower/Learner. State: Replica: 3b2a62766e5449f9ae2697a9113d09fb, State: 1, Role: FOLLOWER Watermarks: {Received: term: 0 index: 0 Committed: term: 0 index: 0}
I0720 00:35:59.794507 13878 consensus_queue.cc:162] T c6cc355d995a4a4c96fbdeb49e77c85b P 3b2a62766e5449f9ae2697a9113d09fb [NON_LEADER]: Queue going to NON_LEADER mode. State: All replicated op: 0.0, Majority replicated op: 0.0, Committed index: 0.0, Last appended: 0.0, Current term: 0, Majority size: -1, State: 1, Mode: NON_LEADER
I0720 00:35:59.794756 13879 raft_consensus.cc:269] T c6cc355d995a4a4c96fbdeb49e77c85b P bcc77f1560a949c6b130d6b3c67653be [term 0 FOLLOWER]: Replica starting. Triggering 0 pending transactions. Active config: opid_index: -1 peers { permanent_uuid: "ee4ffccf9eb5471297e208d202495ffe" member_type: VOTER last_known_addr { host: "127.42.236.1" port: 57816 } } peers { permanent_uuid: "3b2a62766e5449f9ae2697a9113d09fb" member_type: VOTER last_known_addr { host: "127.42.236.2" port: 60090 } } peers { permanent_uuid: "bcc77f1560a949c6b130d6b3c67653be" member_type: VOTER last_known_addr { host: "127.42.236.0" port: 42768 } }
I0720 00:35:59.794818 13879 raft_consensus.cc:301] T c6cc355d995a4a4c96fbdeb49e77c85b P bcc77f1560a949c6b130d6b3c67653be [term 0 FOLLOWER]: Consensus starting up: Expiring failure detector timer to make a prompt election more likely
I0720 00:35:59.794823 13878 ts_tablet_manager.cc:663] T c6cc355d995a4a4c96fbdeb49e77c85b P 3b2a62766e5449f9ae2697a9113d09fb: Time spent starting tablet: real 0.002s user 0.000s sys 0.000s
I0720 00:35:59.794867 13879 raft_consensus.cc:499] T c6cc355d995a4a4c96fbdeb49e77c85b P bcc77f1560a949c6b130d6b3c67653be [term 0 FOLLOWER]: Becoming Follower/Learner. State: Replica: bcc77f1560a949c6b130d6b3c67653be, State: 1, Role: FOLLOWER Watermarks: {Received: term: 0 index: 0 Committed: term: 0 index: 0}
I0720 00:35:59.794935 13879 consensus_queue.cc:162] T c6cc355d995a4a4c96fbdeb49e77c85b P bcc77f1560a949c6b130d6b3c67653be [NON_LEADER]: Queue going to NON_LEADER mode. State: All replicated op: 0.0, Majority replicated op: 0.0, Committed index: 0.0, Last appended: 0.0, Current term: 0, Majority size: -1, State: 1, Mode: NON_LEADER
I0720 00:35:59.795074 13880 tablet_bootstrap.cc:400] T 29f497c505024c759ee8d7ad1e87eadd P ee4ffccf9eb5471297e208d202495ffe: No bootstrap required, opened a new log
I0720 00:35:59.795125 13880 ts_tablet_manager.cc:636] T 29f497c505024c759ee8d7ad1e87eadd P ee4ffccf9eb5471297e208d202495ffe: Time spent bootstrapping tablet: real 0.005s user 0.004s sys 0.000s
I0720 00:35:59.796061 12022 catalog_manager.cc:1856] TS bcc77f1560a949c6b130d6b3c67653be does not have the latest schema for tablet 29f497c505024c759ee8d7ad1e87eadd (table test-table [id=2a30b8d6c8764cdc9573a60ac5f96269]). Expected version 18 got 0
I0720 00:35:59.796195 13879 ts_tablet_manager.cc:663] T c6cc355d995a4a4c96fbdeb49e77c85b P bcc77f1560a949c6b130d6b3c67653be: Time spent starting tablet: real 0.003s user 0.000s sys 0.000s
W0720 00:35:59.796246 12023 catalog_manager.cc:2160] Unable to reset TS proxy: Not found: No leader found: Tablet c6cc355d995a4a4c96fbdeb49e77c85b consensus state has no leader
W0720 00:35:59.796272 12023 catalog_manager.cc:2770] Failed to send alter table request: Not found: Failed to reset TS proxy: No leader found: Tablet c6cc355d995a4a4c96fbdeb49e77c85b consensus state has no leader
I0720 00:35:59.796396 13880 raft_consensus.cc:269] T 29f497c505024c759ee8d7ad1e87eadd P ee4ffccf9eb5471297e208d202495ffe [term 0 FOLLOWER]: Replica starting. Triggering 0 pending transactions. Active config: opid_index: -1 peers { permanent_uuid: "3b2a62766e5449f9ae2697a9113d09fb" member_type: VOTER last_known_addr { host: "127.42.236.2" port: 60090 } } peers { permanent_uuid: "ee4ffccf9eb5471297e208d202495ffe" member_type: VOTER last_known_addr { host: "127.42.236.1" port: 57816 } } peers { permanent_uuid: "bcc77f1560a949c6b130d6b3c67653be" member_type: VOTER last_known_addr { host: "127.42.236.0" port: 42768 } }
I0720 00:35:59.796450 13880 raft_consensus.cc:301] T 29f497c505024c759ee8d7ad1e87eadd P ee4ffccf9eb5471297e208d202495ffe [term 0 FOLLOWER]: Consensus starting up: Expiring failure detector timer to make a prompt election more likely
I0720 00:35:59.796483 13880 raft_consensus.cc:499] T 29f497c505024c759ee8d7ad1e87eadd P ee4ffccf9eb5471297e208d202495ffe [term 0 FOLLOWER]: Becoming Follower/Learner. State: Replica: ee4ffccf9eb5471297e208d202495ffe, State: 1, Role: FOLLOWER Watermarks: {Received: term: 0 index: 0 Committed: term: 0 index: 0}
I0720 00:35:59.796521 13880 consensus_queue.cc:162] T 29f497c505024c759ee8d7ad1e87eadd P ee4ffccf9eb5471297e208d202495ffe [NON_LEADER]: Queue going to NON_LEADER mode. State: All replicated op: 0.0, Majority replicated op: 0.0, Committed index: 0.0, Last appended: 0.0, Current term: 0, Majority size: -1, State: 1, Mode: NON_LEADER
I0720 00:35:59.796967 13880 ts_tablet_manager.cc:663] T 29f497c505024c759ee8d7ad1e87eadd P ee4ffccf9eb5471297e208d202495ffe: Time spent starting tablet: real 0.002s user 0.000s sys 0.000s
W0720 00:35:59.798239 12022 catalog_manager.cc:2160] Unable to reset TS proxy: Not found: No leader found: Tablet 29f497c505024c759ee8d7ad1e87eadd consensus state has no leader
W0720 00:35:59.798271 12022 catalog_manager.cc:2770] Failed to send alter table request: Not found: Failed to reset TS proxy: No leader found: Tablet 29f497c505024c759ee8d7ad1e87eadd consensus state has no leader
I0720 00:35:59.798593 12021 catalog_manager.cc:1856] TS 3b2a62766e5449f9ae2697a9113d09fb does not have the latest schema for tablet c6cc355d995a4a4c96fbdeb49e77c85b (table test-table [id=2a30b8d6c8764cdc9573a60ac5f96269]). Expected version 18 got 0
I0720 00:35:59.799849 12023 catalog_manager.cc:1856] TS ee4ffccf9eb5471297e208d202495ffe does not have the latest schema for tablet 29f497c505024c759ee8d7ad1e87eadd (table test-table [id=2a30b8d6c8764cdc9573a60ac5f96269]). Expected version 18 got 0
W0720 00:35:59.799952 12021 catalog_manager.cc:2160] Unable to reset TS proxy: Not found: No leader found: Tablet c6cc355d995a4a4c96fbdeb49e77c85b consensus state has no leader
W0720 00:35:59.799980 12021 catalog_manager.cc:2770] Failed to send alter table request: Not found: Failed to reset TS proxy: No leader found: Tablet c6cc355d995a4a4c96fbdeb49e77c85b consensus state has no leader
W0720 00:35:59.801442 12023 catalog_manager.cc:2160] Unable to reset TS proxy: Not found: No leader found: Tablet 29f497c505024c759ee8d7ad1e87eadd consensus state has no leader
W0720 00:35:59.801491 12023 catalog_manager.cc:2770] Failed to send alter table request: Not found: Failed to reset TS proxy: No leader found: Tablet 29f497c505024c759ee8d7ad1e87eadd consensus state has no leader
I0720 00:35:59.801570 12021 catalog_manager.cc:1856] TS 3b2a62766e5449f9ae2697a9113d09fb does not have the latest schema for tablet 29f497c505024c759ee8d7ad1e87eadd (table test-table [id=2a30b8d6c8764cdc9573a60ac5f96269]). Expected version 18 got 0
I0720 00:35:59.802011 12023 catalog_manager.cc:1856] TS bcc77f1560a949c6b130d6b3c67653be does not have the latest schema for tablet c6cc355d995a4a4c96fbdeb49e77c85b (table test-table [id=2a30b8d6c8764cdc9573a60ac5f96269]). Expected version 18 got 0
W0720 00:35:59.803485 12021 catalog_manager.cc:2160] Unable to reset TS proxy: Not found: No leader found: Tablet 29f497c505024c759ee8d7ad1e87eadd consensus state has no leader
W0720 00:35:59.803530 12021 catalog_manager.cc:2770] Failed to send alter table request: Not found: Failed to reset TS proxy: No leader found: Tablet 29f497c505024c759ee8d7ad1e87eadd consensus state has no leader
W0720 00:35:59.803890 12023 catalog_manager.cc:2160] Unable to reset TS proxy: Not found: No leader found: Tablet c6cc355d995a4a4c96fbdeb49e77c85b consensus state has no leader
W0720 00:35:59.803920 12023 catalog_manager.cc:2770] Failed to send alter table request: Not found: Failed to reset TS proxy: No leader found: Tablet c6cc355d995a4a4c96fbdeb49e77c85b consensus state has no leader
I0720 00:35:59.889122 13898 raft_consensus.cc:370] T c6cc355d995a4a4c96fbdeb49e77c85b P bcc77f1560a949c6b130d6b3c67653be [term 0 FOLLOWER]: No leader contacted us within the election timeout. Triggering leader election
I0720 00:35:59.889159 13898 raft_consensus.cc:2019] T c6cc355d995a4a4c96fbdeb49e77c85b P bcc77f1560a949c6b130d6b3c67653be [term 0 FOLLOWER]: Advancing to term 1
I0720 00:35:59.889713 13898 raft_consensus.cc:1970] T c6cc355d995a4a4c96fbdeb49e77c85b P bcc77f1560a949c6b130d6b3c67653be [term 1 FOLLOWER]: Snoozing failure detection for election timeout plus an additional 1.544s
I0720 00:35:59.889757 13898 raft_consensus.cc:386] T c6cc355d995a4a4c96fbdeb49e77c85b P bcc77f1560a949c6b130d6b3c67653be [term 1 FOLLOWER]: Starting election with config: opid_index: -1 peers { permanent_uuid: "ee4ffccf9eb5471297e208d202495ffe" member_type: VOTER last_known_addr { host: "127.42.236.1" port: 57816 } } peers { permanent_uuid: "3b2a62766e5449f9ae2697a9113d09fb" member_type: VOTER last_known_addr { host: "127.42.236.2" port: 60090 } } peers { permanent_uuid: "bcc77f1560a949c6b130d6b3c67653be" member_type: VOTER last_known_addr { host: "127.42.236.0" port: 42768 } }
I0720 00:35:59.890591 13898 leader_election.cc:223] T c6cc355d995a4a4c96fbdeb49e77c85b P bcc77f1560a949c6b130d6b3c67653be [CANDIDATE]: Term 1 election: Requesting vote from peer ee4ffccf9eb5471297e208d202495ffe
I0720 00:35:59.890697 13898 leader_election.cc:223] T c6cc355d995a4a4c96fbdeb49e77c85b P bcc77f1560a949c6b130d6b3c67653be [CANDIDATE]: Term 1 election: Requesting vote from peer 3b2a62766e5449f9ae2697a9113d09fb
I0720 00:35:59.891180 13680 raft_consensus.cc:2019] T c6cc355d995a4a4c96fbdeb49e77c85b P 3b2a62766e5449f9ae2697a9113d09fb [term 0 FOLLOWER]: Advancing to term 1
I0720 00:35:59.891194 13346 raft_consensus.cc:2019] T c6cc355d995a4a4c96fbdeb49e77c85b P ee4ffccf9eb5471297e208d202495ffe [term 0 FOLLOWER]: Advancing to term 1
I0720 00:35:59.891685 13680 raft_consensus.cc:1970] T c6cc355d995a4a4c96fbdeb49e77c85b P 3b2a62766e5449f9ae2697a9113d09fb [term 1 FOLLOWER]: Snoozing failure detection for election timeout plus an additional 1.529s
I0720 00:35:59.891798 13346 raft_consensus.cc:1970] T c6cc355d995a4a4c96fbdeb49e77c85b P ee4ffccf9eb5471297e208d202495ffe [term 1 FOLLOWER]: Snoozing failure detection for election timeout plus an additional 1.512s
I0720 00:35:59.892331 13680 raft_consensus.cc:1677] T c6cc355d995a4a4c96fbdeb49e77c85b P 3b2a62766e5449f9ae2697a9113d09fb [term 1 FOLLOWER]: Leader election vote request: Granting yes vote for candidate bcc77f1560a949c6b130d6b3c67653be in term 1.
I0720 00:35:59.892349 13346 raft_consensus.cc:1677] T c6cc355d995a4a4c96fbdeb49e77c85b P ee4ffccf9eb5471297e208d202495ffe [term 1 FOLLOWER]: Leader election vote request: Granting yes vote for candidate bcc77f1560a949c6b130d6b3c67653be in term 1.
I0720 00:35:59.892599 12747 leader_election.cc:347] T c6cc355d995a4a4c96fbdeb49e77c85b P bcc77f1560a949c6b130d6b3c67653be [CANDIDATE]: Term 1 election: Vote granted by peer 3b2a62766e5449f9ae2697a9113d09fb
I0720 00:35:59.892630 12747 leader_election.cc:248] T c6cc355d995a4a4c96fbdeb49e77c85b P bcc77f1560a949c6b130d6b3c67653be [CANDIDATE]: Term 1 election: Election decided. Result: candidate won.
I0720 00:35:59.892657 12749 leader_election.cc:347] T c6cc355d995a4a4c96fbdeb49e77c85b P bcc77f1560a949c6b130d6b3c67653be [CANDIDATE]: Term 1 election: Vote granted by peer ee4ffccf9eb5471297e208d202495ffe
I0720 00:35:59.892787 13902 raft_consensus.cc:1970] T c6cc355d995a4a4c96fbdeb49e77c85b P bcc77f1560a949c6b130d6b3c67653be [term 1 FOLLOWER]: Snoozing failure detection for election timeout plus an additional 1.605s
I0720 00:35:59.892828 13902 raft_consensus.cc:1859] T c6cc355d995a4a4c96fbdeb49e77c85b P bcc77f1560a949c6b130d6b3c67653be [term 1 FOLLOWER]: Leader election won for term 1
I0720 00:35:59.893118 13902 raft_consensus.cc:464] T c6cc355d995a4a4c96fbdeb49e77c85b P bcc77f1560a949c6b130d6b3c67653be [term 1 LEADER]: Becoming Leader. State: Replica: bcc77f1560a949c6b130d6b3c67653be, State: 1, Role: LEADER Watermarks: {Received: term: 0 index: 0 Committed: term: 0 index: 0}
I0720 00:35:59.893213 13902 consensus_queue.cc:145] T c6cc355d995a4a4c96fbdeb49e77c85b P bcc77f1560a949c6b130d6b3c67653be [LEADER]: Queue going to LEADER mode. State: All replicated op: 0.0, Majority replicated op: 0.0, Committed index: 0.0, Last appended: 0.0, Current term: 1, Majority size: 2, State: 1, Mode: LEADER, active raft config: opid_index: -1 peers { permanent_uuid: "ee4ffccf9eb5471297e208d202495ffe" member_type: VOTER last_known_addr { host: "127.42.236.1" port: 57816 } } peers { permanent_uuid: "3b2a62766e5449f9ae2697a9113d09fb" member_type: VOTER last_known_addr { host: "127.42.236.2" port: 60090 } } peers { permanent_uuid: "bcc77f1560a949c6b130d6b3c67653be" member_type: VOTER last_known_addr { host: "127.42.236.0" port: 42768 } }
I0720 00:35:59.894712 12021 catalog_manager.cc:1856] TS bcc77f1560a949c6b130d6b3c67653be does not have the latest schema for tablet c6cc355d995a4a4c96fbdeb49e77c85b (table test-table [id=2a30b8d6c8764cdc9573a60ac5f96269]). Expected version 18 got 0
I0720 00:35:59.894800 12021 catalog_manager.cc:1957] Tablet: c6cc355d995a4a4c96fbdeb49e77c85b reported consensus state change. New consensus state: current_term: 1 leader_uuid: "bcc77f1560a949c6b130d6b3c67653be" config { opid_index: -1 peers { permanent_uuid: "ee4ffccf9eb5471297e208d202495ffe" member_type: VOTER last_known_addr { host: "127.42.236.1" port: 57816 } } peers { permanent_uuid: "3b2a62766e5449f9ae2697a9113d09fb" member_type: VOTER last_known_addr { host: "127.42.236.2" port: 60090 } } peers { permanent_uuid: "bcc77f1560a949c6b130d6b3c67653be" member_type: VOTER last_known_addr { host: "127.42.236.0" port: 42768 } } }
I0720 00:35:59.898495 13680 raft_consensus.cc:869] T c6cc355d995a4a4c96fbdeb49e77c85b P 3b2a62766e5449f9ae2697a9113d09fb [term 1 FOLLOWER]: Refusing update from remote peer bcc77f1560a949c6b130d6b3c67653be: Log matching property violated. Preceding OpId in replica: term: 0 index: 0. Preceding OpId from leader: term: 1 index: 2. (index mismatch)
I0720 00:35:59.898632 13346 raft_consensus.cc:869] T c6cc355d995a4a4c96fbdeb49e77c85b P ee4ffccf9eb5471297e208d202495ffe [term 1 FOLLOWER]: Refusing update from remote peer bcc77f1560a949c6b130d6b3c67653be: Log matching property violated. Preceding OpId in replica: term: 0 index: 0. Preceding OpId from leader: term: 1 index: 2. (index mismatch)
I0720 00:35:59.898809 13905 consensus_queue.cc:578] T c6cc355d995a4a4c96fbdeb49e77c85b P bcc77f1560a949c6b130d6b3c67653be [LEADER]: Connected to new peer: Peer: 3b2a62766e5449f9ae2697a9113d09fb, Is new: false, Last received: 0.0, Next index: 1, Last known committed idx: 0, Last exchange result: ERROR, Needs remote bootstrap: false
I0720 00:35:59.898941 13902 consensus_queue.cc:578] T c6cc355d995a4a4c96fbdeb49e77c85b P bcc77f1560a949c6b130d6b3c67653be [LEADER]: Connected to new peer: Peer: ee4ffccf9eb5471297e208d202495ffe, Is new: false, Last received: 0.0, Next index: 1, Last known committed idx: 0, Last exchange result: ERROR, Needs remote bootstrap: false
I0720 00:35:59.900776 12021 catalog_manager.cc:1856] TS 3b2a62766e5449f9ae2697a9113d09fb does not have the latest schema for tablet c6cc355d995a4a4c96fbdeb49e77c85b (table test-table [id=2a30b8d6c8764cdc9573a60ac5f96269]). Expected version 18 got 0
I0720 00:35:59.901355 13908 raft_consensus_state.cc:534] T c6cc355d995a4a4c96fbdeb49e77c85b P bcc77f1560a949c6b130d6b3c67653be [term 1 LEADER]: Advanced the committed_index across terms. Last committed operation was: term: 0 index: 0 New committed index is: term: 1 index: 2
I0720 00:35:59.901440 13809 tablet.cc:824] T c6cc355d995a4a4c96fbdeb49e77c85b Alter schema from Schema [ 10:key[int32 NOT NULL] ] version 0 to Schema [ 10:key[int32 NOT NULL] ] version 18
I0720 00:35:59.902518 13796 tablet.cc:824] T c6cc355d995a4a4c96fbdeb49e77c85b Alter schema from Schema [ 10:key[int32 NOT NULL] ] version 0 to Schema [ 10:key[int32 NOT NULL] ] version 18
I0720 00:35:59.903440 12023 catalog_manager.cc:1856] TS ee4ffccf9eb5471297e208d202495ffe does not have the latest schema for tablet c6cc355d995a4a4c96fbdeb49e77c85b (table test-table [id=2a30b8d6c8764cdc9573a60ac5f96269]). Expected version 18 got 0
I0720 00:36:00.066030 13887 raft_consensus.cc:370] T 29f497c505024c759ee8d7ad1e87eadd P 3b2a62766e5449f9ae2697a9113d09fb [term 0 FOLLOWER]: No leader contacted us within the election timeout. Triggering leader election
I0720 00:36:00.066097 13887 raft_consensus.cc:2019] T 29f497c505024c759ee8d7ad1e87eadd P 3b2a62766e5449f9ae2697a9113d09fb [term 0 FOLLOWER]: Advancing to term 1
I0720 00:36:00.066656 13887 raft_consensus.cc:1970] T 29f497c505024c759ee8d7ad1e87eadd P 3b2a62766e5449f9ae2697a9113d09fb [term 1 FOLLOWER]: Snoozing failure detection for election timeout plus an additional 1.550s
I0720 00:36:00.066712 13887 raft_consensus.cc:386] T 29f497c505024c759ee8d7ad1e87eadd P 3b2a62766e5449f9ae2697a9113d09fb [term 1 FOLLOWER]: Starting election with config: opid_index: -1 peers { permanent_uuid: "3b2a62766e5449f9ae2697a9113d09fb" member_type: VOTER last_known_addr { host: "127.42.236.2" port: 60090 } } peers { permanent_uuid: "ee4ffccf9eb5471297e208d202495ffe" member_type: VOTER last_known_addr { host: "127.42.236.1" port: 57816 } } peers { permanent_uuid: "bcc77f1560a949c6b130d6b3c67653be" member_type: VOTER last_known_addr { host: "127.42.236.0" port: 42768 } }
I0720 00:36:00.067757 13887 leader_election.cc:223] T 29f497c505024c759ee8d7ad1e87eadd P 3b2a62766e5449f9ae2697a9113d09fb [CANDIDATE]: Term 1 election: Requesting vote from peer ee4ffccf9eb5471297e208d202495ffe
I0720 00:36:00.067914 13887 leader_election.cc:223] T 29f497c505024c759ee8d7ad1e87eadd P 3b2a62766e5449f9ae2697a9113d09fb [CANDIDATE]: Term 1 election: Requesting vote from peer bcc77f1560a949c6b130d6b3c67653be
I0720 00:36:00.069828 13346 raft_consensus.cc:2019] T 29f497c505024c759ee8d7ad1e87eadd P ee4ffccf9eb5471297e208d202495ffe [term 0 FOLLOWER]: Advancing to term 1
I0720 00:36:00.070217 12814 raft_consensus.cc:2019] T 29f497c505024c759ee8d7ad1e87eadd P bcc77f1560a949c6b130d6b3c67653be [term 0 FOLLOWER]: Advancing to term 1
I0720 00:36:00.070298 13346 raft_consensus.cc:1970] T 29f497c505024c759ee8d7ad1e87eadd P ee4ffccf9eb5471297e208d202495ffe [term 1 FOLLOWER]: Snoozing failure detection for election timeout plus an additional 1.563s
I0720 00:36:00.070706 13346 raft_consensus.cc:1677] T 29f497c505024c759ee8d7ad1e87eadd P ee4ffccf9eb5471297e208d202495ffe [term 1 FOLLOWER]: Leader election vote request: Granting yes vote for candidate 3b2a62766e5449f9ae2697a9113d09fb in term 1.
I0720 00:36:00.070719 12814 raft_consensus.cc:1970] T 29f497c505024c759ee8d7ad1e87eadd P bcc77f1560a949c6b130d6b3c67653be [term 1 FOLLOWER]: Snoozing failure detection for election timeout plus an additional 1.541s
I0720 00:36:00.070942 13613 leader_election.cc:347] T 29f497c505024c759ee8d7ad1e87eadd P 3b2a62766e5449f9ae2697a9113d09fb [CANDIDATE]: Term 1 election: Vote granted by peer ee4ffccf9eb5471297e208d202495ffe
I0720 00:36:00.070981 13613 leader_election.cc:248] T 29f497c505024c759ee8d7ad1e87eadd P 3b2a62766e5449f9ae2697a9113d09fb [CANDIDATE]: Term 1 election: Election decided. Result: candidate won.
I0720 00:36:00.071146 12814 raft_consensus.cc:1677] T 29f497c505024c759ee8d7ad1e87eadd P bcc77f1560a949c6b130d6b3c67653be [term 1 FOLLOWER]: Leader election vote request: Granting yes vote for candidate 3b2a62766e5449f9ae2697a9113d09fb in term 1.
I0720 00:36:00.071147 13890 raft_consensus.cc:1970] T 29f497c505024c759ee8d7ad1e87eadd P 3b2a62766e5449f9ae2697a9113d09fb [term 1 FOLLOWER]: Snoozing failure detection for election timeout plus an additional 1.526s
I0720 00:36:00.071197 13890 raft_consensus.cc:1859] T 29f497c505024c759ee8d7ad1e87eadd P 3b2a62766e5449f9ae2697a9113d09fb [term 1 FOLLOWER]: Leader election won for term 1
I0720 00:36:00.071367 13612 leader_election.cc:347] T 29f497c505024c759ee8d7ad1e87eadd P 3b2a62766e5449f9ae2697a9113d09fb [CANDIDATE]: Term 1 election: Vote granted by peer bcc77f1560a949c6b130d6b3c67653be
I0720 00:36:00.071580 13890 raft_consensus.cc:464] T 29f497c505024c759ee8d7ad1e87eadd P 3b2a62766e5449f9ae2697a9113d09fb [term 1 LEADER]: Becoming Leader. State: Replica: 3b2a62766e5449f9ae2697a9113d09fb, State: 1, Role: LEADER Watermarks: {Received: term: 0 index: 0 Committed: term: 0 index: 0}
I0720 00:36:00.071774 13890 consensus_queue.cc:145] T 29f497c505024c759ee8d7ad1e87eadd P 3b2a62766e5449f9ae2697a9113d09fb [LEADER]: Queue going to LEADER mode. State: All replicated op: 0.0, Majority replicated op: 0.0, Committed index: 0.0, Last appended: 0.0, Current term: 1, Majority size: 2, State: 1, Mode: LEADER, active raft config: opid_index: -1 peers { permanent_uuid: "3b2a62766e5449f9ae2697a9113d09fb" member_type: VOTER last_known_addr { host: "127.42.236.2" port: 60090 } } peers { permanent_uuid: "ee4ffccf9eb5471297e208d202495ffe" member_type: VOTER last_known_addr { host: "127.42.236.1" port: 57816 } } peers { permanent_uuid: "bcc77f1560a949c6b130d6b3c67653be" member_type: VOTER last_known_addr { host: "127.42.236.0" port: 42768 } }
I0720 00:36:00.073487 12023 catalog_manager.cc:1856] TS 3b2a62766e5449f9ae2697a9113d09fb does not have the latest schema for tablet 29f497c505024c759ee8d7ad1e87eadd (table test-table [id=2a30b8d6c8764cdc9573a60ac5f96269]). Expected version 18 got 0
W0720 00:36:00.073503 13919 raft_consensus_state.cc:541] T 29f497c505024c759ee8d7ad1e87eadd P 3b2a62766e5449f9ae2697a9113d09fb [term 1 LEADER]: Can't advance the committed index across term boundaries until operations from the current term are replicated. Last committed operation was: term: 0 index: 0, New majority replicated is: term: 0 index: 0, Current term is: 1
