I0720 00:35:45.518247 12010 catalog_manager.cc:2499] TS ee4ffccf9eb5471297e208d202495ffe: tablet 835f3db771474d8cb6a27710c44abd95 (table test-table [id=2a30b8d6c8764cdc9573a60ac5f96269]) successfully deleted
I0720 00:35:45.518349 12302 tablet_bootstrap.cc:563] T bf1c7be5ba99499db4d157bb130481a0 P 3b2a62766e5449f9ae2697a9113d09fb: Time spent opening tablet: real 0.001s user 0.000s sys 0.000s
I0720 00:35:45.518477 12302 tablet_bootstrap.cc:503] T bf1c7be5ba99499db4d157bb130481a0 P 3b2a62766e5449f9ae2697a9113d09fb: No blocks or log segments found. Creating new log.
I0720 00:35:45.519024 12023 catalog_manager.cc:1856] TS 3b2a62766e5449f9ae2697a9113d09fb does not have the latest schema for tablet 7da0807657214adda8fc2f4cfc6e8159 (table test-table [id=2a30b8d6c8764cdc9573a60ac5f96269]). Expected version 6 got 0
I0720 00:35:45.519078 12307 tablet_bootstrap.cc:400] T 7da0807657214adda8fc2f4cfc6e8159 P ee4ffccf9eb5471297e208d202495ffe: No bootstrap required, opened a new log
I0720 00:35:45.519114 12307 ts_tablet_manager.cc:636] T 7da0807657214adda8fc2f4cfc6e8159 P ee4ffccf9eb5471297e208d202495ffe: Time spent bootstrapping tablet: real 0.002s user 0.000s sys 0.000s
I0720 00:35:45.519189 12303 tablet_bootstrap.cc:400] T 7da0807657214adda8fc2f4cfc6e8159 P bcc77f1560a949c6b130d6b3c67653be: No bootstrap required, opened a new log
I0720 00:35:45.519227 12303 ts_tablet_manager.cc:636] T 7da0807657214adda8fc2f4cfc6e8159 P bcc77f1560a949c6b130d6b3c67653be: Time spent bootstrapping tablet: real 0.006s user 0.000s sys 0.000s
I0720 00:35:45.519843 12307 raft_consensus.cc:269] T 7da0807657214adda8fc2f4cfc6e8159 P ee4ffccf9eb5471297e208d202495ffe [term 0 FOLLOWER]: Replica starting. Triggering 0 pending transactions. Active config: opid_index: -1 peers { permanent_uuid: "ee4ffccf9eb5471297e208d202495ffe" member_type: VOTER last_known_addr { host: "127.42.236.1" port: 57816 } } peers { permanent_uuid: "3b2a62766e5449f9ae2697a9113d09fb" member_type: VOTER last_known_addr { host: "127.42.236.2" port: 60090 } } peers { permanent_uuid: "bcc77f1560a949c6b130d6b3c67653be" member_type: VOTER last_known_addr { host: "127.42.236.0" port: 42768 } }
I0720 00:35:45.519882 12307 raft_consensus.cc:301] T 7da0807657214adda8fc2f4cfc6e8159 P ee4ffccf9eb5471297e208d202495ffe [term 0 FOLLOWER]: Consensus starting up: Expiring failure detector timer to make a prompt election more likely
I0720 00:35:45.519901 12307 raft_consensus.cc:499] T 7da0807657214adda8fc2f4cfc6e8159 P ee4ffccf9eb5471297e208d202495ffe [term 0 FOLLOWER]: Becoming Follower/Learner. State: Replica: ee4ffccf9eb5471297e208d202495ffe, State: 1, Role: FOLLOWER Watermarks: {Received: term: 0 index: 0 Committed: term: 0 index: 0}
I0720 00:35:45.519924 12307 consensus_queue.cc:162] T 7da0807657214adda8fc2f4cfc6e8159 P ee4ffccf9eb5471297e208d202495ffe [NON_LEADER]: Queue going to NON_LEADER mode. State: All replicated op: 0.0, Majority replicated op: 0.0, Committed index: 0.0, Last appended: 0.0, Current term: 0, Majority size: -1, State: 1, Mode: NON_LEADER
I0720 00:35:45.520174 12303 raft_consensus.cc:269] T 7da0807657214adda8fc2f4cfc6e8159 P bcc77f1560a949c6b130d6b3c67653be [term 0 FOLLOWER]: Replica starting. Triggering 0 pending transactions. Active config: opid_index: -1 peers { permanent_uuid: "ee4ffccf9eb5471297e208d202495ffe" member_type: VOTER last_known_addr { host: "127.42.236.1" port: 57816 } } peers { permanent_uuid: "3b2a62766e5449f9ae2697a9113d09fb" member_type: VOTER last_known_addr { host: "127.42.236.2" port: 60090 } } peers { permanent_uuid: "bcc77f1560a949c6b130d6b3c67653be" member_type: VOTER last_known_addr { host: "127.42.236.0" port: 42768 } }
I0720 00:35:45.520217 12303 raft_consensus.cc:301] T 7da0807657214adda8fc2f4cfc6e8159 P bcc77f1560a949c6b130d6b3c67653be [term 0 FOLLOWER]: Consensus starting up: Expiring failure detector timer to make a prompt election more likely
I0720 00:35:45.520241 12303 raft_consensus.cc:499] T 7da0807657214adda8fc2f4cfc6e8159 P bcc77f1560a949c6b130d6b3c67653be [term 0 FOLLOWER]: Becoming Follower/Learner. State: Replica: bcc77f1560a949c6b130d6b3c67653be, State: 1, Role: FOLLOWER Watermarks: {Received: term: 0 index: 0 Committed: term: 0 index: 0}
I0720 00:35:45.520269 12303 consensus_queue.cc:162] T 7da0807657214adda8fc2f4cfc6e8159 P bcc77f1560a949c6b130d6b3c67653be [NON_LEADER]: Queue going to NON_LEADER mode. State: All replicated op: 0.0, Majority replicated op: 0.0, Committed index: 0.0, Last appended: 0.0, Current term: 0, Majority size: -1, State: 1, Mode: NON_LEADER
W0720 00:35:45.520314 12023 catalog_manager.cc:2160] Unable to reset TS proxy: Not found: No leader found: Tablet 7da0807657214adda8fc2f4cfc6e8159 consensus state has no leader
W0720 00:35:45.520339 12023 catalog_manager.cc:2770] Failed to send alter table request: Not found: Failed to reset TS proxy: No leader found: Tablet 7da0807657214adda8fc2f4cfc6e8159 consensus state has no leader
I0720 00:35:45.520608 12302 tablet_bootstrap.cc:400] T bf1c7be5ba99499db4d157bb130481a0 P 3b2a62766e5449f9ae2697a9113d09fb: No bootstrap required, opened a new log
I0720 00:35:45.520649 12302 ts_tablet_manager.cc:636] T bf1c7be5ba99499db4d157bb130481a0 P 3b2a62766e5449f9ae2697a9113d09fb: Time spent bootstrapping tablet: real 0.004s user 0.004s sys 0.000s
I0720 00:35:45.520997 12303 ts_tablet_manager.cc:663] T 7da0807657214adda8fc2f4cfc6e8159 P bcc77f1560a949c6b130d6b3c67653be: Time spent starting tablet: real 0.002s user 0.000s sys 0.000s
I0720 00:35:45.521095 12303 ts_tablet_manager.cc:631] T bf1c7be5ba99499db4d157bb130481a0 P bcc77f1560a949c6b130d6b3c67653be: Bootstrapping tablet
I0720 00:35:45.521261 12303 tablet_bootstrap.cc:400] T bf1c7be5ba99499db4d157bb130481a0 P bcc77f1560a949c6b130d6b3c67653be: Bootstrap starting.
I0720 00:35:45.521284 12023 catalog_manager.cc:1856] TS bcc77f1560a949c6b130d6b3c67653be does not have the latest schema for tablet 7da0807657214adda8fc2f4cfc6e8159 (table test-table [id=2a30b8d6c8764cdc9573a60ac5f96269]). Expected version 6 got 0
I0720 00:35:45.521735 12303 tablet_bootstrap.cc:563] T bf1c7be5ba99499db4d157bb130481a0 P bcc77f1560a949c6b130d6b3c67653be: Time spent opening tablet: real 0.000s user 0.000s sys 0.000s
I0720 00:35:45.521790 12302 raft_consensus.cc:269] T bf1c7be5ba99499db4d157bb130481a0 P 3b2a62766e5449f9ae2697a9113d09fb [term 0 FOLLOWER]: Replica starting. Triggering 0 pending transactions. Active config: opid_index: -1 peers { permanent_uuid: "ee4ffccf9eb5471297e208d202495ffe" member_type: VOTER last_known_addr { host: "127.42.236.1" port: 57816 } } peers { permanent_uuid: "3b2a62766e5449f9ae2697a9113d09fb" member_type: VOTER last_known_addr { host: "127.42.236.2" port: 60090 } } peers { permanent_uuid: "bcc77f1560a949c6b130d6b3c67653be" member_type: VOTER last_known_addr { host: "127.42.236.0" port: 42768 } }
I0720 00:35:45.521833 12302 raft_consensus.cc:301] T bf1c7be5ba99499db4d157bb130481a0 P 3b2a62766e5449f9ae2697a9113d09fb [term 0 FOLLOWER]: Consensus starting up: Expiring failure detector timer to make a prompt election more likely
I0720 00:35:45.521837 12303 tablet_bootstrap.cc:503] T bf1c7be5ba99499db4d157bb130481a0 P bcc77f1560a949c6b130d6b3c67653be: No blocks or log segments found. Creating new log.
I0720 00:35:45.521868 12302 raft_consensus.cc:499] T bf1c7be5ba99499db4d157bb130481a0 P 3b2a62766e5449f9ae2697a9113d09fb [term 0 FOLLOWER]: Becoming Follower/Learner. State: Replica: 3b2a62766e5449f9ae2697a9113d09fb, State: 1, Role: FOLLOWER Watermarks: {Received: term: 0 index: 0 Committed: term: 0 index: 0}
I0720 00:35:45.521909 12302 consensus_queue.cc:162] T bf1c7be5ba99499db4d157bb130481a0 P 3b2a62766e5449f9ae2697a9113d09fb [NON_LEADER]: Queue going to NON_LEADER mode. State: All replicated op: 0.0, Majority replicated op: 0.0, Committed index: 0.0, Last appended: 0.0, Current term: 0, Majority size: -1, State: 1, Mode: NON_LEADER
I0720 00:35:45.522176 12307 ts_tablet_manager.cc:663] T 7da0807657214adda8fc2f4cfc6e8159 P ee4ffccf9eb5471297e208d202495ffe: Time spent starting tablet: real 0.003s user 0.000s sys 0.000s
I0720 00:35:45.522236 12307 ts_tablet_manager.cc:631] T bf1c7be5ba99499db4d157bb130481a0 P ee4ffccf9eb5471297e208d202495ffe: Bootstrapping tablet
I0720 00:35:45.522398 12307 tablet_bootstrap.cc:400] T bf1c7be5ba99499db4d157bb130481a0 P ee4ffccf9eb5471297e208d202495ffe: Bootstrap starting.
W0720 00:35:45.522574 12023 catalog_manager.cc:2160] Unable to reset TS proxy: Not found: No leader found: Tablet 7da0807657214adda8fc2f4cfc6e8159 consensus state has no leader
W0720 00:35:45.522598 12023 catalog_manager.cc:2770] Failed to send alter table request: Not found: Failed to reset TS proxy: No leader found: Tablet 7da0807657214adda8fc2f4cfc6e8159 consensus state has no leader
I0720 00:35:45.522635 12021 catalog_manager.cc:1856] TS ee4ffccf9eb5471297e208d202495ffe does not have the latest schema for tablet 7da0807657214adda8fc2f4cfc6e8159 (table test-table [id=2a30b8d6c8764cdc9573a60ac5f96269]). Expected version 6 got 0
I0720 00:35:45.522821 12307 tablet_bootstrap.cc:563] T bf1c7be5ba99499db4d157bb130481a0 P ee4ffccf9eb5471297e208d202495ffe: Time spent opening tablet: real 0.000s user 0.000s sys 0.000s
I0720 00:35:45.522919 12307 tablet_bootstrap.cc:503] T bf1c7be5ba99499db4d157bb130481a0 P ee4ffccf9eb5471297e208d202495ffe: No blocks or log segments found. Creating new log.
I0720 00:35:45.523385 12302 ts_tablet_manager.cc:663] T bf1c7be5ba99499db4d157bb130481a0 P 3b2a62766e5449f9ae2697a9113d09fb: Time spent starting tablet: real 0.003s user 0.000s sys 0.000s
W0720 00:35:45.523783 12021 catalog_manager.cc:2160] Unable to reset TS proxy: Not found: No leader found: Tablet 7da0807657214adda8fc2f4cfc6e8159 consensus state has no leader
W0720 00:35:45.523805 12021 catalog_manager.cc:2770] Failed to send alter table request: Not found: Failed to reset TS proxy: No leader found: Tablet 7da0807657214adda8fc2f4cfc6e8159 consensus state has no leader
I0720 00:35:45.523835 12023 catalog_manager.cc:1856] TS 3b2a62766e5449f9ae2697a9113d09fb does not have the latest schema for tablet bf1c7be5ba99499db4d157bb130481a0 (table test-table [id=2a30b8d6c8764cdc9573a60ac5f96269]). Expected version 6 got 0
I0720 00:35:45.524024 12303 tablet_bootstrap.cc:400] T bf1c7be5ba99499db4d157bb130481a0 P bcc77f1560a949c6b130d6b3c67653be: No bootstrap required, opened a new log
I0720 00:35:45.524065 12303 ts_tablet_manager.cc:636] T bf1c7be5ba99499db4d157bb130481a0 P bcc77f1560a949c6b130d6b3c67653be: Time spent bootstrapping tablet: real 0.003s user 0.004s sys 0.000s
I0720 00:35:45.524698 12303 raft_consensus.cc:269] T bf1c7be5ba99499db4d157bb130481a0 P bcc77f1560a949c6b130d6b3c67653be [term 0 FOLLOWER]: Replica starting. Triggering 0 pending transactions. Active config: opid_index: -1 peers { permanent_uuid: "ee4ffccf9eb5471297e208d202495ffe" member_type: VOTER last_known_addr { host: "127.42.236.1" port: 57816 } } peers { permanent_uuid: "3b2a62766e5449f9ae2697a9113d09fb" member_type: VOTER last_known_addr { host: "127.42.236.2" port: 60090 } } peers { permanent_uuid: "bcc77f1560a949c6b130d6b3c67653be" member_type: VOTER last_known_addr { host: "127.42.236.0" port: 42768 } }
I0720 00:35:45.524751 12303 raft_consensus.cc:301] T bf1c7be5ba99499db4d157bb130481a0 P bcc77f1560a949c6b130d6b3c67653be [term 0 FOLLOWER]: Consensus starting up: Expiring failure detector timer to make a prompt election more likely
I0720 00:35:45.524751 12307 tablet_bootstrap.cc:400] T bf1c7be5ba99499db4d157bb130481a0 P ee4ffccf9eb5471297e208d202495ffe: No bootstrap required, opened a new log
I0720 00:35:45.524781 12303 raft_consensus.cc:499] T bf1c7be5ba99499db4d157bb130481a0 P bcc77f1560a949c6b130d6b3c67653be [term 0 FOLLOWER]: Becoming Follower/Learner. State: Replica: bcc77f1560a949c6b130d6b3c67653be, State: 1, Role: FOLLOWER Watermarks: {Received: term: 0 index: 0 Committed: term: 0 index: 0}
I0720 00:35:45.524797 12307 ts_tablet_manager.cc:636] T bf1c7be5ba99499db4d157bb130481a0 P ee4ffccf9eb5471297e208d202495ffe: Time spent bootstrapping tablet: real 0.003s user 0.000s sys 0.000s
I0720 00:35:45.524812 12303 consensus_queue.cc:162] T bf1c7be5ba99499db4d157bb130481a0 P bcc77f1560a949c6b130d6b3c67653be [NON_LEADER]: Queue going to NON_LEADER mode. State: All replicated op: 0.0, Majority replicated op: 0.0, Committed index: 0.0, Last appended: 0.0, Current term: 0, Majority size: -1, State: 1, Mode: NON_LEADER
W0720 00:35:45.525033 12023 catalog_manager.cc:2160] Unable to reset TS proxy: Not found: No leader found: Tablet bf1c7be5ba99499db4d157bb130481a0 consensus state has no leader
W0720 00:35:45.525054 12023 catalog_manager.cc:2770] Failed to send alter table request: Not found: Failed to reset TS proxy: No leader found: Tablet bf1c7be5ba99499db4d157bb130481a0 consensus state has no leader
I0720 00:35:45.525302 12020 catalog_manager.cc:1856] TS ee4ffccf9eb5471297e208d202495ffe does not have the latest schema for tablet 7da0807657214adda8fc2f4cfc6e8159 (table test-table [id=2a30b8d6c8764cdc9573a60ac5f96269]). Expected version 6 got 0
I0720 00:35:45.525341 12303 ts_tablet_manager.cc:663] T bf1c7be5ba99499db4d157bb130481a0 P bcc77f1560a949c6b130d6b3c67653be: Time spent starting tablet: real 0.001s user 0.000s sys 0.000s
I0720 00:35:45.525656 12307 raft_consensus.cc:269] T bf1c7be5ba99499db4d157bb130481a0 P ee4ffccf9eb5471297e208d202495ffe [term 0 FOLLOWER]: Replica starting. Triggering 0 pending transactions. Active config: opid_index: -1 peers { permanent_uuid: "ee4ffccf9eb5471297e208d202495ffe" member_type: VOTER last_known_addr { host: "127.42.236.1" port: 57816 } } peers { permanent_uuid: "3b2a62766e5449f9ae2697a9113d09fb" member_type: VOTER last_known_addr { host: "127.42.236.2" port: 60090 } } peers { permanent_uuid: "bcc77f1560a949c6b130d6b3c67653be" member_type: VOTER last_known_addr { host: "127.42.236.0" port: 42768 } }
I0720 00:35:45.525696 12307 raft_consensus.cc:301] T bf1c7be5ba99499db4d157bb130481a0 P ee4ffccf9eb5471297e208d202495ffe [term 0 FOLLOWER]: Consensus starting up: Expiring failure detector timer to make a prompt election more likely
I0720 00:35:45.525713 12307 raft_consensus.cc:499] T bf1c7be5ba99499db4d157bb130481a0 P ee4ffccf9eb5471297e208d202495ffe [term 0 FOLLOWER]: Becoming Follower/Learner. State: Replica: ee4ffccf9eb5471297e208d202495ffe, State: 1, Role: FOLLOWER Watermarks: {Received: term: 0 index: 0 Committed: term: 0 index: 0}
I0720 00:35:45.525738 12307 consensus_queue.cc:162] T bf1c7be5ba99499db4d157bb130481a0 P ee4ffccf9eb5471297e208d202495ffe [NON_LEADER]: Queue going to NON_LEADER mode. State: All replicated op: 0.0, Majority replicated op: 0.0, Committed index: 0.0, Last appended: 0.0, Current term: 0, Majority size: -1, State: 1, Mode: NON_LEADER
I0720 00:35:45.526024 12307 ts_tablet_manager.cc:663] T bf1c7be5ba99499db4d157bb130481a0 P ee4ffccf9eb5471297e208d202495ffe: Time spent starting tablet: real 0.001s user 0.004s sys 0.000s
I0720 00:35:45.526362 12023 catalog_manager.cc:1856] TS 3b2a62766e5449f9ae2697a9113d09fb does not have the latest schema for tablet bf1c7be5ba99499db4d157bb130481a0 (table test-table [id=2a30b8d6c8764cdc9573a60ac5f96269]). Expected version 6 got 0
W0720 00:35:45.526535 12020 catalog_manager.cc:2160] Unable to reset TS proxy: Not found: No leader found: Tablet 7da0807657214adda8fc2f4cfc6e8159 consensus state has no leader
W0720 00:35:45.526554 12020 catalog_manager.cc:2770] Failed to send alter table request: Not found: Failed to reset TS proxy: No leader found: Tablet 7da0807657214adda8fc2f4cfc6e8159 consensus state has no leader
W0720 00:35:45.527647 12023 catalog_manager.cc:2160] Unable to reset TS proxy: Not found: No leader found: Tablet bf1c7be5ba99499db4d157bb130481a0 consensus state has no leader
W0720 00:35:45.527679 12023 catalog_manager.cc:2770] Failed to send alter table request: Not found: Failed to reset TS proxy: No leader found: Tablet bf1c7be5ba99499db4d157bb130481a0 consensus state has no leader
I0720 00:35:45.527701 12021 catalog_manager.cc:1856] TS ee4ffccf9eb5471297e208d202495ffe does not have the latest schema for tablet bf1c7be5ba99499db4d157bb130481a0 (table test-table [id=2a30b8d6c8764cdc9573a60ac5f96269]). Expected version 6 got 0
W0720 00:35:45.529057 12021 catalog_manager.cc:2160] Unable to reset TS proxy: Not found: No leader found: Tablet bf1c7be5ba99499db4d157bb130481a0 consensus state has no leader
W0720 00:35:45.529084 12021 catalog_manager.cc:2770] Failed to send alter table request: Not found: Failed to reset TS proxy: No leader found: Tablet bf1c7be5ba99499db4d157bb130481a0 consensus state has no leader
I0720 00:35:45.529095 12020 catalog_manager.cc:1856] TS bcc77f1560a949c6b130d6b3c67653be does not have the latest schema for tablet bf1c7be5ba99499db4d157bb130481a0 (table test-table [id=2a30b8d6c8764cdc9573a60ac5f96269]). Expected version 6 got 0
W0720 00:35:45.530231 12020 catalog_manager.cc:2160] Unable to reset TS proxy: Not found: No leader found: Tablet bf1c7be5ba99499db4d157bb130481a0 consensus state has no leader
W0720 00:35:45.530258 12020 catalog_manager.cc:2770] Failed to send alter table request: Not found: Failed to reset TS proxy: No leader found: Tablet bf1c7be5ba99499db4d157bb130481a0 consensus state has no leader
I0720 00:35:45.731183 12315 raft_consensus.cc:370] T 7da0807657214adda8fc2f4cfc6e8159 P bcc77f1560a949c6b130d6b3c67653be [term 0 FOLLOWER]: No leader contacted us within the election timeout. Triggering leader election
I0720 00:35:45.731231 12315 raft_consensus.cc:2019] T 7da0807657214adda8fc2f4cfc6e8159 P bcc77f1560a949c6b130d6b3c67653be [term 0 FOLLOWER]: Advancing to term 1
I0720 00:35:45.731947 12315 raft_consensus.cc:1970] T 7da0807657214adda8fc2f4cfc6e8159 P bcc77f1560a949c6b130d6b3c67653be [term 1 FOLLOWER]: Snoozing failure detection for election timeout plus an additional 1.603s
I0720 00:35:45.732012 12315 raft_consensus.cc:386] T 7da0807657214adda8fc2f4cfc6e8159 P bcc77f1560a949c6b130d6b3c67653be [term 1 FOLLOWER]: Starting election with config: opid_index: -1 peers { permanent_uuid: "ee4ffccf9eb5471297e208d202495ffe" member_type: VOTER last_known_addr { host: "127.42.236.1" port: 57816 } } peers { permanent_uuid: "3b2a62766e5449f9ae2697a9113d09fb" member_type: VOTER last_known_addr { host: "127.42.236.2" port: 60090 } } peers { permanent_uuid: "bcc77f1560a949c6b130d6b3c67653be" member_type: VOTER last_known_addr { host: "127.42.236.0" port: 42768 } }
I0720 00:35:45.732895 12315 leader_election.cc:223] T 7da0807657214adda8fc2f4cfc6e8159 P bcc77f1560a949c6b130d6b3c67653be [CANDIDATE]: Term 1 election: Requesting vote from peer ee4ffccf9eb5471297e208d202495ffe
I0720 00:35:45.732990 12315 leader_election.cc:223] T 7da0807657214adda8fc2f4cfc6e8159 P bcc77f1560a949c6b130d6b3c67653be [CANDIDATE]: Term 1 election: Requesting vote from peer 3b2a62766e5449f9ae2697a9113d09fb
I0720 00:35:45.733460 11698 raft_consensus.cc:2019] T 7da0807657214adda8fc2f4cfc6e8159 P 3b2a62766e5449f9ae2697a9113d09fb [term 0 FOLLOWER]: Advancing to term 1
I0720 00:35:45.733465 12220 raft_consensus.cc:2019] T 7da0807657214adda8fc2f4cfc6e8159 P ee4ffccf9eb5471297e208d202495ffe [term 0 FOLLOWER]: Advancing to term 1
I0720 00:35:45.733865 11698 raft_consensus.cc:1970] T 7da0807657214adda8fc2f4cfc6e8159 P 3b2a62766e5449f9ae2697a9113d09fb [term 1 FOLLOWER]: Snoozing failure detection for election timeout plus an additional 1.540s
I0720 00:35:45.734009 12220 raft_consensus.cc:1970] T 7da0807657214adda8fc2f4cfc6e8159 P ee4ffccf9eb5471297e208d202495ffe [term 1 FOLLOWER]: Snoozing failure detection for election timeout plus an additional 1.611s
I0720 00:35:45.734356 11698 raft_consensus.cc:1677] T 7da0807657214adda8fc2f4cfc6e8159 P 3b2a62766e5449f9ae2697a9113d09fb [term 1 FOLLOWER]: Leader election vote request: Granting yes vote for candidate bcc77f1560a949c6b130d6b3c67653be in term 1.
I0720 00:35:45.734447 12220 raft_consensus.cc:1677] T 7da0807657214adda8fc2f4cfc6e8159 P ee4ffccf9eb5471297e208d202495ffe [term 1 FOLLOWER]: Leader election vote request: Granting yes vote for candidate bcc77f1560a949c6b130d6b3c67653be in term 1.
I0720 00:35:45.734623 11876 leader_election.cc:347] T 7da0807657214adda8fc2f4cfc6e8159 P bcc77f1560a949c6b130d6b3c67653be [CANDIDATE]: Term 1 election: Vote granted by peer 3b2a62766e5449f9ae2697a9113d09fb
I0720 00:35:45.734653 11876 leader_election.cc:248] T 7da0807657214adda8fc2f4cfc6e8159 P bcc77f1560a949c6b130d6b3c67653be [CANDIDATE]: Term 1 election: Election decided. Result: candidate won.
I0720 00:35:45.734691 11878 leader_election.cc:347] T 7da0807657214adda8fc2f4cfc6e8159 P bcc77f1560a949c6b130d6b3c67653be [CANDIDATE]: Term 1 election: Vote granted by peer ee4ffccf9eb5471297e208d202495ffe
I0720 00:35:45.734843 12318 raft_consensus.cc:1970] T 7da0807657214adda8fc2f4cfc6e8159 P bcc77f1560a949c6b130d6b3c67653be [term 1 FOLLOWER]: Snoozing failure detection for election timeout plus an additional 1.586s
I0720 00:35:45.734874 12318 raft_consensus.cc:1859] T 7da0807657214adda8fc2f4cfc6e8159 P bcc77f1560a949c6b130d6b3c67653be [term 1 FOLLOWER]: Leader election won for term 1
I0720 00:35:45.735172 12318 raft_consensus.cc:464] T 7da0807657214adda8fc2f4cfc6e8159 P bcc77f1560a949c6b130d6b3c67653be [term 1 LEADER]: Becoming Leader. State: Replica: bcc77f1560a949c6b130d6b3c67653be, State: 1, Role: LEADER Watermarks: {Received: term: 0 index: 0 Committed: term: 0 index: 0}
I0720 00:35:45.735260 12318 consensus_queue.cc:145] T 7da0807657214adda8fc2f4cfc6e8159 P bcc77f1560a949c6b130d6b3c67653be [LEADER]: Queue going to LEADER mode. State: All replicated op: 0.0, Majority replicated op: 0.0, Committed index: 0.0, Last appended: 0.0, Current term: 1, Majority size: 2, State: 1, Mode: LEADER, active raft config: opid_index: -1 peers { permanent_uuid: "ee4ffccf9eb5471297e208d202495ffe" member_type: VOTER last_known_addr { host: "127.42.236.1" port: 57816 } } peers { permanent_uuid: "3b2a62766e5449f9ae2697a9113d09fb" member_type: VOTER last_known_addr { host: "127.42.236.2" port: 60090 } } peers { permanent_uuid: "bcc77f1560a949c6b130d6b3c67653be" member_type: VOTER last_known_addr { host: "127.42.236.0" port: 42768 } }
W0720 00:35:45.736552 12332 raft_consensus_state.cc:541] T 7da0807657214adda8fc2f4cfc6e8159 P bcc77f1560a949c6b130d6b3c67653be [term 1 LEADER]: Can't advance the committed index across term boundaries until operations from the current term are replicated. Last committed operation was: term: 0 index: 0, New majority replicated is: term: 0 index: 0, Current term is: 1
I0720 00:35:45.736783 12020 catalog_manager.cc:1856] TS bcc77f1560a949c6b130d6b3c67653be does not have the latest schema for tablet 7da0807657214adda8fc2f4cfc6e8159 (table test-table [id=2a30b8d6c8764cdc9573a60ac5f96269]). Expected version 6 got 0
I0720 00:35:45.736873 12020 catalog_manager.cc:1957] Tablet: 7da0807657214adda8fc2f4cfc6e8159 reported consensus state change. New consensus state: current_term: 1 leader_uuid: "bcc77f1560a949c6b130d6b3c67653be" config { opid_index: -1 peers { permanent_uuid: "ee4ffccf9eb5471297e208d202495ffe" member_type: VOTER last_known_addr { host: "127.42.236.1" port: 57816 } } peers { permanent_uuid: "3b2a62766e5449f9ae2697a9113d09fb" member_type: VOTER last_known_addr { host: "127.42.236.2" port: 60090 } } peers { permanent_uuid: "bcc77f1560a949c6b130d6b3c67653be" member_type: VOTER last_known_addr { host: "127.42.236.0" port: 42768 } } }
I0720 00:35:45.740475 12220 raft_consensus.cc:869] T 7da0807657214adda8fc2f4cfc6e8159 P ee4ffccf9eb5471297e208d202495ffe [term 1 FOLLOWER]: Refusing update from remote peer bcc77f1560a949c6b130d6b3c67653be: Log matching property violated. Preceding OpId in replica: term: 0 index: 0. Preceding OpId from leader: term: 1 index: 2. (index mismatch)
I0720 00:35:45.740478 11698 raft_consensus.cc:869] T 7da0807657214adda8fc2f4cfc6e8159 P 3b2a62766e5449f9ae2697a9113d09fb [term 1 FOLLOWER]: Refusing update from remote peer bcc77f1560a949c6b130d6b3c67653be: Log matching property violated. Preceding OpId in replica: term: 0 index: 0. Preceding OpId from leader: term: 1 index: 2. (index mismatch)
I0720 00:35:45.740810 12329 consensus_queue.cc:578] T 7da0807657214adda8fc2f4cfc6e8159 P bcc77f1560a949c6b130d6b3c67653be [LEADER]: Connected to new peer: Peer: ee4ffccf9eb5471297e208d202495ffe, Is new: false, Last received: 0.0, Next index: 1, Last known committed idx: 0, Last exchange result: ERROR, Needs remote bootstrap: false
I0720 00:35:45.740855 12318 consensus_queue.cc:578] T 7da0807657214adda8fc2f4cfc6e8159 P bcc77f1560a949c6b130d6b3c67653be [LEADER]: Connected to new peer: Peer: 3b2a62766e5449f9ae2697a9113d09fb, Is new: false, Last received: 0.0, Next index: 1, Last known committed idx: 0, Last exchange result: ERROR, Needs remote bootstrap: false
I0720 00:35:45.742595 12020 catalog_manager.cc:1856] TS ee4ffccf9eb5471297e208d202495ffe does not have the latest schema for tablet 7da0807657214adda8fc2f4cfc6e8159 (table test-table [id=2a30b8d6c8764cdc9573a60ac5f96269]). Expected version 6 got 0
I0720 00:35:45.742856 12332 raft_consensus_state.cc:534] T 7da0807657214adda8fc2f4cfc6e8159 P bcc77f1560a949c6b130d6b3c67653be [term 1 LEADER]: Advanced the committed_index across terms. Last committed operation was: term: 0 index: 0 New committed index is: term: 1 index: 2
I0720 00:35:45.742915 12293 tablet.cc:824] T 7da0807657214adda8fc2f4cfc6e8159 Alter schema from Schema [ 10:key[int32 NOT NULL] ] version 0 to Schema [ 10:key[int32 NOT NULL] ] version 6
I0720 00:35:45.743932 12021 catalog_manager.cc:1856] TS 3b2a62766e5449f9ae2697a9113d09fb does not have the latest schema for tablet 7da0807657214adda8fc2f4cfc6e8159 (table test-table [id=2a30b8d6c8764cdc9573a60ac5f96269]). Expected version 6 got 0
I0720 00:35:45.782753 12319 raft_consensus.cc:370] T bf1c7be5ba99499db4d157bb130481a0 P 3b2a62766e5449f9ae2697a9113d09fb [term 0 FOLLOWER]: No leader contacted us within the election timeout. Triggering leader election
I0720 00:35:45.782776 12319 raft_consensus.cc:2019] T bf1c7be5ba99499db4d157bb130481a0 P 3b2a62766e5449f9ae2697a9113d09fb [term 0 FOLLOWER]: Advancing to term 1
I0720 00:35:45.783148 12319 raft_consensus.cc:1970] T bf1c7be5ba99499db4d157bb130481a0 P 3b2a62766e5449f9ae2697a9113d09fb [term 1 FOLLOWER]: Snoozing failure detection for election timeout plus an additional 1.649s
I0720 00:35:45.783191 12319 raft_consensus.cc:386] T bf1c7be5ba99499db4d157bb130481a0 P 3b2a62766e5449f9ae2697a9113d09fb [term 1 FOLLOWER]: Starting election with config: opid_index: -1 peers { permanent_uuid: "ee4ffccf9eb5471297e208d202495ffe" member_type: VOTER last_known_addr { host: "127.42.236.1" port: 57816 } } peers { permanent_uuid: "3b2a62766e5449f9ae2697a9113d09fb" member_type: VOTER last_known_addr { host: "127.42.236.2" port: 60090 } } peers { permanent_uuid: "bcc77f1560a949c6b130d6b3c67653be" member_type: VOTER last_known_addr { host: "127.42.236.0" port: 42768 } }
I0720 00:35:45.783885 12319 leader_election.cc:223] T bf1c7be5ba99499db4d157bb130481a0 P 3b2a62766e5449f9ae2697a9113d09fb [CANDIDATE]: Term 1 election: Requesting vote from peer ee4ffccf9eb5471297e208d202495ffe
I0720 00:35:45.783953 12319 leader_election.cc:223] T bf1c7be5ba99499db4d157bb130481a0 P 3b2a62766e5449f9ae2697a9113d09fb [CANDIDATE]: Term 1 election: Requesting vote from peer bcc77f1560a949c6b130d6b3c67653be
I0720 00:35:45.784234 12220 raft_consensus.cc:2019] T bf1c7be5ba99499db4d157bb130481a0 P ee4ffccf9eb5471297e208d202495ffe [term 0 FOLLOWER]: Advancing to term 1
I0720 00:35:45.784315 11943 raft_consensus.cc:2019] T bf1c7be5ba99499db4d157bb130481a0 P bcc77f1560a949c6b130d6b3c67653be [term 0 FOLLOWER]: Advancing to term 1
I0720 00:35:45.784582 12220 raft_consensus.cc:1970] T bf1c7be5ba99499db4d157bb130481a0 P ee4ffccf9eb5471297e208d202495ffe [term 1 FOLLOWER]: Snoozing failure detection for election timeout plus an additional 1.560s
I0720 00:35:45.784657 11943 raft_consensus.cc:1970] T bf1c7be5ba99499db4d157bb130481a0 P bcc77f1560a949c6b130d6b3c67653be [term 1 FOLLOWER]: Snoozing failure detection for election timeout plus an additional 1.566s
I0720 00:35:45.785074 12220 raft_consensus.cc:1677] T bf1c7be5ba99499db4d157bb130481a0 P ee4ffccf9eb5471297e208d202495ffe [term 1 FOLLOWER]: Leader election vote request: Granting yes vote for candidate 3b2a62766e5449f9ae2697a9113d09fb in term 1.
I0720 00:35:45.785145 11943 raft_consensus.cc:1677] T bf1c7be5ba99499db4d157bb130481a0 P bcc77f1560a949c6b130d6b3c67653be [term 1 FOLLOWER]: Leader election vote request: Granting yes vote for candidate 3b2a62766e5449f9ae2697a9113d09fb in term 1.
I0720 00:35:45.785274 11634 leader_election.cc:347] T bf1c7be5ba99499db4d157bb130481a0 P 3b2a62766e5449f9ae2697a9113d09fb [CANDIDATE]: Term 1 election: Vote granted by peer ee4ffccf9eb5471297e208d202495ffe
I0720 00:35:45.785292 11634 leader_election.cc:248] T bf1c7be5ba99499db4d157bb130481a0 P 3b2a62766e5449f9ae2697a9113d09fb [CANDIDATE]: Term 1 election: Election decided. Result: candidate won.
I0720 00:35:45.785334 11633 leader_election.cc:347] T bf1c7be5ba99499db4d157bb130481a0 P 3b2a62766e5449f9ae2697a9113d09fb [CANDIDATE]: Term 1 election: Vote granted by peer bcc77f1560a949c6b130d6b3c67653be
I0720 00:35:45.785419 12320 raft_consensus.cc:1970] T bf1c7be5ba99499db4d157bb130481a0 P 3b2a62766e5449f9ae2697a9113d09fb [term 1 FOLLOWER]: Snoozing failure detection for election timeout plus an additional 1.547s
I0720 00:35:45.785459 12320 raft_consensus.cc:1859] T bf1c7be5ba99499db4d157bb130481a0 P 3b2a62766e5449f9ae2697a9113d09fb [term 1 FOLLOWER]: Leader election won for term 1
I0720 00:35:45.785722 12320 raft_consensus.cc:464] T bf1c7be5ba99499db4d157bb130481a0 P 3b2a62766e5449f9ae2697a9113d09fb [term 1 LEADER]: Becoming Leader. State: Replica: 3b2a62766e5449f9ae2697a9113d09fb, State: 1, Role: LEADER Watermarks: {Received: term: 0 index: 0 Committed: term: 0 index: 0}
I0720 00:35:45.785832 12320 consensus_queue.cc:145] T bf1c7be5ba99499db4d157bb130481a0 P 3b2a62766e5449f9ae2697a9113d09fb [LEADER]: Queue going to LEADER mode. State: All replicated op: 0.0, Majority replicated op: 0.0, Committed index: 0.0, Last appended: 0.0, Current term: 1, Majority size: 2, State: 1, Mode: LEADER, active raft config: opid_index: -1 peers { permanent_uuid: "ee4ffccf9eb5471297e208d202495ffe" member_type: VOTER last_known_addr { host: "127.42.236.1" port: 57816 } } peers { permanent_uuid: "3b2a62766e5449f9ae2697a9113d09fb" member_type: VOTER last_known_addr { host: "127.42.236.2" port: 60090 } } peers { permanent_uuid: "bcc77f1560a949c6b130d6b3c67653be" member_type: VOTER last_known_addr { host: "127.42.236.0" port: 42768 } }
I0720 00:35:45.787051 12023 catalog_manager.cc:1856] TS 3b2a62766e5449f9ae2697a9113d09fb does not have the latest schema for tablet bf1c7be5ba99499db4d157bb130481a0 (table test-table [id=2a30b8d6c8764cdc9573a60ac5f96269]). Expected version 6 got 0
I0720 00:35:45.787116 12023 catalog_manager.cc:1957] Tablet: bf1c7be5ba99499db4d157bb130481a0 reported consensus state change. New consensus state: current_term: 1 leader_uuid: "3b2a62766e5449f9ae2697a9113d09fb" config { opid_index: -1 peers { permanent_uuid: "ee4ffccf9eb5471297e208d202495ffe" member_type: VOTER last_known_addr { host: "127.42.236.1" port: 57816 } } peers { permanent_uuid: "3b2a62766e5449f9ae2697a9113d09fb" member_type: VOTER last_known_addr { host: "127.42.236.2" port: 60090 } } peers { permanent_uuid: "bcc77f1560a949c6b130d6b3c67653be" member_type: VOTER last_known_addr { host: "127.42.236.0" port: 42768 } } }
I0720 00:35:45.789861 11943 raft_consensus.cc:869] T bf1c7be5ba99499db4d157bb130481a0 P bcc77f1560a949c6b130d6b3c67653be [term 1 FOLLOWER]: Refusing update from remote peer 3b2a62766e5449f9ae2697a9113d09fb: Log matching property violated. Preceding OpId in replica: term: 0 index: 0. Preceding OpId from leader: term: 1 index: 2. (index mismatch)
I0720 00:35:45.789918 12220 raft_consensus.cc:869] T bf1c7be5ba99499db4d157bb130481a0 P ee4ffccf9eb5471297e208d202495ffe [term 1 FOLLOWER]: Refusing update from remote peer 3b2a62766e5449f9ae2697a9113d09fb: Log matching property violated. Preceding OpId in replica: term: 0 index: 0. Preceding OpId from leader: term: 1 index: 2. (index mismatch)
I0720 00:35:45.790179 12320 consensus_queue.cc:578] T bf1c7be5ba99499db4d157bb130481a0 P 3b2a62766e5449f9ae2697a9113d09fb [LEADER]: Connected to new peer: Peer: bcc77f1560a949c6b130d6b3c67653be, Is new: false, Last received: 0.0, Next index: 1, Last known committed idx: 0, Last exchange result: ERROR, Needs remote bootstrap: false
I0720 00:35:45.790218 12336 consensus_queue.cc:578] T bf1c7be5ba99499db4d157bb130481a0 P 3b2a62766e5449f9ae2697a9113d09fb [LEADER]: Connected to new peer: Peer: ee4ffccf9eb5471297e208d202495ffe, Is new: false, Last received: 0.0, Next index: 1, Last known committed idx: 0, Last exchange result: ERROR, Needs remote bootstrap: false
I0720 00:35:45.791785 12023 catalog_manager.cc:1856] TS ee4ffccf9eb5471297e208d202495ffe does not have the latest schema for tablet bf1c7be5ba99499db4d157bb130481a0 (table test-table [id=2a30b8d6c8764cdc9573a60ac5f96269]). Expected version 6 got 0
I0720 00:35:45.792075 12339 raft_consensus_state.cc:534] T bf1c7be5ba99499db4d157bb130481a0 P 3b2a62766e5449f9ae2697a9113d09fb [term 1 LEADER]: Advanced the committed_index across terms. Last committed operation was: term: 0 index: 0 New committed index is: term: 1 index: 2
I0720 00:35:45.792220 12296 tablet.cc:824] T bf1c7be5ba99499db4d157bb130481a0 Alter schema from Schema [ 10:key[int32 NOT NULL] ] version 0 to Schema [ 10:key[int32 NOT NULL] ] version 6
I0720 00:35:45.793223 12293 tablet.cc:824] T bf1c7be5ba99499db4d157bb130481a0 Alter schema from Schema [ 10:key[int32 NOT NULL] ] version 0 to Schema [ 10:key[int32 NOT NULL] ] version 6
I0720 00:35:45.793289 12297 tablet.cc:824] T bf1c7be5ba99499db4d157bb130481a0 Alter schema from Schema [ 10:key[int32 NOT NULL] ] version 0 to Schema [ 10:key[int32 NOT NULL] ] version 6
I0720 00:35:45.793421 12021 catalog_manager.cc:1856] TS bcc77f1560a949c6b130d6b3c67653be does not have the latest schema for tablet bf1c7be5ba99499db4d157bb130481a0 (table test-table [id=2a30b8d6c8764cdc9573a60ac5f96269]). Expected version 6 got 0
I0720 00:35:45.798252 12023 catalog_manager.cc:2970] test-table [id=2a30b8d6c8764cdc9573a60ac5f96269] - Alter table completed version=6
I0720 00:35:45.836858 12297 tablet.cc:824] T 7da0807657214adda8fc2f4cfc6e8159 Alter schema from Schema [ 10:key[int32 NOT NULL] ] version 0 to Schema [ 10:key[int32 NOT NULL] ] version 6
I0720 00:35:45.837405 12296 tablet.cc:824] T 7da0807657214adda8fc2f4cfc6e8159 Alter schema from Schema [ 10:key[int32 NOT NULL] ] version 0 to Schema [ 10:key[int32 NOT NULL] ] version 6
I0720 00:35:45.837718 12023 catalog_manager.cc:1856] TS ee4ffccf9eb5471297e208d202495ffe does not have the latest schema for tablet 7da0807657214adda8fc2f4cfc6e8159 (table test-table [id=2a30b8d6c8764cdc9573a60ac5f96269]). Expected version 6 got 0
I0720 00:35:45.840026 12021 catalog_manager.cc:1856] TS 3b2a62766e5449f9ae2697a9113d09fb does not have the latest schema for tablet 7da0807657214adda8fc2f4cfc6e8159 (table test-table [id=2a30b8d6c8764cdc9573a60ac5f96269]). Expected version 6 got 0
I0720 00:35:45.858081 10988 alter_table-randomized-test.cc:390] Beginning Alterations
I0720 00:35:45.858783 10988 alter_table-randomized-test.cc:455] Adding range partition: [1811939301, 1879048164) resulting partitions: (1677721575, 1744830438], (1744830438, 1811939301], (1811939301, 1879048164)
I0720 00:35:45.858814 10988 alter_table-randomized-test.cc:412] Committing Alterations
I0720 00:35:45.859247 12023 catalog_manager.cc:1359] Servicing AlterTable request from {real_user=slave, eff_user=} at 127.0.0.1:46073: table { table_name: "test-table" } alter_schema_steps { type: ADD_RANGE_PARTITION add_range_partition { range_bounds { rows: "\006\001\345\377\377k\007\001\344\377\377o" } } } schema { columns { name: "key" type: INT32 is_key: true is_nullable: false encoding: AUTO_ENCODING compression: DEFAULT_COMPRESSION cfile_block_size: 0 } }
W0720 00:35:45.861158 12023 catalog_manager.cc:2160] Unable to reset TS proxy: Not found: No leader found: Tablet 1ca03223237f4b409acaeb612f114900 has no consensus state
W0720 00:35:45.861183 12023 catalog_manager.cc:2770] Failed to send alter table request: Not found: Failed to reset TS proxy: No leader found: Tablet 1ca03223237f4b409acaeb612f114900 has no consensus state
I0720 00:35:45.863003 11678 tablet_service.cc:610] Processing CreateTablet for tablet 1ca03223237f4b409acaeb612f114900 (table=test-table [id=2a30b8d6c8764cdc9573a60ac5f96269]), partition=range: [(int32 key=1811939301), (int32 key=1879048164))
I0720 00:35:45.863219 11923 tablet_service.cc:610] Processing CreateTablet for tablet 1ca03223237f4b409acaeb612f114900 (table=test-table [id=2a30b8d6c8764cdc9573a60ac5f96269]), partition=range: [(int32 key=1811939301), (int32 key=1879048164))
I0720 00:35:45.863288 12200 tablet_service.cc:610] Processing CreateTablet for tablet 1ca03223237f4b409acaeb612f114900 (table=test-table [id=2a30b8d6c8764cdc9573a60ac5f96269]), partition=range: [(int32 key=1811939301), (int32 key=1879048164))
I0720 00:35:45.863726 11678 ts_tablet_manager.cc:765] Registered tablet 1ca03223237f4b409acaeb612f114900
I0720 00:35:45.863922 12302 ts_tablet_manager.cc:631] T 1ca03223237f4b409acaeb612f114900 P 3b2a62766e5449f9ae2697a9113d09fb: Bootstrapping tablet
I0720 00:35:45.864027 11923 ts_tablet_manager.cc:765] Registered tablet 1ca03223237f4b409acaeb612f114900
I0720 00:35:45.864043 12200 ts_tablet_manager.cc:765] Registered tablet 1ca03223237f4b409acaeb612f114900
I0720 00:35:45.864135 12302 tablet_bootstrap.cc:400] T 1ca03223237f4b409acaeb612f114900 P 3b2a62766e5449f9ae2697a9113d09fb: Bootstrap starting.
I0720 00:35:45.864176 12307 ts_tablet_manager.cc:631] T 1ca03223237f4b409acaeb612f114900 P ee4ffccf9eb5471297e208d202495ffe: Bootstrapping tablet
I0720 00:35:45.864208 12303 ts_tablet_manager.cc:631] T 1ca03223237f4b409acaeb612f114900 P bcc77f1560a949c6b130d6b3c67653be: Bootstrapping tablet
I0720 00:35:45.864344 12307 tablet_bootstrap.cc:400] T 1ca03223237f4b409acaeb612f114900 P ee4ffccf9eb5471297e208d202495ffe: Bootstrap starting.
I0720 00:35:45.864387 12303 tablet_bootstrap.cc:400] T 1ca03223237f4b409acaeb612f114900 P bcc77f1560a949c6b130d6b3c67653be: Bootstrap starting.
I0720 00:35:45.864619 12302 tablet_bootstrap.cc:563] T 1ca03223237f4b409acaeb612f114900 P 3b2a62766e5449f9ae2697a9113d09fb: Time spent opening tablet: real 0.000s user 0.000s sys 0.000s
I0720 00:35:45.864737 12302 tablet_bootstrap.cc:503] T 1ca03223237f4b409acaeb612f114900 P 3b2a62766e5449f9ae2697a9113d09fb: No blocks or log segments found. Creating new log.
I0720 00:35:45.864876 12307 tablet_bootstrap.cc:563] T 1ca03223237f4b409acaeb612f114900 P ee4ffccf9eb5471297e208d202495ffe: Time spent opening tablet: real 0.000s user 0.000s sys 0.000s
I0720 00:35:45.864928 12303 tablet_bootstrap.cc:563] T 1ca03223237f4b409acaeb612f114900 P bcc77f1560a949c6b130d6b3c67653be: Time spent opening tablet: real 0.000s user 0.000s sys 0.000s
I0720 00:35:45.865001 12307 tablet_bootstrap.cc:503] T 1ca03223237f4b409acaeb612f114900 P ee4ffccf9eb5471297e208d202495ffe: No blocks or log segments found. Creating new log.
I0720 00:35:45.865061 12303 tablet_bootstrap.cc:503] T 1ca03223237f4b409acaeb612f114900 P bcc77f1560a949c6b130d6b3c67653be: No blocks or log segments found. Creating new log.
I0720 00:35:45.865970 12303 tablet_bootstrap.cc:400] T 1ca03223237f4b409acaeb612f114900 P bcc77f1560a949c6b130d6b3c67653be: No bootstrap required, opened a new log
I0720 00:35:45.866019 12303 ts_tablet_manager.cc:636] T 1ca03223237f4b409acaeb612f114900 P bcc77f1560a949c6b130d6b3c67653be: Time spent bootstrapping tablet: real 0.002s user 0.000s sys 0.000s
I0720 00:35:45.866786 12302 tablet_bootstrap.cc:400] T 1ca03223237f4b409acaeb612f114900 P 3b2a62766e5449f9ae2697a9113d09fb: No bootstrap required, opened a new log
I0720 00:35:45.866847 12302 ts_tablet_manager.cc:636] T 1ca03223237f4b409acaeb612f114900 P 3b2a62766e5449f9ae2697a9113d09fb: Time spent bootstrapping tablet: real 0.003s user 0.000s sys 0.000s
W0720 00:35:45.866930 10988 table-internal.cc:136] Error getting table locations: Service unavailable: Tablet not running, retrying.
I0720 00:35:45.867439 12307 tablet_bootstrap.cc:400] T 1ca03223237f4b409acaeb612f114900 P ee4ffccf9eb5471297e208d202495ffe: No bootstrap required, opened a new log
I0720 00:35:45.867485 12307 ts_tablet_manager.cc:636] T 1ca03223237f4b409acaeb612f114900 P ee4ffccf9eb5471297e208d202495ffe: Time spent bootstrapping tablet: real 0.003s user 0.000s sys 0.000s
I0720 00:35:45.868070 12302 raft_consensus.cc:269] T 1ca03223237f4b409acaeb612f114900 P 3b2a62766e5449f9ae2697a9113d09fb [term 0 FOLLOWER]: Replica starting. Triggering 0 pending transactions. Active config: opid_index: -1 peers { permanent_uuid: "3b2a62766e5449f9ae2697a9113d09fb" member_type: VOTER last_known_addr { host: "127.42.236.2" port: 60090 } } peers { permanent_uuid: "ee4ffccf9eb5471297e208d202495ffe" member_type: VOTER last_known_addr { host: "127.42.236.1" port: 57816 } } peers { permanent_uuid: "bcc77f1560a949c6b130d6b3c67653be" member_type: VOTER last_known_addr { host: "127.42.236.0" port: 42768 } }
I0720 00:35:45.868114 12302 raft_consensus.cc:301] T 1ca03223237f4b409acaeb612f114900 P 3b2a62766e5449f9ae2697a9113d09fb [term 0 FOLLOWER]: Consensus starting up: Expiring failure detector timer to make a prompt election more likely
I0720 00:35:45.868132 12302 raft_consensus.cc:499] T 1ca03223237f4b409acaeb612f114900 P 3b2a62766e5449f9ae2697a9113d09fb [term 0 FOLLOWER]: Becoming Follower/Learner. State: Replica: 3b2a62766e5449f9ae2697a9113d09fb, State: 1, Role: FOLLOWER Watermarks: {Received: term: 0 index: 0 Committed: term: 0 index: 0}
I0720 00:35:45.868166 12302 consensus_queue.cc:162] T 1ca03223237f4b409acaeb612f114900 P 3b2a62766e5449f9ae2697a9113d09fb [NON_LEADER]: Queue going to NON_LEADER mode. State: All replicated op: 0.0, Majority replicated op: 0.0, Committed index: 0.0, Last appended: 0.0, Current term: 0, Majority size: -1, State: 1, Mode: NON_LEADER
I0720 00:35:45.868319 12307 raft_consensus.cc:269] T 1ca03223237f4b409acaeb612f114900 P ee4ffccf9eb5471297e208d202495ffe [term 0 FOLLOWER]: Replica starting. Triggering 0 pending transactions. Active config: opid_index: -1 peers { permanent_uuid: "3b2a62766e5449f9ae2697a9113d09fb" member_type: VOTER last_known_addr { host: "127.42.236.2" port: 60090 } } peers { permanent_uuid: "ee4ffccf9eb5471297e208d202495ffe" member_type: VOTER last_known_addr { host: "127.42.236.1" port: 57816 } } peers { permanent_uuid: "bcc77f1560a949c6b130d6b3c67653be" member_type: VOTER last_known_addr { host: "127.42.236.0" port: 42768 } }
I0720 00:35:45.868374 12307 raft_consensus.cc:301] T 1ca03223237f4b409acaeb612f114900 P ee4ffccf9eb5471297e208d202495ffe [term 0 FOLLOWER]: Consensus starting up: Expiring failure detector timer to make a prompt election more likely
I0720 00:35:45.868397 12307 raft_consensus.cc:499] T 1ca03223237f4b409acaeb612f114900 P ee4ffccf9eb5471297e208d202495ffe [term 0 FOLLOWER]: Becoming Follower/Learner. State: Replica: ee4ffccf9eb5471297e208d202495ffe, State: 1, Role: FOLLOWER Watermarks: {Received: term: 0 index: 0 Committed: term: 0 index: 0}
I0720 00:35:45.868425 12307 consensus_queue.cc:162] T 1ca03223237f4b409acaeb612f114900 P ee4ffccf9eb5471297e208d202495ffe [NON_LEADER]: Queue going to NON_LEADER mode. State: All replicated op: 0.0, Majority replicated op: 0.0, Committed index: 0.0, Last appended: 0.0, Current term: 0, Majority size: -1, State: 1, Mode: NON_LEADER
I0720 00:35:45.868752 12302 ts_tablet_manager.cc:663] T 1ca03223237f4b409acaeb612f114900 P 3b2a62766e5449f9ae2697a9113d09fb: Time spent starting tablet: real 0.002s user 0.000s sys 0.000s
I0720 00:35:45.869168 12307 ts_tablet_manager.cc:663] T 1ca03223237f4b409acaeb612f114900 P ee4ffccf9eb5471297e208d202495ffe: Time spent starting tablet: real 0.002s user 0.000s sys 0.000s
I0720 00:35:45.869338 12023 catalog_manager.cc:1856] TS 3b2a62766e5449f9ae2697a9113d09fb does not have the latest schema for tablet 1ca03223237f4b409acaeb612f114900 (table test-table [id=2a30b8d6c8764cdc9573a60ac5f96269]). Expected version 6 got 0
I0720 00:35:45.869644 12303 raft_consensus.cc:269] T 1ca03223237f4b409acaeb612f114900 P bcc77f1560a949c6b130d6b3c67653be [term 0 FOLLOWER]: Replica starting. Triggering 0 pending transactions. Active config: opid_index: -1 peers { permanent_uuid: "3b2a62766e5449f9ae2697a9113d09fb" member_type: VOTER last_known_addr { host: "127.42.236.2" port: 60090 } } peers { permanent_uuid: "ee4ffccf9eb5471297e208d202495ffe" member_type: VOTER last_known_addr { host: "127.42.236.1" port: 57816 } } peers { permanent_uuid: "bcc77f1560a949c6b130d6b3c67653be" member_type: VOTER last_known_addr { host: "127.42.236.0" port: 42768 } }
I0720 00:35:45.869683 12303 raft_consensus.cc:301] T 1ca03223237f4b409acaeb612f114900 P bcc77f1560a949c6b130d6b3c67653be [term 0 FOLLOWER]: Consensus starting up: Expiring failure detector timer to make a prompt election more likely
I0720 00:35:45.869701 12303 raft_consensus.cc:499] T 1ca03223237f4b409acaeb612f114900 P bcc77f1560a949c6b130d6b3c67653be [term 0 FOLLOWER]: Becoming Follower/Learner. State: Replica: bcc77f1560a949c6b130d6b3c67653be, State: 1, Role: FOLLOWER Watermarks: {Received: term: 0 index: 0 Committed: term: 0 index: 0}
I0720 00:35:45.869725 12303 consensus_queue.cc:162] T 1ca03223237f4b409acaeb612f114900 P bcc77f1560a949c6b130d6b3c67653be [NON_LEADER]: Queue going to NON_LEADER mode. State: All replicated op: 0.0, Majority replicated op: 0.0, Committed index: 0.0, Last appended: 0.0, Current term: 0, Majority size: -1, State: 1, Mode: NON_LEADER
I0720 00:35:45.870096 12303 ts_tablet_manager.cc:663] T 1ca03223237f4b409acaeb612f114900 P bcc77f1560a949c6b130d6b3c67653be: Time spent starting tablet: real 0.004s user 0.000s sys 0.000s
W0720 00:35:45.870568 12023 catalog_manager.cc:2160] Unable to reset TS proxy: Not found: No leader found: Tablet 1ca03223237f4b409acaeb612f114900 consensus state has no leader
W0720 00:35:45.870595 12023 catalog_manager.cc:2770] Failed to send alter table request: Not found: Failed to reset TS proxy: No leader found: Tablet 1ca03223237f4b409acaeb612f114900 consensus state has no leader
I0720 00:35:45.870616 12020 catalog_manager.cc:1856] TS ee4ffccf9eb5471297e208d202495ffe does not have the latest schema for tablet 1ca03223237f4b409acaeb612f114900 (table test-table [id=2a30b8d6c8764cdc9573a60ac5f96269]). Expected version 6 got 0
W0720 00:35:45.871845 12020 catalog_manager.cc:2160] Unable to reset TS proxy: Not found: No leader found: Tablet 1ca03223237f4b409acaeb612f114900 consensus state has no leader
W0720 00:35:45.871871 12020 catalog_manager.cc:2770] Failed to send alter table request: Not found: Failed to reset TS proxy: No leader found: Tablet 1ca03223237f4b409acaeb612f114900 consensus state has no leader
I0720 00:35:45.871911 12021 catalog_manager.cc:1856] TS bcc77f1560a949c6b130d6b3c67653be does not have the latest schema for tablet 1ca03223237f4b409acaeb612f114900 (table test-table [id=2a30b8d6c8764cdc9573a60ac5f96269]). Expected version 6 got 0
W0720 00:35:45.873103 12021 catalog_manager.cc:2160] Unable to reset TS proxy: Not found: No leader found: Tablet 1ca03223237f4b409acaeb612f114900 consensus state has no leader
W0720 00:35:45.873131 12021 catalog_manager.cc:2770] Failed to send alter table request: Not found: Failed to reset TS proxy: No leader found: Tablet 1ca03223237f4b409acaeb612f114900 consensus state has no leader
I0720 00:35:45.873930 12021 catalog_manager.cc:1856] TS bcc77f1560a949c6b130d6b3c67653be does not have the latest schema for tablet 1ca03223237f4b409acaeb612f114900 (table test-table [id=2a30b8d6c8764cdc9573a60ac5f96269]). Expected version 6 got 0
W0720 00:35:45.875221 12021 catalog_manager.cc:2160] Unable to reset TS proxy: Not found: No leader found: Tablet 1ca03223237f4b409acaeb612f114900 consensus state has no leader
W0720 00:35:45.875248 12021 catalog_manager.cc:2770] Failed to send alter table request: Not found: Failed to reset TS proxy: No leader found: Tablet 1ca03223237f4b409acaeb612f114900 consensus state has no leader
W0720 00:35:45.968093 10988 table-internal.cc:136] Error getting table locations: Service unavailable: Tablet not running, retrying.
I0720 00:35:46.020721 12349 raft_consensus.cc:370] T 1ca03223237f4b409acaeb612f114900 P bcc77f1560a949c6b130d6b3c67653be [term 0 FOLLOWER]: No leader contacted us within the election timeout. Triggering leader election
I0720 00:35:46.020761 12349 raft_consensus.cc:2019] T 1ca03223237f4b409acaeb612f114900 P bcc77f1560a949c6b130d6b3c67653be [term 0 FOLLOWER]: Advancing to term 1
I0720 00:35:46.021383 12349 raft_consensus.cc:1970] T 1ca03223237f4b409acaeb612f114900 P bcc77f1560a949c6b130d6b3c67653be [term 1 FOLLOWER]: Snoozing failure detection for election timeout plus an additional 1.609s
I0720 00:35:46.021464 12349 raft_consensus.cc:386] T 1ca03223237f4b409acaeb612f114900 P bcc77f1560a949c6b130d6b3c67653be [term 1 FOLLOWER]: Starting election with config: opid_index: -1 peers { permanent_uuid: "3b2a62766e5449f9ae2697a9113d09fb" member_type: VOTER last_known_addr { host: "127.42.236.2" port: 60090 } } peers { permanent_uuid: "ee4ffccf9eb5471297e208d202495ffe" member_type: VOTER last_known_addr { host: "127.42.236.1" port: 57816 } } peers { permanent_uuid: "bcc77f1560a949c6b130d6b3c67653be" member_type: VOTER last_known_addr { host: "127.42.236.0" port: 42768 } }
I0720 00:35:46.022469 12349 leader_election.cc:223] T 1ca03223237f4b409acaeb612f114900 P bcc77f1560a949c6b130d6b3c67653be [CANDIDATE]: Term 1 election: Requesting vote from peer 3b2a62766e5449f9ae2697a9113d09fb
I0720 00:35:46.022565 12349 leader_election.cc:223] T 1ca03223237f4b409acaeb612f114900 P bcc77f1560a949c6b130d6b3c67653be [CANDIDATE]: Term 1 election: Requesting vote from peer ee4ffccf9eb5471297e208d202495ffe
