I0720 00:35:47.773900 11678 maintenance_manager.cc:176] Unregistered op MinorDeltaCompactionOp(2ca97545415b4d79a8026b4f952f6d92)
I0720 00:35:47.773903 12197 maintenance_manager.cc:176] Unregistered op MajorDeltaCompactionOp(2ca97545415b4d79a8026b4f952f6d92)
I0720 00:35:47.773910 11678 maintenance_manager.cc:176] Unregistered op MajorDeltaCompactionOp(2ca97545415b4d79a8026b4f952f6d92)
I0720 00:35:47.773926 12197 maintenance_manager.cc:176] Unregistered op FlushMRSOp(2ca97545415b4d79a8026b4f952f6d92)
I0720 00:35:47.773929 11678 maintenance_manager.cc:176] Unregistered op FlushMRSOp(2ca97545415b4d79a8026b4f952f6d92)
I0720 00:35:47.773936 12197 maintenance_manager.cc:176] Unregistered op FlushDeltaMemStoresOp(2ca97545415b4d79a8026b4f952f6d92)
I0720 00:35:47.773939 11678 maintenance_manager.cc:176] Unregistered op FlushDeltaMemStoresOp(2ca97545415b4d79a8026b4f952f6d92)
I0720 00:35:47.773944 12197 maintenance_manager.cc:176] Unregistered op LogGCOp(2ca97545415b4d79a8026b4f952f6d92)
I0720 00:35:47.773947 11678 maintenance_manager.cc:176] Unregistered op LogGCOp(2ca97545415b4d79a8026b4f952f6d92)
I0720 00:35:47.773967 12197 raft_consensus.cc:1495] T 2ca97545415b4d79a8026b4f952f6d92 P ee4ffccf9eb5471297e208d202495ffe [term 1 FOLLOWER]: Raft consensus shutting down.
I0720 00:35:47.773967 11678 raft_consensus.cc:1495] T 2ca97545415b4d79a8026b4f952f6d92 P 3b2a62766e5449f9ae2697a9113d09fb [term 1 FOLLOWER]: Raft consensus shutting down.
I0720 00:35:47.774001 11678 raft_consensus_state.cc:377] T 2ca97545415b4d79a8026b4f952f6d92 P 3b2a62766e5449f9ae2697a9113d09fb [term 1 FOLLOWER]: Trying to abort 1 pending transactions.
I0720 00:35:47.774003 12197 raft_consensus.cc:1511] T 2ca97545415b4d79a8026b4f952f6d92 P ee4ffccf9eb5471297e208d202495ffe [term 1 FOLLOWER]: Raft consensus is shut down!
I0720 00:35:47.774052 11678 raft_consensus_state.cc:382] T 2ca97545415b4d79a8026b4f952f6d92 P 3b2a62766e5449f9ae2697a9113d09fb [term 1 FOLLOWER]: Aborting transaction as it isn't in flight: id { term: 1 index: 40 } timestamp: 6016921386052653056 op_type: WRITE_OP write_request { tablet_id: "2ca97545415b4d79a8026b4f952f6d92" schema { columns { name: "key" type: INT32 is_key: true is_nullable: false encoding: AUTO_ENCODING compression: DEFAULT_COMPRESSION cfile_block_size: 0 } columns { name: "c673" type: INT32 is_key: false is_nullable: false read_default_value: "\201\223e\004" write_default_value: "\201\223e\004" encoding: AUTO_ENCODING compression: DEFAULT_COMPRESSION cfile_block_size: 0 } columns { name: "c65" type: INT32 is_key: false is_nullable: true encoding: AUTO_ENCODING compression: DEFAULT_COMPRESSION cfile_block_size: 0 } } row_operations { rows: "\003\001\000\325\223mh" } external_consistency_mode: CLIENT_PROPAGATED }
I0720 00:35:47.774082 11922 tablet_service.cc:651] Processing DeleteTablet for tablet 2ca97545415b4d79a8026b4f952f6d92 with delete_type TABLET_DATA_DELETED (Partition dropped at 2016-07-20 00:35:47 UTC) from {real_user=slave, eff_user=} at 127.0.0.1:36281
I0720 00:35:47.774119 11922 tablet_peer.cc:214] Initiating TabletPeer shutdown for tablet: 2ca97545415b4d79a8026b4f952f6d92
I0720 00:35:47.774148 11678 raft_consensus.cc:1511] T 2ca97545415b4d79a8026b4f952f6d92 P 3b2a62766e5449f9ae2697a9113d09fb [term 1 FOLLOWER]: Raft consensus is shut down!
I0720 00:35:47.774161 11922 maintenance_manager.cc:176] Unregistered op CompactRowSetsOp(2ca97545415b4d79a8026b4f952f6d92)
I0720 00:35:47.774176 11922 maintenance_manager.cc:176] Unregistered op MinorDeltaCompactionOp(2ca97545415b4d79a8026b4f952f6d92)
I0720 00:35:47.774185 11922 maintenance_manager.cc:176] Unregistered op MajorDeltaCompactionOp(2ca97545415b4d79a8026b4f952f6d92)
I0720 00:35:47.774202 11922 maintenance_manager.cc:176] Unregistered op FlushMRSOp(2ca97545415b4d79a8026b4f952f6d92)
I0720 00:35:47.774212 11922 maintenance_manager.cc:176] Unregistered op FlushDeltaMemStoresOp(2ca97545415b4d79a8026b4f952f6d92)
I0720 00:35:47.774221 11922 maintenance_manager.cc:176] Unregistered op LogGCOp(2ca97545415b4d79a8026b4f952f6d92)
I0720 00:35:47.774237 11922 raft_consensus.cc:1495] T 2ca97545415b4d79a8026b4f952f6d92 P bcc77f1560a949c6b130d6b3c67653be [term 1 LEADER]: Raft consensus shutting down.
I0720 00:35:47.774375 11922 consensus_peers.cc:358] T 2ca97545415b4d79a8026b4f952f6d92 P bcc77f1560a949c6b130d6b3c67653be -> Peer 3b2a62766e5449f9ae2697a9113d09fb (127.42.236.2:60090): Closing peer: 3b2a62766e5449f9ae2697a9113d09fb
I0720 00:35:47.774469 11922 consensus_peers.cc:358] T 2ca97545415b4d79a8026b4f952f6d92 P bcc77f1560a949c6b130d6b3c67653be -> Peer ee4ffccf9eb5471297e208d202495ffe (127.42.236.1:57816): Closing peer: ee4ffccf9eb5471297e208d202495ffe
I0720 00:35:47.774636 11922 raft_consensus.cc:1511] T 2ca97545415b4d79a8026b4f952f6d92 P bcc77f1560a949c6b130d6b3c67653be [term 1 LEADER]: Raft consensus is shut down!
I0720 00:35:47.775202 12197 ts_tablet_manager.cc:960] T 2ca97545415b4d79a8026b4f952f6d92 P ee4ffccf9eb5471297e208d202495ffe: Deleting tablet data with delete state TABLET_DATA_DELETED
I0720 00:35:47.775912 11922 ts_tablet_manager.cc:960] T 2ca97545415b4d79a8026b4f952f6d92 P bcc77f1560a949c6b130d6b3c67653be: Deleting tablet data with delete state TABLET_DATA_DELETED
I0720 00:35:47.776592 11678 ts_tablet_manager.cc:960] T 2ca97545415b4d79a8026b4f952f6d92 P 3b2a62766e5449f9ae2697a9113d09fb: Deleting tablet data with delete state TABLET_DATA_DELETED
I0720 00:35:47.776974 11923 tablet_service.cc:610] Processing CreateTablet for tablet 012cb2e3fa664bc6be77fb45b81fffc0 (table=test-table [id=2a30b8d6c8764cdc9573a60ac5f96269]), partition=range: [(int32 key=134217726), (int32 key=201326589))
I0720 00:35:47.776984 11920 tablet_service.cc:610] Processing CreateTablet for tablet 304f195d847441e5a3daabaa3158a7fa (table=test-table [id=2a30b8d6c8764cdc9573a60ac5f96269]), partition=range: [(int32 key=1073741808), (int32 key=1140850671))
I0720 00:35:47.777554 11678 ts_tablet_manager.cc:970] T 2ca97545415b4d79a8026b4f952f6d92 P 3b2a62766e5449f9ae2697a9113d09fb: Tablet deleted. Last logged OpId: 1.40
I0720 00:35:47.777762 11922 ts_tablet_manager.cc:970] T 2ca97545415b4d79a8026b4f952f6d92 P bcc77f1560a949c6b130d6b3c67653be: Tablet deleted. Last logged OpId: 1.40
I0720 00:35:47.777920 11678 tablet_bootstrap.cc:400] T 2ca97545415b4d79a8026b4f952f6d92 P 3b2a62766e5449f9ae2697a9113d09fb: Deleted tablet blocks from disk
I0720 00:35:47.778029 11676 tablet_service.cc:610] Processing CreateTablet for tablet 012cb2e3fa664bc6be77fb45b81fffc0 (table=test-table [id=2a30b8d6c8764cdc9573a60ac5f96269]), partition=range: [(int32 key=134217726), (int32 key=201326589))
I0720 00:35:47.778108 11677 tablet_service.cc:610] Processing CreateTablet for tablet fb14d4878a6441df8d5ab1d6802492fb (table=test-table [id=2a30b8d6c8764cdc9573a60ac5f96269]), partition=range: [(int32 key=1140850671), (int32 key=1207959534))
I0720 00:35:47.778235 12201 tablet_service.cc:610] Processing CreateTablet for tablet 012cb2e3fa664bc6be77fb45b81fffc0 (table=test-table [id=2a30b8d6c8764cdc9573a60ac5f96269]), partition=range: [(int32 key=134217726), (int32 key=201326589))
I0720 00:35:47.778435 12199 tablet_service.cc:610] Processing CreateTablet for tablet 304f195d847441e5a3daabaa3158a7fa (table=test-table [id=2a30b8d6c8764cdc9573a60ac5f96269]), partition=range: [(int32 key=1073741808), (int32 key=1140850671))
I0720 00:35:47.778626 12198 tablet_service.cc:610] Processing CreateTablet for tablet fb14d4878a6441df8d5ab1d6802492fb (table=test-table [id=2a30b8d6c8764cdc9573a60ac5f96269]), partition=range: [(int32 key=1140850671), (int32 key=1207959534))
I0720 00:35:47.778755 11676 ts_tablet_manager.cc:765] Registered tablet 012cb2e3fa664bc6be77fb45b81fffc0
I0720 00:35:47.778780 12008 catalog_manager.cc:2499] TS 3b2a62766e5449f9ae2697a9113d09fb: tablet 2ca97545415b4d79a8026b4f952f6d92 (table test-table [id=2a30b8d6c8764cdc9573a60ac5f96269]) successfully deleted
I0720 00:35:47.778836 12200 tablet_service.cc:610] Processing CreateTablet for tablet 5283371ecd56452fbd2f2519ee898d44 (table=test-table [id=2a30b8d6c8764cdc9573a60ac5f96269]), partition=range: [(int32 key=1811939301), (int32 key=1879048164))
I0720 00:35:47.778857 11677 ts_tablet_manager.cc:765] Registered tablet fb14d4878a6441df8d5ab1d6802492fb
I0720 00:35:47.779062 11679 tablet_service.cc:610] Processing CreateTablet for tablet 304f195d847441e5a3daabaa3158a7fa (table=test-table [id=2a30b8d6c8764cdc9573a60ac5f96269]), partition=range: [(int32 key=1073741808), (int32 key=1140850671))
I0720 00:35:47.779553 11923 ts_tablet_manager.cc:765] Registered tablet 012cb2e3fa664bc6be77fb45b81fffc0
I0720 00:35:47.779722 11679 ts_tablet_manager.cc:765] Registered tablet 304f195d847441e5a3daabaa3158a7fa
I0720 00:35:47.779734 12456 ts_tablet_manager.cc:631] T 012cb2e3fa664bc6be77fb45b81fffc0 P bcc77f1560a949c6b130d6b3c67653be: Bootstrapping tablet
I0720 00:35:47.779965 12456 tablet_bootstrap.cc:400] T 012cb2e3fa664bc6be77fb45b81fffc0 P bcc77f1560a949c6b130d6b3c67653be: Bootstrap starting.
I0720 00:35:47.780113 11675 tablet_service.cc:610] Processing CreateTablet for tablet 5283371ecd56452fbd2f2519ee898d44 (table=test-table [id=2a30b8d6c8764cdc9573a60ac5f96269]), partition=range: [(int32 key=1811939301), (int32 key=1879048164))
I0720 00:35:47.780236 12197 ts_tablet_manager.cc:970] T 2ca97545415b4d79a8026b4f952f6d92 P ee4ffccf9eb5471297e208d202495ffe: Tablet deleted. Last logged OpId: 1.40
I0720 00:35:47.780504 12456 tablet_bootstrap.cc:563] T 012cb2e3fa664bc6be77fb45b81fffc0 P bcc77f1560a949c6b130d6b3c67653be: Time spent opening tablet: real 0.000s user 0.000s sys 0.000s
I0720 00:35:47.780511 12197 tablet_bootstrap.cc:400] T 2ca97545415b4d79a8026b4f952f6d92 P ee4ffccf9eb5471297e208d202495ffe: Deleted tablet blocks from disk
I0720 00:35:47.780613 12456 tablet_bootstrap.cc:503] T 012cb2e3fa664bc6be77fb45b81fffc0 P bcc77f1560a949c6b130d6b3c67653be: No blocks or log segments found. Creating new log.
I0720 00:35:47.780910 12010 catalog_manager.cc:2499] TS ee4ffccf9eb5471297e208d202495ffe: tablet 2ca97545415b4d79a8026b4f952f6d92 (table test-table [id=2a30b8d6c8764cdc9573a60ac5f96269]) successfully deleted
I0720 00:35:47.780932 11675 ts_tablet_manager.cc:765] Registered tablet 5283371ecd56452fbd2f2519ee898d44
I0720 00:35:47.781056 12199 ts_tablet_manager.cc:765] Registered tablet 304f195d847441e5a3daabaa3158a7fa
I0720 00:35:47.781173 12462 ts_tablet_manager.cc:631] T 012cb2e3fa664bc6be77fb45b81fffc0 P 3b2a62766e5449f9ae2697a9113d09fb: Bootstrapping tablet
I0720 00:35:47.781204 11922 tablet_bootstrap.cc:400] T 2ca97545415b4d79a8026b4f952f6d92 P bcc77f1560a949c6b130d6b3c67653be: Deleted tablet blocks from disk
I0720 00:35:47.781283 12461 ts_tablet_manager.cc:631] T 304f195d847441e5a3daabaa3158a7fa P ee4ffccf9eb5471297e208d202495ffe: Bootstrapping tablet
I0720 00:35:47.781381 12462 tablet_bootstrap.cc:400] T 012cb2e3fa664bc6be77fb45b81fffc0 P 3b2a62766e5449f9ae2697a9113d09fb: Bootstrap starting.
I0720 00:35:47.781462 12461 tablet_bootstrap.cc:400] T 304f195d847441e5a3daabaa3158a7fa P ee4ffccf9eb5471297e208d202495ffe: Bootstrap starting.
I0720 00:35:47.781805 12009 catalog_manager.cc:2499] TS bcc77f1560a949c6b130d6b3c67653be: tablet 2ca97545415b4d79a8026b4f952f6d92 (table test-table [id=2a30b8d6c8764cdc9573a60ac5f96269]) successfully deleted
I0720 00:35:47.781927 12462 tablet_bootstrap.cc:563] T 012cb2e3fa664bc6be77fb45b81fffc0 P 3b2a62766e5449f9ae2697a9113d09fb: Time spent opening tablet: real 0.000s user 0.000s sys 0.000s
I0720 00:35:47.781975 12461 tablet_bootstrap.cc:563] T 304f195d847441e5a3daabaa3158a7fa P ee4ffccf9eb5471297e208d202495ffe: Time spent opening tablet: real 0.000s user 0.000s sys 0.000s
I0720 00:35:47.782047 12462 tablet_bootstrap.cc:503] T 012cb2e3fa664bc6be77fb45b81fffc0 P 3b2a62766e5449f9ae2697a9113d09fb: No blocks or log segments found. Creating new log.
I0720 00:35:47.782080 12461 tablet_bootstrap.cc:503] T 304f195d847441e5a3daabaa3158a7fa P ee4ffccf9eb5471297e208d202495ffe: No blocks or log segments found. Creating new log.
I0720 00:35:47.782093 11922 tablet_service.cc:610] Processing CreateTablet for tablet fb14d4878a6441df8d5ab1d6802492fb (table=test-table [id=2a30b8d6c8764cdc9573a60ac5f96269]), partition=range: [(int32 key=1140850671), (int32 key=1207959534))
I0720 00:35:47.782949 11922 ts_tablet_manager.cc:765] Registered tablet fb14d4878a6441df8d5ab1d6802492fb
I0720 00:35:47.783033 11923 tablet_service.cc:610] Processing CreateTablet for tablet 5283371ecd56452fbd2f2519ee898d44 (table=test-table [id=2a30b8d6c8764cdc9573a60ac5f96269]), partition=range: [(int32 key=1811939301), (int32 key=1879048164))
I0720 00:35:47.783217 11920 ts_tablet_manager.cc:765] Registered tablet 304f195d847441e5a3daabaa3158a7fa
I0720 00:35:47.783309 12198 ts_tablet_manager.cc:765] Registered tablet fb14d4878a6441df8d5ab1d6802492fb
I0720 00:35:47.783648 11923 ts_tablet_manager.cc:765] Registered tablet 5283371ecd56452fbd2f2519ee898d44
I0720 00:35:47.783906 12201 ts_tablet_manager.cc:765] Registered tablet 012cb2e3fa664bc6be77fb45b81fffc0
I0720 00:35:47.784128 12200 ts_tablet_manager.cc:765] Registered tablet 5283371ecd56452fbd2f2519ee898d44
I0720 00:35:47.784240 12461 tablet_bootstrap.cc:400] T 304f195d847441e5a3daabaa3158a7fa P ee4ffccf9eb5471297e208d202495ffe: No bootstrap required, opened a new log
I0720 00:35:47.784291 12461 ts_tablet_manager.cc:636] T 304f195d847441e5a3daabaa3158a7fa P ee4ffccf9eb5471297e208d202495ffe: Time spent bootstrapping tablet: real 0.003s user 0.004s sys 0.000s
I0720 00:35:47.784829 12462 tablet_bootstrap.cc:400] T 012cb2e3fa664bc6be77fb45b81fffc0 P 3b2a62766e5449f9ae2697a9113d09fb: No bootstrap required, opened a new log
I0720 00:35:47.784875 12462 ts_tablet_manager.cc:636] T 012cb2e3fa664bc6be77fb45b81fffc0 P 3b2a62766e5449f9ae2697a9113d09fb: Time spent bootstrapping tablet: real 0.004s user 0.000s sys 0.004s
I0720 00:35:47.785465 12461 raft_consensus.cc:269] T 304f195d847441e5a3daabaa3158a7fa P ee4ffccf9eb5471297e208d202495ffe [term 0 FOLLOWER]: Replica starting. Triggering 0 pending transactions. Active config: opid_index: -1 peers { permanent_uuid: "ee4ffccf9eb5471297e208d202495ffe" member_type: VOTER last_known_addr { host: "127.42.236.1" port: 57816 } } peers { permanent_uuid: "3b2a62766e5449f9ae2697a9113d09fb" member_type: VOTER last_known_addr { host: "127.42.236.2" port: 60090 } } peers { permanent_uuid: "bcc77f1560a949c6b130d6b3c67653be" member_type: VOTER last_known_addr { host: "127.42.236.0" port: 42768 } }
I0720 00:35:47.785512 12461 raft_consensus.cc:301] T 304f195d847441e5a3daabaa3158a7fa P ee4ffccf9eb5471297e208d202495ffe [term 0 FOLLOWER]: Consensus starting up: Expiring failure detector timer to make a prompt election more likely
I0720 00:35:47.785531 12461 raft_consensus.cc:499] T 304f195d847441e5a3daabaa3158a7fa P ee4ffccf9eb5471297e208d202495ffe [term 0 FOLLOWER]: Becoming Follower/Learner. State: Replica: ee4ffccf9eb5471297e208d202495ffe, State: 1, Role: FOLLOWER Watermarks: {Received: term: 0 index: 0 Committed: term: 0 index: 0}
I0720 00:35:47.785576 12461 consensus_queue.cc:162] T 304f195d847441e5a3daabaa3158a7fa P ee4ffccf9eb5471297e208d202495ffe [NON_LEADER]: Queue going to NON_LEADER mode. State: All replicated op: 0.0, Majority replicated op: 0.0, Committed index: 0.0, Last appended: 0.0, Current term: 0, Majority size: -1, State: 1, Mode: NON_LEADER
I0720 00:35:47.785722 12462 raft_consensus.cc:269] T 012cb2e3fa664bc6be77fb45b81fffc0 P 3b2a62766e5449f9ae2697a9113d09fb [term 0 FOLLOWER]: Replica starting. Triggering 0 pending transactions. Active config: opid_index: -1 peers { permanent_uuid: "ee4ffccf9eb5471297e208d202495ffe" member_type: VOTER last_known_addr { host: "127.42.236.1" port: 57816 } } peers { permanent_uuid: "3b2a62766e5449f9ae2697a9113d09fb" member_type: VOTER last_known_addr { host: "127.42.236.2" port: 60090 } } peers { permanent_uuid: "bcc77f1560a949c6b130d6b3c67653be" member_type: VOTER last_known_addr { host: "127.42.236.0" port: 42768 } }
I0720 00:35:47.785778 12462 raft_consensus.cc:301] T 012cb2e3fa664bc6be77fb45b81fffc0 P 3b2a62766e5449f9ae2697a9113d09fb [term 0 FOLLOWER]: Consensus starting up: Expiring failure detector timer to make a prompt election more likely
I0720 00:35:47.785802 12462 raft_consensus.cc:499] T 012cb2e3fa664bc6be77fb45b81fffc0 P 3b2a62766e5449f9ae2697a9113d09fb [term 0 FOLLOWER]: Becoming Follower/Learner. State: Replica: 3b2a62766e5449f9ae2697a9113d09fb, State: 1, Role: FOLLOWER Watermarks: {Received: term: 0 index: 0 Committed: term: 0 index: 0}
I0720 00:35:47.785831 12462 consensus_queue.cc:162] T 012cb2e3fa664bc6be77fb45b81fffc0 P 3b2a62766e5449f9ae2697a9113d09fb [NON_LEADER]: Queue going to NON_LEADER mode. State: All replicated op: 0.0, Majority replicated op: 0.0, Committed index: 0.0, Last appended: 0.0, Current term: 0, Majority size: -1, State: 1, Mode: NON_LEADER
I0720 00:35:47.786097 12461 ts_tablet_manager.cc:663] T 304f195d847441e5a3daabaa3158a7fa P ee4ffccf9eb5471297e208d202495ffe: Time spent starting tablet: real 0.002s user 0.000s sys 0.000s
I0720 00:35:47.786176 12461 ts_tablet_manager.cc:631] T fb14d4878a6441df8d5ab1d6802492fb P ee4ffccf9eb5471297e208d202495ffe: Bootstrapping tablet
I0720 00:35:47.786358 12461 tablet_bootstrap.cc:400] T fb14d4878a6441df8d5ab1d6802492fb P ee4ffccf9eb5471297e208d202495ffe: Bootstrap starting.
I0720 00:35:47.786856 12461 tablet_bootstrap.cc:563] T fb14d4878a6441df8d5ab1d6802492fb P ee4ffccf9eb5471297e208d202495ffe: Time spent opening tablet: real 0.000s user 0.000s sys 0.000s
I0720 00:35:47.786875 12022 catalog_manager.cc:1856] TS ee4ffccf9eb5471297e208d202495ffe does not have the latest schema for tablet 304f195d847441e5a3daabaa3158a7fa (table test-table [id=2a30b8d6c8764cdc9573a60ac5f96269]). Expected version 11 got 0
I0720 00:35:47.786973 12461 tablet_bootstrap.cc:503] T fb14d4878a6441df8d5ab1d6802492fb P ee4ffccf9eb5471297e208d202495ffe: No blocks or log segments found. Creating new log.
I0720 00:35:47.787441 12462 ts_tablet_manager.cc:663] T 012cb2e3fa664bc6be77fb45b81fffc0 P 3b2a62766e5449f9ae2697a9113d09fb: Time spent starting tablet: real 0.003s user 0.000s sys 0.000s
I0720 00:35:47.787510 12462 ts_tablet_manager.cc:631] T fb14d4878a6441df8d5ab1d6802492fb P 3b2a62766e5449f9ae2697a9113d09fb: Bootstrapping tablet
I0720 00:35:47.787672 12462 tablet_bootstrap.cc:400] T fb14d4878a6441df8d5ab1d6802492fb P 3b2a62766e5449f9ae2697a9113d09fb: Bootstrap starting.
I0720 00:35:47.787842 12021 catalog_manager.cc:1856] TS 3b2a62766e5449f9ae2697a9113d09fb does not have the latest schema for tablet 012cb2e3fa664bc6be77fb45b81fffc0 (table test-table [id=2a30b8d6c8764cdc9573a60ac5f96269]). Expected version 11 got 0
I0720 00:35:47.788076 12462 tablet_bootstrap.cc:563] T fb14d4878a6441df8d5ab1d6802492fb P 3b2a62766e5449f9ae2697a9113d09fb: Time spent opening tablet: real 0.000s user 0.000s sys 0.000s
I0720 00:35:47.788182 12462 tablet_bootstrap.cc:503] T fb14d4878a6441df8d5ab1d6802492fb P 3b2a62766e5449f9ae2697a9113d09fb: No blocks or log segments found. Creating new log.
W0720 00:35:47.788249 12022 catalog_manager.cc:2160] Unable to reset TS proxy: Not found: No leader found: Tablet 304f195d847441e5a3daabaa3158a7fa consensus state has no leader
W0720 00:35:47.788276 12022 catalog_manager.cc:2770] Failed to send alter table request: Not found: Failed to reset TS proxy: No leader found: Tablet 304f195d847441e5a3daabaa3158a7fa consensus state has no leader
W0720 00:35:47.788988 12021 catalog_manager.cc:2160] Unable to reset TS proxy: Not found: No leader found: Tablet 012cb2e3fa664bc6be77fb45b81fffc0 consensus state has no leader
W0720 00:35:47.789008 12021 catalog_manager.cc:2770] Failed to send alter table request: Not found: Failed to reset TS proxy: No leader found: Tablet 012cb2e3fa664bc6be77fb45b81fffc0 consensus state has no leader
I0720 00:35:47.789739 12456 tablet_bootstrap.cc:400] T 012cb2e3fa664bc6be77fb45b81fffc0 P bcc77f1560a949c6b130d6b3c67653be: No bootstrap required, opened a new log
I0720 00:35:47.789784 12456 ts_tablet_manager.cc:636] T 012cb2e3fa664bc6be77fb45b81fffc0 P bcc77f1560a949c6b130d6b3c67653be: Time spent bootstrapping tablet: real 0.010s user 0.000s sys 0.004s
I0720 00:35:47.789821 12021 catalog_manager.cc:1856] TS 3b2a62766e5449f9ae2697a9113d09fb does not have the latest schema for tablet 012cb2e3fa664bc6be77fb45b81fffc0 (table test-table [id=2a30b8d6c8764cdc9573a60ac5f96269]). Expected version 11 got 0
I0720 00:35:47.790012 12462 tablet_bootstrap.cc:400] T fb14d4878a6441df8d5ab1d6802492fb P 3b2a62766e5449f9ae2697a9113d09fb: No bootstrap required, opened a new log
I0720 00:35:47.790091 12462 ts_tablet_manager.cc:636] T fb14d4878a6441df8d5ab1d6802492fb P 3b2a62766e5449f9ae2697a9113d09fb: Time spent bootstrapping tablet: real 0.003s user 0.000s sys 0.000s
I0720 00:35:47.790397 12461 tablet_bootstrap.cc:400] T fb14d4878a6441df8d5ab1d6802492fb P ee4ffccf9eb5471297e208d202495ffe: No bootstrap required, opened a new log
I0720 00:35:47.790441 12461 ts_tablet_manager.cc:636] T fb14d4878a6441df8d5ab1d6802492fb P ee4ffccf9eb5471297e208d202495ffe: Time spent bootstrapping tablet: real 0.004s user 0.000s sys 0.000s
I0720 00:35:47.790727 12462 raft_consensus.cc:269] T fb14d4878a6441df8d5ab1d6802492fb P 3b2a62766e5449f9ae2697a9113d09fb [term 0 FOLLOWER]: Replica starting. Triggering 0 pending transactions. Active config: opid_index: -1 peers { permanent_uuid: "3b2a62766e5449f9ae2697a9113d09fb" member_type: VOTER last_known_addr { host: "127.42.236.2" port: 60090 } } peers { permanent_uuid: "ee4ffccf9eb5471297e208d202495ffe" member_type: VOTER last_known_addr { host: "127.42.236.1" port: 57816 } } peers { permanent_uuid: "bcc77f1560a949c6b130d6b3c67653be" member_type: VOTER last_known_addr { host: "127.42.236.0" port: 42768 } }
I0720 00:35:47.790767 12462 raft_consensus.cc:301] T fb14d4878a6441df8d5ab1d6802492fb P 3b2a62766e5449f9ae2697a9113d09fb [term 0 FOLLOWER]: Consensus starting up: Expiring failure detector timer to make a prompt election more likely
I0720 00:35:47.790792 12462 raft_consensus.cc:499] T fb14d4878a6441df8d5ab1d6802492fb P 3b2a62766e5449f9ae2697a9113d09fb [term 0 FOLLOWER]: Becoming Follower/Learner. State: Replica: 3b2a62766e5449f9ae2697a9113d09fb, State: 1, Role: FOLLOWER Watermarks: {Received: term: 0 index: 0 Committed: term: 0 index: 0}
I0720 00:35:47.790822 12462 consensus_queue.cc:162] T fb14d4878a6441df8d5ab1d6802492fb P 3b2a62766e5449f9ae2697a9113d09fb [NON_LEADER]: Queue going to NON_LEADER mode. State: All replicated op: 0.0, Majority replicated op: 0.0, Committed index: 0.0, Last appended: 0.0, Current term: 0, Majority size: -1, State: 1, Mode: NON_LEADER
I0720 00:35:47.791136 12456 raft_consensus.cc:269] T 012cb2e3fa664bc6be77fb45b81fffc0 P bcc77f1560a949c6b130d6b3c67653be [term 0 FOLLOWER]: Replica starting. Triggering 0 pending transactions. Active config: opid_index: -1 peers { permanent_uuid: "ee4ffccf9eb5471297e208d202495ffe" member_type: VOTER last_known_addr { host: "127.42.236.1" port: 57816 } } peers { permanent_uuid: "3b2a62766e5449f9ae2697a9113d09fb" member_type: VOTER last_known_addr { host: "127.42.236.2" port: 60090 } } peers { permanent_uuid: "bcc77f1560a949c6b130d6b3c67653be" member_type: VOTER last_known_addr { host: "127.42.236.0" port: 42768 } }
I0720 00:35:47.791174 12456 raft_consensus.cc:301] T 012cb2e3fa664bc6be77fb45b81fffc0 P bcc77f1560a949c6b130d6b3c67653be [term 0 FOLLOWER]: Consensus starting up: Expiring failure detector timer to make a prompt election more likely
I0720 00:35:47.791193 12456 raft_consensus.cc:499] T 012cb2e3fa664bc6be77fb45b81fffc0 P bcc77f1560a949c6b130d6b3c67653be [term 0 FOLLOWER]: Becoming Follower/Learner. State: Replica: bcc77f1560a949c6b130d6b3c67653be, State: 1, Role: FOLLOWER Watermarks: {Received: term: 0 index: 0 Committed: term: 0 index: 0}
W0720 00:35:47.791193 12021 catalog_manager.cc:2160] Unable to reset TS proxy: Not found: No leader found: Tablet 012cb2e3fa664bc6be77fb45b81fffc0 consensus state has no leader
W0720 00:35:47.791213 12021 catalog_manager.cc:2770] Failed to send alter table request: Not found: Failed to reset TS proxy: No leader found: Tablet 012cb2e3fa664bc6be77fb45b81fffc0 consensus state has no leader
I0720 00:35:47.791216 12456 consensus_queue.cc:162] T 012cb2e3fa664bc6be77fb45b81fffc0 P bcc77f1560a949c6b130d6b3c67653be [NON_LEADER]: Queue going to NON_LEADER mode. State: All replicated op: 0.0, Majority replicated op: 0.0, Committed index: 0.0, Last appended: 0.0, Current term: 0, Majority size: -1, State: 1, Mode: NON_LEADER
I0720 00:35:47.791370 12461 raft_consensus.cc:269] T fb14d4878a6441df8d5ab1d6802492fb P ee4ffccf9eb5471297e208d202495ffe [term 0 FOLLOWER]: Replica starting. Triggering 0 pending transactions. Active config: opid_index: -1 peers { permanent_uuid: "3b2a62766e5449f9ae2697a9113d09fb" member_type: VOTER last_known_addr { host: "127.42.236.2" port: 60090 } } peers { permanent_uuid: "ee4ffccf9eb5471297e208d202495ffe" member_type: VOTER last_known_addr { host: "127.42.236.1" port: 57816 } } peers { permanent_uuid: "bcc77f1560a949c6b130d6b3c67653be" member_type: VOTER last_known_addr { host: "127.42.236.0" port: 42768 } }
I0720 00:35:47.791400 12462 ts_tablet_manager.cc:663] T fb14d4878a6441df8d5ab1d6802492fb P 3b2a62766e5449f9ae2697a9113d09fb: Time spent starting tablet: real 0.001s user 0.000s sys 0.000s
I0720 00:35:47.791409 12461 raft_consensus.cc:301] T fb14d4878a6441df8d5ab1d6802492fb P ee4ffccf9eb5471297e208d202495ffe [term 0 FOLLOWER]: Consensus starting up: Expiring failure detector timer to make a prompt election more likely
I0720 00:35:47.791427 12461 raft_consensus.cc:499] T fb14d4878a6441df8d5ab1d6802492fb P ee4ffccf9eb5471297e208d202495ffe [term 0 FOLLOWER]: Becoming Follower/Learner. State: Replica: ee4ffccf9eb5471297e208d202495ffe, State: 1, Role: FOLLOWER Watermarks: {Received: term: 0 index: 0 Committed: term: 0 index: 0}
I0720 00:35:47.791451 12461 consensus_queue.cc:162] T fb14d4878a6441df8d5ab1d6802492fb P ee4ffccf9eb5471297e208d202495ffe [NON_LEADER]: Queue going to NON_LEADER mode. State: All replicated op: 0.0, Majority replicated op: 0.0, Committed index: 0.0, Last appended: 0.0, Current term: 0, Majority size: -1, State: 1, Mode: NON_LEADER
I0720 00:35:47.791471 12462 ts_tablet_manager.cc:631] T 304f195d847441e5a3daabaa3158a7fa P 3b2a62766e5449f9ae2697a9113d09fb: Bootstrapping tablet
I0720 00:35:47.791662 12462 tablet_bootstrap.cc:400] T 304f195d847441e5a3daabaa3158a7fa P 3b2a62766e5449f9ae2697a9113d09fb: Bootstrap starting.
I0720 00:35:47.791748 12456 ts_tablet_manager.cc:663] T 012cb2e3fa664bc6be77fb45b81fffc0 P bcc77f1560a949c6b130d6b3c67653be: Time spent starting tablet: real 0.002s user 0.000s sys 0.000s
I0720 00:35:47.791823 12456 ts_tablet_manager.cc:631] T fb14d4878a6441df8d5ab1d6802492fb P bcc77f1560a949c6b130d6b3c67653be: Bootstrapping tablet
I0720 00:35:47.791991 12456 tablet_bootstrap.cc:400] T fb14d4878a6441df8d5ab1d6802492fb P bcc77f1560a949c6b130d6b3c67653be: Bootstrap starting.
I0720 00:35:47.792032 12021 catalog_manager.cc:1856] TS 3b2a62766e5449f9ae2697a9113d09fb does not have the latest schema for tablet fb14d4878a6441df8d5ab1d6802492fb (table test-table [id=2a30b8d6c8764cdc9573a60ac5f96269]). Expected version 11 got 0
I0720 00:35:47.792141 12462 tablet_bootstrap.cc:563] T 304f195d847441e5a3daabaa3158a7fa P 3b2a62766e5449f9ae2697a9113d09fb: Time spent opening tablet: real 0.000s user 0.004s sys 0.000s
I0720 00:35:47.792340 12462 tablet_bootstrap.cc:503] T 304f195d847441e5a3daabaa3158a7fa P 3b2a62766e5449f9ae2697a9113d09fb: No blocks or log segments found. Creating new log.
I0720 00:35:47.792450 12456 tablet_bootstrap.cc:563] T fb14d4878a6441df8d5ab1d6802492fb P bcc77f1560a949c6b130d6b3c67653be: Time spent opening tablet: real 0.000s user 0.000s sys 0.000s
I0720 00:35:47.792551 12456 tablet_bootstrap.cc:503] T fb14d4878a6441df8d5ab1d6802492fb P bcc77f1560a949c6b130d6b3c67653be: No blocks or log segments found. Creating new log.
W0720 00:35:47.793210 12021 catalog_manager.cc:2160] Unable to reset TS proxy: Not found: No leader found: Tablet fb14d4878a6441df8d5ab1d6802492fb consensus state has no leader
W0720 00:35:47.793238 12021 catalog_manager.cc:2770] Failed to send alter table request: Not found: Failed to reset TS proxy: No leader found: Tablet fb14d4878a6441df8d5ab1d6802492fb consensus state has no leader
I0720 00:35:47.793606 12461 ts_tablet_manager.cc:663] T fb14d4878a6441df8d5ab1d6802492fb P ee4ffccf9eb5471297e208d202495ffe: Time spent starting tablet: real 0.003s user 0.000s sys 0.000s
I0720 00:35:47.793679 12461 ts_tablet_manager.cc:631] T 012cb2e3fa664bc6be77fb45b81fffc0 P ee4ffccf9eb5471297e208d202495ffe: Bootstrapping tablet
I0720 00:35:47.793741 12021 catalog_manager.cc:1856] TS bcc77f1560a949c6b130d6b3c67653be does not have the latest schema for tablet 012cb2e3fa664bc6be77fb45b81fffc0 (table test-table [id=2a30b8d6c8764cdc9573a60ac5f96269]). Expected version 11 got 0
I0720 00:35:47.793843 12461 tablet_bootstrap.cc:400] T 012cb2e3fa664bc6be77fb45b81fffc0 P ee4ffccf9eb5471297e208d202495ffe: Bootstrap starting.
I0720 00:35:47.793869 12020 catalog_manager.cc:1856] TS ee4ffccf9eb5471297e208d202495ffe does not have the latest schema for tablet fb14d4878a6441df8d5ab1d6802492fb (table test-table [id=2a30b8d6c8764cdc9573a60ac5f96269]). Expected version 11 got 0
I0720 00:35:47.793969 12456 tablet_bootstrap.cc:400] T fb14d4878a6441df8d5ab1d6802492fb P bcc77f1560a949c6b130d6b3c67653be: No bootstrap required, opened a new log
I0720 00:35:47.794018 12456 ts_tablet_manager.cc:636] T fb14d4878a6441df8d5ab1d6802492fb P bcc77f1560a949c6b130d6b3c67653be: Time spent bootstrapping tablet: real 0.002s user 0.000s sys 0.000s
I0720 00:35:47.794283 12461 tablet_bootstrap.cc:563] T 012cb2e3fa664bc6be77fb45b81fffc0 P ee4ffccf9eb5471297e208d202495ffe: Time spent opening tablet: real 0.000s user 0.000s sys 0.000s
I0720 00:35:47.794394 12461 tablet_bootstrap.cc:503] T 012cb2e3fa664bc6be77fb45b81fffc0 P ee4ffccf9eb5471297e208d202495ffe: No blocks or log segments found. Creating new log.
W0720 00:35:47.794874 12020 catalog_manager.cc:2160] Unable to reset TS proxy: Not found: No leader found: Tablet fb14d4878a6441df8d5ab1d6802492fb consensus state has no leader
W0720 00:35:47.794901 12020 catalog_manager.cc:2770] Failed to send alter table request: Not found: Failed to reset TS proxy: No leader found: Tablet fb14d4878a6441df8d5ab1d6802492fb consensus state has no leader
I0720 00:35:47.795333 12462 tablet_bootstrap.cc:400] T 304f195d847441e5a3daabaa3158a7fa P 3b2a62766e5449f9ae2697a9113d09fb: No bootstrap required, opened a new log
I0720 00:35:47.795377 12462 ts_tablet_manager.cc:636] T 304f195d847441e5a3daabaa3158a7fa P 3b2a62766e5449f9ae2697a9113d09fb: Time spent bootstrapping tablet: real 0.004s user 0.004s sys 0.000s
W0720 00:35:47.795637 12021 catalog_manager.cc:2160] Unable to reset TS proxy: Not found: No leader found: Tablet 012cb2e3fa664bc6be77fb45b81fffc0 consensus state has no leader
W0720 00:35:47.795660 12021 catalog_manager.cc:2770] Failed to send alter table request: Not found: Failed to reset TS proxy: No leader found: Tablet 012cb2e3fa664bc6be77fb45b81fffc0 consensus state has no leader
I0720 00:35:47.795886 12485 raft_consensus.cc:370] T 012cb2e3fa664bc6be77fb45b81fffc0 P 3b2a62766e5449f9ae2697a9113d09fb [term 0 FOLLOWER]: No leader contacted us within the election timeout. Triggering leader election
I0720 00:35:47.795902 12485 raft_consensus.cc:2019] T 012cb2e3fa664bc6be77fb45b81fffc0 P 3b2a62766e5449f9ae2697a9113d09fb [term 0 FOLLOWER]: Advancing to term 1
I0720 00:35:47.795975 12456 raft_consensus.cc:269] T fb14d4878a6441df8d5ab1d6802492fb P bcc77f1560a949c6b130d6b3c67653be [term 0 FOLLOWER]: Replica starting. Triggering 0 pending transactions. Active config: opid_index: -1 peers { permanent_uuid: "3b2a62766e5449f9ae2697a9113d09fb" member_type: VOTER last_known_addr { host: "127.42.236.2" port: 60090 } } peers { permanent_uuid: "ee4ffccf9eb5471297e208d202495ffe" member_type: VOTER last_known_addr { host: "127.42.236.1" port: 57816 } } peers { permanent_uuid: "bcc77f1560a949c6b130d6b3c67653be" member_type: VOTER last_known_addr { host: "127.42.236.0" port: 42768 } }
I0720 00:35:47.796012 12456 raft_consensus.cc:301] T fb14d4878a6441df8d5ab1d6802492fb P bcc77f1560a949c6b130d6b3c67653be [term 0 FOLLOWER]: Consensus starting up: Expiring failure detector timer to make a prompt election more likely
I0720 00:35:47.796030 12456 raft_consensus.cc:499] T fb14d4878a6441df8d5ab1d6802492fb P bcc77f1560a949c6b130d6b3c67653be [term 0 FOLLOWER]: Becoming Follower/Learner. State: Replica: bcc77f1560a949c6b130d6b3c67653be, State: 1, Role: FOLLOWER Watermarks: {Received: term: 0 index: 0 Committed: term: 0 index: 0}
I0720 00:35:47.796056 12456 consensus_queue.cc:162] T fb14d4878a6441df8d5ab1d6802492fb P bcc77f1560a949c6b130d6b3c67653be [NON_LEADER]: Queue going to NON_LEADER mode. State: All replicated op: 0.0, Majority replicated op: 0.0, Committed index: 0.0, Last appended: 0.0, Current term: 0, Majority size: -1, State: 1, Mode: NON_LEADER
I0720 00:35:47.796239 12462 raft_consensus.cc:269] T 304f195d847441e5a3daabaa3158a7fa P 3b2a62766e5449f9ae2697a9113d09fb [term 0 FOLLOWER]: Replica starting. Triggering 0 pending transactions. Active config: opid_index: -1 peers { permanent_uuid: "ee4ffccf9eb5471297e208d202495ffe" member_type: VOTER last_known_addr { host: "127.42.236.1" port: 57816 } } peers { permanent_uuid: "3b2a62766e5449f9ae2697a9113d09fb" member_type: VOTER last_known_addr { host: "127.42.236.2" port: 60090 } } peers { permanent_uuid: "bcc77f1560a949c6b130d6b3c67653be" member_type: VOTER last_known_addr { host: "127.42.236.0" port: 42768 } }
I0720 00:35:47.796247 12485 raft_consensus.cc:1970] T 012cb2e3fa664bc6be77fb45b81fffc0 P 3b2a62766e5449f9ae2697a9113d09fb [term 1 FOLLOWER]: Snoozing failure detection for election timeout plus an additional 1.526s
I0720 00:35:47.796277 12462 raft_consensus.cc:301] T 304f195d847441e5a3daabaa3158a7fa P 3b2a62766e5449f9ae2697a9113d09fb [term 0 FOLLOWER]: Consensus starting up: Expiring failure detector timer to make a prompt election more likely
I0720 00:35:47.796283 12485 raft_consensus.cc:386] T 012cb2e3fa664bc6be77fb45b81fffc0 P 3b2a62766e5449f9ae2697a9113d09fb [term 1 FOLLOWER]: Starting election with config: opid_index: -1 peers { permanent_uuid: "ee4ffccf9eb5471297e208d202495ffe" member_type: VOTER last_known_addr { host: "127.42.236.1" port: 57816 } } peers { permanent_uuid: "3b2a62766e5449f9ae2697a9113d09fb" member_type: VOTER last_known_addr { host: "127.42.236.2" port: 60090 } } peers { permanent_uuid: "bcc77f1560a949c6b130d6b3c67653be" member_type: VOTER last_known_addr { host: "127.42.236.0" port: 42768 } }
I0720 00:35:47.796294 12462 raft_consensus.cc:499] T 304f195d847441e5a3daabaa3158a7fa P 3b2a62766e5449f9ae2697a9113d09fb [term 0 FOLLOWER]: Becoming Follower/Learner. State: Replica: 3b2a62766e5449f9ae2697a9113d09fb, State: 1, Role: FOLLOWER Watermarks: {Received: term: 0 index: 0 Committed: term: 0 index: 0}
I0720 00:35:47.796320 12462 consensus_queue.cc:162] T 304f195d847441e5a3daabaa3158a7fa P 3b2a62766e5449f9ae2697a9113d09fb [NON_LEADER]: Queue going to NON_LEADER mode. State: All replicated op: 0.0, Majority replicated op: 0.0, Committed index: 0.0, Last appended: 0.0, Current term: 0, Majority size: -1, State: 1, Mode: NON_LEADER
I0720 00:35:47.796470 12021 catalog_manager.cc:1856] TS bcc77f1560a949c6b130d6b3c67653be does not have the latest schema for tablet 012cb2e3fa664bc6be77fb45b81fffc0 (table test-table [id=2a30b8d6c8764cdc9573a60ac5f96269]). Expected version 11 got 0
I0720 00:35:47.796602 12456 ts_tablet_manager.cc:663] T fb14d4878a6441df8d5ab1d6802492fb P bcc77f1560a949c6b130d6b3c67653be: Time spent starting tablet: real 0.003s user 0.000s sys 0.000s
I0720 00:35:47.796689 12456 ts_tablet_manager.cc:631] T 304f195d847441e5a3daabaa3158a7fa P bcc77f1560a949c6b130d6b3c67653be: Bootstrapping tablet
I0720 00:35:47.796880 12456 tablet_bootstrap.cc:400] T 304f195d847441e5a3daabaa3158a7fa P bcc77f1560a949c6b130d6b3c67653be: Bootstrap starting.
I0720 00:35:47.796937 12485 leader_election.cc:223] T 012cb2e3fa664bc6be77fb45b81fffc0 P 3b2a62766e5449f9ae2697a9113d09fb [CANDIDATE]: Term 1 election: Requesting vote from peer ee4ffccf9eb5471297e208d202495ffe
I0720 00:35:47.796994 12485 leader_election.cc:223] T 012cb2e3fa664bc6be77fb45b81fffc0 P 3b2a62766e5449f9ae2697a9113d09fb [CANDIDATE]: Term 1 election: Requesting vote from peer bcc77f1560a949c6b130d6b3c67653be
I0720 00:35:47.797333 11942 raft_consensus.cc:2019] T 012cb2e3fa664bc6be77fb45b81fffc0 P bcc77f1560a949c6b130d6b3c67653be [term 0 FOLLOWER]: Advancing to term 1
I0720 00:35:47.797431 12456 tablet_bootstrap.cc:563] T 304f195d847441e5a3daabaa3158a7fa P bcc77f1560a949c6b130d6b3c67653be: Time spent opening tablet: real 0.000s user 0.000s sys 0.000s
I0720 00:35:47.797550 12456 tablet_bootstrap.cc:503] T 304f195d847441e5a3daabaa3158a7fa P bcc77f1560a949c6b130d6b3c67653be: No blocks or log segments found. Creating new log.
I0720 00:35:47.797802 11942 raft_consensus.cc:1970] T 012cb2e3fa664bc6be77fb45b81fffc0 P bcc77f1560a949c6b130d6b3c67653be [term 1 FOLLOWER]: Snoozing failure detection for election timeout plus an additional 1.565s
I0720 00:35:47.798034 12462 ts_tablet_manager.cc:663] T 304f195d847441e5a3daabaa3158a7fa P 3b2a62766e5449f9ae2697a9113d09fb: Time spent starting tablet: real 0.003s user 0.000s sys 0.000s
I0720 00:35:47.798156 12462 ts_tablet_manager.cc:631] T 5283371ecd56452fbd2f2519ee898d44 P 3b2a62766e5449f9ae2697a9113d09fb: Bootstrapping tablet
W0720 00:35:47.798182 12021 catalog_manager.cc:2160] Unable to reset TS proxy: Not found: No leader found: Tablet 012cb2e3fa664bc6be77fb45b81fffc0 consensus state has no leader
W0720 00:35:47.798205 12021 catalog_manager.cc:2770] Failed to send alter table request: Not found: Failed to reset TS proxy: No leader found: Tablet 012cb2e3fa664bc6be77fb45b81fffc0 consensus state has no leader
I0720 00:35:47.798316 12462 tablet_bootstrap.cc:400] T 5283371ecd56452fbd2f2519ee898d44 P 3b2a62766e5449f9ae2697a9113d09fb: Bootstrap starting.
W0720 00:35:47.798427 11634 leader_election.cc:281] T 012cb2e3fa664bc6be77fb45b81fffc0 P 3b2a62766e5449f9ae2697a9113d09fb [CANDIDATE]: Term 1 election: Tablet error from VoteRequest() call to peer ee4ffccf9eb5471297e208d202495ffe: Illegal state: Tablet not RUNNING: BOOTSTRAPPING
I0720 00:35:47.798493 12020 catalog_manager.cc:1856] TS 3b2a62766e5449f9ae2697a9113d09fb does not have the latest schema for tablet 304f195d847441e5a3daabaa3158a7fa (table test-table [id=2a30b8d6c8764cdc9573a60ac5f96269]). Expected version 11 got 0
I0720 00:35:47.798547 11942 raft_consensus.cc:1677] T 012cb2e3fa664bc6be77fb45b81fffc0 P bcc77f1560a949c6b130d6b3c67653be [term 1 FOLLOWER]: Leader election vote request: Granting yes vote for candidate 3b2a62766e5449f9ae2697a9113d09fb in term 1.
I0720 00:35:47.798750 11633 leader_election.cc:347] T 012cb2e3fa664bc6be77fb45b81fffc0 P 3b2a62766e5449f9ae2697a9113d09fb [CANDIDATE]: Term 1 election: Vote granted by peer bcc77f1560a949c6b130d6b3c67653be
I0720 00:35:47.798770 11633 leader_election.cc:248] T 012cb2e3fa664bc6be77fb45b81fffc0 P 3b2a62766e5449f9ae2697a9113d09fb [CANDIDATE]: Term 1 election: Election decided. Result: candidate won.
I0720 00:35:47.798916 12487 raft_consensus.cc:1970] T 012cb2e3fa664bc6be77fb45b81fffc0 P 3b2a62766e5449f9ae2697a9113d09fb [term 1 FOLLOWER]: Snoozing failure detection for election timeout plus an additional 1.578s
I0720 00:35:47.798938 12487 raft_consensus.cc:1859] T 012cb2e3fa664bc6be77fb45b81fffc0 P 3b2a62766e5449f9ae2697a9113d09fb [term 1 FOLLOWER]: Leader election won for term 1
I0720 00:35:47.798960 12462 tablet_bootstrap.cc:563] T 5283371ecd56452fbd2f2519ee898d44 P 3b2a62766e5449f9ae2697a9113d09fb: Time spent opening tablet: real 0.000s user 0.000s sys 0.000s
I0720 00:35:47.799055 12462 tablet_bootstrap.cc:503] T 5283371ecd56452fbd2f2519ee898d44 P 3b2a62766e5449f9ae2697a9113d09fb: No blocks or log segments found. Creating new log.
I0720 00:35:47.799548 12021 catalog_manager.cc:1856] TS bcc77f1560a949c6b130d6b3c67653be does not have the latest schema for tablet fb14d4878a6441df8d5ab1d6802492fb (table test-table [id=2a30b8d6c8764cdc9573a60ac5f96269]). Expected version 11 got 0
W0720 00:35:47.799774 12020 catalog_manager.cc:2160] Unable to reset TS proxy: Not found: No leader found: Tablet 304f195d847441e5a3daabaa3158a7fa consensus state has no leader
I0720 00:35:47.799787 12461 tablet_bootstrap.cc:400] T 012cb2e3fa664bc6be77fb45b81fffc0 P ee4ffccf9eb5471297e208d202495ffe: No bootstrap required, opened a new log
W0720 00:35:47.799796 12020 catalog_manager.cc:2770] Failed to send alter table request: Not found: Failed to reset TS proxy: No leader found: Tablet 304f195d847441e5a3daabaa3158a7fa consensus state has no leader
I0720 00:35:47.799825 12461 ts_tablet_manager.cc:636] T 012cb2e3fa664bc6be77fb45b81fffc0 P ee4ffccf9eb5471297e208d202495ffe: Time spent bootstrapping tablet: real 0.006s user 0.004s sys 0.000s
I0720 00:35:47.800590 12020 catalog_manager.cc:1856] TS 3b2a62766e5449f9ae2697a9113d09fb does not have the latest schema for tablet 304f195d847441e5a3daabaa3158a7fa (table test-table [id=2a30b8d6c8764cdc9573a60ac5f96269]). Expected version 11 got 0
I0720 00:35:47.800953 12461 raft_consensus.cc:269] T 012cb2e3fa664bc6be77fb45b81fffc0 P ee4ffccf9eb5471297e208d202495ffe [term 0 FOLLOWER]: Replica starting. Triggering 0 pending transactions. Active config: opid_index: -1 peers { permanent_uuid: "ee4ffccf9eb5471297e208d202495ffe" member_type: VOTER last_known_addr { host: "127.42.236.1" port: 57816 } } peers { permanent_uuid: "3b2a62766e5449f9ae2697a9113d09fb" member_type: VOTER last_known_addr { host: "127.42.236.2" port: 60090 } } peers { permanent_uuid: "bcc77f1560a949c6b130d6b3c67653be" member_type: VOTER last_known_addr { host: "127.42.236.0" port: 42768 } }
I0720 00:35:47.800998 12461 raft_consensus.cc:301] T 012cb2e3fa664bc6be77fb45b81fffc0 P ee4ffccf9eb5471297e208d202495ffe [term 0 FOLLOWER]: Consensus starting up: Expiring failure detector timer to make a prompt election more likely
I0720 00:35:47.801023 12461 raft_consensus.cc:499] T 012cb2e3fa664bc6be77fb45b81fffc0 P ee4ffccf9eb5471297e208d202495ffe [term 0 FOLLOWER]: Becoming Follower/Learner. State: Replica: ee4ffccf9eb5471297e208d202495ffe, State: 1, Role: FOLLOWER Watermarks: {Received: term: 0 index: 0 Committed: term: 0 index: 0}
I0720 00:35:47.801059 12461 consensus_queue.cc:162] T 012cb2e3fa664bc6be77fb45b81fffc0 P ee4ffccf9eb5471297e208d202495ffe [NON_LEADER]: Queue going to NON_LEADER mode. State: All replicated op: 0.0, Majority replicated op: 0.0, Committed index: 0.0, Last appended: 0.0, Current term: 0, Majority size: -1, State: 1, Mode: NON_LEADER
I0720 00:35:47.801113 12487 raft_consensus.cc:464] T 012cb2e3fa664bc6be77fb45b81fffc0 P 3b2a62766e5449f9ae2697a9113d09fb [term 1 LEADER]: Becoming Leader. State: Replica: 3b2a62766e5449f9ae2697a9113d09fb, State: 1, Role: LEADER Watermarks: {Received: term: 0 index: 0 Committed: term: 0 index: 0}
I0720 00:35:47.801178 12456 tablet_bootstrap.cc:400] T 304f195d847441e5a3daabaa3158a7fa P bcc77f1560a949c6b130d6b3c67653be: No bootstrap required, opened a new log
I0720 00:35:47.801216 12487 consensus_queue.cc:145] T 012cb2e3fa664bc6be77fb45b81fffc0 P 3b2a62766e5449f9ae2697a9113d09fb [LEADER]: Queue going to LEADER mode. State: All replicated op: 0.0, Majority replicated op: 0.0, Committed index: 0.0, Last appended: 0.0, Current term: 1, Majority size: 2, State: 1, Mode: LEADER, active raft config: opid_index: -1 peers { permanent_uuid: "ee4ffccf9eb5471297e208d202495ffe" member_type: VOTER last_known_addr { host: "127.42.236.1" port: 57816 } } peers { permanent_uuid: "3b2a62766e5449f9ae2697a9113d09fb" member_type: VOTER last_known_addr { host: "127.42.236.2" port: 60090 } } peers { permanent_uuid: "bcc77f1560a949c6b130d6b3c67653be" member_type: VOTER last_known_addr { host: "127.42.236.0" port: 42768 } }
I0720 00:35:47.801236 12456 ts_tablet_manager.cc:636] T 304f195d847441e5a3daabaa3158a7fa P bcc77f1560a949c6b130d6b3c67653be: Time spent bootstrapping tablet: real 0.005s user 0.000s sys 0.004s
I0720 00:35:47.801445 12462 tablet_bootstrap.cc:400] T 5283371ecd56452fbd2f2519ee898d44 P 3b2a62766e5449f9ae2697a9113d09fb: No bootstrap required, opened a new log
I0720 00:35:47.801487 12462 ts_tablet_manager.cc:636] T 5283371ecd56452fbd2f2519ee898d44 P 3b2a62766e5449f9ae2697a9113d09fb: Time spent bootstrapping tablet: real 0.003s user 0.000s sys 0.000s
W0720 00:35:47.801897 12020 catalog_manager.cc:2160] Unable to reset TS proxy: Not found: No leader found: Tablet 304f195d847441e5a3daabaa3158a7fa consensus state has no leader
W0720 00:35:47.801919 12020 catalog_manager.cc:2770] Failed to send alter table request: Not found: Failed to reset TS proxy: No leader found: Tablet 304f195d847441e5a3daabaa3158a7fa consensus state has no leader
I0720 00:35:47.801976 12461 ts_tablet_manager.cc:663] T 012cb2e3fa664bc6be77fb45b81fffc0 P ee4ffccf9eb5471297e208d202495ffe: Time spent starting tablet: real 0.002s user 0.000s sys 0.000s
I0720 00:35:47.802054 12461 ts_tablet_manager.cc:631] T 5283371ecd56452fbd2f2519ee898d44 P ee4ffccf9eb5471297e208d202495ffe: Bootstrapping tablet
I0720 00:35:47.802217 12461 tablet_bootstrap.cc:400] T 5283371ecd56452fbd2f2519ee898d44 P ee4ffccf9eb5471297e208d202495ffe: Bootstrap starting.
I0720 00:35:47.802454 12020 catalog_manager.cc:1856] TS ee4ffccf9eb5471297e208d202495ffe does not have the latest schema for tablet 012cb2e3fa664bc6be77fb45b81fffc0 (table test-table [id=2a30b8d6c8764cdc9573a60ac5f96269]). Expected version 11 got 0
I0720 00:35:47.802672 12461 tablet_bootstrap.cc:563] T 5283371ecd56452fbd2f2519ee898d44 P ee4ffccf9eb5471297e208d202495ffe: Time spent opening tablet: real 0.000s user 0.000s sys 0.000s
I0720 00:35:47.802793 12462 raft_consensus.cc:269] T 5283371ecd56452fbd2f2519ee898d44 P 3b2a62766e5449f9ae2697a9113d09fb [term 0 FOLLOWER]: Replica starting. Triggering 0 pending transactions. Active config: opid_index: -1 peers { permanent_uuid: "ee4ffccf9eb5471297e208d202495ffe" member_type: VOTER last_known_addr { host: "127.42.236.1" port: 57816 } } peers { permanent_uuid: "3b2a62766e5449f9ae2697a9113d09fb" member_type: VOTER last_known_addr { host: "127.42.236.2" port: 60090 } } peers { permanent_uuid: "bcc77f1560a949c6b130d6b3c67653be" member_type: VOTER last_known_addr { host: "127.42.236.0" port: 42768 } }
I0720 00:35:47.802829 12462 raft_consensus.cc:301] T 5283371ecd56452fbd2f2519ee898d44 P 3b2a62766e5449f9ae2697a9113d09fb [term 0 FOLLOWER]: Consensus starting up: Expiring failure detector timer to make a prompt election more likely
I0720 00:35:47.802846 12462 raft_consensus.cc:499] T 5283371ecd56452fbd2f2519ee898d44 P 3b2a62766e5449f9ae2697a9113d09fb [term 0 FOLLOWER]: Becoming Follower/Learner. State: Replica: 3b2a62766e5449f9ae2697a9113d09fb, State: 1, Role: FOLLOWER Watermarks: {Received: term: 0 index: 0 Committed: term: 0 index: 0}
I0720 00:35:47.802870 12462 consensus_queue.cc:162] T 5283371ecd56452fbd2f2519ee898d44 P 3b2a62766e5449f9ae2697a9113d09fb [NON_LEADER]: Queue going to NON_LEADER mode. State: All replicated op: 0.0, Majority replicated op: 0.0, Committed index: 0.0, Last appended: 0.0, Current term: 0, Majority size: -1, State: 1, Mode: NON_LEADER
I0720 00:35:47.802889 12461 tablet_bootstrap.cc:503] T 5283371ecd56452fbd2f2519ee898d44 P ee4ffccf9eb5471297e208d202495ffe: No blocks or log segments found. Creating new log.
I0720 00:35:47.803248 12456 raft_consensus.cc:269] T 304f195d847441e5a3daabaa3158a7fa P bcc77f1560a949c6b130d6b3c67653be [term 0 FOLLOWER]: Replica starting. Triggering 0 pending transactions. Active config: opid_index: -1 peers { permanent_uuid: "ee4ffccf9eb5471297e208d202495ffe" member_type: VOTER last_known_addr { host: "127.42.236.1" port: 57816 } } peers { permanent_uuid: "3b2a62766e5449f9ae2697a9113d09fb" member_type: VOTER last_known_addr { host: "127.42.236.2" port: 60090 } } peers { permanent_uuid: "bcc77f1560a949c6b130d6b3c67653be" member_type: VOTER last_known_addr { host: "127.42.236.0" port: 42768 } }
I0720 00:35:47.803287 12456 raft_consensus.cc:301] T 304f195d847441e5a3daabaa3158a7fa P bcc77f1560a949c6b130d6b3c67653be [term 0 FOLLOWER]: Consensus starting up: Expiring failure detector timer to make a prompt election more likely
I0720 00:35:47.803305 12456 raft_consensus.cc:499] T 304f195d847441e5a3daabaa3158a7fa P bcc77f1560a949c6b130d6b3c67653be [term 0 FOLLOWER]: Becoming Follower/Learner. State: Replica: bcc77f1560a949c6b130d6b3c67653be, State: 1, Role: FOLLOWER Watermarks: {Received: term: 0 index: 0 Committed: term: 0 index: 0}
I0720 00:35:47.803330 12456 consensus_queue.cc:162] T 304f195d847441e5a3daabaa3158a7fa P bcc77f1560a949c6b130d6b3c67653be [NON_LEADER]: Queue going to NON_LEADER mode. State: All replicated op: 0.0, Majority replicated op: 0.0, Committed index: 0.0, Last appended: 0.0, Current term: 0, Majority size: -1, State: 1, Mode: NON_LEADER
I0720 00:35:47.803632 12462 ts_tablet_manager.cc:663] T 5283371ecd56452fbd2f2519ee898d44 P 3b2a62766e5449f9ae2697a9113d09fb: Time spent starting tablet: real 0.002s user 0.000s sys 0.004s
I0720 00:35:47.803930 12022 catalog_manager.cc:1856] TS 3b2a62766e5449f9ae2697a9113d09fb does not have the latest schema for tablet 012cb2e3fa664bc6be77fb45b81fffc0 (table test-table [id=2a30b8d6c8764cdc9573a60ac5f96269]). Expected version 11 got 0
W0720 00:35:47.803963 12020 catalog_manager.cc:2160] Unable to reset TS proxy: Not found: No leader found: Tablet 012cb2e3fa664bc6be77fb45b81fffc0 consensus state has no leader
W0720 00:35:47.804003 12020 catalog_manager.cc:2770] Failed to send alter table request: Not found: Failed to reset TS proxy: No leader found: Tablet 012cb2e3fa664bc6be77fb45b81fffc0 consensus state has no leader
W0720 00:35:47.803977 12021 catalog_manager.cc:2160] Unable to reset TS proxy: Not found: No leader found: Tablet fb14d4878a6441df8d5ab1d6802492fb consensus state has no leader
