W0720 00:35:47.804113 12021 catalog_manager.cc:2770] Failed to send alter table request: Not found: Failed to reset TS proxy: No leader found: Tablet fb14d4878a6441df8d5ab1d6802492fb consensus state has no leader
I0720 00:35:47.804291 12461 tablet_bootstrap.cc:400] T 5283371ecd56452fbd2f2519ee898d44 P ee4ffccf9eb5471297e208d202495ffe: No bootstrap required, opened a new log
I0720 00:35:47.804334 12461 ts_tablet_manager.cc:636] T 5283371ecd56452fbd2f2519ee898d44 P ee4ffccf9eb5471297e208d202495ffe: Time spent bootstrapping tablet: real 0.002s user 0.004s sys 0.000s
I0720 00:35:47.804368 12456 ts_tablet_manager.cc:663] T 304f195d847441e5a3daabaa3158a7fa P bcc77f1560a949c6b130d6b3c67653be: Time spent starting tablet: real 0.003s user 0.000s sys 0.000s
I0720 00:35:47.804441 12456 ts_tablet_manager.cc:631] T 5283371ecd56452fbd2f2519ee898d44 P bcc77f1560a949c6b130d6b3c67653be: Bootstrapping tablet
I0720 00:35:47.804597 12456 tablet_bootstrap.cc:400] T 5283371ecd56452fbd2f2519ee898d44 P bcc77f1560a949c6b130d6b3c67653be: Bootstrap starting.
I0720 00:35:47.804975 12461 raft_consensus.cc:269] T 5283371ecd56452fbd2f2519ee898d44 P ee4ffccf9eb5471297e208d202495ffe [term 0 FOLLOWER]: Replica starting. Triggering 0 pending transactions. Active config: opid_index: -1 peers { permanent_uuid: "ee4ffccf9eb5471297e208d202495ffe" member_type: VOTER last_known_addr { host: "127.42.236.1" port: 57816 } } peers { permanent_uuid: "3b2a62766e5449f9ae2697a9113d09fb" member_type: VOTER last_known_addr { host: "127.42.236.2" port: 60090 } } peers { permanent_uuid: "bcc77f1560a949c6b130d6b3c67653be" member_type: VOTER last_known_addr { host: "127.42.236.0" port: 42768 } }
I0720 00:35:47.805017 12461 raft_consensus.cc:301] T 5283371ecd56452fbd2f2519ee898d44 P ee4ffccf9eb5471297e208d202495ffe [term 0 FOLLOWER]: Consensus starting up: Expiring failure detector timer to make a prompt election more likely
I0720 00:35:47.805034 12456 tablet_bootstrap.cc:563] T 5283371ecd56452fbd2f2519ee898d44 P bcc77f1560a949c6b130d6b3c67653be: Time spent opening tablet: real 0.000s user 0.000s sys 0.000s
I0720 00:35:47.805042 12461 raft_consensus.cc:499] T 5283371ecd56452fbd2f2519ee898d44 P ee4ffccf9eb5471297e208d202495ffe [term 0 FOLLOWER]: Becoming Follower/Learner. State: Replica: ee4ffccf9eb5471297e208d202495ffe, State: 1, Role: FOLLOWER Watermarks: {Received: term: 0 index: 0 Committed: term: 0 index: 0}
I0720 00:35:47.805073 12461 consensus_queue.cc:162] T 5283371ecd56452fbd2f2519ee898d44 P ee4ffccf9eb5471297e208d202495ffe [NON_LEADER]: Queue going to NON_LEADER mode. State: All replicated op: 0.0, Majority replicated op: 0.0, Committed index: 0.0, Last appended: 0.0, Current term: 0, Majority size: -1, State: 1, Mode: NON_LEADER
I0720 00:35:47.805135 12456 tablet_bootstrap.cc:503] T 5283371ecd56452fbd2f2519ee898d44 P bcc77f1560a949c6b130d6b3c67653be: No blocks or log segments found. Creating new log.
I0720 00:35:47.805204 12022 catalog_manager.cc:1957] Tablet: 012cb2e3fa664bc6be77fb45b81fffc0 reported consensus state change. New consensus state: current_term: 1 leader_uuid: "3b2a62766e5449f9ae2697a9113d09fb" config { opid_index: -1 peers { permanent_uuid: "ee4ffccf9eb5471297e208d202495ffe" member_type: VOTER last_known_addr { host: "127.42.236.1" port: 57816 } } peers { permanent_uuid: "3b2a62766e5449f9ae2697a9113d09fb" member_type: VOTER last_known_addr { host: "127.42.236.2" port: 60090 } } peers { permanent_uuid: "bcc77f1560a949c6b130d6b3c67653be" member_type: VOTER last_known_addr { host: "127.42.236.0" port: 42768 } } }
I0720 00:35:47.805972 12461 ts_tablet_manager.cc:663] T 5283371ecd56452fbd2f2519ee898d44 P ee4ffccf9eb5471297e208d202495ffe: Time spent starting tablet: real 0.002s user 0.000s sys 0.000s
I0720 00:35:47.806094 12020 catalog_manager.cc:1856] TS bcc77f1560a949c6b130d6b3c67653be does not have the latest schema for tablet 304f195d847441e5a3daabaa3158a7fa (table test-table [id=2a30b8d6c8764cdc9573a60ac5f96269]). Expected version 11 got 0
I0720 00:35:47.806164 12456 tablet_bootstrap.cc:400] T 5283371ecd56452fbd2f2519ee898d44 P bcc77f1560a949c6b130d6b3c67653be: No bootstrap required, opened a new log
I0720 00:35:47.806201 12456 ts_tablet_manager.cc:636] T 5283371ecd56452fbd2f2519ee898d44 P bcc77f1560a949c6b130d6b3c67653be: Time spent bootstrapping tablet: real 0.002s user 0.000s sys 0.004s
W0720 00:35:47.806391 12523 raft_consensus_state.cc:541] T 012cb2e3fa664bc6be77fb45b81fffc0 P 3b2a62766e5449f9ae2697a9113d09fb [term 1 LEADER]: Can't advance the committed index across term boundaries until operations from the current term are replicated. Last committed operation was: term: 0 index: 0, New majority replicated is: term: 0 index: 0, Current term is: 1
I0720 00:35:47.806576 12021 catalog_manager.cc:1856] TS ee4ffccf9eb5471297e208d202495ffe does not have the latest schema for tablet 012cb2e3fa664bc6be77fb45b81fffc0 (table test-table [id=2a30b8d6c8764cdc9573a60ac5f96269]). Expected version 11 got 0
I0720 00:35:47.806953 12456 raft_consensus.cc:269] T 5283371ecd56452fbd2f2519ee898d44 P bcc77f1560a949c6b130d6b3c67653be [term 0 FOLLOWER]: Replica starting. Triggering 0 pending transactions. Active config: opid_index: -1 peers { permanent_uuid: "ee4ffccf9eb5471297e208d202495ffe" member_type: VOTER last_known_addr { host: "127.42.236.1" port: 57816 } } peers { permanent_uuid: "3b2a62766e5449f9ae2697a9113d09fb" member_type: VOTER last_known_addr { host: "127.42.236.2" port: 60090 } } peers { permanent_uuid: "bcc77f1560a949c6b130d6b3c67653be" member_type: VOTER last_known_addr { host: "127.42.236.0" port: 42768 } }
I0720 00:35:47.806993 12456 raft_consensus.cc:301] T 5283371ecd56452fbd2f2519ee898d44 P bcc77f1560a949c6b130d6b3c67653be [term 0 FOLLOWER]: Consensus starting up: Expiring failure detector timer to make a prompt election more likely
I0720 00:35:47.807015 12456 raft_consensus.cc:499] T 5283371ecd56452fbd2f2519ee898d44 P bcc77f1560a949c6b130d6b3c67653be [term 0 FOLLOWER]: Becoming Follower/Learner. State: Replica: bcc77f1560a949c6b130d6b3c67653be, State: 1, Role: FOLLOWER Watermarks: {Received: term: 0 index: 0 Committed: term: 0 index: 0}
I0720 00:35:47.807044 12456 consensus_queue.cc:162] T 5283371ecd56452fbd2f2519ee898d44 P bcc77f1560a949c6b130d6b3c67653be [NON_LEADER]: Queue going to NON_LEADER mode. State: All replicated op: 0.0, Majority replicated op: 0.0, Committed index: 0.0, Last appended: 0.0, Current term: 0, Majority size: -1, State: 1, Mode: NON_LEADER
W0720 00:35:47.807839 12020 catalog_manager.cc:2160] Unable to reset TS proxy: Not found: No leader found: Tablet 304f195d847441e5a3daabaa3158a7fa consensus state has no leader
W0720 00:35:47.807862 12020 catalog_manager.cc:2770] Failed to send alter table request: Not found: Failed to reset TS proxy: No leader found: Tablet 304f195d847441e5a3daabaa3158a7fa consensus state has no leader
I0720 00:35:47.808084 12022 catalog_manager.cc:1856] TS 3b2a62766e5449f9ae2697a9113d09fb does not have the latest schema for tablet 5283371ecd56452fbd2f2519ee898d44 (table test-table [id=2a30b8d6c8764cdc9573a60ac5f96269]). Expected version 11 got 0
I0720 00:35:47.808526 12456 ts_tablet_manager.cc:663] T 5283371ecd56452fbd2f2519ee898d44 P bcc77f1560a949c6b130d6b3c67653be: Time spent starting tablet: real 0.002s user 0.000s sys 0.000s
I0720 00:35:47.808562 12020 catalog_manager.cc:1856] TS bcc77f1560a949c6b130d6b3c67653be does not have the latest schema for tablet fb14d4878a6441df8d5ab1d6802492fb (table test-table [id=2a30b8d6c8764cdc9573a60ac5f96269]). Expected version 11 got 0
W0720 00:35:47.809233 12022 catalog_manager.cc:2160] Unable to reset TS proxy: Not found: No leader found: Tablet 5283371ecd56452fbd2f2519ee898d44 consensus state has no leader
W0720 00:35:47.809255 12022 catalog_manager.cc:2770] Failed to send alter table request: Not found: Failed to reset TS proxy: No leader found: Tablet 5283371ecd56452fbd2f2519ee898d44 consensus state has no leader
I0720 00:35:47.809402 12021 catalog_manager.cc:1856] TS ee4ffccf9eb5471297e208d202495ffe does not have the latest schema for tablet 5283371ecd56452fbd2f2519ee898d44 (table test-table [id=2a30b8d6c8764cdc9573a60ac5f96269]). Expected version 11 got 0
I0720 00:35:47.809521 11942 raft_consensus.cc:869] T 012cb2e3fa664bc6be77fb45b81fffc0 P bcc77f1560a949c6b130d6b3c67653be [term 1 FOLLOWER]: Refusing update from remote peer 3b2a62766e5449f9ae2697a9113d09fb: Log matching property violated. Preceding OpId in replica: term: 0 index: 0. Preceding OpId from leader: term: 1 index: 2. (index mismatch)
I0720 00:35:47.809842 12487 consensus_queue.cc:578] T 012cb2e3fa664bc6be77fb45b81fffc0 P 3b2a62766e5449f9ae2697a9113d09fb [LEADER]: Connected to new peer: Peer: bcc77f1560a949c6b130d6b3c67653be, Is new: false, Last received: 0.0, Next index: 1, Last known committed idx: 0, Last exchange result: ERROR, Needs remote bootstrap: false
W0720 00:35:47.810106 12020 catalog_manager.cc:2160] Unable to reset TS proxy: Not found: No leader found: Tablet fb14d4878a6441df8d5ab1d6802492fb consensus state has no leader
W0720 00:35:47.810128 12020 catalog_manager.cc:2770] Failed to send alter table request: Not found: Failed to reset TS proxy: No leader found: Tablet fb14d4878a6441df8d5ab1d6802492fb consensus state has no leader
W0720 00:35:47.810801 12021 catalog_manager.cc:2160] Unable to reset TS proxy: Not found: No leader found: Tablet 5283371ecd56452fbd2f2519ee898d44 consensus state has no leader
W0720 00:35:47.810827 12021 catalog_manager.cc:2770] Failed to send alter table request: Not found: Failed to reset TS proxy: No leader found: Tablet 5283371ecd56452fbd2f2519ee898d44 consensus state has no leader
I0720 00:35:47.811100 12513 raft_consensus.cc:370] T 012cb2e3fa664bc6be77fb45b81fffc0 P ee4ffccf9eb5471297e208d202495ffe [term 0 FOLLOWER]: No leader contacted us within the election timeout. Triggering leader election
I0720 00:35:47.811117 12513 raft_consensus.cc:2019] T 012cb2e3fa664bc6be77fb45b81fffc0 P ee4ffccf9eb5471297e208d202495ffe [term 0 FOLLOWER]: Advancing to term 1
I0720 00:35:47.811442 12513 raft_consensus.cc:1970] T 012cb2e3fa664bc6be77fb45b81fffc0 P ee4ffccf9eb5471297e208d202495ffe [term 1 FOLLOWER]: Snoozing failure detection for election timeout plus an additional 1.535s
I0720 00:35:47.811483 12513 raft_consensus.cc:386] T 012cb2e3fa664bc6be77fb45b81fffc0 P ee4ffccf9eb5471297e208d202495ffe [term 1 FOLLOWER]: Starting election with config: opid_index: -1 peers { permanent_uuid: "ee4ffccf9eb5471297e208d202495ffe" member_type: VOTER last_known_addr { host: "127.42.236.1" port: 57816 } } peers { permanent_uuid: "3b2a62766e5449f9ae2697a9113d09fb" member_type: VOTER last_known_addr { host: "127.42.236.2" port: 60090 } } peers { permanent_uuid: "bcc77f1560a949c6b130d6b3c67653be" member_type: VOTER last_known_addr { host: "127.42.236.0" port: 42768 } }
I0720 00:35:47.811573 12021 catalog_manager.cc:1856] TS bcc77f1560a949c6b130d6b3c67653be does not have the latest schema for tablet 012cb2e3fa664bc6be77fb45b81fffc0 (table test-table [id=2a30b8d6c8764cdc9573a60ac5f96269]). Expected version 11 got 0
I0720 00:35:47.811772 12523 raft_consensus_state.cc:534] T 012cb2e3fa664bc6be77fb45b81fffc0 P 3b2a62766e5449f9ae2697a9113d09fb [term 1 LEADER]: Advanced the committed_index across terms. Last committed operation was: term: 0 index: 0 New committed index is: term: 1 index: 2
I0720 00:35:47.811856 12444 tablet.cc:824] T 012cb2e3fa664bc6be77fb45b81fffc0 Alter schema from Schema [ 10:key[int32 NOT NULL] ] version 0 to Schema [ 10:key[int32 NOT NULL] ] version 11
I0720 00:35:47.812144 12513 leader_election.cc:223] T 012cb2e3fa664bc6be77fb45b81fffc0 P ee4ffccf9eb5471297e208d202495ffe [CANDIDATE]: Term 1 election: Requesting vote from peer 3b2a62766e5449f9ae2697a9113d09fb
I0720 00:35:47.812203 12513 leader_election.cc:223] T 012cb2e3fa664bc6be77fb45b81fffc0 P ee4ffccf9eb5471297e208d202495ffe [CANDIDATE]: Term 1 election: Requesting vote from peer bcc77f1560a949c6b130d6b3c67653be
I0720 00:35:47.812410 12221 raft_consensus.cc:869] T 012cb2e3fa664bc6be77fb45b81fffc0 P ee4ffccf9eb5471297e208d202495ffe [term 1 FOLLOWER]: Refusing update from remote peer 3b2a62766e5449f9ae2697a9113d09fb: Log matching property violated. Preceding OpId in replica: term: 0 index: 0. Preceding OpId from leader: term: 1 index: 2. (index mismatch)
I0720 00:35:47.812769 12487 consensus_queue.cc:578] T 012cb2e3fa664bc6be77fb45b81fffc0 P 3b2a62766e5449f9ae2697a9113d09fb [LEADER]: Connected to new peer: Peer: ee4ffccf9eb5471297e208d202495ffe, Is new: false, Last received: 0.0, Next index: 1, Last known committed idx: 0, Last exchange result: ERROR, Needs remote bootstrap: false
I0720 00:35:47.813076 12454 tablet.cc:824] T 012cb2e3fa664bc6be77fb45b81fffc0 Alter schema from Schema [ 10:key[int32 NOT NULL] ] version 0 to Schema [ 10:key[int32 NOT NULL] ] version 11
I0720 00:35:47.813278 11697 raft_consensus.cc:1654] T 012cb2e3fa664bc6be77fb45b81fffc0 P 3b2a62766e5449f9ae2697a9113d09fb [term 1 LEADER]: Leader election vote request: Denying vote to candidate ee4ffccf9eb5471297e208d202495ffe for term 1 because replica is already servicing an update from a current leader or another vote.
I0720 00:35:47.813328 11943 raft_consensus.cc:1654] T 012cb2e3fa664bc6be77fb45b81fffc0 P bcc77f1560a949c6b130d6b3c67653be [term 1 FOLLOWER]: Leader election vote request: Denying vote to candidate ee4ffccf9eb5471297e208d202495ffe for term 1 because replica is already servicing an update from a current leader or another vote.
I0720 00:35:47.813516 12154 leader_election.cc:361] T 012cb2e3fa664bc6be77fb45b81fffc0 P ee4ffccf9eb5471297e208d202495ffe [CANDIDATE]: Term 1 election: Vote denied by peer 3b2a62766e5449f9ae2697a9113d09fb. Message: Service unavailable: T 012cb2e3fa664bc6be77fb45b81fffc0 P 3b2a62766e5449f9ae2697a9113d09fb [term 1 LEADER]: Leader election vote request: Denying vote to candidate ee4ffccf9eb5471297e208d202495ffe for term 1 because replica is already servicing an update from a current leader or another vote.
I0720 00:35:47.813577 12155 leader_election.cc:361] T 012cb2e3fa664bc6be77fb45b81fffc0 P ee4ffccf9eb5471297e208d202495ffe [CANDIDATE]: Term 1 election: Vote denied by peer bcc77f1560a949c6b130d6b3c67653be. Message: Service unavailable: T 012cb2e3fa664bc6be77fb45b81fffc0 P bcc77f1560a949c6b130d6b3c67653be [term 1 FOLLOWER]: Leader election vote request: Denying vote to candidate ee4ffccf9eb5471297e208d202495ffe for term 1 because replica is already servicing an update from a current leader or another vote.
I0720 00:35:47.813598 12155 leader_election.cc:248] T 012cb2e3fa664bc6be77fb45b81fffc0 P ee4ffccf9eb5471297e208d202495ffe [CANDIDATE]: Term 1 election: Election decided. Result: candidate lost.
I0720 00:35:47.814339 12021 catalog_manager.cc:1856] TS bcc77f1560a949c6b130d6b3c67653be does not have the latest schema for tablet 304f195d847441e5a3daabaa3158a7fa (table test-table [id=2a30b8d6c8764cdc9573a60ac5f96269]). Expected version 11 got 0
W0720 00:35:47.815485 12021 catalog_manager.cc:2160] Unable to reset TS proxy: Not found: No leader found: Tablet 304f195d847441e5a3daabaa3158a7fa consensus state has no leader
W0720 00:35:47.815528 12021 catalog_manager.cc:2770] Failed to send alter table request: Not found: Failed to reset TS proxy: No leader found: Tablet 304f195d847441e5a3daabaa3158a7fa consensus state has no leader
I0720 00:35:47.815670 12021 catalog_manager.cc:1856] TS bcc77f1560a949c6b130d6b3c67653be does not have the latest schema for tablet 5283371ecd56452fbd2f2519ee898d44 (table test-table [id=2a30b8d6c8764cdc9573a60ac5f96269]). Expected version 11 got 0
I0720 00:35:47.816802 12366 tablet.cc:824] T 012cb2e3fa664bc6be77fb45b81fffc0 Alter schema from Schema [ 10:key[int32 NOT NULL] ] version 0 to Schema [ 10:key[int32 NOT NULL] ] version 11
I0720 00:35:47.816814 12440 tablet.cc:819] T 012cb2e3fa664bc6be77fb45b81fffc0 Already running schema version 11 got alter request for version 11
I0720 00:35:47.816946 12515 raft_consensus.cc:1970] T 012cb2e3fa664bc6be77fb45b81fffc0 P ee4ffccf9eb5471297e208d202495ffe [term 1 FOLLOWER]: Snoozing failure detection for election timeout plus an additional 1.500s
I0720 00:35:47.816989 12515 raft_consensus.cc:1821] T 012cb2e3fa664bc6be77fb45b81fffc0 P ee4ffccf9eb5471297e208d202495ffe [term 1 FOLLOWER]: Leader election lost for term 1. Reason: None given
W0720 00:35:47.817608 12021 catalog_manager.cc:2160] Unable to reset TS proxy: Not found: No leader found: Tablet 5283371ecd56452fbd2f2519ee898d44 consensus state has no leader
W0720 00:35:47.817631 12021 catalog_manager.cc:2770] Failed to send alter table request: Not found: Failed to reset TS proxy: No leader found: Tablet 5283371ecd56452fbd2f2519ee898d44 consensus state has no leader
I0720 00:35:47.818402 12293 tablet.cc:819] T 012cb2e3fa664bc6be77fb45b81fffc0 Already running schema version 11 got alter request for version 11
I0720 00:35:47.819481 12455 tablet.cc:819] T 012cb2e3fa664bc6be77fb45b81fffc0 Already running schema version 11 got alter request for version 11
I0720 00:35:47.819807 12023 catalog_manager.cc:1856] TS ee4ffccf9eb5471297e208d202495ffe does not have the latest schema for tablet 012cb2e3fa664bc6be77fb45b81fffc0 (table test-table [id=2a30b8d6c8764cdc9573a60ac5f96269]). Expected version 11 got 0
I0720 00:35:48.041163 12484 raft_consensus.cc:370] T 304f195d847441e5a3daabaa3158a7fa P ee4ffccf9eb5471297e208d202495ffe [term 0 FOLLOWER]: No leader contacted us within the election timeout. Triggering leader election
I0720 00:35:48.041210 12484 raft_consensus.cc:2019] T 304f195d847441e5a3daabaa3158a7fa P ee4ffccf9eb5471297e208d202495ffe [term 0 FOLLOWER]: Advancing to term 1
I0720 00:35:48.041975 12484 raft_consensus.cc:1970] T 304f195d847441e5a3daabaa3158a7fa P ee4ffccf9eb5471297e208d202495ffe [term 1 FOLLOWER]: Snoozing failure detection for election timeout plus an additional 1.529s
I0720 00:35:48.042068 12484 raft_consensus.cc:386] T 304f195d847441e5a3daabaa3158a7fa P ee4ffccf9eb5471297e208d202495ffe [term 1 FOLLOWER]: Starting election with config: opid_index: -1 peers { permanent_uuid: "ee4ffccf9eb5471297e208d202495ffe" member_type: VOTER last_known_addr { host: "127.42.236.1" port: 57816 } } peers { permanent_uuid: "3b2a62766e5449f9ae2697a9113d09fb" member_type: VOTER last_known_addr { host: "127.42.236.2" port: 60090 } } peers { permanent_uuid: "bcc77f1560a949c6b130d6b3c67653be" member_type: VOTER last_known_addr { host: "127.42.236.0" port: 42768 } }
I0720 00:35:48.042904 12484 leader_election.cc:223] T 304f195d847441e5a3daabaa3158a7fa P ee4ffccf9eb5471297e208d202495ffe [CANDIDATE]: Term 1 election: Requesting vote from peer 3b2a62766e5449f9ae2697a9113d09fb
I0720 00:35:48.043022 12484 leader_election.cc:223] T 304f195d847441e5a3daabaa3158a7fa P ee4ffccf9eb5471297e208d202495ffe [CANDIDATE]: Term 1 election: Requesting vote from peer bcc77f1560a949c6b130d6b3c67653be
I0720 00:35:48.043516 11697 raft_consensus.cc:2019] T 304f195d847441e5a3daabaa3158a7fa P 3b2a62766e5449f9ae2697a9113d09fb [term 0 FOLLOWER]: Advancing to term 1
I0720 00:35:48.043537 11943 raft_consensus.cc:2019] T 304f195d847441e5a3daabaa3158a7fa P bcc77f1560a949c6b130d6b3c67653be [term 0 FOLLOWER]: Advancing to term 1
I0720 00:35:48.043997 11697 raft_consensus.cc:1970] T 304f195d847441e5a3daabaa3158a7fa P 3b2a62766e5449f9ae2697a9113d09fb [term 1 FOLLOWER]: Snoozing failure detection for election timeout plus an additional 1.510s
I0720 00:35:48.044014 11943 raft_consensus.cc:1970] T 304f195d847441e5a3daabaa3158a7fa P bcc77f1560a949c6b130d6b3c67653be [term 1 FOLLOWER]: Snoozing failure detection for election timeout plus an additional 1.526s
I0720 00:35:48.044570 11943 raft_consensus.cc:1677] T 304f195d847441e5a3daabaa3158a7fa P bcc77f1560a949c6b130d6b3c67653be [term 1 FOLLOWER]: Leader election vote request: Granting yes vote for candidate ee4ffccf9eb5471297e208d202495ffe in term 1.
I0720 00:35:48.044576 11697 raft_consensus.cc:1677] T 304f195d847441e5a3daabaa3158a7fa P 3b2a62766e5449f9ae2697a9113d09fb [term 1 FOLLOWER]: Leader election vote request: Granting yes vote for candidate ee4ffccf9eb5471297e208d202495ffe in term 1.
I0720 00:35:48.044806 12154 leader_election.cc:347] T 304f195d847441e5a3daabaa3158a7fa P ee4ffccf9eb5471297e208d202495ffe [CANDIDATE]: Term 1 election: Vote granted by peer 3b2a62766e5449f9ae2697a9113d09fb
I0720 00:35:48.044841 12154 leader_election.cc:248] T 304f195d847441e5a3daabaa3158a7fa P ee4ffccf9eb5471297e208d202495ffe [CANDIDATE]: Term 1 election: Election decided. Result: candidate won.
I0720 00:35:48.044908 12155 leader_election.cc:347] T 304f195d847441e5a3daabaa3158a7fa P ee4ffccf9eb5471297e208d202495ffe [CANDIDATE]: Term 1 election: Vote granted by peer bcc77f1560a949c6b130d6b3c67653be
I0720 00:35:48.045044 12486 raft_consensus.cc:1970] T 304f195d847441e5a3daabaa3158a7fa P ee4ffccf9eb5471297e208d202495ffe [term 1 FOLLOWER]: Snoozing failure detection for election timeout plus an additional 1.517s
I0720 00:35:48.045084 12486 raft_consensus.cc:1859] T 304f195d847441e5a3daabaa3158a7fa P ee4ffccf9eb5471297e208d202495ffe [term 1 FOLLOWER]: Leader election won for term 1
I0720 00:35:48.045425 12486 raft_consensus.cc:464] T 304f195d847441e5a3daabaa3158a7fa P ee4ffccf9eb5471297e208d202495ffe [term 1 LEADER]: Becoming Leader. State: Replica: ee4ffccf9eb5471297e208d202495ffe, State: 1, Role: LEADER Watermarks: {Received: term: 0 index: 0 Committed: term: 0 index: 0}
I0720 00:35:48.045533 12486 consensus_queue.cc:145] T 304f195d847441e5a3daabaa3158a7fa P ee4ffccf9eb5471297e208d202495ffe [LEADER]: Queue going to LEADER mode. State: All replicated op: 0.0, Majority replicated op: 0.0, Committed index: 0.0, Last appended: 0.0, Current term: 1, Majority size: 2, State: 1, Mode: LEADER, active raft config: opid_index: -1 peers { permanent_uuid: "ee4ffccf9eb5471297e208d202495ffe" member_type: VOTER last_known_addr { host: "127.42.236.1" port: 57816 } } peers { permanent_uuid: "3b2a62766e5449f9ae2697a9113d09fb" member_type: VOTER last_known_addr { host: "127.42.236.2" port: 60090 } } peers { permanent_uuid: "bcc77f1560a949c6b130d6b3c67653be" member_type: VOTER last_known_addr { host: "127.42.236.0" port: 42768 } }
W0720 00:35:48.047274 12538 raft_consensus_state.cc:541] T 304f195d847441e5a3daabaa3158a7fa P ee4ffccf9eb5471297e208d202495ffe [term 1 LEADER]: Can't advance the committed index across term boundaries until operations from the current term are replicated. Last committed operation was: term: 0 index: 0, New majority replicated is: term: 0 index: 0, Current term is: 1
I0720 00:35:48.047287 12023 catalog_manager.cc:1856] TS ee4ffccf9eb5471297e208d202495ffe does not have the latest schema for tablet 304f195d847441e5a3daabaa3158a7fa (table test-table [id=2a30b8d6c8764cdc9573a60ac5f96269]). Expected version 11 got 0
I0720 00:35:48.047396 12023 catalog_manager.cc:1957] Tablet: 304f195d847441e5a3daabaa3158a7fa reported consensus state change. New consensus state: current_term: 1 leader_uuid: "ee4ffccf9eb5471297e208d202495ffe" config { opid_index: -1 peers { permanent_uuid: "ee4ffccf9eb5471297e208d202495ffe" member_type: VOTER last_known_addr { host: "127.42.236.1" port: 57816 } } peers { permanent_uuid: "3b2a62766e5449f9ae2697a9113d09fb" member_type: VOTER last_known_addr { host: "127.42.236.2" port: 60090 } } peers { permanent_uuid: "bcc77f1560a949c6b130d6b3c67653be" member_type: VOTER last_known_addr { host: "127.42.236.0" port: 42768 } } }
I0720 00:35:48.051167 11697 raft_consensus.cc:869] T 304f195d847441e5a3daabaa3158a7fa P 3b2a62766e5449f9ae2697a9113d09fb [term 1 FOLLOWER]: Refusing update from remote peer ee4ffccf9eb5471297e208d202495ffe: Log matching property violated. Preceding OpId in replica: term: 0 index: 0. Preceding OpId from leader: term: 1 index: 2. (index mismatch)
I0720 00:35:48.051211 11943 raft_consensus.cc:869] T 304f195d847441e5a3daabaa3158a7fa P bcc77f1560a949c6b130d6b3c67653be [term 1 FOLLOWER]: Refusing update from remote peer ee4ffccf9eb5471297e208d202495ffe: Log matching property violated. Preceding OpId in replica: term: 0 index: 0. Preceding OpId from leader: term: 1 index: 2. (index mismatch)
I0720 00:35:48.051571 12535 consensus_queue.cc:578] T 304f195d847441e5a3daabaa3158a7fa P ee4ffccf9eb5471297e208d202495ffe [LEADER]: Connected to new peer: Peer: 3b2a62766e5449f9ae2697a9113d09fb, Is new: false, Last received: 0.0, Next index: 1, Last known committed idx: 0, Last exchange result: ERROR, Needs remote bootstrap: false
I0720 00:35:48.051616 12486 consensus_queue.cc:578] T 304f195d847441e5a3daabaa3158a7fa P ee4ffccf9eb5471297e208d202495ffe [LEADER]: Connected to new peer: Peer: bcc77f1560a949c6b130d6b3c67653be, Is new: false, Last received: 0.0, Next index: 1, Last known committed idx: 0, Last exchange result: ERROR, Needs remote bootstrap: false
I0720 00:35:48.053998 12538 raft_consensus_state.cc:534] T 304f195d847441e5a3daabaa3158a7fa P ee4ffccf9eb5471297e208d202495ffe [term 1 LEADER]: Advanced the committed_index across terms. Last committed operation was: term: 0 index: 0 New committed index is: term: 1 index: 2
I0720 00:35:48.054208 12297 tablet.cc:824] T 304f195d847441e5a3daabaa3158a7fa Alter schema from Schema [ 10:key[int32 NOT NULL] ] version 0 to Schema [ 10:key[int32 NOT NULL] ] version 11
I0720 00:35:48.055271 12368 tablet.cc:824] T 304f195d847441e5a3daabaa3158a7fa Alter schema from Schema [ 10:key[int32 NOT NULL] ] version 0 to Schema [ 10:key[int32 NOT NULL] ] version 11
I0720 00:35:48.055795 12023 catalog_manager.cc:1856] TS bcc77f1560a949c6b130d6b3c67653be does not have the latest schema for tablet 304f195d847441e5a3daabaa3158a7fa (table test-table [id=2a30b8d6c8764cdc9573a60ac5f96269]). Expected version 11 got 0
I0720 00:35:48.057199 12365 tablet.cc:824] T 304f195d847441e5a3daabaa3158a7fa Alter schema from Schema [ 10:key[int32 NOT NULL] ] version 0 to Schema [ 10:key[int32 NOT NULL] ] version 11
I0720 00:35:48.057721 12021 catalog_manager.cc:1856] TS 3b2a62766e5449f9ae2697a9113d09fb does not have the latest schema for tablet 304f195d847441e5a3daabaa3158a7fa (table test-table [id=2a30b8d6c8764cdc9573a60ac5f96269]). Expected version 11 got 0
I0720 00:35:48.217919 12494 raft_consensus.cc:370] T fb14d4878a6441df8d5ab1d6802492fb P 3b2a62766e5449f9ae2697a9113d09fb [term 0 FOLLOWER]: No leader contacted us within the election timeout. Triggering leader election
I0720 00:35:48.217952 12494 raft_consensus.cc:2019] T fb14d4878a6441df8d5ab1d6802492fb P 3b2a62766e5449f9ae2697a9113d09fb [term 0 FOLLOWER]: Advancing to term 1
I0720 00:35:48.218534 12494 raft_consensus.cc:1970] T fb14d4878a6441df8d5ab1d6802492fb P 3b2a62766e5449f9ae2697a9113d09fb [term 1 FOLLOWER]: Snoozing failure detection for election timeout plus an additional 1.644s
I0720 00:35:48.218611 12494 raft_consensus.cc:386] T fb14d4878a6441df8d5ab1d6802492fb P 3b2a62766e5449f9ae2697a9113d09fb [term 1 FOLLOWER]: Starting election with config: opid_index: -1 peers { permanent_uuid: "3b2a62766e5449f9ae2697a9113d09fb" member_type: VOTER last_known_addr { host: "127.42.236.2" port: 60090 } } peers { permanent_uuid: "ee4ffccf9eb5471297e208d202495ffe" member_type: VOTER last_known_addr { host: "127.42.236.1" port: 57816 } } peers { permanent_uuid: "bcc77f1560a949c6b130d6b3c67653be" member_type: VOTER last_known_addr { host: "127.42.236.0" port: 42768 } }
I0720 00:35:48.219477 12494 leader_election.cc:223] T fb14d4878a6441df8d5ab1d6802492fb P 3b2a62766e5449f9ae2697a9113d09fb [CANDIDATE]: Term 1 election: Requesting vote from peer ee4ffccf9eb5471297e208d202495ffe
I0720 00:35:48.219595 12494 leader_election.cc:223] T fb14d4878a6441df8d5ab1d6802492fb P 3b2a62766e5449f9ae2697a9113d09fb [CANDIDATE]: Term 1 election: Requesting vote from peer bcc77f1560a949c6b130d6b3c67653be
I0720 00:35:48.220043 12221 raft_consensus.cc:2019] T fb14d4878a6441df8d5ab1d6802492fb P ee4ffccf9eb5471297e208d202495ffe [term 0 FOLLOWER]: Advancing to term 1
I0720 00:35:48.220042 11943 raft_consensus.cc:2019] T fb14d4878a6441df8d5ab1d6802492fb P bcc77f1560a949c6b130d6b3c67653be [term 0 FOLLOWER]: Advancing to term 1
I0720 00:35:48.220629 12221 raft_consensus.cc:1970] T fb14d4878a6441df8d5ab1d6802492fb P ee4ffccf9eb5471297e208d202495ffe [term 1 FOLLOWER]: Snoozing failure detection for election timeout plus an additional 1.625s
I0720 00:35:48.220629 11943 raft_consensus.cc:1970] T fb14d4878a6441df8d5ab1d6802492fb P bcc77f1560a949c6b130d6b3c67653be [term 1 FOLLOWER]: Snoozing failure detection for election timeout plus an additional 1.524s
I0720 00:35:48.221334 12221 raft_consensus.cc:1677] T fb14d4878a6441df8d5ab1d6802492fb P ee4ffccf9eb5471297e208d202495ffe [term 1 FOLLOWER]: Leader election vote request: Granting yes vote for candidate 3b2a62766e5449f9ae2697a9113d09fb in term 1.
I0720 00:35:48.221334 11943 raft_consensus.cc:1677] T fb14d4878a6441df8d5ab1d6802492fb P bcc77f1560a949c6b130d6b3c67653be [term 1 FOLLOWER]: Leader election vote request: Granting yes vote for candidate 3b2a62766e5449f9ae2697a9113d09fb in term 1.
I0720 00:35:48.221585 11634 leader_election.cc:347] T fb14d4878a6441df8d5ab1d6802492fb P 3b2a62766e5449f9ae2697a9113d09fb [CANDIDATE]: Term 1 election: Vote granted by peer ee4ffccf9eb5471297e208d202495ffe
I0720 00:35:48.221652 11634 leader_election.cc:248] T fb14d4878a6441df8d5ab1d6802492fb P 3b2a62766e5449f9ae2697a9113d09fb [CANDIDATE]: Term 1 election: Election decided. Result: candidate won.
I0720 00:35:48.221680 11633 leader_election.cc:347] T fb14d4878a6441df8d5ab1d6802492fb P 3b2a62766e5449f9ae2697a9113d09fb [CANDIDATE]: Term 1 election: Vote granted by peer bcc77f1560a949c6b130d6b3c67653be
I0720 00:35:48.221820 12495 raft_consensus.cc:1970] T fb14d4878a6441df8d5ab1d6802492fb P 3b2a62766e5449f9ae2697a9113d09fb [term 1 FOLLOWER]: Snoozing failure detection for election timeout plus an additional 1.643s
I0720 00:35:48.221856 12495 raft_consensus.cc:1859] T fb14d4878a6441df8d5ab1d6802492fb P 3b2a62766e5449f9ae2697a9113d09fb [term 1 FOLLOWER]: Leader election won for term 1
I0720 00:35:48.222162 12495 raft_consensus.cc:464] T fb14d4878a6441df8d5ab1d6802492fb P 3b2a62766e5449f9ae2697a9113d09fb [term 1 LEADER]: Becoming Leader. State: Replica: 3b2a62766e5449f9ae2697a9113d09fb, State: 1, Role: LEADER Watermarks: {Received: term: 0 index: 0 Committed: term: 0 index: 0}
I0720 00:35:48.222265 12495 consensus_queue.cc:145] T fb14d4878a6441df8d5ab1d6802492fb P 3b2a62766e5449f9ae2697a9113d09fb [LEADER]: Queue going to LEADER mode. State: All replicated op: 0.0, Majority replicated op: 0.0, Committed index: 0.0, Last appended: 0.0, Current term: 1, Majority size: 2, State: 1, Mode: LEADER, active raft config: opid_index: -1 peers { permanent_uuid: "3b2a62766e5449f9ae2697a9113d09fb" member_type: VOTER last_known_addr { host: "127.42.236.2" port: 60090 } } peers { permanent_uuid: "ee4ffccf9eb5471297e208d202495ffe" member_type: VOTER last_known_addr { host: "127.42.236.1" port: 57816 } } peers { permanent_uuid: "bcc77f1560a949c6b130d6b3c67653be" member_type: VOTER last_known_addr { host: "127.42.236.0" port: 42768 } }
I0720 00:35:48.223912 12021 catalog_manager.cc:1856] TS 3b2a62766e5449f9ae2697a9113d09fb does not have the latest schema for tablet fb14d4878a6441df8d5ab1d6802492fb (table test-table [id=2a30b8d6c8764cdc9573a60ac5f96269]). Expected version 11 got 0
I0720 00:35:48.224006 12021 catalog_manager.cc:1957] Tablet: fb14d4878a6441df8d5ab1d6802492fb reported consensus state change. New consensus state: current_term: 1 leader_uuid: "3b2a62766e5449f9ae2697a9113d09fb" config { opid_index: -1 peers { permanent_uuid: "3b2a62766e5449f9ae2697a9113d09fb" member_type: VOTER last_known_addr { host: "127.42.236.2" port: 60090 } } peers { permanent_uuid: "ee4ffccf9eb5471297e208d202495ffe" member_type: VOTER last_known_addr { host: "127.42.236.1" port: 57816 } } peers { permanent_uuid: "bcc77f1560a949c6b130d6b3c67653be" member_type: VOTER last_known_addr { host: "127.42.236.0" port: 42768 } } }
I0720 00:35:48.227676 11943 raft_consensus.cc:869] T fb14d4878a6441df8d5ab1d6802492fb P bcc77f1560a949c6b130d6b3c67653be [term 1 FOLLOWER]: Refusing update from remote peer 3b2a62766e5449f9ae2697a9113d09fb: Log matching property violated. Preceding OpId in replica: term: 0 index: 0. Preceding OpId from leader: term: 1 index: 2. (index mismatch)
I0720 00:35:48.227725 12221 raft_consensus.cc:869] T fb14d4878a6441df8d5ab1d6802492fb P ee4ffccf9eb5471297e208d202495ffe [term 1 FOLLOWER]: Refusing update from remote peer 3b2a62766e5449f9ae2697a9113d09fb: Log matching property violated. Preceding OpId in replica: term: 0 index: 0. Preceding OpId from leader: term: 1 index: 2. (index mismatch)
I0720 00:35:48.228070 12495 consensus_queue.cc:578] T fb14d4878a6441df8d5ab1d6802492fb P 3b2a62766e5449f9ae2697a9113d09fb [LEADER]: Connected to new peer: Peer: bcc77f1560a949c6b130d6b3c67653be, Is new: false, Last received: 0.0, Next index: 1, Last known committed idx: 0, Last exchange result: ERROR, Needs remote bootstrap: false
I0720 00:35:48.228116 12542 consensus_queue.cc:578] T fb14d4878a6441df8d5ab1d6802492fb P 3b2a62766e5449f9ae2697a9113d09fb [LEADER]: Connected to new peer: Peer: ee4ffccf9eb5471297e208d202495ffe, Is new: false, Last received: 0.0, Next index: 1, Last known committed idx: 0, Last exchange result: ERROR, Needs remote bootstrap: false
I0720 00:35:48.230013 12021 catalog_manager.cc:1856] TS ee4ffccf9eb5471297e208d202495ffe does not have the latest schema for tablet fb14d4878a6441df8d5ab1d6802492fb (table test-table [id=2a30b8d6c8764cdc9573a60ac5f96269]). Expected version 11 got 0
I0720 00:35:48.230487 12545 raft_consensus_state.cc:534] T fb14d4878a6441df8d5ab1d6802492fb P 3b2a62766e5449f9ae2697a9113d09fb [term 1 LEADER]: Advanced the committed_index across terms. Last committed operation was: term: 0 index: 0 New committed index is: term: 1 index: 2
I0720 00:35:48.230669 12444 tablet.cc:824] T fb14d4878a6441df8d5ab1d6802492fb Alter schema from Schema [ 10:key[int32 NOT NULL] ] version 0 to Schema [ 10:key[int32 NOT NULL] ] version 11
I0720 00:35:48.232009 12023 catalog_manager.cc:1856] TS bcc77f1560a949c6b130d6b3c67653be does not have the latest schema for tablet fb14d4878a6441df8d5ab1d6802492fb (table test-table [id=2a30b8d6c8764cdc9573a60ac5f96269]). Expected version 11 got 0
I0720 00:35:48.232087 12366 tablet.cc:824] T fb14d4878a6441df8d5ab1d6802492fb Alter schema from Schema [ 10:key[int32 NOT NULL] ] version 0 to Schema [ 10:key[int32 NOT NULL] ] version 11
I0720 00:35:48.235309 12445 tablet.cc:824] T fb14d4878a6441df8d5ab1d6802492fb Alter schema from Schema [ 10:key[int32 NOT NULL] ] version 0 to Schema [ 10:key[int32 NOT NULL] ] version 11
I0720 00:35:48.313922 12518 raft_consensus.cc:370] T 5283371ecd56452fbd2f2519ee898d44 P 3b2a62766e5449f9ae2697a9113d09fb [term 0 FOLLOWER]: No leader contacted us within the election timeout. Triggering leader election
I0720 00:35:48.313949 12518 raft_consensus.cc:2019] T 5283371ecd56452fbd2f2519ee898d44 P 3b2a62766e5449f9ae2697a9113d09fb [term 0 FOLLOWER]: Advancing to term 1
I0720 00:35:48.314455 12518 raft_consensus.cc:1970] T 5283371ecd56452fbd2f2519ee898d44 P 3b2a62766e5449f9ae2697a9113d09fb [term 1 FOLLOWER]: Snoozing failure detection for election timeout plus an additional 1.607s
I0720 00:35:48.314548 12518 raft_consensus.cc:386] T 5283371ecd56452fbd2f2519ee898d44 P 3b2a62766e5449f9ae2697a9113d09fb [term 1 FOLLOWER]: Starting election with config: opid_index: -1 peers { permanent_uuid: "ee4ffccf9eb5471297e208d202495ffe" member_type: VOTER last_known_addr { host: "127.42.236.1" port: 57816 } } peers { permanent_uuid: "3b2a62766e5449f9ae2697a9113d09fb" member_type: VOTER last_known_addr { host: "127.42.236.2" port: 60090 } } peers { permanent_uuid: "bcc77f1560a949c6b130d6b3c67653be" member_type: VOTER last_known_addr { host: "127.42.236.0" port: 42768 } }
I0720 00:35:48.315366 12518 leader_election.cc:223] T 5283371ecd56452fbd2f2519ee898d44 P 3b2a62766e5449f9ae2697a9113d09fb [CANDIDATE]: Term 1 election: Requesting vote from peer ee4ffccf9eb5471297e208d202495ffe
I0720 00:35:48.315505 12518 leader_election.cc:223] T 5283371ecd56452fbd2f2519ee898d44 P 3b2a62766e5449f9ae2697a9113d09fb [CANDIDATE]: Term 1 election: Requesting vote from peer bcc77f1560a949c6b130d6b3c67653be
I0720 00:35:48.315812 12221 raft_consensus.cc:2019] T 5283371ecd56452fbd2f2519ee898d44 P ee4ffccf9eb5471297e208d202495ffe [term 0 FOLLOWER]: Advancing to term 1
I0720 00:35:48.316038 11943 raft_consensus.cc:2019] T 5283371ecd56452fbd2f2519ee898d44 P bcc77f1560a949c6b130d6b3c67653be [term 0 FOLLOWER]: Advancing to term 1
I0720 00:35:48.316345 12221 raft_consensus.cc:1970] T 5283371ecd56452fbd2f2519ee898d44 P ee4ffccf9eb5471297e208d202495ffe [term 1 FOLLOWER]: Snoozing failure detection for election timeout plus an additional 1.537s
I0720 00:35:48.316627 11943 raft_consensus.cc:1970] T 5283371ecd56452fbd2f2519ee898d44 P bcc77f1560a949c6b130d6b3c67653be [term 1 FOLLOWER]: Snoozing failure detection for election timeout plus an additional 1.544s
I0720 00:35:48.316853 12221 raft_consensus.cc:1677] T 5283371ecd56452fbd2f2519ee898d44 P ee4ffccf9eb5471297e208d202495ffe [term 1 FOLLOWER]: Leader election vote request: Granting yes vote for candidate 3b2a62766e5449f9ae2697a9113d09fb in term 1.
I0720 00:35:48.317055 11634 leader_election.cc:347] T 5283371ecd56452fbd2f2519ee898d44 P 3b2a62766e5449f9ae2697a9113d09fb [CANDIDATE]: Term 1 election: Vote granted by peer ee4ffccf9eb5471297e208d202495ffe
I0720 00:35:48.317091 11634 leader_election.cc:248] T 5283371ecd56452fbd2f2519ee898d44 P 3b2a62766e5449f9ae2697a9113d09fb [CANDIDATE]: Term 1 election: Election decided. Result: candidate won.
I0720 00:35:48.317276 11943 raft_consensus.cc:1677] T 5283371ecd56452fbd2f2519ee898d44 P bcc77f1560a949c6b130d6b3c67653be [term 1 FOLLOWER]: Leader election vote request: Granting yes vote for candidate 3b2a62766e5449f9ae2697a9113d09fb in term 1.
I0720 00:35:48.317461 11633 leader_election.cc:347] T 5283371ecd56452fbd2f2519ee898d44 P 3b2a62766e5449f9ae2697a9113d09fb [CANDIDATE]: Term 1 election: Vote granted by peer bcc77f1560a949c6b130d6b3c67653be
I0720 00:35:48.317520 12549 raft_consensus.cc:1970] T 5283371ecd56452fbd2f2519ee898d44 P 3b2a62766e5449f9ae2697a9113d09fb [term 1 FOLLOWER]: Snoozing failure detection for election timeout plus an additional 1.629s
I0720 00:35:48.317555 12549 raft_consensus.cc:1859] T 5283371ecd56452fbd2f2519ee898d44 P 3b2a62766e5449f9ae2697a9113d09fb [term 1 FOLLOWER]: Leader election won for term 1
I0720 00:35:48.317864 12549 raft_consensus.cc:464] T 5283371ecd56452fbd2f2519ee898d44 P 3b2a62766e5449f9ae2697a9113d09fb [term 1 LEADER]: Becoming Leader. State: Replica: 3b2a62766e5449f9ae2697a9113d09fb, State: 1, Role: LEADER Watermarks: {Received: term: 0 index: 0 Committed: term: 0 index: 0}
I0720 00:35:48.317967 12549 consensus_queue.cc:145] T 5283371ecd56452fbd2f2519ee898d44 P 3b2a62766e5449f9ae2697a9113d09fb [LEADER]: Queue going to LEADER mode. State: All replicated op: 0.0, Majority replicated op: 0.0, Committed index: 0.0, Last appended: 0.0, Current term: 1, Majority size: 2, State: 1, Mode: LEADER, active raft config: opid_index: -1 peers { permanent_uuid: "ee4ffccf9eb5471297e208d202495ffe" member_type: VOTER last_known_addr { host: "127.42.236.1" port: 57816 } } peers { permanent_uuid: "3b2a62766e5449f9ae2697a9113d09fb" member_type: VOTER last_known_addr { host: "127.42.236.2" port: 60090 } } peers { permanent_uuid: "bcc77f1560a949c6b130d6b3c67653be" member_type: VOTER last_known_addr { host: "127.42.236.0" port: 42768 } }
I0720 00:35:48.319571 12021 catalog_manager.cc:1856] TS 3b2a62766e5449f9ae2697a9113d09fb does not have the latest schema for tablet 5283371ecd56452fbd2f2519ee898d44 (table test-table [id=2a30b8d6c8764cdc9573a60ac5f96269]). Expected version 11 got 0
I0720 00:35:48.319671 12021 catalog_manager.cc:1957] Tablet: 5283371ecd56452fbd2f2519ee898d44 reported consensus state change. New consensus state: current_term: 1 leader_uuid: "3b2a62766e5449f9ae2697a9113d09fb" config { opid_index: -1 peers { permanent_uuid: "ee4ffccf9eb5471297e208d202495ffe" member_type: VOTER last_known_addr { host: "127.42.236.1" port: 57816 } } peers { permanent_uuid: "3b2a62766e5449f9ae2697a9113d09fb" member_type: VOTER last_known_addr { host: "127.42.236.2" port: 60090 } } peers { permanent_uuid: "bcc77f1560a949c6b130d6b3c67653be" member_type: VOTER last_known_addr { host: "127.42.236.0" port: 42768 } } }
I0720 00:35:48.323376 11943 raft_consensus.cc:869] T 5283371ecd56452fbd2f2519ee898d44 P bcc77f1560a949c6b130d6b3c67653be [term 1 FOLLOWER]: Refusing update from remote peer 3b2a62766e5449f9ae2697a9113d09fb: Log matching property violated. Preceding OpId in replica: term: 0 index: 0. Preceding OpId from leader: term: 1 index: 2. (index mismatch)
I0720 00:35:48.323398 12221 raft_consensus.cc:869] T 5283371ecd56452fbd2f2519ee898d44 P ee4ffccf9eb5471297e208d202495ffe [term 1 FOLLOWER]: Refusing update from remote peer 3b2a62766e5449f9ae2697a9113d09fb: Log matching property violated. Preceding OpId in replica: term: 0 index: 0. Preceding OpId from leader: term: 1 index: 2. (index mismatch)
I0720 00:35:48.323771 12550 consensus_queue.cc:578] T 5283371ecd56452fbd2f2519ee898d44 P 3b2a62766e5449f9ae2697a9113d09fb [LEADER]: Connected to new peer: Peer: bcc77f1560a949c6b130d6b3c67653be, Is new: false, Last received: 0.0, Next index: 1, Last known committed idx: 0, Last exchange result: ERROR, Needs remote bootstrap: false
I0720 00:35:48.323922 12549 consensus_queue.cc:578] T 5283371ecd56452fbd2f2519ee898d44 P 3b2a62766e5449f9ae2697a9113d09fb [LEADER]: Connected to new peer: Peer: ee4ffccf9eb5471297e208d202495ffe, Is new: false, Last received: 0.0, Next index: 1, Last known committed idx: 0, Last exchange result: ERROR, Needs remote bootstrap: false
I0720 00:35:48.326416 12553 raft_consensus_state.cc:534] T 5283371ecd56452fbd2f2519ee898d44 P 3b2a62766e5449f9ae2697a9113d09fb [term 1 LEADER]: Advanced the committed_index across terms. Last committed operation was: term: 0 index: 0 New committed index is: term: 1 index: 2
I0720 00:35:48.326486 12021 catalog_manager.cc:1856] TS ee4ffccf9eb5471297e208d202495ffe does not have the latest schema for tablet 5283371ecd56452fbd2f2519ee898d44 (table test-table [id=2a30b8d6c8764cdc9573a60ac5f96269]). Expected version 11 got 0
I0720 00:35:48.326688 12368 tablet.cc:824] T 5283371ecd56452fbd2f2519ee898d44 Alter schema from Schema [ 10:key[int32 NOT NULL] ] version 0 to Schema [ 10:key[int32 NOT NULL] ] version 11
I0720 00:35:48.327556 12297 tablet.cc:824] T 5283371ecd56452fbd2f2519ee898d44 Alter schema from Schema [ 10:key[int32 NOT NULL] ] version 0 to Schema [ 10:key[int32 NOT NULL] ] version 11
I0720 00:35:48.329473 12022 catalog_manager.cc:1856] TS bcc77f1560a949c6b130d6b3c67653be does not have the latest schema for tablet 5283371ecd56452fbd2f2519ee898d44 (table test-table [id=2a30b8d6c8764cdc9573a60ac5f96269]). Expected version 11 got 0
I0720 00:35:48.333827 12023 catalog_manager.cc:2970] test-table [id=2a30b8d6c8764cdc9573a60ac5f96269] - Alter table completed version=11
I0720 00:35:48.379117 12365 tablet.cc:824] T 5283371ecd56452fbd2f2519ee898d44 Alter schema from Schema [ 10:key[int32 NOT NULL] ] version 0 to Schema [ 10:key[int32 NOT NULL] ] version 11
I0720 00:35:48.445354 10988 alter_table-randomized-test.cc:390] Beginning Alterations
I0720 00:35:48.446277 10988 alter_table-randomized-test.cc:455] Adding range partition: [536870904, 603979767) resulting partitions: (134217726, 201326589], (536870904, 603979767], (1073741808, 1140850671], (1140850671, 1207959534], (1811939301, 1879048164)
I0720 00:35:48.446333 10988 alter_table-randomized-test.cc:471] Dropping range partition: [134217726, 201326589) resulting partitions: (536870904, 603979767], (1073741808, 1140850671], (1140850671, 1207959534], (1811939301, 1879048164)
I0720 00:35:48.446351 10988 alter_table-randomized-test.cc:455] Adding range partition: [67108863, 134217726) resulting partitions: (67108863, 134217726], (536870904, 603979767], (1073741808, 1140850671], (1140850671, 1207959534], (1811939301, 1879048164)
I0720 00:35:48.446368 10988 alter_table-randomized-test.cc:455] Adding range partition: [671088630, 738197493) resulting partitions: (67108863, 134217726], (536870904, 603979767], (671088630, 738197493], (1073741808, 1140850671], (1140850671, 1207959534], (1811939301, 1879048164)
I0720 00:35:48.446382 10988 alter_table-randomized-test.cc:455] Adding range partition: [201326589, 268435452) resulting partitions: (67108863, 134217726], (201326589, 268435452], (536870904, 603979767], (671088630, 738197493], (1073741808, 1140850671], (1140850671, 1207959534], (1811939301, 1879048164)
I0720 00:35:48.446394 10988 alter_table-randomized-test.cc:412] Committing Alterations
I0720 00:35:48.446974 12021 catalog_manager.cc:1359] Servicing AlterTable request from {real_user=slave, eff_user=} at 127.0.0.1:46073: table { table_name: "test-table" } alter_schema_steps { type: ADD_RANGE_PARTITION add_range_partition { range_bounds { rows: "\006\001\370\377\377\037\007\001\367\377\377#" } } } alter_schema_steps { type: DROP_RANGE_PARTITION drop_range_partition { range_bounds { rows: "\006\001\376\377\377\007\007\001\375\377\377\013" } } } alter_schema_steps { type: ADD_RANGE_PARTITION add_range_partition { range_bounds { rows: "\006\001\377\377\377\003\007\001\376\377\377\007" } } } alter_schema_steps { type: ADD_RANGE_PARTITION add_range_partition { range_bounds { rows: "\006\001\366\377\377\'\007\001\365\377\377+" } } } alter_schema_steps { type: ADD_RANGE_PARTITION add_range_partition { range_bounds { rows: "\006\001\375\377\377\013\007\001\374\377\377\017" } } } schema { columns { name: "key" type: INT32 is_key: true is_nullable: false encoding: AUTO_ENCODING compression: DEFAULT_COMPRESSION cfile_block_size: 0 } }
W0720 00:35:48.449791 12021 catalog_manager.cc:2160] Unable to reset TS proxy: Not found: No leader found: Tablet f6e9db4a1f1644b4a3b1935d19395232 has no consensus state
W0720 00:35:48.449831 12021 catalog_manager.cc:2770] Failed to send alter table request: Not found: Failed to reset TS proxy: No leader found: Tablet f6e9db4a1f1644b4a3b1935d19395232 has no consensus state
W0720 00:35:48.449872 12021 catalog_manager.cc:2160] Unable to reset TS proxy: Not found: No leader found: Tablet 8e2841309b884bd8a36f7ef18615d201 has no consensus state
W0720 00:35:48.449898 12021 catalog_manager.cc:2770] Failed to send alter table request: Not found: Failed to reset TS proxy: No leader found: Tablet 8e2841309b884bd8a36f7ef18615d201 has no consensus state
W0720 00:35:48.449934 12021 catalog_manager.cc:2160] Unable to reset TS proxy: Not found: No leader found: Tablet c1349da600fe445bbe151b00a41a4e3c has no consensus state
W0720 00:35:48.449954 12021 catalog_manager.cc:2770] Failed to send alter table request: Not found: Failed to reset TS proxy: No leader found: Tablet c1349da600fe445bbe151b00a41a4e3c has no consensus state
W0720 00:35:48.449986 12021 catalog_manager.cc:2160] Unable to reset TS proxy: Not found: No leader found: Tablet 3941d911c89d427eacd1d70afe9fb986 has no consensus state
W0720 00:35:48.450001 12021 catalog_manager.cc:2770] Failed to send alter table request: Not found: Failed to reset TS proxy: No leader found: Tablet 3941d911c89d427eacd1d70afe9fb986 has no consensus state
I0720 00:35:48.450507 12021 catalog_manager.cc:2796] Sending DeleteTablet for 3 replicas of tablet 012cb2e3fa664bc6be77fb45b81fffc0
I0720 00:35:48.450811 12021 catalog_manager.cc:2812] T 00000000000000000000000000000000 P 1045dd375010469d9a77d8d8f93d4562: Deleting tablet 012cb2e3fa664bc6be77fb45b81fffc0 on peer ee4ffccf9eb5471297e208d202495ffe with delete type TABLET_DATA_DELETED (Partition dropped at 2016-07-20 00:35:48 UTC)
I0720 00:35:48.450924 12021 catalog_manager.cc:2812] T 00000000000000000000000000000000 P 1045dd375010469d9a77d8d8f93d4562: Deleting tablet 012cb2e3fa664bc6be77fb45b81fffc0 on peer 3b2a62766e5449f9ae2697a9113d09fb with delete type TABLET_DATA_DELETED (Partition dropped at 2016-07-20 00:35:48 UTC)
I0720 00:35:48.451000 12021 catalog_manager.cc:2812] T 00000000000000000000000000000000 P 1045dd375010469d9a77d8d8f93d4562: Deleting tablet 012cb2e3fa664bc6be77fb45b81fffc0 on peer bcc77f1560a949c6b130d6b3c67653be with delete type TABLET_DATA_DELETED (Partition dropped at 2016-07-20 00:35:48 UTC)
I0720 00:35:48.451334 11675 tablet_service.cc:651] Processing DeleteTablet for tablet 012cb2e3fa664bc6be77fb45b81fffc0 with delete_type TABLET_DATA_DELETED (Partition dropped at 2016-07-20 00:35:48 UTC) from {real_user=slave, eff_user=} at 127.0.0.1:56657
I0720 00:35:48.451380 11923 tablet_service.cc:651] Processing DeleteTablet for tablet 012cb2e3fa664bc6be77fb45b81fffc0 with delete_type TABLET_DATA_DELETED (Partition dropped at 2016-07-20 00:35:48 UTC) from {real_user=slave, eff_user=} at 127.0.0.1:36281
I0720 00:35:48.451387 11675 tablet_peer.cc:214] Initiating TabletPeer shutdown for tablet: 012cb2e3fa664bc6be77fb45b81fffc0
I0720 00:35:48.451421 11923 tablet_peer.cc:214] Initiating TabletPeer shutdown for tablet: 012cb2e3fa664bc6be77fb45b81fffc0
I0720 00:35:48.451467 11675 maintenance_manager.cc:176] Unregistered op CompactRowSetsOp(012cb2e3fa664bc6be77fb45b81fffc0)
I0720 00:35:48.451547 11923 maintenance_manager.cc:176] Unregistered op CompactRowSetsOp(012cb2e3fa664bc6be77fb45b81fffc0)
I0720 00:35:48.451587 11923 maintenance_manager.cc:176] Unregistered op MinorDeltaCompactionOp(012cb2e3fa664bc6be77fb45b81fffc0)
I0720 00:35:48.451632 11923 maintenance_manager.cc:176] Unregistered op MajorDeltaCompactionOp(012cb2e3fa664bc6be77fb45b81fffc0)
I0720 00:35:48.451653 12200 tablet_service.cc:651] Processing DeleteTablet for tablet 012cb2e3fa664bc6be77fb45b81fffc0 with delete_type TABLET_DATA_DELETED (Partition dropped at 2016-07-20 00:35:48 UTC) from {real_user=slave, eff_user=} at 127.0.0.1:60329
I0720 00:35:48.451675 11923 maintenance_manager.cc:176] Unregistered op FlushMRSOp(012cb2e3fa664bc6be77fb45b81fffc0)
