I0720 00:35:56.314944 13494 raft_consensus.cc:499] T d52f7cf5517746b3855ab5de02429c7b P 3b2a62766e5449f9ae2697a9113d09fb [term 0 FOLLOWER]: Becoming Follower/Learner. State: Replica: 3b2a62766e5449f9ae2697a9113d09fb, State: 1, Role: FOLLOWER Watermarks: {Received: term: 0 index: 0 Committed: term: 0 index: 0}
I0720 00:35:56.314996 13494 consensus_queue.cc:162] T d52f7cf5517746b3855ab5de02429c7b P 3b2a62766e5449f9ae2697a9113d09fb [NON_LEADER]: Queue going to NON_LEADER mode. State: All replicated op: 0.0, Majority replicated op: 0.0, Committed index: 0.0, Last appended: 0.0, Current term: 0, Majority size: -1, State: 1, Mode: NON_LEADER
I0720 00:35:56.315141 13497 tablet_bootstrap.cc:400] T fb33637e6f9149ae957eece1e0a14736 P bcc77f1560a949c6b130d6b3c67653be: No bootstrap required, opened a new log
I0720 00:35:56.315198 13497 ts_tablet_manager.cc:636] T fb33637e6f9149ae957eece1e0a14736 P bcc77f1560a949c6b130d6b3c67653be: Time spent bootstrapping tablet: real 0.010s user 0.004s sys 0.000s
I0720 00:35:56.316156 13494 ts_tablet_manager.cc:663] T d52f7cf5517746b3855ab5de02429c7b P 3b2a62766e5449f9ae2697a9113d09fb: Time spent starting tablet: real 0.004s user 0.000s sys 0.000s
I0720 00:35:56.316284 13494 ts_tablet_manager.cc:631] T 6a57c26d3a544205a7915b6156b0567f P 3b2a62766e5449f9ae2697a9113d09fb: Bootstrapping tablet
W0720 00:35:56.316296 12022 catalog_manager.cc:2160] Unable to reset TS proxy: Not found: No leader found: Tablet fb33637e6f9149ae957eece1e0a14736 consensus state has no leader
W0720 00:35:56.316339 12022 catalog_manager.cc:2770] Failed to send alter table request: Not found: Failed to reset TS proxy: No leader found: Tablet fb33637e6f9149ae957eece1e0a14736 consensus state has no leader
I0720 00:35:56.316540 13494 tablet_bootstrap.cc:400] T 6a57c26d3a544205a7915b6156b0567f P 3b2a62766e5449f9ae2697a9113d09fb: Bootstrap starting.
I0720 00:35:56.317062 13494 tablet_bootstrap.cc:563] T 6a57c26d3a544205a7915b6156b0567f P 3b2a62766e5449f9ae2697a9113d09fb: Time spent opening tablet: real 0.000s user 0.000s sys 0.000s
I0720 00:35:56.317189 13494 tablet_bootstrap.cc:503] T 6a57c26d3a544205a7915b6156b0567f P 3b2a62766e5449f9ae2697a9113d09fb: No blocks or log segments found. Creating new log.
I0720 00:35:56.317754 13497 raft_consensus.cc:269] T fb33637e6f9149ae957eece1e0a14736 P bcc77f1560a949c6b130d6b3c67653be [term 0 FOLLOWER]: Replica starting. Triggering 0 pending transactions. Active config: opid_index: -1 peers { permanent_uuid: "3b2a62766e5449f9ae2697a9113d09fb" member_type: VOTER last_known_addr { host: "127.42.236.2" port: 60090 } } peers { permanent_uuid: "ee4ffccf9eb5471297e208d202495ffe" member_type: VOTER last_known_addr { host: "127.42.236.1" port: 57816 } } peers { permanent_uuid: "bcc77f1560a949c6b130d6b3c67653be" member_type: VOTER last_known_addr { host: "127.42.236.0" port: 42768 } }
I0720 00:35:56.317812 13497 raft_consensus.cc:301] T fb33637e6f9149ae957eece1e0a14736 P bcc77f1560a949c6b130d6b3c67653be [term 0 FOLLOWER]: Consensus starting up: Expiring failure detector timer to make a prompt election more likely
I0720 00:35:56.317843 13497 raft_consensus.cc:499] T fb33637e6f9149ae957eece1e0a14736 P bcc77f1560a949c6b130d6b3c67653be [term 0 FOLLOWER]: Becoming Follower/Learner. State: Replica: bcc77f1560a949c6b130d6b3c67653be, State: 1, Role: FOLLOWER Watermarks: {Received: term: 0 index: 0 Committed: term: 0 index: 0}
I0720 00:35:56.317886 13497 consensus_queue.cc:162] T fb33637e6f9149ae957eece1e0a14736 P bcc77f1560a949c6b130d6b3c67653be [NON_LEADER]: Queue going to NON_LEADER mode. State: All replicated op: 0.0, Majority replicated op: 0.0, Committed index: 0.0, Last appended: 0.0, Current term: 0, Majority size: -1, State: 1, Mode: NON_LEADER
I0720 00:35:56.318214 12022 catalog_manager.cc:1856] TS 3b2a62766e5449f9ae2697a9113d09fb does not have the latest schema for tablet d52f7cf5517746b3855ab5de02429c7b (table test-table [id=2a30b8d6c8764cdc9573a60ac5f96269]). Expected version 16 got 0
I0720 00:35:56.318418 13497 ts_tablet_manager.cc:663] T fb33637e6f9149ae957eece1e0a14736 P bcc77f1560a949c6b130d6b3c67653be: Time spent starting tablet: real 0.003s user 0.000s sys 0.000s
I0720 00:35:56.318536 13497 ts_tablet_manager.cc:631] T d52f7cf5517746b3855ab5de02429c7b P bcc77f1560a949c6b130d6b3c67653be: Bootstrapping tablet
I0720 00:35:56.318733 13497 tablet_bootstrap.cc:400] T d52f7cf5517746b3855ab5de02429c7b P bcc77f1560a949c6b130d6b3c67653be: Bootstrap starting.
I0720 00:35:56.318804 12020 catalog_manager.cc:1856] TS bcc77f1560a949c6b130d6b3c67653be does not have the latest schema for tablet fb33637e6f9149ae957eece1e0a14736 (table test-table [id=2a30b8d6c8764cdc9573a60ac5f96269]). Expected version 16 got 0
I0720 00:35:56.319412 13497 tablet_bootstrap.cc:563] T d52f7cf5517746b3855ab5de02429c7b P bcc77f1560a949c6b130d6b3c67653be: Time spent opening tablet: real 0.000s user 0.000s sys 0.000s
I0720 00:35:56.319584 13497 tablet_bootstrap.cc:503] T d52f7cf5517746b3855ab5de02429c7b P bcc77f1560a949c6b130d6b3c67653be: No blocks or log segments found. Creating new log.
I0720 00:35:56.321118 13494 tablet_bootstrap.cc:400] T 6a57c26d3a544205a7915b6156b0567f P 3b2a62766e5449f9ae2697a9113d09fb: No bootstrap required, opened a new log
I0720 00:35:56.321197 13494 ts_tablet_manager.cc:636] T 6a57c26d3a544205a7915b6156b0567f P 3b2a62766e5449f9ae2697a9113d09fb: Time spent bootstrapping tablet: real 0.005s user 0.004s sys 0.000s
W0720 00:35:56.321364 12020 catalog_manager.cc:2160] Unable to reset TS proxy: Not found: No leader found: Tablet fb33637e6f9149ae957eece1e0a14736 consensus state has no leader
W0720 00:35:56.321403 12020 catalog_manager.cc:2770] Failed to send alter table request: Not found: Failed to reset TS proxy: No leader found: Tablet fb33637e6f9149ae957eece1e0a14736 consensus state has no leader
W0720 00:35:56.321681 12022 catalog_manager.cc:2160] Unable to reset TS proxy: Not found: No leader found: Tablet d52f7cf5517746b3855ab5de02429c7b consensus state has no leader
W0720 00:35:56.321714 12022 catalog_manager.cc:2770] Failed to send alter table request: Not found: Failed to reset TS proxy: No leader found: Tablet d52f7cf5517746b3855ab5de02429c7b consensus state has no leader
I0720 00:35:56.322101 13497 tablet_bootstrap.cc:400] T d52f7cf5517746b3855ab5de02429c7b P bcc77f1560a949c6b130d6b3c67653be: No bootstrap required, opened a new log
I0720 00:35:56.322170 13497 ts_tablet_manager.cc:636] T d52f7cf5517746b3855ab5de02429c7b P bcc77f1560a949c6b130d6b3c67653be: Time spent bootstrapping tablet: real 0.004s user 0.000s sys 0.004s
I0720 00:35:56.322583 12020 catalog_manager.cc:1856] TS bcc77f1560a949c6b130d6b3c67653be does not have the latest schema for tablet fb33637e6f9149ae957eece1e0a14736 (table test-table [id=2a30b8d6c8764cdc9573a60ac5f96269]). Expected version 16 got 0
I0720 00:35:56.322610 13495 tablet_bootstrap.cc:400] T 6a57c26d3a544205a7915b6156b0567f P ee4ffccf9eb5471297e208d202495ffe: No bootstrap required, opened a new log
I0720 00:35:56.322690 13495 ts_tablet_manager.cc:636] T 6a57c26d3a544205a7915b6156b0567f P ee4ffccf9eb5471297e208d202495ffe: Time spent bootstrapping tablet: real 0.009s user 0.000s sys 0.000s
I0720 00:35:56.322981 12021 catalog_manager.cc:1856] TS 3b2a62766e5449f9ae2697a9113d09fb does not have the latest schema for tablet d52f7cf5517746b3855ab5de02429c7b (table test-table [id=2a30b8d6c8764cdc9573a60ac5f96269]). Expected version 16 got 0
I0720 00:35:56.323384 13497 raft_consensus.cc:269] T d52f7cf5517746b3855ab5de02429c7b P bcc77f1560a949c6b130d6b3c67653be [term 0 FOLLOWER]: Replica starting. Triggering 0 pending transactions. Active config: opid_index: -1 peers { permanent_uuid: "ee4ffccf9eb5471297e208d202495ffe" member_type: VOTER last_known_addr { host: "127.42.236.1" port: 57816 } } peers { permanent_uuid: "3b2a62766e5449f9ae2697a9113d09fb" member_type: VOTER last_known_addr { host: "127.42.236.2" port: 60090 } } peers { permanent_uuid: "bcc77f1560a949c6b130d6b3c67653be" member_type: VOTER last_known_addr { host: "127.42.236.0" port: 42768 } }
I0720 00:35:56.323443 13497 raft_consensus.cc:301] T d52f7cf5517746b3855ab5de02429c7b P bcc77f1560a949c6b130d6b3c67653be [term 0 FOLLOWER]: Consensus starting up: Expiring failure detector timer to make a prompt election more likely
I0720 00:35:56.323477 13497 raft_consensus.cc:499] T d52f7cf5517746b3855ab5de02429c7b P bcc77f1560a949c6b130d6b3c67653be [term 0 FOLLOWER]: Becoming Follower/Learner. State: Replica: bcc77f1560a949c6b130d6b3c67653be, State: 1, Role: FOLLOWER Watermarks: {Received: term: 0 index: 0 Committed: term: 0 index: 0}
I0720 00:35:56.323552 13497 consensus_queue.cc:162] T d52f7cf5517746b3855ab5de02429c7b P bcc77f1560a949c6b130d6b3c67653be [NON_LEADER]: Queue going to NON_LEADER mode. State: All replicated op: 0.0, Majority replicated op: 0.0, Committed index: 0.0, Last appended: 0.0, Current term: 0, Majority size: -1, State: 1, Mode: NON_LEADER
I0720 00:35:56.323745 13494 raft_consensus.cc:269] T 6a57c26d3a544205a7915b6156b0567f P 3b2a62766e5449f9ae2697a9113d09fb [term 0 FOLLOWER]: Replica starting. Triggering 0 pending transactions. Active config: opid_index: -1 peers { permanent_uuid: "3b2a62766e5449f9ae2697a9113d09fb" member_type: VOTER last_known_addr { host: "127.42.236.2" port: 60090 } } peers { permanent_uuid: "ee4ffccf9eb5471297e208d202495ffe" member_type: VOTER last_known_addr { host: "127.42.236.1" port: 57816 } } peers { permanent_uuid: "bcc77f1560a949c6b130d6b3c67653be" member_type: VOTER last_known_addr { host: "127.42.236.0" port: 42768 } }
I0720 00:35:56.323819 13494 raft_consensus.cc:301] T 6a57c26d3a544205a7915b6156b0567f P 3b2a62766e5449f9ae2697a9113d09fb [term 0 FOLLOWER]: Consensus starting up: Expiring failure detector timer to make a prompt election more likely
I0720 00:35:56.323865 13494 raft_consensus.cc:499] T 6a57c26d3a544205a7915b6156b0567f P 3b2a62766e5449f9ae2697a9113d09fb [term 0 FOLLOWER]: Becoming Follower/Learner. State: Replica: 3b2a62766e5449f9ae2697a9113d09fb, State: 1, Role: FOLLOWER Watermarks: {Received: term: 0 index: 0 Committed: term: 0 index: 0}
I0720 00:35:56.323914 13494 consensus_queue.cc:162] T 6a57c26d3a544205a7915b6156b0567f P 3b2a62766e5449f9ae2697a9113d09fb [NON_LEADER]: Queue going to NON_LEADER mode. State: All replicated op: 0.0, Majority replicated op: 0.0, Committed index: 0.0, Last appended: 0.0, Current term: 0, Majority size: -1, State: 1, Mode: NON_LEADER
I0720 00:35:56.324231 13497 ts_tablet_manager.cc:663] T d52f7cf5517746b3855ab5de02429c7b P bcc77f1560a949c6b130d6b3c67653be: Time spent starting tablet: real 0.002s user 0.000s sys 0.000s
I0720 00:35:56.324319 13497 ts_tablet_manager.cc:631] T 6a57c26d3a544205a7915b6156b0567f P bcc77f1560a949c6b130d6b3c67653be: Bootstrapping tablet
I0720 00:35:56.324560 13497 tablet_bootstrap.cc:400] T 6a57c26d3a544205a7915b6156b0567f P bcc77f1560a949c6b130d6b3c67653be: Bootstrap starting.
W0720 00:35:56.324900 12020 catalog_manager.cc:2160] Unable to reset TS proxy: Not found: No leader found: Tablet fb33637e6f9149ae957eece1e0a14736 consensus state has no leader
W0720 00:35:56.324913 12021 catalog_manager.cc:2160] Unable to reset TS proxy: Not found: No leader found: Tablet d52f7cf5517746b3855ab5de02429c7b consensus state has no leader
W0720 00:35:56.324929 12020 catalog_manager.cc:2770] Failed to send alter table request: Not found: Failed to reset TS proxy: No leader found: Tablet fb33637e6f9149ae957eece1e0a14736 consensus state has no leader
W0720 00:35:56.324935 12021 catalog_manager.cc:2770] Failed to send alter table request: Not found: Failed to reset TS proxy: No leader found: Tablet d52f7cf5517746b3855ab5de02429c7b consensus state has no leader
I0720 00:35:56.325022 13495 raft_consensus.cc:269] T 6a57c26d3a544205a7915b6156b0567f P ee4ffccf9eb5471297e208d202495ffe [term 0 FOLLOWER]: Replica starting. Triggering 0 pending transactions. Active config: opid_index: -1 peers { permanent_uuid: "3b2a62766e5449f9ae2697a9113d09fb" member_type: VOTER last_known_addr { host: "127.42.236.2" port: 60090 } } peers { permanent_uuid: "ee4ffccf9eb5471297e208d202495ffe" member_type: VOTER last_known_addr { host: "127.42.236.1" port: 57816 } } peers { permanent_uuid: "bcc77f1560a949c6b130d6b3c67653be" member_type: VOTER last_known_addr { host: "127.42.236.0" port: 42768 } }
I0720 00:35:56.325064 13495 raft_consensus.cc:301] T 6a57c26d3a544205a7915b6156b0567f P ee4ffccf9eb5471297e208d202495ffe [term 0 FOLLOWER]: Consensus starting up: Expiring failure detector timer to make a prompt election more likely
I0720 00:35:56.325085 13495 raft_consensus.cc:499] T 6a57c26d3a544205a7915b6156b0567f P ee4ffccf9eb5471297e208d202495ffe [term 0 FOLLOWER]: Becoming Follower/Learner. State: Replica: ee4ffccf9eb5471297e208d202495ffe, State: 1, Role: FOLLOWER Watermarks: {Received: term: 0 index: 0 Committed: term: 0 index: 0}
I0720 00:35:56.325114 13495 consensus_queue.cc:162] T 6a57c26d3a544205a7915b6156b0567f P ee4ffccf9eb5471297e208d202495ffe [NON_LEADER]: Queue going to NON_LEADER mode. State: All replicated op: 0.0, Majority replicated op: 0.0, Committed index: 0.0, Last appended: 0.0, Current term: 0, Majority size: -1, State: 1, Mode: NON_LEADER
I0720 00:35:56.325212 13497 tablet_bootstrap.cc:563] T 6a57c26d3a544205a7915b6156b0567f P bcc77f1560a949c6b130d6b3c67653be: Time spent opening tablet: real 0.000s user 0.000s sys 0.000s
I0720 00:35:56.325371 13497 tablet_bootstrap.cc:503] T 6a57c26d3a544205a7915b6156b0567f P bcc77f1560a949c6b130d6b3c67653be: No blocks or log segments found. Creating new log.
I0720 00:35:56.326071 13494 ts_tablet_manager.cc:663] T 6a57c26d3a544205a7915b6156b0567f P 3b2a62766e5449f9ae2697a9113d09fb: Time spent starting tablet: real 0.005s user 0.000s sys 0.000s
I0720 00:35:56.326223 13534 raft_consensus.cc:370] T fb33637e6f9149ae957eece1e0a14736 P bcc77f1560a949c6b130d6b3c67653be [term 0 FOLLOWER]: No leader contacted us within the election timeout. Triggering leader election
I0720 00:35:56.326251 13534 raft_consensus.cc:2019] T fb33637e6f9149ae957eece1e0a14736 P bcc77f1560a949c6b130d6b3c67653be [term 0 FOLLOWER]: Advancing to term 1
I0720 00:35:56.326256 12020 catalog_manager.cc:1856] TS ee4ffccf9eb5471297e208d202495ffe does not have the latest schema for tablet 6a57c26d3a544205a7915b6156b0567f (table test-table [id=2a30b8d6c8764cdc9573a60ac5f96269]). Expected version 16 got 0
I0720 00:35:56.326787 13534 raft_consensus.cc:1970] T fb33637e6f9149ae957eece1e0a14736 P bcc77f1560a949c6b130d6b3c67653be [term 1 FOLLOWER]: Snoozing failure detection for election timeout plus an additional 1.547s
I0720 00:35:56.326859 13534 raft_consensus.cc:386] T fb33637e6f9149ae957eece1e0a14736 P bcc77f1560a949c6b130d6b3c67653be [term 1 FOLLOWER]: Starting election with config: opid_index: -1 peers { permanent_uuid: "3b2a62766e5449f9ae2697a9113d09fb" member_type: VOTER last_known_addr { host: "127.42.236.2" port: 60090 } } peers { permanent_uuid: "ee4ffccf9eb5471297e208d202495ffe" member_type: VOTER last_known_addr { host: "127.42.236.1" port: 57816 } } peers { permanent_uuid: "bcc77f1560a949c6b130d6b3c67653be" member_type: VOTER last_known_addr { host: "127.42.236.0" port: 42768 } }
I0720 00:35:56.327487 13497 tablet_bootstrap.cc:400] T 6a57c26d3a544205a7915b6156b0567f P bcc77f1560a949c6b130d6b3c67653be: No bootstrap required, opened a new log
I0720 00:35:56.327607 13497 ts_tablet_manager.cc:636] T 6a57c26d3a544205a7915b6156b0567f P bcc77f1560a949c6b130d6b3c67653be: Time spent bootstrapping tablet: real 0.003s user 0.000s sys 0.000s
I0720 00:35:56.327674 13534 leader_election.cc:223] T fb33637e6f9149ae957eece1e0a14736 P bcc77f1560a949c6b130d6b3c67653be [CANDIDATE]: Term 1 election: Requesting vote from peer 3b2a62766e5449f9ae2697a9113d09fb
I0720 00:35:56.327777 12021 catalog_manager.cc:1856] TS bcc77f1560a949c6b130d6b3c67653be does not have the latest schema for tablet d52f7cf5517746b3855ab5de02429c7b (table test-table [id=2a30b8d6c8764cdc9573a60ac5f96269]). Expected version 16 got 0
I0720 00:35:56.327782 13534 leader_election.cc:223] T fb33637e6f9149ae957eece1e0a14736 P bcc77f1560a949c6b130d6b3c67653be [CANDIDATE]: Term 1 election: Requesting vote from peer ee4ffccf9eb5471297e208d202495ffe
I0720 00:35:56.328143 13090 raft_consensus.cc:2019] T fb33637e6f9149ae957eece1e0a14736 P 3b2a62766e5449f9ae2697a9113d09fb [term 0 FOLLOWER]: Advancing to term 1
I0720 00:35:56.328289 13347 raft_consensus.cc:2019] T fb33637e6f9149ae957eece1e0a14736 P ee4ffccf9eb5471297e208d202495ffe [term 0 FOLLOWER]: Advancing to term 1
I0720 00:35:56.328663 13090 raft_consensus.cc:1970] T fb33637e6f9149ae957eece1e0a14736 P 3b2a62766e5449f9ae2697a9113d09fb [term 1 FOLLOWER]: Snoozing failure detection for election timeout plus an additional 1.645s
I0720 00:35:56.328802 13347 raft_consensus.cc:1970] T fb33637e6f9149ae957eece1e0a14736 P ee4ffccf9eb5471297e208d202495ffe [term 1 FOLLOWER]: Snoozing failure detection for election timeout plus an additional 1.603s
I0720 00:35:56.329212 13090 raft_consensus.cc:1677] T fb33637e6f9149ae957eece1e0a14736 P 3b2a62766e5449f9ae2697a9113d09fb [term 1 FOLLOWER]: Leader election vote request: Granting yes vote for candidate bcc77f1560a949c6b130d6b3c67653be in term 1.
I0720 00:35:56.329263 13347 raft_consensus.cc:1677] T fb33637e6f9149ae957eece1e0a14736 P ee4ffccf9eb5471297e208d202495ffe [term 1 FOLLOWER]: Leader election vote request: Granting yes vote for candidate bcc77f1560a949c6b130d6b3c67653be in term 1.
I0720 00:35:56.329454 12747 leader_election.cc:347] T fb33637e6f9149ae957eece1e0a14736 P bcc77f1560a949c6b130d6b3c67653be [CANDIDATE]: Term 1 election: Vote granted by peer 3b2a62766e5449f9ae2697a9113d09fb
I0720 00:35:56.329483 12747 leader_election.cc:248] T fb33637e6f9149ae957eece1e0a14736 P bcc77f1560a949c6b130d6b3c67653be [CANDIDATE]: Term 1 election: Election decided. Result: candidate won.
I0720 00:35:56.329506 13497 raft_consensus.cc:269] T 6a57c26d3a544205a7915b6156b0567f P bcc77f1560a949c6b130d6b3c67653be [term 0 FOLLOWER]: Replica starting. Triggering 0 pending transactions. Active config: opid_index: -1 peers { permanent_uuid: "3b2a62766e5449f9ae2697a9113d09fb" member_type: VOTER last_known_addr { host: "127.42.236.2" port: 60090 } } peers { permanent_uuid: "ee4ffccf9eb5471297e208d202495ffe" member_type: VOTER last_known_addr { host: "127.42.236.1" port: 57816 } } peers { permanent_uuid: "bcc77f1560a949c6b130d6b3c67653be" member_type: VOTER last_known_addr { host: "127.42.236.0" port: 42768 } }
I0720 00:35:56.329537 12749 leader_election.cc:347] T fb33637e6f9149ae957eece1e0a14736 P bcc77f1560a949c6b130d6b3c67653be [CANDIDATE]: Term 1 election: Vote granted by peer ee4ffccf9eb5471297e208d202495ffe
I0720 00:35:56.329552 13497 raft_consensus.cc:301] T 6a57c26d3a544205a7915b6156b0567f P bcc77f1560a949c6b130d6b3c67653be [term 0 FOLLOWER]: Consensus starting up: Expiring failure detector timer to make a prompt election more likely
I0720 00:35:56.329602 13497 raft_consensus.cc:499] T 6a57c26d3a544205a7915b6156b0567f P bcc77f1560a949c6b130d6b3c67653be [term 0 FOLLOWER]: Becoming Follower/Learner. State: Replica: bcc77f1560a949c6b130d6b3c67653be, State: 1, Role: FOLLOWER Watermarks: {Received: term: 0 index: 0 Committed: term: 0 index: 0}
I0720 00:35:56.329646 13497 consensus_queue.cc:162] T 6a57c26d3a544205a7915b6156b0567f P bcc77f1560a949c6b130d6b3c67653be [NON_LEADER]: Queue going to NON_LEADER mode. State: All replicated op: 0.0, Majority replicated op: 0.0, Committed index: 0.0, Last appended: 0.0, Current term: 0, Majority size: -1, State: 1, Mode: NON_LEADER
I0720 00:35:56.329651 13536 raft_consensus.cc:1970] T fb33637e6f9149ae957eece1e0a14736 P bcc77f1560a949c6b130d6b3c67653be [term 1 FOLLOWER]: Snoozing failure detection for election timeout plus an additional 1.507s
I0720 00:35:56.329677 13536 raft_consensus.cc:1859] T fb33637e6f9149ae957eece1e0a14736 P bcc77f1560a949c6b130d6b3c67653be [term 1 FOLLOWER]: Leader election won for term 1
I0720 00:35:56.329931 13536 raft_consensus.cc:464] T fb33637e6f9149ae957eece1e0a14736 P bcc77f1560a949c6b130d6b3c67653be [term 1 LEADER]: Becoming Leader. State: Replica: bcc77f1560a949c6b130d6b3c67653be, State: 1, Role: LEADER Watermarks: {Received: term: 0 index: 0 Committed: term: 0 index: 0}
I0720 00:35:56.330056 13536 consensus_queue.cc:145] T fb33637e6f9149ae957eece1e0a14736 P bcc77f1560a949c6b130d6b3c67653be [LEADER]: Queue going to LEADER mode. State: All replicated op: 0.0, Majority replicated op: 0.0, Committed index: 0.0, Last appended: 0.0, Current term: 1, Majority size: 2, State: 1, Mode: LEADER, active raft config: opid_index: -1 peers { permanent_uuid: "3b2a62766e5449f9ae2697a9113d09fb" member_type: VOTER last_known_addr { host: "127.42.236.2" port: 60090 } } peers { permanent_uuid: "ee4ffccf9eb5471297e208d202495ffe" member_type: VOTER last_known_addr { host: "127.42.236.1" port: 57816 } } peers { permanent_uuid: "bcc77f1560a949c6b130d6b3c67653be" member_type: VOTER last_known_addr { host: "127.42.236.0" port: 42768 } }
I0720 00:35:56.330072 13497 ts_tablet_manager.cc:663] T 6a57c26d3a544205a7915b6156b0567f P bcc77f1560a949c6b130d6b3c67653be: Time spent starting tablet: real 0.002s user 0.008s sys 0.000s
I0720 00:35:56.330356 12022 catalog_manager.cc:1856] TS 3b2a62766e5449f9ae2697a9113d09fb does not have the latest schema for tablet 6a57c26d3a544205a7915b6156b0567f (table test-table [id=2a30b8d6c8764cdc9573a60ac5f96269]). Expected version 16 got 0
W0720 00:35:56.330394 12021 catalog_manager.cc:2160] Unable to reset TS proxy: Not found: No leader found: Tablet d52f7cf5517746b3855ab5de02429c7b consensus state has no leader
W0720 00:35:56.330423 12021 catalog_manager.cc:2770] Failed to send alter table request: Not found: Failed to reset TS proxy: No leader found: Tablet d52f7cf5517746b3855ab5de02429c7b consensus state has no leader
W0720 00:35:56.330672 12020 catalog_manager.cc:2160] Unable to reset TS proxy: Not found: No leader found: Tablet 6a57c26d3a544205a7915b6156b0567f consensus state has no leader
W0720 00:35:56.330699 12020 catalog_manager.cc:2770] Failed to send alter table request: Not found: Failed to reset TS proxy: No leader found: Tablet 6a57c26d3a544205a7915b6156b0567f consensus state has no leader
I0720 00:35:56.330767 13495 ts_tablet_manager.cc:663] T 6a57c26d3a544205a7915b6156b0567f P ee4ffccf9eb5471297e208d202495ffe: Time spent starting tablet: real 0.008s user 0.004s sys 0.000s
I0720 00:35:56.330878 13495 ts_tablet_manager.cc:631] T d52f7cf5517746b3855ab5de02429c7b P ee4ffccf9eb5471297e208d202495ffe: Bootstrapping tablet
I0720 00:35:56.331138 13495 tablet_bootstrap.cc:400] T d52f7cf5517746b3855ab5de02429c7b P ee4ffccf9eb5471297e208d202495ffe: Bootstrap starting.
I0720 00:35:56.331969 13495 tablet_bootstrap.cc:563] T d52f7cf5517746b3855ab5de02429c7b P ee4ffccf9eb5471297e208d202495ffe: Time spent opening tablet: real 0.000s user 0.000s sys 0.000s
I0720 00:35:56.332118 13495 tablet_bootstrap.cc:503] T d52f7cf5517746b3855ab5de02429c7b P ee4ffccf9eb5471297e208d202495ffe: No blocks or log segments found. Creating new log.
W0720 00:35:56.332388 12022 catalog_manager.cc:2160] Unable to reset TS proxy: Not found: No leader found: Tablet 6a57c26d3a544205a7915b6156b0567f consensus state has no leader
W0720 00:35:56.332417 12022 catalog_manager.cc:2770] Failed to send alter table request: Not found: Failed to reset TS proxy: No leader found: Tablet 6a57c26d3a544205a7915b6156b0567f consensus state has no leader
I0720 00:35:56.333529 13495 tablet_bootstrap.cc:400] T d52f7cf5517746b3855ab5de02429c7b P ee4ffccf9eb5471297e208d202495ffe: No bootstrap required, opened a new log
I0720 00:35:56.333590 13495 ts_tablet_manager.cc:636] T d52f7cf5517746b3855ab5de02429c7b P ee4ffccf9eb5471297e208d202495ffe: Time spent bootstrapping tablet: real 0.003s user 0.000s sys 0.000s
I0720 00:35:56.334353 12022 catalog_manager.cc:1856] TS bcc77f1560a949c6b130d6b3c67653be does not have the latest schema for tablet 6a57c26d3a544205a7915b6156b0567f (table test-table [id=2a30b8d6c8764cdc9573a60ac5f96269]). Expected version 16 got 0
I0720 00:35:56.334759 13495 raft_consensus.cc:269] T d52f7cf5517746b3855ab5de02429c7b P ee4ffccf9eb5471297e208d202495ffe [term 0 FOLLOWER]: Replica starting. Triggering 0 pending transactions. Active config: opid_index: -1 peers { permanent_uuid: "ee4ffccf9eb5471297e208d202495ffe" member_type: VOTER last_known_addr { host: "127.42.236.1" port: 57816 } } peers { permanent_uuid: "3b2a62766e5449f9ae2697a9113d09fb" member_type: VOTER last_known_addr { host: "127.42.236.2" port: 60090 } } peers { permanent_uuid: "bcc77f1560a949c6b130d6b3c67653be" member_type: VOTER last_known_addr { host: "127.42.236.0" port: 42768 } }
I0720 00:35:56.334820 13495 raft_consensus.cc:301] T d52f7cf5517746b3855ab5de02429c7b P ee4ffccf9eb5471297e208d202495ffe [term 0 FOLLOWER]: Consensus starting up: Expiring failure detector timer to make a prompt election more likely
I0720 00:35:56.334867 13495 raft_consensus.cc:499] T d52f7cf5517746b3855ab5de02429c7b P ee4ffccf9eb5471297e208d202495ffe [term 0 FOLLOWER]: Becoming Follower/Learner. State: Replica: ee4ffccf9eb5471297e208d202495ffe, State: 1, Role: FOLLOWER Watermarks: {Received: term: 0 index: 0 Committed: term: 0 index: 0}
I0720 00:35:56.334921 13495 consensus_queue.cc:162] T d52f7cf5517746b3855ab5de02429c7b P ee4ffccf9eb5471297e208d202495ffe [NON_LEADER]: Queue going to NON_LEADER mode. State: All replicated op: 0.0, Majority replicated op: 0.0, Committed index: 0.0, Last appended: 0.0, Current term: 0, Majority size: -1, State: 1, Mode: NON_LEADER
I0720 00:35:56.335273 13495 ts_tablet_manager.cc:663] T d52f7cf5517746b3855ab5de02429c7b P ee4ffccf9eb5471297e208d202495ffe: Time spent starting tablet: real 0.002s user 0.004s sys 0.000s
I0720 00:35:56.335403 13495 ts_tablet_manager.cc:631] T cc0a6444c53e4ca28f43b8baa8ec5daf P ee4ffccf9eb5471297e208d202495ffe: Bootstrapping tablet
I0720 00:35:56.335675 13495 tablet_bootstrap.cc:400] T cc0a6444c53e4ca28f43b8baa8ec5daf P ee4ffccf9eb5471297e208d202495ffe: Bootstrap starting.
W0720 00:35:56.335852 12022 catalog_manager.cc:2160] Unable to reset TS proxy: Not found: No leader found: Tablet 6a57c26d3a544205a7915b6156b0567f consensus state has no leader
W0720 00:35:56.335885 12022 catalog_manager.cc:2770] Failed to send alter table request: Not found: Failed to reset TS proxy: No leader found: Tablet 6a57c26d3a544205a7915b6156b0567f consensus state has no leader
I0720 00:35:56.336015 12022 catalog_manager.cc:1856] TS bcc77f1560a949c6b130d6b3c67653be does not have the latest schema for tablet fb33637e6f9149ae957eece1e0a14736 (table test-table [id=2a30b8d6c8764cdc9573a60ac5f96269]). Expected version 16 got 0
I0720 00:35:56.336112 12022 catalog_manager.cc:1957] Tablet: fb33637e6f9149ae957eece1e0a14736 reported consensus state change. New consensus state: current_term: 1 leader_uuid: "bcc77f1560a949c6b130d6b3c67653be" config { opid_index: -1 peers { permanent_uuid: "3b2a62766e5449f9ae2697a9113d09fb" member_type: VOTER last_known_addr { host: "127.42.236.2" port: 60090 } } peers { permanent_uuid: "ee4ffccf9eb5471297e208d202495ffe" member_type: VOTER last_known_addr { host: "127.42.236.1" port: 57816 } } peers { permanent_uuid: "bcc77f1560a949c6b130d6b3c67653be" member_type: VOTER last_known_addr { host: "127.42.236.0" port: 42768 } } }
I0720 00:35:56.336364 13495 tablet_bootstrap.cc:563] T cc0a6444c53e4ca28f43b8baa8ec5daf P ee4ffccf9eb5471297e208d202495ffe: Time spent opening tablet: real 0.000s user 0.000s sys 0.000s
I0720 00:35:56.336516 13495 tablet_bootstrap.cc:503] T cc0a6444c53e4ca28f43b8baa8ec5daf P ee4ffccf9eb5471297e208d202495ffe: No blocks or log segments found. Creating new log.
I0720 00:35:56.337553 12020 catalog_manager.cc:1856] TS ee4ffccf9eb5471297e208d202495ffe does not have the latest schema for tablet d52f7cf5517746b3855ab5de02429c7b (table test-table [id=2a30b8d6c8764cdc9573a60ac5f96269]). Expected version 16 got 0
I0720 00:35:56.338273 13495 tablet_bootstrap.cc:400] T cc0a6444c53e4ca28f43b8baa8ec5daf P ee4ffccf9eb5471297e208d202495ffe: No bootstrap required, opened a new log
I0720 00:35:56.338348 13495 ts_tablet_manager.cc:636] T cc0a6444c53e4ca28f43b8baa8ec5daf P ee4ffccf9eb5471297e208d202495ffe: Time spent bootstrapping tablet: real 0.003s user 0.000s sys 0.000s
W0720 00:35:56.339645 12020 catalog_manager.cc:2160] Unable to reset TS proxy: Not found: No leader found: Tablet d52f7cf5517746b3855ab5de02429c7b consensus state has no leader
W0720 00:35:56.339686 12020 catalog_manager.cc:2770] Failed to send alter table request: Not found: Failed to reset TS proxy: No leader found: Tablet d52f7cf5517746b3855ab5de02429c7b consensus state has no leader
I0720 00:35:56.339771 13347 raft_consensus.cc:869] T fb33637e6f9149ae957eece1e0a14736 P ee4ffccf9eb5471297e208d202495ffe [term 1 FOLLOWER]: Refusing update from remote peer bcc77f1560a949c6b130d6b3c67653be: Log matching property violated. Preceding OpId in replica: term: 0 index: 0. Preceding OpId from leader: term: 1 index: 2. (index mismatch)
I0720 00:35:56.339846 12022 catalog_manager.cc:1856] TS bcc77f1560a949c6b130d6b3c67653be does not have the latest schema for tablet d52f7cf5517746b3855ab5de02429c7b (table test-table [id=2a30b8d6c8764cdc9573a60ac5f96269]). Expected version 16 got 0
I0720 00:35:56.340080 13495 raft_consensus.cc:269] T cc0a6444c53e4ca28f43b8baa8ec5daf P ee4ffccf9eb5471297e208d202495ffe [term 0 FOLLOWER]: Replica starting. Triggering 0 pending transactions. Active config: opid_index: -1 peers { permanent_uuid: "3b2a62766e5449f9ae2697a9113d09fb" member_type: VOTER last_known_addr { host: "127.42.236.2" port: 60090 } } peers { permanent_uuid: "ee4ffccf9eb5471297e208d202495ffe" member_type: VOTER last_known_addr { host: "127.42.236.1" port: 57816 } } peers { permanent_uuid: "bcc77f1560a949c6b130d6b3c67653be" member_type: VOTER last_known_addr { host: "127.42.236.0" port: 42768 } }
I0720 00:35:56.340137 13495 raft_consensus.cc:301] T cc0a6444c53e4ca28f43b8baa8ec5daf P ee4ffccf9eb5471297e208d202495ffe [term 0 FOLLOWER]: Consensus starting up: Expiring failure detector timer to make a prompt election more likely
I0720 00:35:56.340169 13551 consensus_queue.cc:578] T fb33637e6f9149ae957eece1e0a14736 P bcc77f1560a949c6b130d6b3c67653be [LEADER]: Connected to new peer: Peer: ee4ffccf9eb5471297e208d202495ffe, Is new: false, Last received: 0.0, Next index: 1, Last known committed idx: 0, Last exchange result: ERROR, Needs remote bootstrap: false
I0720 00:35:56.340180 13495 raft_consensus.cc:499] T cc0a6444c53e4ca28f43b8baa8ec5daf P ee4ffccf9eb5471297e208d202495ffe [term 0 FOLLOWER]: Becoming Follower/Learner. State: Replica: ee4ffccf9eb5471297e208d202495ffe, State: 1, Role: FOLLOWER Watermarks: {Received: term: 0 index: 0 Committed: term: 0 index: 0}
I0720 00:35:56.340229 13495 consensus_queue.cc:162] T cc0a6444c53e4ca28f43b8baa8ec5daf P ee4ffccf9eb5471297e208d202495ffe [NON_LEADER]: Queue going to NON_LEADER mode. State: All replicated op: 0.0, Majority replicated op: 0.0, Committed index: 0.0, Last appended: 0.0, Current term: 0, Majority size: -1, State: 1, Mode: NON_LEADER
I0720 00:35:56.340452 13090 raft_consensus.cc:869] T fb33637e6f9149ae957eece1e0a14736 P 3b2a62766e5449f9ae2697a9113d09fb [term 1 FOLLOWER]: Refusing update from remote peer bcc77f1560a949c6b130d6b3c67653be: Log matching property violated. Preceding OpId in replica: term: 0 index: 0. Preceding OpId from leader: term: 1 index: 2. (index mismatch)
I0720 00:35:56.341017 13536 consensus_queue.cc:578] T fb33637e6f9149ae957eece1e0a14736 P bcc77f1560a949c6b130d6b3c67653be [LEADER]: Connected to new peer: Peer: 3b2a62766e5449f9ae2697a9113d09fb, Is new: false, Last received: 0.0, Next index: 1, Last known committed idx: 0, Last exchange result: ERROR, Needs remote bootstrap: false
W0720 00:35:56.341738 12022 catalog_manager.cc:2160] Unable to reset TS proxy: Not found: No leader found: Tablet d52f7cf5517746b3855ab5de02429c7b consensus state has no leader
W0720 00:35:56.341778 12022 catalog_manager.cc:2770] Failed to send alter table request: Not found: Failed to reset TS proxy: No leader found: Tablet d52f7cf5517746b3855ab5de02429c7b consensus state has no leader
I0720 00:35:56.342779 13495 ts_tablet_manager.cc:663] T cc0a6444c53e4ca28f43b8baa8ec5daf P ee4ffccf9eb5471297e208d202495ffe: Time spent starting tablet: real 0.004s user 0.000s sys 0.000s
I0720 00:35:56.343221 12022 catalog_manager.cc:1856] TS ee4ffccf9eb5471297e208d202495ffe does not have the latest schema for tablet fb33637e6f9149ae957eece1e0a14736 (table test-table [id=2a30b8d6c8764cdc9573a60ac5f96269]). Expected version 16 got 0
I0720 00:35:56.343348 13556 raft_consensus_state.cc:534] T fb33637e6f9149ae957eece1e0a14736 P bcc77f1560a949c6b130d6b3c67653be [term 1 LEADER]: Advanced the committed_index across terms. Last committed operation was: term: 0 index: 0 New committed index is: term: 1 index: 2
I0720 00:35:56.343567 13466 tablet.cc:824] T fb33637e6f9149ae957eece1e0a14736 Alter schema from Schema [ 10:key[int32 NOT NULL], 29:c576[int32 NULLABLE] ] version 0 to Schema [ 10:key[int32 NOT NULL], 29:c576[int32 NULLABLE] ] version 16
I0720 00:35:56.344804 13467 tablet.cc:824] T fb33637e6f9149ae957eece1e0a14736 Alter schema from Schema [ 10:key[int32 NOT NULL], 29:c576[int32 NULLABLE] ] version 0 to Schema [ 10:key[int32 NOT NULL], 29:c576[int32 NULLABLE] ] version 16
I0720 00:35:56.346899 12020 catalog_manager.cc:1856] TS 3b2a62766e5449f9ae2697a9113d09fb does not have the latest schema for tablet fb33637e6f9149ae957eece1e0a14736 (table test-table [id=2a30b8d6c8764cdc9573a60ac5f96269]). Expected version 16 got 0
I0720 00:35:56.346962 13473 tablet.cc:824] T fb33637e6f9149ae957eece1e0a14736 Alter schema from Schema [ 10:key[int32 NOT NULL], 29:c576[int32 NULLABLE] ] version 0 to Schema [ 10:key[int32 NOT NULL], 29:c576[int32 NULLABLE] ] version 16
I0720 00:35:56.347101 12022 catalog_manager.cc:1856] TS ee4ffccf9eb5471297e208d202495ffe does not have the latest schema for tablet cc0a6444c53e4ca28f43b8baa8ec5daf (table test-table [id=2a30b8d6c8764cdc9573a60ac5f96269]). Expected version 16 got 0
W0720 00:35:56.348898 12022 catalog_manager.cc:2160] Unable to reset TS proxy: Not found: No leader found: Tablet cc0a6444c53e4ca28f43b8baa8ec5daf consensus state has no leader
W0720 00:35:56.348935 12022 catalog_manager.cc:2770] Failed to send alter table request: Not found: Failed to reset TS proxy: No leader found: Tablet cc0a6444c53e4ca28f43b8baa8ec5daf consensus state has no leader
I0720 00:35:56.595537 13562 raft_consensus.cc:370] T cc0a6444c53e4ca28f43b8baa8ec5daf P ee4ffccf9eb5471297e208d202495ffe [term 0 FOLLOWER]: No leader contacted us within the election timeout. Triggering leader election
I0720 00:35:56.595582 13562 raft_consensus.cc:2019] T cc0a6444c53e4ca28f43b8baa8ec5daf P ee4ffccf9eb5471297e208d202495ffe [term 0 FOLLOWER]: Advancing to term 1
I0720 00:35:56.596391 13562 raft_consensus.cc:1970] T cc0a6444c53e4ca28f43b8baa8ec5daf P ee4ffccf9eb5471297e208d202495ffe [term 1 FOLLOWER]: Snoozing failure detection for election timeout plus an additional 1.628s
I0720 00:35:56.596462 13562 raft_consensus.cc:386] T cc0a6444c53e4ca28f43b8baa8ec5daf P ee4ffccf9eb5471297e208d202495ffe [term 1 FOLLOWER]: Starting election with config: opid_index: -1 peers { permanent_uuid: "3b2a62766e5449f9ae2697a9113d09fb" member_type: VOTER last_known_addr { host: "127.42.236.2" port: 60090 } } peers { permanent_uuid: "ee4ffccf9eb5471297e208d202495ffe" member_type: VOTER last_known_addr { host: "127.42.236.1" port: 57816 } } peers { permanent_uuid: "bcc77f1560a949c6b130d6b3c67653be" member_type: VOTER last_known_addr { host: "127.42.236.0" port: 42768 } }
I0720 00:35:56.597489 13562 leader_election.cc:223] T cc0a6444c53e4ca28f43b8baa8ec5daf P ee4ffccf9eb5471297e208d202495ffe [CANDIDATE]: Term 1 election: Requesting vote from peer 3b2a62766e5449f9ae2697a9113d09fb
I0720 00:35:56.597625 13562 leader_election.cc:223] T cc0a6444c53e4ca28f43b8baa8ec5daf P ee4ffccf9eb5471297e208d202495ffe [CANDIDATE]: Term 1 election: Requesting vote from peer bcc77f1560a949c6b130d6b3c67653be
I0720 00:35:56.599627 13090 raft_consensus.cc:2019] T cc0a6444c53e4ca28f43b8baa8ec5daf P 3b2a62766e5449f9ae2697a9113d09fb [term 0 FOLLOWER]: Advancing to term 1
I0720 00:35:56.599628 12811 raft_consensus.cc:2019] T cc0a6444c53e4ca28f43b8baa8ec5daf P bcc77f1560a949c6b130d6b3c67653be [term 0 FOLLOWER]: Advancing to term 1
I0720 00:35:56.600190 12811 raft_consensus.cc:1970] T cc0a6444c53e4ca28f43b8baa8ec5daf P bcc77f1560a949c6b130d6b3c67653be [term 1 FOLLOWER]: Snoozing failure detection for election timeout plus an additional 1.643s
I0720 00:35:56.600190 13090 raft_consensus.cc:1970] T cc0a6444c53e4ca28f43b8baa8ec5daf P 3b2a62766e5449f9ae2697a9113d09fb [term 1 FOLLOWER]: Snoozing failure detection for election timeout plus an additional 1.518s
I0720 00:35:56.600755 13090 raft_consensus.cc:1677] T cc0a6444c53e4ca28f43b8baa8ec5daf P 3b2a62766e5449f9ae2697a9113d09fb [term 1 FOLLOWER]: Leader election vote request: Granting yes vote for candidate ee4ffccf9eb5471297e208d202495ffe in term 1.
I0720 00:35:56.600772 12811 raft_consensus.cc:1677] T cc0a6444c53e4ca28f43b8baa8ec5daf P bcc77f1560a949c6b130d6b3c67653be [term 1 FOLLOWER]: Leader election vote request: Granting yes vote for candidate ee4ffccf9eb5471297e208d202495ffe in term 1.
I0720 00:35:56.601039 13280 leader_election.cc:347] T cc0a6444c53e4ca28f43b8baa8ec5daf P ee4ffccf9eb5471297e208d202495ffe [CANDIDATE]: Term 1 election: Vote granted by peer bcc77f1560a949c6b130d6b3c67653be
I0720 00:35:56.601091 13280 leader_election.cc:248] T cc0a6444c53e4ca28f43b8baa8ec5daf P ee4ffccf9eb5471297e208d202495ffe [CANDIDATE]: Term 1 election: Election decided. Result: candidate won.
I0720 00:35:56.601258 13563 raft_consensus.cc:1970] T cc0a6444c53e4ca28f43b8baa8ec5daf P ee4ffccf9eb5471297e208d202495ffe [term 1 FOLLOWER]: Snoozing failure detection for election timeout plus an additional 1.550s
I0720 00:35:56.601263 13279 leader_election.cc:347] T cc0a6444c53e4ca28f43b8baa8ec5daf P ee4ffccf9eb5471297e208d202495ffe [CANDIDATE]: Term 1 election: Vote granted by peer 3b2a62766e5449f9ae2697a9113d09fb
I0720 00:35:56.601321 13563 raft_consensus.cc:1859] T cc0a6444c53e4ca28f43b8baa8ec5daf P ee4ffccf9eb5471297e208d202495ffe [term 1 FOLLOWER]: Leader election won for term 1
I0720 00:35:56.601627 13563 raft_consensus.cc:464] T cc0a6444c53e4ca28f43b8baa8ec5daf P ee4ffccf9eb5471297e208d202495ffe [term 1 LEADER]: Becoming Leader. State: Replica: ee4ffccf9eb5471297e208d202495ffe, State: 1, Role: LEADER Watermarks: {Received: term: 0 index: 0 Committed: term: 0 index: 0}
I0720 00:35:56.601799 13563 consensus_queue.cc:145] T cc0a6444c53e4ca28f43b8baa8ec5daf P ee4ffccf9eb5471297e208d202495ffe [LEADER]: Queue going to LEADER mode. State: All replicated op: 0.0, Majority replicated op: 0.0, Committed index: 0.0, Last appended: 0.0, Current term: 1, Majority size: 2, State: 1, Mode: LEADER, active raft config: opid_index: -1 peers { permanent_uuid: "3b2a62766e5449f9ae2697a9113d09fb" member_type: VOTER last_known_addr { host: "127.42.236.2" port: 60090 } } peers { permanent_uuid: "ee4ffccf9eb5471297e208d202495ffe" member_type: VOTER last_known_addr { host: "127.42.236.1" port: 57816 } } peers { permanent_uuid: "bcc77f1560a949c6b130d6b3c67653be" member_type: VOTER last_known_addr { host: "127.42.236.0" port: 42768 } }
W0720 00:35:56.603520 13572 raft_consensus_state.cc:541] T cc0a6444c53e4ca28f43b8baa8ec5daf P ee4ffccf9eb5471297e208d202495ffe [term 1 LEADER]: Can't advance the committed index across term boundaries until operations from the current term are replicated. Last committed operation was: term: 0 index: 0, New majority replicated is: term: 0 index: 0, Current term is: 1
I0720 00:35:56.603674 12020 catalog_manager.cc:1856] TS ee4ffccf9eb5471297e208d202495ffe does not have the latest schema for tablet cc0a6444c53e4ca28f43b8baa8ec5daf (table test-table [id=2a30b8d6c8764cdc9573a60ac5f96269]). Expected version 16 got 0
I0720 00:35:56.603760 12020 catalog_manager.cc:1957] Tablet: cc0a6444c53e4ca28f43b8baa8ec5daf reported consensus state change. New consensus state: current_term: 1 leader_uuid: "ee4ffccf9eb5471297e208d202495ffe" config { opid_index: -1 peers { permanent_uuid: "3b2a62766e5449f9ae2697a9113d09fb" member_type: VOTER last_known_addr { host: "127.42.236.2" port: 60090 } } peers { permanent_uuid: "ee4ffccf9eb5471297e208d202495ffe" member_type: VOTER last_known_addr { host: "127.42.236.1" port: 57816 } } peers { permanent_uuid: "bcc77f1560a949c6b130d6b3c67653be" member_type: VOTER last_known_addr { host: "127.42.236.0" port: 42768 } } }
I0720 00:35:56.607429 12811 raft_consensus.cc:869] T cc0a6444c53e4ca28f43b8baa8ec5daf P bcc77f1560a949c6b130d6b3c67653be [term 1 FOLLOWER]: Refusing update from remote peer ee4ffccf9eb5471297e208d202495ffe: Log matching property violated. Preceding OpId in replica: term: 0 index: 0. Preceding OpId from leader: term: 1 index: 2. (index mismatch)
I0720 00:35:56.607429 13090 raft_consensus.cc:869] T cc0a6444c53e4ca28f43b8baa8ec5daf P 3b2a62766e5449f9ae2697a9113d09fb [term 1 FOLLOWER]: Refusing update from remote peer ee4ffccf9eb5471297e208d202495ffe: Log matching property violated. Preceding OpId in replica: term: 0 index: 0. Preceding OpId from leader: term: 1 index: 2. (index mismatch)
I0720 00:35:56.607903 13563 consensus_queue.cc:578] T cc0a6444c53e4ca28f43b8baa8ec5daf P ee4ffccf9eb5471297e208d202495ffe [LEADER]: Connected to new peer: Peer: bcc77f1560a949c6b130d6b3c67653be, Is new: false, Last received: 0.0, Next index: 1, Last known committed idx: 0, Last exchange result: ERROR, Needs remote bootstrap: false
I0720 00:35:56.607995 13569 consensus_queue.cc:578] T cc0a6444c53e4ca28f43b8baa8ec5daf P ee4ffccf9eb5471297e208d202495ffe [LEADER]: Connected to new peer: Peer: 3b2a62766e5449f9ae2697a9113d09fb, Is new: false, Last received: 0.0, Next index: 1, Last known committed idx: 0, Last exchange result: ERROR, Needs remote bootstrap: false
I0720 00:35:56.609956 12020 catalog_manager.cc:1856] TS 3b2a62766e5449f9ae2697a9113d09fb does not have the latest schema for tablet cc0a6444c53e4ca28f43b8baa8ec5daf (table test-table [id=2a30b8d6c8764cdc9573a60ac5f96269]). Expected version 16 got 0
I0720 00:35:56.610347 13572 raft_consensus_state.cc:534] T cc0a6444c53e4ca28f43b8baa8ec5daf P ee4ffccf9eb5471297e208d202495ffe [term 1 LEADER]: Advanced the committed_index across terms. Last committed operation was: term: 0 index: 0 New committed index is: term: 1 index: 2
I0720 00:35:56.610563 13467 tablet.cc:824] T cc0a6444c53e4ca28f43b8baa8ec5daf Alter schema from Schema [ 10:key[int32 NOT NULL], 29:c576[int32 NULLABLE] ] version 0 to Schema [ 10:key[int32 NOT NULL], 29:c576[int32 NULLABLE] ] version 16
I0720 00:35:56.611841 13473 tablet.cc:824] T cc0a6444c53e4ca28f43b8baa8ec5daf Alter schema from Schema [ 10:key[int32 NOT NULL], 29:c576[int32 NULLABLE] ] version 0 to Schema [ 10:key[int32 NOT NULL], 29:c576[int32 NULLABLE] ] version 16
I0720 00:35:56.612300 12022 catalog_manager.cc:1856] TS bcc77f1560a949c6b130d6b3c67653be does not have the latest schema for tablet cc0a6444c53e4ca28f43b8baa8ec5daf (table test-table [id=2a30b8d6c8764cdc9573a60ac5f96269]). Expected version 16 got 0
I0720 00:35:56.614074 13509 tablet.cc:824] T cc0a6444c53e4ca28f43b8baa8ec5daf Alter schema from Schema [ 10:key[int32 NOT NULL], 29:c576[int32 NULLABLE] ] version 0 to Schema [ 10:key[int32 NOT NULL], 29:c576[int32 NULLABLE] ] version 16
I0720 00:35:56.826557 13530 raft_consensus.cc:370] T d52f7cf5517746b3855ab5de02429c7b P 3b2a62766e5449f9ae2697a9113d09fb [term 0 FOLLOWER]: No leader contacted us within the election timeout. Triggering leader election
I0720 00:35:56.826609 13530 raft_consensus.cc:2019] T d52f7cf5517746b3855ab5de02429c7b P 3b2a62766e5449f9ae2697a9113d09fb [term 0 FOLLOWER]: Advancing to term 1
I0720 00:35:56.827129 13530 raft_consensus.cc:1970] T d52f7cf5517746b3855ab5de02429c7b P 3b2a62766e5449f9ae2697a9113d09fb [term 1 FOLLOWER]: Snoozing failure detection for election timeout plus an additional 1.604s
I0720 00:35:56.827185 13530 raft_consensus.cc:386] T d52f7cf5517746b3855ab5de02429c7b P 3b2a62766e5449f9ae2697a9113d09fb [term 1 FOLLOWER]: Starting election with config: opid_index: -1 peers { permanent_uuid: "ee4ffccf9eb5471297e208d202495ffe" member_type: VOTER last_known_addr { host: "127.42.236.1" port: 57816 } } peers { permanent_uuid: "3b2a62766e5449f9ae2697a9113d09fb" member_type: VOTER last_known_addr { host: "127.42.236.2" port: 60090 } } peers { permanent_uuid: "bcc77f1560a949c6b130d6b3c67653be" member_type: VOTER last_known_addr { host: "127.42.236.0" port: 42768 } }
I0720 00:35:56.828063 13530 leader_election.cc:223] T d52f7cf5517746b3855ab5de02429c7b P 3b2a62766e5449f9ae2697a9113d09fb [CANDIDATE]: Term 1 election: Requesting vote from peer ee4ffccf9eb5471297e208d202495ffe
I0720 00:35:56.828150 13530 leader_election.cc:223] T d52f7cf5517746b3855ab5de02429c7b P 3b2a62766e5449f9ae2697a9113d09fb [CANDIDATE]: Term 1 election: Requesting vote from peer bcc77f1560a949c6b130d6b3c67653be
I0720 00:35:56.828548 13347 raft_consensus.cc:2019] T d52f7cf5517746b3855ab5de02429c7b P ee4ffccf9eb5471297e208d202495ffe [term 0 FOLLOWER]: Advancing to term 1
I0720 00:35:56.828611 12811 raft_consensus.cc:2019] T d52f7cf5517746b3855ab5de02429c7b P bcc77f1560a949c6b130d6b3c67653be [term 0 FOLLOWER]: Advancing to term 1
I0720 00:35:56.829000 13347 raft_consensus.cc:1970] T d52f7cf5517746b3855ab5de02429c7b P ee4ffccf9eb5471297e208d202495ffe [term 1 FOLLOWER]: Snoozing failure detection for election timeout plus an additional 1.601s
I0720 00:35:56.829138 12811 raft_consensus.cc:1970] T d52f7cf5517746b3855ab5de02429c7b P bcc77f1560a949c6b130d6b3c67653be [term 1 FOLLOWER]: Snoozing failure detection for election timeout plus an additional 1.517s
I0720 00:35:56.829459 13347 raft_consensus.cc:1677] T d52f7cf5517746b3855ab5de02429c7b P ee4ffccf9eb5471297e208d202495ffe [term 1 FOLLOWER]: Leader election vote request: Granting yes vote for candidate 3b2a62766e5449f9ae2697a9113d09fb in term 1.
I0720 00:35:56.829708 13024 leader_election.cc:347] T d52f7cf5517746b3855ab5de02429c7b P 3b2a62766e5449f9ae2697a9113d09fb [CANDIDATE]: Term 1 election: Vote granted by peer ee4ffccf9eb5471297e208d202495ffe
I0720 00:35:56.829746 13024 leader_election.cc:248] T d52f7cf5517746b3855ab5de02429c7b P 3b2a62766e5449f9ae2697a9113d09fb [CANDIDATE]: Term 1 election: Election decided. Result: candidate won.
I0720 00:35:56.830018 13576 raft_consensus.cc:1970] T d52f7cf5517746b3855ab5de02429c7b P 3b2a62766e5449f9ae2697a9113d09fb [term 1 FOLLOWER]: Snoozing failure detection for election timeout plus an additional 1.613s
I0720 00:35:56.830046 12811 raft_consensus.cc:1677] T d52f7cf5517746b3855ab5de02429c7b P bcc77f1560a949c6b130d6b3c67653be [term 1 FOLLOWER]: Leader election vote request: Granting yes vote for candidate 3b2a62766e5449f9ae2697a9113d09fb in term 1.
I0720 00:35:56.830055 13576 raft_consensus.cc:1859] T d52f7cf5517746b3855ab5de02429c7b P 3b2a62766e5449f9ae2697a9113d09fb [term 1 FOLLOWER]: Leader election won for term 1
I0720 00:35:56.830307 13023 leader_election.cc:347] T d52f7cf5517746b3855ab5de02429c7b P 3b2a62766e5449f9ae2697a9113d09fb [CANDIDATE]: Term 1 election: Vote granted by peer bcc77f1560a949c6b130d6b3c67653be
I0720 00:35:56.830507 13576 raft_consensus.cc:464] T d52f7cf5517746b3855ab5de02429c7b P 3b2a62766e5449f9ae2697a9113d09fb [term 1 LEADER]: Becoming Leader. State: Replica: 3b2a62766e5449f9ae2697a9113d09fb, State: 1, Role: LEADER Watermarks: {Received: term: 0 index: 0 Committed: term: 0 index: 0}
I0720 00:35:56.830616 13576 consensus_queue.cc:145] T d52f7cf5517746b3855ab5de02429c7b P 3b2a62766e5449f9ae2697a9113d09fb [LEADER]: Queue going to LEADER mode. State: All replicated op: 0.0, Majority replicated op: 0.0, Committed index: 0.0, Last appended: 0.0, Current term: 1, Majority size: 2, State: 1, Mode: LEADER, active raft config: opid_index: -1 peers { permanent_uuid: "ee4ffccf9eb5471297e208d202495ffe" member_type: VOTER last_known_addr { host: "127.42.236.1" port: 57816 } } peers { permanent_uuid: "3b2a62766e5449f9ae2697a9113d09fb" member_type: VOTER last_known_addr { host: "127.42.236.2" port: 60090 } } peers { permanent_uuid: "bcc77f1560a949c6b130d6b3c67653be" member_type: VOTER last_known_addr { host: "127.42.236.0" port: 42768 } }
I0720 00:35:56.832269 12021 catalog_manager.cc:1856] TS 3b2a62766e5449f9ae2697a9113d09fb does not have the latest schema for tablet d52f7cf5517746b3855ab5de02429c7b (table test-table [id=2a30b8d6c8764cdc9573a60ac5f96269]). Expected version 16 got 0
I0720 00:35:56.832456 12021 catalog_manager.cc:1957] Tablet: d52f7cf5517746b3855ab5de02429c7b reported consensus state change. New consensus state: current_term: 1 leader_uuid: "3b2a62766e5449f9ae2697a9113d09fb" config { opid_index: -1 peers { permanent_uuid: "ee4ffccf9eb5471297e208d202495ffe" member_type: VOTER last_known_addr { host: "127.42.236.1" port: 57816 } } peers { permanent_uuid: "3b2a62766e5449f9ae2697a9113d09fb" member_type: VOTER last_known_addr { host: "127.42.236.2" port: 60090 } } peers { permanent_uuid: "bcc77f1560a949c6b130d6b3c67653be" member_type: VOTER last_known_addr { host: "127.42.236.0" port: 42768 } } }
I0720 00:35:56.838021 12811 raft_consensus.cc:869] T d52f7cf5517746b3855ab5de02429c7b P bcc77f1560a949c6b130d6b3c67653be [term 1 FOLLOWER]: Refusing update from remote peer 3b2a62766e5449f9ae2697a9113d09fb: Log matching property violated. Preceding OpId in replica: term: 0 index: 0. Preceding OpId from leader: term: 1 index: 2. (index mismatch)
I0720 00:35:56.838213 13347 raft_consensus.cc:869] T d52f7cf5517746b3855ab5de02429c7b P ee4ffccf9eb5471297e208d202495ffe [term 1 FOLLOWER]: Refusing update from remote peer 3b2a62766e5449f9ae2697a9113d09fb: Log matching property violated. Preceding OpId in replica: term: 0 index: 0. Preceding OpId from leader: term: 1 index: 2. (index mismatch)
