I0720 00:36:01.405254 13821 raft_consensus.cc:386] T 7e03f0ba978b40fd85393c9e21af5abd P bcc77f1560a949c6b130d6b3c67653be [term 2 FOLLOWER]: Starting election with config: opid_index: -1 peers { permanent_uuid: "ee4ffccf9eb5471297e208d202495ffe" member_type: VOTER last_known_addr { host: "127.42.236.1" port: 57816 } } peers { permanent_uuid: "3b2a62766e5449f9ae2697a9113d09fb" member_type: VOTER last_known_addr { host: "127.42.236.2" port: 60090 } } peers { permanent_uuid: "bcc77f1560a949c6b130d6b3c67653be" member_type: VOTER last_known_addr { host: "127.42.236.0" port: 42768 } }
I0720 00:36:01.406119 13821 leader_election.cc:223] T 7e03f0ba978b40fd85393c9e21af5abd P bcc77f1560a949c6b130d6b3c67653be [CANDIDATE]: Term 2 election: Requesting vote from peer ee4ffccf9eb5471297e208d202495ffe
I0720 00:36:01.406206 13821 leader_election.cc:223] T 7e03f0ba978b40fd85393c9e21af5abd P bcc77f1560a949c6b130d6b3c67653be [CANDIDATE]: Term 2 election: Requesting vote from peer 3b2a62766e5449f9ae2697a9113d09fb
I0720 00:36:01.406613 13996 raft_consensus.cc:2019] T 7e03f0ba978b40fd85393c9e21af5abd P ee4ffccf9eb5471297e208d202495ffe [term 1 FOLLOWER]: Advancing to term 2
I0720 00:36:01.406656 13680 raft_consensus.cc:1640] T 7e03f0ba978b40fd85393c9e21af5abd P 3b2a62766e5449f9ae2697a9113d09fb [term 1 FOLLOWER]: Leader election vote request: Denying vote to candidate bcc77f1560a949c6b130d6b3c67653be for term 2 because replica is either leader or believes a valid leader to be alive.
I0720 00:36:01.406913 12747 leader_election.cc:361] T 7e03f0ba978b40fd85393c9e21af5abd P bcc77f1560a949c6b130d6b3c67653be [CANDIDATE]: Term 2 election: Vote denied by peer 3b2a62766e5449f9ae2697a9113d09fb. Message: Invalid argument: T 7e03f0ba978b40fd85393c9e21af5abd P 3b2a62766e5449f9ae2697a9113d09fb [term 1 FOLLOWER]: Leader election vote request: Denying vote to candidate bcc77f1560a949c6b130d6b3c67653be for term 2 because replica is either leader or believes a valid leader to be alive.
I0720 00:36:01.407292 13996 raft_consensus.cc:1970] T 7e03f0ba978b40fd85393c9e21af5abd P ee4ffccf9eb5471297e208d202495ffe [term 2 FOLLOWER]: Snoozing failure detection for election timeout plus an additional 1.631s
I0720 00:36:01.407825 13996 raft_consensus.cc:1677] T 7e03f0ba978b40fd85393c9e21af5abd P ee4ffccf9eb5471297e208d202495ffe [term 2 FOLLOWER]: Leader election vote request: Granting yes vote for candidate bcc77f1560a949c6b130d6b3c67653be in term 2.
I0720 00:36:01.408107 12749 leader_election.cc:347] T 7e03f0ba978b40fd85393c9e21af5abd P bcc77f1560a949c6b130d6b3c67653be [CANDIDATE]: Term 2 election: Vote granted by peer ee4ffccf9eb5471297e208d202495ffe
I0720 00:36:01.408139 12749 leader_election.cc:248] T 7e03f0ba978b40fd85393c9e21af5abd P bcc77f1560a949c6b130d6b3c67653be [CANDIDATE]: Term 2 election: Election decided. Result: candidate won.
I0720 00:36:01.408406 14100 raft_consensus.cc:1970] T 7e03f0ba978b40fd85393c9e21af5abd P bcc77f1560a949c6b130d6b3c67653be [term 2 FOLLOWER]: Snoozing failure detection for election timeout plus an additional 1.634s
I0720 00:36:01.408468 14100 raft_consensus.cc:1859] T 7e03f0ba978b40fd85393c9e21af5abd P bcc77f1560a949c6b130d6b3c67653be [term 2 FOLLOWER]: Leader election won for term 2
I0720 00:36:01.408854 14100 raft_consensus.cc:464] T 7e03f0ba978b40fd85393c9e21af5abd P bcc77f1560a949c6b130d6b3c67653be [term 2 LEADER]: Becoming Leader. State: Replica: bcc77f1560a949c6b130d6b3c67653be, State: 1, Role: LEADER Watermarks: {Received: term: 1 index: 3 Committed: term: 1 index: 3}
I0720 00:36:01.408972 14100 consensus_queue.cc:145] T 7e03f0ba978b40fd85393c9e21af5abd P bcc77f1560a949c6b130d6b3c67653be [LEADER]: Queue going to LEADER mode. State: All replicated op: 1.3, Majority replicated op: 1.3, Committed index: 1.3, Last appended: 1.3, Current term: 2, Majority size: 2, State: 1, Mode: LEADER, active raft config: opid_index: -1 peers { permanent_uuid: "ee4ffccf9eb5471297e208d202495ffe" member_type: VOTER last_known_addr { host: "127.42.236.1" port: 57816 } } peers { permanent_uuid: "3b2a62766e5449f9ae2697a9113d09fb" member_type: VOTER last_known_addr { host: "127.42.236.2" port: 60090 } } peers { permanent_uuid: "bcc77f1560a949c6b130d6b3c67653be" member_type: VOTER last_known_addr { host: "127.42.236.0" port: 42768 } }
W0720 00:36:01.410357 14104 raft_consensus_state.cc:541] T 7e03f0ba978b40fd85393c9e21af5abd P bcc77f1560a949c6b130d6b3c67653be [term 2 LEADER]: Can't advance the committed index across term boundaries until operations from the current term are replicated. Last committed operation was: term: 1 index: 3, New majority replicated is: term: 1 index: 3, Current term is: 2
I0720 00:36:01.410626 12021 catalog_manager.cc:1957] Tablet: 7e03f0ba978b40fd85393c9e21af5abd reported consensus state change. New consensus state: current_term: 2 leader_uuid: "bcc77f1560a949c6b130d6b3c67653be" config { opid_index: -1 peers { permanent_uuid: "ee4ffccf9eb5471297e208d202495ffe" member_type: VOTER last_known_addr { host: "127.42.236.1" port: 57816 } } peers { permanent_uuid: "3b2a62766e5449f9ae2697a9113d09fb" member_type: VOTER last_known_addr { host: "127.42.236.2" port: 60090 } } peers { permanent_uuid: "bcc77f1560a949c6b130d6b3c67653be" member_type: VOTER last_known_addr { host: "127.42.236.0" port: 42768 } } }
I0720 00:36:01.845638 13549 raft_consensus.cc:366] T 6a57c26d3a544205a7915b6156b0567f P bcc77f1560a949c6b130d6b3c67653be [term 1 FOLLOWER]: Failure of leader ee4ffccf9eb5471297e208d202495ffe detected. Triggering leader election
I0720 00:36:01.845674 13549 raft_consensus.cc:2019] T 6a57c26d3a544205a7915b6156b0567f P bcc77f1560a949c6b130d6b3c67653be [term 1 FOLLOWER]: Advancing to term 2
I0720 00:36:01.846276 13549 raft_consensus.cc:1970] T 6a57c26d3a544205a7915b6156b0567f P bcc77f1560a949c6b130d6b3c67653be [term 2 FOLLOWER]: Snoozing failure detection for election timeout plus an additional 1.579s
I0720 00:36:01.846354 13549 raft_consensus.cc:386] T 6a57c26d3a544205a7915b6156b0567f P bcc77f1560a949c6b130d6b3c67653be [term 2 FOLLOWER]: Starting election with config: opid_index: -1 peers { permanent_uuid: "3b2a62766e5449f9ae2697a9113d09fb" member_type: VOTER last_known_addr { host: "127.42.236.2" port: 60090 } } peers { permanent_uuid: "ee4ffccf9eb5471297e208d202495ffe" member_type: VOTER last_known_addr { host: "127.42.236.1" port: 57816 } } peers { permanent_uuid: "bcc77f1560a949c6b130d6b3c67653be" member_type: VOTER last_known_addr { host: "127.42.236.0" port: 42768 } }
I0720 00:36:01.847322 13549 leader_election.cc:223] T 6a57c26d3a544205a7915b6156b0567f P bcc77f1560a949c6b130d6b3c67653be [CANDIDATE]: Term 2 election: Requesting vote from peer 3b2a62766e5449f9ae2697a9113d09fb
I0720 00:36:01.847465 13549 leader_election.cc:223] T 6a57c26d3a544205a7915b6156b0567f P bcc77f1560a949c6b130d6b3c67653be [CANDIDATE]: Term 2 election: Requesting vote from peer ee4ffccf9eb5471297e208d202495ffe
I0720 00:36:01.847906 13680 raft_consensus.cc:2019] T 6a57c26d3a544205a7915b6156b0567f P 3b2a62766e5449f9ae2697a9113d09fb [term 1 FOLLOWER]: Advancing to term 2
I0720 00:36:01.847980 13996 raft_consensus.cc:2019] T 6a57c26d3a544205a7915b6156b0567f P ee4ffccf9eb5471297e208d202495ffe [term 1 FOLLOWER]: Advancing to term 2
I0720 00:36:01.848435 13996 raft_consensus.cc:1970] T 6a57c26d3a544205a7915b6156b0567f P ee4ffccf9eb5471297e208d202495ffe [term 2 FOLLOWER]: Snoozing failure detection for election timeout plus an additional 1.504s
I0720 00:36:01.848460 13680 raft_consensus.cc:1970] T 6a57c26d3a544205a7915b6156b0567f P 3b2a62766e5449f9ae2697a9113d09fb [term 2 FOLLOWER]: Snoozing failure detection for election timeout plus an additional 1.559s
I0720 00:36:01.848938 13996 raft_consensus.cc:1677] T 6a57c26d3a544205a7915b6156b0567f P ee4ffccf9eb5471297e208d202495ffe [term 2 FOLLOWER]: Leader election vote request: Granting yes vote for candidate bcc77f1560a949c6b130d6b3c67653be in term 2.
I0720 00:36:01.848942 13680 raft_consensus.cc:1677] T 6a57c26d3a544205a7915b6156b0567f P 3b2a62766e5449f9ae2697a9113d09fb [term 2 FOLLOWER]: Leader election vote request: Granting yes vote for candidate bcc77f1560a949c6b130d6b3c67653be in term 2.
I0720 00:36:01.849200 12747 leader_election.cc:347] T 6a57c26d3a544205a7915b6156b0567f P bcc77f1560a949c6b130d6b3c67653be [CANDIDATE]: Term 2 election: Vote granted by peer 3b2a62766e5449f9ae2697a9113d09fb
I0720 00:36:01.849241 12747 leader_election.cc:248] T 6a57c26d3a544205a7915b6156b0567f P bcc77f1560a949c6b130d6b3c67653be [CANDIDATE]: Term 2 election: Election decided. Result: candidate won.
I0720 00:36:01.849272 12749 leader_election.cc:347] T 6a57c26d3a544205a7915b6156b0567f P bcc77f1560a949c6b130d6b3c67653be [CANDIDATE]: Term 2 election: Vote granted by peer ee4ffccf9eb5471297e208d202495ffe
I0720 00:36:01.849594 14105 raft_consensus.cc:1970] T 6a57c26d3a544205a7915b6156b0567f P bcc77f1560a949c6b130d6b3c67653be [term 2 FOLLOWER]: Snoozing failure detection for election timeout plus an additional 1.643s
I0720 00:36:01.849634 14105 raft_consensus.cc:1859] T 6a57c26d3a544205a7915b6156b0567f P bcc77f1560a949c6b130d6b3c67653be [term 2 FOLLOWER]: Leader election won for term 2
I0720 00:36:01.849922 14105 raft_consensus.cc:464] T 6a57c26d3a544205a7915b6156b0567f P bcc77f1560a949c6b130d6b3c67653be [term 2 LEADER]: Becoming Leader. State: Replica: bcc77f1560a949c6b130d6b3c67653be, State: 1, Role: LEADER Watermarks: {Received: term: 1 index: 7 Committed: term: 1 index: 7}
I0720 00:36:01.850080 14105 consensus_queue.cc:145] T 6a57c26d3a544205a7915b6156b0567f P bcc77f1560a949c6b130d6b3c67653be [LEADER]: Queue going to LEADER mode. State: All replicated op: 1.7, Majority replicated op: 1.7, Committed index: 1.7, Last appended: 1.7, Current term: 2, Majority size: 2, State: 1, Mode: LEADER, active raft config: opid_index: -1 peers { permanent_uuid: "3b2a62766e5449f9ae2697a9113d09fb" member_type: VOTER last_known_addr { host: "127.42.236.2" port: 60090 } } peers { permanent_uuid: "ee4ffccf9eb5471297e208d202495ffe" member_type: VOTER last_known_addr { host: "127.42.236.1" port: 57816 } } peers { permanent_uuid: "bcc77f1560a949c6b130d6b3c67653be" member_type: VOTER last_known_addr { host: "127.42.236.0" port: 42768 } }
I0720 00:36:01.851768 12021 catalog_manager.cc:1957] Tablet: 6a57c26d3a544205a7915b6156b0567f reported consensus state change. New consensus state: current_term: 2 leader_uuid: "bcc77f1560a949c6b130d6b3c67653be" config { opid_index: -1 peers { permanent_uuid: "3b2a62766e5449f9ae2697a9113d09fb" member_type: VOTER last_known_addr { host: "127.42.236.2" port: 60090 } } peers { permanent_uuid: "ee4ffccf9eb5471297e208d202495ffe" member_type: VOTER last_known_addr { host: "127.42.236.1" port: 57816 } } peers { permanent_uuid: "bcc77f1560a949c6b130d6b3c67653be" member_type: VOTER last_known_addr { host: "127.42.236.0" port: 42768 } } }
I0720 00:36:01.871902 13996 raft_consensus.cc:869] T 6a57c26d3a544205a7915b6156b0567f P ee4ffccf9eb5471297e208d202495ffe [term 2 FOLLOWER]: Refusing update from remote peer bcc77f1560a949c6b130d6b3c67653be: Log matching property violated. Preceding OpId in replica: term: 1 index: 7. Preceding OpId from leader: term: 2 index: 9. (index mismatch)
I0720 00:36:01.872113 13680 raft_consensus.cc:869] T 6a57c26d3a544205a7915b6156b0567f P 3b2a62766e5449f9ae2697a9113d09fb [term 2 FOLLOWER]: Refusing update from remote peer bcc77f1560a949c6b130d6b3c67653be: Log matching property violated. Preceding OpId in replica: term: 1 index: 7. Preceding OpId from leader: term: 2 index: 9. (index mismatch)
I0720 00:36:01.872306 14106 consensus_queue.cc:578] T 6a57c26d3a544205a7915b6156b0567f P bcc77f1560a949c6b130d6b3c67653be [LEADER]: Connected to new peer: Peer: ee4ffccf9eb5471297e208d202495ffe, Is new: false, Last received: 1.7, Next index: 8, Last known committed idx: 7, Last exchange result: ERROR, Needs remote bootstrap: false
I0720 00:36:01.872426 14105 consensus_queue.cc:578] T 6a57c26d3a544205a7915b6156b0567f P bcc77f1560a949c6b130d6b3c67653be [LEADER]: Connected to new peer: Peer: 3b2a62766e5449f9ae2697a9113d09fb, Is new: false, Last received: 1.7, Next index: 8, Last known committed idx: 7, Last exchange result: ERROR, Needs remote bootstrap: false
I0720 00:36:01.875115 14109 raft_consensus_state.cc:534] T 6a57c26d3a544205a7915b6156b0567f P bcc77f1560a949c6b130d6b3c67653be [term 2 LEADER]: Advanced the committed_index across terms. Last committed operation was: term: 1 index: 7 New committed index is: term: 2 index: 9
I0720 00:36:01.910557 13996 raft_consensus.cc:869] T 7e03f0ba978b40fd85393c9e21af5abd P ee4ffccf9eb5471297e208d202495ffe [term 2 FOLLOWER]: Refusing update from remote peer bcc77f1560a949c6b130d6b3c67653be: Log matching property violated. Preceding OpId in replica: term: 1 index: 3. Preceding OpId from leader: term: 2 index: 4. (index mismatch)
I0720 00:36:01.910915 14100 consensus_queue.cc:578] T 7e03f0ba978b40fd85393c9e21af5abd P bcc77f1560a949c6b130d6b3c67653be [LEADER]: Connected to new peer: Peer: ee4ffccf9eb5471297e208d202495ffe, Is new: false, Last received: 1.3, Next index: 4, Last known committed idx: 3, Last exchange result: ERROR, Needs remote bootstrap: false
I0720 00:36:01.911206 13680 raft_consensus.cc:2019] T 7e03f0ba978b40fd85393c9e21af5abd P 3b2a62766e5449f9ae2697a9113d09fb [term 1 FOLLOWER]: Advancing to term 2
I0720 00:36:01.911797 13680 raft_consensus.cc:869] T 7e03f0ba978b40fd85393c9e21af5abd P 3b2a62766e5449f9ae2697a9113d09fb [term 2 FOLLOWER]: Refusing update from remote peer bcc77f1560a949c6b130d6b3c67653be: Log matching property violated. Preceding OpId in replica: term: 1 index: 3. Preceding OpId from leader: term: 2 index: 4. (index mismatch)
I0720 00:36:01.912227 14100 consensus_queue.cc:578] T 7e03f0ba978b40fd85393c9e21af5abd P bcc77f1560a949c6b130d6b3c67653be [LEADER]: Connected to new peer: Peer: 3b2a62766e5449f9ae2697a9113d09fb, Is new: false, Last received: 1.3, Next index: 4, Last known committed idx: 3, Last exchange result: ERROR, Needs remote bootstrap: false
I0720 00:36:01.915158 14129 raft_consensus_state.cc:534] T 7e03f0ba978b40fd85393c9e21af5abd P bcc77f1560a949c6b130d6b3c67653be [term 2 LEADER]: Advanced the committed_index across terms. Last committed operation was: term: 1 index: 3 New committed index is: term: 2 index: 4
I0720 00:36:02.090188 10988 alter_table-randomized-test.cc:390] Beginning Alterations
I0720 00:36:02.091295 10988 alter_table-randomized-test.cc:471] Dropping range partition: [1543503849, 1610612712) resulting partitions: (67108863, 134217726], (402653178, 469762041], (671088630, 738197493], (738197493, 805306356], (805306356, 872415219], (872415219, 939524082], (1140850671, 1207959534], (1677721575, 1744830438)
I0720 00:36:02.091351 10988 alter_table-randomized-test.cc:412] Committing Alterations
I0720 00:36:02.091815 12022 catalog_manager.cc:1359] Servicing AlterTable request from {real_user=slave, eff_user=} at 127.0.0.1:46073: table { table_name: "test-table" } alter_schema_steps { type: DROP_RANGE_PARTITION drop_range_partition { range_bounds { rows: "\006\001\351\377\377[\007\001\350\377\377_" } } } schema { columns { name: "key" type: INT32 is_key: true is_nullable: false encoding: AUTO_ENCODING compression: DEFAULT_COMPRESSION cfile_block_size: 0 } }
I0720 00:36:02.095641 12022 catalog_manager.cc:2796] Sending DeleteTablet for 3 replicas of tablet c6cc355d995a4a4c96fbdeb49e77c85b
I0720 00:36:02.095690 12022 catalog_manager.cc:2812] T 00000000000000000000000000000000 P 1045dd375010469d9a77d8d8f93d4562: Deleting tablet c6cc355d995a4a4c96fbdeb49e77c85b on peer ee4ffccf9eb5471297e208d202495ffe with delete type TABLET_DATA_DELETED (Partition dropped at 2016-07-20 00:36:02 UTC)
I0720 00:36:02.096216 12022 catalog_manager.cc:2812] T 00000000000000000000000000000000 P 1045dd375010469d9a77d8d8f93d4562: Deleting tablet c6cc355d995a4a4c96fbdeb49e77c85b on peer 3b2a62766e5449f9ae2697a9113d09fb with delete type TABLET_DATA_DELETED (Partition dropped at 2016-07-20 00:36:02 UTC)
I0720 00:36:02.096477 12022 catalog_manager.cc:2812] T 00000000000000000000000000000000 P 1045dd375010469d9a77d8d8f93d4562: Deleting tablet c6cc355d995a4a4c96fbdeb49e77c85b on peer bcc77f1560a949c6b130d6b3c67653be with delete type TABLET_DATA_DELETED (Partition dropped at 2016-07-20 00:36:02 UTC)
I0720 00:36:02.096583 13658 tablet_service.cc:651] Processing DeleteTablet for tablet c6cc355d995a4a4c96fbdeb49e77c85b with delete_type TABLET_DATA_DELETED (Partition dropped at 2016-07-20 00:36:02 UTC) from {real_user=slave, eff_user=} at 127.0.0.1:56678
I0720 00:36:02.096626 13658 tablet_peer.cc:214] Initiating TabletPeer shutdown for tablet: c6cc355d995a4a4c96fbdeb49e77c85b
I0720 00:36:02.096683 13658 maintenance_manager.cc:176] Unregistered op CompactRowSetsOp(c6cc355d995a4a4c96fbdeb49e77c85b)
I0720 00:36:02.096705 13658 maintenance_manager.cc:176] Unregistered op MinorDeltaCompactionOp(c6cc355d995a4a4c96fbdeb49e77c85b)
I0720 00:36:02.096722 13658 maintenance_manager.cc:176] Unregistered op MajorDeltaCompactionOp(c6cc355d995a4a4c96fbdeb49e77c85b)
I0720 00:36:02.096746 13658 maintenance_manager.cc:176] Unregistered op FlushMRSOp(c6cc355d995a4a4c96fbdeb49e77c85b)
I0720 00:36:02.096768 13658 maintenance_manager.cc:176] Unregistered op FlushDeltaMemStoresOp(c6cc355d995a4a4c96fbdeb49e77c85b)
I0720 00:36:02.096784 13658 maintenance_manager.cc:176] Unregistered op LogGCOp(c6cc355d995a4a4c96fbdeb49e77c85b)
I0720 00:36:02.096804 13658 raft_consensus.cc:1495] T c6cc355d995a4a4c96fbdeb49e77c85b P 3b2a62766e5449f9ae2697a9113d09fb [term 1 FOLLOWER]: Raft consensus shutting down.
I0720 00:36:02.096846 13658 raft_consensus.cc:1511] T c6cc355d995a4a4c96fbdeb49e77c85b P 3b2a62766e5449f9ae2697a9113d09fb [term 1 FOLLOWER]: Raft consensus is shut down!
I0720 00:36:02.097151 13975 tablet_service.cc:651] Processing DeleteTablet for tablet c6cc355d995a4a4c96fbdeb49e77c85b with delete_type TABLET_DATA_DELETED (Partition dropped at 2016-07-20 00:36:02 UTC) from {real_user=slave, eff_user=} at 127.0.0.1:60348
I0720 00:36:02.097211 13975 tablet_peer.cc:214] Initiating TabletPeer shutdown for tablet: c6cc355d995a4a4c96fbdeb49e77c85b
I0720 00:36:02.097302 13975 maintenance_manager.cc:176] Unregistered op CompactRowSetsOp(c6cc355d995a4a4c96fbdeb49e77c85b)
I0720 00:36:02.097335 13975 maintenance_manager.cc:176] Unregistered op MinorDeltaCompactionOp(c6cc355d995a4a4c96fbdeb49e77c85b)
I0720 00:36:02.097352 13975 maintenance_manager.cc:176] Unregistered op MajorDeltaCompactionOp(c6cc355d995a4a4c96fbdeb49e77c85b)
I0720 00:36:02.097388 13975 maintenance_manager.cc:176] Unregistered op FlushMRSOp(c6cc355d995a4a4c96fbdeb49e77c85b)
I0720 00:36:02.097404 13975 maintenance_manager.cc:176] Unregistered op FlushDeltaMemStoresOp(c6cc355d995a4a4c96fbdeb49e77c85b)
I0720 00:36:02.097417 13975 maintenance_manager.cc:176] Unregistered op LogGCOp(c6cc355d995a4a4c96fbdeb49e77c85b)
I0720 00:36:02.097445 13975 raft_consensus.cc:1495] T c6cc355d995a4a4c96fbdeb49e77c85b P ee4ffccf9eb5471297e208d202495ffe [term 1 FOLLOWER]: Raft consensus shutting down.
I0720 00:36:02.097527 13975 raft_consensus.cc:1511] T c6cc355d995a4a4c96fbdeb49e77c85b P ee4ffccf9eb5471297e208d202495ffe [term 1 FOLLOWER]: Raft consensus is shut down!
I0720 00:36:02.097820 10988 alter_table-randomized-test.cc:92] Restarting TS 1
I0720 00:36:02.097826 13658 ts_tablet_manager.cc:960] T c6cc355d995a4a4c96fbdeb49e77c85b P 3b2a62766e5449f9ae2697a9113d09fb: Deleting tablet data with delete state TABLET_DATA_DELETED
I0720 00:36:02.097851 10988 external_mini_cluster.cc:661] Killing /tmp/run_tha_testFPtVYj/build/debug/bin/kudu-tserver with pid 13923
I0720 00:36:02.098747 12785 tablet_service.cc:651] Processing DeleteTablet for tablet c6cc355d995a4a4c96fbdeb49e77c85b with delete_type TABLET_DATA_DELETED (Partition dropped at 2016-07-20 00:36:02 UTC) from {real_user=slave, eff_user=} at 127.0.0.1:36291
I0720 00:36:02.098788 12785 tablet_peer.cc:214] Initiating TabletPeer shutdown for tablet: c6cc355d995a4a4c96fbdeb49e77c85b
I0720 00:36:02.098837 12785 maintenance_manager.cc:176] Unregistered op CompactRowSetsOp(c6cc355d995a4a4c96fbdeb49e77c85b)
I0720 00:36:02.098870 12785 maintenance_manager.cc:176] Unregistered op MinorDeltaCompactionOp(c6cc355d995a4a4c96fbdeb49e77c85b)
I0720 00:36:02.098887 12785 maintenance_manager.cc:176] Unregistered op MajorDeltaCompactionOp(c6cc355d995a4a4c96fbdeb49e77c85b)
I0720 00:36:02.098912 12785 maintenance_manager.cc:176] Unregistered op FlushMRSOp(c6cc355d995a4a4c96fbdeb49e77c85b)
I0720 00:36:02.098937 12785 maintenance_manager.cc:176] Unregistered op FlushDeltaMemStoresOp(c6cc355d995a4a4c96fbdeb49e77c85b)
I0720 00:36:02.098953 12785 maintenance_manager.cc:176] Unregistered op LogGCOp(c6cc355d995a4a4c96fbdeb49e77c85b)
I0720 00:36:02.098973 12785 raft_consensus.cc:1495] T c6cc355d995a4a4c96fbdeb49e77c85b P bcc77f1560a949c6b130d6b3c67653be [term 1 LEADER]: Raft consensus shutting down.
I0720 00:36:02.099088 12785 consensus_peers.cc:358] T c6cc355d995a4a4c96fbdeb49e77c85b P bcc77f1560a949c6b130d6b3c67653be -> Peer 3b2a62766e5449f9ae2697a9113d09fb (127.42.236.2:60090): Closing peer: 3b2a62766e5449f9ae2697a9113d09fb
I0720 00:36:02.099194 12785 consensus_peers.cc:358] T c6cc355d995a4a4c96fbdeb49e77c85b P bcc77f1560a949c6b130d6b3c67653be -> Peer ee4ffccf9eb5471297e208d202495ffe (127.42.236.1:57816): Closing peer: ee4ffccf9eb5471297e208d202495ffe
I0720 00:36:02.099195 13658 ts_tablet_manager.cc:970] T c6cc355d995a4a4c96fbdeb49e77c85b P 3b2a62766e5449f9ae2697a9113d09fb: Tablet deleted. Last logged OpId: 1.7
I0720 00:36:02.099342 12785 raft_consensus.cc:1511] T c6cc355d995a4a4c96fbdeb49e77c85b P bcc77f1560a949c6b130d6b3c67653be [term 1 LEADER]: Raft consensus is shut down!
I0720 00:36:02.099548 13658 tablet_bootstrap.cc:400] T c6cc355d995a4a4c96fbdeb49e77c85b P 3b2a62766e5449f9ae2697a9113d09fb: Deleted tablet blocks from disk
I0720 00:36:02.099974 12008 catalog_manager.cc:2499] TS 3b2a62766e5449f9ae2697a9113d09fb: tablet c6cc355d995a4a4c96fbdeb49e77c85b (table test-table [id=2a30b8d6c8764cdc9573a60ac5f96269]) successfully deleted
I0720 00:36:02.100289 12785 ts_tablet_manager.cc:960] T c6cc355d995a4a4c96fbdeb49e77c85b P bcc77f1560a949c6b130d6b3c67653be: Deleting tablet data with delete state TABLET_DATA_DELETED
I0720 00:36:02.101382 12785 ts_tablet_manager.cc:970] T c6cc355d995a4a4c96fbdeb49e77c85b P bcc77f1560a949c6b130d6b3c67653be: Tablet deleted. Last logged OpId: 1.7
I0720 00:36:02.101754 12785 tablet_bootstrap.cc:400] T c6cc355d995a4a4c96fbdeb49e77c85b P bcc77f1560a949c6b130d6b3c67653be: Deleted tablet blocks from disk
I0720 00:36:02.102200 12009 catalog_manager.cc:2499] TS bcc77f1560a949c6b130d6b3c67653be: tablet c6cc355d995a4a4c96fbdeb49e77c85b (table test-table [id=2a30b8d6c8764cdc9573a60ac5f96269]) successfully deleted
W0720 00:36:02.102360 12010 catalog_manager.cc:2234] TS ee4ffccf9eb5471297e208d202495ffe: Delete Tablet RPC failed for tablet c6cc355d995a4a4c96fbdeb49e77c85b: Network error: Recv() got EOF from remote (error 108)
I0720 00:36:02.102381 12010 catalog_manager.cc:2290] Scheduling retry of c6cc355d995a4a4c96fbdeb49e77c85b Delete Tablet RPC for TS=ee4ffccf9eb5471297e208d202495ffe with a delay of 27ms (attempt = 1)...
I0720 00:36:02.102648 10988 external_mini_cluster.cc:559] Running /tmp/run_tha_testFPtVYj/build/debug/bin/kudu-tserver kudu-tserver --fs_wal_dir=/tmp/kudutest-1000/alter_table-randomized-test.AlterTableRandomized.TestRandomSequence.1468974934021256-10988/minicluster-data/ts-1 --fs_data_dirs=/tmp/kudutest-1000/alter_table-randomized-test.AlterTableRandomized.TestRandomSequence.1468974934021256-10988/minicluster-data/ts-1 --rpc_bind_addresses=127.42.236.1:57816 --local_ip_for_outbound_sockets=127.42.236.1 --webserver_port=35099 --webserver_interface=127.42.236.1 --tserver_master_addrs=127.0.0.1:35587 --metrics_log_interval_ms=1000 --log_dir=/tmp/kudutest-1000/alter_table-randomized-test.AlterTableRandomized.TestRandomSequence.1468974934021256-10988/minicluster-data/ts-1 --never_fsync --log_container_preallocate_bytes=0 --server_dump_info_path=/tmp/kudutest-1000/alter_table-randomized-test.AlterTableRandomized.TestRandomSequence.1468974934021256-10988/minicluster-data/ts-1/info.pb --server_dump_info_format=pb --rpc_server_allow_ephemeral_ports --logtostderr --logbuflevel=-1
I0720 00:36:02.126502 14148 mem_tracker.cc:138] MemTracker: hard memory limit is 11.777661 GB
I0720 00:36:02.126602 14148 mem_tracker.cc:140] MemTracker: soft memory limit is 7.066597 GB
W0720 00:36:02.130269 12010 catalog_manager.cc:2234] TS ee4ffccf9eb5471297e208d202495ffe: Delete Tablet RPC failed for tablet c6cc355d995a4a4c96fbdeb49e77c85b: Network error: Client connection negotiation failed: client connection to 127.42.236.1:57816: connect: Connection refused (error 111)
I0720 00:36:02.130298 12010 catalog_manager.cc:2290] Scheduling retry of c6cc355d995a4a4c96fbdeb49e77c85b Delete Tablet RPC for TS=ee4ffccf9eb5471297e208d202495ffe with a delay of 74ms (attempt = 2)...
I0720 00:36:02.130399 14148 tablet_server_main.cc:54] Initializing tablet server...
I0720 00:36:02.131098 14148 hybrid_clock.cc:178] HybridClock initialized. Resolution in nanos?: 1 Wait times tolerance adjustment: 1.0005 Current error: 1041193
I0720 00:36:02.139086 14148 fs_manager.cc:242] Opened local filesystem: /tmp/kudutest-1000/alter_table-randomized-test.AlterTableRandomized.TestRandomSequence.1468974934021256-10988/minicluster-data/ts-1 uuid: "ee4ffccf9eb5471297e208d202495ffe" format_stamp: "Formatted at 2016-07-20 00:35:34 on dist-test-slave-dist-test-slave-yks8"
I0720 00:36:02.142520 14148 ts_tablet_manager.cc:607] Loading metadata for tablet c6cc355d995a4a4c96fbdeb49e77c85b
I0720 00:36:02.143605 14148 ts_tablet_manager.cc:607] Loading metadata for tablet 2cb397eb20544e5083a66377d9e81ed7
I0720 00:36:02.143836 14148 ts_tablet_manager.cc:607] Loading metadata for tablet 3941d911c89d427eacd1d70afe9fb986
I0720 00:36:02.144418 14148 ts_tablet_manager.cc:607] Loading metadata for tablet 29f497c505024c759ee8d7ad1e87eadd
I0720 00:36:02.144647 14148 ts_tablet_manager.cc:607] Loading metadata for tablet b1c07315063d4ca2bd5779ba9cb0880e
I0720 00:36:02.144872 14148 ts_tablet_manager.cc:607] Loading metadata for tablet 7e03f0ba978b40fd85393c9e21af5abd
I0720 00:36:02.145150 14148 ts_tablet_manager.cc:607] Loading metadata for tablet fb14d4878a6441df8d5ab1d6802492fb
I0720 00:36:02.145495 14148 ts_tablet_manager.cc:607] Loading metadata for tablet 6a57c26d3a544205a7915b6156b0567f
I0720 00:36:02.145720 14148 ts_tablet_manager.cc:607] Loading metadata for tablet f6e9db4a1f1644b4a3b1935d19395232
I0720 00:36:02.146153 14148 ts_tablet_manager.cc:765] Registered tablet c6cc355d995a4a4c96fbdeb49e77c85b
I0720 00:36:02.146399 14148 ts_tablet_manager.cc:765] Registered tablet 2cb397eb20544e5083a66377d9e81ed7
I0720 00:36:02.146461 14148 ts_tablet_manager.cc:765] Registered tablet 3941d911c89d427eacd1d70afe9fb986
I0720 00:36:02.146507 14157 ts_tablet_manager.cc:631] T c6cc355d995a4a4c96fbdeb49e77c85b P ee4ffccf9eb5471297e208d202495ffe: Bootstrapping tablet
I0720 00:36:02.146510 14148 ts_tablet_manager.cc:765] Registered tablet 29f497c505024c759ee8d7ad1e87eadd
I0720 00:36:02.146592 14148 ts_tablet_manager.cc:765] Registered tablet b1c07315063d4ca2bd5779ba9cb0880e
I0720 00:36:02.146643 14148 ts_tablet_manager.cc:765] Registered tablet 7e03f0ba978b40fd85393c9e21af5abd
I0720 00:36:02.146689 14148 ts_tablet_manager.cc:765] Registered tablet fb14d4878a6441df8d5ab1d6802492fb
I0720 00:36:02.146735 14148 ts_tablet_manager.cc:765] Registered tablet 6a57c26d3a544205a7915b6156b0567f
I0720 00:36:02.146781 14148 ts_tablet_manager.cc:765] Registered tablet f6e9db4a1f1644b4a3b1935d19395232
I0720 00:36:02.146929 14157 tablet_bootstrap.cc:400] T c6cc355d995a4a4c96fbdeb49e77c85b P ee4ffccf9eb5471297e208d202495ffe: Bootstrap starting.
I0720 00:36:02.146960 14148 tablet_server_main.cc:57] Starting tablet server...
I0720 00:36:02.148470 14157 tablet_bootstrap.cc:563] T c6cc355d995a4a4c96fbdeb49e77c85b P ee4ffccf9eb5471297e208d202495ffe: Time spent opening tablet: real 0.001s user 0.000s sys 0.000s
I0720 00:36:02.148628 14157 tablet_bootstrap.cc:619] T c6cc355d995a4a4c96fbdeb49e77c85b P ee4ffccf9eb5471297e208d202495ffe: Will attempt to recover log segment /tmp/kudutest-1000/alter_table-randomized-test.AlterTableRandomized.TestRandomSequence.1468974934021256-10988/minicluster-data/ts-1/wals/c6cc355d995a4a4c96fbdeb49e77c85b/wal-000000001 to /tmp/kudutest-1000/alter_table-randomized-test.AlterTableRandomized.TestRandomSequence.1468974934021256-10988/minicluster-data/ts-1/wals/c6cc355d995a4a4c96fbdeb49e77c85b.recovery/wal-000000001
I0720 00:36:02.148644 14157 tablet_bootstrap.cc:627] T c6cc355d995a4a4c96fbdeb49e77c85b P ee4ffccf9eb5471297e208d202495ffe: Moving log directory /tmp/kudutest-1000/alter_table-randomized-test.AlterTableRandomized.TestRandomSequence.1468974934021256-10988/minicluster-data/ts-1/wals/c6cc355d995a4a4c96fbdeb49e77c85b to recovery directory /tmp/kudutest-1000/alter_table-randomized-test.AlterTableRandomized.TestRandomSequence.1468974934021256-10988/minicluster-data/ts-1/wals/c6cc355d995a4a4c96fbdeb49e77c85b.recovery in preparation for log replay
W0720 00:36:02.149039 14157 log_util.cc:311] Could not read footer for segment: /tmp/kudutest-1000/alter_table-randomized-test.AlterTableRandomized.TestRandomSequence.1468974934021256-10988/minicluster-data/ts-1/wals/c6cc355d995a4a4c96fbdeb49e77c85b.recovery/wal-000000001: Not found: Footer not found. Footer magic doesn't match
I0720 00:36:02.149070 14157 log_reader.cc:152] Log segment /tmp/kudutest-1000/alter_table-randomized-test.AlterTableRandomized.TestRandomSequence.1468974934021256-10988/minicluster-data/ts-1/wals/c6cc355d995a4a4c96fbdeb49e77c85b.recovery/wal-000000001 was likely left in-progress after a previous crash. Will try to rebuild footer by scanning data.
I0720 00:36:02.151132 14157 log_util.cc:569] Scanning /tmp/kudutest-1000/alter_table-randomized-test.AlterTableRandomized.TestRandomSequence.1468974934021256-10988/minicluster-data/ts-1/wals/c6cc355d995a4a4c96fbdeb49e77c85b.recovery/wal-000000001 for valid entry headers following offset 1012...
I0720 00:36:02.178134 14148 rpc_server.cc:164] RPC server started. Bound to: 127.42.236.1:57816
I0720 00:36:02.178469 14148 webserver.cc:122] Starting webserver on 127.42.236.1:35099
I0720 00:36:02.178485 14148 webserver.cc:133] Document root disabled
I0720 00:36:02.178840 14148 webserver.cc:217] Webserver started. Bound to: http://127.42.236.1:35099/
I0720 00:36:02.179283 14148 server_base.cc:235] Dumped server information to /tmp/kudutest-1000/alter_table-randomized-test.AlterTableRandomized.TestRandomSequence.1468974934021256-10988/minicluster-data/ts-1/info.pb
I0720 00:36:02.182350 14262 heartbeater.cc:255] Connected to a leader master server at 127.0.0.1:35587
I0720 00:36:02.182466 14262 heartbeater.cc:322] Registering TS with master...
I0720 00:36:02.182528 14262 heartbeater.cc:328] Sending a full tablet report to master...
I0720 00:36:02.183146 12022 ts_manager.cc:86] Re-registered known tablet server { permanent_uuid: "ee4ffccf9eb5471297e208d202495ffe" instance_seqno: 1468974962175839 } with Master
I0720 00:36:02.184139 10988 external_mini_cluster.cc:595] Started /tmp/run_tha_testFPtVYj/build/debug/bin/kudu-tserver as pid 14148
I0720 00:36:02.191671 14148 tablet_server_main.cc:60] Tablet server successfully started.
I0720 00:36:02.193425 12022 catalog_manager.cc:1826] Got report from deleted tablet c6cc355d995a4a4c96fbdeb49e77c85b (table test-table [id=2a30b8d6c8764cdc9573a60ac5f96269]) (Partition dropped at 2016-07-20 00:36:02 UTC): Sending delete request for this tablet
I0720 00:36:02.193451 12022 catalog_manager.cc:2812] T 00000000000000000000000000000000 P 1045dd375010469d9a77d8d8f93d4562: Deleting tablet c6cc355d995a4a4c96fbdeb49e77c85b on peer ee4ffccf9eb5471297e208d202495ffe with delete type TABLET_DATA_DELETED (Partition dropped at 2016-07-20 00:36:02 UTC)
I0720 00:36:02.194804 14199 tablet_service.cc:651] Processing DeleteTablet for tablet c6cc355d995a4a4c96fbdeb49e77c85b with delete_type TABLET_DATA_DELETED (Partition dropped at 2016-07-20 00:36:02 UTC) from {real_user=slave, eff_user=} at 127.0.0.1:60351
W0720 00:36:02.195261 12010 catalog_manager.cc:2491] TS ee4ffccf9eb5471297e208d202495ffe: delete failed for tablet c6cc355d995a4a4c96fbdeb49e77c85b with error code TABLET_NOT_RUNNING: Illegal state: State transition of tablet c6cc355d995a4a4c96fbdeb49e77c85b already in progress: opening tablet
I0720 00:36:02.195282 12010 catalog_manager.cc:2290] Scheduling retry of c6cc355d995a4a4c96fbdeb49e77c85b Delete Tablet RPC for TS=ee4ffccf9eb5471297e208d202495ffe with a delay of 48ms (attempt = 1)...
I0720 00:36:02.199000 14157 log_util.cc:606] Found no log entry headers
I0720 00:36:02.199026 14157 log_util.cc:215] Ignoring log segment corruption in /tmp/kudutest-1000/alter_table-randomized-test.AlterTableRandomized.TestRandomSequence.1468974934021256-10988/minicluster-data/ts-1/wals/c6cc355d995a4a4c96fbdeb49e77c85b.recovery/wal-000000001 because there are no log entries following the corrupted one. The server probably crashed in the middle of writing an entry to the write-ahead log or downloaded an active log via remote bootstrap. Error detail: Corruption: CRC mismatch in log entry header: Log file corruption detected. Failed trying to read batch #0 at offset 1000 for log segment /tmp/kudutest-1000/alter_table-randomized-test.AlterTableRandomized.TestRandomSequence.1468974934021256-10988/minicluster-data/ts-1/wals/c6cc355d995a4a4c96fbdeb49e77c85b.recovery/wal-000000001: Prior entries: [off=828 REPLICATE (1.6)] [off=862 COMMIT (1.6)] [off=966 REPLICATE (1.7)] [off=1000 COMMIT (1.7)]
I0720 00:36:02.199054 14157 log_util.cc:359] Successfully rebuilt footer for segment: /tmp/kudutest-1000/alter_table-randomized-test.AlterTableRandomized.TestRandomSequence.1468974934021256-10988/minicluster-data/ts-1/wals/c6cc355d995a4a4c96fbdeb49e77c85b.recovery/wal-000000001 (valid entries through byte offset 1000)
I0720 00:36:02.199350 14157 tablet.cc:853] T c6cc355d995a4a4c96fbdeb49e77c85b Rewinding schema during bootstrap to Schema [ 10:key[int32 NOT NULL] ]
I0720 00:36:02.200237 14157 log.cc:349] Log is configured to *not* fsync() on all Append() calls
I0720 00:36:02.202249 14157 tablet.cc:824] T c6cc355d995a4a4c96fbdeb49e77c85b Alter schema from Schema [ 10:key[int32 NOT NULL] ] version 0 to Schema [ 10:key[int32 NOT NULL] ] version 18
I0720 00:36:02.202402 14157 tablet_metadata.cc:428] Not flushing: waiting for 1 pins to be released.
I0720 00:36:02.204797 14199 tablet_service.cc:651] Processing DeleteTablet for tablet c6cc355d995a4a4c96fbdeb49e77c85b with delete_type TABLET_DATA_DELETED (Partition dropped at 2016-07-20 00:36:02 UTC) from {real_user=slave, eff_user=} at 127.0.0.1:60351
W0720 00:36:02.205037 12010 catalog_manager.cc:2491] TS ee4ffccf9eb5471297e208d202495ffe: delete failed for tablet c6cc355d995a4a4c96fbdeb49e77c85b with error code TABLET_NOT_RUNNING: Illegal state: State transition of tablet c6cc355d995a4a4c96fbdeb49e77c85b already in progress: opening tablet
I0720 00:36:02.205057 12010 catalog_manager.cc:2290] Scheduling retry of c6cc355d995a4a4c96fbdeb49e77c85b Delete Tablet RPC for TS=ee4ffccf9eb5471297e208d202495ffe with a delay of 110ms (attempt = 3)...
I0720 00:36:02.205919 14157 tablet_bootstrap.cc:400] T c6cc355d995a4a4c96fbdeb49e77c85b P ee4ffccf9eb5471297e208d202495ffe: Bootstrap replayed 1/1 log segments. Stats: ops{read=7 overwritten=0 applied=7 ignored=0} inserts{seen=5 ignored=0} mutations{seen=0 ignored=0} orphaned_commits=0. Pending: 0 replicates
I0720 00:36:02.205965 14157 tablet_bootstrap.cc:1040] T c6cc355d995a4a4c96fbdeb49e77c85b P ee4ffccf9eb5471297e208d202495ffe: ReplayState: Previous OpId: 1.7, Committed OpId: 1.7, Pending Replicates: 0, Pending Commits: 0
I0720 00:36:02.206817 14157 tablet_bootstrap.cc:656] T c6cc355d995a4a4c96fbdeb49e77c85b P ee4ffccf9eb5471297e208d202495ffe: Preparing to delete log recovery files and directory /tmp/kudutest-1000/alter_table-randomized-test.AlterTableRandomized.TestRandomSequence.1468974934021256-10988/minicluster-data/ts-1/wals/c6cc355d995a4a4c96fbdeb49e77c85b.recovery
I0720 00:36:02.206840 14157 tablet_bootstrap.cc:659] T c6cc355d995a4a4c96fbdeb49e77c85b P ee4ffccf9eb5471297e208d202495ffe: Renaming log recovery dir from /tmp/kudutest-1000/alter_table-randomized-test.AlterTableRandomized.TestRandomSequence.1468974934021256-10988/minicluster-data/ts-1/wals/c6cc355d995a4a4c96fbdeb49e77c85b.recovery to /tmp/kudutest-1000/alter_table-randomized-test.AlterTableRandomized.TestRandomSequence.1468974934021256-10988/minicluster-data/ts-1/wals/c6cc355d995a4a4c96fbdeb49e77c85b.recovery-1468974962206835
I0720 00:36:02.206879 14157 tablet_bootstrap.cc:669] T c6cc355d995a4a4c96fbdeb49e77c85b P ee4ffccf9eb5471297e208d202495ffe: Deleting all files from renamed log recovery directory /tmp/kudutest-1000/alter_table-randomized-test.AlterTableRandomized.TestRandomSequence.1468974934021256-10988/minicluster-data/ts-1/wals/c6cc355d995a4a4c96fbdeb49e77c85b.recovery-1468974962206835
I0720 00:36:02.207116 14157 tablet_bootstrap.cc:672] T c6cc355d995a4a4c96fbdeb49e77c85b P ee4ffccf9eb5471297e208d202495ffe: Completed deletion of old log recovery files and directory /tmp/kudutest-1000/alter_table-randomized-test.AlterTableRandomized.TestRandomSequence.1468974934021256-10988/minicluster-data/ts-1/wals/c6cc355d995a4a4c96fbdeb49e77c85b.recovery-1468974962206835
I0720 00:36:02.208091 14157 tablet_bootstrap.cc:400] T c6cc355d995a4a4c96fbdeb49e77c85b P ee4ffccf9eb5471297e208d202495ffe: Bootstrap complete.
I0720 00:36:02.213822 14157 ts_tablet_manager.cc:636] T c6cc355d995a4a4c96fbdeb49e77c85b P ee4ffccf9eb5471297e208d202495ffe: Time spent bootstrapping tablet: real 0.067s user 0.028s sys 0.036s
I0720 00:36:02.215160 14157 raft_consensus.cc:269] T c6cc355d995a4a4c96fbdeb49e77c85b P ee4ffccf9eb5471297e208d202495ffe [term 1 FOLLOWER]: Replica starting. Triggering 0 pending transactions. Active config: opid_index: -1 peers { permanent_uuid: "ee4ffccf9eb5471297e208d202495ffe" member_type: VOTER last_known_addr { host: "127.42.236.1" port: 57816 } } peers { permanent_uuid: "3b2a62766e5449f9ae2697a9113d09fb" member_type: VOTER last_known_addr { host: "127.42.236.2" port: 60090 } } peers { permanent_uuid: "bcc77f1560a949c6b130d6b3c67653be" member_type: VOTER last_known_addr { host: "127.42.236.0" port: 42768 } }
I0720 00:36:02.215505 14157 raft_consensus.cc:499] T c6cc355d995a4a4c96fbdeb49e77c85b P ee4ffccf9eb5471297e208d202495ffe [term 1 FOLLOWER]: Becoming Follower/Learner. State: Replica: ee4ffccf9eb5471297e208d202495ffe, State: 1, Role: FOLLOWER Watermarks: {Received: term: 1 index: 7 Committed: term: 1 index: 7}
I0720 00:36:02.215592 14157 consensus_queue.cc:162] T c6cc355d995a4a4c96fbdeb49e77c85b P ee4ffccf9eb5471297e208d202495ffe [NON_LEADER]: Queue going to NON_LEADER mode. State: All replicated op: 0.0, Majority replicated op: 0.0, Committed index: 0.0, Last appended: 1.7, Current term: 0, Majority size: -1, State: 1, Mode: NON_LEADER
I0720 00:36:02.216287 14157 ts_tablet_manager.cc:663] T c6cc355d995a4a4c96fbdeb49e77c85b P ee4ffccf9eb5471297e208d202495ffe: Time spent starting tablet: real 0.002s user 0.004s sys 0.000s
I0720 00:36:02.216385 14157 ts_tablet_manager.cc:631] T 2cb397eb20544e5083a66377d9e81ed7 P ee4ffccf9eb5471297e208d202495ffe: Bootstrapping tablet
I0720 00:36:02.216575 14157 tablet_bootstrap.cc:400] T 2cb397eb20544e5083a66377d9e81ed7 P ee4ffccf9eb5471297e208d202495ffe: Bootstrap starting.
I0720 00:36:02.216789 12022 catalog_manager.cc:1826] Got report from deleted tablet c6cc355d995a4a4c96fbdeb49e77c85b (table test-table [id=2a30b8d6c8764cdc9573a60ac5f96269]) (Partition dropped at 2016-07-20 00:36:02 UTC): Sending delete request for this tablet
I0720 00:36:02.216812 12022 catalog_manager.cc:2812] T 00000000000000000000000000000000 P 1045dd375010469d9a77d8d8f93d4562: Deleting tablet c6cc355d995a4a4c96fbdeb49e77c85b on peer ee4ffccf9eb5471297e208d202495ffe with delete type TABLET_DATA_DELETED (Partition dropped at 2016-07-20 00:36:02 UTC)
I0720 00:36:02.217128 14157 tablet_bootstrap.cc:563] T 2cb397eb20544e5083a66377d9e81ed7 P ee4ffccf9eb5471297e208d202495ffe: Time spent opening tablet: real 0.000s user 0.000s sys 0.000s
I0720 00:36:02.217257 14199 tablet_service.cc:651] Processing DeleteTablet for tablet c6cc355d995a4a4c96fbdeb49e77c85b with delete_type TABLET_DATA_DELETED (Partition dropped at 2016-07-20 00:36:02 UTC) from {real_user=slave, eff_user=} at 127.0.0.1:60351
I0720 00:36:02.217294 14199 tablet_peer.cc:214] Initiating TabletPeer shutdown for tablet: c6cc355d995a4a4c96fbdeb49e77c85b
I0720 00:36:02.217298 14157 tablet_bootstrap.cc:619] T 2cb397eb20544e5083a66377d9e81ed7 P ee4ffccf9eb5471297e208d202495ffe: Will attempt to recover log segment /tmp/kudutest-1000/alter_table-randomized-test.AlterTableRandomized.TestRandomSequence.1468974934021256-10988/minicluster-data/ts-1/wals/2cb397eb20544e5083a66377d9e81ed7/wal-000000001 to /tmp/kudutest-1000/alter_table-randomized-test.AlterTableRandomized.TestRandomSequence.1468974934021256-10988/minicluster-data/ts-1/wals/2cb397eb20544e5083a66377d9e81ed7.recovery/wal-000000001
I0720 00:36:02.217329 14157 tablet_bootstrap.cc:627] T 2cb397eb20544e5083a66377d9e81ed7 P ee4ffccf9eb5471297e208d202495ffe: Moving log directory /tmp/kudutest-1000/alter_table-randomized-test.AlterTableRandomized.TestRandomSequence.1468974934021256-10988/minicluster-data/ts-1/wals/2cb397eb20544e5083a66377d9e81ed7 to recovery directory /tmp/kudutest-1000/alter_table-randomized-test.AlterTableRandomized.TestRandomSequence.1468974934021256-10988/minicluster-data/ts-1/wals/2cb397eb20544e5083a66377d9e81ed7.recovery in preparation for log replay
I0720 00:36:02.217391 14199 maintenance_manager.cc:176] Unregistered op CompactRowSetsOp(c6cc355d995a4a4c96fbdeb49e77c85b)
I0720 00:36:02.217419 14199 maintenance_manager.cc:176] Unregistered op MinorDeltaCompactionOp(c6cc355d995a4a4c96fbdeb49e77c85b)
I0720 00:36:02.217433 14199 maintenance_manager.cc:176] Unregistered op MajorDeltaCompactionOp(c6cc355d995a4a4c96fbdeb49e77c85b)
I0720 00:36:02.217464 14199 maintenance_manager.cc:176] Unregistered op FlushMRSOp(c6cc355d995a4a4c96fbdeb49e77c85b)
I0720 00:36:02.217479 14199 maintenance_manager.cc:176] Unregistered op FlushDeltaMemStoresOp(c6cc355d995a4a4c96fbdeb49e77c85b)
I0720 00:36:02.217489 14199 maintenance_manager.cc:176] Unregistered op LogGCOp(c6cc355d995a4a4c96fbdeb49e77c85b)
I0720 00:36:02.217516 14199 raft_consensus.cc:1495] T c6cc355d995a4a4c96fbdeb49e77c85b P ee4ffccf9eb5471297e208d202495ffe [term 1 FOLLOWER]: Raft consensus shutting down.
W0720 00:36:02.217521 14157 log_util.cc:311] Could not read footer for segment: /tmp/kudutest-1000/alter_table-randomized-test.AlterTableRandomized.TestRandomSequence.1468974934021256-10988/minicluster-data/ts-1/wals/2cb397eb20544e5083a66377d9e81ed7.recovery/wal-000000001: Not found: Footer not found. Footer magic doesn't match
I0720 00:36:02.217535 14157 log_reader.cc:152] Log segment /tmp/kudutest-1000/alter_table-randomized-test.AlterTableRandomized.TestRandomSequence.1468974934021256-10988/minicluster-data/ts-1/wals/2cb397eb20544e5083a66377d9e81ed7.recovery/wal-000000001 was likely left in-progress after a previous crash. Will try to rebuild footer by scanning data.
I0720 00:36:02.217589 14199 raft_consensus.cc:1511] T c6cc355d995a4a4c96fbdeb49e77c85b P ee4ffccf9eb5471297e208d202495ffe [term 1 FOLLOWER]: Raft consensus is shut down!
I0720 00:36:02.217854 14157 log_util.cc:569] Scanning /tmp/kudutest-1000/alter_table-randomized-test.AlterTableRandomized.TestRandomSequence.1468974934021256-10988/minicluster-data/ts-1/wals/2cb397eb20544e5083a66377d9e81ed7.recovery/wal-000000001 for valid entry headers following offset 1457...
I0720 00:36:02.219179 14199 ts_tablet_manager.cc:960] T c6cc355d995a4a4c96fbdeb49e77c85b P ee4ffccf9eb5471297e208d202495ffe: Deleting tablet data with delete state TABLET_DATA_DELETED
I0720 00:36:02.220610 14199 ts_tablet_manager.cc:970] T c6cc355d995a4a4c96fbdeb49e77c85b P ee4ffccf9eb5471297e208d202495ffe: Tablet deleted. Last logged OpId: 1.7
I0720 00:36:02.220911 14199 tablet_bootstrap.cc:400] T c6cc355d995a4a4c96fbdeb49e77c85b P ee4ffccf9eb5471297e208d202495ffe: Deleted tablet blocks from disk
I0720 00:36:02.221482 12010 catalog_manager.cc:2499] TS ee4ffccf9eb5471297e208d202495ffe: tablet c6cc355d995a4a4c96fbdeb49e77c85b (table test-table [id=2a30b8d6c8764cdc9573a60ac5f96269]) successfully deleted
I0720 00:36:02.244103 14199 tablet_service.cc:651] Processing DeleteTablet for tablet c6cc355d995a4a4c96fbdeb49e77c85b with delete_type TABLET_DATA_DELETED (Partition dropped at 2016-07-20 00:36:02 UTC) from {real_user=slave, eff_user=} at 127.0.0.1:60351
W0720 00:36:02.244390 12010 catalog_manager.cc:2480] TS ee4ffccf9eb5471297e208d202495ffe: delete failed for tablet c6cc355d995a4a4c96fbdeb49e77c85b because the tablet was not found. No further retry: Not found: Tablet not found: c6cc355d995a4a4c96fbdeb49e77c85b
I0720 00:36:02.265453 14157 log_util.cc:606] Found no log entry headers
I0720 00:36:02.265485 14157 log_util.cc:215] Ignoring log segment corruption in /tmp/kudutest-1000/alter_table-randomized-test.AlterTableRandomized.TestRandomSequence.1468974934021256-10988/minicluster-data/ts-1/wals/2cb397eb20544e5083a66377d9e81ed7.recovery/wal-000000001 because there are no log entries following the corrupted one. The server probably crashed in the middle of writing an entry to the write-ahead log or downloaded an active log via remote bootstrap. Error detail: Corruption: CRC mismatch in log entry header: Log file corruption detected. Failed trying to read batch #0 at offset 1445 for log segment /tmp/kudutest-1000/alter_table-randomized-test.AlterTableRandomized.TestRandomSequence.1468974934021256-10988/minicluster-data/ts-1/wals/2cb397eb20544e5083a66377d9e81ed7.recovery/wal-000000001: Prior entries: [off=1273 REPLICATE (1.9)] [off=1307 COMMIT (1.9)] [off=1411 REPLICATE (1.10)] [off=1445 COMMIT (1.10)]
I0720 00:36:02.265498 14157 log_util.cc:359] Successfully rebuilt footer for segment: /tmp/kudutest-1000/alter_table-randomized-test.AlterTableRandomized.TestRandomSequence.1468974934021256-10988/minicluster-data/ts-1/wals/2cb397eb20544e5083a66377d9e81ed7.recovery/wal-000000001 (valid entries through byte offset 1445)
I0720 00:36:02.265678 14157 tablet.cc:853] T 2cb397eb20544e5083a66377d9e81ed7 Rewinding schema during bootstrap to Schema [ 10:key[int32 NOT NULL] ]
I0720 00:36:02.267658 14157 tablet.cc:824] T 2cb397eb20544e5083a66377d9e81ed7 Alter schema from Schema [ 10:key[int32 NOT NULL] ] version 0 to Schema [ 10:key[int32 NOT NULL] ] version 17
I0720 00:36:02.267746 14157 tablet_metadata.cc:428] Not flushing: waiting for 1 pins to be released.
I0720 00:36:02.268530 14157 tablet.cc:824] T 2cb397eb20544e5083a66377d9e81ed7 Alter schema from Schema [ 10:key[int32 NOT NULL] ] version 17 to Schema [ 10:key[int32 NOT NULL] ] version 18
I0720 00:36:02.268622 14157 tablet_metadata.cc:428] Not flushing: waiting for 1 pins to be released.
I0720 00:36:02.271256 14157 tablet_bootstrap.cc:400] T 2cb397eb20544e5083a66377d9e81ed7 P ee4ffccf9eb5471297e208d202495ffe: Bootstrap replayed 1/1 log segments. Stats: ops{read=10 overwritten=0 applied=10 ignored=0} inserts{seen=6 ignored=0} mutations{seen=1 ignored=0} orphaned_commits=0. Pending: 0 replicates
I0720 00:36:02.271293 14157 tablet_bootstrap.cc:1040] T 2cb397eb20544e5083a66377d9e81ed7 P ee4ffccf9eb5471297e208d202495ffe: ReplayState: Previous OpId: 1.10, Committed OpId: 1.10, Pending Replicates: 0, Pending Commits: 0
I0720 00:36:02.271728 14157 tablet_bootstrap.cc:656] T 2cb397eb20544e5083a66377d9e81ed7 P ee4ffccf9eb5471297e208d202495ffe: Preparing to delete log recovery files and directory /tmp/kudutest-1000/alter_table-randomized-test.AlterTableRandomized.TestRandomSequence.1468974934021256-10988/minicluster-data/ts-1/wals/2cb397eb20544e5083a66377d9e81ed7.recovery
I0720 00:36:02.271749 14157 tablet_bootstrap.cc:659] T 2cb397eb20544e5083a66377d9e81ed7 P ee4ffccf9eb5471297e208d202495ffe: Renaming log recovery dir from /tmp/kudutest-1000/alter_table-randomized-test.AlterTableRandomized.TestRandomSequence.1468974934021256-10988/minicluster-data/ts-1/wals/2cb397eb20544e5083a66377d9e81ed7.recovery to /tmp/kudutest-1000/alter_table-randomized-test.AlterTableRandomized.TestRandomSequence.1468974934021256-10988/minicluster-data/ts-1/wals/2cb397eb20544e5083a66377d9e81ed7.recovery-1468974962271746
I0720 00:36:02.271790 14157 tablet_bootstrap.cc:669] T 2cb397eb20544e5083a66377d9e81ed7 P ee4ffccf9eb5471297e208d202495ffe: Deleting all files from renamed log recovery directory /tmp/kudutest-1000/alter_table-randomized-test.AlterTableRandomized.TestRandomSequence.1468974934021256-10988/minicluster-data/ts-1/wals/2cb397eb20544e5083a66377d9e81ed7.recovery-1468974962271746
I0720 00:36:02.271947 14157 tablet_bootstrap.cc:672] T 2cb397eb20544e5083a66377d9e81ed7 P ee4ffccf9eb5471297e208d202495ffe: Completed deletion of old log recovery files and directory /tmp/kudutest-1000/alter_table-randomized-test.AlterTableRandomized.TestRandomSequence.1468974934021256-10988/minicluster-data/ts-1/wals/2cb397eb20544e5083a66377d9e81ed7.recovery-1468974962271746
I0720 00:36:02.272635 14157 tablet_bootstrap.cc:400] T 2cb397eb20544e5083a66377d9e81ed7 P ee4ffccf9eb5471297e208d202495ffe: Bootstrap complete.
I0720 00:36:02.277910 14157 ts_tablet_manager.cc:636] T 2cb397eb20544e5083a66377d9e81ed7 P ee4ffccf9eb5471297e208d202495ffe: Time spent bootstrapping tablet: real 0.061s user 0.032s sys 0.024s
