W0720 00:35:50.677311 12009 catalog_manager.cc:2578] TS bcc77f1560a949c6b130d6b3c67653be: alter failed for tablet c1349da600fe445bbe151b00a41a4e3c (table test-table [id=2a30b8d6c8764cdc9573a60ac5f96269]): Illegal state: Replica bcc77f1560a949c6b130d6b3c67653be is not leader of this config. Role: FOLLOWER. Consensus state: current_term: 1 leader_uuid: "" config { opid_index: -1 peers { permanent_uuid: "ee4ffccf9eb5471297e208d202495ffe" member_type: VOTER last_known_addr { host: "127.42.236.1" port: 57816 } } peers { permanent_uuid: "3b2a62766e5449f9ae2697a9113d09fb" member_type: VOTER last_known_addr { host: "127.42.236.2" port: 60090 } } peers { permanent_uuid: "bcc77f1560a949c6b130d6b3c67653be" member_type: VOTER last_known_addr { host: "127.42.236.0" port: 42768 } } }
I0720 00:35:50.677395 12009 catalog_manager.cc:2290] Scheduling retry of c1349da600fe445bbe151b00a41a4e3c (table test-table [id=2a30b8d6c8764cdc9573a60ac5f96269]) Alter Table RPC with a delay of 133ms (attempt = 4)...
W0720 00:35:50.812577 12009 catalog_manager.cc:2578] TS bcc77f1560a949c6b130d6b3c67653be: alter failed for tablet c1349da600fe445bbe151b00a41a4e3c (table test-table [id=2a30b8d6c8764cdc9573a60ac5f96269]): Illegal state: Replica bcc77f1560a949c6b130d6b3c67653be is not leader of this config. Role: FOLLOWER. Consensus state: current_term: 1 leader_uuid: "" config { opid_index: -1 peers { permanent_uuid: "ee4ffccf9eb5471297e208d202495ffe" member_type: VOTER last_known_addr { host: "127.42.236.1" port: 57816 } } peers { permanent_uuid: "3b2a62766e5449f9ae2697a9113d09fb" member_type: VOTER last_known_addr { host: "127.42.236.2" port: 60090 } } peers { permanent_uuid: "bcc77f1560a949c6b130d6b3c67653be" member_type: VOTER last_known_addr { host: "127.42.236.0" port: 42768 } } }
I0720 00:35:50.812644 12009 catalog_manager.cc:2290] Scheduling retry of c1349da600fe445bbe151b00a41a4e3c (table test-table [id=2a30b8d6c8764cdc9573a60ac5f96269]) Alter Table RPC with a delay of 276ms (attempt = 5)...
I0720 00:35:50.842492 12963 raft_consensus.cc:370] T e173b583c6ed4261976f733a1f95a6df P ee4ffccf9eb5471297e208d202495ffe [term 0 FOLLOWER]: No leader contacted us within the election timeout. Triggering leader election
I0720 00:35:50.842533 12963 raft_consensus.cc:2019] T e173b583c6ed4261976f733a1f95a6df P ee4ffccf9eb5471297e208d202495ffe [term 0 FOLLOWER]: Advancing to term 1
I0720 00:35:50.843288 12963 raft_consensus.cc:1970] T e173b583c6ed4261976f733a1f95a6df P ee4ffccf9eb5471297e208d202495ffe [term 1 FOLLOWER]: Snoozing failure detection for election timeout plus an additional 1.611s
I0720 00:35:50.843400 12963 raft_consensus.cc:386] T e173b583c6ed4261976f733a1f95a6df P ee4ffccf9eb5471297e208d202495ffe [term 1 FOLLOWER]: Starting election with config: opid_index: -1 peers { permanent_uuid: "ee4ffccf9eb5471297e208d202495ffe" member_type: VOTER last_known_addr { host: "127.42.236.1" port: 57816 } } peers { permanent_uuid: "3b2a62766e5449f9ae2697a9113d09fb" member_type: VOTER last_known_addr { host: "127.42.236.2" port: 60090 } } peers { permanent_uuid: "bcc77f1560a949c6b130d6b3c67653be" member_type: VOTER last_known_addr { host: "127.42.236.0" port: 42768 } }
I0720 00:35:50.844221 12963 leader_election.cc:223] T e173b583c6ed4261976f733a1f95a6df P ee4ffccf9eb5471297e208d202495ffe [CANDIDATE]: Term 1 election: Requesting vote from peer 3b2a62766e5449f9ae2697a9113d09fb
I0720 00:35:50.844338 12963 leader_election.cc:223] T e173b583c6ed4261976f733a1f95a6df P ee4ffccf9eb5471297e208d202495ffe [CANDIDATE]: Term 1 election: Requesting vote from peer bcc77f1560a949c6b130d6b3c67653be
I0720 00:35:50.844959 12814 raft_consensus.cc:2019] T e173b583c6ed4261976f733a1f95a6df P bcc77f1560a949c6b130d6b3c67653be [term 0 FOLLOWER]: Advancing to term 1
I0720 00:35:50.845602 12814 raft_consensus.cc:1970] T e173b583c6ed4261976f733a1f95a6df P bcc77f1560a949c6b130d6b3c67653be [term 1 FOLLOWER]: Snoozing failure detection for election timeout plus an additional 1.559s
I0720 00:35:50.846051 12814 raft_consensus.cc:1677] T e173b583c6ed4261976f733a1f95a6df P bcc77f1560a949c6b130d6b3c67653be [term 1 FOLLOWER]: Leader election vote request: Granting yes vote for candidate ee4ffccf9eb5471297e208d202495ffe in term 1.
I0720 00:35:50.846685 11696 raft_consensus.cc:2019] T e173b583c6ed4261976f733a1f95a6df P 3b2a62766e5449f9ae2697a9113d09fb [term 0 FOLLOWER]: Advancing to term 1
I0720 00:35:50.847273 11696 raft_consensus.cc:1970] T e173b583c6ed4261976f733a1f95a6df P 3b2a62766e5449f9ae2697a9113d09fb [term 1 FOLLOWER]: Snoozing failure detection for election timeout plus an additional 1.624s
I0720 00:35:50.847699 12155 leader_election.cc:347] T e173b583c6ed4261976f733a1f95a6df P ee4ffccf9eb5471297e208d202495ffe [CANDIDATE]: Term 1 election: Vote granted by peer bcc77f1560a949c6b130d6b3c67653be
I0720 00:35:50.847728 12155 leader_election.cc:248] T e173b583c6ed4261976f733a1f95a6df P ee4ffccf9eb5471297e208d202495ffe [CANDIDATE]: Term 1 election: Election decided. Result: candidate won.
I0720 00:35:50.847896 12964 raft_consensus.cc:1970] T e173b583c6ed4261976f733a1f95a6df P ee4ffccf9eb5471297e208d202495ffe [term 1 FOLLOWER]: Snoozing failure detection for election timeout plus an additional 1.647s
I0720 00:35:50.847944 12964 raft_consensus.cc:1859] T e173b583c6ed4261976f733a1f95a6df P ee4ffccf9eb5471297e208d202495ffe [term 1 FOLLOWER]: Leader election won for term 1
I0720 00:35:50.848486 11696 raft_consensus.cc:1677] T e173b583c6ed4261976f733a1f95a6df P 3b2a62766e5449f9ae2697a9113d09fb [term 1 FOLLOWER]: Leader election vote request: Granting yes vote for candidate ee4ffccf9eb5471297e208d202495ffe in term 1.
I0720 00:35:50.848820 12154 leader_election.cc:347] T e173b583c6ed4261976f733a1f95a6df P ee4ffccf9eb5471297e208d202495ffe [CANDIDATE]: Term 1 election: Vote granted by peer 3b2a62766e5449f9ae2697a9113d09fb
I0720 00:35:50.855635 12964 raft_consensus.cc:464] T e173b583c6ed4261976f733a1f95a6df P ee4ffccf9eb5471297e208d202495ffe [term 1 LEADER]: Becoming Leader. State: Replica: ee4ffccf9eb5471297e208d202495ffe, State: 1, Role: LEADER Watermarks: {Received: term: 0 index: 0 Committed: term: 0 index: 0}
I0720 00:35:50.855744 12964 consensus_queue.cc:145] T e173b583c6ed4261976f733a1f95a6df P ee4ffccf9eb5471297e208d202495ffe [LEADER]: Queue going to LEADER mode. State: All replicated op: 0.0, Majority replicated op: 0.0, Committed index: 0.0, Last appended: 0.0, Current term: 1, Majority size: 2, State: 1, Mode: LEADER, active raft config: opid_index: -1 peers { permanent_uuid: "ee4ffccf9eb5471297e208d202495ffe" member_type: VOTER last_known_addr { host: "127.42.236.1" port: 57816 } } peers { permanent_uuid: "3b2a62766e5449f9ae2697a9113d09fb" member_type: VOTER last_known_addr { host: "127.42.236.2" port: 60090 } } peers { permanent_uuid: "bcc77f1560a949c6b130d6b3c67653be" member_type: VOTER last_known_addr { host: "127.42.236.0" port: 42768 } }
I0720 00:35:50.869624 12023 catalog_manager.cc:1856] TS ee4ffccf9eb5471297e208d202495ffe does not have the latest schema for tablet e173b583c6ed4261976f733a1f95a6df (table test-table [id=2a30b8d6c8764cdc9573a60ac5f96269]). Expected version 14 got 0
I0720 00:35:50.869777 12023 catalog_manager.cc:1957] Tablet: e173b583c6ed4261976f733a1f95a6df reported consensus state change. New consensus state: current_term: 1 leader_uuid: "ee4ffccf9eb5471297e208d202495ffe" config { opid_index: -1 peers { permanent_uuid: "ee4ffccf9eb5471297e208d202495ffe" member_type: VOTER last_known_addr { host: "127.42.236.1" port: 57816 } } peers { permanent_uuid: "3b2a62766e5449f9ae2697a9113d09fb" member_type: VOTER last_known_addr { host: "127.42.236.2" port: 60090 } } peers { permanent_uuid: "bcc77f1560a949c6b130d6b3c67653be" member_type: VOTER last_known_addr { host: "127.42.236.0" port: 42768 } } }
W0720 00:35:50.877774 12970 raft_consensus_state.cc:541] T e173b583c6ed4261976f733a1f95a6df P ee4ffccf9eb5471297e208d202495ffe [term 1 LEADER]: Can't advance the committed index across term boundaries until operations from the current term are replicated. Last committed operation was: term: 0 index: 0, New majority replicated is: term: 0 index: 0, Current term is: 1
I0720 00:35:50.881023 12814 raft_consensus.cc:869] T e173b583c6ed4261976f733a1f95a6df P bcc77f1560a949c6b130d6b3c67653be [term 1 FOLLOWER]: Refusing update from remote peer ee4ffccf9eb5471297e208d202495ffe: Log matching property violated. Preceding OpId in replica: term: 0 index: 0. Preceding OpId from leader: term: 1 index: 2. (index mismatch)
I0720 00:35:50.881464 11696 raft_consensus.cc:869] T e173b583c6ed4261976f733a1f95a6df P 3b2a62766e5449f9ae2697a9113d09fb [term 1 FOLLOWER]: Refusing update from remote peer ee4ffccf9eb5471297e208d202495ffe: Log matching property violated. Preceding OpId in replica: term: 0 index: 0. Preceding OpId from leader: term: 1 index: 2. (index mismatch)
I0720 00:35:50.882179 12964 consensus_queue.cc:578] T e173b583c6ed4261976f733a1f95a6df P ee4ffccf9eb5471297e208d202495ffe [LEADER]: Connected to new peer: Peer: bcc77f1560a949c6b130d6b3c67653be, Is new: false, Last received: 0.0, Next index: 1, Last known committed idx: 0, Last exchange result: ERROR, Needs remote bootstrap: false
I0720 00:35:50.882453 12964 consensus_queue.cc:578] T e173b583c6ed4261976f733a1f95a6df P ee4ffccf9eb5471297e208d202495ffe [LEADER]: Connected to new peer: Peer: 3b2a62766e5449f9ae2697a9113d09fb, Is new: false, Last received: 0.0, Next index: 1, Last known committed idx: 0, Last exchange result: ERROR, Needs remote bootstrap: false
I0720 00:35:50.889226 12023 catalog_manager.cc:1856] TS 3b2a62766e5449f9ae2697a9113d09fb does not have the latest schema for tablet e173b583c6ed4261976f733a1f95a6df (table test-table [id=2a30b8d6c8764cdc9573a60ac5f96269]). Expected version 14 got 0
I0720 00:35:50.894168 12023 catalog_manager.cc:1856] TS bcc77f1560a949c6b130d6b3c67653be does not have the latest schema for tablet e173b583c6ed4261976f733a1f95a6df (table test-table [id=2a30b8d6c8764cdc9573a60ac5f96269]). Expected version 14 got 0
I0720 00:35:50.899217 12927 tablet.cc:824] T e173b583c6ed4261976f733a1f95a6df Alter schema from Schema [ 10:key[int32 NOT NULL], 26:c809[int32 NOT NULL], 27:c394[int32 NULLABLE] ] version 0 to Schema [ 10:key[int32 NOT NULL], 26:c809[int32 NOT NULL], 27:c394[int32 NULLABLE] ] version 14
I0720 00:35:50.901199 12970 raft_consensus_state.cc:534] T e173b583c6ed4261976f733a1f95a6df P ee4ffccf9eb5471297e208d202495ffe [term 1 LEADER]: Advanced the committed_index across terms. Last committed operation was: term: 0 index: 0 New committed index is: term: 1 index: 2
I0720 00:35:50.904604 12941 tablet.cc:824] T e173b583c6ed4261976f733a1f95a6df Alter schema from Schema [ 10:key[int32 NOT NULL], 26:c809[int32 NOT NULL], 27:c394[int32 NULLABLE] ] version 0 to Schema [ 10:key[int32 NOT NULL], 26:c809[int32 NOT NULL], 27:c394[int32 NULLABLE] ] version 14
I0720 00:35:50.907927 12925 tablet.cc:824] T e173b583c6ed4261976f733a1f95a6df Alter schema from Schema [ 10:key[int32 NOT NULL], 26:c809[int32 NOT NULL], 27:c394[int32 NULLABLE] ] version 0 to Schema [ 10:key[int32 NOT NULL], 26:c809[int32 NOT NULL], 27:c394[int32 NULLABLE] ] version 14
I0720 00:35:50.909781 12945 raft_consensus.cc:370] T 6f1310ae89dc4ea0b984b70b1d6f520f P ee4ffccf9eb5471297e208d202495ffe [term 0 FOLLOWER]: No leader contacted us within the election timeout. Triggering leader election
I0720 00:35:50.909811 12945 raft_consensus.cc:2019] T 6f1310ae89dc4ea0b984b70b1d6f520f P ee4ffccf9eb5471297e208d202495ffe [term 0 FOLLOWER]: Advancing to term 1
I0720 00:35:50.910372 12945 raft_consensus.cc:1970] T 6f1310ae89dc4ea0b984b70b1d6f520f P ee4ffccf9eb5471297e208d202495ffe [term 1 FOLLOWER]: Snoozing failure detection for election timeout plus an additional 1.584s
I0720 00:35:50.910444 12945 raft_consensus.cc:386] T 6f1310ae89dc4ea0b984b70b1d6f520f P ee4ffccf9eb5471297e208d202495ffe [term 1 FOLLOWER]: Starting election with config: opid_index: -1 peers { permanent_uuid: "ee4ffccf9eb5471297e208d202495ffe" member_type: VOTER last_known_addr { host: "127.42.236.1" port: 57816 } } peers { permanent_uuid: "3b2a62766e5449f9ae2697a9113d09fb" member_type: VOTER last_known_addr { host: "127.42.236.2" port: 60090 } } peers { permanent_uuid: "bcc77f1560a949c6b130d6b3c67653be" member_type: VOTER last_known_addr { host: "127.42.236.0" port: 42768 } }
I0720 00:35:50.911156 12945 leader_election.cc:223] T 6f1310ae89dc4ea0b984b70b1d6f520f P ee4ffccf9eb5471297e208d202495ffe [CANDIDATE]: Term 1 election: Requesting vote from peer 3b2a62766e5449f9ae2697a9113d09fb
I0720 00:35:50.911267 12945 leader_election.cc:223] T 6f1310ae89dc4ea0b984b70b1d6f520f P ee4ffccf9eb5471297e208d202495ffe [CANDIDATE]: Term 1 election: Requesting vote from peer bcc77f1560a949c6b130d6b3c67653be
I0720 00:35:50.911747 12813 raft_consensus.cc:2019] T 6f1310ae89dc4ea0b984b70b1d6f520f P bcc77f1560a949c6b130d6b3c67653be [term 0 FOLLOWER]: Advancing to term 1
I0720 00:35:50.911837 11698 raft_consensus.cc:2019] T 6f1310ae89dc4ea0b984b70b1d6f520f P 3b2a62766e5449f9ae2697a9113d09fb [term 0 FOLLOWER]: Advancing to term 1
I0720 00:35:50.912294 12813 raft_consensus.cc:1970] T 6f1310ae89dc4ea0b984b70b1d6f520f P bcc77f1560a949c6b130d6b3c67653be [term 1 FOLLOWER]: Snoozing failure detection for election timeout plus an additional 1.539s
I0720 00:35:50.912343 11698 raft_consensus.cc:1970] T 6f1310ae89dc4ea0b984b70b1d6f520f P 3b2a62766e5449f9ae2697a9113d09fb [term 1 FOLLOWER]: Snoozing failure detection for election timeout plus an additional 1.542s
I0720 00:35:50.912799 12813 raft_consensus.cc:1677] T 6f1310ae89dc4ea0b984b70b1d6f520f P bcc77f1560a949c6b130d6b3c67653be [term 1 FOLLOWER]: Leader election vote request: Granting yes vote for candidate ee4ffccf9eb5471297e208d202495ffe in term 1.
I0720 00:35:50.913458 12155 leader_election.cc:347] T 6f1310ae89dc4ea0b984b70b1d6f520f P ee4ffccf9eb5471297e208d202495ffe [CANDIDATE]: Term 1 election: Vote granted by peer bcc77f1560a949c6b130d6b3c67653be
I0720 00:35:50.913488 12155 leader_election.cc:248] T 6f1310ae89dc4ea0b984b70b1d6f520f P ee4ffccf9eb5471297e208d202495ffe [CANDIDATE]: Term 1 election: Election decided. Result: candidate won.
I0720 00:35:50.913635 12951 raft_consensus.cc:1970] T 6f1310ae89dc4ea0b984b70b1d6f520f P ee4ffccf9eb5471297e208d202495ffe [term 1 FOLLOWER]: Snoozing failure detection for election timeout plus an additional 1.616s
I0720 00:35:50.913668 12951 raft_consensus.cc:1859] T 6f1310ae89dc4ea0b984b70b1d6f520f P ee4ffccf9eb5471297e208d202495ffe [term 1 FOLLOWER]: Leader election won for term 1
I0720 00:35:50.914063 11698 raft_consensus.cc:1677] T 6f1310ae89dc4ea0b984b70b1d6f520f P 3b2a62766e5449f9ae2697a9113d09fb [term 1 FOLLOWER]: Leader election vote request: Granting yes vote for candidate ee4ffccf9eb5471297e208d202495ffe in term 1.
I0720 00:35:50.914391 12154 leader_election.cc:347] T 6f1310ae89dc4ea0b984b70b1d6f520f P ee4ffccf9eb5471297e208d202495ffe [CANDIDATE]: Term 1 election: Vote granted by peer 3b2a62766e5449f9ae2697a9113d09fb
I0720 00:35:50.915529 12933 tablet.cc:819] T e173b583c6ed4261976f733a1f95a6df Already running schema version 14 got alter request for version 14
I0720 00:35:50.923869 12932 tablet.cc:819] T e173b583c6ed4261976f733a1f95a6df Already running schema version 14 got alter request for version 14
I0720 00:35:50.926008 12934 tablet.cc:819] T e173b583c6ed4261976f733a1f95a6df Already running schema version 14 got alter request for version 14
I0720 00:35:50.929091 12942 tablet.cc:819] T e173b583c6ed4261976f733a1f95a6df Already running schema version 14 got alter request for version 14
I0720 00:35:50.947640 12951 raft_consensus.cc:464] T 6f1310ae89dc4ea0b984b70b1d6f520f P ee4ffccf9eb5471297e208d202495ffe [term 1 LEADER]: Becoming Leader. State: Replica: ee4ffccf9eb5471297e208d202495ffe, State: 1, Role: LEADER Watermarks: {Received: term: 0 index: 0 Committed: term: 0 index: 0}
I0720 00:35:50.947749 12951 consensus_queue.cc:145] T 6f1310ae89dc4ea0b984b70b1d6f520f P ee4ffccf9eb5471297e208d202495ffe [LEADER]: Queue going to LEADER mode. State: All replicated op: 0.0, Majority replicated op: 0.0, Committed index: 0.0, Last appended: 0.0, Current term: 1, Majority size: 2, State: 1, Mode: LEADER, active raft config: opid_index: -1 peers { permanent_uuid: "ee4ffccf9eb5471297e208d202495ffe" member_type: VOTER last_known_addr { host: "127.42.236.1" port: 57816 } } peers { permanent_uuid: "3b2a62766e5449f9ae2697a9113d09fb" member_type: VOTER last_known_addr { host: "127.42.236.2" port: 60090 } } peers { permanent_uuid: "bcc77f1560a949c6b130d6b3c67653be" member_type: VOTER last_known_addr { host: "127.42.236.0" port: 42768 } }
I0720 00:35:50.962035 12023 catalog_manager.cc:1856] TS ee4ffccf9eb5471297e208d202495ffe does not have the latest schema for tablet 6f1310ae89dc4ea0b984b70b1d6f520f (table test-table [id=2a30b8d6c8764cdc9573a60ac5f96269]). Expected version 14 got 0
I0720 00:35:50.962137 12023 catalog_manager.cc:1957] Tablet: 6f1310ae89dc4ea0b984b70b1d6f520f reported consensus state change. New consensus state: current_term: 1 leader_uuid: "ee4ffccf9eb5471297e208d202495ffe" config { opid_index: -1 peers { permanent_uuid: "ee4ffccf9eb5471297e208d202495ffe" member_type: VOTER last_known_addr { host: "127.42.236.1" port: 57816 } } peers { permanent_uuid: "3b2a62766e5449f9ae2697a9113d09fb" member_type: VOTER last_known_addr { host: "127.42.236.2" port: 60090 } } peers { permanent_uuid: "bcc77f1560a949c6b130d6b3c67653be" member_type: VOTER last_known_addr { host: "127.42.236.0" port: 42768 } } }
I0720 00:35:50.973031 12813 raft_consensus.cc:869] T 6f1310ae89dc4ea0b984b70b1d6f520f P bcc77f1560a949c6b130d6b3c67653be [term 1 FOLLOWER]: Refusing update from remote peer ee4ffccf9eb5471297e208d202495ffe: Log matching property violated. Preceding OpId in replica: term: 0 index: 0. Preceding OpId from leader: term: 1 index: 2. (index mismatch)
I0720 00:35:50.973445 12951 consensus_queue.cc:578] T 6f1310ae89dc4ea0b984b70b1d6f520f P ee4ffccf9eb5471297e208d202495ffe [LEADER]: Connected to new peer: Peer: bcc77f1560a949c6b130d6b3c67653be, Is new: false, Last received: 0.0, Next index: 1, Last known committed idx: 0, Last exchange result: ERROR, Needs remote bootstrap: false
I0720 00:35:50.975222 11698 raft_consensus.cc:869] T 6f1310ae89dc4ea0b984b70b1d6f520f P 3b2a62766e5449f9ae2697a9113d09fb [term 1 FOLLOWER]: Refusing update from remote peer ee4ffccf9eb5471297e208d202495ffe: Log matching property violated. Preceding OpId in replica: term: 0 index: 0. Preceding OpId from leader: term: 1 index: 2. (index mismatch)
I0720 00:35:50.975683 12951 consensus_queue.cc:578] T 6f1310ae89dc4ea0b984b70b1d6f520f P ee4ffccf9eb5471297e208d202495ffe [LEADER]: Connected to new peer: Peer: 3b2a62766e5449f9ae2697a9113d09fb, Is new: false, Last received: 0.0, Next index: 1, Last known committed idx: 0, Last exchange result: ERROR, Needs remote bootstrap: false
I0720 00:35:50.978348 12023 catalog_manager.cc:1856] TS bcc77f1560a949c6b130d6b3c67653be does not have the latest schema for tablet 6f1310ae89dc4ea0b984b70b1d6f520f (table test-table [id=2a30b8d6c8764cdc9573a60ac5f96269]). Expected version 14 got 0
I0720 00:35:50.979416 12977 raft_consensus_state.cc:534] T 6f1310ae89dc4ea0b984b70b1d6f520f P ee4ffccf9eb5471297e208d202495ffe [term 1 LEADER]: Advanced the committed_index across terms. Last committed operation was: term: 0 index: 0 New committed index is: term: 1 index: 2
I0720 00:35:50.979833 12908 tablet.cc:824] T 6f1310ae89dc4ea0b984b70b1d6f520f Alter schema from Schema [ 10:key[int32 NOT NULL], 26:c809[int32 NOT NULL], 27:c394[int32 NULLABLE] ] version 0 to Schema [ 10:key[int32 NOT NULL], 26:c809[int32 NOT NULL], 27:c394[int32 NULLABLE] ] version 14
I0720 00:35:50.988797 12023 catalog_manager.cc:1856] TS 3b2a62766e5449f9ae2697a9113d09fb does not have the latest schema for tablet 6f1310ae89dc4ea0b984b70b1d6f520f (table test-table [id=2a30b8d6c8764cdc9573a60ac5f96269]). Expected version 14 got 0
I0720 00:35:50.993541 12023 catalog_manager.cc:1856] TS 3b2a62766e5449f9ae2697a9113d09fb does not have the latest schema for tablet 6f1310ae89dc4ea0b984b70b1d6f520f (table test-table [id=2a30b8d6c8764cdc9573a60ac5f96269]). Expected version 14 got 0
I0720 00:35:50.997189 12907 tablet.cc:824] T 6f1310ae89dc4ea0b984b70b1d6f520f Alter schema from Schema [ 10:key[int32 NOT NULL], 26:c809[int32 NOT NULL], 27:c394[int32 NULLABLE] ] version 0 to Schema [ 10:key[int32 NOT NULL], 26:c809[int32 NOT NULL], 27:c394[int32 NULLABLE] ] version 14
W0720 00:35:51.091145 12009 catalog_manager.cc:2578] TS bcc77f1560a949c6b130d6b3c67653be: alter failed for tablet c1349da600fe445bbe151b00a41a4e3c (table test-table [id=2a30b8d6c8764cdc9573a60ac5f96269]): Illegal state: Replica bcc77f1560a949c6b130d6b3c67653be is not leader of this config. Role: FOLLOWER. Consensus state: current_term: 1 leader_uuid: "" config { opid_index: -1 peers { permanent_uuid: "ee4ffccf9eb5471297e208d202495ffe" member_type: VOTER last_known_addr { host: "127.42.236.1" port: 57816 } } peers { permanent_uuid: "3b2a62766e5449f9ae2697a9113d09fb" member_type: VOTER last_known_addr { host: "127.42.236.2" port: 60090 } } peers { permanent_uuid: "bcc77f1560a949c6b130d6b3c67653be" member_type: VOTER last_known_addr { host: "127.42.236.0" port: 42768 } } }
I0720 00:35:51.091228 12009 catalog_manager.cc:2290] Scheduling retry of c1349da600fe445bbe151b00a41a4e3c (table test-table [id=2a30b8d6c8764cdc9573a60ac5f96269]) Alter Table RPC with a delay of 530ms (attempt = 6)...
I0720 00:35:51.294924 12941 tablet.cc:824] T 6f1310ae89dc4ea0b984b70b1d6f520f Alter schema from Schema [ 10:key[int32 NOT NULL], 26:c809[int32 NOT NULL], 27:c394[int32 NULLABLE] ] version 0 to Schema [ 10:key[int32 NOT NULL], 26:c809[int32 NOT NULL], 27:c394[int32 NULLABLE] ] version 14
I0720 00:35:51.295886 12023 catalog_manager.cc:1856] TS bcc77f1560a949c6b130d6b3c67653be does not have the latest schema for tablet 6f1310ae89dc4ea0b984b70b1d6f520f (table test-table [id=2a30b8d6c8764cdc9573a60ac5f96269]). Expected version 14 got 0
I0720 00:35:51.312757 12925 tablet.cc:819] T e173b583c6ed4261976f733a1f95a6df Already running schema version 14 got alter request for version 14
I0720 00:35:51.348263 12934 tablet.cc:819] T e173b583c6ed4261976f733a1f95a6df Already running schema version 14 got alter request for version 14
I0720 00:35:51.472798 12577 raft_consensus.cc:366] T c1349da600fe445bbe151b00a41a4e3c P ee4ffccf9eb5471297e208d202495ffe [term 1 FOLLOWER]: Failure of leader bcc77f1560a949c6b130d6b3c67653be detected. Triggering leader election
I0720 00:35:51.472872 12577 raft_consensus.cc:2019] T c1349da600fe445bbe151b00a41a4e3c P ee4ffccf9eb5471297e208d202495ffe [term 1 FOLLOWER]: Advancing to term 2
I0720 00:35:51.473465 12577 raft_consensus.cc:1970] T c1349da600fe445bbe151b00a41a4e3c P ee4ffccf9eb5471297e208d202495ffe [term 2 FOLLOWER]: Snoozing failure detection for election timeout plus an additional 1.547s
I0720 00:35:51.473515 12577 raft_consensus.cc:386] T c1349da600fe445bbe151b00a41a4e3c P ee4ffccf9eb5471297e208d202495ffe [term 2 FOLLOWER]: Starting election with config: opid_index: -1 peers { permanent_uuid: "ee4ffccf9eb5471297e208d202495ffe" member_type: VOTER last_known_addr { host: "127.42.236.1" port: 57816 } } peers { permanent_uuid: "3b2a62766e5449f9ae2697a9113d09fb" member_type: VOTER last_known_addr { host: "127.42.236.2" port: 60090 } } peers { permanent_uuid: "bcc77f1560a949c6b130d6b3c67653be" member_type: VOTER last_known_addr { host: "127.42.236.0" port: 42768 } }
I0720 00:35:51.474478 12577 leader_election.cc:223] T c1349da600fe445bbe151b00a41a4e3c P ee4ffccf9eb5471297e208d202495ffe [CANDIDATE]: Term 2 election: Requesting vote from peer 3b2a62766e5449f9ae2697a9113d09fb
I0720 00:35:51.474551 12577 leader_election.cc:223] T c1349da600fe445bbe151b00a41a4e3c P ee4ffccf9eb5471297e208d202495ffe [CANDIDATE]: Term 2 election: Requesting vote from peer bcc77f1560a949c6b130d6b3c67653be
I0720 00:35:51.474953 11698 raft_consensus.cc:2019] T c1349da600fe445bbe151b00a41a4e3c P 3b2a62766e5449f9ae2697a9113d09fb [term 1 FOLLOWER]: Advancing to term 2
I0720 00:35:51.474992 12813 raft_consensus.cc:2019] T c1349da600fe445bbe151b00a41a4e3c P bcc77f1560a949c6b130d6b3c67653be [term 1 FOLLOWER]: Advancing to term 2
I0720 00:35:51.475466 11698 raft_consensus.cc:1970] T c1349da600fe445bbe151b00a41a4e3c P 3b2a62766e5449f9ae2697a9113d09fb [term 2 FOLLOWER]: Snoozing failure detection for election timeout plus an additional 1.581s
I0720 00:35:51.475556 12813 raft_consensus.cc:1970] T c1349da600fe445bbe151b00a41a4e3c P bcc77f1560a949c6b130d6b3c67653be [term 2 FOLLOWER]: Snoozing failure detection for election timeout plus an additional 1.552s
I0720 00:35:51.475961 11698 raft_consensus.cc:1677] T c1349da600fe445bbe151b00a41a4e3c P 3b2a62766e5449f9ae2697a9113d09fb [term 2 FOLLOWER]: Leader election vote request: Granting yes vote for candidate ee4ffccf9eb5471297e208d202495ffe in term 2.
I0720 00:35:51.476050 12813 raft_consensus.cc:1677] T c1349da600fe445bbe151b00a41a4e3c P bcc77f1560a949c6b130d6b3c67653be [term 2 FOLLOWER]: Leader election vote request: Granting yes vote for candidate ee4ffccf9eb5471297e208d202495ffe in term 2.
I0720 00:35:51.476339 12154 leader_election.cc:347] T c1349da600fe445bbe151b00a41a4e3c P ee4ffccf9eb5471297e208d202495ffe [CANDIDATE]: Term 2 election: Vote granted by peer 3b2a62766e5449f9ae2697a9113d09fb
I0720 00:35:51.476384 12154 leader_election.cc:248] T c1349da600fe445bbe151b00a41a4e3c P ee4ffccf9eb5471297e208d202495ffe [CANDIDATE]: Term 2 election: Election decided. Result: candidate won.
I0720 00:35:51.476646 12155 leader_election.cc:347] T c1349da600fe445bbe151b00a41a4e3c P ee4ffccf9eb5471297e208d202495ffe [CANDIDATE]: Term 2 election: Vote granted by peer bcc77f1560a949c6b130d6b3c67653be
I0720 00:35:51.476706 12981 raft_consensus.cc:1970] T c1349da600fe445bbe151b00a41a4e3c P ee4ffccf9eb5471297e208d202495ffe [term 2 FOLLOWER]: Snoozing failure detection for election timeout plus an additional 1.557s
I0720 00:35:51.476760 12981 raft_consensus.cc:1859] T c1349da600fe445bbe151b00a41a4e3c P ee4ffccf9eb5471297e208d202495ffe [term 2 FOLLOWER]: Leader election won for term 2
I0720 00:35:51.477190 12981 raft_consensus.cc:464] T c1349da600fe445bbe151b00a41a4e3c P ee4ffccf9eb5471297e208d202495ffe [term 2 LEADER]: Becoming Leader. State: Replica: ee4ffccf9eb5471297e208d202495ffe, State: 1, Role: LEADER Watermarks: {Received: term: 1 index: 6 Committed: term: 1 index: 5}
I0720 00:35:51.477457 12981 consensus_queue.cc:145] T c1349da600fe445bbe151b00a41a4e3c P ee4ffccf9eb5471297e208d202495ffe [LEADER]: Queue going to LEADER mode. State: All replicated op: 1.6, Majority replicated op: 1.5, Committed index: 1.5, Last appended: 1.6, Current term: 2, Majority size: 2, State: 1, Mode: LEADER, active raft config: opid_index: -1 peers { permanent_uuid: "ee4ffccf9eb5471297e208d202495ffe" member_type: VOTER last_known_addr { host: "127.42.236.1" port: 57816 } } peers { permanent_uuid: "3b2a62766e5449f9ae2697a9113d09fb" member_type: VOTER last_known_addr { host: "127.42.236.2" port: 60090 } } peers { permanent_uuid: "bcc77f1560a949c6b130d6b3c67653be" member_type: VOTER last_known_addr { host: "127.42.236.0" port: 42768 } }
I0720 00:35:51.479032 12023 catalog_manager.cc:1856] TS ee4ffccf9eb5471297e208d202495ffe does not have the latest schema for tablet c1349da600fe445bbe151b00a41a4e3c (table test-table [id=2a30b8d6c8764cdc9573a60ac5f96269]). Expected version 14 got 13
I0720 00:35:51.479118 12023 catalog_manager.cc:1957] Tablet: c1349da600fe445bbe151b00a41a4e3c reported consensus state change. New consensus state: current_term: 2 leader_uuid: "ee4ffccf9eb5471297e208d202495ffe" config { opid_index: -1 peers { permanent_uuid: "ee4ffccf9eb5471297e208d202495ffe" member_type: VOTER last_known_addr { host: "127.42.236.1" port: 57816 } } peers { permanent_uuid: "3b2a62766e5449f9ae2697a9113d09fb" member_type: VOTER last_known_addr { host: "127.42.236.2" port: 60090 } } peers { permanent_uuid: "bcc77f1560a949c6b130d6b3c67653be" member_type: VOTER last_known_addr { host: "127.42.236.0" port: 42768 } } }
I0720 00:35:51.978617 11698 raft_consensus.cc:869] T c1349da600fe445bbe151b00a41a4e3c P 3b2a62766e5449f9ae2697a9113d09fb [term 2 FOLLOWER]: Refusing update from remote peer ee4ffccf9eb5471297e208d202495ffe: Log matching property violated. Preceding OpId in replica: term: 1 index: 6. Preceding OpId from leader: term: 2 index: 7. (index mismatch)
I0720 00:35:51.978710 12813 raft_consensus.cc:869] T c1349da600fe445bbe151b00a41a4e3c P bcc77f1560a949c6b130d6b3c67653be [term 2 FOLLOWER]: Refusing update from remote peer ee4ffccf9eb5471297e208d202495ffe: Log matching property violated. Preceding OpId in replica: term: 1 index: 6. Preceding OpId from leader: term: 2 index: 7. (index mismatch)
I0720 00:35:51.979085 12981 consensus_queue.cc:578] T c1349da600fe445bbe151b00a41a4e3c P ee4ffccf9eb5471297e208d202495ffe [LEADER]: Connected to new peer: Peer: bcc77f1560a949c6b130d6b3c67653be, Is new: false, Last received: 1.6, Next index: 7, Last known committed idx: 6, Last exchange result: ERROR, Needs remote bootstrap: false
I0720 00:35:51.979307 12987 consensus_queue.cc:578] T c1349da600fe445bbe151b00a41a4e3c P ee4ffccf9eb5471297e208d202495ffe [LEADER]: Connected to new peer: Peer: 3b2a62766e5449f9ae2697a9113d09fb, Is new: false, Last received: 1.6, Next index: 7, Last known committed idx: 6, Last exchange result: ERROR, Needs remote bootstrap: false
I0720 00:35:51.981026 12023 catalog_manager.cc:1856] TS bcc77f1560a949c6b130d6b3c67653be does not have the latest schema for tablet c1349da600fe445bbe151b00a41a4e3c (table test-table [id=2a30b8d6c8764cdc9573a60ac5f96269]). Expected version 14 got 13
I0720 00:35:51.982069 12990 raft_consensus_state.cc:534] T c1349da600fe445bbe151b00a41a4e3c P ee4ffccf9eb5471297e208d202495ffe [term 2 LEADER]: Advanced the committed_index across terms. Last committed operation was: term: 1 index: 5 New committed index is: term: 2 index: 7
I0720 00:35:51.985051 12022 catalog_manager.cc:1856] TS 3b2a62766e5449f9ae2697a9113d09fb does not have the latest schema for tablet c1349da600fe445bbe151b00a41a4e3c (table test-table [id=2a30b8d6c8764cdc9573a60ac5f96269]). Expected version 14 got 13
I0720 00:35:51.985646 12992 tablet.cc:824] T c1349da600fe445bbe151b00a41a4e3c Alter schema from Schema [ 10:key[int32 NOT NULL], 25:c236[int32 NULLABLE] ] version 13 to Schema [ 10:key[int32 NOT NULL], 26:c809[int32 NOT NULL], 27:c394[int32 NULLABLE] ] version 14
I0720 00:35:51.986037 12992 tablet.cc:772] T c1349da600fe445bbe151b00a41a4e3c Flush: entering stage 1 (old memrowset already frozen for inserts)
I0720 00:35:51.986060 12992 compaction.cc:588] Selected 1 rowsets to compact:
I0720 00:35:51.986068 12992 compaction.cc:591] memrowset(current size on disk: ~0 bytes)
I0720 00:35:51.986106 12992 tablet.cc:774] T c1349da600fe445bbe151b00a41a4e3c Memstore in-memory size: 763 bytes
I0720 00:35:51.986137 12992 tablet.cc:1238] T c1349da600fe445bbe151b00a41a4e3c Flush: entering phase 1 (flushing snapshot). Phase 1 snapshot: MvccSnapshot[committed={T|T < 6016921403319595008}]
I0720 00:35:51.988111 12992 multi_column_writer.cc:85] Opened CFile writer for column key[int32 NOT NULL]
I0720 00:35:51.988225 12992 multi_column_writer.cc:85] Opened CFile writer for column c809[int32 NOT NULL]
I0720 00:35:51.988365 12992 multi_column_writer.cc:85] Opened CFile writer for column c394[int32 NULLABLE]
I0720 00:35:51.988689 12023 catalog_manager.cc:1856] TS bcc77f1560a949c6b130d6b3c67653be does not have the latest schema for tablet c1349da600fe445bbe151b00a41a4e3c (table test-table [id=2a30b8d6c8764cdc9573a60ac5f96269]). Expected version 14 got 13
I0720 00:35:51.990048 13000 tablet.cc:824] T c1349da600fe445bbe151b00a41a4e3c Alter schema from Schema [ 10:key[int32 NOT NULL], 25:c236[int32 NULLABLE] ] version 13 to Schema [ 10:key[int32 NOT NULL], 26:c809[int32 NOT NULL], 27:c394[int32 NULLABLE] ] version 14
I0720 00:35:51.990527 13000 tablet.cc:772] T c1349da600fe445bbe151b00a41a4e3c Flush: entering stage 1 (old memrowset already frozen for inserts)
I0720 00:35:51.990546 13000 compaction.cc:588] Selected 1 rowsets to compact:
I0720 00:35:51.990553 13000 compaction.cc:591] memrowset(current size on disk: ~0 bytes)
I0720 00:35:51.990587 13000 tablet.cc:774] T c1349da600fe445bbe151b00a41a4e3c Memstore in-memory size: 763 bytes
I0720 00:35:51.990612 13000 tablet.cc:1238] T c1349da600fe445bbe151b00a41a4e3c Flush: entering phase 1 (flushing snapshot). Phase 1 snapshot: MvccSnapshot[committed={T|T < 6016921403319595008}]
I0720 00:35:51.995735 12999 tablet.cc:824] T c1349da600fe445bbe151b00a41a4e3c Alter schema from Schema [ 10:key[int32 NOT NULL], 25:c236[int32 NULLABLE] ] version 13 to Schema [ 10:key[int32 NOT NULL], 26:c809[int32 NOT NULL], 27:c394[int32 NULLABLE] ] version 14
I0720 00:35:51.996395 12999 tablet.cc:772] T c1349da600fe445bbe151b00a41a4e3c Flush: entering stage 1 (old memrowset already frozen for inserts)
I0720 00:35:51.996448 12999 compaction.cc:588] Selected 1 rowsets to compact:
I0720 00:35:51.996490 12999 compaction.cc:591] memrowset(current size on disk: ~0 bytes)
I0720 00:35:51.996553 12999 tablet.cc:774] T c1349da600fe445bbe151b00a41a4e3c Memstore in-memory size: 763 bytes
I0720 00:35:51.996552 12023 catalog_manager.cc:1856] TS 3b2a62766e5449f9ae2697a9113d09fb does not have the latest schema for tablet c1349da600fe445bbe151b00a41a4e3c (table test-table [id=2a30b8d6c8764cdc9573a60ac5f96269]). Expected version 14 got 13
I0720 00:35:51.996613 12999 tablet.cc:1238] T c1349da600fe445bbe151b00a41a4e3c Flush: entering phase 1 (flushing snapshot). Phase 1 snapshot: MvccSnapshot[committed={T|T < 6016921403319595008}]
I0720 00:35:51.997093 12992 tablet.cc:1318] T c1349da600fe445bbe151b00a41a4e3c Flush: entering phase 2 (starting to duplicate updates in new rowsets)
I0720 00:35:51.997238 12992 tablet.cc:1373] T c1349da600fe445bbe151b00a41a4e3c Flush Phase 2: carrying over any updates which arrived during Phase 1
I0720 00:35:51.997267 12992 tablet.cc:1375] T c1349da600fe445bbe151b00a41a4e3c Phase 2 snapshot: MvccSnapshot[committed={T|T < 6016921403319595008}]
I0720 00:35:51.997812 12999 multi_column_writer.cc:85] Opened CFile writer for column key[int32 NOT NULL]
I0720 00:35:51.997949 12999 multi_column_writer.cc:85] Opened CFile writer for column c809[int32 NOT NULL]
I0720 00:35:51.998095 12999 multi_column_writer.cc:85] Opened CFile writer for column c394[int32 NULLABLE]
I0720 00:35:52.001811 12992 tablet.cc:1416] T c1349da600fe445bbe151b00a41a4e3c Flush successful on 1 rows (4292 bytes)
I0720 00:35:52.002131 13000 multi_column_writer.cc:85] Opened CFile writer for column key[int32 NOT NULL]
I0720 00:35:52.002631 13000 multi_column_writer.cc:85] Opened CFile writer for column c809[int32 NOT NULL]
I0720 00:35:52.007285 12992 tablet.cc:819] T c1349da600fe445bbe151b00a41a4e3c Already running schema version 14 got alter request for version 14
I0720 00:35:52.011759 12023 catalog_manager.cc:2970] test-table [id=2a30b8d6c8764cdc9573a60ac5f96269] - Alter table completed version=14
I0720 00:35:52.012295 13000 multi_column_writer.cc:85] Opened CFile writer for column c394[int32 NULLABLE]
I0720 00:35:52.017992 12999 tablet.cc:1318] T c1349da600fe445bbe151b00a41a4e3c Flush: entering phase 2 (starting to duplicate updates in new rowsets)
I0720 00:35:52.018352 12999 tablet.cc:1373] T c1349da600fe445bbe151b00a41a4e3c Flush Phase 2: carrying over any updates which arrived during Phase 1
I0720 00:35:52.018422 12999 tablet.cc:1375] T c1349da600fe445bbe151b00a41a4e3c Phase 2 snapshot: MvccSnapshot[committed={T|T < 6016921403319595008}]
I0720 00:35:52.020731 12999 tablet.cc:1416] T c1349da600fe445bbe151b00a41a4e3c Flush successful on 1 rows (4292 bytes)
I0720 00:35:52.023613 12992 tablet.cc:819] T c1349da600fe445bbe151b00a41a4e3c Already running schema version 14 got alter request for version 14
I0720 00:35:52.025601 13006 tablet.cc:819] T c1349da600fe445bbe151b00a41a4e3c Already running schema version 14 got alter request for version 14
I0720 00:35:52.026583 12999 tablet.cc:819] T c1349da600fe445bbe151b00a41a4e3c Already running schema version 14 got alter request for version 14
I0720 00:35:52.040405 13000 tablet.cc:1318] T c1349da600fe445bbe151b00a41a4e3c Flush: entering phase 2 (starting to duplicate updates in new rowsets)
I0720 00:35:52.040536 13000 tablet.cc:1373] T c1349da600fe445bbe151b00a41a4e3c Flush Phase 2: carrying over any updates which arrived during Phase 1
I0720 00:35:52.040566 13000 tablet.cc:1375] T c1349da600fe445bbe151b00a41a4e3c Phase 2 snapshot: MvccSnapshot[committed={T|T < 6016921403319595008}]
I0720 00:35:52.041992 13000 tablet.cc:1416] T c1349da600fe445bbe151b00a41a4e3c Flush successful on 1 rows (4292 bytes)
I0720 00:35:52.043150 13000 tablet.cc:819] T c1349da600fe445bbe151b00a41a4e3c Already running schema version 14 got alter request for version 14
I0720 00:35:52.045439 13007 tablet.cc:819] T c1349da600fe445bbe151b00a41a4e3c Already running schema version 14 got alter request for version 14
I0720 00:35:52.213937 10988 alter_table-randomized-test.cc:92] Restarting TS 2
I0720 00:35:52.214016 10988 external_mini_cluster.cc:661] Killing /tmp/run_tha_testFPtVYj/build/debug/bin/kudu-tserver with pid 11628
W0720 00:35:52.219771 12154 consensus_peers.cc:333] T 304f195d847441e5a3daabaa3158a7fa P ee4ffccf9eb5471297e208d202495ffe -> Peer 3b2a62766e5449f9ae2697a9113d09fb (127.42.236.2:60090): Couldn't send request to peer 3b2a62766e5449f9ae2697a9113d09fb for tablet 304f195d847441e5a3daabaa3158a7fa. Status: Network error: Recv() got EOF from remote (error 108). Retrying in the next heartbeat period. Already tried 1 times.
I0720 00:35:52.219974 10988 external_mini_cluster.cc:559] Running /tmp/run_tha_testFPtVYj/build/debug/bin/kudu-tserver kudu-tserver --fs_wal_dir=/tmp/kudutest-1000/alter_table-randomized-test.AlterTableRandomized.TestRandomSequence.1468974934021256-10988/minicluster-data/ts-2 --fs_data_dirs=/tmp/kudutest-1000/alter_table-randomized-test.AlterTableRandomized.TestRandomSequence.1468974934021256-10988/minicluster-data/ts-2 --rpc_bind_addresses=127.42.236.2:60090 --local_ip_for_outbound_sockets=127.42.236.2 --webserver_port=32772 --webserver_interface=127.42.236.2 --tserver_master_addrs=127.0.0.1:35587 --metrics_log_interval_ms=1000 --log_dir=/tmp/kudutest-1000/alter_table-randomized-test.AlterTableRandomized.TestRandomSequence.1468974934021256-10988/minicluster-data/ts-2 --never_fsync --log_container_preallocate_bytes=0 --server_dump_info_path=/tmp/kudutest-1000/alter_table-randomized-test.AlterTableRandomized.TestRandomSequence.1468974934021256-10988/minicluster-data/ts-2/info.pb --server_dump_info_format=pb --rpc_server_allow_ephemeral_ports --logtostderr --logbuflevel=-1
I0720 00:35:52.244875 13018 mem_tracker.cc:138] MemTracker: hard memory limit is 11.777661 GB
I0720 00:35:52.244992 13018 mem_tracker.cc:140] MemTracker: soft memory limit is 7.066597 GB
I0720 00:35:52.249017 13018 tablet_server_main.cc:54] Initializing tablet server...
I0720 00:35:52.249778 13018 hybrid_clock.cc:178] HybridClock initialized. Resolution in nanos?: 1 Wait times tolerance adjustment: 1.0005 Current error: 1036193
I0720 00:35:52.256743 13018 fs_manager.cc:242] Opened local filesystem: /tmp/kudutest-1000/alter_table-randomized-test.AlterTableRandomized.TestRandomSequence.1468974934021256-10988/minicluster-data/ts-2 uuid: "3b2a62766e5449f9ae2697a9113d09fb" format_stamp: "Formatted at 2016-07-20 00:35:34 on dist-test-slave-dist-test-slave-yks8"
I0720 00:35:52.260972 13018 ts_tablet_manager.cc:607] Loading metadata for tablet 6f1310ae89dc4ea0b984b70b1d6f520f
I0720 00:35:52.262753 13018 ts_tablet_manager.cc:607] Loading metadata for tablet 304f195d847441e5a3daabaa3158a7fa
I0720 00:35:52.263622 13018 ts_tablet_manager.cc:607] Loading metadata for tablet 3941d911c89d427eacd1d70afe9fb986
I0720 00:35:52.263998 13018 ts_tablet_manager.cc:607] Loading metadata for tablet c1349da600fe445bbe151b00a41a4e3c
I0720 00:35:52.264295 13018 ts_tablet_manager.cc:607] Loading metadata for tablet e173b583c6ed4261976f733a1f95a6df
I0720 00:35:52.264564 13018 ts_tablet_manager.cc:607] Loading metadata for tablet fb14d4878a6441df8d5ab1d6802492fb
I0720 00:35:52.264835 13018 ts_tablet_manager.cc:607] Loading metadata for tablet 5d2b354e4dab4313ab880bbbc03f1fd2
I0720 00:35:52.265105 13018 ts_tablet_manager.cc:607] Loading metadata for tablet f6e9db4a1f1644b4a3b1935d19395232
I0720 00:35:52.265672 13018 ts_tablet_manager.cc:765] Registered tablet 6f1310ae89dc4ea0b984b70b1d6f520f
I0720 00:35:52.265987 13027 ts_tablet_manager.cc:631] T 6f1310ae89dc4ea0b984b70b1d6f520f P 3b2a62766e5449f9ae2697a9113d09fb: Bootstrapping tablet
I0720 00:35:52.266046 13018 ts_tablet_manager.cc:765] Registered tablet 304f195d847441e5a3daabaa3158a7fa
I0720 00:35:52.266142 13018 ts_tablet_manager.cc:765] Registered tablet 3941d911c89d427eacd1d70afe9fb986
I0720 00:35:52.266247 13018 ts_tablet_manager.cc:765] Registered tablet c1349da600fe445bbe151b00a41a4e3c
I0720 00:35:52.266435 13018 ts_tablet_manager.cc:765] Registered tablet e173b583c6ed4261976f733a1f95a6df
I0720 00:35:52.266527 13018 ts_tablet_manager.cc:765] Registered tablet fb14d4878a6441df8d5ab1d6802492fb
I0720 00:35:52.266580 13027 tablet_bootstrap.cc:400] T 6f1310ae89dc4ea0b984b70b1d6f520f P 3b2a62766e5449f9ae2697a9113d09fb: Bootstrap starting.
I0720 00:35:52.266614 13018 ts_tablet_manager.cc:765] Registered tablet 5d2b354e4dab4313ab880bbbc03f1fd2
I0720 00:35:52.266692 13018 ts_tablet_manager.cc:765] Registered tablet f6e9db4a1f1644b4a3b1935d19395232
I0720 00:35:52.266904 13018 tablet_server_main.cc:57] Starting tablet server...
I0720 00:35:52.268736 13027 tablet_bootstrap.cc:563] T 6f1310ae89dc4ea0b984b70b1d6f520f P 3b2a62766e5449f9ae2697a9113d09fb: Time spent opening tablet: real 0.001s user 0.000s sys 0.000s
I0720 00:35:52.268986 13027 tablet_bootstrap.cc:619] T 6f1310ae89dc4ea0b984b70b1d6f520f P 3b2a62766e5449f9ae2697a9113d09fb: Will attempt to recover log segment /tmp/kudutest-1000/alter_table-randomized-test.AlterTableRandomized.TestRandomSequence.1468974934021256-10988/minicluster-data/ts-2/wals/6f1310ae89dc4ea0b984b70b1d6f520f/wal-000000001 to /tmp/kudutest-1000/alter_table-randomized-test.AlterTableRandomized.TestRandomSequence.1468974934021256-10988/minicluster-data/ts-2/wals/6f1310ae89dc4ea0b984b70b1d6f520f.recovery/wal-000000001
I0720 00:35:52.269011 13027 tablet_bootstrap.cc:627] T 6f1310ae89dc4ea0b984b70b1d6f520f P 3b2a62766e5449f9ae2697a9113d09fb: Moving log directory /tmp/kudutest-1000/alter_table-randomized-test.AlterTableRandomized.TestRandomSequence.1468974934021256-10988/minicluster-data/ts-2/wals/6f1310ae89dc4ea0b984b70b1d6f520f to recovery directory /tmp/kudutest-1000/alter_table-randomized-test.AlterTableRandomized.TestRandomSequence.1468974934021256-10988/minicluster-data/ts-2/wals/6f1310ae89dc4ea0b984b70b1d6f520f.recovery in preparation for log replay
W0720 00:35:52.269587 13027 log_util.cc:311] Could not read footer for segment: /tmp/kudutest-1000/alter_table-randomized-test.AlterTableRandomized.TestRandomSequence.1468974934021256-10988/minicluster-data/ts-2/wals/6f1310ae89dc4ea0b984b70b1d6f520f.recovery/wal-000000001: Not found: Footer not found. Footer magic doesn't match
I0720 00:35:52.269654 13027 log_reader.cc:152] Log segment /tmp/kudutest-1000/alter_table-randomized-test.AlterTableRandomized.TestRandomSequence.1468974934021256-10988/minicluster-data/ts-2/wals/6f1310ae89dc4ea0b984b70b1d6f520f.recovery/wal-000000001 was likely left in-progress after a previous crash. Will try to rebuild footer by scanning data.
I0720 00:35:52.271948 13027 log_util.cc:569] Scanning /tmp/kudutest-1000/alter_table-randomized-test.AlterTableRandomized.TestRandomSequence.1468974934021256-10988/minicluster-data/ts-2/wals/6f1310ae89dc4ea0b984b70b1d6f520f.recovery/wal-000000001 for valid entry headers following offset 424...
W0720 00:35:52.299873 12154 consensus_peers.cc:333] T e173b583c6ed4261976f733a1f95a6df P ee4ffccf9eb5471297e208d202495ffe -> Peer 3b2a62766e5449f9ae2697a9113d09fb (127.42.236.2:60090): Couldn't send request to peer 3b2a62766e5449f9ae2697a9113d09fb for tablet e173b583c6ed4261976f733a1f95a6df. Status: Network error: Client connection negotiation failed: client connection to 127.42.236.2:60090: connect: Connection refused (error 111). Retrying in the next heartbeat period. Already tried 1 times.
I0720 00:35:52.321815 13027 log_util.cc:606] Found no log entry headers
I0720 00:35:52.321883 13027 log_util.cc:215] Ignoring log segment corruption in /tmp/kudutest-1000/alter_table-randomized-test.AlterTableRandomized.TestRandomSequence.1468974934021256-10988/minicluster-data/ts-2/wals/6f1310ae89dc4ea0b984b70b1d6f520f.recovery/wal-000000001 because there are no log entries following the corrupted one. The server probably crashed in the middle of writing an entry to the write-ahead log or downloaded an active log via remote bootstrap. Error detail: Corruption: CRC mismatch in log entry header: Log file corruption detected. Failed trying to read batch #0 at offset 412 for log segment /tmp/kudutest-1000/alter_table-randomized-test.AlterTableRandomized.TestRandomSequence.1468974934021256-10988/minicluster-data/ts-2/wals/6f1310ae89dc4ea0b984b70b1d6f520f.recovery/wal-000000001: Prior entries: [off=360 REPLICATE (1.1)] [off=360 REPLICATE (1.2)] [off=386 COMMIT (1.1)] [off=412 COMMIT (1.2)]
I0720 00:35:52.321971 13027 log_util.cc:359] Successfully rebuilt footer for segment: /tmp/kudutest-1000/alter_table-randomized-test.AlterTableRandomized.TestRandomSequence.1468974934021256-10988/minicluster-data/ts-2/wals/6f1310ae89dc4ea0b984b70b1d6f520f.recovery/wal-000000001 (valid entries through byte offset 412)
I0720 00:35:52.322403 13027 tablet.cc:853] T 6f1310ae89dc4ea0b984b70b1d6f520f Rewinding schema during bootstrap to Schema [ 10:key[int32 NOT NULL], 26:c809[int32 NOT NULL], 27:c394[int32 NULLABLE] ]
I0720 00:35:52.323415 13027 log.cc:349] Log is configured to *not* fsync() on all Append() calls
I0720 00:35:52.326534 13027 tablet.cc:824] T 6f1310ae89dc4ea0b984b70b1d6f520f Alter schema from Schema [ 10:key[int32 NOT NULL], 26:c809[int32 NOT NULL], 27:c394[int32 NULLABLE] ] version 0 to Schema [ 10:key[int32 NOT NULL], 26:c809[int32 NOT NULL], 27:c394[int32 NULLABLE] ] version 14
I0720 00:35:52.326658 13027 tablet_metadata.cc:428] Not flushing: waiting for 1 pins to be released.
I0720 00:35:52.326964 13027 tablet_bootstrap.cc:400] T 6f1310ae89dc4ea0b984b70b1d6f520f P 3b2a62766e5449f9ae2697a9113d09fb: Bootstrap replayed 1/1 log segments. Stats: ops{read=2 overwritten=0 applied=2 ignored=0} inserts{seen=0 ignored=0} mutations{seen=0 ignored=0} orphaned_commits=0. Pending: 0 replicates
I0720 00:35:52.327018 13027 tablet_bootstrap.cc:1040] T 6f1310ae89dc4ea0b984b70b1d6f520f P 3b2a62766e5449f9ae2697a9113d09fb: ReplayState: Previous OpId: 1.2, Committed OpId: 1.2, Pending Replicates: 0, Pending Commits: 0
I0720 00:35:52.328101 13027 tablet_bootstrap.cc:656] T 6f1310ae89dc4ea0b984b70b1d6f520f P 3b2a62766e5449f9ae2697a9113d09fb: Preparing to delete log recovery files and directory /tmp/kudutest-1000/alter_table-randomized-test.AlterTableRandomized.TestRandomSequence.1468974934021256-10988/minicluster-data/ts-2/wals/6f1310ae89dc4ea0b984b70b1d6f520f.recovery
I0720 00:35:52.328146 13027 tablet_bootstrap.cc:659] T 6f1310ae89dc4ea0b984b70b1d6f520f P 3b2a62766e5449f9ae2697a9113d09fb: Renaming log recovery dir from /tmp/kudutest-1000/alter_table-randomized-test.AlterTableRandomized.TestRandomSequence.1468974934021256-10988/minicluster-data/ts-2/wals/6f1310ae89dc4ea0b984b70b1d6f520f.recovery to /tmp/kudutest-1000/alter_table-randomized-test.AlterTableRandomized.TestRandomSequence.1468974934021256-10988/minicluster-data/ts-2/wals/6f1310ae89dc4ea0b984b70b1d6f520f.recovery-1468974952328127
I0720 00:35:52.328215 13027 tablet_bootstrap.cc:669] T 6f1310ae89dc4ea0b984b70b1d6f520f P 3b2a62766e5449f9ae2697a9113d09fb: Deleting all files from renamed log recovery directory /tmp/kudutest-1000/alter_table-randomized-test.AlterTableRandomized.TestRandomSequence.1468974934021256-10988/minicluster-data/ts-2/wals/6f1310ae89dc4ea0b984b70b1d6f520f.recovery-1468974952328127
I0720 00:35:52.328461 13027 tablet_bootstrap.cc:672] T 6f1310ae89dc4ea0b984b70b1d6f520f P 3b2a62766e5449f9ae2697a9113d09fb: Completed deletion of old log recovery files and directory /tmp/kudutest-1000/alter_table-randomized-test.AlterTableRandomized.TestRandomSequence.1468974934021256-10988/minicluster-data/ts-2/wals/6f1310ae89dc4ea0b984b70b1d6f520f.recovery-1468974952328127
I0720 00:35:52.329566 13027 tablet_bootstrap.cc:400] T 6f1310ae89dc4ea0b984b70b1d6f520f P 3b2a62766e5449f9ae2697a9113d09fb: Bootstrap complete.
I0720 00:35:52.334686 13018 rpc_server.cc:164] RPC server started. Bound to: 127.42.236.2:60090
I0720 00:35:52.334991 13018 webserver.cc:122] Starting webserver on 127.42.236.2:32772
I0720 00:35:52.335010 13018 webserver.cc:133] Document root disabled
I0720 00:35:52.335360 13018 webserver.cc:217] Webserver started. Bound to: http://127.42.236.2:32772/
I0720 00:35:52.335738 13018 server_base.cc:235] Dumped server information to /tmp/kudutest-1000/alter_table-randomized-test.AlterTableRandomized.TestRandomSequence.1468974934021256-10988/minicluster-data/ts-2/info.pb
I0720 00:35:52.336066 13018 tablet_server_main.cc:60] Tablet server successfully started.
I0720 00:35:52.336655 13027 ts_tablet_manager.cc:636] T 6f1310ae89dc4ea0b984b70b1d6f520f P 3b2a62766e5449f9ae2697a9113d09fb: Time spent bootstrapping tablet: real 0.071s user 0.036s sys 0.032s
