I0720 00:35:46.023114 12221 raft_consensus.cc:2019] T 1ca03223237f4b409acaeb612f114900 P ee4ffccf9eb5471297e208d202495ffe [term 0 FOLLOWER]: Advancing to term 1
I0720 00:35:46.023169 11698 raft_consensus.cc:2019] T 1ca03223237f4b409acaeb612f114900 P 3b2a62766e5449f9ae2697a9113d09fb [term 0 FOLLOWER]: Advancing to term 1
I0720 00:35:46.023598 12221 raft_consensus.cc:1970] T 1ca03223237f4b409acaeb612f114900 P ee4ffccf9eb5471297e208d202495ffe [term 1 FOLLOWER]: Snoozing failure detection for election timeout plus an additional 1.634s
I0720 00:35:46.023655 11698 raft_consensus.cc:1970] T 1ca03223237f4b409acaeb612f114900 P 3b2a62766e5449f9ae2697a9113d09fb [term 1 FOLLOWER]: Snoozing failure detection for election timeout plus an additional 1.518s
I0720 00:35:46.024081 11698 raft_consensus.cc:1677] T 1ca03223237f4b409acaeb612f114900 P 3b2a62766e5449f9ae2697a9113d09fb [term 1 FOLLOWER]: Leader election vote request: Granting yes vote for candidate bcc77f1560a949c6b130d6b3c67653be in term 1.
I0720 00:35:46.024157 12221 raft_consensus.cc:1677] T 1ca03223237f4b409acaeb612f114900 P ee4ffccf9eb5471297e208d202495ffe [term 1 FOLLOWER]: Leader election vote request: Granting yes vote for candidate bcc77f1560a949c6b130d6b3c67653be in term 1.
I0720 00:35:46.024354 11876 leader_election.cc:347] T 1ca03223237f4b409acaeb612f114900 P bcc77f1560a949c6b130d6b3c67653be [CANDIDATE]: Term 1 election: Vote granted by peer 3b2a62766e5449f9ae2697a9113d09fb
I0720 00:35:46.024379 11876 leader_election.cc:248] T 1ca03223237f4b409acaeb612f114900 P bcc77f1560a949c6b130d6b3c67653be [CANDIDATE]: Term 1 election: Election decided. Result: candidate won.
I0720 00:35:46.024430 11878 leader_election.cc:347] T 1ca03223237f4b409acaeb612f114900 P bcc77f1560a949c6b130d6b3c67653be [CANDIDATE]: Term 1 election: Vote granted by peer ee4ffccf9eb5471297e208d202495ffe
I0720 00:35:46.024559 12355 raft_consensus.cc:1970] T 1ca03223237f4b409acaeb612f114900 P bcc77f1560a949c6b130d6b3c67653be [term 1 FOLLOWER]: Snoozing failure detection for election timeout plus an additional 1.547s
I0720 00:35:46.024588 12355 raft_consensus.cc:1859] T 1ca03223237f4b409acaeb612f114900 P bcc77f1560a949c6b130d6b3c67653be [term 1 FOLLOWER]: Leader election won for term 1
I0720 00:35:46.024925 12355 raft_consensus.cc:464] T 1ca03223237f4b409acaeb612f114900 P bcc77f1560a949c6b130d6b3c67653be [term 1 LEADER]: Becoming Leader. State: Replica: bcc77f1560a949c6b130d6b3c67653be, State: 1, Role: LEADER Watermarks: {Received: term: 0 index: 0 Committed: term: 0 index: 0}
I0720 00:35:46.025005 12355 consensus_queue.cc:145] T 1ca03223237f4b409acaeb612f114900 P bcc77f1560a949c6b130d6b3c67653be [LEADER]: Queue going to LEADER mode. State: All replicated op: 0.0, Majority replicated op: 0.0, Committed index: 0.0, Last appended: 0.0, Current term: 1, Majority size: 2, State: 1, Mode: LEADER, active raft config: opid_index: -1 peers { permanent_uuid: "3b2a62766e5449f9ae2697a9113d09fb" member_type: VOTER last_known_addr { host: "127.42.236.2" port: 60090 } } peers { permanent_uuid: "ee4ffccf9eb5471297e208d202495ffe" member_type: VOTER last_known_addr { host: "127.42.236.1" port: 57816 } } peers { permanent_uuid: "bcc77f1560a949c6b130d6b3c67653be" member_type: VOTER last_known_addr { host: "127.42.236.0" port: 42768 } }
I0720 00:35:46.026530 12021 catalog_manager.cc:1856] TS bcc77f1560a949c6b130d6b3c67653be does not have the latest schema for tablet 1ca03223237f4b409acaeb612f114900 (table test-table [id=2a30b8d6c8764cdc9573a60ac5f96269]). Expected version 6 got 0
I0720 00:35:46.026659 12021 catalog_manager.cc:1957] Tablet: 1ca03223237f4b409acaeb612f114900 reported consensus state change. New consensus state: current_term: 1 leader_uuid: "bcc77f1560a949c6b130d6b3c67653be" config { opid_index: -1 peers { permanent_uuid: "3b2a62766e5449f9ae2697a9113d09fb" member_type: VOTER last_known_addr { host: "127.42.236.2" port: 60090 } } peers { permanent_uuid: "ee4ffccf9eb5471297e208d202495ffe" member_type: VOTER last_known_addr { host: "127.42.236.1" port: 57816 } } peers { permanent_uuid: "bcc77f1560a949c6b130d6b3c67653be" member_type: VOTER last_known_addr { host: "127.42.236.0" port: 42768 } } }
I0720 00:35:46.030050 12221 raft_consensus.cc:869] T 1ca03223237f4b409acaeb612f114900 P ee4ffccf9eb5471297e208d202495ffe [term 1 FOLLOWER]: Refusing update from remote peer bcc77f1560a949c6b130d6b3c67653be: Log matching property violated. Preceding OpId in replica: term: 0 index: 0. Preceding OpId from leader: term: 1 index: 2. (index mismatch)
I0720 00:35:46.030062 11698 raft_consensus.cc:869] T 1ca03223237f4b409acaeb612f114900 P 3b2a62766e5449f9ae2697a9113d09fb [term 1 FOLLOWER]: Refusing update from remote peer bcc77f1560a949c6b130d6b3c67653be: Log matching property violated. Preceding OpId in replica: term: 0 index: 0. Preceding OpId from leader: term: 1 index: 2. (index mismatch)
I0720 00:35:46.030370 12356 consensus_queue.cc:578] T 1ca03223237f4b409acaeb612f114900 P bcc77f1560a949c6b130d6b3c67653be [LEADER]: Connected to new peer: Peer: ee4ffccf9eb5471297e208d202495ffe, Is new: false, Last received: 0.0, Next index: 1, Last known committed idx: 0, Last exchange result: ERROR, Needs remote bootstrap: false
I0720 00:35:46.030434 12355 consensus_queue.cc:578] T 1ca03223237f4b409acaeb612f114900 P bcc77f1560a949c6b130d6b3c67653be [LEADER]: Connected to new peer: Peer: 3b2a62766e5449f9ae2697a9113d09fb, Is new: false, Last received: 0.0, Next index: 1, Last known committed idx: 0, Last exchange result: ERROR, Needs remote bootstrap: false
I0720 00:35:46.032138 12020 catalog_manager.cc:1856] TS ee4ffccf9eb5471297e208d202495ffe does not have the latest schema for tablet 1ca03223237f4b409acaeb612f114900 (table test-table [id=2a30b8d6c8764cdc9573a60ac5f96269]). Expected version 6 got 0
I0720 00:35:46.032232 12293 tablet.cc:824] T 1ca03223237f4b409acaeb612f114900 Alter schema from Schema [ 10:key[int32 NOT NULL] ] version 0 to Schema [ 10:key[int32 NOT NULL] ] version 6
I0720 00:35:46.032500 12359 raft_consensus_state.cc:534] T 1ca03223237f4b409acaeb612f114900 P bcc77f1560a949c6b130d6b3c67653be [term 1 LEADER]: Advanced the committed_index across terms. Last committed operation was: term: 0 index: 0 New committed index is: term: 1 index: 2
I0720 00:35:46.033382 12296 tablet.cc:824] T 1ca03223237f4b409acaeb612f114900 Alter schema from Schema [ 10:key[int32 NOT NULL] ] version 0 to Schema [ 10:key[int32 NOT NULL] ] version 6
I0720 00:35:46.035045 12021 catalog_manager.cc:1856] TS 3b2a62766e5449f9ae2697a9113d09fb does not have the latest schema for tablet 1ca03223237f4b409acaeb612f114900 (table test-table [id=2a30b8d6c8764cdc9573a60ac5f96269]). Expected version 6 got 0
I0720 00:35:46.082118 12297 tablet.cc:824] T 1ca03223237f4b409acaeb612f114900 Alter schema from Schema [ 10:key[int32 NOT NULL] ] version 0 to Schema [ 10:key[int32 NOT NULL] ] version 6
I0720 00:35:46.139783 10988 alter_table-randomized-test.cc:390] Beginning Alterations
I0720 00:35:46.140547 10988 alter_table-randomized-test.cc:455] Adding range partition: [603979767, 671088630) resulting partitions: (603979767, 671088630], (1677721575, 1744830438], (1744830438, 1811939301], (1811939301, 1879048164)
I0720 00:35:46.140583 10988 alter_table-randomized-test.cc:418] Adding column c737, existing columns: key
I0720 00:35:46.140605 10988 alter_table-randomized-test.cc:455] Adding range partition: [1140850671, 1207959534) resulting partitions: (603979767, 671088630], (1140850671, 1207959534], (1677721575, 1744830438], (1744830438, 1811939301], (1811939301, 1879048164)
I0720 00:35:46.140625 10988 alter_table-randomized-test.cc:471] Dropping range partition: [1811939301, 1879048164) resulting partitions: (603979767, 671088630], (1140850671, 1207959534], (1677721575, 1744830438], (1744830438, 1811939301)
I0720 00:35:46.140640 10988 alter_table-randomized-test.cc:455] Adding range partition: [872415219, 939524082) resulting partitions: (603979767, 671088630], (872415219, 939524082], (1140850671, 1207959534], (1677721575, 1744830438], (1744830438, 1811939301)
I0720 00:35:46.140656 10988 alter_table-randomized-test.cc:455] Adding range partition: [1006632945, 1073741808) resulting partitions: (603979767, 671088630], (872415219, 939524082], (1006632945, 1073741808], (1140850671, 1207959534], (1677721575, 1744830438], (1744830438, 1811939301)
I0720 00:35:46.140667 10988 alter_table-randomized-test.cc:418] Adding column c794, existing columns: key, c737
I0720 00:35:46.140678 10988 alter_table-randomized-test.cc:471] Dropping range partition: [872415219, 939524082) resulting partitions: (603979767, 671088630], (1006632945, 1073741808], (1140850671, 1207959534], (1677721575, 1744830438], (1744830438, 1811939301)
I0720 00:35:46.140688 10988 alter_table-randomized-test.cc:412] Committing Alterations
I0720 00:35:46.141225 12023 catalog_manager.cc:1359] Servicing AlterTable request from {real_user=slave, eff_user=} at 127.0.0.1:46073: table { table_name: "test-table" } alter_schema_steps { type: ADD_RANGE_PARTITION add_range_partition { range_bounds { rows: "\006\001\367\377\377#\007\001\366\377\377\'" } } } alter_schema_steps { type: ADD_COLUMN add_column { schema { name: "c737" type: INT32 is_nullable: true encoding: AUTO_ENCODING compression: DEFAULT_COMPRESSION cfile_block_size: 0 } } } alter_schema_steps { type: ADD_RANGE_PARTITION add_range_partition { range_bounds { rows: "\006\001\357\377\377C\007\001\356\377\377G" } } } alter_schema_steps { type: DROP_RANGE_PARTITION drop_range_partition { range_bounds { rows: "\006\001\345\377\377k\007\001\344\377\377o" } } } alter_schema_steps { type: ADD_RANGE_PARTITION add_range_partition { range_bounds { rows: "\006\001\363\377\3773\007\001\362\377\3777" } } } alter_schema_steps { type: ADD_RANGE_PARTITION add_range_partition { range_bounds { rows: "\006\001\361\377\377;\007\001\360\377\377?" } } } alter_schema_steps { type: ADD_COLUMN add_column { schema { name: "c794" type: INT32 is_nullable: true encoding: AUTO_ENCODING compression: DEFAULT_COMPRESSION cfile_block_size: 0 } } } alter_schema_steps { type: DROP_RANGE_PARTITION drop_range_partition { range_bounds { rows: "\006\001\363\377\3773\007\001\362\377\3777" } } } schema { columns { name: "key" type: INT32 is_key: true is_nullable: false encoding: AUTO_ENCODING compression: DEFAULT_COMPRESSION cfile_block_size: 0 } }
W0720 00:35:46.144091 12023 catalog_manager.cc:2160] Unable to reset TS proxy: Not found: No leader found: Tablet b2fe2d8f7e604eeca15fe52f69879550 has no consensus state
W0720 00:35:46.144120 12023 catalog_manager.cc:2770] Failed to send alter table request: Not found: Failed to reset TS proxy: No leader found: Tablet b2fe2d8f7e604eeca15fe52f69879550 has no consensus state
W0720 00:35:46.144168 12023 catalog_manager.cc:2160] Unable to reset TS proxy: Not found: No leader found: Tablet 297b05026d8d4464aecd40c71d630767 has no consensus state
W0720 00:35:46.144183 12023 catalog_manager.cc:2770] Failed to send alter table request: Not found: Failed to reset TS proxy: No leader found: Tablet 297b05026d8d4464aecd40c71d630767 has no consensus state
W0720 00:35:46.144213 12023 catalog_manager.cc:2160] Unable to reset TS proxy: Not found: No leader found: Tablet 27b3a1d170cc40e9b2b3d05a5a3afa28 has no consensus state
W0720 00:35:46.144227 12023 catalog_manager.cc:2770] Failed to send alter table request: Not found: Failed to reset TS proxy: No leader found: Tablet 27b3a1d170cc40e9b2b3d05a5a3afa28 has no consensus state
I0720 00:35:46.144529 12023 catalog_manager.cc:2796] Sending DeleteTablet for 3 replicas of tablet 1ca03223237f4b409acaeb612f114900
I0720 00:35:46.144551 12023 catalog_manager.cc:2812] T 00000000000000000000000000000000 P 1045dd375010469d9a77d8d8f93d4562: Deleting tablet 1ca03223237f4b409acaeb612f114900 on peer 3b2a62766e5449f9ae2697a9113d09fb with delete type TABLET_DATA_DELETED (Partition dropped at 2016-07-20 00:35:46 UTC)
I0720 00:35:46.144678 12023 catalog_manager.cc:2812] T 00000000000000000000000000000000 P 1045dd375010469d9a77d8d8f93d4562: Deleting tablet 1ca03223237f4b409acaeb612f114900 on peer ee4ffccf9eb5471297e208d202495ffe with delete type TABLET_DATA_DELETED (Partition dropped at 2016-07-20 00:35:46 UTC)
I0720 00:35:46.144897 11679 tablet_service.cc:651] Processing DeleteTablet for tablet 1ca03223237f4b409acaeb612f114900 with delete_type TABLET_DATA_DELETED (Partition dropped at 2016-07-20 00:35:46 UTC) from {real_user=slave, eff_user=} at 127.0.0.1:56657
I0720 00:35:46.144932 11679 tablet_peer.cc:214] Initiating TabletPeer shutdown for tablet: 1ca03223237f4b409acaeb612f114900
I0720 00:35:46.144949 12200 tablet_service.cc:651] Processing DeleteTablet for tablet 1ca03223237f4b409acaeb612f114900 with delete_type TABLET_DATA_DELETED (Partition dropped at 2016-07-20 00:35:46 UTC) from {real_user=slave, eff_user=} at 127.0.0.1:60329
I0720 00:35:46.144980 12200 tablet_peer.cc:214] Initiating TabletPeer shutdown for tablet: 1ca03223237f4b409acaeb612f114900
I0720 00:35:46.144984 11679 maintenance_manager.cc:176] Unregistered op CompactRowSetsOp(1ca03223237f4b409acaeb612f114900)
I0720 00:35:46.145004 11679 maintenance_manager.cc:176] Unregistered op MinorDeltaCompactionOp(1ca03223237f4b409acaeb612f114900)
I0720 00:35:46.145014 11679 maintenance_manager.cc:176] Unregistered op MajorDeltaCompactionOp(1ca03223237f4b409acaeb612f114900)
I0720 00:35:46.145023 12200 maintenance_manager.cc:176] Unregistered op CompactRowSetsOp(1ca03223237f4b409acaeb612f114900)
I0720 00:35:46.145031 11679 maintenance_manager.cc:176] Unregistered op FlushMRSOp(1ca03223237f4b409acaeb612f114900)
I0720 00:35:46.145038 12200 maintenance_manager.cc:176] Unregistered op MinorDeltaCompactionOp(1ca03223237f4b409acaeb612f114900)
I0720 00:35:46.145040 11679 maintenance_manager.cc:176] Unregistered op FlushDeltaMemStoresOp(1ca03223237f4b409acaeb612f114900)
I0720 00:35:46.145048 12200 maintenance_manager.cc:176] Unregistered op MajorDeltaCompactionOp(1ca03223237f4b409acaeb612f114900)
I0720 00:35:46.145050 11679 maintenance_manager.cc:176] Unregistered op LogGCOp(1ca03223237f4b409acaeb612f114900)
I0720 00:35:46.145067 12200 maintenance_manager.cc:176] Unregistered op FlushMRSOp(1ca03223237f4b409acaeb612f114900)
I0720 00:35:46.145067 11679 raft_consensus.cc:1495] T 1ca03223237f4b409acaeb612f114900 P 3b2a62766e5449f9ae2697a9113d09fb [term 1 FOLLOWER]: Raft consensus shutting down.
I0720 00:35:46.145076 12200 maintenance_manager.cc:176] Unregistered op FlushDeltaMemStoresOp(1ca03223237f4b409acaeb612f114900)
I0720 00:35:46.145087 12200 maintenance_manager.cc:176] Unregistered op LogGCOp(1ca03223237f4b409acaeb612f114900)
I0720 00:35:46.145087 11679 raft_consensus_state.cc:377] T 1ca03223237f4b409acaeb612f114900 P 3b2a62766e5449f9ae2697a9113d09fb [term 1 FOLLOWER]: Trying to abort 1 pending transactions.
I0720 00:35:46.145102 12200 raft_consensus.cc:1495] T 1ca03223237f4b409acaeb612f114900 P ee4ffccf9eb5471297e208d202495ffe [term 1 FOLLOWER]: Raft consensus shutting down.
I0720 00:35:46.145136 12200 raft_consensus.cc:1511] T 1ca03223237f4b409acaeb612f114900 P ee4ffccf9eb5471297e208d202495ffe [term 1 FOLLOWER]: Raft consensus is shut down!
I0720 00:35:46.145141 11679 raft_consensus_state.cc:382] T 1ca03223237f4b409acaeb612f114900 P 3b2a62766e5449f9ae2697a9113d09fb [term 1 FOLLOWER]: Aborting transaction as it isn't in flight: id { term: 1 index: 9 } timestamp: 6016921379381432320 op_type: WRITE_OP write_request { tablet_id: "1ca03223237f4b409acaeb612f114900" schema { columns { name: "key" type: INT32 is_key: true is_nullable: false encoding: AUTO_ENCODING compression: DEFAULT_COMPRESSION cfile_block_size: 0 } } row_operations { rows: "\001\001\005\241\023n" } external_consistency_mode: CLIENT_PROPAGATED }
I0720 00:35:46.145236 11679 raft_consensus.cc:1511] T 1ca03223237f4b409acaeb612f114900 P 3b2a62766e5449f9ae2697a9113d09fb [term 1 FOLLOWER]: Raft consensus is shut down!
I0720 00:35:46.145330 12023 catalog_manager.cc:2812] T 00000000000000000000000000000000 P 1045dd375010469d9a77d8d8f93d4562: Deleting tablet 1ca03223237f4b409acaeb612f114900 on peer bcc77f1560a949c6b130d6b3c67653be with delete type TABLET_DATA_DELETED (Partition dropped at 2016-07-20 00:35:46 UTC)
I0720 00:35:46.145648 11923 tablet_service.cc:651] Processing DeleteTablet for tablet 1ca03223237f4b409acaeb612f114900 with delete_type TABLET_DATA_DELETED (Partition dropped at 2016-07-20 00:35:46 UTC) from {real_user=slave, eff_user=} at 127.0.0.1:36281
I0720 00:35:46.145681 11923 tablet_peer.cc:214] Initiating TabletPeer shutdown for tablet: 1ca03223237f4b409acaeb612f114900
I0720 00:35:46.145758 11923 maintenance_manager.cc:176] Unregistered op CompactRowSetsOp(1ca03223237f4b409acaeb612f114900)
I0720 00:35:46.145769 11923 maintenance_manager.cc:176] Unregistered op MinorDeltaCompactionOp(1ca03223237f4b409acaeb612f114900)
I0720 00:35:46.145787 11923 maintenance_manager.cc:176] Unregistered op MajorDeltaCompactionOp(1ca03223237f4b409acaeb612f114900)
I0720 00:35:46.145795 11923 maintenance_manager.cc:176] Unregistered op FlushMRSOp(1ca03223237f4b409acaeb612f114900)
I0720 00:35:46.145799 11923 maintenance_manager.cc:176] Unregistered op FlushDeltaMemStoresOp(1ca03223237f4b409acaeb612f114900)
I0720 00:35:46.145817 11923 maintenance_manager.cc:176] Unregistered op LogGCOp(1ca03223237f4b409acaeb612f114900)
I0720 00:35:46.145833 11923 raft_consensus.cc:1495] T 1ca03223237f4b409acaeb612f114900 P bcc77f1560a949c6b130d6b3c67653be [term 1 LEADER]: Raft consensus shutting down.
I0720 00:35:46.145982 11923 consensus_peers.cc:358] T 1ca03223237f4b409acaeb612f114900 P bcc77f1560a949c6b130d6b3c67653be -> Peer ee4ffccf9eb5471297e208d202495ffe (127.42.236.1:57816): Closing peer: ee4ffccf9eb5471297e208d202495ffe
I0720 00:35:46.146064 11923 consensus_peers.cc:358] T 1ca03223237f4b409acaeb612f114900 P bcc77f1560a949c6b130d6b3c67653be -> Peer 3b2a62766e5449f9ae2697a9113d09fb (127.42.236.2:60090): Closing peer: 3b2a62766e5449f9ae2697a9113d09fb
I0720 00:35:46.146181 11923 raft_consensus.cc:1511] T 1ca03223237f4b409acaeb612f114900 P bcc77f1560a949c6b130d6b3c67653be [term 1 LEADER]: Raft consensus is shut down!
I0720 00:35:46.146271 12200 ts_tablet_manager.cc:960] T 1ca03223237f4b409acaeb612f114900 P ee4ffccf9eb5471297e208d202495ffe: Deleting tablet data with delete state TABLET_DATA_DELETED
I0720 00:35:46.147249 12296 tablet.cc:824] T bf1c7be5ba99499db4d157bb130481a0 Alter schema from Schema [ 10:key[int32 NOT NULL] ] version 6 to Schema [ 10:key[int32 NOT NULL], 18:c737[int32 NULLABLE], 19:c794[int32 NULLABLE] ] version 7
I0720 00:35:46.147485 12296 tablet.cc:772] T bf1c7be5ba99499db4d157bb130481a0 Flush: entering stage 1 (old memrowset already frozen for inserts)
I0720 00:35:46.147512 12296 compaction.cc:588] Selected 1 rowsets to compact:
I0720 00:35:46.147517 12296 compaction.cc:591] memrowset(current size on disk: ~0 bytes)
I0720 00:35:46.147523 12296 tablet.cc:774] T bf1c7be5ba99499db4d157bb130481a0 Memstore in-memory size: 763 bytes
I0720 00:35:46.147536 12296 tablet.cc:1238] T bf1c7be5ba99499db4d157bb130481a0 Flush: entering phase 1 (flushing snapshot). Phase 1 snapshot: MvccSnapshot[committed={T|T < 6016921379409854464}]
I0720 00:35:46.147553 12200 ts_tablet_manager.cc:970] T 1ca03223237f4b409acaeb612f114900 P ee4ffccf9eb5471297e208d202495ffe: Tablet deleted. Last logged OpId: 1.9
I0720 00:35:46.147858 12200 tablet_bootstrap.cc:400] T 1ca03223237f4b409acaeb612f114900 P ee4ffccf9eb5471297e208d202495ffe: Deleted tablet blocks from disk
I0720 00:35:46.148197 12010 catalog_manager.cc:2499] TS ee4ffccf9eb5471297e208d202495ffe: tablet 1ca03223237f4b409acaeb612f114900 (table test-table [id=2a30b8d6c8764cdc9573a60ac5f96269]) successfully deleted
I0720 00:35:46.148561 12297 tablet.cc:824] T bf1c7be5ba99499db4d157bb130481a0 Alter schema from Schema [ 10:key[int32 NOT NULL] ] version 6 to Schema [ 10:key[int32 NOT NULL], 18:c737[int32 NULLABLE], 19:c794[int32 NULLABLE] ] version 7
I0720 00:35:46.148977 12297 tablet.cc:772] T bf1c7be5ba99499db4d157bb130481a0 Flush: entering stage 1 (old memrowset already frozen for inserts)
I0720 00:35:46.148994 12297 compaction.cc:588] Selected 1 rowsets to compact:
I0720 00:35:46.149009 12297 compaction.cc:591] memrowset(current size on disk: ~0 bytes)
I0720 00:35:46.149032 12297 tablet.cc:774] T bf1c7be5ba99499db4d157bb130481a0 Memstore in-memory size: 763 bytes
I0720 00:35:46.149052 11679 ts_tablet_manager.cc:960] T 1ca03223237f4b409acaeb612f114900 P 3b2a62766e5449f9ae2697a9113d09fb: Deleting tablet data with delete state TABLET_DATA_DELETED
I0720 00:35:46.149065 12297 tablet.cc:1238] T bf1c7be5ba99499db4d157bb130481a0 Flush: entering phase 1 (flushing snapshot). Phase 1 snapshot: MvccSnapshot[committed={T|T < 6016921379409854464}]
I0720 00:35:46.149523 12366 tablet.cc:824] T 7da0807657214adda8fc2f4cfc6e8159 Alter schema from Schema [ 10:key[int32 NOT NULL] ] version 6 to Schema [ 10:key[int32 NOT NULL], 18:c737[int32 NULLABLE], 19:c794[int32 NULLABLE] ] version 7
I0720 00:35:46.149766 12366 tablet.cc:772] T 7da0807657214adda8fc2f4cfc6e8159 Flush: entering stage 1 (old memrowset already frozen for inserts)
I0720 00:35:46.149782 12366 compaction.cc:588] Selected 1 rowsets to compact:
I0720 00:35:46.149786 12366 compaction.cc:591] memrowset(current size on disk: ~0 bytes)
I0720 00:35:46.149814 12366 tablet.cc:774] T 7da0807657214adda8fc2f4cfc6e8159 Memstore in-memory size: 763 bytes
I0720 00:35:46.149827 12366 tablet.cc:1238] T 7da0807657214adda8fc2f4cfc6e8159 Flush: entering phase 1 (flushing snapshot). Phase 1 snapshot: MvccSnapshot[committed={T|T < 6016921379411673088}]
I0720 00:35:46.149961 11679 ts_tablet_manager.cc:970] T 1ca03223237f4b409acaeb612f114900 P 3b2a62766e5449f9ae2697a9113d09fb: Tablet deleted. Last logged OpId: 1.9
I0720 00:35:46.150301 11679 tablet_bootstrap.cc:400] T 1ca03223237f4b409acaeb612f114900 P 3b2a62766e5449f9ae2697a9113d09fb: Deleted tablet blocks from disk
I0720 00:35:46.150734 12008 catalog_manager.cc:2499] TS 3b2a62766e5449f9ae2697a9113d09fb: tablet 1ca03223237f4b409acaeb612f114900 (table test-table [id=2a30b8d6c8764cdc9573a60ac5f96269]) successfully deleted
I0720 00:35:46.150977 11679 tablet_service.cc:610] Processing CreateTablet for tablet b2fe2d8f7e604eeca15fe52f69879550 (table=test-table [id=2a30b8d6c8764cdc9573a60ac5f96269]), partition=range: [(int32 key=603979767), (int32 key=671088630))
I0720 00:35:46.151034 12200 tablet_service.cc:610] Processing CreateTablet for tablet b2fe2d8f7e604eeca15fe52f69879550 (table=test-table [id=2a30b8d6c8764cdc9573a60ac5f96269]), partition=range: [(int32 key=603979767), (int32 key=671088630))
I0720 00:35:46.151638 11679 ts_tablet_manager.cc:765] Registered tablet b2fe2d8f7e604eeca15fe52f69879550
I0720 00:35:46.151684 11677 tablet_service.cc:610] Processing CreateTablet for tablet 27b3a1d170cc40e9b2b3d05a5a3afa28 (table=test-table [id=2a30b8d6c8764cdc9573a60ac5f96269]), partition=range: [(int32 key=1140850671), (int32 key=1207959534))
I0720 00:35:46.151746 12302 ts_tablet_manager.cc:631] T b2fe2d8f7e604eeca15fe52f69879550 P 3b2a62766e5449f9ae2697a9113d09fb: Bootstrapping tablet
I0720 00:35:46.151751 12200 ts_tablet_manager.cc:765] Registered tablet b2fe2d8f7e604eeca15fe52f69879550
I0720 00:35:46.151864 12307 ts_tablet_manager.cc:631] T b2fe2d8f7e604eeca15fe52f69879550 P ee4ffccf9eb5471297e208d202495ffe: Bootstrapping tablet
I0720 00:35:46.151932 12302 tablet_bootstrap.cc:400] T b2fe2d8f7e604eeca15fe52f69879550 P 3b2a62766e5449f9ae2697a9113d09fb: Bootstrap starting.
I0720 00:35:46.151940 12201 tablet_service.cc:610] Processing CreateTablet for tablet 297b05026d8d4464aecd40c71d630767 (table=test-table [id=2a30b8d6c8764cdc9573a60ac5f96269]), partition=range: [(int32 key=1006632945), (int32 key=1073741808))
I0720 00:35:46.152040 12307 tablet_bootstrap.cc:400] T b2fe2d8f7e604eeca15fe52f69879550 P ee4ffccf9eb5471297e208d202495ffe: Bootstrap starting.
I0720 00:35:46.152367 11677 ts_tablet_manager.cc:765] Registered tablet 27b3a1d170cc40e9b2b3d05a5a3afa28
I0720 00:35:46.152423 12302 tablet_bootstrap.cc:563] T b2fe2d8f7e604eeca15fe52f69879550 P 3b2a62766e5449f9ae2697a9113d09fb: Time spent opening tablet: real 0.000s user 0.000s sys 0.000s
I0720 00:35:46.152492 12307 tablet_bootstrap.cc:563] T b2fe2d8f7e604eeca15fe52f69879550 P ee4ffccf9eb5471297e208d202495ffe: Time spent opening tablet: real 0.000s user 0.000s sys 0.000s
I0720 00:35:46.152518 12302 tablet_bootstrap.cc:503] T b2fe2d8f7e604eeca15fe52f69879550 P 3b2a62766e5449f9ae2697a9113d09fb: No blocks or log segments found. Creating new log.
I0720 00:35:46.152592 12307 tablet_bootstrap.cc:503] T b2fe2d8f7e604eeca15fe52f69879550 P ee4ffccf9eb5471297e208d202495ffe: No blocks or log segments found. Creating new log.
I0720 00:35:46.152612 12201 ts_tablet_manager.cc:765] Registered tablet 297b05026d8d4464aecd40c71d630767
I0720 00:35:46.152926 12198 tablet_service.cc:610] Processing CreateTablet for tablet 27b3a1d170cc40e9b2b3d05a5a3afa28 (table=test-table [id=2a30b8d6c8764cdc9573a60ac5f96269]), partition=range: [(int32 key=1140850671), (int32 key=1207959534))
I0720 00:35:46.153095 11678 tablet_service.cc:610] Processing CreateTablet for tablet 297b05026d8d4464aecd40c71d630767 (table=test-table [id=2a30b8d6c8764cdc9573a60ac5f96269]), partition=range: [(int32 key=1006632945), (int32 key=1073741808))
I0720 00:35:46.153620 12198 ts_tablet_manager.cc:765] Registered tablet 27b3a1d170cc40e9b2b3d05a5a3afa28
I0720 00:35:46.153807 11678 ts_tablet_manager.cc:765] Registered tablet 297b05026d8d4464aecd40c71d630767
I0720 00:35:46.154204 12296 multi_column_writer.cc:85] Opened CFile writer for column key[int32 NOT NULL]
I0720 00:35:46.154356 12296 multi_column_writer.cc:85] Opened CFile writer for column c737[int32 NULLABLE]
I0720 00:35:46.154458 12296 multi_column_writer.cc:85] Opened CFile writer for column c794[int32 NULLABLE]
I0720 00:35:46.155936 11921 tablet_service.cc:610] Processing CreateTablet for tablet b2fe2d8f7e604eeca15fe52f69879550 (table=test-table [id=2a30b8d6c8764cdc9573a60ac5f96269]), partition=range: [(int32 key=603979767), (int32 key=671088630))
I0720 00:35:46.156047 11922 tablet_service.cc:610] Processing CreateTablet for tablet 297b05026d8d4464aecd40c71d630767 (table=test-table [id=2a30b8d6c8764cdc9573a60ac5f96269]), partition=range: [(int32 key=1006632945), (int32 key=1073741808))
I0720 00:35:46.156759 11921 ts_tablet_manager.cc:765] Registered tablet b2fe2d8f7e604eeca15fe52f69879550
I0720 00:35:46.156815 12296 tablet.cc:1318] T bf1c7be5ba99499db4d157bb130481a0 Flush: entering phase 2 (starting to duplicate updates in new rowsets)
I0720 00:35:46.156821 11920 tablet_service.cc:610] Processing CreateTablet for tablet 27b3a1d170cc40e9b2b3d05a5a3afa28 (table=test-table [id=2a30b8d6c8764cdc9573a60ac5f96269]), partition=range: [(int32 key=1140850671), (int32 key=1207959534))
I0720 00:35:46.156880 11922 ts_tablet_manager.cc:765] Registered tablet 297b05026d8d4464aecd40c71d630767
I0720 00:35:46.156909 12296 tablet.cc:1373] T bf1c7be5ba99499db4d157bb130481a0 Flush Phase 2: carrying over any updates which arrived during Phase 1
I0720 00:35:46.156922 12296 tablet.cc:1375] T bf1c7be5ba99499db4d157bb130481a0 Phase 2 snapshot: MvccSnapshot[committed={T|T < 6016921379409854464}]
I0720 00:35:46.156945 12303 ts_tablet_manager.cc:631] T b2fe2d8f7e604eeca15fe52f69879550 P bcc77f1560a949c6b130d6b3c67653be: Bootstrapping tablet
I0720 00:35:46.157133 12303 tablet_bootstrap.cc:400] T b2fe2d8f7e604eeca15fe52f69879550 P bcc77f1560a949c6b130d6b3c67653be: Bootstrap starting.
I0720 00:35:46.157466 11920 ts_tablet_manager.cc:765] Registered tablet 27b3a1d170cc40e9b2b3d05a5a3afa28
I0720 00:35:46.157588 12303 tablet_bootstrap.cc:563] T b2fe2d8f7e604eeca15fe52f69879550 P bcc77f1560a949c6b130d6b3c67653be: Time spent opening tablet: real 0.000s user 0.000s sys 0.000s
I0720 00:35:46.157704 12303 tablet_bootstrap.cc:503] T b2fe2d8f7e604eeca15fe52f69879550 P bcc77f1560a949c6b130d6b3c67653be: No blocks or log segments found. Creating new log.
I0720 00:35:46.158975 11923 ts_tablet_manager.cc:960] T 1ca03223237f4b409acaeb612f114900 P bcc77f1560a949c6b130d6b3c67653be: Deleting tablet data with delete state TABLET_DATA_DELETED
I0720 00:35:46.159250 12297 multi_column_writer.cc:85] Opened CFile writer for column key[int32 NOT NULL]
I0720 00:35:46.159397 12365 tablet.cc:824] T 7da0807657214adda8fc2f4cfc6e8159 Alter schema from Schema [ 10:key[int32 NOT NULL] ] version 6 to Schema [ 10:key[int32 NOT NULL], 18:c737[int32 NULLABLE], 19:c794[int32 NULLABLE] ] version 7
I0720 00:35:46.159412 12297 multi_column_writer.cc:85] Opened CFile writer for column c737[int32 NULLABLE]
I0720 00:35:46.159440 12293 tablet.cc:824] T bf1c7be5ba99499db4d157bb130481a0 Alter schema from Schema [ 10:key[int32 NOT NULL] ] version 6 to Schema [ 10:key[int32 NOT NULL], 18:c737[int32 NULLABLE], 19:c794[int32 NULLABLE] ] version 7
I0720 00:35:46.159521 12297 multi_column_writer.cc:85] Opened CFile writer for column c794[int32 NULLABLE]
I0720 00:35:46.159699 12293 tablet.cc:772] T bf1c7be5ba99499db4d157bb130481a0 Flush: entering stage 1 (old memrowset already frozen for inserts)
I0720 00:35:46.159811 12293 compaction.cc:588] Selected 1 rowsets to compact:
I0720 00:35:46.159833 11923 ts_tablet_manager.cc:970] T 1ca03223237f4b409acaeb612f114900 P bcc77f1560a949c6b130d6b3c67653be: Tablet deleted. Last logged OpId: 1.9
I0720 00:35:46.159842 12293 compaction.cc:591] memrowset(current size on disk: ~0 bytes)
I0720 00:35:46.159903 12293 tablet.cc:774] T bf1c7be5ba99499db4d157bb130481a0 Memstore in-memory size: 763 bytes
I0720 00:35:46.159945 12293 tablet.cc:1238] T bf1c7be5ba99499db4d157bb130481a0 Flush: entering phase 1 (flushing snapshot). Phase 1 snapshot: MvccSnapshot[committed={T|T < 6016921379409854464}]
I0720 00:35:46.159955 12296 tablet.cc:1416] T bf1c7be5ba99499db4d157bb130481a0 Flush successful on 9 rows (4324 bytes)
I0720 00:35:46.159924 12365 tablet.cc:772] T 7da0807657214adda8fc2f4cfc6e8159 Flush: entering stage 1 (old memrowset already frozen for inserts)
I0720 00:35:46.160240 12365 compaction.cc:588] Selected 1 rowsets to compact:
I0720 00:35:46.160248 12365 compaction.cc:591] memrowset(current size on disk: ~0 bytes)
I0720 00:35:46.160262 12365 tablet.cc:774] T 7da0807657214adda8fc2f4cfc6e8159 Memstore in-memory size: 763 bytes
I0720 00:35:46.160274 12365 tablet.cc:1238] T 7da0807657214adda8fc2f4cfc6e8159 Flush: entering phase 1 (flushing snapshot). Phase 1 snapshot: MvccSnapshot[committed={T|T < 6016921379411673088}]
I0720 00:35:46.163749 11923 tablet_bootstrap.cc:400] T 1ca03223237f4b409acaeb612f114900 P bcc77f1560a949c6b130d6b3c67653be: Deleted tablet blocks from disk
I0720 00:35:46.164150 12009 catalog_manager.cc:2499] TS bcc77f1560a949c6b130d6b3c67653be: tablet 1ca03223237f4b409acaeb612f114900 (table test-table [id=2a30b8d6c8764cdc9573a60ac5f96269]) successfully deleted
I0720 00:35:46.164532 12293 multi_column_writer.cc:85] Opened CFile writer for column key[int32 NOT NULL]
I0720 00:35:46.164801 12293 multi_column_writer.cc:85] Opened CFile writer for column c737[int32 NULLABLE]
I0720 00:35:46.165179 12293 multi_column_writer.cc:85] Opened CFile writer for column c794[int32 NULLABLE]
I0720 00:35:46.166472 12297 tablet.cc:1318] T bf1c7be5ba99499db4d157bb130481a0 Flush: entering phase 2 (starting to duplicate updates in new rowsets)
I0720 00:35:46.166973 12297 tablet.cc:1373] T bf1c7be5ba99499db4d157bb130481a0 Flush Phase 2: carrying over any updates which arrived during Phase 1
I0720 00:35:46.167070 12297 tablet.cc:1375] T bf1c7be5ba99499db4d157bb130481a0 Phase 2 snapshot: MvccSnapshot[committed={T|T < 6016921379409854464}]
I0720 00:35:46.168390 12296 tablet.cc:824] T 7da0807657214adda8fc2f4cfc6e8159 Alter schema from Schema [ 10:key[int32 NOT NULL] ] version 6 to Schema [ 10:key[int32 NOT NULL], 18:c737[int32 NULLABLE], 19:c794[int32 NULLABLE] ] version 7
I0720 00:35:46.168601 12296 tablet.cc:772] T 7da0807657214adda8fc2f4cfc6e8159 Flush: entering stage 1 (old memrowset already frozen for inserts)
I0720 00:35:46.168612 12296 compaction.cc:588] Selected 1 rowsets to compact:
I0720 00:35:46.168615 12296 compaction.cc:591] memrowset(current size on disk: ~0 bytes)
I0720 00:35:46.168637 12296 tablet.cc:774] T 7da0807657214adda8fc2f4cfc6e8159 Memstore in-memory size: 763 bytes
I0720 00:35:46.168648 12296 tablet.cc:1238] T 7da0807657214adda8fc2f4cfc6e8159 Flush: entering phase 1 (flushing snapshot). Phase 1 snapshot: MvccSnapshot[committed={T|T < 6016921379411673088}]
I0720 00:35:46.168941 12296 multi_column_writer.cc:85] Opened CFile writer for column key[int32 NOT NULL]
I0720 00:35:46.169034 12296 multi_column_writer.cc:85] Opened CFile writer for column c737[int32 NULLABLE]
I0720 00:35:46.169117 12296 multi_column_writer.cc:85] Opened CFile writer for column c794[int32 NULLABLE]
I0720 00:35:46.169273 12293 tablet.cc:1318] T bf1c7be5ba99499db4d157bb130481a0 Flush: entering phase 2 (starting to duplicate updates in new rowsets)
I0720 00:35:46.169349 12293 tablet.cc:1373] T bf1c7be5ba99499db4d157bb130481a0 Flush Phase 2: carrying over any updates which arrived during Phase 1
I0720 00:35:46.169369 12293 tablet.cc:1375] T bf1c7be5ba99499db4d157bb130481a0 Phase 2 snapshot: MvccSnapshot[committed={T|T < 6016921379409854464}]
I0720 00:35:46.170559 12297 tablet.cc:1416] T bf1c7be5ba99499db4d157bb130481a0 Flush successful on 9 rows (4324 bytes)
I0720 00:35:46.171738 12365 multi_column_writer.cc:85] Opened CFile writer for column key[int32 NOT NULL]
I0720 00:35:46.171823 12365 multi_column_writer.cc:85] Opened CFile writer for column c737[int32 NULLABLE]
I0720 00:35:46.171902 12365 multi_column_writer.cc:85] Opened CFile writer for column c794[int32 NULLABLE]
I0720 00:35:46.171929 12296 tablet.cc:1318] T 7da0807657214adda8fc2f4cfc6e8159 Flush: entering phase 2 (starting to duplicate updates in new rowsets)
I0720 00:35:46.171998 12296 tablet.cc:1373] T 7da0807657214adda8fc2f4cfc6e8159 Flush Phase 2: carrying over any updates which arrived during Phase 1
I0720 00:35:46.172009 12296 tablet.cc:1375] T 7da0807657214adda8fc2f4cfc6e8159 Phase 2 snapshot: MvccSnapshot[committed={T|T < 6016921379411673088}]
I0720 00:35:46.173413 12365 tablet.cc:1318] T 7da0807657214adda8fc2f4cfc6e8159 Flush: entering phase 2 (starting to duplicate updates in new rowsets)
I0720 00:35:46.173483 12365 tablet.cc:1373] T 7da0807657214adda8fc2f4cfc6e8159 Flush Phase 2: carrying over any updates which arrived during Phase 1
I0720 00:35:46.173498 12365 tablet.cc:1375] T 7da0807657214adda8fc2f4cfc6e8159 Phase 2 snapshot: MvccSnapshot[committed={T|T < 6016921379411673088}]
I0720 00:35:46.174958 12365 tablet.cc:1416] T 7da0807657214adda8fc2f4cfc6e8159 Flush successful on 3 rows (4300 bytes)
I0720 00:35:46.175556 12293 tablet.cc:1416] T bf1c7be5ba99499db4d157bb130481a0 Flush successful on 9 rows (4324 bytes)
I0720 00:35:46.179929 12366 multi_column_writer.cc:85] Opened CFile writer for column key[int32 NOT NULL]
I0720 00:35:46.179965 12303 tablet_bootstrap.cc:400] T b2fe2d8f7e604eeca15fe52f69879550 P bcc77f1560a949c6b130d6b3c67653be: No bootstrap required, opened a new log
I0720 00:35:46.180011 12303 ts_tablet_manager.cc:636] T b2fe2d8f7e604eeca15fe52f69879550 P bcc77f1560a949c6b130d6b3c67653be: Time spent bootstrapping tablet: real 0.023s user 0.000s sys 0.000s
I0720 00:35:46.180059 12366 multi_column_writer.cc:85] Opened CFile writer for column c737[int32 NULLABLE]
I0720 00:35:46.180197 12366 multi_column_writer.cc:85] Opened CFile writer for column c794[int32 NULLABLE]
I0720 00:35:46.181078 12307 tablet_bootstrap.cc:400] T b2fe2d8f7e604eeca15fe52f69879550 P ee4ffccf9eb5471297e208d202495ffe: No bootstrap required, opened a new log
I0720 00:35:46.181133 12307 ts_tablet_manager.cc:636] T b2fe2d8f7e604eeca15fe52f69879550 P ee4ffccf9eb5471297e208d202495ffe: Time spent bootstrapping tablet: real 0.029s user 0.000s sys 0.004s
I0720 00:35:46.181396 12296 tablet.cc:1416] T 7da0807657214adda8fc2f4cfc6e8159 Flush successful on 3 rows (4300 bytes)
I0720 00:35:46.182931 12366 tablet.cc:1318] T 7da0807657214adda8fc2f4cfc6e8159 Flush: entering phase 2 (starting to duplicate updates in new rowsets)
I0720 00:35:46.183012 12366 tablet.cc:1373] T 7da0807657214adda8fc2f4cfc6e8159 Flush Phase 2: carrying over any updates which arrived during Phase 1
I0720 00:35:46.183027 12366 tablet.cc:1375] T 7da0807657214adda8fc2f4cfc6e8159 Phase 2 snapshot: MvccSnapshot[committed={T|T < 6016921379411673088}]
I0720 00:35:46.184432 12366 tablet.cc:1416] T 7da0807657214adda8fc2f4cfc6e8159 Flush successful on 3 rows (4300 bytes)
I0720 00:35:46.187290 12303 raft_consensus.cc:269] T b2fe2d8f7e604eeca15fe52f69879550 P bcc77f1560a949c6b130d6b3c67653be [term 0 FOLLOWER]: Replica starting. Triggering 0 pending transactions. Active config: opid_index: -1 peers { permanent_uuid: "3b2a62766e5449f9ae2697a9113d09fb" member_type: VOTER last_known_addr { host: "127.42.236.2" port: 60090 } } peers { permanent_uuid: "ee4ffccf9eb5471297e208d202495ffe" member_type: VOTER last_known_addr { host: "127.42.236.1" port: 57816 } } peers { permanent_uuid: "bcc77f1560a949c6b130d6b3c67653be" member_type: VOTER last_known_addr { host: "127.42.236.0" port: 42768 } }
I0720 00:35:46.187340 12303 raft_consensus.cc:301] T b2fe2d8f7e604eeca15fe52f69879550 P bcc77f1560a949c6b130d6b3c67653be [term 0 FOLLOWER]: Consensus starting up: Expiring failure detector timer to make a prompt election more likely
I0720 00:35:46.187364 12303 raft_consensus.cc:499] T b2fe2d8f7e604eeca15fe52f69879550 P bcc77f1560a949c6b130d6b3c67653be [term 0 FOLLOWER]: Becoming Follower/Learner. State: Replica: bcc77f1560a949c6b130d6b3c67653be, State: 1, Role: FOLLOWER Watermarks: {Received: term: 0 index: 0 Committed: term: 0 index: 0}
I0720 00:35:46.187396 12303 consensus_queue.cc:162] T b2fe2d8f7e604eeca15fe52f69879550 P bcc77f1560a949c6b130d6b3c67653be [NON_LEADER]: Queue going to NON_LEADER mode. State: All replicated op: 0.0, Majority replicated op: 0.0, Committed index: 0.0, Last appended: 0.0, Current term: 0, Majority size: -1, State: 1, Mode: NON_LEADER
I0720 00:35:46.189013 12307 raft_consensus.cc:269] T b2fe2d8f7e604eeca15fe52f69879550 P ee4ffccf9eb5471297e208d202495ffe [term 0 FOLLOWER]: Replica starting. Triggering 0 pending transactions. Active config: opid_index: -1 peers { permanent_uuid: "3b2a62766e5449f9ae2697a9113d09fb" member_type: VOTER last_known_addr { host: "127.42.236.2" port: 60090 } } peers { permanent_uuid: "ee4ffccf9eb5471297e208d202495ffe" member_type: VOTER last_known_addr { host: "127.42.236.1" port: 57816 } } peers { permanent_uuid: "bcc77f1560a949c6b130d6b3c67653be" member_type: VOTER last_known_addr { host: "127.42.236.0" port: 42768 } }
I0720 00:35:46.189059 12307 raft_consensus.cc:301] T b2fe2d8f7e604eeca15fe52f69879550 P ee4ffccf9eb5471297e208d202495ffe [term 0 FOLLOWER]: Consensus starting up: Expiring failure detector timer to make a prompt election more likely
I0720 00:35:46.189082 12307 raft_consensus.cc:499] T b2fe2d8f7e604eeca15fe52f69879550 P ee4ffccf9eb5471297e208d202495ffe [term 0 FOLLOWER]: Becoming Follower/Learner. State: Replica: ee4ffccf9eb5471297e208d202495ffe, State: 1, Role: FOLLOWER Watermarks: {Received: term: 0 index: 0 Committed: term: 0 index: 0}
I0720 00:35:46.189110 12307 consensus_queue.cc:162] T b2fe2d8f7e604eeca15fe52f69879550 P ee4ffccf9eb5471297e208d202495ffe [NON_LEADER]: Queue going to NON_LEADER mode. State: All replicated op: 0.0, Majority replicated op: 0.0, Committed index: 0.0, Last appended: 0.0, Current term: 0, Majority size: -1, State: 1, Mode: NON_LEADER
I0720 00:35:46.194576 12303 ts_tablet_manager.cc:663] T b2fe2d8f7e604eeca15fe52f69879550 P bcc77f1560a949c6b130d6b3c67653be: Time spent starting tablet: real 0.015s user 0.000s sys 0.000s
I0720 00:35:46.194669 12303 ts_tablet_manager.cc:631] T 27b3a1d170cc40e9b2b3d05a5a3afa28 P bcc77f1560a949c6b130d6b3c67653be: Bootstrapping tablet
I0720 00:35:46.194831 12303 tablet_bootstrap.cc:400] T 27b3a1d170cc40e9b2b3d05a5a3afa28 P bcc77f1560a949c6b130d6b3c67653be: Bootstrap starting.
I0720 00:35:46.195307 12303 tablet_bootstrap.cc:563] T 27b3a1d170cc40e9b2b3d05a5a3afa28 P bcc77f1560a949c6b130d6b3c67653be: Time spent opening tablet: real 0.000s user 0.000s sys 0.000s
I0720 00:35:46.195464 12303 tablet_bootstrap.cc:503] T 27b3a1d170cc40e9b2b3d05a5a3afa28 P bcc77f1560a949c6b130d6b3c67653be: No blocks or log segments found. Creating new log.
I0720 00:35:46.195590 12302 tablet_bootstrap.cc:400] T b2fe2d8f7e604eeca15fe52f69879550 P 3b2a62766e5449f9ae2697a9113d09fb: No bootstrap required, opened a new log
I0720 00:35:46.195634 12302 ts_tablet_manager.cc:636] T b2fe2d8f7e604eeca15fe52f69879550 P 3b2a62766e5449f9ae2697a9113d09fb: Time spent bootstrapping tablet: real 0.044s user 0.000s sys 0.004s
I0720 00:35:46.195952 12021 catalog_manager.cc:1856] TS bcc77f1560a949c6b130d6b3c67653be does not have the latest schema for tablet b2fe2d8f7e604eeca15fe52f69879550 (table test-table [id=2a30b8d6c8764cdc9573a60ac5f96269]). Expected version 7 got 0
I0720 00:35:46.196424 12302 raft_consensus.cc:269] T b2fe2d8f7e604eeca15fe52f69879550 P 3b2a62766e5449f9ae2697a9113d09fb [term 0 FOLLOWER]: Replica starting. Triggering 0 pending transactions. Active config: opid_index: -1 peers { permanent_uuid: "3b2a62766e5449f9ae2697a9113d09fb" member_type: VOTER last_known_addr { host: "127.42.236.2" port: 60090 } } peers { permanent_uuid: "ee4ffccf9eb5471297e208d202495ffe" member_type: VOTER last_known_addr { host: "127.42.236.1" port: 57816 } } peers { permanent_uuid: "bcc77f1560a949c6b130d6b3c67653be" member_type: VOTER last_known_addr { host: "127.42.236.0" port: 42768 } }
I0720 00:35:46.196463 12302 raft_consensus.cc:301] T b2fe2d8f7e604eeca15fe52f69879550 P 3b2a62766e5449f9ae2697a9113d09fb [term 0 FOLLOWER]: Consensus starting up: Expiring failure detector timer to make a prompt election more likely
I0720 00:35:46.196482 12302 raft_consensus.cc:499] T b2fe2d8f7e604eeca15fe52f69879550 P 3b2a62766e5449f9ae2697a9113d09fb [term 0 FOLLOWER]: Becoming Follower/Learner. State: Replica: 3b2a62766e5449f9ae2697a9113d09fb, State: 1, Role: FOLLOWER Watermarks: {Received: term: 0 index: 0 Committed: term: 0 index: 0}
I0720 00:35:46.196506 12302 consensus_queue.cc:162] T b2fe2d8f7e604eeca15fe52f69879550 P 3b2a62766e5449f9ae2697a9113d09fb [NON_LEADER]: Queue going to NON_LEADER mode. State: All replicated op: 0.0, Majority replicated op: 0.0, Committed index: 0.0, Last appended: 0.0, Current term: 0, Majority size: -1, State: 1, Mode: NON_LEADER
W0720 00:35:46.197430 12021 catalog_manager.cc:2160] Unable to reset TS proxy: Not found: No leader found: Tablet b2fe2d8f7e604eeca15fe52f69879550 consensus state has no leader
W0720 00:35:46.197453 12021 catalog_manager.cc:2770] Failed to send alter table request: Not found: Failed to reset TS proxy: No leader found: Tablet b2fe2d8f7e604eeca15fe52f69879550 consensus state has no leader
I0720 00:35:46.198501 12307 ts_tablet_manager.cc:663] T b2fe2d8f7e604eeca15fe52f69879550 P ee4ffccf9eb5471297e208d202495ffe: Time spent starting tablet: real 0.017s user 0.000s sys 0.000s
I0720 00:35:46.198570 12307 ts_tablet_manager.cc:631] T 297b05026d8d4464aecd40c71d630767 P ee4ffccf9eb5471297e208d202495ffe: Bootstrapping tablet
I0720 00:35:46.198734 12307 tablet_bootstrap.cc:400] T 297b05026d8d4464aecd40c71d630767 P ee4ffccf9eb5471297e208d202495ffe: Bootstrap starting.
I0720 00:35:46.199220 12307 tablet_bootstrap.cc:563] T 297b05026d8d4464aecd40c71d630767 P ee4ffccf9eb5471297e208d202495ffe: Time spent opening tablet: real 0.000s user 0.000s sys 0.000s
I0720 00:35:46.199328 12307 tablet_bootstrap.cc:503] T 297b05026d8d4464aecd40c71d630767 P ee4ffccf9eb5471297e208d202495ffe: No blocks or log segments found. Creating new log.
I0720 00:35:46.199982 12021 catalog_manager.cc:1856] TS ee4ffccf9eb5471297e208d202495ffe does not have the latest schema for tablet b2fe2d8f7e604eeca15fe52f69879550 (table test-table [id=2a30b8d6c8764cdc9573a60ac5f96269]). Expected version 7 got 0
W0720 00:35:46.201403 12021 catalog_manager.cc:2160] Unable to reset TS proxy: Not found: No leader found: Tablet b2fe2d8f7e604eeca15fe52f69879550 consensus state has no leader
W0720 00:35:46.201442 12021 catalog_manager.cc:2770] Failed to send alter table request: Not found: Failed to reset TS proxy: No leader found: Tablet b2fe2d8f7e604eeca15fe52f69879550 consensus state has no leader
I0720 00:35:46.202985 12021 catalog_manager.cc:1856] TS ee4ffccf9eb5471297e208d202495ffe does not have the latest schema for tablet b2fe2d8f7e604eeca15fe52f69879550 (table test-table [id=2a30b8d6c8764cdc9573a60ac5f96269]). Expected version 7 got 0
W0720 00:35:46.204357 12021 catalog_manager.cc:2160] Unable to reset TS proxy: Not found: No leader found: Tablet b2fe2d8f7e604eeca15fe52f69879550 consensus state has no leader
W0720 00:35:46.204383 12021 catalog_manager.cc:2770] Failed to send alter table request: Not found: Failed to reset TS proxy: No leader found: Tablet b2fe2d8f7e604eeca15fe52f69879550 consensus state has no leader
I0720 00:35:46.207773 12302 ts_tablet_manager.cc:663] T b2fe2d8f7e604eeca15fe52f69879550 P 3b2a62766e5449f9ae2697a9113d09fb: Time spent starting tablet: real 0.012s user 0.000s sys 0.000s
I0720 00:35:46.207845 12302 ts_tablet_manager.cc:631] T 27b3a1d170cc40e9b2b3d05a5a3afa28 P 3b2a62766e5449f9ae2697a9113d09fb: Bootstrapping tablet
I0720 00:35:46.207999 12302 tablet_bootstrap.cc:400] T 27b3a1d170cc40e9b2b3d05a5a3afa28 P 3b2a62766e5449f9ae2697a9113d09fb: Bootstrap starting.
I0720 00:35:46.208475 12302 tablet_bootstrap.cc:563] T 27b3a1d170cc40e9b2b3d05a5a3afa28 P 3b2a62766e5449f9ae2697a9113d09fb: Time spent opening tablet: real 0.000s user 0.000s sys 0.000s
I0720 00:35:46.208580 12302 tablet_bootstrap.cc:503] T 27b3a1d170cc40e9b2b3d05a5a3afa28 P 3b2a62766e5449f9ae2697a9113d09fb: No blocks or log segments found. Creating new log.
I0720 00:35:46.208652 12021 catalog_manager.cc:1856] TS 3b2a62766e5449f9ae2697a9113d09fb does not have the latest schema for tablet b2fe2d8f7e604eeca15fe52f69879550 (table test-table [id=2a30b8d6c8764cdc9573a60ac5f96269]). Expected version 7 got 0
W0720 00:35:46.209980 12021 catalog_manager.cc:2160] Unable to reset TS proxy: Not found: No leader found: Tablet b2fe2d8f7e604eeca15fe52f69879550 consensus state has no leader
W0720 00:35:46.210005 12021 catalog_manager.cc:2770] Failed to send alter table request: Not found: Failed to reset TS proxy: No leader found: Tablet b2fe2d8f7e604eeca15fe52f69879550 consensus state has no leader
I0720 00:35:46.210705 12023 catalog_manager.cc:1856] TS 3b2a62766e5449f9ae2697a9113d09fb does not have the latest schema for tablet b2fe2d8f7e604eeca15fe52f69879550 (table test-table [id=2a30b8d6c8764cdc9573a60ac5f96269]). Expected version 7 got 0
W0720 00:35:46.212102 12023 catalog_manager.cc:2160] Unable to reset TS proxy: Not found: No leader found: Tablet b2fe2d8f7e604eeca15fe52f69879550 consensus state has no leader
W0720 00:35:46.212124 12023 catalog_manager.cc:2770] Failed to send alter table request: Not found: Failed to reset TS proxy: No leader found: Tablet b2fe2d8f7e604eeca15fe52f69879550 consensus state has no leader
I0720 00:35:46.216209 12302 tablet_bootstrap.cc:400] T 27b3a1d170cc40e9b2b3d05a5a3afa28 P 3b2a62766e5449f9ae2697a9113d09fb: No bootstrap required, opened a new log
I0720 00:35:46.216260 12302 ts_tablet_manager.cc:636] T 27b3a1d170cc40e9b2b3d05a5a3afa28 P 3b2a62766e5449f9ae2697a9113d09fb: Time spent bootstrapping tablet: real 0.008s user 0.000s sys 0.004s
I0720 00:35:46.220891 12302 raft_consensus.cc:269] T 27b3a1d170cc40e9b2b3d05a5a3afa28 P 3b2a62766e5449f9ae2697a9113d09fb [term 0 FOLLOWER]: Replica starting. Triggering 0 pending transactions. Active config: opid_index: -1 peers { permanent_uuid: "ee4ffccf9eb5471297e208d202495ffe" member_type: VOTER last_known_addr { host: "127.42.236.1" port: 57816 } } peers { permanent_uuid: "3b2a62766e5449f9ae2697a9113d09fb" member_type: VOTER last_known_addr { host: "127.42.236.2" port: 60090 } } peers { permanent_uuid: "bcc77f1560a949c6b130d6b3c67653be" member_type: VOTER last_known_addr { host: "127.42.236.0" port: 42768 } }
I0720 00:35:46.220932 12302 raft_consensus.cc:301] T 27b3a1d170cc40e9b2b3d05a5a3afa28 P 3b2a62766e5449f9ae2697a9113d09fb [term 0 FOLLOWER]: Consensus starting up: Expiring failure detector timer to make a prompt election more likely
I0720 00:35:46.220955 12302 raft_consensus.cc:499] T 27b3a1d170cc40e9b2b3d05a5a3afa28 P 3b2a62766e5449f9ae2697a9113d09fb [term 0 FOLLOWER]: Becoming Follower/Learner. State: Replica: 3b2a62766e5449f9ae2697a9113d09fb, State: 1, Role: FOLLOWER Watermarks: {Received: term: 0 index: 0 Committed: term: 0 index: 0}
I0720 00:35:46.220981 12302 consensus_queue.cc:162] T 27b3a1d170cc40e9b2b3d05a5a3afa28 P 3b2a62766e5449f9ae2697a9113d09fb [NON_LEADER]: Queue going to NON_LEADER mode. State: All replicated op: 0.0, Majority replicated op: 0.0, Committed index: 0.0, Last appended: 0.0, Current term: 0, Majority size: -1, State: 1, Mode: NON_LEADER
I0720 00:35:46.223137 12303 tablet_bootstrap.cc:400] T 27b3a1d170cc40e9b2b3d05a5a3afa28 P bcc77f1560a949c6b130d6b3c67653be: No bootstrap required, opened a new log
I0720 00:35:46.223151 12307 tablet_bootstrap.cc:400] T 297b05026d8d4464aecd40c71d630767 P ee4ffccf9eb5471297e208d202495ffe: No bootstrap required, opened a new log
I0720 00:35:46.223181 12303 ts_tablet_manager.cc:636] T 27b3a1d170cc40e9b2b3d05a5a3afa28 P bcc77f1560a949c6b130d6b3c67653be: Time spent bootstrapping tablet: real 0.028s user 0.004s sys 0.000s
I0720 00:35:46.223191 12307 ts_tablet_manager.cc:636] T 297b05026d8d4464aecd40c71d630767 P ee4ffccf9eb5471297e208d202495ffe: Time spent bootstrapping tablet: real 0.025s user 0.000s sys 0.004s
