I0720 00:35:34.414279 11009 catalog_manager.cc:1359] Servicing AlterTable request from {real_user=slave, eff_user=} at 127.0.0.1:46055: table { table_name: "test-table" } alter_schema_steps { type: ADD_RANGE_PARTITION add_range_partition { range_bounds { rows: "\006\001\341\377\377{\007\001\340\377\377\177" } } } alter_schema_steps { type: DROP_RANGE_PARTITION drop_range_partition { range_bounds { rows: "\006\001\341\377\377{\007\001\340\377\377\177" } } } alter_schema_steps { type: ADD_RANGE_PARTITION add_range_partition { range_bounds { rows: "\006\001\352\377\377W\007\001\351\377\377[" } } } alter_schema_steps { type: ADD_COLUMN add_column { schema { name: "c399" type: INT32 is_nullable: true encoding: AUTO_ENCODING compression: DEFAULT_COMPRESSION cfile_block_size: 0 } } } alter_schema_steps { type: DROP_COLUMN drop_column { name: "c399" } } alter_schema_steps { type: ADD_RANGE_PARTITION add_range_partition { range_bounds { rows: "\006\001\360\377\377?\007\001\357\377\377C" } } } alter_schema_steps { type: ADD_COLUMN add_column { schema { name: "c674" type: INT32 is_nullable: true encoding: AUTO_ENCODING compression: DEFAULT_COMPRESSION cfile_block_size: 0 } } } schema { columns { name: "key" type: INT32 is_key: true is_nullable: false encoding: AUTO_ENCODING compression: DEFAULT_COMPRESSION cfile_block_size: 0 } }
I0720 00:35:34.414408 11329 ts_tablet_manager.cc:960] T aab31496785646c686a2b76616094410 P 3b2a62766e5449f9ae2697a9113d09fb: Deleting tablet data with delete state TABLET_DATA_DELETED
I0720 00:35:34.415607 11213 ts_tablet_manager.cc:970] T aab31496785646c686a2b76616094410 P ee4ffccf9eb5471297e208d202495ffe: Tablet deleted. Last logged OpId: 1.9
I0720 00:35:34.415725 11329 ts_tablet_manager.cc:970] T aab31496785646c686a2b76616094410 P 3b2a62766e5449f9ae2697a9113d09fb: Tablet deleted. Last logged OpId: 1.9
W0720 00:35:34.417291 11009 catalog_manager.cc:2160] Unable to reset TS proxy: Not found: No leader found: Tablet 8e7920d866884beca1cb9c404826ab66 has no consensus state
W0720 00:35:34.417371 11009 catalog_manager.cc:2770] Failed to send alter table request: Not found: Failed to reset TS proxy: No leader found: Tablet 8e7920d866884beca1cb9c404826ab66 has no consensus state
W0720 00:35:34.417443 11009 catalog_manager.cc:2160] Unable to reset TS proxy: Not found: No leader found: Tablet ae4e382b53eb40d5811af430609a7a24 has no consensus state
W0720 00:35:34.417480 11009 catalog_manager.cc:2770] Failed to send alter table request: Not found: Failed to reset TS proxy: No leader found: Tablet ae4e382b53eb40d5811af430609a7a24 has no consensus state
I0720 00:35:34.417551 11096 consensus_peers.cc:358] T aab31496785646c686a2b76616094410 P bcc77f1560a949c6b130d6b3c67653be -> Peer ee4ffccf9eb5471297e208d202495ffe (127.42.236.1:57816): Closing peer: ee4ffccf9eb5471297e208d202495ffe
I0720 00:35:34.418177 11329 tablet_bootstrap.cc:400] T aab31496785646c686a2b76616094410 P 3b2a62766e5449f9ae2697a9113d09fb: Deleted tablet blocks from disk
I0720 00:35:34.418267 11096 raft_consensus.cc:1511] T aab31496785646c686a2b76616094410 P bcc77f1560a949c6b130d6b3c67653be [term 1 LEADER]: Raft consensus is shut down!
I0720 00:35:34.419096 10997 catalog_manager.cc:2499] TS 3b2a62766e5449f9ae2697a9113d09fb: tablet aab31496785646c686a2b76616094410 (table test-table [id=2a30b8d6c8764cdc9573a60ac5f96269]) successfully deleted
I0720 00:35:34.420083 11213 tablet_bootstrap.cc:400] T aab31496785646c686a2b76616094410 P ee4ffccf9eb5471297e208d202495ffe: Deleted tablet blocks from disk
I0720 00:35:34.420761 11212 tablet_service.cc:610] Processing CreateTablet for tablet 8e7920d866884beca1cb9c404826ab66 (table=test-table [id=2a30b8d6c8764cdc9573a60ac5f96269]), partition=range: [(int32 key=1073741808), (int32 key=1140850671))
I0720 00:35:34.420887 11095 tablet_service.cc:610] Processing CreateTablet for tablet 8e7920d866884beca1cb9c404826ab66 (table=test-table [id=2a30b8d6c8764cdc9573a60ac5f96269]), partition=range: [(int32 key=1073741808), (int32 key=1140850671))
I0720 00:35:34.421733 11212 ts_tablet_manager.cc:765] Registered tablet 8e7920d866884beca1cb9c404826ab66
I0720 00:35:34.421921 11406 ts_tablet_manager.cc:631] T 8e7920d866884beca1cb9c404826ab66 P ee4ffccf9eb5471297e208d202495ffe: Bootstrapping tablet
I0720 00:35:34.422086 11095 ts_tablet_manager.cc:765] Registered tablet 8e7920d866884beca1cb9c404826ab66
I0720 00:35:34.422184 11406 tablet_bootstrap.cc:400] T 8e7920d866884beca1cb9c404826ab66 P ee4ffccf9eb5471297e208d202495ffe: Bootstrap starting.
I0720 00:35:34.422240 10999 catalog_manager.cc:2499] TS ee4ffccf9eb5471297e208d202495ffe: tablet aab31496785646c686a2b76616094410 (table test-table [id=2a30b8d6c8764cdc9573a60ac5f96269]) successfully deleted
I0720 00:35:34.422410 11404 ts_tablet_manager.cc:631] T 8e7920d866884beca1cb9c404826ab66 P bcc77f1560a949c6b130d6b3c67653be: Bootstrapping tablet
I0720 00:35:34.422655 11404 tablet_bootstrap.cc:400] T 8e7920d866884beca1cb9c404826ab66 P bcc77f1560a949c6b130d6b3c67653be: Bootstrap starting.
I0720 00:35:34.422726 11212 tablet_service.cc:610] Processing CreateTablet for tablet ae4e382b53eb40d5811af430609a7a24 (table=test-table [id=2a30b8d6c8764cdc9573a60ac5f96269]), partition=range: [(int32 key=1476394986), (int32 key=1543503849))
I0720 00:35:34.423004 11406 tablet_bootstrap.cc:563] T 8e7920d866884beca1cb9c404826ab66 P ee4ffccf9eb5471297e208d202495ffe: Time spent opening tablet: real 0.000s user 0.000s sys 0.000s
I0720 00:35:34.423063 11328 tablet_service.cc:610] Processing CreateTablet for tablet ae4e382b53eb40d5811af430609a7a24 (table=test-table [id=2a30b8d6c8764cdc9573a60ac5f96269]), partition=range: [(int32 key=1476394986), (int32 key=1543503849))
I0720 00:35:34.423148 11406 tablet_bootstrap.cc:503] T 8e7920d866884beca1cb9c404826ab66 P ee4ffccf9eb5471297e208d202495ffe: No blocks or log segments found. Creating new log.
I0720 00:35:34.423602 11404 tablet_bootstrap.cc:563] T 8e7920d866884beca1cb9c404826ab66 P bcc77f1560a949c6b130d6b3c67653be: Time spent opening tablet: real 0.000s user 0.000s sys 0.000s
I0720 00:35:34.423647 11212 ts_tablet_manager.cc:765] Registered tablet ae4e382b53eb40d5811af430609a7a24
I0720 00:35:34.423740 11404 tablet_bootstrap.cc:503] T 8e7920d866884beca1cb9c404826ab66 P bcc77f1560a949c6b130d6b3c67653be: No blocks or log segments found. Creating new log.
I0720 00:35:34.424055 11328 ts_tablet_manager.cc:765] Registered tablet ae4e382b53eb40d5811af430609a7a24
I0720 00:35:34.424243 11405 ts_tablet_manager.cc:631] T ae4e382b53eb40d5811af430609a7a24 P 3b2a62766e5449f9ae2697a9113d09fb: Bootstrapping tablet
I0720 00:35:34.424484 11405 tablet_bootstrap.cc:400] T ae4e382b53eb40d5811af430609a7a24 P 3b2a62766e5449f9ae2697a9113d09fb: Bootstrap starting.
I0720 00:35:34.425009 11095 tablet_service.cc:610] Processing CreateTablet for tablet ae4e382b53eb40d5811af430609a7a24 (table=test-table [id=2a30b8d6c8764cdc9573a60ac5f96269]), partition=range: [(int32 key=1476394986), (int32 key=1543503849))
I0720 00:35:34.425192 11405 tablet_bootstrap.cc:563] T ae4e382b53eb40d5811af430609a7a24 P 3b2a62766e5449f9ae2697a9113d09fb: Time spent opening tablet: real 0.000s user 0.000s sys 0.000s
I0720 00:35:34.425325 11405 tablet_bootstrap.cc:503] T ae4e382b53eb40d5811af430609a7a24 P 3b2a62766e5449f9ae2697a9113d09fb: No blocks or log segments found. Creating new log.
I0720 00:35:34.425557 11096 ts_tablet_manager.cc:960] T aab31496785646c686a2b76616094410 P bcc77f1560a949c6b130d6b3c67653be: Deleting tablet data with delete state TABLET_DATA_DELETED
I0720 00:35:34.425906 11095 ts_tablet_manager.cc:765] Registered tablet ae4e382b53eb40d5811af430609a7a24
I0720 00:35:34.426481 11329 tablet_service.cc:610] Processing CreateTablet for tablet 8e7920d866884beca1cb9c404826ab66 (table=test-table [id=2a30b8d6c8764cdc9573a60ac5f96269]), partition=range: [(int32 key=1073741808), (int32 key=1140850671))
I0720 00:35:34.426750 11096 ts_tablet_manager.cc:970] T aab31496785646c686a2b76616094410 P bcc77f1560a949c6b130d6b3c67653be: Tablet deleted. Last logged OpId: 1.9
I0720 00:35:34.427242 11096 tablet_bootstrap.cc:400] T aab31496785646c686a2b76616094410 P bcc77f1560a949c6b130d6b3c67653be: Deleted tablet blocks from disk
I0720 00:35:34.427474 11329 ts_tablet_manager.cc:765] Registered tablet 8e7920d866884beca1cb9c404826ab66
I0720 00:35:34.427945 10998 catalog_manager.cc:2499] TS bcc77f1560a949c6b130d6b3c67653be: tablet aab31496785646c686a2b76616094410 (table test-table [id=2a30b8d6c8764cdc9573a60ac5f96269]) successfully deleted
I0720 00:35:34.428724 11404 tablet_bootstrap.cc:400] T 8e7920d866884beca1cb9c404826ab66 P bcc77f1560a949c6b130d6b3c67653be: No bootstrap required, opened a new log
I0720 00:35:34.428787 11404 ts_tablet_manager.cc:636] T 8e7920d866884beca1cb9c404826ab66 P bcc77f1560a949c6b130d6b3c67653be: Time spent bootstrapping tablet: real 0.006s user 0.004s sys 0.000s
I0720 00:35:34.430100 11404 raft_consensus.cc:269] T 8e7920d866884beca1cb9c404826ab66 P bcc77f1560a949c6b130d6b3c67653be [term 0 FOLLOWER]: Replica starting. Triggering 0 pending transactions. Active config: opid_index: -1 peers { permanent_uuid: "bcc77f1560a949c6b130d6b3c67653be" member_type: VOTER last_known_addr { host: "127.42.236.0" port: 42768 } } peers { permanent_uuid: "ee4ffccf9eb5471297e208d202495ffe" member_type: VOTER last_known_addr { host: "127.42.236.1" port: 57816 } } peers { permanent_uuid: "3b2a62766e5449f9ae2697a9113d09fb" member_type: VOTER last_known_addr { host: "127.42.236.2" port: 60090 } }
I0720 00:35:34.430176 11404 raft_consensus.cc:301] T 8e7920d866884beca1cb9c404826ab66 P bcc77f1560a949c6b130d6b3c67653be [term 0 FOLLOWER]: Consensus starting up: Expiring failure detector timer to make a prompt election more likely
I0720 00:35:34.430212 11404 raft_consensus.cc:499] T 8e7920d866884beca1cb9c404826ab66 P bcc77f1560a949c6b130d6b3c67653be [term 0 FOLLOWER]: Becoming Follower/Learner. State: Replica: bcc77f1560a949c6b130d6b3c67653be, State: 1, Role: FOLLOWER Watermarks: {Received: term: 0 index: 0 Committed: term: 0 index: 0}
I0720 00:35:34.430266 11404 consensus_queue.cc:162] T 8e7920d866884beca1cb9c404826ab66 P bcc77f1560a949c6b130d6b3c67653be [NON_LEADER]: Queue going to NON_LEADER mode. State: All replicated op: 0.0, Majority replicated op: 0.0, Committed index: 0.0, Last appended: 0.0, Current term: 0, Majority size: -1, State: 1, Mode: NON_LEADER
I0720 00:35:34.435669 11406 tablet_bootstrap.cc:400] T 8e7920d866884beca1cb9c404826ab66 P ee4ffccf9eb5471297e208d202495ffe: No bootstrap required, opened a new log
I0720 00:35:34.435734 11406 ts_tablet_manager.cc:636] T 8e7920d866884beca1cb9c404826ab66 P ee4ffccf9eb5471297e208d202495ffe: Time spent bootstrapping tablet: real 0.014s user 0.004s sys 0.000s
I0720 00:35:34.436704 11011 catalog_manager.cc:1856] TS bcc77f1560a949c6b130d6b3c67653be does not have the latest schema for tablet 8e7920d866884beca1cb9c404826ab66 (table test-table [id=2a30b8d6c8764cdc9573a60ac5f96269]). Expected version 1 got 0
I0720 00:35:34.437285 11404 ts_tablet_manager.cc:663] T 8e7920d866884beca1cb9c404826ab66 P bcc77f1560a949c6b130d6b3c67653be: Time spent starting tablet: real 0.008s user 0.000s sys 0.000s
I0720 00:35:34.437448 11404 ts_tablet_manager.cc:631] T ae4e382b53eb40d5811af430609a7a24 P bcc77f1560a949c6b130d6b3c67653be: Bootstrapping tablet
I0720 00:35:34.437773 11404 tablet_bootstrap.cc:400] T ae4e382b53eb40d5811af430609a7a24 P bcc77f1560a949c6b130d6b3c67653be: Bootstrap starting.
W0720 00:35:34.438519 11011 catalog_manager.cc:2160] Unable to reset TS proxy: Not found: No leader found: Tablet 8e7920d866884beca1cb9c404826ab66 consensus state has no leader
W0720 00:35:34.438555 11011 catalog_manager.cc:2770] Failed to send alter table request: Not found: Failed to reset TS proxy: No leader found: Tablet 8e7920d866884beca1cb9c404826ab66 consensus state has no leader
I0720 00:35:34.439132 11404 tablet_bootstrap.cc:563] T ae4e382b53eb40d5811af430609a7a24 P bcc77f1560a949c6b130d6b3c67653be: Time spent opening tablet: real 0.000s user 0.000s sys 0.000s
I0720 00:35:34.439286 11404 tablet_bootstrap.cc:503] T ae4e382b53eb40d5811af430609a7a24 P bcc77f1560a949c6b130d6b3c67653be: No blocks or log segments found. Creating new log.
I0720 00:35:34.440732 11011 catalog_manager.cc:1856] TS bcc77f1560a949c6b130d6b3c67653be does not have the latest schema for tablet 8e7920d866884beca1cb9c404826ab66 (table test-table [id=2a30b8d6c8764cdc9573a60ac5f96269]). Expected version 1 got 0
W0720 00:35:34.442540 11011 catalog_manager.cc:2160] Unable to reset TS proxy: Not found: No leader found: Tablet 8e7920d866884beca1cb9c404826ab66 consensus state has no leader
W0720 00:35:34.442594 11011 catalog_manager.cc:2770] Failed to send alter table request: Not found: Failed to reset TS proxy: No leader found: Tablet 8e7920d866884beca1cb9c404826ab66 consensus state has no leader
I0720 00:35:34.443557 11405 tablet_bootstrap.cc:400] T ae4e382b53eb40d5811af430609a7a24 P 3b2a62766e5449f9ae2697a9113d09fb: No bootstrap required, opened a new log
I0720 00:35:34.443609 11405 ts_tablet_manager.cc:636] T ae4e382b53eb40d5811af430609a7a24 P 3b2a62766e5449f9ae2697a9113d09fb: Time spent bootstrapping tablet: real 0.019s user 0.004s sys 0.000s
I0720 00:35:34.444502 11406 raft_consensus.cc:269] T 8e7920d866884beca1cb9c404826ab66 P ee4ffccf9eb5471297e208d202495ffe [term 0 FOLLOWER]: Replica starting. Triggering 0 pending transactions. Active config: opid_index: -1 peers { permanent_uuid: "bcc77f1560a949c6b130d6b3c67653be" member_type: VOTER last_known_addr { host: "127.42.236.0" port: 42768 } } peers { permanent_uuid: "ee4ffccf9eb5471297e208d202495ffe" member_type: VOTER last_known_addr { host: "127.42.236.1" port: 57816 } } peers { permanent_uuid: "3b2a62766e5449f9ae2697a9113d09fb" member_type: VOTER last_known_addr { host: "127.42.236.2" port: 60090 } }
I0720 00:35:34.444560 11406 raft_consensus.cc:301] T 8e7920d866884beca1cb9c404826ab66 P ee4ffccf9eb5471297e208d202495ffe [term 0 FOLLOWER]: Consensus starting up: Expiring failure detector timer to make a prompt election more likely
I0720 00:35:34.444597 11406 raft_consensus.cc:499] T 8e7920d866884beca1cb9c404826ab66 P ee4ffccf9eb5471297e208d202495ffe [term 0 FOLLOWER]: Becoming Follower/Learner. State: Replica: ee4ffccf9eb5471297e208d202495ffe, State: 1, Role: FOLLOWER Watermarks: {Received: term: 0 index: 0 Committed: term: 0 index: 0}
I0720 00:35:34.444643 11406 consensus_queue.cc:162] T 8e7920d866884beca1cb9c404826ab66 P ee4ffccf9eb5471297e208d202495ffe [NON_LEADER]: Queue going to NON_LEADER mode. State: All replicated op: 0.0, Majority replicated op: 0.0, Committed index: 0.0, Last appended: 0.0, Current term: 0, Majority size: -1, State: 1, Mode: NON_LEADER
I0720 00:35:34.451599 11404 tablet_bootstrap.cc:400] T ae4e382b53eb40d5811af430609a7a24 P bcc77f1560a949c6b130d6b3c67653be: No bootstrap required, opened a new log
I0720 00:35:34.451712 11405 raft_consensus.cc:269] T ae4e382b53eb40d5811af430609a7a24 P 3b2a62766e5449f9ae2697a9113d09fb [term 0 FOLLOWER]: Replica starting. Triggering 0 pending transactions. Active config: opid_index: -1 peers { permanent_uuid: "ee4ffccf9eb5471297e208d202495ffe" member_type: VOTER last_known_addr { host: "127.42.236.1" port: 57816 } } peers { permanent_uuid: "bcc77f1560a949c6b130d6b3c67653be" member_type: VOTER last_known_addr { host: "127.42.236.0" port: 42768 } } peers { permanent_uuid: "3b2a62766e5449f9ae2697a9113d09fb" member_type: VOTER last_known_addr { host: "127.42.236.2" port: 60090 } }
I0720 00:35:34.451794 11405 raft_consensus.cc:301] T ae4e382b53eb40d5811af430609a7a24 P 3b2a62766e5449f9ae2697a9113d09fb [term 0 FOLLOWER]: Consensus starting up: Expiring failure detector timer to make a prompt election more likely
I0720 00:35:34.451926 11405 raft_consensus.cc:499] T ae4e382b53eb40d5811af430609a7a24 P 3b2a62766e5449f9ae2697a9113d09fb [term 0 FOLLOWER]: Becoming Follower/Learner. State: Replica: 3b2a62766e5449f9ae2697a9113d09fb, State: 1, Role: FOLLOWER Watermarks: {Received: term: 0 index: 0 Committed: term: 0 index: 0}
I0720 00:35:34.452016 11405 consensus_queue.cc:162] T ae4e382b53eb40d5811af430609a7a24 P 3b2a62766e5449f9ae2697a9113d09fb [NON_LEADER]: Queue going to NON_LEADER mode. State: All replicated op: 0.0, Majority replicated op: 0.0, Committed index: 0.0, Last appended: 0.0, Current term: 0, Majority size: -1, State: 1, Mode: NON_LEADER
I0720 00:35:34.452227 11404 ts_tablet_manager.cc:636] T ae4e382b53eb40d5811af430609a7a24 P bcc77f1560a949c6b130d6b3c67653be: Time spent bootstrapping tablet: real 0.015s user 0.004s sys 0.000s
I0720 00:35:34.452494 11406 ts_tablet_manager.cc:663] T 8e7920d866884beca1cb9c404826ab66 P ee4ffccf9eb5471297e208d202495ffe: Time spent starting tablet: real 0.017s user 0.000s sys 0.004s
I0720 00:35:34.452631 11406 ts_tablet_manager.cc:631] T ae4e382b53eb40d5811af430609a7a24 P ee4ffccf9eb5471297e208d202495ffe: Bootstrapping tablet
I0720 00:35:34.452697 11011 catalog_manager.cc:1856] TS ee4ffccf9eb5471297e208d202495ffe does not have the latest schema for tablet 8e7920d866884beca1cb9c404826ab66 (table test-table [id=2a30b8d6c8764cdc9573a60ac5f96269]). Expected version 1 got 0
I0720 00:35:34.452944 11406 tablet_bootstrap.cc:400] T ae4e382b53eb40d5811af430609a7a24 P ee4ffccf9eb5471297e208d202495ffe: Bootstrap starting.
I0720 00:35:34.453666 11406 tablet_bootstrap.cc:563] T ae4e382b53eb40d5811af430609a7a24 P ee4ffccf9eb5471297e208d202495ffe: Time spent opening tablet: real 0.000s user 0.000s sys 0.000s
I0720 00:35:34.453807 11406 tablet_bootstrap.cc:503] T ae4e382b53eb40d5811af430609a7a24 P ee4ffccf9eb5471297e208d202495ffe: No blocks or log segments found. Creating new log.
W0720 00:35:34.454849 11011 catalog_manager.cc:2160] Unable to reset TS proxy: Not found: No leader found: Tablet 8e7920d866884beca1cb9c404826ab66 consensus state has no leader
W0720 00:35:34.454887 11011 catalog_manager.cc:2770] Failed to send alter table request: Not found: Failed to reset TS proxy: No leader found: Tablet 8e7920d866884beca1cb9c404826ab66 consensus state has no leader
I0720 00:35:34.455994 11011 catalog_manager.cc:1856] TS ee4ffccf9eb5471297e208d202495ffe does not have the latest schema for tablet 8e7920d866884beca1cb9c404826ab66 (table test-table [id=2a30b8d6c8764cdc9573a60ac5f96269]). Expected version 1 got 0
W0720 00:35:34.457825 11011 catalog_manager.cc:2160] Unable to reset TS proxy: Not found: No leader found: Tablet 8e7920d866884beca1cb9c404826ab66 consensus state has no leader
W0720 00:35:34.457859 11011 catalog_manager.cc:2770] Failed to send alter table request: Not found: Failed to reset TS proxy: No leader found: Tablet 8e7920d866884beca1cb9c404826ab66 consensus state has no leader
I0720 00:35:34.460041 11405 ts_tablet_manager.cc:663] T ae4e382b53eb40d5811af430609a7a24 P 3b2a62766e5449f9ae2697a9113d09fb: Time spent starting tablet: real 0.016s user 0.000s sys 0.004s
I0720 00:35:34.460192 11405 ts_tablet_manager.cc:631] T 8e7920d866884beca1cb9c404826ab66 P 3b2a62766e5449f9ae2697a9113d09fb: Bootstrapping tablet
I0720 00:35:34.460479 11011 catalog_manager.cc:1856] TS 3b2a62766e5449f9ae2697a9113d09fb does not have the latest schema for tablet ae4e382b53eb40d5811af430609a7a24 (table test-table [id=2a30b8d6c8764cdc9573a60ac5f96269]). Expected version 1 got 0
I0720 00:35:34.460496 11405 tablet_bootstrap.cc:400] T 8e7920d866884beca1cb9c404826ab66 P 3b2a62766e5449f9ae2697a9113d09fb: Bootstrap starting.
I0720 00:35:34.461194 11405 tablet_bootstrap.cc:563] T 8e7920d866884beca1cb9c404826ab66 P 3b2a62766e5449f9ae2697a9113d09fb: Time spent opening tablet: real 0.000s user 0.000s sys 0.000s
I0720 00:35:34.461356 11405 tablet_bootstrap.cc:503] T 8e7920d866884beca1cb9c404826ab66 P 3b2a62766e5449f9ae2697a9113d09fb: No blocks or log segments found. Creating new log.
W0720 00:35:34.462373 11011 catalog_manager.cc:2160] Unable to reset TS proxy: Not found: No leader found: Tablet ae4e382b53eb40d5811af430609a7a24 consensus state has no leader
W0720 00:35:34.462426 11011 catalog_manager.cc:2770] Failed to send alter table request: Not found: Failed to reset TS proxy: No leader found: Tablet ae4e382b53eb40d5811af430609a7a24 consensus state has no leader
I0720 00:35:34.467973 11404 raft_consensus.cc:269] T ae4e382b53eb40d5811af430609a7a24 P bcc77f1560a949c6b130d6b3c67653be [term 0 FOLLOWER]: Replica starting. Triggering 0 pending transactions. Active config: opid_index: -1 peers { permanent_uuid: "ee4ffccf9eb5471297e208d202495ffe" member_type: VOTER last_known_addr { host: "127.42.236.1" port: 57816 } } peers { permanent_uuid: "bcc77f1560a949c6b130d6b3c67653be" member_type: VOTER last_known_addr { host: "127.42.236.0" port: 42768 } } peers { permanent_uuid: "3b2a62766e5449f9ae2697a9113d09fb" member_type: VOTER last_known_addr { host: "127.42.236.2" port: 60090 } }
I0720 00:35:34.468075 11404 raft_consensus.cc:301] T ae4e382b53eb40d5811af430609a7a24 P bcc77f1560a949c6b130d6b3c67653be [term 0 FOLLOWER]: Consensus starting up: Expiring failure detector timer to make a prompt election more likely
I0720 00:35:34.468133 11404 raft_consensus.cc:499] T ae4e382b53eb40d5811af430609a7a24 P bcc77f1560a949c6b130d6b3c67653be [term 0 FOLLOWER]: Becoming Follower/Learner. State: Replica: bcc77f1560a949c6b130d6b3c67653be, State: 1, Role: FOLLOWER Watermarks: {Received: term: 0 index: 0 Committed: term: 0 index: 0}
I0720 00:35:34.468189 11404 consensus_queue.cc:162] T ae4e382b53eb40d5811af430609a7a24 P bcc77f1560a949c6b130d6b3c67653be [NON_LEADER]: Queue going to NON_LEADER mode. State: All replicated op: 0.0, Majority replicated op: 0.0, Committed index: 0.0, Last appended: 0.0, Current term: 0, Majority size: -1, State: 1, Mode: NON_LEADER
I0720 00:35:34.475600 11406 tablet_bootstrap.cc:400] T ae4e382b53eb40d5811af430609a7a24 P ee4ffccf9eb5471297e208d202495ffe: No bootstrap required, opened a new log
I0720 00:35:34.475656 11406 ts_tablet_manager.cc:636] T ae4e382b53eb40d5811af430609a7a24 P ee4ffccf9eb5471297e208d202495ffe: Time spent bootstrapping tablet: real 0.023s user 0.004s sys 0.000s
I0720 00:35:34.475895 11404 ts_tablet_manager.cc:663] T ae4e382b53eb40d5811af430609a7a24 P bcc77f1560a949c6b130d6b3c67653be: Time spent starting tablet: real 0.024s user 0.000s sys 0.004s
I0720 00:35:34.476196 11405 tablet_bootstrap.cc:400] T 8e7920d866884beca1cb9c404826ab66 P 3b2a62766e5449f9ae2697a9113d09fb: No bootstrap required, opened a new log
I0720 00:35:34.476281 11405 ts_tablet_manager.cc:636] T 8e7920d866884beca1cb9c404826ab66 P 3b2a62766e5449f9ae2697a9113d09fb: Time spent bootstrapping tablet: real 0.016s user 0.000s sys 0.004s
I0720 00:35:34.476485 11011 catalog_manager.cc:1856] TS bcc77f1560a949c6b130d6b3c67653be does not have the latest schema for tablet ae4e382b53eb40d5811af430609a7a24 (table test-table [id=2a30b8d6c8764cdc9573a60ac5f96269]). Expected version 1 got 0
W0720 00:35:34.478341 11011 catalog_manager.cc:2160] Unable to reset TS proxy: Not found: No leader found: Tablet ae4e382b53eb40d5811af430609a7a24 consensus state has no leader
W0720 00:35:34.478384 11011 catalog_manager.cc:2770] Failed to send alter table request: Not found: Failed to reset TS proxy: No leader found: Tablet ae4e382b53eb40d5811af430609a7a24 consensus state has no leader
I0720 00:35:34.479533 11011 catalog_manager.cc:1856] TS bcc77f1560a949c6b130d6b3c67653be does not have the latest schema for tablet ae4e382b53eb40d5811af430609a7a24 (table test-table [id=2a30b8d6c8764cdc9573a60ac5f96269]). Expected version 1 got 0
W0720 00:35:34.481231 11011 catalog_manager.cc:2160] Unable to reset TS proxy: Not found: No leader found: Tablet ae4e382b53eb40d5811af430609a7a24 consensus state has no leader
W0720 00:35:34.481297 11011 catalog_manager.cc:2770] Failed to send alter table request: Not found: Failed to reset TS proxy: No leader found: Tablet ae4e382b53eb40d5811af430609a7a24 consensus state has no leader
I0720 00:35:34.487663 11406 raft_consensus.cc:269] T ae4e382b53eb40d5811af430609a7a24 P ee4ffccf9eb5471297e208d202495ffe [term 0 FOLLOWER]: Replica starting. Triggering 0 pending transactions. Active config: opid_index: -1 peers { permanent_uuid: "ee4ffccf9eb5471297e208d202495ffe" member_type: VOTER last_known_addr { host: "127.42.236.1" port: 57816 } } peers { permanent_uuid: "bcc77f1560a949c6b130d6b3c67653be" member_type: VOTER last_known_addr { host: "127.42.236.0" port: 42768 } } peers { permanent_uuid: "3b2a62766e5449f9ae2697a9113d09fb" member_type: VOTER last_known_addr { host: "127.42.236.2" port: 60090 } }
I0720 00:35:34.487721 11406 raft_consensus.cc:301] T ae4e382b53eb40d5811af430609a7a24 P ee4ffccf9eb5471297e208d202495ffe [term 0 FOLLOWER]: Consensus starting up: Expiring failure detector timer to make a prompt election more likely
I0720 00:35:34.487790 11406 raft_consensus.cc:499] T ae4e382b53eb40d5811af430609a7a24 P ee4ffccf9eb5471297e208d202495ffe [term 0 FOLLOWER]: Becoming Follower/Learner. State: Replica: ee4ffccf9eb5471297e208d202495ffe, State: 1, Role: FOLLOWER Watermarks: {Received: term: 0 index: 0 Committed: term: 0 index: 0}
I0720 00:35:34.487831 11405 raft_consensus.cc:269] T 8e7920d866884beca1cb9c404826ab66 P 3b2a62766e5449f9ae2697a9113d09fb [term 0 FOLLOWER]: Replica starting. Triggering 0 pending transactions. Active config: opid_index: -1 peers { permanent_uuid: "bcc77f1560a949c6b130d6b3c67653be" member_type: VOTER last_known_addr { host: "127.42.236.0" port: 42768 } } peers { permanent_uuid: "ee4ffccf9eb5471297e208d202495ffe" member_type: VOTER last_known_addr { host: "127.42.236.1" port: 57816 } } peers { permanent_uuid: "3b2a62766e5449f9ae2697a9113d09fb" member_type: VOTER last_known_addr { host: "127.42.236.2" port: 60090 } }
I0720 00:35:34.487872 11406 consensus_queue.cc:162] T ae4e382b53eb40d5811af430609a7a24 P ee4ffccf9eb5471297e208d202495ffe [NON_LEADER]: Queue going to NON_LEADER mode. State: All replicated op: 0.0, Majority replicated op: 0.0, Committed index: 0.0, Last appended: 0.0, Current term: 0, Majority size: -1, State: 1, Mode: NON_LEADER
I0720 00:35:34.487931 11405 raft_consensus.cc:301] T 8e7920d866884beca1cb9c404826ab66 P 3b2a62766e5449f9ae2697a9113d09fb [term 0 FOLLOWER]: Consensus starting up: Expiring failure detector timer to make a prompt election more likely
I0720 00:35:34.487999 11405 raft_consensus.cc:499] T 8e7920d866884beca1cb9c404826ab66 P 3b2a62766e5449f9ae2697a9113d09fb [term 0 FOLLOWER]: Becoming Follower/Learner. State: Replica: 3b2a62766e5449f9ae2697a9113d09fb, State: 1, Role: FOLLOWER Watermarks: {Received: term: 0 index: 0 Committed: term: 0 index: 0}
I0720 00:35:34.488049 11444 raft_consensus.cc:370] T ae4e382b53eb40d5811af430609a7a24 P 3b2a62766e5449f9ae2697a9113d09fb [term 0 FOLLOWER]: No leader contacted us within the election timeout. Triggering leader election
I0720 00:35:34.488081 11405 consensus_queue.cc:162] T 8e7920d866884beca1cb9c404826ab66 P 3b2a62766e5449f9ae2697a9113d09fb [NON_LEADER]: Queue going to NON_LEADER mode. State: All replicated op: 0.0, Majority replicated op: 0.0, Committed index: 0.0, Last appended: 0.0, Current term: 0, Majority size: -1, State: 1, Mode: NON_LEADER
I0720 00:35:34.488086 11444 raft_consensus.cc:2019] T ae4e382b53eb40d5811af430609a7a24 P 3b2a62766e5449f9ae2697a9113d09fb [term 0 FOLLOWER]: Advancing to term 1
I0720 00:35:34.488513 11444 raft_consensus.cc:1970] T ae4e382b53eb40d5811af430609a7a24 P 3b2a62766e5449f9ae2697a9113d09fb [term 1 FOLLOWER]: Snoozing failure detection for election timeout plus an additional 1.609s
I0720 00:35:34.488595 11444 raft_consensus.cc:386] T ae4e382b53eb40d5811af430609a7a24 P 3b2a62766e5449f9ae2697a9113d09fb [term 1 FOLLOWER]: Starting election with config: opid_index: -1 peers { permanent_uuid: "ee4ffccf9eb5471297e208d202495ffe" member_type: VOTER last_known_addr { host: "127.42.236.1" port: 57816 } } peers { permanent_uuid: "bcc77f1560a949c6b130d6b3c67653be" member_type: VOTER last_known_addr { host: "127.42.236.0" port: 42768 } } peers { permanent_uuid: "3b2a62766e5449f9ae2697a9113d09fb" member_type: VOTER last_known_addr { host: "127.42.236.2" port: 60090 } }
I0720 00:35:34.489759 11444 leader_election.cc:223] T ae4e382b53eb40d5811af430609a7a24 P 3b2a62766e5449f9ae2697a9113d09fb [CANDIDATE]: Term 1 election: Requesting vote from peer ee4ffccf9eb5471297e208d202495ffe
I0720 00:35:34.489892 11444 leader_election.cc:223] T ae4e382b53eb40d5811af430609a7a24 P 3b2a62766e5449f9ae2697a9113d09fb [CANDIDATE]: Term 1 election: Requesting vote from peer bcc77f1560a949c6b130d6b3c67653be
W0720 00:35:34.491928 11285 leader_election.cc:281] T ae4e382b53eb40d5811af430609a7a24 P 3b2a62766e5449f9ae2697a9113d09fb [CANDIDATE]: Term 1 election: Tablet error from VoteRequest() call to peer ee4ffccf9eb5471297e208d202495ffe: Illegal state: Tablet not RUNNING: BOOTSTRAPPING
I0720 00:35:34.492504 11406 ts_tablet_manager.cc:663] T ae4e382b53eb40d5811af430609a7a24 P ee4ffccf9eb5471297e208d202495ffe: Time spent starting tablet: real 0.017s user 0.004s sys 0.000s
I0720 00:35:34.493007 11011 catalog_manager.cc:1856] TS ee4ffccf9eb5471297e208d202495ffe does not have the latest schema for tablet ae4e382b53eb40d5811af430609a7a24 (table test-table [id=2a30b8d6c8764cdc9573a60ac5f96269]). Expected version 1 got 0
I0720 00:35:34.493160 11116 raft_consensus.cc:2019] T ae4e382b53eb40d5811af430609a7a24 P bcc77f1560a949c6b130d6b3c67653be [term 0 FOLLOWER]: Advancing to term 1
I0720 00:35:34.493441 11009 catalog_manager.cc:1856] TS 3b2a62766e5449f9ae2697a9113d09fb does not have the latest schema for tablet 8e7920d866884beca1cb9c404826ab66 (table test-table [id=2a30b8d6c8764cdc9573a60ac5f96269]). Expected version 1 got 0
I0720 00:35:34.493729 11116 raft_consensus.cc:1970] T ae4e382b53eb40d5811af430609a7a24 P bcc77f1560a949c6b130d6b3c67653be [term 1 FOLLOWER]: Snoozing failure detection for election timeout plus an additional 1.629s
I0720 00:35:34.493909 11405 ts_tablet_manager.cc:663] T 8e7920d866884beca1cb9c404826ab66 P 3b2a62766e5449f9ae2697a9113d09fb: Time spent starting tablet: real 0.018s user 0.000s sys 0.000s
I0720 00:35:34.494463 11116 raft_consensus.cc:1677] T ae4e382b53eb40d5811af430609a7a24 P bcc77f1560a949c6b130d6b3c67653be [term 1 FOLLOWER]: Leader election vote request: Granting yes vote for candidate 3b2a62766e5449f9ae2697a9113d09fb in term 1.
I0720 00:35:34.494801 11284 leader_election.cc:347] T ae4e382b53eb40d5811af430609a7a24 P 3b2a62766e5449f9ae2697a9113d09fb [CANDIDATE]: Term 1 election: Vote granted by peer bcc77f1560a949c6b130d6b3c67653be
I0720 00:35:34.494846 11284 leader_election.cc:248] T ae4e382b53eb40d5811af430609a7a24 P 3b2a62766e5449f9ae2697a9113d09fb [CANDIDATE]: Term 1 election: Election decided. Result: candidate won.
I0720 00:35:34.495018 11446 raft_consensus.cc:1970] T ae4e382b53eb40d5811af430609a7a24 P 3b2a62766e5449f9ae2697a9113d09fb [term 1 FOLLOWER]: Snoozing failure detection for election timeout plus an additional 1.523s
W0720 00:35:34.495030 11011 catalog_manager.cc:2160] Unable to reset TS proxy: Not found: No leader found: Tablet ae4e382b53eb40d5811af430609a7a24 consensus state has no leader
I0720 00:35:34.495051 11446 raft_consensus.cc:1859] T ae4e382b53eb40d5811af430609a7a24 P 3b2a62766e5449f9ae2697a9113d09fb [term 1 FOLLOWER]: Leader election won for term 1
W0720 00:35:34.495061 11011 catalog_manager.cc:2770] Failed to send alter table request: Not found: Failed to reset TS proxy: No leader found: Tablet ae4e382b53eb40d5811af430609a7a24 consensus state has no leader
I0720 00:35:34.495388 11446 raft_consensus.cc:464] T ae4e382b53eb40d5811af430609a7a24 P 3b2a62766e5449f9ae2697a9113d09fb [term 1 LEADER]: Becoming Leader. State: Replica: 3b2a62766e5449f9ae2697a9113d09fb, State: 1, Role: LEADER Watermarks: {Received: term: 0 index: 0 Committed: term: 0 index: 0}
I0720 00:35:34.495661 11446 consensus_queue.cc:145] T ae4e382b53eb40d5811af430609a7a24 P 3b2a62766e5449f9ae2697a9113d09fb [LEADER]: Queue going to LEADER mode. State: All replicated op: 0.0, Majority replicated op: 0.0, Committed index: 0.0, Last appended: 0.0, Current term: 1, Majority size: 2, State: 1, Mode: LEADER, active raft config: opid_index: -1 peers { permanent_uuid: "ee4ffccf9eb5471297e208d202495ffe" member_type: VOTER last_known_addr { host: "127.42.236.1" port: 57816 } } peers { permanent_uuid: "bcc77f1560a949c6b130d6b3c67653be" member_type: VOTER last_known_addr { host: "127.42.236.0" port: 42768 } } peers { permanent_uuid: "3b2a62766e5449f9ae2697a9113d09fb" member_type: VOTER last_known_addr { host: "127.42.236.2" port: 60090 } }
I0720 00:35:34.496253 11012 catalog_manager.cc:1856] TS ee4ffccf9eb5471297e208d202495ffe does not have the latest schema for tablet ae4e382b53eb40d5811af430609a7a24 (table test-table [id=2a30b8d6c8764cdc9573a60ac5f96269]). Expected version 1 got 0
W0720 00:35:34.497947 11012 catalog_manager.cc:2160] Unable to reset TS proxy: Not found: No leader found: Tablet ae4e382b53eb40d5811af430609a7a24 consensus state has no leader
W0720 00:35:34.497977 11012 catalog_manager.cc:2770] Failed to send alter table request: Not found: Failed to reset TS proxy: No leader found: Tablet ae4e382b53eb40d5811af430609a7a24 consensus state has no leader
W0720 00:35:34.498502 11009 catalog_manager.cc:2160] Unable to reset TS proxy: Not found: No leader found: Tablet 8e7920d866884beca1cb9c404826ab66 consensus state has no leader
W0720 00:35:34.498541 11009 catalog_manager.cc:2770] Failed to send alter table request: Not found: Failed to reset TS proxy: No leader found: Tablet 8e7920d866884beca1cb9c404826ab66 consensus state has no leader
W0720 00:35:34.504325 11462 raft_consensus_state.cc:541] T ae4e382b53eb40d5811af430609a7a24 P 3b2a62766e5449f9ae2697a9113d09fb [term 1 LEADER]: Can't advance the committed index across term boundaries until operations from the current term are replicated. Last committed operation was: term: 0 index: 0, New majority replicated is: term: 0 index: 0, Current term is: 1
I0720 00:35:34.504392 11009 catalog_manager.cc:1856] TS 3b2a62766e5449f9ae2697a9113d09fb does not have the latest schema for tablet ae4e382b53eb40d5811af430609a7a24 (table test-table [id=2a30b8d6c8764cdc9573a60ac5f96269]). Expected version 1 got 0
I0720 00:35:34.504495 11009 catalog_manager.cc:1957] Tablet: ae4e382b53eb40d5811af430609a7a24 reported consensus state change. New consensus state: current_term: 1 leader_uuid: "3b2a62766e5449f9ae2697a9113d09fb" config { opid_index: -1 peers { permanent_uuid: "ee4ffccf9eb5471297e208d202495ffe" member_type: VOTER last_known_addr { host: "127.42.236.1" port: 57816 } } peers { permanent_uuid: "bcc77f1560a949c6b130d6b3c67653be" member_type: VOTER last_known_addr { host: "127.42.236.0" port: 42768 } } peers { permanent_uuid: "3b2a62766e5449f9ae2697a9113d09fb" member_type: VOTER last_known_addr { host: "127.42.236.2" port: 60090 } } }
I0720 00:35:34.506278 11009 catalog_manager.cc:1856] TS 3b2a62766e5449f9ae2697a9113d09fb does not have the latest schema for tablet 8e7920d866884beca1cb9c404826ab66 (table test-table [id=2a30b8d6c8764cdc9573a60ac5f96269]). Expected version 1 got 0
W0720 00:35:34.507817 11009 catalog_manager.cc:2160] Unable to reset TS proxy: Not found: No leader found: Tablet 8e7920d866884beca1cb9c404826ab66 consensus state has no leader
W0720 00:35:34.507849 11009 catalog_manager.cc:2770] Failed to send alter table request: Not found: Failed to reset TS proxy: No leader found: Tablet 8e7920d866884beca1cb9c404826ab66 consensus state has no leader
I0720 00:35:34.508205 11233 raft_consensus.cc:2019] T ae4e382b53eb40d5811af430609a7a24 P ee4ffccf9eb5471297e208d202495ffe [term 0 FOLLOWER]: Advancing to term 1
I0720 00:35:34.508316 11116 raft_consensus.cc:869] T ae4e382b53eb40d5811af430609a7a24 P bcc77f1560a949c6b130d6b3c67653be [term 1 FOLLOWER]: Refusing update from remote peer 3b2a62766e5449f9ae2697a9113d09fb: Log matching property violated. Preceding OpId in replica: term: 0 index: 0. Preceding OpId from leader: term: 1 index: 2. (index mismatch)
I0720 00:35:34.508718 11233 raft_consensus.cc:869] T ae4e382b53eb40d5811af430609a7a24 P ee4ffccf9eb5471297e208d202495ffe [term 1 FOLLOWER]: Refusing update from remote peer 3b2a62766e5449f9ae2697a9113d09fb: Log matching property violated. Preceding OpId in replica: term: 0 index: 0. Preceding OpId from leader: term: 1 index: 2. (index mismatch)
I0720 00:35:34.508767 11446 consensus_queue.cc:578] T ae4e382b53eb40d5811af430609a7a24 P 3b2a62766e5449f9ae2697a9113d09fb [LEADER]: Connected to new peer: Peer: bcc77f1560a949c6b130d6b3c67653be, Is new: false, Last received: 0.0, Next index: 1, Last known committed idx: 0, Last exchange result: ERROR, Needs remote bootstrap: false
I0720 00:35:34.509034 11458 consensus_queue.cc:578] T ae4e382b53eb40d5811af430609a7a24 P 3b2a62766e5449f9ae2697a9113d09fb [LEADER]: Connected to new peer: Peer: ee4ffccf9eb5471297e208d202495ffe, Is new: false, Last received: 0.0, Next index: 1, Last known committed idx: 0, Last exchange result: ERROR, Needs remote bootstrap: false
I0720 00:35:34.510972 11009 catalog_manager.cc:1856] TS ee4ffccf9eb5471297e208d202495ffe does not have the latest schema for tablet ae4e382b53eb40d5811af430609a7a24 (table test-table [id=2a30b8d6c8764cdc9573a60ac5f96269]). Expected version 1 got 0
I0720 00:35:34.511464 11429 tablet.cc:824] T ae4e382b53eb40d5811af430609a7a24 Alter schema from Schema [ 10:key[int32 NOT NULL], 12:c674[int32 NULLABLE] ] version 0 to Schema [ 10:key[int32 NOT NULL], 12:c674[int32 NULLABLE] ] version 1
I0720 00:35:34.511804 11462 raft_consensus_state.cc:534] T ae4e382b53eb40d5811af430609a7a24 P 3b2a62766e5449f9ae2697a9113d09fb [term 1 LEADER]: Advanced the committed_index across terms. Last committed operation was: term: 0 index: 0 New committed index is: term: 1 index: 2
I0720 00:35:34.513010 11428 tablet.cc:824] T ae4e382b53eb40d5811af430609a7a24 Alter schema from Schema [ 10:key[int32 NOT NULL], 12:c674[int32 NULLABLE] ] version 0 to Schema [ 10:key[int32 NOT NULL], 12:c674[int32 NULLABLE] ] version 1
I0720 00:35:34.513175 11432 tablet.cc:824] T ae4e382b53eb40d5811af430609a7a24 Alter schema from Schema [ 10:key[int32 NOT NULL], 12:c674[int32 NULLABLE] ] version 0 to Schema [ 10:key[int32 NOT NULL], 12:c674[int32 NULLABLE] ] version 1
I0720 00:35:34.513275 11012 catalog_manager.cc:1856] TS bcc77f1560a949c6b130d6b3c67653be does not have the latest schema for tablet ae4e382b53eb40d5811af430609a7a24 (table test-table [id=2a30b8d6c8764cdc9573a60ac5f96269]). Expected version 1 got 0
I0720 00:35:34.662009 11437 raft_consensus.cc:370] T 8e7920d866884beca1cb9c404826ab66 P bcc77f1560a949c6b130d6b3c67653be [term 0 FOLLOWER]: No leader contacted us within the election timeout. Triggering leader election
I0720 00:35:34.662045 11437 raft_consensus.cc:2019] T 8e7920d866884beca1cb9c404826ab66 P bcc77f1560a949c6b130d6b3c67653be [term 0 FOLLOWER]: Advancing to term 1
I0720 00:35:34.662719 11437 raft_consensus.cc:1970] T 8e7920d866884beca1cb9c404826ab66 P bcc77f1560a949c6b130d6b3c67653be [term 1 FOLLOWER]: Snoozing failure detection for election timeout plus an additional 1.576s
I0720 00:35:34.662817 11437 raft_consensus.cc:386] T 8e7920d866884beca1cb9c404826ab66 P bcc77f1560a949c6b130d6b3c67653be [term 1 FOLLOWER]: Starting election with config: opid_index: -1 peers { permanent_uuid: "bcc77f1560a949c6b130d6b3c67653be" member_type: VOTER last_known_addr { host: "127.42.236.0" port: 42768 } } peers { permanent_uuid: "ee4ffccf9eb5471297e208d202495ffe" member_type: VOTER last_known_addr { host: "127.42.236.1" port: 57816 } } peers { permanent_uuid: "3b2a62766e5449f9ae2697a9113d09fb" member_type: VOTER last_known_addr { host: "127.42.236.2" port: 60090 } }
I0720 00:35:34.663646 11437 leader_election.cc:223] T 8e7920d866884beca1cb9c404826ab66 P bcc77f1560a949c6b130d6b3c67653be [CANDIDATE]: Term 1 election: Requesting vote from peer ee4ffccf9eb5471297e208d202495ffe
I0720 00:35:34.663738 11437 leader_election.cc:223] T 8e7920d866884beca1cb9c404826ab66 P bcc77f1560a949c6b130d6b3c67653be [CANDIDATE]: Term 1 election: Requesting vote from peer 3b2a62766e5449f9ae2697a9113d09fb
I0720 00:35:34.664196 11233 raft_consensus.cc:2019] T 8e7920d866884beca1cb9c404826ab66 P ee4ffccf9eb5471297e208d202495ffe [term 0 FOLLOWER]: Advancing to term 1
I0720 00:35:34.664290 11348 raft_consensus.cc:2019] T 8e7920d866884beca1cb9c404826ab66 P 3b2a62766e5449f9ae2697a9113d09fb [term 0 FOLLOWER]: Advancing to term 1
I0720 00:35:34.664626 11233 raft_consensus.cc:1970] T 8e7920d866884beca1cb9c404826ab66 P ee4ffccf9eb5471297e208d202495ffe [term 1 FOLLOWER]: Snoozing failure detection for election timeout plus an additional 1.631s
I0720 00:35:34.664810 11348 raft_consensus.cc:1970] T 8e7920d866884beca1cb9c404826ab66 P 3b2a62766e5449f9ae2697a9113d09fb [term 1 FOLLOWER]: Snoozing failure detection for election timeout plus an additional 1.579s
I0720 00:35:34.665161 11233 raft_consensus.cc:1677] T 8e7920d866884beca1cb9c404826ab66 P ee4ffccf9eb5471297e208d202495ffe [term 1 FOLLOWER]: Leader election vote request: Granting yes vote for candidate bcc77f1560a949c6b130d6b3c67653be in term 1.
I0720 00:35:34.665279 11348 raft_consensus.cc:1677] T 8e7920d866884beca1cb9c404826ab66 P 3b2a62766e5449f9ae2697a9113d09fb [term 1 FOLLOWER]: Leader election vote request: Granting yes vote for candidate bcc77f1560a949c6b130d6b3c67653be in term 1.
I0720 00:35:34.665427 11052 leader_election.cc:347] T 8e7920d866884beca1cb9c404826ab66 P bcc77f1560a949c6b130d6b3c67653be [CANDIDATE]: Term 1 election: Vote granted by peer ee4ffccf9eb5471297e208d202495ffe
I0720 00:35:34.665458 11052 leader_election.cc:248] T 8e7920d866884beca1cb9c404826ab66 P bcc77f1560a949c6b130d6b3c67653be [CANDIDATE]: Term 1 election: Election decided. Result: candidate won.
I0720 00:35:34.665493 11050 leader_election.cc:347] T 8e7920d866884beca1cb9c404826ab66 P bcc77f1560a949c6b130d6b3c67653be [CANDIDATE]: Term 1 election: Vote granted by peer 3b2a62766e5449f9ae2697a9113d09fb
I0720 00:35:34.665611 11439 raft_consensus.cc:1970] T 8e7920d866884beca1cb9c404826ab66 P bcc77f1560a949c6b130d6b3c67653be [term 1 FOLLOWER]: Snoozing failure detection for election timeout plus an additional 1.529s
I0720 00:35:34.665659 11439 raft_consensus.cc:1859] T 8e7920d866884beca1cb9c404826ab66 P bcc77f1560a949c6b130d6b3c67653be [term 1 FOLLOWER]: Leader election won for term 1
I0720 00:35:34.665995 11439 raft_consensus.cc:464] T 8e7920d866884beca1cb9c404826ab66 P bcc77f1560a949c6b130d6b3c67653be [term 1 LEADER]: Becoming Leader. State: Replica: bcc77f1560a949c6b130d6b3c67653be, State: 1, Role: LEADER Watermarks: {Received: term: 0 index: 0 Committed: term: 0 index: 0}
I0720 00:35:34.666095 11439 consensus_queue.cc:145] T 8e7920d866884beca1cb9c404826ab66 P bcc77f1560a949c6b130d6b3c67653be [LEADER]: Queue going to LEADER mode. State: All replicated op: 0.0, Majority replicated op: 0.0, Committed index: 0.0, Last appended: 0.0, Current term: 1, Majority size: 2, State: 1, Mode: LEADER, active raft config: opid_index: -1 peers { permanent_uuid: "bcc77f1560a949c6b130d6b3c67653be" member_type: VOTER last_known_addr { host: "127.42.236.0" port: 42768 } } peers { permanent_uuid: "ee4ffccf9eb5471297e208d202495ffe" member_type: VOTER last_known_addr { host: "127.42.236.1" port: 57816 } } peers { permanent_uuid: "3b2a62766e5449f9ae2697a9113d09fb" member_type: VOTER last_known_addr { host: "127.42.236.2" port: 60090 } }
I0720 00:35:34.667568 11012 catalog_manager.cc:1856] TS bcc77f1560a949c6b130d6b3c67653be does not have the latest schema for tablet 8e7920d866884beca1cb9c404826ab66 (table test-table [id=2a30b8d6c8764cdc9573a60ac5f96269]). Expected version 1 got 0
I0720 00:35:34.667671 11012 catalog_manager.cc:1957] Tablet: 8e7920d866884beca1cb9c404826ab66 reported consensus state change. New consensus state: current_term: 1 leader_uuid: "bcc77f1560a949c6b130d6b3c67653be" config { opid_index: -1 peers { permanent_uuid: "bcc77f1560a949c6b130d6b3c67653be" member_type: VOTER last_known_addr { host: "127.42.236.0" port: 42768 } } peers { permanent_uuid: "ee4ffccf9eb5471297e208d202495ffe" member_type: VOTER last_known_addr { host: "127.42.236.1" port: 57816 } } peers { permanent_uuid: "3b2a62766e5449f9ae2697a9113d09fb" member_type: VOTER last_known_addr { host: "127.42.236.2" port: 60090 } } }
I0720 00:35:34.671142 11233 raft_consensus.cc:869] T 8e7920d866884beca1cb9c404826ab66 P ee4ffccf9eb5471297e208d202495ffe [term 1 FOLLOWER]: Refusing update from remote peer bcc77f1560a949c6b130d6b3c67653be: Log matching property violated. Preceding OpId in replica: term: 0 index: 0. Preceding OpId from leader: term: 1 index: 2. (index mismatch)
I0720 00:35:34.671250 11348 raft_consensus.cc:869] T 8e7920d866884beca1cb9c404826ab66 P 3b2a62766e5449f9ae2697a9113d09fb [term 1 FOLLOWER]: Refusing update from remote peer bcc77f1560a949c6b130d6b3c67653be: Log matching property violated. Preceding OpId in replica: term: 0 index: 0. Preceding OpId from leader: term: 1 index: 2. (index mismatch)
I0720 00:35:34.671535 11466 consensus_queue.cc:578] T 8e7920d866884beca1cb9c404826ab66 P bcc77f1560a949c6b130d6b3c67653be [LEADER]: Connected to new peer: Peer: ee4ffccf9eb5471297e208d202495ffe, Is new: false, Last received: 0.0, Next index: 1, Last known committed idx: 0, Last exchange result: ERROR, Needs remote bootstrap: false
I0720 00:35:34.671645 11439 consensus_queue.cc:578] T 8e7920d866884beca1cb9c404826ab66 P bcc77f1560a949c6b130d6b3c67653be [LEADER]: Connected to new peer: Peer: 3b2a62766e5449f9ae2697a9113d09fb, Is new: false, Last received: 0.0, Next index: 1, Last known committed idx: 0, Last exchange result: ERROR, Needs remote bootstrap: false
I0720 00:35:34.674152 11009 catalog_manager.cc:1856] TS 3b2a62766e5449f9ae2697a9113d09fb does not have the latest schema for tablet 8e7920d866884beca1cb9c404826ab66 (table test-table [id=2a30b8d6c8764cdc9573a60ac5f96269]). Expected version 1 got 0
I0720 00:35:34.674224 11428 tablet.cc:824] T 8e7920d866884beca1cb9c404826ab66 Alter schema from Schema [ 10:key[int32 NOT NULL], 12:c674[int32 NULLABLE] ] version 0 to Schema [ 10:key[int32 NOT NULL], 12:c674[int32 NULLABLE] ] version 1
I0720 00:35:34.674518 11469 raft_consensus_state.cc:534] T 8e7920d866884beca1cb9c404826ab66 P bcc77f1560a949c6b130d6b3c67653be [term 1 LEADER]: Advanced the committed_index across terms. Last committed operation was: term: 0 index: 0 New committed index is: term: 1 index: 2
I0720 00:35:34.675855 11431 tablet.cc:824] T 8e7920d866884beca1cb9c404826ab66 Alter schema from Schema [ 10:key[int32 NOT NULL], 12:c674[int32 NULLABLE] ] version 0 to Schema [ 10:key[int32 NOT NULL], 12:c674[int32 NULLABLE] ] version 1
I0720 00:35:34.676036 11012 catalog_manager.cc:1856] TS ee4ffccf9eb5471297e208d202495ffe does not have the latest schema for tablet 8e7920d866884beca1cb9c404826ab66 (table test-table [id=2a30b8d6c8764cdc9573a60ac5f96269]). Expected version 1 got 0
I0720 00:35:34.681136 11011 catalog_manager.cc:2970] test-table [id=2a30b8d6c8764cdc9573a60ac5f96269] - Alter table completed version=1
I0720 00:35:34.718627 11429 tablet.cc:824] T 8e7920d866884beca1cb9c404826ab66 Alter schema from Schema [ 10:key[int32 NOT NULL], 12:c674[int32 NULLABLE] ] version 0 to Schema [ 10:key[int32 NOT NULL], 12:c674[int32 NULLABLE] ] version 1
I0720 00:35:34.910182 10988 alter_table-randomized-test.cc:92] Restarting TS 0
I0720 00:35:34.910285 10988 external_mini_cluster.cc:661] Killing /tmp/run_tha_testFPtVYj/build/debug/bin/kudu-tserver with pid 11036
W0720 00:35:34.913693 11167 connection.cc:458] server connection from 127.42.236.0:53906 recv error: Network error: recv error: Connection reset by peer (error 104)
I0720 00:35:34.914290 10988 external_mini_cluster.cc:559] Running /tmp/run_tha_testFPtVYj/build/debug/bin/kudu-tserver kudu-tserver --fs_wal_dir=/tmp/kudutest-1000/alter_table-randomized-test.AlterTableRandomized.TestRandomSequence.1468974934021256-10988/minicluster-data/ts-0 --fs_data_dirs=/tmp/kudutest-1000/alter_table-randomized-test.AlterTableRandomized.TestRandomSequence.1468974934021256-10988/minicluster-data/ts-0 --rpc_bind_addresses=127.42.236.0:42768 --local_ip_for_outbound_sockets=127.42.236.0 --webserver_port=59541 --webserver_interface=127.42.236.0 --tserver_master_addrs=127.0.0.1:35587 --metrics_log_interval_ms=1000 --log_dir=/tmp/kudutest-1000/alter_table-randomized-test.AlterTableRandomized.TestRandomSequence.1468974934021256-10988/minicluster-data/ts-0 --never_fsync --log_container_preallocate_bytes=0 --server_dump_info_path=/tmp/kudutest-1000/alter_table-randomized-test.AlterTableRandomized.TestRandomSequence.1468974934021256-10988/minicluster-data/ts-0/info.pb --server_dump_info_format=pb --rpc_server_allow_ephemeral_ports --logtostderr --logbuflevel=-1
I0720 00:35:34.939015 11474 mem_tracker.cc:138] MemTracker: hard memory limit is 11.777661 GB
I0720 00:35:34.939144 11474 mem_tracker.cc:140] MemTracker: soft memory limit is 7.066597 GB
I0720 00:35:34.943133 11474 tablet_server_main.cc:54] Initializing tablet server...
I0720 00:35:34.944023 11474 hybrid_clock.cc:178] HybridClock initialized. Resolution in nanos?: 1 Wait times tolerance adjustment: 1.0005 Current error: 1027193
I0720 00:35:34.948070 11474 fs_manager.cc:242] Opened local filesystem: /tmp/kudutest-1000/alter_table-randomized-test.AlterTableRandomized.TestRandomSequence.1468974934021256-10988/minicluster-data/ts-0 uuid: "bcc77f1560a949c6b130d6b3c67653be" format_stamp: "Formatted at 2016-07-20 00:35:34 on dist-test-slave-dist-test-slave-yks8"
I0720 00:35:34.951864 11474 ts_tablet_manager.cc:607] Loading metadata for tablet ae4e382b53eb40d5811af430609a7a24
I0720 00:35:34.953171 11474 ts_tablet_manager.cc:607] Loading metadata for tablet 8e7920d866884beca1cb9c404826ab66
I0720 00:35:34.953639 11474 ts_tablet_manager.cc:765] Registered tablet ae4e382b53eb40d5811af430609a7a24
I0720 00:35:34.953960 11483 ts_tablet_manager.cc:631] T ae4e382b53eb40d5811af430609a7a24 P bcc77f1560a949c6b130d6b3c67653be: Bootstrapping tablet
I0720 00:35:34.954005 11474 ts_tablet_manager.cc:765] Registered tablet 8e7920d866884beca1cb9c404826ab66
I0720 00:35:34.954216 11474 tablet_server_main.cc:57] Starting tablet server...
