I0720 00:35:39.868168 11846 tablet_bootstrap.cc:400] T 601fa55cefbd4c60ba6eb395a3dca80f P bcc77f1560a949c6b130d6b3c67653be: No bootstrap required, opened a new log
I0720 00:35:39.868227 11846 ts_tablet_manager.cc:636] T 601fa55cefbd4c60ba6eb395a3dca80f P bcc77f1560a949c6b130d6b3c67653be: Time spent bootstrapping tablet: real 0.003s user 0.000s sys 0.000s
I0720 00:35:39.868335 11847 tablet_bootstrap.cc:400] T 601fa55cefbd4c60ba6eb395a3dca80f P ee4ffccf9eb5471297e208d202495ffe: Bootstrap starting.
I0720 00:35:39.869103 11847 tablet_bootstrap.cc:563] T 601fa55cefbd4c60ba6eb395a3dca80f P ee4ffccf9eb5471297e208d202495ffe: Time spent opening tablet: real 0.000s user 0.000s sys 0.000s
I0720 00:35:39.869176 11846 raft_consensus.cc:269] T 601fa55cefbd4c60ba6eb395a3dca80f P bcc77f1560a949c6b130d6b3c67653be [term 0 FOLLOWER]: Replica starting. Triggering 0 pending transactions. Active config: opid_index: -1 peers { permanent_uuid: "ee4ffccf9eb5471297e208d202495ffe" member_type: VOTER last_known_addr { host: "127.42.236.1" port: 57816 } } peers { permanent_uuid: "3b2a62766e5449f9ae2697a9113d09fb" member_type: VOTER last_known_addr { host: "127.42.236.2" port: 60090 } } peers { permanent_uuid: "bcc77f1560a949c6b130d6b3c67653be" member_type: VOTER last_known_addr { host: "127.42.236.0" port: 42768 } }
I0720 00:35:39.869245 11846 raft_consensus.cc:301] T 601fa55cefbd4c60ba6eb395a3dca80f P bcc77f1560a949c6b130d6b3c67653be [term 0 FOLLOWER]: Consensus starting up: Expiring failure detector timer to make a prompt election more likely
I0720 00:35:39.869252 11847 tablet_bootstrap.cc:503] T 601fa55cefbd4c60ba6eb395a3dca80f P ee4ffccf9eb5471297e208d202495ffe: No blocks or log segments found. Creating new log.
I0720 00:35:39.869292 11846 raft_consensus.cc:499] T 601fa55cefbd4c60ba6eb395a3dca80f P bcc77f1560a949c6b130d6b3c67653be [term 0 FOLLOWER]: Becoming Follower/Learner. State: Replica: bcc77f1560a949c6b130d6b3c67653be, State: 1, Role: FOLLOWER Watermarks: {Received: term: 0 index: 0 Committed: term: 0 index: 0}
I0720 00:35:39.869355 11846 consensus_queue.cc:162] T 601fa55cefbd4c60ba6eb395a3dca80f P bcc77f1560a949c6b130d6b3c67653be [NON_LEADER]: Queue going to NON_LEADER mode. State: All replicated op: 0.0, Majority replicated op: 0.0, Committed index: 0.0, Last appended: 0.0, Current term: 0, Majority size: -1, State: 1, Mode: NON_LEADER
I0720 00:35:39.869736 11846 ts_tablet_manager.cc:663] T 601fa55cefbd4c60ba6eb395a3dca80f P bcc77f1560a949c6b130d6b3c67653be: Time spent starting tablet: real 0.001s user 0.000s sys 0.000s
I0720 00:35:39.870430 11848 tablet_bootstrap.cc:400] T 601fa55cefbd4c60ba6eb395a3dca80f P 3b2a62766e5449f9ae2697a9113d09fb: No bootstrap required, opened a new log
I0720 00:35:39.870493 11848 ts_tablet_manager.cc:636] T 601fa55cefbd4c60ba6eb395a3dca80f P 3b2a62766e5449f9ae2697a9113d09fb: Time spent bootstrapping tablet: real 0.005s user 0.000s sys 0.000s
I0720 00:35:39.870746 11798 catalog_manager.cc:1856] TS bcc77f1560a949c6b130d6b3c67653be does not have the latest schema for tablet 601fa55cefbd4c60ba6eb395a3dca80f (table test-table [id=2a30b8d6c8764cdc9573a60ac5f96269]). Expected version 2 got 0
I0720 00:35:39.871129 11847 tablet_bootstrap.cc:400] T 601fa55cefbd4c60ba6eb395a3dca80f P ee4ffccf9eb5471297e208d202495ffe: No bootstrap required, opened a new log
I0720 00:35:39.871186 11847 ts_tablet_manager.cc:636] T 601fa55cefbd4c60ba6eb395a3dca80f P ee4ffccf9eb5471297e208d202495ffe: Time spent bootstrapping tablet: real 0.004s user 0.000s sys 0.000s
I0720 00:35:39.871554 11848 raft_consensus.cc:269] T 601fa55cefbd4c60ba6eb395a3dca80f P 3b2a62766e5449f9ae2697a9113d09fb [term 0 FOLLOWER]: Replica starting. Triggering 0 pending transactions. Active config: opid_index: -1 peers { permanent_uuid: "ee4ffccf9eb5471297e208d202495ffe" member_type: VOTER last_known_addr { host: "127.42.236.1" port: 57816 } } peers { permanent_uuid: "3b2a62766e5449f9ae2697a9113d09fb" member_type: VOTER last_known_addr { host: "127.42.236.2" port: 60090 } } peers { permanent_uuid: "bcc77f1560a949c6b130d6b3c67653be" member_type: VOTER last_known_addr { host: "127.42.236.0" port: 42768 } }
I0720 00:35:39.871619 11848 raft_consensus.cc:301] T 601fa55cefbd4c60ba6eb395a3dca80f P 3b2a62766e5449f9ae2697a9113d09fb [term 0 FOLLOWER]: Consensus starting up: Expiring failure detector timer to make a prompt election more likely
I0720 00:35:39.871665 11848 raft_consensus.cc:499] T 601fa55cefbd4c60ba6eb395a3dca80f P 3b2a62766e5449f9ae2697a9113d09fb [term 0 FOLLOWER]: Becoming Follower/Learner. State: Replica: 3b2a62766e5449f9ae2697a9113d09fb, State: 1, Role: FOLLOWER Watermarks: {Received: term: 0 index: 0 Committed: term: 0 index: 0}
I0720 00:35:39.871717 11848 consensus_queue.cc:162] T 601fa55cefbd4c60ba6eb395a3dca80f P 3b2a62766e5449f9ae2697a9113d09fb [NON_LEADER]: Queue going to NON_LEADER mode. State: All replicated op: 0.0, Majority replicated op: 0.0, Committed index: 0.0, Last appended: 0.0, Current term: 0, Majority size: -1, State: 1, Mode: NON_LEADER
I0720 00:35:39.872162 11847 raft_consensus.cc:269] T 601fa55cefbd4c60ba6eb395a3dca80f P ee4ffccf9eb5471297e208d202495ffe [term 0 FOLLOWER]: Replica starting. Triggering 0 pending transactions. Active config: opid_index: -1 peers { permanent_uuid: "ee4ffccf9eb5471297e208d202495ffe" member_type: VOTER last_known_addr { host: "127.42.236.1" port: 57816 } } peers { permanent_uuid: "3b2a62766e5449f9ae2697a9113d09fb" member_type: VOTER last_known_addr { host: "127.42.236.2" port: 60090 } } peers { permanent_uuid: "bcc77f1560a949c6b130d6b3c67653be" member_type: VOTER last_known_addr { host: "127.42.236.0" port: 42768 } }
I0720 00:35:39.872210 11847 raft_consensus.cc:301] T 601fa55cefbd4c60ba6eb395a3dca80f P ee4ffccf9eb5471297e208d202495ffe [term 0 FOLLOWER]: Consensus starting up: Expiring failure detector timer to make a prompt election more likely
I0720 00:35:39.872233 11847 raft_consensus.cc:499] T 601fa55cefbd4c60ba6eb395a3dca80f P ee4ffccf9eb5471297e208d202495ffe [term 0 FOLLOWER]: Becoming Follower/Learner. State: Replica: ee4ffccf9eb5471297e208d202495ffe, State: 1, Role: FOLLOWER Watermarks: {Received: term: 0 index: 0 Committed: term: 0 index: 0}
I0720 00:35:39.872264 11847 consensus_queue.cc:162] T 601fa55cefbd4c60ba6eb395a3dca80f P ee4ffccf9eb5471297e208d202495ffe [NON_LEADER]: Queue going to NON_LEADER mode. State: All replicated op: 0.0, Majority replicated op: 0.0, Committed index: 0.0, Last appended: 0.0, Current term: 0, Majority size: -1, State: 1, Mode: NON_LEADER
I0720 00:35:39.872670 11848 ts_tablet_manager.cc:663] T 601fa55cefbd4c60ba6eb395a3dca80f P 3b2a62766e5449f9ae2697a9113d09fb: Time spent starting tablet: real 0.002s user 0.000s sys 0.000s
W0720 00:35:39.872810 11798 catalog_manager.cc:2160] Unable to reset TS proxy: Not found: No leader found: Tablet 601fa55cefbd4c60ba6eb395a3dca80f consensus state has no leader
W0720 00:35:39.872849 11798 catalog_manager.cc:2770] Failed to send alter table request: Not found: Failed to reset TS proxy: No leader found: Tablet 601fa55cefbd4c60ba6eb395a3dca80f consensus state has no leader
I0720 00:35:39.873077 11847 ts_tablet_manager.cc:663] T 601fa55cefbd4c60ba6eb395a3dca80f P ee4ffccf9eb5471297e208d202495ffe: Time spent starting tablet: real 0.002s user 0.000s sys 0.000s
I0720 00:35:39.873402 11797 catalog_manager.cc:1856] TS 3b2a62766e5449f9ae2697a9113d09fb does not have the latest schema for tablet 601fa55cefbd4c60ba6eb395a3dca80f (table test-table [id=2a30b8d6c8764cdc9573a60ac5f96269]). Expected version 2 got 0
W0720 00:35:39.874861 11797 catalog_manager.cc:2160] Unable to reset TS proxy: Not found: No leader found: Tablet 601fa55cefbd4c60ba6eb395a3dca80f consensus state has no leader
W0720 00:35:39.874899 11797 catalog_manager.cc:2770] Failed to send alter table request: Not found: Failed to reset TS proxy: No leader found: Tablet 601fa55cefbd4c60ba6eb395a3dca80f consensus state has no leader
I0720 00:35:39.874905 11796 catalog_manager.cc:1856] TS ee4ffccf9eb5471297e208d202495ffe does not have the latest schema for tablet 601fa55cefbd4c60ba6eb395a3dca80f (table test-table [id=2a30b8d6c8764cdc9573a60ac5f96269]). Expected version 2 got 0
I0720 00:35:39.876207 11797 catalog_manager.cc:1856] TS 3b2a62766e5449f9ae2697a9113d09fb does not have the latest schema for tablet 601fa55cefbd4c60ba6eb395a3dca80f (table test-table [id=2a30b8d6c8764cdc9573a60ac5f96269]). Expected version 2 got 0
W0720 00:35:39.876227 11796 catalog_manager.cc:2160] Unable to reset TS proxy: Not found: No leader found: Tablet 601fa55cefbd4c60ba6eb395a3dca80f consensus state has no leader
W0720 00:35:39.876278 11796 catalog_manager.cc:2770] Failed to send alter table request: Not found: Failed to reset TS proxy: No leader found: Tablet 601fa55cefbd4c60ba6eb395a3dca80f consensus state has no leader
W0720 00:35:39.877670 11797 catalog_manager.cc:2160] Unable to reset TS proxy: Not found: No leader found: Tablet 601fa55cefbd4c60ba6eb395a3dca80f consensus state has no leader
W0720 00:35:39.877698 11797 catalog_manager.cc:2770] Failed to send alter table request: Not found: Failed to reset TS proxy: No leader found: Tablet 601fa55cefbd4c60ba6eb395a3dca80f consensus state has no leader
I0720 00:35:40.354347 11859 raft_consensus.cc:370] T 601fa55cefbd4c60ba6eb395a3dca80f P ee4ffccf9eb5471297e208d202495ffe [term 0 FOLLOWER]: No leader contacted us within the election timeout. Triggering leader election
I0720 00:35:40.354394 11859 raft_consensus.cc:2019] T 601fa55cefbd4c60ba6eb395a3dca80f P ee4ffccf9eb5471297e208d202495ffe [term 0 FOLLOWER]: Advancing to term 1
I0720 00:35:40.355073 11859 raft_consensus.cc:1970] T 601fa55cefbd4c60ba6eb395a3dca80f P ee4ffccf9eb5471297e208d202495ffe [term 1 FOLLOWER]: Snoozing failure detection for election timeout plus an additional 1.569s
I0720 00:35:40.355142 11859 raft_consensus.cc:386] T 601fa55cefbd4c60ba6eb395a3dca80f P ee4ffccf9eb5471297e208d202495ffe [term 1 FOLLOWER]: Starting election with config: opid_index: -1 peers { permanent_uuid: "ee4ffccf9eb5471297e208d202495ffe" member_type: VOTER last_known_addr { host: "127.42.236.1" port: 57816 } } peers { permanent_uuid: "3b2a62766e5449f9ae2697a9113d09fb" member_type: VOTER last_known_addr { host: "127.42.236.2" port: 60090 } } peers { permanent_uuid: "bcc77f1560a949c6b130d6b3c67653be" member_type: VOTER last_known_addr { host: "127.42.236.0" port: 42768 } }
I0720 00:35:40.356180 11859 leader_election.cc:223] T 601fa55cefbd4c60ba6eb395a3dca80f P ee4ffccf9eb5471297e208d202495ffe [CANDIDATE]: Term 1 election: Requesting vote from peer 3b2a62766e5449f9ae2697a9113d09fb
I0720 00:35:40.356288 11859 leader_election.cc:223] T 601fa55cefbd4c60ba6eb395a3dca80f P ee4ffccf9eb5471297e208d202495ffe [CANDIDATE]: Term 1 election: Requesting vote from peer bcc77f1560a949c6b130d6b3c67653be
I0720 00:35:40.356832 11698 raft_consensus.cc:2019] T 601fa55cefbd4c60ba6eb395a3dca80f P 3b2a62766e5449f9ae2697a9113d09fb [term 0 FOLLOWER]: Advancing to term 1
I0720 00:35:40.357005 11546 raft_consensus.cc:2019] T 601fa55cefbd4c60ba6eb395a3dca80f P bcc77f1560a949c6b130d6b3c67653be [term 0 FOLLOWER]: Advancing to term 1
I0720 00:35:40.357429 11698 raft_consensus.cc:1970] T 601fa55cefbd4c60ba6eb395a3dca80f P 3b2a62766e5449f9ae2697a9113d09fb [term 1 FOLLOWER]: Snoozing failure detection for election timeout plus an additional 1.618s
I0720 00:35:40.357545 11546 raft_consensus.cc:1970] T 601fa55cefbd4c60ba6eb395a3dca80f P bcc77f1560a949c6b130d6b3c67653be [term 1 FOLLOWER]: Snoozing failure detection for election timeout plus an additional 1.567s
I0720 00:35:40.357930 11698 raft_consensus.cc:1677] T 601fa55cefbd4c60ba6eb395a3dca80f P 3b2a62766e5449f9ae2697a9113d09fb [term 1 FOLLOWER]: Leader election vote request: Granting yes vote for candidate ee4ffccf9eb5471297e208d202495ffe in term 1.
I0720 00:35:40.357964 11546 raft_consensus.cc:1677] T 601fa55cefbd4c60ba6eb395a3dca80f P bcc77f1560a949c6b130d6b3c67653be [term 1 FOLLOWER]: Leader election vote request: Granting yes vote for candidate ee4ffccf9eb5471297e208d202495ffe in term 1.
I0720 00:35:40.358237 11168 leader_election.cc:347] T 601fa55cefbd4c60ba6eb395a3dca80f P ee4ffccf9eb5471297e208d202495ffe [CANDIDATE]: Term 1 election: Vote granted by peer bcc77f1560a949c6b130d6b3c67653be
I0720 00:35:40.358278 11168 leader_election.cc:248] T 601fa55cefbd4c60ba6eb395a3dca80f P ee4ffccf9eb5471297e208d202495ffe [CANDIDATE]: Term 1 election: Election decided. Result: candidate won.
I0720 00:35:40.358311 11167 leader_election.cc:347] T 601fa55cefbd4c60ba6eb395a3dca80f P ee4ffccf9eb5471297e208d202495ffe [CANDIDATE]: Term 1 election: Vote granted by peer 3b2a62766e5449f9ae2697a9113d09fb
I0720 00:35:40.358511 11860 raft_consensus.cc:1970] T 601fa55cefbd4c60ba6eb395a3dca80f P ee4ffccf9eb5471297e208d202495ffe [term 1 FOLLOWER]: Snoozing failure detection for election timeout plus an additional 1.641s
I0720 00:35:40.358553 11860 raft_consensus.cc:1859] T 601fa55cefbd4c60ba6eb395a3dca80f P ee4ffccf9eb5471297e208d202495ffe [term 1 FOLLOWER]: Leader election won for term 1
I0720 00:35:40.358898 11860 raft_consensus.cc:464] T 601fa55cefbd4c60ba6eb395a3dca80f P ee4ffccf9eb5471297e208d202495ffe [term 1 LEADER]: Becoming Leader. State: Replica: ee4ffccf9eb5471297e208d202495ffe, State: 1, Role: LEADER Watermarks: {Received: term: 0 index: 0 Committed: term: 0 index: 0}
I0720 00:35:40.359030 11860 consensus_queue.cc:145] T 601fa55cefbd4c60ba6eb395a3dca80f P ee4ffccf9eb5471297e208d202495ffe [LEADER]: Queue going to LEADER mode. State: All replicated op: 0.0, Majority replicated op: 0.0, Committed index: 0.0, Last appended: 0.0, Current term: 1, Majority size: 2, State: 1, Mode: LEADER, active raft config: opid_index: -1 peers { permanent_uuid: "ee4ffccf9eb5471297e208d202495ffe" member_type: VOTER last_known_addr { host: "127.42.236.1" port: 57816 } } peers { permanent_uuid: "3b2a62766e5449f9ae2697a9113d09fb" member_type: VOTER last_known_addr { host: "127.42.236.2" port: 60090 } } peers { permanent_uuid: "bcc77f1560a949c6b130d6b3c67653be" member_type: VOTER last_known_addr { host: "127.42.236.0" port: 42768 } }
W0720 00:35:40.360690 11864 raft_consensus_state.cc:541] T 601fa55cefbd4c60ba6eb395a3dca80f P ee4ffccf9eb5471297e208d202495ffe [term 1 LEADER]: Can't advance the committed index across term boundaries until operations from the current term are replicated. Last committed operation was: term: 0 index: 0, New majority replicated is: term: 0 index: 0, Current term is: 1
I0720 00:35:40.360890 11797 catalog_manager.cc:1856] TS ee4ffccf9eb5471297e208d202495ffe does not have the latest schema for tablet 601fa55cefbd4c60ba6eb395a3dca80f (table test-table [id=2a30b8d6c8764cdc9573a60ac5f96269]). Expected version 2 got 0
I0720 00:35:40.360999 11797 catalog_manager.cc:1957] Tablet: 601fa55cefbd4c60ba6eb395a3dca80f reported consensus state change. New consensus state: current_term: 1 leader_uuid: "ee4ffccf9eb5471297e208d202495ffe" config { opid_index: -1 peers { permanent_uuid: "ee4ffccf9eb5471297e208d202495ffe" member_type: VOTER last_known_addr { host: "127.42.236.1" port: 57816 } } peers { permanent_uuid: "3b2a62766e5449f9ae2697a9113d09fb" member_type: VOTER last_known_addr { host: "127.42.236.2" port: 60090 } } peers { permanent_uuid: "bcc77f1560a949c6b130d6b3c67653be" member_type: VOTER last_known_addr { host: "127.42.236.0" port: 42768 } } }
I0720 00:35:40.364845 11698 raft_consensus.cc:869] T 601fa55cefbd4c60ba6eb395a3dca80f P 3b2a62766e5449f9ae2697a9113d09fb [term 1 FOLLOWER]: Refusing update from remote peer ee4ffccf9eb5471297e208d202495ffe: Log matching property violated. Preceding OpId in replica: term: 0 index: 0. Preceding OpId from leader: term: 1 index: 2. (index mismatch)
I0720 00:35:40.364904 11546 raft_consensus.cc:869] T 601fa55cefbd4c60ba6eb395a3dca80f P bcc77f1560a949c6b130d6b3c67653be [term 1 FOLLOWER]: Refusing update from remote peer ee4ffccf9eb5471297e208d202495ffe: Log matching property violated. Preceding OpId in replica: term: 0 index: 0. Preceding OpId from leader: term: 1 index: 2. (index mismatch)
I0720 00:35:40.365253 11861 consensus_queue.cc:578] T 601fa55cefbd4c60ba6eb395a3dca80f P ee4ffccf9eb5471297e208d202495ffe [LEADER]: Connected to new peer: Peer: 3b2a62766e5449f9ae2697a9113d09fb, Is new: false, Last received: 0.0, Next index: 1, Last known committed idx: 0, Last exchange result: ERROR, Needs remote bootstrap: false
I0720 00:35:40.365324 11860 consensus_queue.cc:578] T 601fa55cefbd4c60ba6eb395a3dca80f P ee4ffccf9eb5471297e208d202495ffe [LEADER]: Connected to new peer: Peer: bcc77f1560a949c6b130d6b3c67653be, Is new: false, Last received: 0.0, Next index: 1, Last known committed idx: 0, Last exchange result: ERROR, Needs remote bootstrap: false
I0720 00:35:40.367390 11797 catalog_manager.cc:1856] TS bcc77f1560a949c6b130d6b3c67653be does not have the latest schema for tablet 601fa55cefbd4c60ba6eb395a3dca80f (table test-table [id=2a30b8d6c8764cdc9573a60ac5f96269]). Expected version 2 got 0
I0720 00:35:40.368116 11864 raft_consensus_state.cc:534] T 601fa55cefbd4c60ba6eb395a3dca80f P ee4ffccf9eb5471297e208d202495ffe [term 1 LEADER]: Advanced the committed_index across terms. Last committed operation was: term: 0 index: 0 New committed index is: term: 1 index: 2
I0720 00:35:40.368243 11868 tablet.cc:824] T 601fa55cefbd4c60ba6eb395a3dca80f Alter schema from Schema [ 10:key[int32 NOT NULL], 13:c569[int32 NULLABLE], 14:c186[int32 NOT NULL] ] version 0 to Schema [ 10:key[int32 NOT NULL], 13:c569[int32 NULLABLE], 14:c186[int32 NOT NULL] ] version 2
I0720 00:35:40.369843 11796 catalog_manager.cc:1856] TS 3b2a62766e5449f9ae2697a9113d09fb does not have the latest schema for tablet 601fa55cefbd4c60ba6eb395a3dca80f (table test-table [id=2a30b8d6c8764cdc9573a60ac5f96269]). Expected version 2 got 0
I0720 00:35:40.370664 11870 tablet.cc:824] T 601fa55cefbd4c60ba6eb395a3dca80f Alter schema from Schema [ 10:key[int32 NOT NULL], 13:c569[int32 NULLABLE], 14:c186[int32 NOT NULL] ] version 0 to Schema [ 10:key[int32 NOT NULL], 13:c569[int32 NULLABLE], 14:c186[int32 NOT NULL] ] version 2
I0720 00:35:40.372102 11869 tablet.cc:824] T 601fa55cefbd4c60ba6eb395a3dca80f Alter schema from Schema [ 10:key[int32 NOT NULL], 13:c569[int32 NULLABLE], 14:c186[int32 NOT NULL] ] version 0 to Schema [ 10:key[int32 NOT NULL], 13:c569[int32 NULLABLE], 14:c186[int32 NOT NULL] ] version 2
I0720 00:35:40.374900 11798 catalog_manager.cc:1856] TS bcc77f1560a949c6b130d6b3c67653be does not have the latest schema for tablet 601fa55cefbd4c60ba6eb395a3dca80f (table test-table [id=2a30b8d6c8764cdc9573a60ac5f96269]). Expected version 2 got 0
I0720 00:35:40.377002 11797 catalog_manager.cc:2970] test-table [id=2a30b8d6c8764cdc9573a60ac5f96269] - Alter table completed version=2
I0720 00:35:40.652784 10988 alter_table-randomized-test.cc:92] Restarting TS 0
I0720 00:35:40.652880 10988 external_mini_cluster.cc:661] Killing /tmp/run_tha_testFPtVYj/build/debug/bin/kudu-tserver with pid 11474
W0720 00:35:40.656035 11168 consensus_peers.cc:333] T 601fa55cefbd4c60ba6eb395a3dca80f P ee4ffccf9eb5471297e208d202495ffe -> Peer bcc77f1560a949c6b130d6b3c67653be (127.42.236.0:42768): Couldn't send request to peer bcc77f1560a949c6b130d6b3c67653be for tablet 601fa55cefbd4c60ba6eb395a3dca80f. Status: Network error: Recv() got EOF from remote (error 108). Retrying in the next heartbeat period. Already tried 1 times.
I0720 00:35:40.656270 10988 external_mini_cluster.cc:559] Running /tmp/run_tha_testFPtVYj/build/debug/bin/kudu-tserver kudu-tserver --fs_wal_dir=/tmp/kudutest-1000/alter_table-randomized-test.AlterTableRandomized.TestRandomSequence.1468974934021256-10988/minicluster-data/ts-0 --fs_data_dirs=/tmp/kudutest-1000/alter_table-randomized-test.AlterTableRandomized.TestRandomSequence.1468974934021256-10988/minicluster-data/ts-0 --rpc_bind_addresses=127.42.236.0:42768 --local_ip_for_outbound_sockets=127.42.236.0 --webserver_port=59541 --webserver_interface=127.42.236.0 --tserver_master_addrs=127.0.0.1:35587 --metrics_log_interval_ms=1000 --log_dir=/tmp/kudutest-1000/alter_table-randomized-test.AlterTableRandomized.TestRandomSequence.1468974934021256-10988/minicluster-data/ts-0 --never_fsync --log_container_preallocate_bytes=0 --server_dump_info_path=/tmp/kudutest-1000/alter_table-randomized-test.AlterTableRandomized.TestRandomSequence.1468974934021256-10988/minicluster-data/ts-0/info.pb --server_dump_info_format=pb --rpc_server_allow_ephemeral_ports --logtostderr --logbuflevel=-1
I0720 00:35:40.680454 11872 mem_tracker.cc:138] MemTracker: hard memory limit is 11.777661 GB
I0720 00:35:40.680574 11872 mem_tracker.cc:140] MemTracker: soft memory limit is 7.066597 GB
I0720 00:35:40.684679 11872 tablet_server_main.cc:54] Initializing tablet server...
I0720 00:35:40.685395 11872 hybrid_clock.cc:178] HybridClock initialized. Resolution in nanos?: 1 Wait times tolerance adjustment: 1.0005 Current error: 1030193
I0720 00:35:40.689476 11872 fs_manager.cc:242] Opened local filesystem: /tmp/kudutest-1000/alter_table-randomized-test.AlterTableRandomized.TestRandomSequence.1468974934021256-10988/minicluster-data/ts-0 uuid: "bcc77f1560a949c6b130d6b3c67653be" format_stamp: "Formatted at 2016-07-20 00:35:34 on dist-test-slave-dist-test-slave-yks8"
I0720 00:35:40.693392 11872 ts_tablet_manager.cc:607] Loading metadata for tablet 601fa55cefbd4c60ba6eb395a3dca80f
I0720 00:35:40.695163 11872 ts_tablet_manager.cc:765] Registered tablet 601fa55cefbd4c60ba6eb395a3dca80f
I0720 00:35:40.695621 11872 tablet_server_main.cc:57] Starting tablet server...
I0720 00:35:40.695636 11881 ts_tablet_manager.cc:631] T 601fa55cefbd4c60ba6eb395a3dca80f P bcc77f1560a949c6b130d6b3c67653be: Bootstrapping tablet
I0720 00:35:40.696245 11881 tablet_bootstrap.cc:400] T 601fa55cefbd4c60ba6eb395a3dca80f P bcc77f1560a949c6b130d6b3c67653be: Bootstrap starting.
I0720 00:35:40.697901 11881 tablet_bootstrap.cc:563] T 601fa55cefbd4c60ba6eb395a3dca80f P bcc77f1560a949c6b130d6b3c67653be: Time spent opening tablet: real 0.001s user 0.000s sys 0.000s
I0720 00:35:40.698081 11881 tablet_bootstrap.cc:619] T 601fa55cefbd4c60ba6eb395a3dca80f P bcc77f1560a949c6b130d6b3c67653be: Will attempt to recover log segment /tmp/kudutest-1000/alter_table-randomized-test.AlterTableRandomized.TestRandomSequence.1468974934021256-10988/minicluster-data/ts-0/wals/601fa55cefbd4c60ba6eb395a3dca80f/wal-000000001 to /tmp/kudutest-1000/alter_table-randomized-test.AlterTableRandomized.TestRandomSequence.1468974934021256-10988/minicluster-data/ts-0/wals/601fa55cefbd4c60ba6eb395a3dca80f.recovery/wal-000000001
I0720 00:35:40.698101 11881 tablet_bootstrap.cc:627] T 601fa55cefbd4c60ba6eb395a3dca80f P bcc77f1560a949c6b130d6b3c67653be: Moving log directory /tmp/kudutest-1000/alter_table-randomized-test.AlterTableRandomized.TestRandomSequence.1468974934021256-10988/minicluster-data/ts-0/wals/601fa55cefbd4c60ba6eb395a3dca80f to recovery directory /tmp/kudutest-1000/alter_table-randomized-test.AlterTableRandomized.TestRandomSequence.1468974934021256-10988/minicluster-data/ts-0/wals/601fa55cefbd4c60ba6eb395a3dca80f.recovery in preparation for log replay
W0720 00:35:40.698621 11881 log_util.cc:311] Could not read footer for segment: /tmp/kudutest-1000/alter_table-randomized-test.AlterTableRandomized.TestRandomSequence.1468974934021256-10988/minicluster-data/ts-0/wals/601fa55cefbd4c60ba6eb395a3dca80f.recovery/wal-000000001: Not found: Footer not found. Footer magic doesn't match
I0720 00:35:40.698652 11881 log_reader.cc:152] Log segment /tmp/kudutest-1000/alter_table-randomized-test.AlterTableRandomized.TestRandomSequence.1468974934021256-10988/minicluster-data/ts-0/wals/601fa55cefbd4c60ba6eb395a3dca80f.recovery/wal-000000001 was likely left in-progress after a previous crash. Will try to rebuild footer by scanning data.
I0720 00:35:40.701223 11881 log_util.cc:569] Scanning /tmp/kudutest-1000/alter_table-randomized-test.AlterTableRandomized.TestRandomSequence.1468974934021256-10988/minicluster-data/ts-0/wals/601fa55cefbd4c60ba6eb395a3dca80f.recovery/wal-000000001 for valid entry headers following offset 4941...
I0720 00:35:40.748472 11881 log_util.cc:606] Found no log entry headers
I0720 00:35:40.748517 11881 log_util.cc:215] Ignoring log segment corruption in /tmp/kudutest-1000/alter_table-randomized-test.AlterTableRandomized.TestRandomSequence.1468974934021256-10988/minicluster-data/ts-0/wals/601fa55cefbd4c60ba6eb395a3dca80f.recovery/wal-000000001 because there are no log entries following the corrupted one. The server probably crashed in the middle of writing an entry to the write-ahead log or downloaded an active log via remote bootstrap. Error detail: Corruption: CRC mismatch in log entry header: Log file corruption detected. Failed trying to read batch #0 at offset 4929 for log segment /tmp/kudutest-1000/alter_table-randomized-test.AlterTableRandomized.TestRandomSequence.1468974934021256-10988/minicluster-data/ts-0/wals/601fa55cefbd4c60ba6eb395a3dca80f.recovery/wal-000000001: Prior entries: [off=4568 COMMIT (1.23)] [off=4736 REPLICATE (1.24)] [off=4770 COMMIT (1.24)] [off=4929 REPLICATE (1.25)]
I0720 00:35:40.748567 11881 log_util.cc:359] Successfully rebuilt footer for segment: /tmp/kudutest-1000/alter_table-randomized-test.AlterTableRandomized.TestRandomSequence.1468974934021256-10988/minicluster-data/ts-0/wals/601fa55cefbd4c60ba6eb395a3dca80f.recovery/wal-000000001 (valid entries through byte offset 4929)
I0720 00:35:40.748978 11881 tablet.cc:853] T 601fa55cefbd4c60ba6eb395a3dca80f Rewinding schema during bootstrap to Schema [ 10:key[int32 NOT NULL], 13:c569[int32 NULLABLE], 14:c186[int32 NOT NULL] ]
I0720 00:35:40.749974 11881 log.cc:349] Log is configured to *not* fsync() on all Append() calls
I0720 00:35:40.752377 11881 tablet.cc:824] T 601fa55cefbd4c60ba6eb395a3dca80f Alter schema from Schema [ 10:key[int32 NOT NULL], 13:c569[int32 NULLABLE], 14:c186[int32 NOT NULL] ] version 0 to Schema [ 10:key[int32 NOT NULL], 13:c569[int32 NULLABLE], 14:c186[int32 NOT NULL] ] version 2
I0720 00:35:40.752549 11881 tablet_metadata.cc:428] Not flushing: waiting for 1 pins to be released.
I0720 00:35:40.764747 11881 tablet_bootstrap.cc:400] T 601fa55cefbd4c60ba6eb395a3dca80f P bcc77f1560a949c6b130d6b3c67653be: Bootstrap replayed 1/1 log segments. Stats: ops{read=25 overwritten=0 applied=24 ignored=0} inserts{seen=14 ignored=0} mutations{seen=8 ignored=0} orphaned_commits=0. Pending: 1 replicates
I0720 00:35:40.765122 11881 tablet_bootstrap.cc:1040] T 601fa55cefbd4c60ba6eb395a3dca80f P bcc77f1560a949c6b130d6b3c67653be: ReplayState: Previous OpId: 1.25, Committed OpId: 1.24, Pending Replicates: 1, Pending Commits: 0
I0720 00:35:40.765161 11881 tablet_bootstrap.cc:1040] T 601fa55cefbd4c60ba6eb395a3dca80f P bcc77f1560a949c6b130d6b3c67653be: Dumping REPLICATES:
I0720 00:35:40.765169 11881 tablet_bootstrap.cc:1040] T 601fa55cefbd4c60ba6eb395a3dca80f P bcc77f1560a949c6b130d6b3c67653be: type: REPLICATE replicate { id { term: 1 index: 25 } timestamp: 6016921356903936000 op_type: WRITE_OP write_request { tablet_id: "601fa55cefbd4c60ba6eb395a3dca80f" schema { columns { name: "key" type: INT32 is_key: true is_nullable: false encoding: AUTO_ENCODING compression: DEFAULT_COMPRESSION cfile_block_size: 0 } columns { name: "c569" type: INT32 is_key: false is_nullable: true encoding: AUTO_ENCODING compression: DEFAULT_COMPRESSION cfile_block_size: 0 } columns { name: "c186" type: INT32 is_key: false is_nullable: false read_default_value: "qm\320\014" write_default_value: "qm\320\014" encoding: AUTO_ENCODING compression: DEFAULT_COMPRESSION cfile_block_size: 0 } } row_operations { rows: "\003\001\000\326\264O\"" } external_consistency_mode: CLIENT_PROPAGATED } }
I0720 00:35:40.766281 11881 tablet_bootstrap.cc:656] T 601fa55cefbd4c60ba6eb395a3dca80f P bcc77f1560a949c6b130d6b3c67653be: Preparing to delete log recovery files and directory /tmp/kudutest-1000/alter_table-randomized-test.AlterTableRandomized.TestRandomSequence.1468974934021256-10988/minicluster-data/ts-0/wals/601fa55cefbd4c60ba6eb395a3dca80f.recovery
I0720 00:35:40.766309 11881 tablet_bootstrap.cc:659] T 601fa55cefbd4c60ba6eb395a3dca80f P bcc77f1560a949c6b130d6b3c67653be: Renaming log recovery dir from /tmp/kudutest-1000/alter_table-randomized-test.AlterTableRandomized.TestRandomSequence.1468974934021256-10988/minicluster-data/ts-0/wals/601fa55cefbd4c60ba6eb395a3dca80f.recovery to /tmp/kudutest-1000/alter_table-randomized-test.AlterTableRandomized.TestRandomSequence.1468974934021256-10988/minicluster-data/ts-0/wals/601fa55cefbd4c60ba6eb395a3dca80f.recovery-1468974940766301
I0720 00:35:40.766362 11881 tablet_bootstrap.cc:669] T 601fa55cefbd4c60ba6eb395a3dca80f P bcc77f1560a949c6b130d6b3c67653be: Deleting all files from renamed log recovery directory /tmp/kudutest-1000/alter_table-randomized-test.AlterTableRandomized.TestRandomSequence.1468974934021256-10988/minicluster-data/ts-0/wals/601fa55cefbd4c60ba6eb395a3dca80f.recovery-1468974940766301
I0720 00:35:40.766597 11881 tablet_bootstrap.cc:672] T 601fa55cefbd4c60ba6eb395a3dca80f P bcc77f1560a949c6b130d6b3c67653be: Completed deletion of old log recovery files and directory /tmp/kudutest-1000/alter_table-randomized-test.AlterTableRandomized.TestRandomSequence.1468974934021256-10988/minicluster-data/ts-0/wals/601fa55cefbd4c60ba6eb395a3dca80f.recovery-1468974940766301
I0720 00:35:40.767449 11872 rpc_server.cc:164] RPC server started. Bound to: 127.42.236.0:42768
I0720 00:35:40.767848 11881 tablet_bootstrap.cc:400] T 601fa55cefbd4c60ba6eb395a3dca80f P bcc77f1560a949c6b130d6b3c67653be: Bootstrap complete.
I0720 00:35:40.767853 11872 webserver.cc:122] Starting webserver on 127.42.236.0:59541
I0720 00:35:40.767886 11872 webserver.cc:133] Document root disabled
I0720 00:35:40.768328 11872 webserver.cc:217] Webserver started. Bound to: http://127.42.236.0:59541/
I0720 00:35:40.768878 11872 server_base.cc:235] Dumped server information to /tmp/kudutest-1000/alter_table-randomized-test.AlterTableRandomized.TestRandomSequence.1468974934021256-10988/minicluster-data/ts-0/info.pb
I0720 00:35:40.769551 11872 tablet_server_main.cc:60] Tablet server successfully started.
I0720 00:35:40.772699 11988 heartbeater.cc:255] Connected to a leader master server at 127.0.0.1:35587
I0720 00:35:40.772857 11988 heartbeater.cc:322] Registering TS with master...
I0720 00:35:40.772941 11988 heartbeater.cc:328] Sending a full tablet report to master...
I0720 00:35:40.773597 11796 ts_manager.cc:86] Re-registered known tablet server { permanent_uuid: "bcc77f1560a949c6b130d6b3c67653be" instance_seqno: 1468974940750892 } with Master
I0720 00:35:40.774864 11881 ts_tablet_manager.cc:636] T 601fa55cefbd4c60ba6eb395a3dca80f P bcc77f1560a949c6b130d6b3c67653be: Time spent bootstrapping tablet: real 0.079s user 0.044s sys 0.032s
I0720 00:35:40.776386 11881 raft_consensus.cc:269] T 601fa55cefbd4c60ba6eb395a3dca80f P bcc77f1560a949c6b130d6b3c67653be [term 1 FOLLOWER]: Replica starting. Triggering 1 pending transactions. Active config: opid_index: -1 peers { permanent_uuid: "ee4ffccf9eb5471297e208d202495ffe" member_type: VOTER last_known_addr { host: "127.42.236.1" port: 57816 } } peers { permanent_uuid: "3b2a62766e5449f9ae2697a9113d09fb" member_type: VOTER last_known_addr { host: "127.42.236.2" port: 60090 } } peers { permanent_uuid: "bcc77f1560a949c6b130d6b3c67653be" member_type: VOTER last_known_addr { host: "127.42.236.0" port: 42768 } }
I0720 00:35:40.777129 11881 raft_consensus.cc:499] T 601fa55cefbd4c60ba6eb395a3dca80f P bcc77f1560a949c6b130d6b3c67653be [term 1 FOLLOWER]: Becoming Follower/Learner. State: Replica: bcc77f1560a949c6b130d6b3c67653be, State: 1, Role: FOLLOWER Watermarks: {Received: term: 1 index: 25 Committed: term: 1 index: 24}
I0720 00:35:40.777236 11881 consensus_queue.cc:162] T 601fa55cefbd4c60ba6eb395a3dca80f P bcc77f1560a949c6b130d6b3c67653be [NON_LEADER]: Queue going to NON_LEADER mode. State: All replicated op: 0.0, Majority replicated op: 0.0, Committed index: 0.0, Last appended: 1.25, Current term: 0, Majority size: -1, State: 1, Mode: NON_LEADER
I0720 00:35:40.777832 11881 ts_tablet_manager.cc:663] T 601fa55cefbd4c60ba6eb395a3dca80f P bcc77f1560a949c6b130d6b3c67653be: Time spent starting tablet: real 0.003s user 0.004s sys 0.000s
I0720 00:35:40.778206 10988 external_mini_cluster.cc:595] Started /tmp/run_tha_testFPtVYj/build/debug/bin/kudu-tserver as pid 11872
I0720 00:35:41.048218 10988 alter_table-randomized-test.cc:390] Beginning Alterations
I0720 00:35:41.049084 10988 alter_table-randomized-test.cc:439] Dropping column c569, existing columns: key, c569, c186
I0720 00:35:41.049134 10988 alter_table-randomized-test.cc:412] Committing Alterations
I0720 00:35:41.049505 11796 catalog_manager.cc:1359] Servicing AlterTable request from {real_user=slave, eff_user=} at 127.0.0.1:46067: table { table_name: "test-table" } alter_schema_steps { type: DROP_COLUMN drop_column { name: "c569" } }
I0720 00:35:41.053980 11868 tablet.cc:824] T 601fa55cefbd4c60ba6eb395a3dca80f Alter schema from Schema [ 10:key[int32 NOT NULL], 13:c569[int32 NULLABLE], 14:c186[int32 NOT NULL] ] version 2 to Schema [ 10:key[int32 NOT NULL], 14:c186[int32 NOT NULL] ] version 3
I0720 00:35:41.054513 11868 tablet.cc:772] T 601fa55cefbd4c60ba6eb395a3dca80f Flush: entering stage 1 (old memrowset already frozen for inserts)
I0720 00:35:41.054512 11869 tablet.cc:824] T 601fa55cefbd4c60ba6eb395a3dca80f Alter schema from Schema [ 10:key[int32 NOT NULL], 13:c569[int32 NULLABLE], 14:c186[int32 NOT NULL] ] version 2 to Schema [ 10:key[int32 NOT NULL], 14:c186[int32 NOT NULL] ] version 3
I0720 00:35:41.054538 11868 compaction.cc:588] Selected 1 rowsets to compact:
I0720 00:35:41.054561 11868 compaction.cc:591] memrowset(current size on disk: ~0 bytes)
I0720 00:35:41.054600 11868 tablet.cc:774] T 601fa55cefbd4c60ba6eb395a3dca80f Memstore in-memory size: 7735 bytes
I0720 00:35:41.054649 11868 tablet.cc:1238] T 601fa55cefbd4c60ba6eb395a3dca80f Flush: entering phase 1 (flushing snapshot). Phase 1 snapshot: MvccSnapshot[committed={T|T < 6016921358550200320}]
I0720 00:35:41.054966 11869 tablet.cc:772] T 601fa55cefbd4c60ba6eb395a3dca80f Flush: entering stage 1 (old memrowset already frozen for inserts)
I0720 00:35:41.054988 11869 compaction.cc:588] Selected 1 rowsets to compact:
I0720 00:35:41.055012 11869 compaction.cc:591] memrowset(current size on disk: ~0 bytes)
I0720 00:35:41.055048 11869 tablet.cc:774] T 601fa55cefbd4c60ba6eb395a3dca80f Memstore in-memory size: 7735 bytes
I0720 00:35:41.055107 11869 tablet.cc:1238] T 601fa55cefbd4c60ba6eb395a3dca80f Flush: entering phase 1 (flushing snapshot). Phase 1 snapshot: MvccSnapshot[committed={T|T < 6016921358550200320}]
I0720 00:35:41.057415 11868 multi_column_writer.cc:85] Opened CFile writer for column key[int32 NOT NULL]
I0720 00:35:41.057819 11868 multi_column_writer.cc:85] Opened CFile writer for column c186[int32 NOT NULL]
I0720 00:35:41.064965 11869 multi_column_writer.cc:85] Opened CFile writer for column key[int32 NOT NULL]
I0720 00:35:41.065394 11869 multi_column_writer.cc:85] Opened CFile writer for column c186[int32 NOT NULL]
I0720 00:35:41.065902 11868 tablet.cc:1318] T 601fa55cefbd4c60ba6eb395a3dca80f Flush: entering phase 2 (starting to duplicate updates in new rowsets)
I0720 00:35:41.066161 11868 tablet.cc:1373] T 601fa55cefbd4c60ba6eb395a3dca80f Flush Phase 2: carrying over any updates which arrived during Phase 1
I0720 00:35:41.066187 11868 tablet.cc:1375] T 601fa55cefbd4c60ba6eb395a3dca80f Phase 2 snapshot: MvccSnapshot[committed={T|T < 6016921358550200320}]
I0720 00:35:41.068554 11868 tablet.cc:1416] T 601fa55cefbd4c60ba6eb395a3dca80f Flush successful on 34 rows (4512 bytes)
I0720 00:35:41.072530 11869 tablet.cc:1318] T 601fa55cefbd4c60ba6eb395a3dca80f Flush: entering phase 2 (starting to duplicate updates in new rowsets)
I0720 00:35:41.072796 11869 tablet.cc:1373] T 601fa55cefbd4c60ba6eb395a3dca80f Flush Phase 2: carrying over any updates which arrived during Phase 1
I0720 00:35:41.072834 11869 tablet.cc:1375] T 601fa55cefbd4c60ba6eb395a3dca80f Phase 2 snapshot: MvccSnapshot[committed={T|T < 6016921358550200320}]
I0720 00:35:41.074350 11796 catalog_manager.cc:2970] test-table [id=2a30b8d6c8764cdc9573a60ac5f96269] - Alter table completed version=3
I0720 00:35:41.075019 11869 tablet.cc:1416] T 601fa55cefbd4c60ba6eb395a3dca80f Flush successful on 34 rows (4512 bytes)
I0720 00:35:41.123513 10988 alter_table-randomized-test.cc:100] Restarting Master
I0720 00:35:41.123564 10988 external_mini_cluster.cc:661] Killing /tmp/run_tha_testFPtVYj/build/debug/bin/kudu-master with pid 11779
I0720 00:35:41.127755 10988 external_mini_cluster.cc:559] Running /tmp/run_tha_testFPtVYj/build/debug/bin/kudu-master kudu-master --fs_wal_dir=/tmp/kudutest-1000/alter_table-randomized-test.AlterTableRandomized.TestRandomSequence.1468974934021256-10988/minicluster-data/master --fs_data_dirs=/tmp/kudutest-1000/alter_table-randomized-test.AlterTableRandomized.TestRandomSequence.1468974934021256-10988/minicluster-data/master --rpc_bind_addresses=127.0.0.1:35587 --webserver_interface=localhost --webserver_port=46598 --metrics_log_interval_ms=1000 --log_dir=/tmp/kudutest-1000/alter_table-randomized-test.AlterTableRandomized.TestRandomSequence.1468974934021256-10988/minicluster-data/master --server_dump_info_path=/tmp/kudutest-1000/alter_table-randomized-test.AlterTableRandomized.TestRandomSequence.1468974934021256-10988/minicluster-data/master/info.pb --server_dump_info_format=pb --rpc_server_allow_ephemeral_ports --logtostderr --logbuflevel=-1
I0720 00:35:41.168632 12000 mem_tracker.cc:138] MemTracker: hard memory limit is 11.777661 GB
I0720 00:35:41.168846 12000 mem_tracker.cc:140] MemTracker: soft memory limit is 7.066597 GB
I0720 00:35:41.184005 12000 master_main.cc:58] Initializing master server...
I0720 00:35:41.185396 12000 hybrid_clock.cc:178] HybridClock initialized. Resolution in nanos?: 1 Wait times tolerance adjustment: 1.0005 Current error: 1030693
W0720 00:35:41.188338 11988 heartbeater.cc:405] Failed to heartbeat to 127.0.0.1:35587: Network error: Failed to send heartbeat: Client connection negotiation failed: client connection to 127.0.0.1:35587: connect: Connection refused (error 111)
I0720 00:35:41.200428 11999 tablet.cc:824] T 601fa55cefbd4c60ba6eb395a3dca80f Alter schema from Schema [ 10:key[int32 NOT NULL], 13:c569[int32 NULLABLE], 14:c186[int32 NOT NULL] ] version 2 to Schema [ 10:key[int32 NOT NULL], 14:c186[int32 NOT NULL] ] version 3
I0720 00:35:41.200933 11999 tablet.cc:772] T 601fa55cefbd4c60ba6eb395a3dca80f Flush: entering stage 1 (old memrowset already frozen for inserts)
I0720 00:35:41.200954 11999 compaction.cc:588] Selected 1 rowsets to compact:
I0720 00:35:41.200973 11999 compaction.cc:591] memrowset(current size on disk: ~0 bytes)
I0720 00:35:41.201005 11999 tablet.cc:774] T 601fa55cefbd4c60ba6eb395a3dca80f Memstore in-memory size: 7735 bytes
I0720 00:35:41.201050 11999 tablet.cc:1238] T 601fa55cefbd4c60ba6eb395a3dca80f Flush: entering phase 1 (flushing snapshot). Phase 1 snapshot: MvccSnapshot[committed={T|T < 6016921358550200320}]
I0720 00:35:41.205659 11999 multi_column_writer.cc:85] Opened CFile writer for column key[int32 NOT NULL]
I0720 00:35:41.206094 11999 multi_column_writer.cc:85] Opened CFile writer for column c186[int32 NOT NULL]
I0720 00:35:41.208637 12000 fs_manager.cc:242] Opened local filesystem: /tmp/kudutest-1000/alter_table-randomized-test.AlterTableRandomized.TestRandomSequence.1468974934021256-10988/minicluster-data/master uuid: "1045dd375010469d9a77d8d8f93d4562" format_stamp: "Formatted at 2016-07-20 00:35:34 on dist-test-slave-dist-test-slave-yks8"
I0720 00:35:41.215526 11999 tablet.cc:1318] T 601fa55cefbd4c60ba6eb395a3dca80f Flush: entering phase 2 (starting to duplicate updates in new rowsets)
I0720 00:35:41.215898 11999 tablet.cc:1373] T 601fa55cefbd4c60ba6eb395a3dca80f Flush Phase 2: carrying over any updates which arrived during Phase 1
I0720 00:35:41.215929 11999 tablet.cc:1375] T 601fa55cefbd4c60ba6eb395a3dca80f Phase 2 snapshot: MvccSnapshot[committed={T|T < 6016921358550200320}]
I0720 00:35:41.218911 11999 tablet.cc:1416] T 601fa55cefbd4c60ba6eb395a3dca80f Flush successful on 34 rows (4512 bytes)
W0720 00:35:41.220281 11988 heartbeater.cc:405] Failed to heartbeat to 127.0.0.1:35587: Network error: Failed to send heartbeat: Client connection negotiation failed: client connection to 127.0.0.1:35587: connect: Connection refused (error 111)
I0720 00:35:41.244670 12000 master_main.cc:61] Starting Master server...
I0720 00:35:41.299623 12000 rpc_server.cc:164] RPC server started. Bound to: 127.0.0.1:35587
I0720 00:35:41.299906 12000 webserver.cc:122] Starting webserver on localhost:46598
I0720 00:35:41.299947 12000 webserver.cc:133] Document root disabled
I0720 00:35:41.300325 12000 net_util.cc:183] Address 127.0.0.1:46598 for localhost:46598 duplicates an earlier resolved entry.
I0720 00:35:41.300597 12000 webserver.cc:217] Webserver started. Bound to: http://127.0.0.1:46598/
I0720 00:35:41.301018 12000 server_base.cc:235] Dumped server information to /tmp/kudutest-1000/alter_table-randomized-test.AlterTableRandomized.TestRandomSequence.1468974934021256-10988/minicluster-data/master/info.pb
I0720 00:35:41.310657 10988 external_mini_cluster.cc:595] Started /tmp/run_tha_testFPtVYj/build/debug/bin/kudu-master as pid 12000
I0720 00:35:41.316625 12046 tablet_bootstrap.cc:400] T 00000000000000000000000000000000 P 1045dd375010469d9a77d8d8f93d4562: Bootstrap starting.
I0720 00:35:41.317854 12046 tablet_bootstrap.cc:563] T 00000000000000000000000000000000 P 1045dd375010469d9a77d8d8f93d4562: Time spent opening tablet: real 0.000s user 0.000s sys 0.000s
I0720 00:35:41.318065 12046 tablet_bootstrap.cc:619] T 00000000000000000000000000000000 P 1045dd375010469d9a77d8d8f93d4562: Will attempt to recover log segment /tmp/kudutest-1000/alter_table-randomized-test.AlterTableRandomized.TestRandomSequence.1468974934021256-10988/minicluster-data/master/wals/00000000000000000000000000000000/wal-000000001 to /tmp/kudutest-1000/alter_table-randomized-test.AlterTableRandomized.TestRandomSequence.1468974934021256-10988/minicluster-data/master/wals/00000000000000000000000000000000.recovery/wal-000000001
I0720 00:35:41.318085 12046 tablet_bootstrap.cc:627] T 00000000000000000000000000000000 P 1045dd375010469d9a77d8d8f93d4562: Moving log directory /tmp/kudutest-1000/alter_table-randomized-test.AlterTableRandomized.TestRandomSequence.1468974934021256-10988/minicluster-data/master/wals/00000000000000000000000000000000 to recovery directory /tmp/kudutest-1000/alter_table-randomized-test.AlterTableRandomized.TestRandomSequence.1468974934021256-10988/minicluster-data/master/wals/00000000000000000000000000000000.recovery in preparation for log replay
W0720 00:35:41.318532 12046 log_util.cc:311] Could not read footer for segment: /tmp/kudutest-1000/alter_table-randomized-test.AlterTableRandomized.TestRandomSequence.1468974934021256-10988/minicluster-data/master/wals/00000000000000000000000000000000.recovery/wal-000000001: Not found: Footer not found. Footer magic doesn't match
I0720 00:35:41.318563 12046 log_reader.cc:152] Log segment /tmp/kudutest-1000/alter_table-randomized-test.AlterTableRandomized.TestRandomSequence.1468974934021256-10988/minicluster-data/master/wals/00000000000000000000000000000000.recovery/wal-000000001 was likely left in-progress after a previous crash. Will try to rebuild footer by scanning data.
I0720 00:35:41.322307 12046 log_util.cc:569] Scanning /tmp/kudutest-1000/alter_table-randomized-test.AlterTableRandomized.TestRandomSequence.1468974934021256-10988/minicluster-data/master/wals/00000000000000000000000000000000.recovery/wal-000000001 for valid entry headers following offset 45111...
I0720 00:35:41.369680 12046 log_util.cc:606] Found no log entry headers
I0720 00:35:41.369719 12046 log_util.cc:215] Ignoring log segment corruption in /tmp/kudutest-1000/alter_table-randomized-test.AlterTableRandomized.TestRandomSequence.1468974934021256-10988/minicluster-data/master/wals/00000000000000000000000000000000.recovery/wal-000000001 because there are no log entries following the corrupted one. The server probably crashed in the middle of writing an entry to the write-ahead log or downloaded an active log via remote bootstrap. Error detail: Corruption: CRC mismatch in log entry header: Log file corruption detected. Failed trying to read batch #0 at offset 45099 for log segment /tmp/kudutest-1000/alter_table-randomized-test.AlterTableRandomized.TestRandomSequence.1468974934021256-10988/minicluster-data/master/wals/00000000000000000000000000000000.recovery/wal-000000001: Prior entries: [off=44490 REPLICATE (2.80)] [off=44524 COMMIT (2.80)] [off=45065 REPLICATE (2.81)] [off=45099 COMMIT (2.81)]
I0720 00:35:41.369771 12046 log_util.cc:359] Successfully rebuilt footer for segment: /tmp/kudutest-1000/alter_table-randomized-test.AlterTableRandomized.TestRandomSequence.1468974934021256-10988/minicluster-data/master/wals/00000000000000000000000000000000.recovery/wal-000000001 (valid entries through byte offset 45099)
I0720 00:35:41.370210 12046 tablet.cc:853] T 00000000000000000000000000000000 Rewinding schema during bootstrap to Schema [ 10:entry_type[int8 NOT NULL], 11:entry_id[string NOT NULL], 12:metadata[string NOT NULL] ]
I0720 00:35:41.371084 12046 log.cc:349] Log is configured to *not* fsync() on all Append() calls
I0720 00:35:41.407557 12046 tablet_bootstrap.cc:400] T 00000000000000000000000000000000 P 1045dd375010469d9a77d8d8f93d4562: Bootstrap replayed 1/1 log segments. Stats: ops{read=81 overwritten=0 applied=81 ignored=0} inserts{seen=5 ignored=0} mutations{seen=81 ignored=0} orphaned_commits=0. Pending: 0 replicates
I0720 00:35:41.407626 12046 tablet_bootstrap.cc:1040] T 00000000000000000000000000000000 P 1045dd375010469d9a77d8d8f93d4562: ReplayState: Previous OpId: 2.81, Committed OpId: 2.81, Pending Replicates: 0, Pending Commits: 0
I0720 00:35:41.408530 12046 tablet_bootstrap.cc:656] T 00000000000000000000000000000000 P 1045dd375010469d9a77d8d8f93d4562: Preparing to delete log recovery files and directory /tmp/kudutest-1000/alter_table-randomized-test.AlterTableRandomized.TestRandomSequence.1468974934021256-10988/minicluster-data/master/wals/00000000000000000000000000000000.recovery
I0720 00:35:41.408568 12046 tablet_bootstrap.cc:659] T 00000000000000000000000000000000 P 1045dd375010469d9a77d8d8f93d4562: Renaming log recovery dir from /tmp/kudutest-1000/alter_table-randomized-test.AlterTableRandomized.TestRandomSequence.1468974934021256-10988/minicluster-data/master/wals/00000000000000000000000000000000.recovery to /tmp/kudutest-1000/alter_table-randomized-test.AlterTableRandomized.TestRandomSequence.1468974934021256-10988/minicluster-data/master/wals/00000000000000000000000000000000.recovery-1468974941408551
I0720 00:35:41.408668 12046 tablet_bootstrap.cc:669] T 00000000000000000000000000000000 P 1045dd375010469d9a77d8d8f93d4562: Deleting all files from renamed log recovery directory /tmp/kudutest-1000/alter_table-randomized-test.AlterTableRandomized.TestRandomSequence.1468974934021256-10988/minicluster-data/master/wals/00000000000000000000000000000000.recovery-1468974941408551
I0720 00:35:41.408910 12046 tablet_bootstrap.cc:672] T 00000000000000000000000000000000 P 1045dd375010469d9a77d8d8f93d4562: Completed deletion of old log recovery files and directory /tmp/kudutest-1000/alter_table-randomized-test.AlterTableRandomized.TestRandomSequence.1468974934021256-10988/minicluster-data/master/wals/00000000000000000000000000000000.recovery-1468974941408551
I0720 00:35:41.408967 12046 tablet_bootstrap.cc:400] T 00000000000000000000000000000000 P 1045dd375010469d9a77d8d8f93d4562: Bootstrap complete.
I0720 00:35:41.415565 12046 raft_consensus.cc:269] T 00000000000000000000000000000000 P 1045dd375010469d9a77d8d8f93d4562 [term 2 FOLLOWER]: Replica starting. Triggering 0 pending transactions. Active config: opid_index: -1 peers { permanent_uuid: "1045dd375010469d9a77d8d8f93d4562" member_type: VOTER }
I0720 00:35:41.415830 12046 raft_consensus.cc:499] T 00000000000000000000000000000000 P 1045dd375010469d9a77d8d8f93d4562 [term 2 FOLLOWER]: Becoming Follower/Learner. State: Replica: 1045dd375010469d9a77d8d8f93d4562, State: 1, Role: FOLLOWER Watermarks: {Received: term: 2 index: 81 Committed: term: 2 index: 81}
I0720 00:35:41.415917 12046 consensus_queue.cc:162] T 00000000000000000000000000000000 P 1045dd375010469d9a77d8d8f93d4562 [NON_LEADER]: Queue going to NON_LEADER mode. State: All replicated op: 0.0, Majority replicated op: 0.0, Committed index: 0.0, Last appended: 2.81, Current term: 0, Majority size: -1, State: 1, Mode: NON_LEADER
I0720 00:35:41.415971 12046 raft_consensus.cc:314] T 00000000000000000000000000000000 P 1045dd375010469d9a77d8d8f93d4562 [term 2 FOLLOWER]: Only one voter in the Raft config. Triggering election immediately
I0720 00:35:41.416004 12046 raft_consensus.cc:370] T 00000000000000000000000000000000 P 1045dd375010469d9a77d8d8f93d4562 [term 2 FOLLOWER]: No leader contacted us within the election timeout. Triggering leader election
I0720 00:35:41.416016 12046 raft_consensus.cc:2019] T 00000000000000000000000000000000 P 1045dd375010469d9a77d8d8f93d4562 [term 2 FOLLOWER]: Advancing to term 3
I0720 00:35:41.416381 12046 raft_consensus.cc:1970] T 00000000000000000000000000000000 P 1045dd375010469d9a77d8d8f93d4562 [term 3 FOLLOWER]: Snoozing failure detection for election timeout plus an additional 1.511s
I0720 00:35:41.416437 12046 raft_consensus.cc:386] T 00000000000000000000000000000000 P 1045dd375010469d9a77d8d8f93d4562 [term 3 FOLLOWER]: Starting election with config: opid_index: -1 peers { permanent_uuid: "1045dd375010469d9a77d8d8f93d4562" member_type: VOTER }
I0720 00:35:41.417103 12046 leader_election.cc:248] T 00000000000000000000000000000000 P 1045dd375010469d9a77d8d8f93d4562 [CANDIDATE]: Term 3 election: Election decided. Result: candidate won.
