I0720 00:35:41.417389 12052 raft_consensus.cc:1970] T 00000000000000000000000000000000 P 1045dd375010469d9a77d8d8f93d4562 [term 3 FOLLOWER]: Snoozing failure detection for election timeout plus an additional 1.505s
I0720 00:35:41.417428 12052 raft_consensus.cc:1859] T 00000000000000000000000000000000 P 1045dd375010469d9a77d8d8f93d4562 [term 3 FOLLOWER]: Leader election won for term 3
I0720 00:35:41.417867 12052 raft_consensus.cc:464] T 00000000000000000000000000000000 P 1045dd375010469d9a77d8d8f93d4562 [term 3 LEADER]: Becoming Leader. State: Replica: 1045dd375010469d9a77d8d8f93d4562, State: 1, Role: LEADER Watermarks: {Received: term: 2 index: 81 Committed: term: 2 index: 81}
I0720 00:35:41.418037 12052 consensus_queue.cc:145] T 00000000000000000000000000000000 P 1045dd375010469d9a77d8d8f93d4562 [LEADER]: Queue going to LEADER mode. State: All replicated op: 0.0, Majority replicated op: 2.81, Committed index: 2.81, Last appended: 2.81, Current term: 3, Majority size: 1, State: 1, Mode: LEADER, active raft config: opid_index: -1 peers { permanent_uuid: "1045dd375010469d9a77d8d8f93d4562" member_type: VOTER }
I0720 00:35:41.418527 12046 sys_catalog.cc:235] T 00000000000000000000000000000000 P 1045dd375010469d9a77d8d8f93d4562 [sys.catalog]: SysCatalogTable state changed. Reason: Started TabletPeer. Latest consensus state: current_term: 3 leader_uuid: "1045dd375010469d9a77d8d8f93d4562" config { opid_index: -1 peers { permanent_uuid: "1045dd375010469d9a77d8d8f93d4562" member_type: VOTER } }
I0720 00:35:41.418553 12046 sys_catalog.cc:238] T 00000000000000000000000000000000 P 1045dd375010469d9a77d8d8f93d4562 [sys.catalog]: This master's current role is: LEADER
I0720 00:35:41.418747 12053 sys_catalog.cc:235] T 00000000000000000000000000000000 P 1045dd375010469d9a77d8d8f93d4562 [sys.catalog]: SysCatalogTable state changed. Reason: RaftConsensus started. Latest consensus state: current_term: 3 leader_uuid: "1045dd375010469d9a77d8d8f93d4562" config { opid_index: -1 peers { permanent_uuid: "1045dd375010469d9a77d8d8f93d4562" member_type: VOTER } }
I0720 00:35:41.418778 12053 sys_catalog.cc:238] T 00000000000000000000000000000000 P 1045dd375010469d9a77d8d8f93d4562 [sys.catalog]: This master's current role is: LEADER
I0720 00:35:41.418877 12054 sys_catalog.cc:235] T 00000000000000000000000000000000 P 1045dd375010469d9a77d8d8f93d4562 [sys.catalog]: SysCatalogTable state changed. Reason: New leader 1045dd375010469d9a77d8d8f93d4562. Latest consensus state: current_term: 3 leader_uuid: "1045dd375010469d9a77d8d8f93d4562" config { opid_index: -1 peers { permanent_uuid: "1045dd375010469d9a77d8d8f93d4562" member_type: VOTER } }
I0720 00:35:41.418931 12054 sys_catalog.cc:238] T 00000000000000000000000000000000 P 1045dd375010469d9a77d8d8f93d4562 [sys.catalog]: This master's current role is: LEADER
I0720 00:35:41.419283 12056 raft_consensus_state.cc:534] T 00000000000000000000000000000000 P 1045dd375010469d9a77d8d8f93d4562 [term 3 LEADER]: Advanced the committed_index across terms. Last committed operation was: term: 2 index: 81 New committed index is: term: 3 index: 82
I0720 00:35:41.419397 12055 catalog_manager.cc:642] Loading table and tablet metadata into memory...
I0720 00:35:41.419710 12046 sys_catalog.cc:313] T 00000000000000000000000000000000 P 1045dd375010469d9a77d8d8f93d4562 [sys.catalog]: configured and running, proceeding with master startup.
W0720 00:35:41.419896 12057 catalog_manager.cc:351] Catalog manager background task thread going to sleep: Service unavailable: Catalog manager is not initialized. State: 1
I0720 00:35:41.419963 12000 master_main.cc:64] Master server successfully started.
I0720 00:35:41.422067 12055 catalog_manager.cc:213] Loaded metadata for table test-table [id=2a30b8d6c8764cdc9573a60ac5f96269]
I0720 00:35:41.423058 12055 catalog_manager.cc:263] Loaded metadata for tablet 601fa55cefbd4c60ba6eb395a3dca80f (table test-table [id=2a30b8d6c8764cdc9573a60ac5f96269])
I0720 00:35:41.423199 12055 catalog_manager.cc:263] Loaded metadata for tablet 8e7920d866884beca1cb9c404826ab66 (table test-table [id=2a30b8d6c8764cdc9573a60ac5f96269])
I0720 00:35:41.423348 12055 catalog_manager.cc:263] Loaded metadata for tablet aab31496785646c686a2b76616094410 (table test-table [id=2a30b8d6c8764cdc9573a60ac5f96269])
I0720 00:35:41.423475 12055 catalog_manager.cc:263] Loaded metadata for tablet ae4e382b53eb40d5811af430609a7a24 (table test-table [id=2a30b8d6c8764cdc9573a60ac5f96269])
I0720 00:35:41.480206 10988 alter_table-randomized-test.cc:390] Beginning Alterations
I0720 00:35:41.481323 10988 alter_table-randomized-test.cc:471] Dropping range partition: [536870904, 603979767) resulting partitions: ()
I0720 00:35:41.481377 10988 alter_table-randomized-test.cc:418] Adding column c558, existing columns: key, c186
I0720 00:35:41.481408 10988 alter_table-randomized-test.cc:455] Adding range partition: [134217726, 201326589) resulting partitions: (134217726, 201326589)
I0720 00:35:41.481441 10988 alter_table-randomized-test.cc:439] Dropping column c558, existing columns: key, c186, c558
I0720 00:35:41.481452 10988 alter_table-randomized-test.cc:412] Committing Alterations
I0720 00:35:41.483363 12023 catalog_manager.cc:1359] Servicing AlterTable request from {real_user=slave, eff_user=} at 127.0.0.1:46073: table { table_name: "test-table" } alter_schema_steps { type: DROP_RANGE_PARTITION drop_range_partition { range_bounds { rows: "\006\001\370\377\377\037\007\001\367\377\377#" } } } alter_schema_steps { type: ADD_COLUMN add_column { schema { name: "c558" type: INT32 is_nullable: true encoding: AUTO_ENCODING compression: DEFAULT_COMPRESSION cfile_block_size: 0 } } } alter_schema_steps { type: ADD_RANGE_PARTITION add_range_partition { range_bounds { rows: "\006\001\376\377\377\007\007\001\375\377\377\013" } } } alter_schema_steps { type: DROP_COLUMN drop_column { name: "c558" } } schema { columns { name: "key" type: INT32 is_key: true is_nullable: false encoding: AUTO_ENCODING compression: DEFAULT_COMPRESSION cfile_block_size: 0 } columns { name: "c186" type: INT32 is_key: false is_nullable: false read_default_value: "qm\320\014" write_default_value: "qm\320\014" encoding: AUTO_ENCODING compression: DEFAULT_COMPRESSION cfile_block_size: 0 } }
W0720 00:35:41.500785 12023 catalog_manager.cc:2160] Unable to reset TS proxy: Not found: No leader found: Tablet e9eead0f97ab41c7a7516936730bba82 has no consensus state
W0720 00:35:41.500912 12023 catalog_manager.cc:2770] Failed to send alter table request: Not found: Failed to reset TS proxy: No leader found: Tablet e9eead0f97ab41c7a7516936730bba82 has no consensus state
I0720 00:35:41.500984 12023 catalog_manager.cc:2796] Sending DeleteTablet for 3 replicas of tablet 601fa55cefbd4c60ba6eb395a3dca80f
I0720 00:35:41.501046 12023 catalog_manager.cc:2812] T 00000000000000000000000000000000 P 1045dd375010469d9a77d8d8f93d4562: Deleting tablet 601fa55cefbd4c60ba6eb395a3dca80f on peer ee4ffccf9eb5471297e208d202495ffe with delete type TABLET_DATA_DELETED (Partition dropped at 2016-07-20 00:35:41 UTC)
W0720 00:35:41.501102 12023 catalog_manager.cc:2160] Unable to reset TS proxy: Not found: Could not find TS for UUID ee4ffccf9eb5471297e208d202495ffe
W0720 00:35:41.501130 12023 catalog_manager.cc:2828] Failed to send delete tablet request: Not found: Failed to reset TS proxy: Could not find TS for UUID ee4ffccf9eb5471297e208d202495ffe
I0720 00:35:41.501147 12023 catalog_manager.cc:2812] T 00000000000000000000000000000000 P 1045dd375010469d9a77d8d8f93d4562: Deleting tablet 601fa55cefbd4c60ba6eb395a3dca80f on peer 3b2a62766e5449f9ae2697a9113d09fb with delete type TABLET_DATA_DELETED (Partition dropped at 2016-07-20 00:35:41 UTC)
W0720 00:35:41.501168 12023 catalog_manager.cc:2160] Unable to reset TS proxy: Not found: Could not find TS for UUID 3b2a62766e5449f9ae2697a9113d09fb
W0720 00:35:41.501184 12023 catalog_manager.cc:2828] Failed to send delete tablet request: Not found: Failed to reset TS proxy: Could not find TS for UUID 3b2a62766e5449f9ae2697a9113d09fb
I0720 00:35:41.501196 12023 catalog_manager.cc:2812] T 00000000000000000000000000000000 P 1045dd375010469d9a77d8d8f93d4562: Deleting tablet 601fa55cefbd4c60ba6eb395a3dca80f on peer bcc77f1560a949c6b130d6b3c67653be with delete type TABLET_DATA_DELETED (Partition dropped at 2016-07-20 00:35:41 UTC)
W0720 00:35:41.501217 12023 catalog_manager.cc:2160] Unable to reset TS proxy: Not found: Could not find TS for UUID bcc77f1560a949c6b130d6b3c67653be
W0720 00:35:41.501232 12023 catalog_manager.cc:2828] Failed to send delete tablet request: Not found: Failed to reset TS proxy: Could not find TS for UUID bcc77f1560a949c6b130d6b3c67653be
W0720 00:35:41.501709 12057 catalog_manager.cc:3053] Aborting the current task due to error: Invalid argument: An error occured while selecting replicas for tablet e9eead0f97ab41c7a7516936730bba82: Not enough tablet servers are online for table 'test-table'. Need at least 3 replicas, but only 0 tablet servers are available
E0720 00:35:41.501770 12057 catalog_manager.cc:369] Error processing pending assignments, aborting the current task: Invalid argument: An error occured while selecting replicas for tablet e9eead0f97ab41c7a7516936730bba82: Not enough tablet servers are online for table 'test-table'. Need at least 3 replicas, but only 0 tablet servers are available
I0720 00:35:42.076982 12023 master_service.cc:125] Got heartbeat from unknown tablet server { permanent_uuid: "ee4ffccf9eb5471297e208d202495ffe" instance_seqno: 1468974934206196 } as {real_user=slave, eff_user=} at 127.42.236.1:38962; Asking this server to re-register.
I0720 00:35:42.077381 11276 heartbeater.cc:322] Registering TS with master...
I0720 00:35:42.077456 11276 heartbeater.cc:328] Sending a full tablet report to master...
I0720 00:35:42.078044 12023 ts_manager.cc:81] Registered new tablet server { permanent_uuid: "ee4ffccf9eb5471297e208d202495ffe" instance_seqno: 1468974934206196 } with Master
I0720 00:35:42.078284 12023 catalog_manager.cc:1826] Got report from deleted tablet 601fa55cefbd4c60ba6eb395a3dca80f (table test-table [id=2a30b8d6c8764cdc9573a60ac5f96269]) (Partition dropped at 2016-07-20 00:35:41 UTC): Sending delete request for this tablet
I0720 00:35:42.078325 12023 catalog_manager.cc:2812] T 00000000000000000000000000000000 P 1045dd375010469d9a77d8d8f93d4562: Deleting tablet 601fa55cefbd4c60ba6eb395a3dca80f on peer ee4ffccf9eb5471297e208d202495ffe with delete type TABLET_DATA_DELETED (Partition dropped at 2016-07-20 00:35:41 UTC)
I0720 00:35:42.080874 11213 tablet_service.cc:651] Processing DeleteTablet for tablet 601fa55cefbd4c60ba6eb395a3dca80f with delete_type TABLET_DATA_DELETED (Partition dropped at 2016-07-20 00:35:41 UTC) from {real_user=slave, eff_user=} at 127.0.0.1:60323
I0720 00:35:42.080930 11213 tablet_peer.cc:214] Initiating TabletPeer shutdown for tablet: 601fa55cefbd4c60ba6eb395a3dca80f
I0720 00:35:42.081010 11213 maintenance_manager.cc:176] Unregistered op CompactRowSetsOp(601fa55cefbd4c60ba6eb395a3dca80f)
I0720 00:35:42.081030 11213 maintenance_manager.cc:176] Unregistered op MinorDeltaCompactionOp(601fa55cefbd4c60ba6eb395a3dca80f)
I0720 00:35:42.081043 11213 maintenance_manager.cc:176] Unregistered op MajorDeltaCompactionOp(601fa55cefbd4c60ba6eb395a3dca80f)
I0720 00:35:42.081063 11213 maintenance_manager.cc:176] Unregistered op FlushMRSOp(601fa55cefbd4c60ba6eb395a3dca80f)
I0720 00:35:42.081074 11213 maintenance_manager.cc:176] Unregistered op FlushDeltaMemStoresOp(601fa55cefbd4c60ba6eb395a3dca80f)
I0720 00:35:42.081085 11213 maintenance_manager.cc:176] Unregistered op LogGCOp(601fa55cefbd4c60ba6eb395a3dca80f)
I0720 00:35:42.081110 11213 raft_consensus.cc:1495] T 601fa55cefbd4c60ba6eb395a3dca80f P ee4ffccf9eb5471297e208d202495ffe [term 1 LEADER]: Raft consensus shutting down.
I0720 00:35:42.081318 11213 consensus_peers.cc:358] T 601fa55cefbd4c60ba6eb395a3dca80f P ee4ffccf9eb5471297e208d202495ffe -> Peer bcc77f1560a949c6b130d6b3c67653be (127.42.236.0:42768): Closing peer: bcc77f1560a949c6b130d6b3c67653be
I0720 00:35:42.081492 11213 consensus_peers.cc:358] T 601fa55cefbd4c60ba6eb395a3dca80f P ee4ffccf9eb5471297e208d202495ffe -> Peer 3b2a62766e5449f9ae2697a9113d09fb (127.42.236.2:60090): Closing peer: 3b2a62766e5449f9ae2697a9113d09fb
I0720 00:35:42.081732 11213 raft_consensus.cc:1511] T 601fa55cefbd4c60ba6eb395a3dca80f P ee4ffccf9eb5471297e208d202495ffe [term 1 LEADER]: Raft consensus is shut down!
I0720 00:35:42.081737 12023 master_service.cc:125] Got heartbeat from unknown tablet server { permanent_uuid: "3b2a62766e5449f9ae2697a9113d09fb" instance_seqno: 1468974936625483 } as {real_user=slave, eff_user=} at 127.42.236.2:48133; Asking this server to re-register.
I0720 00:35:42.082078 11746 heartbeater.cc:322] Registering TS with master...
I0720 00:35:42.082150 11746 heartbeater.cc:328] Sending a full tablet report to master...
I0720 00:35:42.082681 12023 ts_manager.cc:81] Registered new tablet server { permanent_uuid: "3b2a62766e5449f9ae2697a9113d09fb" instance_seqno: 1468974936625483 } with Master
I0720 00:35:42.082837 12023 catalog_manager.cc:1826] Got report from deleted tablet 601fa55cefbd4c60ba6eb395a3dca80f (table test-table [id=2a30b8d6c8764cdc9573a60ac5f96269]) (Partition dropped at 2016-07-20 00:35:41 UTC): Sending delete request for this tablet
I0720 00:35:42.082865 12023 catalog_manager.cc:2812] T 00000000000000000000000000000000 P 1045dd375010469d9a77d8d8f93d4562: Deleting tablet 601fa55cefbd4c60ba6eb395a3dca80f on peer 3b2a62766e5449f9ae2697a9113d09fb with delete type TABLET_DATA_DELETED (Partition dropped at 2016-07-20 00:35:41 UTC)
I0720 00:35:42.083623 11213 ts_tablet_manager.cc:960] T 601fa55cefbd4c60ba6eb395a3dca80f P ee4ffccf9eb5471297e208d202495ffe: Deleting tablet data with delete state TABLET_DATA_DELETED
I0720 00:35:42.084506 11678 tablet_service.cc:651] Processing DeleteTablet for tablet 601fa55cefbd4c60ba6eb395a3dca80f with delete_type TABLET_DATA_DELETED (Partition dropped at 2016-07-20 00:35:41 UTC) from {real_user=slave, eff_user=} at 127.0.0.1:56657
I0720 00:35:42.084561 11678 tablet_peer.cc:214] Initiating TabletPeer shutdown for tablet: 601fa55cefbd4c60ba6eb395a3dca80f
I0720 00:35:42.084661 11678 maintenance_manager.cc:176] Unregistered op CompactRowSetsOp(601fa55cefbd4c60ba6eb395a3dca80f)
I0720 00:35:42.084695 11678 maintenance_manager.cc:176] Unregistered op MinorDeltaCompactionOp(601fa55cefbd4c60ba6eb395a3dca80f)
I0720 00:35:42.084722 11678 maintenance_manager.cc:176] Unregistered op MajorDeltaCompactionOp(601fa55cefbd4c60ba6eb395a3dca80f)
I0720 00:35:42.084758 11678 maintenance_manager.cc:176] Unregistered op FlushMRSOp(601fa55cefbd4c60ba6eb395a3dca80f)
I0720 00:35:42.084789 11678 maintenance_manager.cc:176] Unregistered op FlushDeltaMemStoresOp(601fa55cefbd4c60ba6eb395a3dca80f)
I0720 00:35:42.084810 11678 maintenance_manager.cc:176] Unregistered op LogGCOp(601fa55cefbd4c60ba6eb395a3dca80f)
I0720 00:35:42.084846 11678 raft_consensus.cc:1495] T 601fa55cefbd4c60ba6eb395a3dca80f P 3b2a62766e5449f9ae2697a9113d09fb [term 1 FOLLOWER]: Raft consensus shutting down.
I0720 00:35:42.084908 11678 raft_consensus.cc:1511] T 601fa55cefbd4c60ba6eb395a3dca80f P 3b2a62766e5449f9ae2697a9113d09fb [term 1 FOLLOWER]: Raft consensus is shut down!
I0720 00:35:42.085808 11213 ts_tablet_manager.cc:970] T 601fa55cefbd4c60ba6eb395a3dca80f P ee4ffccf9eb5471297e208d202495ffe: Tablet deleted. Last logged OpId: 1.91
I0720 00:35:42.086347 11678 ts_tablet_manager.cc:960] T 601fa55cefbd4c60ba6eb395a3dca80f P 3b2a62766e5449f9ae2697a9113d09fb: Deleting tablet data with delete state TABLET_DATA_DELETED
I0720 00:35:42.086546 11213 tablet_bootstrap.cc:400] T 601fa55cefbd4c60ba6eb395a3dca80f P ee4ffccf9eb5471297e208d202495ffe: Deleted tablet blocks from disk
I0720 00:35:42.087124 12010 catalog_manager.cc:2499] TS ee4ffccf9eb5471297e208d202495ffe: tablet 601fa55cefbd4c60ba6eb395a3dca80f (table test-table [id=2a30b8d6c8764cdc9573a60ac5f96269]) successfully deleted
I0720 00:35:42.088145 11678 ts_tablet_manager.cc:970] T 601fa55cefbd4c60ba6eb395a3dca80f P 3b2a62766e5449f9ae2697a9113d09fb: Tablet deleted. Last logged OpId: 1.91
I0720 00:35:42.089113 11678 tablet_bootstrap.cc:400] T 601fa55cefbd4c60ba6eb395a3dca80f P 3b2a62766e5449f9ae2697a9113d09fb: Deleted tablet blocks from disk
I0720 00:35:42.089620 12008 catalog_manager.cc:2499] TS 3b2a62766e5449f9ae2697a9113d09fb: tablet 601fa55cefbd4c60ba6eb395a3dca80f (table test-table [id=2a30b8d6c8764cdc9573a60ac5f96269]) successfully deleted
I0720 00:35:42.222898 12023 master_service.cc:125] Got heartbeat from unknown tablet server { permanent_uuid: "bcc77f1560a949c6b130d6b3c67653be" instance_seqno: 1468974940750892 } as {real_user=slave, eff_user=} at 127.42.236.0:33774; Asking this server to re-register.
I0720 00:35:42.223256 11988 heartbeater.cc:322] Registering TS with master...
I0720 00:35:42.223322 11988 heartbeater.cc:328] Sending a full tablet report to master...
I0720 00:35:42.223786 12023 ts_manager.cc:81] Registered new tablet server { permanent_uuid: "bcc77f1560a949c6b130d6b3c67653be" instance_seqno: 1468974940750892 } with Master
I0720 00:35:42.223992 12023 catalog_manager.cc:1826] Got report from deleted tablet 601fa55cefbd4c60ba6eb395a3dca80f (table test-table [id=2a30b8d6c8764cdc9573a60ac5f96269]) (Partition dropped at 2016-07-20 00:35:41 UTC): Sending delete request for this tablet
I0720 00:35:42.224023 12023 catalog_manager.cc:2812] T 00000000000000000000000000000000 P 1045dd375010469d9a77d8d8f93d4562: Deleting tablet 601fa55cefbd4c60ba6eb395a3dca80f on peer bcc77f1560a949c6b130d6b3c67653be with delete type TABLET_DATA_DELETED (Partition dropped at 2016-07-20 00:35:41 UTC)
I0720 00:35:42.225550 11923 tablet_service.cc:651] Processing DeleteTablet for tablet 601fa55cefbd4c60ba6eb395a3dca80f with delete_type TABLET_DATA_DELETED (Partition dropped at 2016-07-20 00:35:41 UTC) from {real_user=slave, eff_user=} at 127.0.0.1:36281
I0720 00:35:42.225659 11923 tablet_peer.cc:214] Initiating TabletPeer shutdown for tablet: 601fa55cefbd4c60ba6eb395a3dca80f
I0720 00:35:42.225848 11923 maintenance_manager.cc:176] Unregistered op CompactRowSetsOp(601fa55cefbd4c60ba6eb395a3dca80f)
I0720 00:35:42.225908 11923 maintenance_manager.cc:176] Unregistered op MinorDeltaCompactionOp(601fa55cefbd4c60ba6eb395a3dca80f)
I0720 00:35:42.225939 11923 maintenance_manager.cc:176] Unregistered op MajorDeltaCompactionOp(601fa55cefbd4c60ba6eb395a3dca80f)
I0720 00:35:42.226013 11923 maintenance_manager.cc:176] Unregistered op FlushMRSOp(601fa55cefbd4c60ba6eb395a3dca80f)
I0720 00:35:42.226052 11923 maintenance_manager.cc:176] Unregistered op FlushDeltaMemStoresOp(601fa55cefbd4c60ba6eb395a3dca80f)
I0720 00:35:42.226075 11923 maintenance_manager.cc:176] Unregistered op LogGCOp(601fa55cefbd4c60ba6eb395a3dca80f)
I0720 00:35:42.226125 11923 raft_consensus.cc:1495] T 601fa55cefbd4c60ba6eb395a3dca80f P bcc77f1560a949c6b130d6b3c67653be [term 1 FOLLOWER]: Raft consensus shutting down.
I0720 00:35:42.226233 11923 raft_consensus.cc:1511] T 601fa55cefbd4c60ba6eb395a3dca80f P bcc77f1560a949c6b130d6b3c67653be [term 1 FOLLOWER]: Raft consensus is shut down!
I0720 00:35:42.228013 11923 ts_tablet_manager.cc:960] T 601fa55cefbd4c60ba6eb395a3dca80f P bcc77f1560a949c6b130d6b3c67653be: Deleting tablet data with delete state TABLET_DATA_DELETED
I0720 00:35:42.229878 11923 ts_tablet_manager.cc:970] T 601fa55cefbd4c60ba6eb395a3dca80f P bcc77f1560a949c6b130d6b3c67653be: Tablet deleted. Last logged OpId: 1.91
I0720 00:35:42.230482 11923 tablet_bootstrap.cc:400] T 601fa55cefbd4c60ba6eb395a3dca80f P bcc77f1560a949c6b130d6b3c67653be: Deleted tablet blocks from disk
I0720 00:35:42.231209 12009 catalog_manager.cc:2499] TS bcc77f1560a949c6b130d6b3c67653be: tablet 601fa55cefbd4c60ba6eb395a3dca80f (table test-table [id=2a30b8d6c8764cdc9573a60ac5f96269]) successfully deleted
I0720 00:35:42.506278 11678 tablet_service.cc:610] Processing CreateTablet for tablet e9eead0f97ab41c7a7516936730bba82 (table=test-table [id=2a30b8d6c8764cdc9573a60ac5f96269]), partition=range: [(int32 key=134217726), (int32 key=201326589))
I0720 00:35:42.506284 11213 tablet_service.cc:610] Processing CreateTablet for tablet e9eead0f97ab41c7a7516936730bba82 (table=test-table [id=2a30b8d6c8764cdc9573a60ac5f96269]), partition=range: [(int32 key=134217726), (int32 key=201326589))
I0720 00:35:42.506578 11923 tablet_service.cc:610] Processing CreateTablet for tablet e9eead0f97ab41c7a7516936730bba82 (table=test-table [id=2a30b8d6c8764cdc9573a60ac5f96269]), partition=range: [(int32 key=134217726), (int32 key=201326589))
I0720 00:35:42.507268 11678 ts_tablet_manager.cc:765] Registered tablet e9eead0f97ab41c7a7516936730bba82
I0720 00:35:42.507608 11213 ts_tablet_manager.cc:765] Registered tablet e9eead0f97ab41c7a7516936730bba82
I0720 00:35:42.507841 11923 ts_tablet_manager.cc:765] Registered tablet e9eead0f97ab41c7a7516936730bba82
I0720 00:35:42.508165 12075 ts_tablet_manager.cc:631] T e9eead0f97ab41c7a7516936730bba82 P bcc77f1560a949c6b130d6b3c67653be: Bootstrapping tablet
I0720 00:35:42.508513 12075 tablet_bootstrap.cc:400] T e9eead0f97ab41c7a7516936730bba82 P bcc77f1560a949c6b130d6b3c67653be: Bootstrap starting.
I0720 00:35:42.508747 12074 ts_tablet_manager.cc:631] T e9eead0f97ab41c7a7516936730bba82 P ee4ffccf9eb5471297e208d202495ffe: Bootstrapping tablet
I0720 00:35:42.509019 12073 ts_tablet_manager.cc:631] T e9eead0f97ab41c7a7516936730bba82 P 3b2a62766e5449f9ae2697a9113d09fb: Bootstrapping tablet
I0720 00:35:42.509315 12073 tablet_bootstrap.cc:400] T e9eead0f97ab41c7a7516936730bba82 P 3b2a62766e5449f9ae2697a9113d09fb: Bootstrap starting.
I0720 00:35:42.509362 12075 tablet_bootstrap.cc:563] T e9eead0f97ab41c7a7516936730bba82 P bcc77f1560a949c6b130d6b3c67653be: Time spent opening tablet: real 0.000s user 0.000s sys 0.000s
I0720 00:35:42.509523 12075 tablet_bootstrap.cc:503] T e9eead0f97ab41c7a7516936730bba82 P bcc77f1560a949c6b130d6b3c67653be: No blocks or log segments found. Creating new log.
I0720 00:35:42.509999 12073 tablet_bootstrap.cc:563] T e9eead0f97ab41c7a7516936730bba82 P 3b2a62766e5449f9ae2697a9113d09fb: Time spent opening tablet: real 0.000s user 0.000s sys 0.000s
I0720 00:35:42.510145 12073 tablet_bootstrap.cc:503] T e9eead0f97ab41c7a7516936730bba82 P 3b2a62766e5449f9ae2697a9113d09fb: No blocks or log segments found. Creating new log.
I0720 00:35:42.510524 12075 tablet_bootstrap.cc:400] T e9eead0f97ab41c7a7516936730bba82 P bcc77f1560a949c6b130d6b3c67653be: No bootstrap required, opened a new log
I0720 00:35:42.510588 12075 ts_tablet_manager.cc:636] T e9eead0f97ab41c7a7516936730bba82 P bcc77f1560a949c6b130d6b3c67653be: Time spent bootstrapping tablet: real 0.002s user 0.000s sys 0.000s
I0720 00:35:42.510771 12074 tablet_bootstrap.cc:400] T e9eead0f97ab41c7a7516936730bba82 P ee4ffccf9eb5471297e208d202495ffe: Bootstrap starting.
I0720 00:35:42.511368 12075 raft_consensus.cc:269] T e9eead0f97ab41c7a7516936730bba82 P bcc77f1560a949c6b130d6b3c67653be [term 0 FOLLOWER]: Replica starting. Triggering 0 pending transactions. Active config: opid_index: -1 peers { permanent_uuid: "3b2a62766e5449f9ae2697a9113d09fb" member_type: VOTER last_known_addr { host: "127.42.236.2" port: 60090 } } peers { permanent_uuid: "ee4ffccf9eb5471297e208d202495ffe" member_type: VOTER last_known_addr { host: "127.42.236.1" port: 57816 } } peers { permanent_uuid: "bcc77f1560a949c6b130d6b3c67653be" member_type: VOTER last_known_addr { host: "127.42.236.0" port: 42768 } }
I0720 00:35:42.511430 12075 raft_consensus.cc:301] T e9eead0f97ab41c7a7516936730bba82 P bcc77f1560a949c6b130d6b3c67653be [term 0 FOLLOWER]: Consensus starting up: Expiring failure detector timer to make a prompt election more likely
I0720 00:35:42.511435 12074 tablet_bootstrap.cc:563] T e9eead0f97ab41c7a7516936730bba82 P ee4ffccf9eb5471297e208d202495ffe: Time spent opening tablet: real 0.000s user 0.000s sys 0.000s
I0720 00:35:42.511476 12075 raft_consensus.cc:499] T e9eead0f97ab41c7a7516936730bba82 P bcc77f1560a949c6b130d6b3c67653be [term 0 FOLLOWER]: Becoming Follower/Learner. State: Replica: bcc77f1560a949c6b130d6b3c67653be, State: 1, Role: FOLLOWER Watermarks: {Received: term: 0 index: 0 Committed: term: 0 index: 0}
I0720 00:35:42.511535 12075 consensus_queue.cc:162] T e9eead0f97ab41c7a7516936730bba82 P bcc77f1560a949c6b130d6b3c67653be [NON_LEADER]: Queue going to NON_LEADER mode. State: All replicated op: 0.0, Majority replicated op: 0.0, Committed index: 0.0, Last appended: 0.0, Current term: 0, Majority size: -1, State: 1, Mode: NON_LEADER
I0720 00:35:42.511627 12074 tablet_bootstrap.cc:503] T e9eead0f97ab41c7a7516936730bba82 P ee4ffccf9eb5471297e208d202495ffe: No blocks or log segments found. Creating new log.
I0720 00:35:42.512168 12075 ts_tablet_manager.cc:663] T e9eead0f97ab41c7a7516936730bba82 P bcc77f1560a949c6b130d6b3c67653be: Time spent starting tablet: real 0.002s user 0.000s sys 0.000s
I0720 00:35:42.512593 12023 catalog_manager.cc:1856] TS bcc77f1560a949c6b130d6b3c67653be does not have the latest schema for tablet e9eead0f97ab41c7a7516936730bba82 (table test-table [id=2a30b8d6c8764cdc9573a60ac5f96269]). Expected version 4 got 0
I0720 00:35:42.512756 12073 tablet_bootstrap.cc:400] T e9eead0f97ab41c7a7516936730bba82 P 3b2a62766e5449f9ae2697a9113d09fb: No bootstrap required, opened a new log
I0720 00:35:42.512907 12073 ts_tablet_manager.cc:636] T e9eead0f97ab41c7a7516936730bba82 P 3b2a62766e5449f9ae2697a9113d09fb: Time spent bootstrapping tablet: real 0.004s user 0.000s sys 0.000s
I0720 00:35:42.513623 12074 tablet_bootstrap.cc:400] T e9eead0f97ab41c7a7516936730bba82 P ee4ffccf9eb5471297e208d202495ffe: No bootstrap required, opened a new log
I0720 00:35:42.513716 12074 ts_tablet_manager.cc:636] T e9eead0f97ab41c7a7516936730bba82 P ee4ffccf9eb5471297e208d202495ffe: Time spent bootstrapping tablet: real 0.005s user 0.000s sys 0.000s
I0720 00:35:42.514094 12073 raft_consensus.cc:269] T e9eead0f97ab41c7a7516936730bba82 P 3b2a62766e5449f9ae2697a9113d09fb [term 0 FOLLOWER]: Replica starting. Triggering 0 pending transactions. Active config: opid_index: -1 peers { permanent_uuid: "3b2a62766e5449f9ae2697a9113d09fb" member_type: VOTER last_known_addr { host: "127.42.236.2" port: 60090 } } peers { permanent_uuid: "ee4ffccf9eb5471297e208d202495ffe" member_type: VOTER last_known_addr { host: "127.42.236.1" port: 57816 } } peers { permanent_uuid: "bcc77f1560a949c6b130d6b3c67653be" member_type: VOTER last_known_addr { host: "127.42.236.0" port: 42768 } }
I0720 00:35:42.514194 12073 raft_consensus.cc:301] T e9eead0f97ab41c7a7516936730bba82 P 3b2a62766e5449f9ae2697a9113d09fb [term 0 FOLLOWER]: Consensus starting up: Expiring failure detector timer to make a prompt election more likely
I0720 00:35:42.514271 12073 raft_consensus.cc:499] T e9eead0f97ab41c7a7516936730bba82 P 3b2a62766e5449f9ae2697a9113d09fb [term 0 FOLLOWER]: Becoming Follower/Learner. State: Replica: 3b2a62766e5449f9ae2697a9113d09fb, State: 1, Role: FOLLOWER Watermarks: {Received: term: 0 index: 0 Committed: term: 0 index: 0}
I0720 00:35:42.514343 12073 consensus_queue.cc:162] T e9eead0f97ab41c7a7516936730bba82 P 3b2a62766e5449f9ae2697a9113d09fb [NON_LEADER]: Queue going to NON_LEADER mode. State: All replicated op: 0.0, Majority replicated op: 0.0, Committed index: 0.0, Last appended: 0.0, Current term: 0, Majority size: -1, State: 1, Mode: NON_LEADER
W0720 00:35:42.514490 12023 catalog_manager.cc:2160] Unable to reset TS proxy: Not found: No leader found: Tablet e9eead0f97ab41c7a7516936730bba82 consensus state has no leader
W0720 00:35:42.514529 12023 catalog_manager.cc:2770] Failed to send alter table request: Not found: Failed to reset TS proxy: No leader found: Tablet e9eead0f97ab41c7a7516936730bba82 consensus state has no leader
I0720 00:35:42.514726 12074 raft_consensus.cc:269] T e9eead0f97ab41c7a7516936730bba82 P ee4ffccf9eb5471297e208d202495ffe [term 0 FOLLOWER]: Replica starting. Triggering 0 pending transactions. Active config: opid_index: -1 peers { permanent_uuid: "3b2a62766e5449f9ae2697a9113d09fb" member_type: VOTER last_known_addr { host: "127.42.236.2" port: 60090 } } peers { permanent_uuid: "ee4ffccf9eb5471297e208d202495ffe" member_type: VOTER last_known_addr { host: "127.42.236.1" port: 57816 } } peers { permanent_uuid: "bcc77f1560a949c6b130d6b3c67653be" member_type: VOTER last_known_addr { host: "127.42.236.0" port: 42768 } }
I0720 00:35:42.514792 12074 raft_consensus.cc:301] T e9eead0f97ab41c7a7516936730bba82 P ee4ffccf9eb5471297e208d202495ffe [term 0 FOLLOWER]: Consensus starting up: Expiring failure detector timer to make a prompt election more likely
I0720 00:35:42.514835 12074 raft_consensus.cc:499] T e9eead0f97ab41c7a7516936730bba82 P ee4ffccf9eb5471297e208d202495ffe [term 0 FOLLOWER]: Becoming Follower/Learner. State: Replica: ee4ffccf9eb5471297e208d202495ffe, State: 1, Role: FOLLOWER Watermarks: {Received: term: 0 index: 0 Committed: term: 0 index: 0}
I0720 00:35:42.514861 12073 ts_tablet_manager.cc:663] T e9eead0f97ab41c7a7516936730bba82 P 3b2a62766e5449f9ae2697a9113d09fb: Time spent starting tablet: real 0.002s user 0.000s sys 0.000s
I0720 00:35:42.514890 12074 consensus_queue.cc:162] T e9eead0f97ab41c7a7516936730bba82 P ee4ffccf9eb5471297e208d202495ffe [NON_LEADER]: Queue going to NON_LEADER mode. State: All replicated op: 0.0, Majority replicated op: 0.0, Committed index: 0.0, Last appended: 0.0, Current term: 0, Majority size: -1, State: 1, Mode: NON_LEADER
I0720 00:35:42.515683 12074 ts_tablet_manager.cc:663] T e9eead0f97ab41c7a7516936730bba82 P ee4ffccf9eb5471297e208d202495ffe: Time spent starting tablet: real 0.002s user 0.000s sys 0.000s
I0720 00:35:42.515971 12023 catalog_manager.cc:1856] TS 3b2a62766e5449f9ae2697a9113d09fb does not have the latest schema for tablet e9eead0f97ab41c7a7516936730bba82 (table test-table [id=2a30b8d6c8764cdc9573a60ac5f96269]). Expected version 4 got 0
W0720 00:35:42.517566 12023 catalog_manager.cc:2160] Unable to reset TS proxy: Not found: No leader found: Tablet e9eead0f97ab41c7a7516936730bba82 consensus state has no leader
W0720 00:35:42.517601 12023 catalog_manager.cc:2770] Failed to send alter table request: Not found: Failed to reset TS proxy: No leader found: Tablet e9eead0f97ab41c7a7516936730bba82 consensus state has no leader
I0720 00:35:42.517612 12022 catalog_manager.cc:1856] TS ee4ffccf9eb5471297e208d202495ffe does not have the latest schema for tablet e9eead0f97ab41c7a7516936730bba82 (table test-table [id=2a30b8d6c8764cdc9573a60ac5f96269]). Expected version 4 got 0
I0720 00:35:42.519073 12023 catalog_manager.cc:1856] TS 3b2a62766e5449f9ae2697a9113d09fb does not have the latest schema for tablet e9eead0f97ab41c7a7516936730bba82 (table test-table [id=2a30b8d6c8764cdc9573a60ac5f96269]). Expected version 4 got 0
W0720 00:35:42.519091 12022 catalog_manager.cc:2160] Unable to reset TS proxy: Not found: No leader found: Tablet e9eead0f97ab41c7a7516936730bba82 consensus state has no leader
W0720 00:35:42.519117 12022 catalog_manager.cc:2770] Failed to send alter table request: Not found: Failed to reset TS proxy: No leader found: Tablet e9eead0f97ab41c7a7516936730bba82 consensus state has no leader
W0720 00:35:42.520495 12023 catalog_manager.cc:2160] Unable to reset TS proxy: Not found: No leader found: Tablet e9eead0f97ab41c7a7516936730bba82 consensus state has no leader
W0720 00:35:42.520534 12023 catalog_manager.cc:2770] Failed to send alter table request: Not found: Failed to reset TS proxy: No leader found: Tablet e9eead0f97ab41c7a7516936730bba82 consensus state has no leader
I0720 00:35:42.923954 12086 raft_consensus.cc:370] T e9eead0f97ab41c7a7516936730bba82 P ee4ffccf9eb5471297e208d202495ffe [term 0 FOLLOWER]: No leader contacted us within the election timeout. Triggering leader election
I0720 00:35:42.924016 12086 raft_consensus.cc:2019] T e9eead0f97ab41c7a7516936730bba82 P ee4ffccf9eb5471297e208d202495ffe [term 0 FOLLOWER]: Advancing to term 1
I0720 00:35:42.924772 12086 raft_consensus.cc:1970] T e9eead0f97ab41c7a7516936730bba82 P ee4ffccf9eb5471297e208d202495ffe [term 1 FOLLOWER]: Snoozing failure detection for election timeout plus an additional 1.514s
I0720 00:35:42.924866 12086 raft_consensus.cc:386] T e9eead0f97ab41c7a7516936730bba82 P ee4ffccf9eb5471297e208d202495ffe [term 1 FOLLOWER]: Starting election with config: opid_index: -1 peers { permanent_uuid: "3b2a62766e5449f9ae2697a9113d09fb" member_type: VOTER last_known_addr { host: "127.42.236.2" port: 60090 } } peers { permanent_uuid: "ee4ffccf9eb5471297e208d202495ffe" member_type: VOTER last_known_addr { host: "127.42.236.1" port: 57816 } } peers { permanent_uuid: "bcc77f1560a949c6b130d6b3c67653be" member_type: VOTER last_known_addr { host: "127.42.236.0" port: 42768 } }
I0720 00:35:42.925851 12086 leader_election.cc:223] T e9eead0f97ab41c7a7516936730bba82 P ee4ffccf9eb5471297e208d202495ffe [CANDIDATE]: Term 1 election: Requesting vote from peer 3b2a62766e5449f9ae2697a9113d09fb
I0720 00:35:42.925967 12086 leader_election.cc:223] T e9eead0f97ab41c7a7516936730bba82 P ee4ffccf9eb5471297e208d202495ffe [CANDIDATE]: Term 1 election: Requesting vote from peer bcc77f1560a949c6b130d6b3c67653be
I0720 00:35:42.926506 11698 raft_consensus.cc:2019] T e9eead0f97ab41c7a7516936730bba82 P 3b2a62766e5449f9ae2697a9113d09fb [term 0 FOLLOWER]: Advancing to term 1
I0720 00:35:42.926538 11943 raft_consensus.cc:2019] T e9eead0f97ab41c7a7516936730bba82 P bcc77f1560a949c6b130d6b3c67653be [term 0 FOLLOWER]: Advancing to term 1
I0720 00:35:42.927119 11698 raft_consensus.cc:1970] T e9eead0f97ab41c7a7516936730bba82 P 3b2a62766e5449f9ae2697a9113d09fb [term 1 FOLLOWER]: Snoozing failure detection for election timeout plus an additional 1.563s
I0720 00:35:42.927151 11943 raft_consensus.cc:1970] T e9eead0f97ab41c7a7516936730bba82 P bcc77f1560a949c6b130d6b3c67653be [term 1 FOLLOWER]: Snoozing failure detection for election timeout plus an additional 1.511s
I0720 00:35:42.927611 11698 raft_consensus.cc:1677] T e9eead0f97ab41c7a7516936730bba82 P 3b2a62766e5449f9ae2697a9113d09fb [term 1 FOLLOWER]: Leader election vote request: Granting yes vote for candidate ee4ffccf9eb5471297e208d202495ffe in term 1.
I0720 00:35:42.927690 11943 raft_consensus.cc:1677] T e9eead0f97ab41c7a7516936730bba82 P bcc77f1560a949c6b130d6b3c67653be [term 1 FOLLOWER]: Leader election vote request: Granting yes vote for candidate ee4ffccf9eb5471297e208d202495ffe in term 1.
I0720 00:35:42.927978 11168 leader_election.cc:347] T e9eead0f97ab41c7a7516936730bba82 P ee4ffccf9eb5471297e208d202495ffe [CANDIDATE]: Term 1 election: Vote granted by peer bcc77f1560a949c6b130d6b3c67653be
I0720 00:35:42.928009 11168 leader_election.cc:248] T e9eead0f97ab41c7a7516936730bba82 P ee4ffccf9eb5471297e208d202495ffe [CANDIDATE]: Term 1 election: Election decided. Result: candidate won.
I0720 00:35:42.928068 11167 leader_election.cc:347] T e9eead0f97ab41c7a7516936730bba82 P ee4ffccf9eb5471297e208d202495ffe [CANDIDATE]: Term 1 election: Vote granted by peer 3b2a62766e5449f9ae2697a9113d09fb
I0720 00:35:42.928228 12087 raft_consensus.cc:1970] T e9eead0f97ab41c7a7516936730bba82 P ee4ffccf9eb5471297e208d202495ffe [term 1 FOLLOWER]: Snoozing failure detection for election timeout plus an additional 1.576s
I0720 00:35:42.928269 12087 raft_consensus.cc:1859] T e9eead0f97ab41c7a7516936730bba82 P ee4ffccf9eb5471297e208d202495ffe [term 1 FOLLOWER]: Leader election won for term 1
I0720 00:35:42.928609 12087 raft_consensus.cc:464] T e9eead0f97ab41c7a7516936730bba82 P ee4ffccf9eb5471297e208d202495ffe [term 1 LEADER]: Becoming Leader. State: Replica: ee4ffccf9eb5471297e208d202495ffe, State: 1, Role: LEADER Watermarks: {Received: term: 0 index: 0 Committed: term: 0 index: 0}
I0720 00:35:42.928696 12087 consensus_queue.cc:145] T e9eead0f97ab41c7a7516936730bba82 P ee4ffccf9eb5471297e208d202495ffe [LEADER]: Queue going to LEADER mode. State: All replicated op: 0.0, Majority replicated op: 0.0, Committed index: 0.0, Last appended: 0.0, Current term: 1, Majority size: 2, State: 1, Mode: LEADER, active raft config: opid_index: -1 peers { permanent_uuid: "3b2a62766e5449f9ae2697a9113d09fb" member_type: VOTER last_known_addr { host: "127.42.236.2" port: 60090 } } peers { permanent_uuid: "ee4ffccf9eb5471297e208d202495ffe" member_type: VOTER last_known_addr { host: "127.42.236.1" port: 57816 } } peers { permanent_uuid: "bcc77f1560a949c6b130d6b3c67653be" member_type: VOTER last_known_addr { host: "127.42.236.0" port: 42768 } }
W0720 00:35:42.930107 12091 raft_consensus_state.cc:541] T e9eead0f97ab41c7a7516936730bba82 P ee4ffccf9eb5471297e208d202495ffe [term 1 LEADER]: Can't advance the committed index across term boundaries until operations from the current term are replicated. Last committed operation was: term: 0 index: 0, New majority replicated is: term: 0 index: 0, Current term is: 1
I0720 00:35:42.930299 12023 catalog_manager.cc:1856] TS ee4ffccf9eb5471297e208d202495ffe does not have the latest schema for tablet e9eead0f97ab41c7a7516936730bba82 (table test-table [id=2a30b8d6c8764cdc9573a60ac5f96269]). Expected version 4 got 0
I0720 00:35:42.930413 12023 catalog_manager.cc:1957] Tablet: e9eead0f97ab41c7a7516936730bba82 reported consensus state change. New consensus state: current_term: 1 leader_uuid: "ee4ffccf9eb5471297e208d202495ffe" config { opid_index: -1 peers { permanent_uuid: "3b2a62766e5449f9ae2697a9113d09fb" member_type: VOTER last_known_addr { host: "127.42.236.2" port: 60090 } } peers { permanent_uuid: "ee4ffccf9eb5471297e208d202495ffe" member_type: VOTER last_known_addr { host: "127.42.236.1" port: 57816 } } peers { permanent_uuid: "bcc77f1560a949c6b130d6b3c67653be" member_type: VOTER last_known_addr { host: "127.42.236.0" port: 42768 } } }
I0720 00:35:42.934432 11698 raft_consensus.cc:869] T e9eead0f97ab41c7a7516936730bba82 P 3b2a62766e5449f9ae2697a9113d09fb [term 1 FOLLOWER]: Refusing update from remote peer ee4ffccf9eb5471297e208d202495ffe: Log matching property violated. Preceding OpId in replica: term: 0 index: 0. Preceding OpId from leader: term: 1 index: 2. (index mismatch)
I0720 00:35:42.934471 11943 raft_consensus.cc:869] T e9eead0f97ab41c7a7516936730bba82 P bcc77f1560a949c6b130d6b3c67653be [term 1 FOLLOWER]: Refusing update from remote peer ee4ffccf9eb5471297e208d202495ffe: Log matching property violated. Preceding OpId in replica: term: 0 index: 0. Preceding OpId from leader: term: 1 index: 2. (index mismatch)
I0720 00:35:42.934834 12088 consensus_queue.cc:578] T e9eead0f97ab41c7a7516936730bba82 P ee4ffccf9eb5471297e208d202495ffe [LEADER]: Connected to new peer: Peer: 3b2a62766e5449f9ae2697a9113d09fb, Is new: false, Last received: 0.0, Next index: 1, Last known committed idx: 0, Last exchange result: ERROR, Needs remote bootstrap: false
I0720 00:35:42.934945 12087 consensus_queue.cc:578] T e9eead0f97ab41c7a7516936730bba82 P ee4ffccf9eb5471297e208d202495ffe [LEADER]: Connected to new peer: Peer: bcc77f1560a949c6b130d6b3c67653be, Is new: false, Last received: 0.0, Next index: 1, Last known committed idx: 0, Last exchange result: ERROR, Needs remote bootstrap: false
I0720 00:35:42.937029 12023 catalog_manager.cc:1856] TS bcc77f1560a949c6b130d6b3c67653be does not have the latest schema for tablet e9eead0f97ab41c7a7516936730bba82 (table test-table [id=2a30b8d6c8764cdc9573a60ac5f96269]). Expected version 4 got 0
I0720 00:35:42.938050 12091 raft_consensus_state.cc:534] T e9eead0f97ab41c7a7516936730bba82 P ee4ffccf9eb5471297e208d202495ffe [term 1 LEADER]: Advanced the committed_index across terms. Last committed operation was: term: 0 index: 0 New committed index is: term: 1 index: 2
I0720 00:35:42.938153 12095 tablet.cc:824] T e9eead0f97ab41c7a7516936730bba82 Alter schema from Schema [ 10:key[int32 NOT NULL], 14:c186[int32 NOT NULL] ] version 0 to Schema [ 10:key[int32 NOT NULL], 14:c186[int32 NOT NULL] ] version 4
I0720 00:35:42.939908 12022 catalog_manager.cc:1856] TS 3b2a62766e5449f9ae2697a9113d09fb does not have the latest schema for tablet e9eead0f97ab41c7a7516936730bba82 (table test-table [id=2a30b8d6c8764cdc9573a60ac5f96269]). Expected version 4 got 0
I0720 00:35:42.940788 12097 tablet.cc:824] T e9eead0f97ab41c7a7516936730bba82 Alter schema from Schema [ 10:key[int32 NOT NULL], 14:c186[int32 NOT NULL] ] version 0 to Schema [ 10:key[int32 NOT NULL], 14:c186[int32 NOT NULL] ] version 4
I0720 00:35:42.941603 12096 tablet.cc:824] T e9eead0f97ab41c7a7516936730bba82 Alter schema from Schema [ 10:key[int32 NOT NULL], 14:c186[int32 NOT NULL] ] version 0 to Schema [ 10:key[int32 NOT NULL], 14:c186[int32 NOT NULL] ] version 4
I0720 00:35:42.942267 12021 catalog_manager.cc:1856] TS bcc77f1560a949c6b130d6b3c67653be does not have the latest schema for tablet e9eead0f97ab41c7a7516936730bba82 (table test-table [id=2a30b8d6c8764cdc9573a60ac5f96269]). Expected version 4 got 0
I0720 00:35:42.947304 12023 catalog_manager.cc:2970] test-table [id=2a30b8d6c8764cdc9573a60ac5f96269] - Alter table completed version=4
I0720 00:35:43.209651 10988 alter_table-randomized-test.cc:390] Beginning Alterations
I0720 00:35:43.210405 10988 alter_table-randomized-test.cc:471] Dropping range partition: [134217726, 201326589) resulting partitions: ()
I0720 00:35:43.210436 10988 alter_table-randomized-test.cc:412] Committing Alterations
I0720 00:35:43.210875 12021 catalog_manager.cc:1359] Servicing AlterTable request from {real_user=slave, eff_user=} at 127.0.0.1:46073: table { table_name: "test-table" } alter_schema_steps { type: DROP_RANGE_PARTITION drop_range_partition { range_bounds { rows: "\006\001\376\377\377\007\007\001\375\377\377\013" } } } schema { columns { name: "key" type: INT32 is_key: true is_nullable: false encoding: AUTO_ENCODING compression: DEFAULT_COMPRESSION cfile_block_size: 0 } columns { name: "c186" type: INT32 is_key: false is_nullable: false read_default_value: "qm\320\014" write_default_value: "qm\320\014" encoding: AUTO_ENCODING compression: DEFAULT_COMPRESSION cfile_block_size: 0 } }
I0720 00:35:43.213163 12021 catalog_manager.cc:2796] Sending DeleteTablet for 3 replicas of tablet e9eead0f97ab41c7a7516936730bba82
I0720 00:35:43.213192 12021 catalog_manager.cc:2812] T 00000000000000000000000000000000 P 1045dd375010469d9a77d8d8f93d4562: Deleting tablet e9eead0f97ab41c7a7516936730bba82 on peer 3b2a62766e5449f9ae2697a9113d09fb with delete type TABLET_DATA_DELETED (Partition dropped at 2016-07-20 00:35:43 UTC)
I0720 00:35:43.213266 12021 catalog_manager.cc:2812] T 00000000000000000000000000000000 P 1045dd375010469d9a77d8d8f93d4562: Deleting tablet e9eead0f97ab41c7a7516936730bba82 on peer ee4ffccf9eb5471297e208d202495ffe with delete type TABLET_DATA_DELETED (Partition dropped at 2016-07-20 00:35:43 UTC)
I0720 00:35:43.213505 12021 catalog_manager.cc:2812] T 00000000000000000000000000000000 P 1045dd375010469d9a77d8d8f93d4562: Deleting tablet e9eead0f97ab41c7a7516936730bba82 on peer bcc77f1560a949c6b130d6b3c67653be with delete type TABLET_DATA_DELETED (Partition dropped at 2016-07-20 00:35:43 UTC)
I0720 00:35:43.213521 11678 tablet_service.cc:651] Processing DeleteTablet for tablet e9eead0f97ab41c7a7516936730bba82 with delete_type TABLET_DATA_DELETED (Partition dropped at 2016-07-20 00:35:43 UTC) from {real_user=slave, eff_user=} at 127.0.0.1:56657
I0720 00:35:43.213567 11678 tablet_peer.cc:214] Initiating TabletPeer shutdown for tablet: e9eead0f97ab41c7a7516936730bba82
I0720 00:35:43.213613 11213 tablet_service.cc:651] Processing DeleteTablet for tablet e9eead0f97ab41c7a7516936730bba82 with delete_type TABLET_DATA_DELETED (Partition dropped at 2016-07-20 00:35:43 UTC) from {real_user=slave, eff_user=} at 127.0.0.1:60323
I0720 00:35:43.213624 11678 maintenance_manager.cc:176] Unregistered op CompactRowSetsOp(e9eead0f97ab41c7a7516936730bba82)
I0720 00:35:43.213639 11678 maintenance_manager.cc:176] Unregistered op MinorDeltaCompactionOp(e9eead0f97ab41c7a7516936730bba82)
I0720 00:35:43.213649 11678 maintenance_manager.cc:176] Unregistered op MajorDeltaCompactionOp(e9eead0f97ab41c7a7516936730bba82)
I0720 00:35:43.213651 11213 tablet_peer.cc:214] Initiating TabletPeer shutdown for tablet: e9eead0f97ab41c7a7516936730bba82
I0720 00:35:43.213665 11678 maintenance_manager.cc:176] Unregistered op FlushMRSOp(e9eead0f97ab41c7a7516936730bba82)
I0720 00:35:43.213675 11678 maintenance_manager.cc:176] Unregistered op FlushDeltaMemStoresOp(e9eead0f97ab41c7a7516936730bba82)
I0720 00:35:43.213682 11678 maintenance_manager.cc:176] Unregistered op LogGCOp(e9eead0f97ab41c7a7516936730bba82)
I0720 00:35:43.213701 11678 raft_consensus.cc:1495] T e9eead0f97ab41c7a7516936730bba82 P 3b2a62766e5449f9ae2697a9113d09fb [term 1 FOLLOWER]: Raft consensus shutting down.
I0720 00:35:43.213706 11213 maintenance_manager.cc:176] Unregistered op CompactRowSetsOp(e9eead0f97ab41c7a7516936730bba82)
I0720 00:35:43.213719 11213 maintenance_manager.cc:176] Unregistered op MinorDeltaCompactionOp(e9eead0f97ab41c7a7516936730bba82)
I0720 00:35:43.213729 11213 maintenance_manager.cc:176] Unregistered op MajorDeltaCompactionOp(e9eead0f97ab41c7a7516936730bba82)
I0720 00:35:43.213737 11678 raft_consensus.cc:1511] T e9eead0f97ab41c7a7516936730bba82 P 3b2a62766e5449f9ae2697a9113d09fb [term 1 FOLLOWER]: Raft consensus is shut down!
I0720 00:35:43.213745 11213 maintenance_manager.cc:176] Unregistered op FlushMRSOp(e9eead0f97ab41c7a7516936730bba82)
I0720 00:35:43.213754 11213 maintenance_manager.cc:176] Unregistered op FlushDeltaMemStoresOp(e9eead0f97ab41c7a7516936730bba82)
I0720 00:35:43.213762 11213 maintenance_manager.cc:176] Unregistered op LogGCOp(e9eead0f97ab41c7a7516936730bba82)
I0720 00:35:43.213770 11923 tablet_service.cc:651] Processing DeleteTablet for tablet e9eead0f97ab41c7a7516936730bba82 with delete_type TABLET_DATA_DELETED (Partition dropped at 2016-07-20 00:35:43 UTC) from {real_user=slave, eff_user=} at 127.0.0.1:36281
I0720 00:35:43.213779 11213 raft_consensus.cc:1495] T e9eead0f97ab41c7a7516936730bba82 P ee4ffccf9eb5471297e208d202495ffe [term 1 LEADER]: Raft consensus shutting down.
I0720 00:35:43.213804 11923 tablet_peer.cc:214] Initiating TabletPeer shutdown for tablet: e9eead0f97ab41c7a7516936730bba82
I0720 00:35:43.213851 11923 maintenance_manager.cc:176] Unregistered op CompactRowSetsOp(e9eead0f97ab41c7a7516936730bba82)
I0720 00:35:43.213942 11923 maintenance_manager.cc:176] Unregistered op MinorDeltaCompactionOp(e9eead0f97ab41c7a7516936730bba82)
I0720 00:35:43.213951 11923 maintenance_manager.cc:176] Unregistered op MajorDeltaCompactionOp(e9eead0f97ab41c7a7516936730bba82)
I0720 00:35:43.213950 11213 consensus_peers.cc:358] T e9eead0f97ab41c7a7516936730bba82 P ee4ffccf9eb5471297e208d202495ffe -> Peer bcc77f1560a949c6b130d6b3c67653be (127.42.236.0:42768): Closing peer: bcc77f1560a949c6b130d6b3c67653be
I0720 00:35:43.213971 11923 maintenance_manager.cc:176] Unregistered op FlushMRSOp(e9eead0f97ab41c7a7516936730bba82)
I0720 00:35:43.213981 11923 maintenance_manager.cc:176] Unregistered op FlushDeltaMemStoresOp(e9eead0f97ab41c7a7516936730bba82)
I0720 00:35:43.213989 11923 maintenance_manager.cc:176] Unregistered op LogGCOp(e9eead0f97ab41c7a7516936730bba82)
I0720 00:35:43.214010 11923 raft_consensus.cc:1495] T e9eead0f97ab41c7a7516936730bba82 P bcc77f1560a949c6b130d6b3c67653be [term 1 FOLLOWER]: Raft consensus shutting down.
I0720 00:35:43.214042 11213 consensus_peers.cc:358] T e9eead0f97ab41c7a7516936730bba82 P ee4ffccf9eb5471297e208d202495ffe -> Peer 3b2a62766e5449f9ae2697a9113d09fb (127.42.236.2:60090): Closing peer: 3b2a62766e5449f9ae2697a9113d09fb
I0720 00:35:43.214046 11923 raft_consensus.cc:1511] T e9eead0f97ab41c7a7516936730bba82 P bcc77f1560a949c6b130d6b3c67653be [term 1 FOLLOWER]: Raft consensus is shut down!
I0720 00:35:43.214293 11213 raft_consensus.cc:1511] T e9eead0f97ab41c7a7516936730bba82 P ee4ffccf9eb5471297e208d202495ffe [term 1 LEADER]: Raft consensus is shut down!
I0720 00:35:43.214866 11678 ts_tablet_manager.cc:960] T e9eead0f97ab41c7a7516936730bba82 P 3b2a62766e5449f9ae2697a9113d09fb: Deleting tablet data with delete state TABLET_DATA_DELETED
I0720 00:35:43.214999 11923 ts_tablet_manager.cc:960] T e9eead0f97ab41c7a7516936730bba82 P bcc77f1560a949c6b130d6b3c67653be: Deleting tablet data with delete state TABLET_DATA_DELETED
I0720 00:35:43.215528 10988 alter_table-randomized-test.cc:390] Beginning Alterations
I0720 00:35:43.215629 11213 ts_tablet_manager.cc:960] T e9eead0f97ab41c7a7516936730bba82 P ee4ffccf9eb5471297e208d202495ffe: Deleting tablet data with delete state TABLET_DATA_DELETED
I0720 00:35:43.216255 10988 alter_table-randomized-test.cc:418] Adding column c425, existing columns: key, c186
I0720 00:35:43.216282 10988 alter_table-randomized-test.cc:455] Adding range partition: [134217726, 201326589) resulting partitions: (134217726, 201326589)
I0720 00:35:43.216312 10988 alter_table-randomized-test.cc:455] Adding range partition: [1342177260, 1409286123) resulting partitions: (134217726, 201326589], (1342177260, 1409286123)
I0720 00:35:43.216327 10988 alter_table-randomized-test.cc:412] Committing Alterations
I0720 00:35:43.216326 11923 ts_tablet_manager.cc:970] T e9eead0f97ab41c7a7516936730bba82 P bcc77f1560a949c6b130d6b3c67653be: Tablet deleted. Last logged OpId: 1.9
I0720 00:35:43.216334 11678 ts_tablet_manager.cc:970] T e9eead0f97ab41c7a7516936730bba82 P 3b2a62766e5449f9ae2697a9113d09fb: Tablet deleted. Last logged OpId: 1.9
I0720 00:35:43.216647 11923 tablet_bootstrap.cc:400] T e9eead0f97ab41c7a7516936730bba82 P bcc77f1560a949c6b130d6b3c67653be: Deleted tablet blocks from disk
I0720 00:35:43.216668 11678 tablet_bootstrap.cc:400] T e9eead0f97ab41c7a7516936730bba82 P 3b2a62766e5449f9ae2697a9113d09fb: Deleted tablet blocks from disk
