I0711 00:38:52.828263 7621 raft_consensus_state.cc:559] T 13410a5b9e644e6f86b34bea173a5677 P 5d244bfce7964881aa25f36d26bb9cba [term 1 FOLLOWER]: Already marked ops through 1.6 as committed. Now trying to mark 0.0 which would be a no-op. 00:38:52.829 [INFO - kudu-tserver:64032] (MiniKuduCluster.java:429)
I0711 00:38:52.828279 7621 raft_consensus.cc:728] T 13410a5b9e644e6f86b34bea173a5677 P 5d244bfce7964881aa25f36d26bb9cba [term 1 FOLLOWER]: Starting transaction: term: 1 index: 7 00:38:52.828 [INFO - kudu-tserver:64036] (MiniKuduCluster.java:429)
I0711 00:38:52.822435 8227 consensus_queue.cc:455] T 13410a5b9e644e6f86b34bea173a5677 P b93116846b4a43a1a8398438c81d0239 [LEADER]: Updated all_replicated watermark from 1.6 to 1.6 00:38:52.829 [INFO - kudu-tserver:64036] (MiniKuduCluster.java:429)
I0711 00:38:52.822445 8227 log_cache.cc:391] T 13410a5b9e644e6f86b34bea173a5677 P b93116846b4a43a1a8398438c81d0239: Evicting log cache: after state: Pinned index: 7, LogCacheStats(num_ops=0, bytes=0) 00:38:52.829 [INFO - kudu-tserver:64036] (MiniKuduCluster.java:429)
I0711 00:38:52.822486 8240 raft_consensus.cc:588] T 13410a5b9e644e6f86b34bea173a5677 P b93116846b4a43a1a8398438c81d0239 [term 1 LEADER]: Marking majority replicated up to term: 1 index: 6 00:38:52.829 [INFO - kudu-tserver:64036] (MiniKuduCluster.java:429)
I0711 00:38:52.822499 8240 raft_consensus_state.cc:559] T 13410a5b9e644e6f86b34bea173a5677 P b93116846b4a43a1a8398438c81d0239 [term 1 LEADER]: Already marked ops through 1.6 as committed. Now trying to mark 1.6 which would be a no-op. 00:38:52.829 [INFO - kudu-tserver:64036] (MiniKuduCluster.java:429)
I0711 00:38:52.822551 8240 raft_consensus.cc:588] T 13410a5b9e644e6f86b34bea173a5677 P b93116846b4a43a1a8398438c81d0239 [term 1 LEADER]: Marking majority replicated up to term: 1 index: 6 00:38:52.829 [INFO - kudu-tserver:64036] (MiniKuduCluster.java:429)
I0711 00:38:52.822557 8240 raft_consensus_state.cc:559] T 13410a5b9e644e6f86b34bea173a5677 P b93116846b4a43a1a8398438c81d0239 [term 1 LEADER]: Already marked ops through 1.6 as committed. Now trying to mark 1.6 which would be a no-op. 00:38:52.829 [INFO - kudu-tserver:64032] (MiniKuduCluster.java:429)
I0711 00:38:52.828531 7621 raft_consensus.cc:1215] T 13410a5b9e644e6f86b34bea173a5677 P 5d244bfce7964881aa25f36d26bb9cba [term 1 FOLLOWER]: Marking committed up to term: 1 index: 6 00:38:52.830 [INFO - kudu-tserver:64032] (MiniKuduCluster.java:429)
I0711 00:38:52.828547 7621 raft_consensus_state.cc:559] T 13410a5b9e644e6f86b34bea173a5677 P 5d244bfce7964881aa25f36d26bb9cba [term 1 FOLLOWER]: Already marked ops through 1.6 as committed. Now trying to mark 1.6 which would be a no-op. 00:38:52.828 [INFO - kudu-tserver:64034] (MiniKuduCluster.java:429) . Response: responder_uuid: "8f3a2b7e9d2f4dc392f47ead5d0f114f" responder_term: 1 status { last_received { term: 1 index: 6 } last_committed_idx: 6 last_received_current_leader { term: 1 index: 6 } } 00:38:52.830 [INFO - kudu-tserver:64032] (MiniKuduCluster.java:429)
I0711 00:38:52.828593 8220 log_cache.cc:214] T 13410a5b9e644e6f86b34bea173a5677 P 5d244bfce7964881aa25f36d26bb9cba: Updating pinned index to 8 00:38:52.830 [INFO - kudu-tserver:64032] (MiniKuduCluster.java:429)
I0711 00:38:52.828632 8220 consensus_queue.cc:455] T 13410a5b9e644e6f86b34bea173a5677 P 5d244bfce7964881aa25f36d26bb9cba [NON_LEADER]: Updated all_replicated watermark from 1.6 to 1.7 00:38:52.830 [INFO - kudu-tserver:64032] (MiniKuduCluster.java:429)
I0711 00:38:52.828667 8220 log_cache.cc:391] T 13410a5b9e644e6f86b34bea173a5677 P 5d244bfce7964881aa25f36d26bb9cba: Evicting log cache: after state: Pinned index: 8, LogCacheStats(num_ops=1, bytes=871) 00:38:52.830 [INFO - kudu-tserver:64032] (MiniKuduCluster.java:429)
I0711 00:38:52.828721 7621 raft_consensus.cc:700] T 13410a5b9e644e6f86b34bea173a5677 P 5d244bfce7964881aa25f36d26bb9cba [term 1 FOLLOWER]: Replica replied to status only request. Replica: Replica: 5d244bfce7964881aa25f36d26bb9cba, State: 1, Role: FOLLOWER 00:38:52.830 [INFO - kudu-tserver:64032] (MiniKuduCluster.java:429) Watermarks: {Received: term: 1 index: 7 Committed: term: 1 index: 6} 00:38:52.830 [INFO - kudu-tserver:64032] (MiniKuduCluster.java:429) . Response: responder_uuid: "5d244bfce7964881aa25f36d26bb9cba" responder_term: 1 status { last_received { term: 1 index: 7 } last_committed_idx: 6 last_received_current_leader { term: 1 index: 7 } } 00:38:52.830 [DEBUG - Thread-8] (AsyncKuduScanner.java:812) Sending scan req: new_scan_request { tablet_id: "13410a5b9e644e6f86b34bea173a5677" limit: 9223372036854775807 projected_columns { name: "key" type: INT32 is_key: true is_nullable: false encoding: AUTO_ENCODING compression: DEFAULT_COMPRESSION cfile_block_size: 0 } projected_columns { name: "column1_i" type: INT32 is_key: false is_nullable: false encoding: AUTO_ENCODING compression: DEFAULT_COMPRESSION cfile_block_size: 0 } projected_columns { name: "column2_i" type: INT32 is_key: false is_nullable: false encoding: AUTO_ENCODING compression: DEFAULT_COMPRESSION cfile_block_size: 0 } projected_columns { name: "column3_s" type: STRING is_key: false is_nullable: true encoding: DICT_ENCODING compression: LZ4 cfile_block_size: 0 } projected_columns { name: "column4_b" type: BOOL is_key: false is_nullable: false encoding: AUTO_ENCODING compression: DEFAULT_COMPRESSION cfile_block_size: 0 } read_mode: READ_LATEST cache_blocks: true order_mode: UNORDERED } batch_size_bytes: 1048576 00:38:52.829 [INFO - kudu-tserver:64036] (MiniKuduCluster.java:429)
I0711 00:38:52.827657 8225 log_cache.cc:214] T 13410a5b9e644e6f86b34bea173a5677 P b93116846b4a43a1a8398438c81d0239: Updating pinned index to 8 00:38:52.831 [INFO - kudu-tserver:64036] (MiniKuduCluster.java:429)
I0711 00:38:52.827702 8225 consensus_queue.cc:455] T 13410a5b9e644e6f86b34bea173a5677 P b93116846b4a43a1a8398438c81d0239 [LEADER]: Updated majority_replicated watermark from 1.6 to 1.6 00:38:52.831 [INFO - kudu-tserver:64036] (MiniKuduCluster.java:429)
I0711 00:38:52.827713 8225 consensus_queue.cc:455] T 13410a5b9e644e6f86b34bea173a5677 P b93116846b4a43a1a8398438c81d0239 [LEADER]: Updated all_replicated watermark from 1.6 to 1.6 00:38:52.831 [INFO - kudu-tserver:64036] (MiniKuduCluster.java:429)
I0711 00:38:52.827726 8225 log_cache.cc:391] T 13410a5b9e644e6f86b34bea173a5677 P b93116846b4a43a1a8398438c81d0239: Evicting log cache: after state: Pinned index: 8, LogCacheStats(num_ops=1, bytes=847) 00:38:52.831 [INFO - kudu-tserver:64036] (MiniKuduCluster.java:429)
I0711 00:38:52.827826 8240 raft_consensus.cc:588] T 13410a5b9e644e6f86b34bea173a5677 P b93116846b4a43a1a8398438c81d0239 [term 1 LEADER]: Marking majority replicated up to term: 1 index: 6 00:38:52.831 [INFO - kudu-tserver:64036] (MiniKuduCluster.java:429)
I0711 00:38:52.827838 8240 raft_consensus_state.cc:559] T 13410a5b9e644e6f86b34bea173a5677 P b93116846b4a43a1a8398438c81d0239 [term 1 LEADER]: Already marked ops through 1.6 as committed. Now trying to mark 1.6 which would be a no-op. 00:38:52.831 [INFO - kudu-tserver:64036] (MiniKuduCluster.java:429)
I0711 00:38:52.829061 8236 consensus_queue.cc:455] T 13410a5b9e644e6f86b34bea173a5677 P b93116846b4a43a1a8398438c81d0239 [LEADER]: Updated majority_replicated watermark from 1.6 to 1.7 00:38:52.831 [INFO - kudu-tserver:64036] (MiniKuduCluster.java:429)
I0711 00:38:52.829078 8236 consensus_queue.cc:455] T 13410a5b9e644e6f86b34bea173a5677 P b93116846b4a43a1a8398438c81d0239 [LEADER]: Updated all_replicated watermark from 1.6 to 1.6 00:38:52.829 [DEBUG - New I/O worker #134] (TabletClient.java:636) [Peer b93116846b4a43a1a8398438c81d0239] [id: 0xe79a4fff, /127.0.0.1:48701 => /127.29.29.1:64036] RECEIVED: BigEndianHeapChannelBuffer(ridx=0, widx=19, cap=19) 00:38:52.831 [DEBUG - New I/O worker #134] (TabletClient.java:359) ------------------>> ENTERING DECODE >>------------------ 00:38:52.831 [INFO - kudu-tserver:64036] (MiniKuduCluster.java:429)
I0711 00:38:52.829089 8236 log_cache.cc:391] T 13410a5b9e644e6f86b34bea173a5677 P b93116846b4a43a1a8398438c81d0239: Evicting log cache: after state: Pinned index: 8, LogCacheStats(num_ops=1, bytes=847) 00:38:52.832 [DEBUG - New I/O worker #134] (TabletClient.java:426) [Peer b93116846b4a43a1a8398438c81d0239] rpcid=6, response size=19 bytes, 0 readable bytes left, rpc=KuduRpc(method=Write, tablet=13410a5b9e644e6f86b34bea173a5677, attempt=1, DeadlineTracker(timeout=30000, elapsed=7), Deferred@1763848131(state=PENDING, result=null, callback=wakeup thread Thread-7, errback=wakeup thread Thread-7)) row_key=(int32 key=5) 00:38:52.831 [DEBUG - Thread-8] (TabletClient.java:261) [Peer b93116846b4a43a1a8398438c81d0239] [id: 0xe79a4fff, /127.0.0.1:48701 => /127.29.29.1:64036] Sending RPC #7, payload=BigEndianHeapChannelBuffer(ridx=0, widx=230, cap=230) "\x00\x00\x00\xE2/\x18\x072(\n kudu.tserver.TabletServerService\x12\x04ScanP\xF4\x03\xB0\x01\x12\xA9\x01\n 13410a5b9e644e6f86b34bea173a5677\x10\xFF\xFF\xFF\xFF\xFF\xFF\xFF\xFF\x7F"\x11\x12\x03key\x18\x05 \x01(\x00@\x00H\x00P\x00"\x17\x12\tcolumn1_i\x18\x05 \x00(\x00@\x00H\x00P\x00"\x17\x12\tcolumn2_i\x18\x05 \x00(\x00@\x00H\x00P\x00"\x17\x12\tcolumn3_s\x18\x08 \x00(\x01@\x05H\x03P\x00"\x17\x12\tcolumn4_b\x18\t \x00(\x00@\x00H\x00P\x00(\x01P\x01X\x01 \x80\x80@" 00:38:52.830 [INFO - kudu-tserver:64034] (MiniKuduCluster.java:429)
I0711 00:38:52.828256 7836 raft_consensus.cc:1104] T 13410a5b9e644e6f86b34bea173a5677 P 8f3a2b7e9d2f4dc392f47ead5d0f114f [term 1 FOLLOWER]: Early marking committed up to term: 0 index: 0 00:38:52.832 [INFO - kudu-tserver:64034] (MiniKuduCluster.java:429)
I0711 00:38:52.828274 7836 raft_consensus_state.cc:559] T 13410a5b9e644e6f86b34bea173a5677 P 8f3a2b7e9d2f4dc392f47ead5d0f114f [term 1 FOLLOWER]: Already marked ops through 1.6 as committed. Now trying to mark 0.0 which would be a no-op. 00:38:52.832 [INFO - kudu-tserver:64034] (MiniKuduCluster.java:429)
I0711 00:38:52.828289 7836 raft_consensus.cc:728] T 13410a5b9e644e6f86b34bea173a5677 P 8f3a2b7e9d2f4dc392f47ead5d0f114f [term 1 FOLLOWER]: Starting transaction: term: 1 index: 7 00:38:52.832 [INFO - kudu-tserver:64034] (MiniKuduCluster.java:429)
I0711 00:38:52.828560 7836 raft_consensus.cc:1215] T 13410a5b9e644e6f86b34bea173a5677 P 8f3a2b7e9d2f4dc392f47ead5d0f114f [term 1 FOLLOWER]: Marking committed up to term: 1 index: 6 00:38:52.832 [DEBUG - New I/O worker #134] (TabletClient.java:491) ------------------<< LEAVING DECODE <<------------------ time elapsed: 442us 00:38:52.832 [INFO - kudu-tserver:64036] (MiniKuduCluster.java:429)
I0711 00:38:52.829125 8227 consensus_queue.cc:455] T 13410a5b9e644e6f86b34bea173a5677 P b93116846b4a43a1a8398438c81d0239 [LEADER]: Updated majority_replicated watermark from 1.7 to 1.7 00:38:52.833 [DEBUG - New I/O worker #134] (TabletClient.java:636) [Peer b93116846b4a43a1a8398438c81d0239] [id: 0xe79a4fff, /127.0.0.1:48701 => /127.29.29.1:64036] WRITTEN_AMOUNT: 230 00:38:52.832 [INFO - kudu-tserver:64034] (MiniKuduCluster.java:429)
I0711 00:38:52.828577 7836 raft_consensus_state.cc:559] T 13410a5b9e644e6f86b34bea173a5677 P 8f3a2b7e9d2f4dc392f47ead5d0f114f [term 1 FOLLOWER]: Already marked ops through 1.6 as committed. Now trying to mark 1.6 which would be a no-op. 00:38:52.833 [INFO - kudu-tserver:64034] (MiniKuduCluster.java:429)
I0711 00:38:52.828630 8216 log_cache.cc:214] T 13410a5b9e644e6f86b34bea173a5677 P 8f3a2b7e9d2f4dc392f47ead5d0f114f: Updating pinned index to 8 00:38:52.833 [INFO - kudu-tserver:64034] (MiniKuduCluster.java:429)
I0711 00:38:52.828660 8216 consensus_queue.cc:455] T 13410a5b9e644e6f86b34bea173a5677 P 8f3a2b7e9d2f4dc392f47ead5d0f114f [NON_LEADER]: Updated all_replicated watermark from 1.6 to 1.7 00:38:52.833 [INFO - kudu-tserver:64034] (MiniKuduCluster.java:429)
I0711 00:38:52.828692 8216 log_cache.cc:391] T 13410a5b9e644e6f86b34bea173a5677 P 8f3a2b7e9d2f4dc392f47ead5d0f114f: Evicting log cache: after state: Pinned index: 8, LogCacheStats(num_ops=1, bytes=871) 00:38:52.833 [INFO - kudu-tserver:64034] (MiniKuduCluster.java:429)
I0711 00:38:52.828774 7836 raft_consensus.cc:700] T 13410a5b9e644e6f86b34bea173a5677 P 8f3a2b7e9d2f4dc392f47ead5d0f114f [term 1 FOLLOWER]: Replica replied to status only request. Replica: Replica: 8f3a2b7e9d2f4dc392f47ead5d0f114f, State: 1, Role: FOLLOWER 00:38:52.833 [INFO - kudu-tserver:64034] (MiniKuduCluster.java:429) Watermarks: {Received: term: 1 index: 7 Committed: term: 1 index: 6} 00:38:52.833 [INFO - kudu-tserver:64034] (MiniKuduCluster.java:429) . Response: responder_uuid: "8f3a2b7e9d2f4dc392f47ead5d0f114f" responder_term: 1 status { last_received { term: 1 index: 7 } last_committed_idx: 6 last_received_current_leader { term: 1 index: 7 } } 00:38:52.834 [INFO - kudu-tserver:64034] (MiniKuduCluster.java:429)
I0711 00:38:52.829797 7836 raft_consensus.cc:1104] T 13410a5b9e644e6f86b34bea173a5677 P 8f3a2b7e9d2f4dc392f47ead5d0f114f [term 1 FOLLOWER]: Early marking committed up to term: 1 index: 7 00:38:52.834 [INFO - kudu-tserver:64034] (MiniKuduCluster.java:429)
I0711 00:38:52.829813 7836 raft_consensus_state.cc:578] T 13410a5b9e644e6f86b34bea173a5677 P 8f3a2b7e9d2f4dc392f47ead5d0f114f [term 1 FOLLOWER]: Last triggered apply was: term: 1 index: 6 Starting to apply from log index: 7 00:38:52.832 [DEBUG - Thread-7] (TabletClient.java:261) [Peer b93116846b4a43a1a8398438c81d0239] [id: 0xe79a4fff, /127.0.0.1:48701 => /127.29.29.1:64036] Sending RPC #8, payload=BigEndianHeapChannelBuffer(ridx=0, widx=258, cap=258) "\x00\x00\x00\xFE0\x18\x082)\n kudu.tserver.TabletServerService\x12\x05WriteP\xF4\x03\xCB\x01\n 13410a5b9e644e6f86b34bea173a5677\x12w\n\x11\x12\x03key\x18\x05 \x01(\x00@\x00H\x00P\x00\n\x17\x12\tcolumn1_i\x18\x05 \x00(\x00@\x00H\x00P\x00\n\x17\x12\tcolumn2_i\x18\x05 \x00(\x00@\x00H\x00P\x00\n\x17\x12\tcolumn3_s\x18\x08 \x00(\x01@\x05H\x03P\x00\n\x17\x12\tcolumn4_b\x18\t \x00(\x00@\x00H\x00P\x00\x1A,\x12 \x01\x1F\x00\x06\x00\x00\x00\x02\x00\x00\x00\x03\x00\x00\x00\x00\x00\x00\x00\x00\x00\x00\x00\x08\x00\x00\x00\x00\x00\x00\x00\x01\x1A\x08a string \x01" 00:38:52.834 [INFO - kudu-tserver:64034] (MiniKuduCluster.java:429)
I0711 00:38:52.829890 7836 raft_consensus.cc:1215] T 13410a5b9e644e6f86b34bea173a5677 P 8f3a2b7e9d2f4dc392f47ead5d0f114f [term 1 FOLLOWER]: Marking committed up to term: 1 index: 7 00:38:52.834 [INFO - kudu-tserver:64034] (MiniKuduCluster.java:429)
I0711 00:38:52.829903 7836 raft_consensus_state.cc:559] T 13410a5b9e644e6f86b34bea173a5677 P 8f3a2b7e9d2f4dc392f47ead5d0f114f [term 1 FOLLOWER]: Already marked ops through 1.7 as committed. Now trying to mark 1.7 which would be a no-op. 00:38:52.834 [INFO - kudu-tserver:64034] (MiniKuduCluster.java:429)
I0711 00:38:52.829936 7836 raft_consensus.cc:700] T 13410a5b9e644e6f86b34bea173a5677 P 8f3a2b7e9d2f4dc392f47ead5d0f114f [term 1 FOLLOWER]: Replica replied to status only request. Replica: Replica: 8f3a2b7e9d2f4dc392f47ead5d0f114f, State: 1, Role: FOLLOWER 00:38:52.835 [INFO - kudu-tserver:64034] (MiniKuduCluster.java:429) Watermarks: {Received: term: 1 index: 7 Committed: term: 1 index: 7} 00:38:52.835 [INFO - kudu-tserver:64034] (MiniKuduCluster.java:429) . Response: responder_uuid: "8f3a2b7e9d2f4dc392f47ead5d0f114f" responder_term: 1 status { last_received { term: 1 index: 7 } last_committed_idx: 7 last_received_current_leader { term: 1 index: 7 } } 00:38:52.833 [INFO - kudu-tserver:64036] (MiniKuduCluster.java:429)
I0711 00:38:52.829144 8227 consensus_queue.cc:455] T 13410a5b9e644e6f86b34bea173a5677 P b93116846b4a43a1a8398438c81d0239 [LEADER]: Updated all_replicated watermark from 1.6 to 1.7 00:38:52.835 [INFO - kudu-tserver:64036] (MiniKuduCluster.java:429)
I0711 00:38:52.829160 8227 log_cache.cc:391] T 13410a5b9e644e6f86b34bea173a5677 P b93116846b4a43a1a8398438c81d0239: Evicting log cache: after state: Pinned index: 8, LogCacheStats(num_ops=1, bytes=847) 00:38:52.835 [INFO - kudu-tserver:64036] (MiniKuduCluster.java:429)
I0711 00:38:52.829198 8240 raft_consensus.cc:588] T 13410a5b9e644e6f86b34bea173a5677 P b93116846b4a43a1a8398438c81d0239 [term 1 LEADER]: Marking majority replicated up to term: 1 index: 7 00:38:52.835 [INFO - kudu-tserver:64036] (MiniKuduCluster.java:429)
I0711 00:38:52.829224 8240 raft_consensus_state.cc:578] T 13410a5b9e644e6f86b34bea173a5677 P b93116846b4a43a1a8398438c81d0239 [term 1 LEADER]: Last triggered apply was: term: 1 index: 6 Starting to apply from log index: 7 00:38:52.835 [INFO - kudu-tserver:64036] (MiniKuduCluster.java:429)
I0711 00:38:52.829435 8240 raft_consensus.cc:588] T 13410a5b9e644e6f86b34bea173a5677 P b93116846b4a43a1a8398438c81d0239 [term 1 LEADER]: Marking majority replicated up to term: 1 index: 7 00:38:52.835 [INFO - kudu-tserver:64036] (MiniKuduCluster.java:429)
I0711 00:38:52.829447 8240 raft_consensus_state.cc:559] T 13410a5b9e644e6f86b34bea173a5677 P b93116846b4a43a1a8398438c81d0239 [term 1 LEADER]: Already marked ops through 1.7 as committed. Now trying to mark 1.7 which would be a no-op. 00:38:52.834 [DEBUG - New I/O worker #134] (TabletClient.java:636) [Peer b93116846b4a43a1a8398438c81d0239] [id: 0xe79a4fff, /127.0.0.1:48701 => /127.29.29.1:64036] WRITTEN_AMOUNT: 258 00:38:52.835 [INFO - kudu-tserver:64036] (MiniKuduCluster.java:429)
I0711 00:38:52.830271 8227 consensus_queue.cc:455] T 13410a5b9e644e6f86b34bea173a5677 P b93116846b4a43a1a8398438c81d0239 [LEADER]: Updated majority_replicated watermark from 1.7 to 1.7 00:38:52.836 [INFO - kudu-tserver:64036] (MiniKuduCluster.java:429)
I0711 00:38:52.830286 8227 consensus_queue.cc:455] T 13410a5b9e644e6f86b34bea173a5677 P b93116846b4a43a1a8398438c81d0239 [LEADER]: Updated all_replicated watermark from 1.7 to 1.7 00:38:52.836 [INFO - kudu-tserver:64036] (MiniKuduCluster.java:429)
I0711 00:38:52.830323 8227 log_cache.cc:391] T 13410a5b9e644e6f86b34bea173a5677 P b93116846b4a43a1a8398438c81d0239: Evicting log cache: after state: Pinned index: 8, LogCacheStats(num_ops=0, bytes=0) 00:38:52.836 [INFO - kudu-tserver:64036] (MiniKuduCluster.java:429)
I0711 00:38:52.830430 8240 raft_consensus.cc:588] T 13410a5b9e644e6f86b34bea173a5677 P b93116846b4a43a1a8398438c81d0239 [term 1 LEADER]: Marking majority replicated up to term: 1 index: 7 00:38:52.836 [INFO - kudu-tserver:64036] (MiniKuduCluster.java:429)
I0711 00:38:52.830442 8240 raft_consensus_state.cc:559] T 13410a5b9e644e6f86b34bea173a5677 P b93116846b4a43a1a8398438c81d0239 [term 1 LEADER]: Already marked ops through 1.7 as committed. Now trying to mark 1.7 which would be a no-op. 00:38:52.836 [INFO - kudu-tserver:64036] (MiniKuduCluster.java:429)
I0711 00:38:52.834064 7913 tablet_service.cc:1501] Started scanner b45758f782ae461fa756d85d3214b62f: tablet iterator: Union(memrowset iterator) 00:38:52.836 [INFO - kudu-tserver:64036] (MiniKuduCluster.java:429)
I0711 00:38:52.835765 8225 log_cache.cc:214] T 13410a5b9e644e6f86b34bea173a5677 P b93116846b4a43a1a8398438c81d0239: Updating pinned index to 9 00:38:52.836 [INFO - kudu-tserver:64036] (MiniKuduCluster.java:429)
I0711 00:38:52.835796 8225 consensus_queue.cc:455] T 13410a5b9e644e6f86b34bea173a5677 P b93116846b4a43a1a8398438c81d0239 [LEADER]: Updated majority_replicated watermark from 1.7 to 1.7 00:38:52.836 [DEBUG - New I/O worker #134] (TabletClient.java:636) [Peer b93116846b4a43a1a8398438c81d0239] [id: 0xe79a4fff, /127.0.0.1:48701 => /127.29.29.1:64036] RECEIVED: BigEndianHeapChannelBuffer(ridx=0, widx=266, cap=266) 00:38:52.836 [DEBUG - New I/O worker #134] (TabletClient.java:359) ------------------>> ENTERING DECODE >>------------------ 00:38:52.836 [INFO - kudu-tserver:64036] (MiniKuduCluster.java:429)
I0711 00:38:52.835815 8225 consensus_queue.cc:455] T 13410a5b9e644e6f86b34bea173a5677 P b93116846b4a43a1a8398438c81d0239 [LEADER]: Updated all_replicated watermark from 1.7 to 1.7 00:38:52.837 [INFO - kudu-tserver:64036] (MiniKuduCluster.java:429)
I0711 00:38:52.835825 8225 log_cache.cc:391] T 13410a5b9e644e6f86b34bea173a5677 P b93116846b4a43a1a8398438c81d0239: Evicting log cache: after state: Pinned index: 9, LogCacheStats(num_ops=1, bytes=847) 00:38:52.836 [INFO - kudu-tserver:64032] (MiniKuduCluster.java:429)
I0711 00:38:52.836302 7621 raft_consensus.cc:1104] T 13410a5b9e644e6f86b34bea173a5677 P 5d244bfce7964881aa25f36d26bb9cba [term 1 FOLLOWER]: Early marking committed up to term: 1 index: 7 00:38:52.837 [INFO - kudu-tserver:64032] (MiniKuduCluster.java:429)
I0711 00:38:52.836329 7621 raft_consensus_state.cc:578] T 13410a5b9e644e6f86b34bea173a5677 P 5d244bfce7964881aa25f36d26bb9cba [term 1 FOLLOWER]: Last triggered apply was: term: 1 index: 6 Starting to apply from log index: 7 00:38:52.836 [INFO - kudu-tserver:64034] (MiniKuduCluster.java:429)
I0711 00:38:52.836275 7836 raft_consensus.cc:1104] T 13410a5b9e644e6f86b34bea173a5677 P 8f3a2b7e9d2f4dc392f47ead5d0f114f [term 1 FOLLOWER]: Early marking committed up to term: 0 index: 0 00:38:52.837 [INFO - kudu-tserver:64032] (MiniKuduCluster.java:429)
I0711 00:38:52.836416 7621 raft_consensus.cc:728] T 13410a5b9e644e6f86b34bea173a5677 P 5d244bfce7964881aa25f36d26bb9cba [term 1 FOLLOWER]: Starting transaction: term: 1 index: 8 00:38:52.837 [INFO - kudu-tserver:64032] (MiniKuduCluster.java:429)
I0711 00:38:52.836611 7621 raft_consensus.cc:1215] T 13410a5b9e644e6f86b34bea173a5677 P 5d244bfce7964881aa25f36d26bb9cba [term 1 FOLLOWER]: Marking committed up to term: 1 index: 7 00:38:52.837 [INFO - kudu-tserver:64032] (MiniKuduCluster.java:429)
I0711 00:38:52.836627 7621 raft_consensus_state.cc:559] T 13410a5b9e644e6f86b34bea173a5677 P 5d244bfce7964881aa25f36d26bb9cba [term 1 FOLLOWER]: Already marked ops through 1.7 as committed. Now trying to mark 1.7 which would be a no-op. 00:38:52.837 [INFO - kudu-tserver:64032] (MiniKuduCluster.java:429)
I0711 00:38:52.836679 8220 log_cache.cc:214] T 13410a5b9e644e6f86b34bea173a5677 P 5d244bfce7964881aa25f36d26bb9cba: Updating pinned index to 9 00:38:52.837 [INFO - kudu-tserver:64036] (MiniKuduCluster.java:429)
I0711 00:38:52.835943 8240 raft_consensus.cc:588] T 13410a5b9e644e6f86b34bea173a5677 P b93116846b4a43a1a8398438c81d0239 [term 1 LEADER]: Marking majority replicated up to term: 1 index: 7 00:38:52.838 [INFO - kudu-tserver:64032] (MiniKuduCluster.java:429)
I0711 00:38:52.836707 8220 consensus_queue.cc:455] T 13410a5b9e644e6f86b34bea173a5677 P 5d244bfce7964881aa25f36d26bb9cba [NON_LEADER]: Updated all_replicated watermark from 1.7 to 1.8 00:38:52.838 [INFO - kudu-tserver:64032] (MiniKuduCluster.java:429)
I0711 00:38:52.836737 8220 log_cache.cc:391] T 13410a5b9e644e6f86b34bea173a5677 P 5d244bfce7964881aa25f36d26bb9cba: Evicting log cache: after state: Pinned index: 9, LogCacheStats(num_ops=1, bytes=871) 00:38:52.838 [INFO - kudu-tserver:64032] (MiniKuduCluster.java:429)
I0711 00:38:52.836859 7621 raft_consensus.cc:700] T 13410a5b9e644e6f86b34bea173a5677 P 5d244bfce7964881aa25f36d26bb9cba [term 1 FOLLOWER]: Replica replied to status only request. Replica: Replica: 5d244bfce7964881aa25f36d26bb9cba, State: 1, Role: FOLLOWER 00:38:52.838 [INFO - kudu-tserver:64032] (MiniKuduCluster.java:429) Watermarks: {Received: term: 1 index: 8 Committed: term: 1 index: 7} 00:38:52.838 [INFO - kudu-tserver:64032] (MiniKuduCluster.java:429) . Response: responder_uuid: "5d244bfce7964881aa25f36d26bb9cba" responder_term: 1 status { last_received { term: 1 index: 8 } last_committed_idx: 7 last_received_current_leader { term: 1 index: 8 } } 00:38:52.837 [INFO - kudu-tserver:64034] (MiniKuduCluster.java:429)
I0711 00:38:52.836300 7836 raft_consensus_state.cc:559] T 13410a5b9e644e6f86b34bea173a5677 P 8f3a2b7e9d2f4dc392f47ead5d0f114f [term 1 FOLLOWER]: Already marked ops through 1.7 as committed. Now trying to mark 0.0 which would be a no-op. 00:38:52.838 [INFO - kudu-tserver:64032] (MiniKuduCluster.java:429)
I0711 00:38:52.837911 7621 raft_consensus.cc:1104] T 13410a5b9e644e6f86b34bea173a5677 P 5d244bfce7964881aa25f36d26bb9cba [term 1 FOLLOWER]: Early marking committed up to term: 1 index: 8 00:38:52.838 [INFO - kudu-tserver:64032] (MiniKuduCluster.java:429)
I0711 00:38:52.837944 7621 raft_consensus_state.cc:578] T 13410a5b9e644e6f86b34bea173a5677 P 5d244bfce7964881aa25f36d26bb9cba [term 1 FOLLOWER]: Last triggered apply was: term: 1 index: 7 Starting to apply from log index: 8 00:38:52.839 [INFO - kudu-tserver:64032] (MiniKuduCluster.java:429)
I0711 00:38:52.838024 7621 raft_consensus.cc:1215] T 13410a5b9e644e6f86b34bea173a5677 P 5d244bfce7964881aa25f36d26bb9cba [term 1 FOLLOWER]: Marking committed up to term: 1 index: 8 00:38:52.839 [INFO - kudu-tserver:64032] (MiniKuduCluster.java:429)
I0711 00:38:52.838037 7621 raft_consensus_state.cc:559] T 13410a5b9e644e6f86b34bea173a5677 P 5d244bfce7964881aa25f36d26bb9cba [term 1 FOLLOWER]: Already marked ops through 1.8 as committed. Now trying to mark 1.8 which would be a no-op. 00:38:52.839 [INFO - kudu-tserver:64032] (MiniKuduCluster.java:429)
I0711 00:38:52.838071 7621 raft_consensus.cc:700] T 13410a5b9e644e6f86b34bea173a5677 P 5d244bfce7964881aa25f36d26bb9cba [term 1 FOLLOWER]: Replica replied to status only request. Replica: Replica: 5d244bfce7964881aa25f36d26bb9cba, State: 1, Role: FOLLOWER 00:38:52.839 [INFO - kudu-tserver:64032] (MiniKuduCluster.java:429) Watermarks: {Received: term: 1 index: 8 Committed: term: 1 index: 8} 00:38:52.839 [INFO - kudu-tserver:64032] (MiniKuduCluster.java:429) . Response: responder_uuid: "5d244bfce7964881aa25f36d26bb9cba" responder_term: 1 status { last_received { term: 1 index: 8 } last_committed_idx: 8 last_received_current_leader { term: 1 index: 8 } } 00:38:52.838 [DEBUG - New I/O worker #134] (AsyncKuduScanner.java:847) AsyncKuduScanner$Response(scannerId="", data=RowResultIterator for 6 rows, more=false) 00:38:52.838 [INFO - kudu-tserver:64036] (MiniKuduCluster.java:429)
I0711 00:38:52.835954 8240 raft_consensus_state.cc:559] T 13410a5b9e644e6f86b34bea173a5677 P b93116846b4a43a1a8398438c81d0239 [term 1 LEADER]: Already marked ops through 1.7 as committed. Now trying to mark 1.7 which would be a no-op. 00:38:52.839 [INFO - kudu-tserver:64036] (MiniKuduCluster.java:429)
I0711 00:38:52.837168 8227 consensus_queue.cc:455] T 13410a5b9e644e6f86b34bea173a5677 P b93116846b4a43a1a8398438c81d0239 [LEADER]: Updated majority_replicated watermark from 1.7 to 1.8 00:38:52.839 [INFO - kudu-tserver:64036] (MiniKuduCluster.java:429)
I0711 00:38:52.837187 8227 consensus_queue.cc:455] T 13410a5b9e644e6f86b34bea173a5677 P b93116846b4a43a1a8398438c81d0239 [LEADER]: Updated all_replicated watermark from 1.7 to 1.7 00:38:52.839 [INFO - kudu-tserver:64036] (MiniKuduCluster.java:429)
I0711 00:38:52.837196 8227 log_cache.cc:391] T 13410a5b9e644e6f86b34bea173a5677 P b93116846b4a43a1a8398438c81d0239: Evicting log cache: after state: Pinned index: 9, LogCacheStats(num_ops=1, bytes=847) 00:38:52.840 [INFO - kudu-tserver:64036] (MiniKuduCluster.java:429)
I0711 00:38:52.837301 8240 raft_consensus.cc:588] T 13410a5b9e644e6f86b34bea173a5677 P b93116846b4a43a1a8398438c81d0239 [term 1 LEADER]: Marking majority replicated up to term: 1 index: 8 00:38:52.840 [INFO - kudu-tserver:64036] (MiniKuduCluster.java:429)
I0711 00:38:52.837316 8240 raft_consensus_state.cc:578] T 13410a5b9e644e6f86b34bea173a5677 P b93116846b4a43a1a8398438c81d0239 [term 1 LEADER]: Last triggered apply was: term: 1 index: 7 Starting to apply from log index: 8 00:38:52.839 [DEBUG - New I/O worker #134] (TabletClient.java:426) [Peer b93116846b4a43a1a8398438c81d0239] rpcid=7, response size=266 bytes, 0 readable bytes left, rpc=ScanRequest(scannerId=null, tabletSlice=13410a5b9e644e6f86b34bea173a5677, attempt=1) 00:38:52.838 [INFO - kudu-tserver:64034] (MiniKuduCluster.java:429)
I0711 00:38:52.836318 7836 raft_consensus.cc:728] T 13410a5b9e644e6f86b34bea173a5677 P 8f3a2b7e9d2f4dc392f47ead5d0f114f [term 1 FOLLOWER]: Starting transaction: term: 1 index: 8 00:38:52.840 [INFO - Thread-8] (ITClient.java:374) New row count 6 00:38:52.840 [DEBUG - New I/O worker #134] (TabletClient.java:491) ------------------<< LEAVING DECODE <<------------------ time elapsed: 3661us 00:38:52.840 [INFO - kudu-tserver:64036] (MiniKuduCluster.java:429)
I0711 00:38:52.837649 8236 consensus_queue.cc:455] T 13410a5b9e644e6f86b34bea173a5677 P b93116846b4a43a1a8398438c81d0239 [LEADER]: Updated majority_replicated watermark from 1.8 to 1.8 00:38:52.841 [INFO - kudu-tserver:64036] (MiniKuduCluster.java:429)
I0711 00:38:52.837667 8236 consensus_queue.cc:455] T 13410a5b9e644e6f86b34bea173a5677 P b93116846b4a43a1a8398438c81d0239 [LEADER]: Updated all_replicated watermark from 1.7 to 1.8 00:38:52.840 [INFO - kudu-tserver:64034] (MiniKuduCluster.java:429)
I0711 00:38:52.836510 7836 raft_consensus.cc:1215] T 13410a5b9e644e6f86b34bea173a5677 P 8f3a2b7e9d2f4dc392f47ead5d0f114f [term 1 FOLLOWER]: Marking committed up to term: 1 index: 7 00:38:52.841 [INFO - kudu-tserver:64034] (MiniKuduCluster.java:429)
I0711 00:38:52.836526 7836 raft_consensus_state.cc:559] T 13410a5b9e644e6f86b34bea173a5677 P 8f3a2b7e9d2f4dc392f47ead5d0f114f [term 1 FOLLOWER]: Already marked ops through 1.7 as committed. Now trying to mark 1.7 which would be a no-op. 00:38:52.841 [INFO - kudu-tserver:64034] (MiniKuduCluster.java:429)
I0711 00:38:52.836843 8216 log_cache.cc:214] T 13410a5b9e644e6f86b34bea173a5677 P 8f3a2b7e9d2f4dc392f47ead5d0f114f: Updating pinned index to 9 00:38:52.841 [INFO - kudu-tserver:64034] (MiniKuduCluster.java:429)
I0711 00:38:52.836874 8216 consensus_queue.cc:455] T 13410a5b9e644e6f86b34bea173a5677 P 8f3a2b7e9d2f4dc392f47ead5d0f114f [NON_LEADER]: Updated all_replicated watermark from 1.7 to 1.8 00:38:52.841 [INFO - kudu-tserver:64034] (MiniKuduCluster.java:429)
I0711 00:38:52.836906 8216 log_cache.cc:391] T 13410a5b9e644e6f86b34bea173a5677 P 8f3a2b7e9d2f4dc392f47ead5d0f114f: Evicting log cache: after state: Pinned index: 9, LogCacheStats(num_ops=1, bytes=871) 00:38:52.841 [INFO - kudu-tserver:64036] (MiniKuduCluster.java:429)
I0711 00:38:52.837678 8236 log_cache.cc:391] T 13410a5b9e644e6f86b34bea173a5677 P b93116846b4a43a1a8398438c81d0239: Evicting log cache: after state: Pinned index: 9, LogCacheStats(num_ops=1, bytes=847) 00:38:52.841 [INFO - kudu-tserver:64036] (MiniKuduCluster.java:429)
I0711 00:38:52.837756 8240 raft_consensus.cc:588] T 13410a5b9e644e6f86b34bea173a5677 P b93116846b4a43a1a8398438c81d0239 [term 1 LEADER]: Marking majority replicated up to term: 1 index: 8 00:38:52.841 [DEBUG - New I/O worker #134] (TabletClient.java:636) [Peer b93116846b4a43a1a8398438c81d0239] [id: 0xe79a4fff, /127.0.0.1:48701 => /127.29.29.1:64036] RECEIVED: BigEndianHeapChannelBuffer(ridx=0, widx=19, cap=19) 00:38:52.841 [DEBUG - New I/O worker #134] (TabletClient.java:359) ------------------>> ENTERING DECODE >>------------------ 00:38:52.841 [INFO - kudu-tserver:64036] (MiniKuduCluster.java:429)
I0711 00:38:52.837766 8240 raft_consensus_state.cc:559] T 13410a5b9e644e6f86b34bea173a5677 P b93116846b4a43a1a8398438c81d0239 [term 1 LEADER]: Already marked ops through 1.8 as committed. Now trying to mark 1.8 which would be a no-op. 00:38:52.841 [INFO - kudu-tserver:64034] (MiniKuduCluster.java:429)
I0711 00:38:52.837016 7836 raft_consensus.cc:700] T 13410a5b9e644e6f86b34bea173a5677 P 8f3a2b7e9d2f4dc392f47ead5d0f114f [term 1 FOLLOWER]: Replica replied to status only request. Replica: Replica: 8f3a2b7e9d2f4dc392f47ead5d0f114f, State: 1, Role: FOLLOWER 00:38:52.842 [INFO - kudu-tserver:64034] (MiniKuduCluster.java:429) Watermarks: {Received: term: 1 index: 8 Committed: term: 1 index: 7} 00:38:52.842 [INFO - kudu-tserver:64034] (MiniKuduCluster.java:429) . Response: responder_uuid: "8f3a2b7e9d2f4dc392f47ead5d0f114f" responder_term: 1 status { last_received { term: 1 index: 8 } last_committed_idx: 7 last_received_current_leader { term: 1 index: 8 } } 00:38:52.842 [INFO - kudu-tserver:64034] (MiniKuduCluster.java:429)
I0711 00:38:52.838083 7836 raft_consensus.cc:1104] T 13410a5b9e644e6f86b34bea173a5677 P 8f3a2b7e9d2f4dc392f47ead5d0f114f [term 1 FOLLOWER]: Early marking committed up to term: 1 index: 8 00:38:52.842 [INFO - kudu-tserver:64034] (MiniKuduCluster.java:429)
I0711 00:38:52.838101 7836 raft_consensus_state.cc:578] T 13410a5b9e644e6f86b34bea173a5677 P 8f3a2b7e9d2f4dc392f47ead5d0f114f [term 1 FOLLOWER]: Last triggered apply was: term: 1 index: 7 Starting to apply from log index: 8 00:38:52.842 [INFO - kudu-tserver:64034] (MiniKuduCluster.java:429)
I0711 00:38:52.838177 7836 raft_consensus.cc:1215] T 13410a5b9e644e6f86b34bea173a5677 P 8f3a2b7e9d2f4dc392f47ead5d0f114f [term 1 FOLLOWER]: Marking committed up to term: 1 index: 8 00:38:52.842 [INFO - kudu-tserver:64034] (MiniKuduCluster.java:429)
I0711 00:38:52.838196 7836 raft_consensus_state.cc:559] T 13410a5b9e644e6f86b34bea173a5677 P 8f3a2b7e9d2f4dc392f47ead5d0f114f [term 1 FOLLOWER]: Already marked ops through 1.8 as committed. Now trying to mark 1.8 which would be a no-op. 00:38:52.842 [INFO - kudu-tserver:64034] (MiniKuduCluster.java:429)
I0711 00:38:52.838227 7836 raft_consensus.cc:700] T 13410a5b9e644e6f86b34bea173a5677 P 8f3a2b7e9d2f4dc392f47ead5d0f114f [term 1 FOLLOWER]: Replica replied to status only request. Replica: Replica: 8f3a2b7e9d2f4dc392f47ead5d0f114f, State: 1, Role: FOLLOWER 00:38:52.842 [INFO - kudu-tserver:64034] (MiniKuduCluster.java:429) Watermarks: {Received: term: 1 index: 8 Committed: term: 1 index: 8} 00:38:52.842 [INFO - kudu-tserver:64034] (MiniKuduCluster.java:429) . Response: responder_uuid: "8f3a2b7e9d2f4dc392f47ead5d0f114f" responder_term: 1 status { last_received { term: 1 index: 8 } last_committed_idx: 8 last_received_current_leader { term: 1 index: 8 } } 00:38:52.842 [DEBUG - New I/O worker #134] (TabletClient.java:426) [Peer b93116846b4a43a1a8398438c81d0239] rpcid=8, response size=19 bytes, 0 readable bytes left, rpc=KuduRpc(method=Write, tablet=13410a5b9e644e6f86b34bea173a5677, attempt=1, DeadlineTracker(timeout=30000, elapsed=9), Deferred@439715793(state=PENDING, result=null, callback=wakeup thread Thread-7, errback=wakeup thread Thread-7)) row_key=(int32 key=6) 00:38:52.842 [INFO - kudu-tserver:64036] (MiniKuduCluster.java:429)
I0711 00:38:52.838383 8227 consensus_queue.cc:455] T 13410a5b9e644e6f86b34bea173a5677 P b93116846b4a43a1a8398438c81d0239 [LEADER]: Updated majority_replicated watermark from 1.8 to 1.8 00:38:52.843 [DEBUG - New I/O worker #134] (TabletClient.java:491) ------------------<< LEAVING DECODE <<------------------ time elapsed: 1249us 00:38:52.843 [INFO - kudu-tserver:64036] (MiniKuduCluster.java:429)
I0711 00:38:52.838403 8227 consensus_queue.cc:455] T 13410a5b9e644e6f86b34bea173a5677 P b93116846b4a43a1a8398438c81d0239 [LEADER]: Updated all_replicated watermark from 1.8 to 1.8 00:38:52.843 [INFO - kudu-tserver:64036] (MiniKuduCluster.java:429)
I0711 00:38:52.838438 8227 log_cache.cc:391] T 13410a5b9e644e6f86b34bea173a5677 P b93116846b4a43a1a8398438c81d0239: Evicting log cache: after state: Pinned index: 9, LogCacheStats(num_ops=0, bytes=0) 00:38:52.843 [INFO - kudu-tserver:64036] (MiniKuduCluster.java:429)
I0711 00:38:52.838498 8236 consensus_queue.cc:455] T 13410a5b9e644e6f86b34bea173a5677 P b93116846b4a43a1a8398438c81d0239 [LEADER]: Updated majority_replicated watermark from 1.8 to 1.8 00:38:52.843 [DEBUG - Thread-7] (TabletClient.java:261) [Peer b93116846b4a43a1a8398438c81d0239] [id: 0xe79a4fff, /127.0.0.1:48701 => /127.29.29.1:64036] Sending RPC #9, payload=BigEndianHeapChannelBuffer(ridx=0, widx=258, cap=258) "\x00\x00\x00\xFE0\x18\t2)\n kudu.tserver.TabletServerService\x12\x05WriteP\xF4\x03\xCB\x01\n 13410a5b9e644e6f86b34bea173a5677\x12w\n\x11\x12\x03key\x18\x05 \x01(\x00@\x00H\x00P\x00\n\x17\x12\tcolumn1_i\x18\x05 \x00(\x00@\x00H\x00P\x00\n\x17\x12\tcolumn2_i\x18\x05 \x00(\x00@\x00H\x00P\x00\n\x17\x12\tcolumn3_s\x18\x08 \x00(\x01@\x05H\x03P\x00\n\x17\x12\tcolumn4_b\x18\t \x00(\x00@\x00H\x00P\x00\x1A,\x12 \x01\x1F\x00\x07\x00\x00\x00\x02\x00\x00\x00\x03\x00\x00\x00\x00\x00\x00\x00\x00\x00\x00\x00\x08\x00\x00\x00\x00\x00\x00\x00\x01\x1A\x08a string \x01" 00:38:52.843 [INFO - kudu-tserver:64036] (MiniKuduCluster.java:429)
I0711 00:38:52.838516 8236 consensus_queue.cc:455] T 13410a5b9e644e6f86b34bea173a5677 P b93116846b4a43a1a8398438c81d0239 [LEADER]: Updated all_replicated watermark from 1.8 to 1.8 00:38:52.844 [INFO - kudu-tserver:64036] (MiniKuduCluster.java:429)
I0711 00:38:52.838527 8236 log_cache.cc:391] T 13410a5b9e644e6f86b34bea173a5677 P b93116846b4a43a1a8398438c81d0239: Evicting log cache: after state: Pinned index: 9, LogCacheStats(num_ops=0, bytes=0) 00:38:52.844 [INFO - kudu-tserver:64036] (MiniKuduCluster.java:429)
I0711 00:38:52.838553 8240 raft_consensus.cc:588] T 13410a5b9e644e6f86b34bea173a5677 P b93116846b4a43a1a8398438c81d0239 [term 1 LEADER]: Marking majority replicated up to term: 1 index: 8 00:38:52.844 [INFO - kudu-tserver:64036] (MiniKuduCluster.java:429)
I0711 00:38:52.838565 8240 raft_consensus_state.cc:559] T 13410a5b9e644e6f86b34bea173a5677 P b93116846b4a43a1a8398438c81d0239 [term 1 LEADER]: Already marked ops through 1.8 as committed. Now trying to mark 1.8 which would be a no-op. 00:38:52.844 [INFO - kudu-tserver:64036] (MiniKuduCluster.java:429)
I0711 00:38:52.838618 8240 raft_consensus.cc:588] T 13410a5b9e644e6f86b34bea173a5677 P b93116846b4a43a1a8398438c81d0239 [term 1 LEADER]: Marking majority replicated up to term: 1 index: 8 00:38:52.844 [INFO - kudu-tserver:64036] (MiniKuduCluster.java:429)
I0711 00:38:52.838624 8240 raft_consensus_state.cc:559] T 13410a5b9e644e6f86b34bea173a5677 P b93116846b4a43a1a8398438c81d0239 [term 1 LEADER]: Already marked ops through 1.8 as committed. Now trying to mark 1.8 which would be a no-op. 00:38:52.844 [DEBUG - New I/O worker #134] (TabletClient.java:636) [Peer b93116846b4a43a1a8398438c81d0239] [id: 0xe79a4fff, /127.0.0.1:48701 => /127.29.29.1:64036] WRITTEN_AMOUNT: 258 00:38:52.845 [INFO - kudu-tserver:64036] (MiniKuduCluster.java:429)
I0711 00:38:52.845057 8225 log_cache.cc:214] T 13410a5b9e644e6f86b34bea173a5677 P b93116846b4a43a1a8398438c81d0239: Updating pinned index to 10 00:38:52.845 [INFO - kudu-tserver:64036] (MiniKuduCluster.java:429)
I0711 00:38:52.845121 8225 consensus_queue.cc:455] T 13410a5b9e644e6f86b34bea173a5677 P b93116846b4a43a1a8398438c81d0239 [LEADER]: Updated majority_replicated watermark from 1.8 to 1.8 00:38:52.845 [INFO - kudu-tserver:64036] (MiniKuduCluster.java:429)
I0711 00:38:52.845136 8225 consensus_queue.cc:455] T 13410a5b9e644e6f86b34bea173a5677 P b93116846b4a43a1a8398438c81d0239 [LEADER]: Updated all_replicated watermark from 1.8 to 1.8 00:38:52.845 [INFO - kudu-tserver:64036] (MiniKuduCluster.java:429)
I0711 00:38:52.845147 8225 log_cache.cc:391] T 13410a5b9e644e6f86b34bea173a5677 P b93116846b4a43a1a8398438c81d0239: Evicting log cache: after state: Pinned index: 10, LogCacheStats(num_ops=1, bytes=847) 00:38:52.845 [INFO - kudu-tserver:64036] (MiniKuduCluster.java:429)
I0711 00:38:52.845255 8240 raft_consensus.cc:588] T 13410a5b9e644e6f86b34bea173a5677 P b93116846b4a43a1a8398438c81d0239 [term 1 LEADER]: Marking majority replicated up to term: 1 index: 8 00:38:52.845 [INFO - kudu-tserver:64036] (MiniKuduCluster.java:429)
I0711 00:38:52.845268 8240 raft_consensus_state.cc:559] T 13410a5b9e644e6f86b34bea173a5677 P b93116846b4a43a1a8398438c81d0239 [term 1 LEADER]: Already marked ops through 1.8 as committed. Now trying to mark 1.8 which would be a no-op. 00:38:52.845 [INFO - kudu-tserver:64032] (MiniKuduCluster.java:429)
I0711 00:38:52.845546 7621 raft_consensus.cc:1104] T 13410a5b9e644e6f86b34bea173a5677 P 5d244bfce7964881aa25f36d26bb9cba [term 1 FOLLOWER]: Early marking committed up to term: 0 index: 0 00:38:52.845 [INFO - kudu-tserver:64032] (MiniKuduCluster.java:429)
I0711 00:38:52.845585 7621 raft_consensus_state.cc:559] T 13410a5b9e644e6f86b34bea173a5677 P 5d244bfce7964881aa25f36d26bb9cba [term 1 FOLLOWER]: Already marked ops through 1.8 as committed. Now trying to mark 0.0 which would be a no-op. 00:38:52.845 [INFO - kudu-tserver:64034] (MiniKuduCluster.java:429)
I0711 00:38:52.845669 7836 raft_consensus.cc:1104] T 13410a5b9e644e6f86b34bea173a5677 P 8f3a2b7e9d2f4dc392f47ead5d0f114f [term 1 FOLLOWER]: Early marking committed up to term: 0 index: 0 00:38:52.846 [INFO - kudu-tserver:64034] (MiniKuduCluster.java:429)
I0711 00:38:52.845706 7836 raft_consensus_state.cc:559] T 13410a5b9e644e6f86b34bea173a5677 P 8f3a2b7e9d2f4dc392f47ead5d0f114f [term 1 FOLLOWER]: Already marked ops through 1.8 as committed. Now trying to mark 0.0 which would be a no-op. 00:38:52.845 [INFO - kudu-tserver:64032] (MiniKuduCluster.java:429)
I0711 00:38:52.845602 7621 raft_consensus.cc:728] T 13410a5b9e644e6f86b34bea173a5677 P 5d244bfce7964881aa25f36d26bb9cba [term 1 FOLLOWER]: Starting transaction: term: 1 index: 9 00:38:52.846 [INFO - kudu-tserver:64032] (MiniKuduCluster.java:429)
I0711 00:38:52.845868 7621 raft_consensus.cc:1215] T 13410a5b9e644e6f86b34bea173a5677 P 5d244bfce7964881aa25f36d26bb9cba [term 1 FOLLOWER]: Marking committed up to term: 1 index: 8 00:38:52.846 [INFO - kudu-tserver:64034] (MiniKuduCluster.java:429)
I0711 00:38:52.845724 7836 raft_consensus.cc:728] T 13410a5b9e644e6f86b34bea173a5677 P 8f3a2b7e9d2f4dc392f47ead5d0f114f [term 1 FOLLOWER]: Starting transaction: term: 1 index: 9 00:38:52.846 [INFO - kudu-tserver:64032] (MiniKuduCluster.java:429)
I0711 00:38:52.845885 7621 raft_consensus_state.cc:559] T 13410a5b9e644e6f86b34bea173a5677 P 5d244bfce7964881aa25f36d26bb9cba [term 1 FOLLOWER]: Already marked ops through 1.8 as committed. Now trying to mark 1.8 which would be a no-op. 00:38:52.846 [INFO - kudu-tserver:64034] (MiniKuduCluster.java:429)
I0711 00:38:52.845947 7836 raft_consensus.cc:1215] T 13410a5b9e644e6f86b34bea173a5677 P 8f3a2b7e9d2f4dc392f47ead5d0f114f [term 1 FOLLOWER]: Marking committed up to term: 1 index: 8 00:38:52.846 [INFO - kudu-tserver:64034] (MiniKuduCluster.java:429)
I0711 00:38:52.845963 7836 raft_consensus_state.cc:559] T 13410a5b9e644e6f86b34bea173a5677 P 8f3a2b7e9d2f4dc392f47ead5d0f114f [term 1 FOLLOWER]: Already marked ops through 1.8 as committed. Now trying to mark 1.8 which would be a no-op. 00:38:52.846 [INFO - kudu-tserver:64034] (MiniKuduCluster.java:429)
I0711 00:38:52.846035 8216 log_cache.cc:214] T 13410a5b9e644e6f86b34bea173a5677 P 8f3a2b7e9d2f4dc392f47ead5d0f114f: Updating pinned index to 10 00:38:52.846 [INFO - kudu-tserver:64034] (MiniKuduCluster.java:429)
I0711 00:38:52.846063 8216 consensus_queue.cc:455] T 13410a5b9e644e6f86b34bea173a5677 P 8f3a2b7e9d2f4dc392f47ead5d0f114f [NON_LEADER]: Updated all_replicated watermark from 1.8 to 1.9 00:38:52.846 [INFO - kudu-tserver:64034] (MiniKuduCluster.java:429)
I0711 00:38:52.846094 8216 log_cache.cc:391] T 13410a5b9e644e6f86b34bea173a5677 P 8f3a2b7e9d2f4dc392f47ead5d0f114f: Evicting log cache: after state: Pinned index: 10, LogCacheStats(num_ops=1, bytes=871) 00:38:52.847 [INFO - kudu-tserver:64034] (MiniKuduCluster.java:429)
I0711 00:38:52.846181 7836 raft_consensus.cc:700] T 13410a5b9e644e6f86b34bea173a5677 P 8f3a2b7e9d2f4dc392f47ead5d0f114f [term 1 FOLLOWER]: Replica replied to status only request. Replica: Replica: 8f3a2b7e9d2f4dc392f47ead5d0f114f, State: 1, Role: FOLLOWER 00:38:52.847 [INFO - kudu-tserver:64034] (MiniKuduCluster.java:429) Watermarks: {Received: term: 1 index: 9 Committed: term: 1 index: 8} 00:38:52.847 [INFO - kudu-tserver:64034] (MiniKuduCluster.java:429) . Response: responder_uuid: "8f3a2b7e9d2f4dc392f47ead5d0f114f" responder_term: 1 status { last_received { term: 1 index: 9 } last_committed_idx: 8 last_received_current_leader { term: 1 index: 9 } } 00:38:52.846 [INFO - kudu-tserver:64036] (MiniKuduCluster.java:429)
I0711 00:38:52.846443 8227 consensus_queue.cc:455] T 13410a5b9e644e6f86b34bea173a5677 P b93116846b4a43a1a8398438c81d0239 [LEADER]: Updated majority_replicated watermark from 1.8 to 1.9 00:38:52.847 [INFO - kudu-tserver:64034] (MiniKuduCluster.java:429)
I0711 00:38:52.847239 7836 raft_consensus.cc:1104] T 13410a5b9e644e6f86b34bea173a5677 P 8f3a2b7e9d2f4dc392f47ead5d0f114f [term 1 FOLLOWER]: Early marking committed up to term: 1 index: 9 00:38:52.847 [INFO - kudu-tserver:64034] (MiniKuduCluster.java:429)
I0711 00:38:52.847256 7836 raft_consensus_state.cc:578] T 13410a5b9e644e6f86b34bea173a5677 P 8f3a2b7e9d2f4dc392f47ead5d0f114f [term 1 FOLLOWER]: Last triggered apply was: term: 1 index: 8 Starting to apply from log index: 9 00:38:52.847 [DEBUG - New I/O worker #134] (TabletClient.java:636) [Peer b93116846b4a43a1a8398438c81d0239] [id: 0xe79a4fff, /127.0.0.1:48701 => /127.29.29.1:64036] RECEIVED: BigEndianHeapChannelBuffer(ridx=0, widx=19, cap=19) 00:38:52.847 [DEBUG - New I/O worker #134] (TabletClient.java:359) ------------------>> ENTERING DECODE >>------------------ 00:38:52.846 [INFO - kudu-tserver:64032] (MiniKuduCluster.java:429)
I0711 00:38:52.845930 8220 log_cache.cc:214] T 13410a5b9e644e6f86b34bea173a5677 P 5d244bfce7964881aa25f36d26bb9cba: Updating pinned index to 10 00:38:52.848 [DEBUG - New I/O worker #134] (TabletClient.java:426) [Peer b93116846b4a43a1a8398438c81d0239] rpcid=9, response size=19 bytes, 0 readable bytes left, rpc=KuduRpc(method=Write, tablet=13410a5b9e644e6f86b34bea173a5677, attempt=1, DeadlineTracker(timeout=30000, elapsed=4), Deferred@1022993527(state=PENDING, result=null, callback=wakeup thread Thread-7, errback=wakeup thread Thread-7)) row_key=(int32 key=7) 00:38:52.847 [INFO - kudu-tserver:64034] (MiniKuduCluster.java:429)
I0711 00:38:52.847344 7836 raft_consensus.cc:1215] T 13410a5b9e644e6f86b34bea173a5677 P 8f3a2b7e9d2f4dc392f47ead5d0f114f [term 1 FOLLOWER]: Marking committed up to term: 1 index: 9 00:38:52.848 [INFO - kudu-tserver:64034] (MiniKuduCluster.java:429)
I0711 00:38:52.847357 7836 raft_consensus_state.cc:559] T 13410a5b9e644e6f86b34bea173a5677 P 8f3a2b7e9d2f4dc392f47ead5d0f114f [term 1 FOLLOWER]: Already marked ops through 1.9 as committed. Now trying to mark 1.9 which would be a no-op. 00:38:52.848 [INFO - kudu-tserver:64034] (MiniKuduCluster.java:429)
I0711 00:38:52.847389 7836 raft_consensus.cc:700] T 13410a5b9e644e6f86b34bea173a5677 P 8f3a2b7e9d2f4dc392f47ead5d0f114f [term 1 FOLLOWER]: Replica replied to status only request. Replica: Replica: 8f3a2b7e9d2f4dc392f47ead5d0f114f, State: 1, Role: FOLLOWER 00:38:52.848 [INFO - kudu-tserver:64034] (MiniKuduCluster.java:429) Watermarks: {Received: term: 1 index: 9 Committed: term: 1 index: 9} 00:38:52.848 [INFO - kudu-tserver:64034] (MiniKuduCluster.java:429) . Response: responder_uuid: "8f3a2b7e9d2f4dc392f47ead5d0f114f" responder_term: 1 status { last_received { term: 1 index: 9 } last_committed_idx: 9 last_received_current_leader { term: 1 index: 9 } } 00:38:52.847 [INFO - kudu-tserver:64036] (MiniKuduCluster.java:429)
I0711 00:38:52.846485 8227 consensus_queue.cc:455] T 13410a5b9e644e6f86b34bea173a5677 P b93116846b4a43a1a8398438c81d0239 [LEADER]: Updated all_replicated watermark from 1.8 to 1.8 00:38:52.849 [INFO - kudu-tserver:64036] (MiniKuduCluster.java:429)
I0711 00:38:52.846499 8227 log_cache.cc:391] T 13410a5b9e644e6f86b34bea173a5677 P b93116846b4a43a1a8398438c81d0239: Evicting log cache: after state: Pinned index: 10, LogCacheStats(num_ops=1, bytes=847) 00:38:52.848 [DEBUG - Thread-7] (TabletClient.java:261) [Peer b93116846b4a43a1a8398438c81d0239] [id: 0xe79a4fff, /127.0.0.1:48701 => /127.29.29.1:64036] Sending RPC #11, payload=BigEndianHeapChannelBuffer(ridx=0, widx=258, cap=258) "\x00\x00\x00\xFE0\x18\x0B2)\n kudu.tserver.TabletServerService\x12\x05WriteP\xF4\x03\xCB\x01\n 13410a5b9e644e6f86b34bea173a5677\x12w\n\x11\x12\x03key\x18\x05 \x01(\x00@\x00H\x00P\x00\n\x17\x12\tcolumn1_i\x18\x05 \x00(\x00@\x00H\x00P\x00\n\x17\x12\tcolumn2_i\x18\x05 \x00(\x00@\x00H\x00P\x00\n\x17\x12\tcolumn3_s\x18\x08 \x00(\x01@\x05H\x03P\x00\n\x17\x12\tcolumn4_b\x18\t \x00(\x00@\x00H\x00P\x00\x1A,\x12 \x01\x1F\x00\x08\x00\x00\x00\x02\x00\x00\x00\x03\x00\x00\x00\x00\x00\x00\x00\x00\x00\x00\x00\x08\x00\x00\x00\x00\x00\x00\x00\x01\x1A\x08a string \x01" 00:38:52.848 [DEBUG - New I/O worker #134] (TabletClient.java:491) ------------------<< LEAVING DECODE <<------------------ time elapsed: 710us 00:38:52.848 [INFO - kudu-tserver:64032] (MiniKuduCluster.java:429)
I0711 00:38:52.845988 8220 consensus_queue.cc:455] T 13410a5b9e644e6f86b34bea173a5677 P 5d244bfce7964881aa25f36d26bb9cba [NON_LEADER]: Updated all_replicated watermark from 1.8 to 1.9 00:38:52.849 [DEBUG - New I/O worker #134] (TabletClient.java:636) [Peer b93116846b4a43a1a8398438c81d0239] [id: 0xe79a4fff, /127.0.0.1:48701 => /127.29.29.1:64036] WRITTEN_AMOUNT: 258 00:38:52.849 [DEBUG - Thread-8] (AsyncKuduScanner.java:812) Sending scan req: new_scan_request { tablet_id: "13410a5b9e644e6f86b34bea173a5677" limit: 9223372036854775807 projected_columns { name: "key" type: INT32 is_key: true is_nullable: false encoding: AUTO_ENCODING compression: DEFAULT_COMPRESSION cfile_block_size: 0 } projected_columns { name: "column1_i" type: INT32 is_key: false is_nullable: false encoding: AUTO_ENCODING compression: DEFAULT_COMPRESSION cfile_block_size: 0 } projected_columns { name: "column2_i" type: INT32 is_key: false is_nullable: false encoding: AUTO_ENCODING compression: DEFAULT_COMPRESSION cfile_block_size: 0 } projected_columns { name: "column3_s" type: STRING is_key: false is_nullable: true encoding: DICT_ENCODING compression: LZ4 cfile_block_size: 0 } projected_columns { name: "column4_b" type: BOOL is_key: false is_nullable: false encoding: AUTO_ENCODING compression: DEFAULT_COMPRESSION cfile_block_size: 0 } read_mode: READ_LATEST cache_blocks: true order_mode: UNORDERED column_predicates { column: "key" equality { value: "\001\000\000\000" } } } batch_size_bytes: 1048576 00:38:52.849 [INFO - kudu-tserver:64036] (MiniKuduCluster.java:429)
I0711 00:38:52.846529 8236 consensus_queue.cc:455] T 13410a5b9e644e6f86b34bea173a5677 P b93116846b4a43a1a8398438c81d0239 [LEADER]: Updated majority_replicated watermark from 1.9 to 1.9 00:38:52.850 [INFO - kudu-tserver:64036] (MiniKuduCluster.java:429)
I0711 00:38:52.846546 8236 consensus_queue.cc:455] T 13410a5b9e644e6f86b34bea173a5677 P b93116846b4a43a1a8398438c81d0239 [LEADER]: Updated all_replicated watermark from 1.8 to 1.9 00:38:52.850 [INFO - kudu-tserver:64036] (MiniKuduCluster.java:429)
