I0711 00:38:52.870647 8240 raft_consensus_state.cc:559] T 13410a5b9e644e6f86b34bea173a5677 P b93116846b4a43a1a8398438c81d0239 [term 1 LEADER]: Already marked ops through 1.11 as committed. Now trying to mark 1.11 which would be a no-op. 00:38:52.871 [INFO - kudu-tserver:64034] (MiniKuduCluster.java:429)
I0711 00:38:52.871053 7836 raft_consensus_state.cc:559] T 13410a5b9e644e6f86b34bea173a5677 P 8f3a2b7e9d2f4dc392f47ead5d0f114f [term 1 FOLLOWER]: Already marked ops through 1.11 as committed. Now trying to mark 0.0 which would be a no-op. 00:38:52.872 [INFO - kudu-tserver:64034] (MiniKuduCluster.java:429)
I0711 00:38:52.871070 7836 raft_consensus.cc:728] T 13410a5b9e644e6f86b34bea173a5677 P 8f3a2b7e9d2f4dc392f47ead5d0f114f [term 1 FOLLOWER]: Starting transaction: term: 1 index: 12 00:38:52.872 [INFO - kudu-tserver:64034] (MiniKuduCluster.java:429)
I0711 00:38:52.871274 7836 raft_consensus.cc:1215] T 13410a5b9e644e6f86b34bea173a5677 P 8f3a2b7e9d2f4dc392f47ead5d0f114f [term 1 FOLLOWER]: Marking committed up to term: 1 index: 11 00:38:52.872 [INFO - kudu-tserver:64034] (MiniKuduCluster.java:429)
I0711 00:38:52.871295 7836 raft_consensus_state.cc:559] T 13410a5b9e644e6f86b34bea173a5677 P 8f3a2b7e9d2f4dc392f47ead5d0f114f [term 1 FOLLOWER]: Already marked ops through 1.11 as committed. Now trying to mark 1.11 which would be a no-op. 00:38:52.872 [INFO - kudu-tserver:64034] (MiniKuduCluster.java:429)
I0711 00:38:52.871357 8216 log_cache.cc:214] T 13410a5b9e644e6f86b34bea173a5677 P 8f3a2b7e9d2f4dc392f47ead5d0f114f: Updating pinned index to 13 00:38:52.872 [INFO - kudu-tserver:64034] (MiniKuduCluster.java:429)
I0711 00:38:52.871388 8216 consensus_queue.cc:455] T 13410a5b9e644e6f86b34bea173a5677 P 8f3a2b7e9d2f4dc392f47ead5d0f114f [NON_LEADER]: Updated all_replicated watermark from 1.11 to 1.12 00:38:52.871 [INFO - kudu-tserver:64032] (MiniKuduCluster.java:429)
I0711 00:38:52.871255 7621 raft_consensus.cc:1215] T 13410a5b9e644e6f86b34bea173a5677 P 5d244bfce7964881aa25f36d26bb9cba [term 1 FOLLOWER]: Marking committed up to term: 1 index: 11 00:38:52.872 [INFO - kudu-tserver:64032] (MiniKuduCluster.java:429)
I0711 00:38:52.871271 7621 raft_consensus_state.cc:559] T 13410a5b9e644e6f86b34bea173a5677 P 5d244bfce7964881aa25f36d26bb9cba [term 1 FOLLOWER]: Already marked ops through 1.11 as committed. Now trying to mark 1.11 which would be a no-op. 00:38:52.872 [INFO - kudu-tserver:64032] (MiniKuduCluster.java:429)
I0711 00:38:52.871342 8220 log_cache.cc:214] T 13410a5b9e644e6f86b34bea173a5677 P 5d244bfce7964881aa25f36d26bb9cba: Updating pinned index to 13 00:38:52.872 [INFO - kudu-tserver:64032] (MiniKuduCluster.java:429)
I0711 00:38:52.871373 8220 consensus_queue.cc:455] T 13410a5b9e644e6f86b34bea173a5677 P 5d244bfce7964881aa25f36d26bb9cba [NON_LEADER]: Updated all_replicated watermark from 1.11 to 1.12 00:38:52.873 [INFO - kudu-tserver:64032] (MiniKuduCluster.java:429)
I0711 00:38:52.871404 8220 log_cache.cc:391] T 13410a5b9e644e6f86b34bea173a5677 P 5d244bfce7964881aa25f36d26bb9cba: Evicting log cache: after state: Pinned index: 13, LogCacheStats(num_ops=1, bytes=871) 00:38:52.873 [INFO - kudu-tserver:64032] (MiniKuduCluster.java:429)
I0711 00:38:52.871492 7621 raft_consensus.cc:700] T 13410a5b9e644e6f86b34bea173a5677 P 5d244bfce7964881aa25f36d26bb9cba [term 1 FOLLOWER]: Replica replied to status only request. Replica: Replica: 5d244bfce7964881aa25f36d26bb9cba, State: 1, Role: FOLLOWER 00:38:52.873 [INFO - kudu-tserver:64032] (MiniKuduCluster.java:429) Watermarks: {Received: term: 1 index: 12 Committed: term: 1 index: 11} 00:38:52.873 [INFO - kudu-tserver:64032] (MiniKuduCluster.java:429) . Response: responder_uuid: "5d244bfce7964881aa25f36d26bb9cba" responder_term: 1 status { last_received { term: 1 index: 12 } last_committed_idx: 11 last_received_current_leader { term: 1 index: 12 } } 00:38:52.871 [DEBUG - New I/O worker #134] (AsyncKuduScanner.java:847) AsyncKuduScanner$Response(scannerId="", data=RowResultIterator for 10 rows, more=false) 00:38:52.872 [INFO - kudu-tserver:64034] (MiniKuduCluster.java:429)
I0711 00:38:52.871420 8216 log_cache.cc:391] T 13410a5b9e644e6f86b34bea173a5677 P 8f3a2b7e9d2f4dc392f47ead5d0f114f: Evicting log cache: after state: Pinned index: 13, LogCacheStats(num_ops=1, bytes=871) 00:38:52.873 [INFO - kudu-tserver:64034] (MiniKuduCluster.java:429)
I0711 00:38:52.871541 7836 raft_consensus.cc:700] T 13410a5b9e644e6f86b34bea173a5677 P 8f3a2b7e9d2f4dc392f47ead5d0f114f [term 1 FOLLOWER]: Replica replied to status only request. Replica: Replica: 8f3a2b7e9d2f4dc392f47ead5d0f114f, State: 1, Role: FOLLOWER 00:38:52.873 [INFO - kudu-tserver:64034] (MiniKuduCluster.java:429) Watermarks: {Received: term: 1 index: 12 Committed: term: 1 index: 11} 00:38:52.874 [INFO - kudu-tserver:64034] (MiniKuduCluster.java:429) . Response: responder_uuid: "8f3a2b7e9d2f4dc392f47ead5d0f114f" responder_term: 1 status { last_received { term: 1 index: 12 } last_committed_idx: 11 last_received_current_leader { term: 1 index: 12 } } 00:38:52.872 [INFO - kudu-tserver:64036] (MiniKuduCluster.java:429)
I0711 00:38:52.871770 8227 consensus_queue.cc:455] T 13410a5b9e644e6f86b34bea173a5677 P b93116846b4a43a1a8398438c81d0239 [LEADER]: Updated majority_replicated watermark from 1.11 to 1.12 00:38:52.874 [INFO - kudu-tserver:64036] (MiniKuduCluster.java:429)
I0711 00:38:52.871788 8227 consensus_queue.cc:455] T 13410a5b9e644e6f86b34bea173a5677 P b93116846b4a43a1a8398438c81d0239 [LEADER]: Updated all_replicated watermark from 1.11 to 1.11 00:38:52.874 [INFO - kudu-tserver:64036] (MiniKuduCluster.java:429)
I0711 00:38:52.871798 8227 log_cache.cc:391] T 13410a5b9e644e6f86b34bea173a5677 P b93116846b4a43a1a8398438c81d0239: Evicting log cache: after state: Pinned index: 13, LogCacheStats(num_ops=1, bytes=847) 00:38:52.874 [INFO - kudu-tserver:64034] (MiniKuduCluster.java:429)
I0711 00:38:52.872519 7836 raft_consensus.cc:1104] T 13410a5b9e644e6f86b34bea173a5677 P 8f3a2b7e9d2f4dc392f47ead5d0f114f [term 1 FOLLOWER]: Early marking committed up to term: 1 index: 12 00:38:52.874 [INFO - kudu-tserver:64034] (MiniKuduCluster.java:429)
I0711 00:38:52.872539 7836 raft_consensus_state.cc:578] T 13410a5b9e644e6f86b34bea173a5677 P 8f3a2b7e9d2f4dc392f47ead5d0f114f [term 1 FOLLOWER]: Last triggered apply was: term: 1 index: 11 Starting to apply from log index: 12 00:38:52.874 [INFO - kudu-tserver:64034] (MiniKuduCluster.java:429)
I0711 00:38:52.872630 7836 raft_consensus.cc:1215] T 13410a5b9e644e6f86b34bea173a5677 P 8f3a2b7e9d2f4dc392f47ead5d0f114f [term 1 FOLLOWER]: Marking committed up to term: 1 index: 12 00:38:52.874 [INFO - kudu-tserver:64034] (MiniKuduCluster.java:429)
I0711 00:38:52.872645 7836 raft_consensus_state.cc:559] T 13410a5b9e644e6f86b34bea173a5677 P 8f3a2b7e9d2f4dc392f47ead5d0f114f [term 1 FOLLOWER]: Already marked ops through 1.12 as committed. Now trying to mark 1.12 which would be a no-op. 00:38:52.874 [INFO - kudu-tserver:64034] (MiniKuduCluster.java:429)
I0711 00:38:52.872678 7836 raft_consensus.cc:700] T 13410a5b9e644e6f86b34bea173a5677 P 8f3a2b7e9d2f4dc392f47ead5d0f114f [term 1 FOLLOWER]: Replica replied to status only request. Replica: Replica: 8f3a2b7e9d2f4dc392f47ead5d0f114f, State: 1, Role: FOLLOWER 00:38:52.873 [DEBUG - New I/O worker #134] (TabletClient.java:426) [Peer b93116846b4a43a1a8398438c81d0239] rpcid=13, response size=418 bytes, 0 readable bytes left, rpc=ScanRequest(scannerId=null, tabletSlice=13410a5b9e644e6f86b34bea173a5677, attempt=1) 00:38:52.874 [INFO - kudu-tserver:64034] (MiniKuduCluster.java:429) Watermarks: {Received: term: 1 index: 12 Committed: term: 1 index: 12} 00:38:52.875 [INFO - kudu-tserver:64034] (MiniKuduCluster.java:429) . Response: responder_uuid: "8f3a2b7e9d2f4dc392f47ead5d0f114f" responder_term: 1 status { last_received { term: 1 index: 12 } last_committed_idx: 12 last_received_current_leader { term: 1 index: 12 } } 00:38:52.874 [INFO - kudu-tserver:64036] (MiniKuduCluster.java:429)
I0711 00:38:52.871826 8236 consensus_queue.cc:455] T 13410a5b9e644e6f86b34bea173a5677 P b93116846b4a43a1a8398438c81d0239 [LEADER]: Updated majority_replicated watermark from 1.12 to 1.12 00:38:52.875 [INFO - kudu-tserver:64036] (MiniKuduCluster.java:429)
I0711 00:38:52.871842 8236 consensus_queue.cc:455] T 13410a5b9e644e6f86b34bea173a5677 P b93116846b4a43a1a8398438c81d0239 [LEADER]: Updated all_replicated watermark from 1.11 to 1.12 00:38:52.875 [INFO - kudu-tserver:64036] (MiniKuduCluster.java:429)
I0711 00:38:52.871855 8236 log_cache.cc:391] T 13410a5b9e644e6f86b34bea173a5677 P b93116846b4a43a1a8398438c81d0239: Evicting log cache: after state: Pinned index: 13, LogCacheStats(num_ops=1, bytes=847) 00:38:52.875 [INFO - kudu-tserver:64036] (MiniKuduCluster.java:429)
I0711 00:38:52.871886 8240 raft_consensus.cc:588] T 13410a5b9e644e6f86b34bea173a5677 P b93116846b4a43a1a8398438c81d0239 [term 1 LEADER]: Marking majority replicated up to term: 1 index: 12 00:38:52.875 [INFO - kudu-tserver:64036] (MiniKuduCluster.java:429)
I0711 00:38:52.871902 8240 raft_consensus_state.cc:578] T 13410a5b9e644e6f86b34bea173a5677 P b93116846b4a43a1a8398438c81d0239 [term 1 LEADER]: Last triggered apply was: term: 1 index: 11 Starting to apply from log index: 12 00:38:52.875 [INFO - kudu-tserver:64036] (MiniKuduCluster.java:429)
I0711 00:38:52.872081 8240 raft_consensus.cc:588] T 13410a5b9e644e6f86b34bea173a5677 P b93116846b4a43a1a8398438c81d0239 [term 1 LEADER]: Marking majority replicated up to term: 1 index: 12 00:38:52.875 [INFO - kudu-tserver:64036] (MiniKuduCluster.java:429)
I0711 00:38:52.872090 8240 raft_consensus_state.cc:559] T 13410a5b9e644e6f86b34bea173a5677 P b93116846b4a43a1a8398438c81d0239 [term 1 LEADER]: Already marked ops through 1.12 as committed. Now trying to mark 1.12 which would be a no-op. 00:38:52.875 [INFO - Thread-8] (ITClient.java:374) New row count 10 00:38:52.875 [DEBUG - New I/O worker #134] (TabletClient.java:491) ------------------<< LEAVING DECODE <<------------------ time elapsed: 3996us 00:38:52.876 [INFO - kudu-tserver:64036] (MiniKuduCluster.java:429)
I0711 00:38:52.872954 8236 consensus_queue.cc:455] T 13410a5b9e644e6f86b34bea173a5677 P b93116846b4a43a1a8398438c81d0239 [LEADER]: Updated majority_replicated watermark from 1.12 to 1.12 00:38:52.876 [INFO - kudu-tserver:64036] (MiniKuduCluster.java:429)
I0711 00:38:52.872972 8236 consensus_queue.cc:455] T 13410a5b9e644e6f86b34bea173a5677 P b93116846b4a43a1a8398438c81d0239 [LEADER]: Updated all_replicated watermark from 1.12 to 1.12 00:38:52.876 [INFO - kudu-tserver:64036] (MiniKuduCluster.java:429)
I0711 00:38:52.873008 8236 log_cache.cc:391] T 13410a5b9e644e6f86b34bea173a5677 P b93116846b4a43a1a8398438c81d0239: Evicting log cache: after state: Pinned index: 13, LogCacheStats(num_ops=0, bytes=0) 00:38:52.876 [INFO - kudu-tserver:64036] (MiniKuduCluster.java:429)
I0711 00:38:52.873082 8240 raft_consensus.cc:588] T 13410a5b9e644e6f86b34bea173a5677 P b93116846b4a43a1a8398438c81d0239 [term 1 LEADER]: Marking majority replicated up to term: 1 index: 12 00:38:52.876 [INFO - kudu-tserver:64036] (MiniKuduCluster.java:429)
I0711 00:38:52.873095 8240 raft_consensus_state.cc:559] T 13410a5b9e644e6f86b34bea173a5677 P b93116846b4a43a1a8398438c81d0239 [term 1 LEADER]: Already marked ops through 1.12 as committed. Now trying to mark 1.12 which would be a no-op. 00:38:52.876 [DEBUG - New I/O worker #134] (TabletClient.java:636) [Peer b93116846b4a43a1a8398438c81d0239] [id: 0xe79a4fff, /127.0.0.1:48701 => /127.29.29.1:64036] RECEIVED: BigEndianHeapChannelBuffer(ridx=0, widx=19, cap=19) 00:38:52.876 [DEBUG - New I/O worker #134] (TabletClient.java:359) ------------------>> ENTERING DECODE >>------------------ 00:38:52.877 [DEBUG - New I/O worker #134] (TabletClient.java:426) [Peer b93116846b4a43a1a8398438c81d0239] rpcid=14, response size=19 bytes, 0 readable bytes left, rpc=KuduRpc(method=Write, tablet=13410a5b9e644e6f86b34bea173a5677, attempt=1, DeadlineTracker(timeout=30000, elapsed=9), Deferred@1455087016(state=PENDING, result=null, callback=wakeup thread Thread-7, errback=wakeup thread Thread-7)) row_key=(int32 key=10) 00:38:52.877 [DEBUG - New I/O worker #134] (TabletClient.java:491) ------------------<< LEAVING DECODE <<------------------ time elapsed: 377us 00:38:52.877 [DEBUG - Thread-8] (AsyncKuduScanner.java:812) Sending scan req: new_scan_request { tablet_id: "13410a5b9e644e6f86b34bea173a5677" limit: 9223372036854775807 projected_columns { name: "key" type: INT32 is_key: true is_nullable: false encoding: AUTO_ENCODING compression: DEFAULT_COMPRESSION cfile_block_size: 0 } projected_columns { name: "column1_i" type: INT32 is_key: false is_nullable: false encoding: AUTO_ENCODING compression: DEFAULT_COMPRESSION cfile_block_size: 0 } projected_columns { name: "column2_i" type: INT32 is_key: false is_nullable: false encoding: AUTO_ENCODING compression: DEFAULT_COMPRESSION cfile_block_size: 0 } projected_columns { name: "column3_s" type: STRING is_key: false is_nullable: true encoding: DICT_ENCODING compression: LZ4 cfile_block_size: 0 } projected_columns { name: "column4_b" type: BOOL is_key: false is_nullable: false encoding: AUTO_ENCODING compression: DEFAULT_COMPRESSION cfile_block_size: 0 } read_mode: READ_LATEST cache_blocks: true order_mode: UNORDERED column_predicates { column: "key" equality { value: "\a\000\000\000" } } } batch_size_bytes: 1048576 00:38:52.877 [DEBUG - Thread-7] (TabletClient.java:261) [Peer b93116846b4a43a1a8398438c81d0239] [id: 0xe79a4fff, /127.0.0.1:48701 => /127.29.29.1:64036] Sending RPC #16, payload=BigEndianHeapChannelBuffer(ridx=0, widx=258, cap=258) "\x00\x00\x00\xFE0\x18\x102)\n kudu.tserver.TabletServerService\x12\x05WriteP\xF4\x03\xCB\x01\n 13410a5b9e644e6f86b34bea173a5677\x12w\n\x11\x12\x03key\x18\x05 \x01(\x00@\x00H\x00P\x00\n\x17\x12\tcolumn1_i\x18\x05 \x00(\x00@\x00H\x00P\x00\n\x17\x12\tcolumn2_i\x18\x05 \x00(\x00@\x00H\x00P\x00\n\x17\x12\tcolumn3_s\x18\x08 \x00(\x01@\x05H\x03P\x00\n\x17\x12\tcolumn4_b\x18\t \x00(\x00@\x00H\x00P\x00\x1A,\x12 \x01\x1F\x00\x0B\x00\x00\x00\x02\x00\x00\x00\x03\x00\x00\x00\x00\x00\x00\x00\x00\x00\x00\x00\x08\x00\x00\x00\x00\x00\x00\x00\x01\x1A\x08a string \x01" 00:38:52.878 [DEBUG - Thread-8] (TabletClient.java:261) [Peer b93116846b4a43a1a8398438c81d0239] [id: 0xe79a4fff, /127.0.0.1:48701 => /127.29.29.1:64036] Sending RPC #15, payload=BigEndianHeapChannelBuffer(ridx=0, widx=247, cap=247) "\x00\x00\x00\xF31\x18\x0F2(\n kudu.tserver.TabletServerService\x12\x04ScanP\xF4\x03X\x01\xBF\x01\x12\xB8\x01\n 13410a5b9e644e6f86b34bea173a5677\x10\xFF\xFF\xFF\xFF\xFF\xFF\xFF\xFF\x7F"\x11\x12\x03key\x18\x05 \x01(\x00@\x00H\x00P\x00"\x17\x12\tcolumn1_i\x18\x05 \x00(\x00@\x00H\x00P\x00"\x17\x12\tcolumn2_i\x18\x05 \x00(\x00@\x00H\x00P\x00"\x17\x12\tcolumn3_s\x18\x08 \x00(\x01@\x05H\x03P\x00"\x17\x12\tcolumn4_b\x18\t \x00(\x00@\x00H\x00P\x00(\x01P\x01X\x01j\x0D\n\x03key\x1A\x06\n\x04\x07\x00\x00\x00 \x80\x80@" 00:38:52.878 [DEBUG - New I/O worker #134] (TabletClient.java:636) [Peer b93116846b4a43a1a8398438c81d0239] [id: 0xe79a4fff, /127.0.0.1:48701 => /127.29.29.1:64036] WRITTEN_AMOUNT: 258 00:38:52.878 [DEBUG - New I/O worker #134] (TabletClient.java:636) [Peer b93116846b4a43a1a8398438c81d0239] [id: 0xe79a4fff, /127.0.0.1:48701 => /127.29.29.1:64036] WRITTEN_AMOUNT: 247 00:38:52.879 [INFO - kudu-tserver:64036] (MiniKuduCluster.java:429)
I0711 00:38:52.878988 8225 log_cache.cc:214] T 13410a5b9e644e6f86b34bea173a5677 P b93116846b4a43a1a8398438c81d0239: Updating pinned index to 14 00:38:52.879 [INFO - kudu-tserver:64036] (MiniKuduCluster.java:429)
I0711 00:38:52.879050 8225 consensus_queue.cc:455] T 13410a5b9e644e6f86b34bea173a5677 P b93116846b4a43a1a8398438c81d0239 [LEADER]: Updated majority_replicated watermark from 1.12 to 1.12 00:38:52.879 [INFO - kudu-tserver:64036] (MiniKuduCluster.java:429)
I0711 00:38:52.879060 7913 tablet_service.cc:1501] Started scanner 216e39051426462f8e041bded94093b6: tablet iterator: Union(memrowset iterator) 00:38:52.879 [INFO - kudu-tserver:64036] (MiniKuduCluster.java:429)
I0711 00:38:52.879070 8225 consensus_queue.cc:455] T 13410a5b9e644e6f86b34bea173a5677 P b93116846b4a43a1a8398438c81d0239 [LEADER]: Updated all_replicated watermark from 1.12 to 1.12 00:38:52.879 [INFO - kudu-tserver:64036] (MiniKuduCluster.java:429)
I0711 00:38:52.879087 8225 log_cache.cc:391] T 13410a5b9e644e6f86b34bea173a5677 P b93116846b4a43a1a8398438c81d0239: Evicting log cache: after state: Pinned index: 14, LogCacheStats(num_ops=1, bytes=847) 00:38:52.879 [DEBUG - New I/O worker #134] (TabletClient.java:636) [Peer b93116846b4a43a1a8398438c81d0239] [id: 0xe79a4fff, /127.0.0.1:48701 => /127.29.29.1:64036] RECEIVED: BigEndianHeapChannelBuffer(ridx=0, widx=74, cap=74) 00:38:52.879 [INFO - kudu-tserver:64034] (MiniKuduCluster.java:429)
I0711 00:38:52.879639 7836 raft_consensus.cc:1104] T 13410a5b9e644e6f86b34bea173a5677 P 8f3a2b7e9d2f4dc392f47ead5d0f114f [term 1 FOLLOWER]: Early marking committed up to term: 0 index: 0 00:38:52.879 [INFO - kudu-tserver:64034] (MiniKuduCluster.java:429)
I0711 00:38:52.879667 7836 raft_consensus_state.cc:559] T 13410a5b9e644e6f86b34bea173a5677 P 8f3a2b7e9d2f4dc392f47ead5d0f114f [term 1 FOLLOWER]: Already marked ops through 1.12 as committed. Now trying to mark 0.0 which would be a no-op. 00:38:52.879 [INFO - kudu-tserver:64034] (MiniKuduCluster.java:429)
I0711 00:38:52.879684 7836 raft_consensus.cc:728] T 13410a5b9e644e6f86b34bea173a5677 P 8f3a2b7e9d2f4dc392f47ead5d0f114f [term 1 FOLLOWER]: Starting transaction: term: 1 index: 13 00:38:52.879 [INFO - kudu-tserver:64032] (MiniKuduCluster.java:429)
I0711 00:38:52.879614 7621 raft_consensus.cc:1104] T 13410a5b9e644e6f86b34bea173a5677 P 5d244bfce7964881aa25f36d26bb9cba [term 1 FOLLOWER]: Early marking committed up to term: 1 index: 12 00:38:52.880 [INFO - kudu-tserver:64032] (MiniKuduCluster.java:429)
I0711 00:38:52.879642 7621 raft_consensus_state.cc:578] T 13410a5b9e644e6f86b34bea173a5677 P 5d244bfce7964881aa25f36d26bb9cba [term 1 FOLLOWER]: Last triggered apply was: term: 1 index: 11 Starting to apply from log index: 12 00:38:52.879 [INFO - kudu-tserver:64036] (MiniKuduCluster.java:429)
I0711 00:38:52.879271 8240 raft_consensus.cc:588] T 13410a5b9e644e6f86b34bea173a5677 P b93116846b4a43a1a8398438c81d0239 [term 1 LEADER]: Marking majority replicated up to term: 1 index: 12 00:38:52.880 [INFO - kudu-tserver:64036] (MiniKuduCluster.java:429)
I0711 00:38:52.879282 8240 raft_consensus_state.cc:559] T 13410a5b9e644e6f86b34bea173a5677 P b93116846b4a43a1a8398438c81d0239 [term 1 LEADER]: Already marked ops through 1.12 as committed. Now trying to mark 1.12 which would be a no-op. 00:38:52.880 [INFO - kudu-tserver:64032] (MiniKuduCluster.java:429)
I0711 00:38:52.879724 7621 raft_consensus.cc:728] T 13410a5b9e644e6f86b34bea173a5677 P 5d244bfce7964881aa25f36d26bb9cba [term 1 FOLLOWER]: Starting transaction: term: 1 index: 13 00:38:52.880 [INFO - kudu-tserver:64032] (MiniKuduCluster.java:429)
I0711 00:38:52.879961 7621 raft_consensus.cc:1215] T 13410a5b9e644e6f86b34bea173a5677 P 5d244bfce7964881aa25f36d26bb9cba [term 1 FOLLOWER]: Marking committed up to term: 1 index: 12 00:38:52.880 [INFO - kudu-tserver:64034] (MiniKuduCluster.java:429)
I0711 00:38:52.879901 7836 raft_consensus.cc:1215] T 13410a5b9e644e6f86b34bea173a5677 P 8f3a2b7e9d2f4dc392f47ead5d0f114f [term 1 FOLLOWER]: Marking committed up to term: 1 index: 12 00:38:52.880 [INFO - kudu-tserver:64034] (MiniKuduCluster.java:429)
I0711 00:38:52.879917 7836 raft_consensus_state.cc:559] T 13410a5b9e644e6f86b34bea173a5677 P 8f3a2b7e9d2f4dc392f47ead5d0f114f [term 1 FOLLOWER]: Already marked ops through 1.12 as committed. Now trying to mark 1.12 which would be a no-op. 00:38:52.880 [INFO - kudu-tserver:64034] (MiniKuduCluster.java:429)
I0711 00:38:52.879986 8216 log_cache.cc:214] T 13410a5b9e644e6f86b34bea173a5677 P 8f3a2b7e9d2f4dc392f47ead5d0f114f: Updating pinned index to 14 00:38:52.880 [INFO - kudu-tserver:64034] (MiniKuduCluster.java:429)
I0711 00:38:52.880018 8216 consensus_queue.cc:455] T 13410a5b9e644e6f86b34bea173a5677 P 8f3a2b7e9d2f4dc392f47ead5d0f114f [NON_LEADER]: Updated all_replicated watermark from 1.12 to 1.13 00:38:52.881 [INFO - kudu-tserver:64034] (MiniKuduCluster.java:429)
I0711 00:38:52.880049 8216 log_cache.cc:391] T 13410a5b9e644e6f86b34bea173a5677 P 8f3a2b7e9d2f4dc392f47ead5d0f114f: Evicting log cache: after state: Pinned index: 14, LogCacheStats(num_ops=1, bytes=871) 00:38:52.879 [DEBUG - New I/O worker #134] (TabletClient.java:359) ------------------>> ENTERING DECODE >>------------------ 00:38:52.881 [INFO - kudu-tserver:64034] (MiniKuduCluster.java:429)
I0711 00:38:52.880131 7836 raft_consensus.cc:700] T 13410a5b9e644e6f86b34bea173a5677 P 8f3a2b7e9d2f4dc392f47ead5d0f114f [term 1 FOLLOWER]: Replica replied to status only request. Replica: Replica: 8f3a2b7e9d2f4dc392f47ead5d0f114f, State: 1, Role: FOLLOWER 00:38:52.881 [INFO - kudu-tserver:64034] (MiniKuduCluster.java:429) Watermarks: {Received: term: 1 index: 13 Committed: term: 1 index: 12} 00:38:52.881 [INFO - kudu-tserver:64034] (MiniKuduCluster.java:429) . Response: responder_uuid: "8f3a2b7e9d2f4dc392f47ead5d0f114f" responder_term: 1 status { last_received { term: 1 index: 13 } last_committed_idx: 12 last_received_current_leader { term: 1 index: 13 } } 00:38:52.880 [INFO - kudu-tserver:64032] (MiniKuduCluster.java:429)
I0711 00:38:52.879976 7621 raft_consensus_state.cc:559] T 13410a5b9e644e6f86b34bea173a5677 P 5d244bfce7964881aa25f36d26bb9cba [term 1 FOLLOWER]: Already marked ops through 1.12 as committed. Now trying to mark 1.12 which would be a no-op. 00:38:52.881 [INFO - kudu-tserver:64032] (MiniKuduCluster.java:429)
I0711 00:38:52.880081 8220 log_cache.cc:214] T 13410a5b9e644e6f86b34bea173a5677 P 5d244bfce7964881aa25f36d26bb9cba: Updating pinned index to 14 00:38:52.881 [INFO - kudu-tserver:64032] (MiniKuduCluster.java:429)
I0711 00:38:52.880120 8220 consensus_queue.cc:455] T 13410a5b9e644e6f86b34bea173a5677 P 5d244bfce7964881aa25f36d26bb9cba [NON_LEADER]: Updated all_replicated watermark from 1.12 to 1.13 00:38:52.880 [INFO - kudu-tserver:64036] (MiniKuduCluster.java:429)
I0711 00:38:52.880435 8227 consensus_queue.cc:455] T 13410a5b9e644e6f86b34bea173a5677 P b93116846b4a43a1a8398438c81d0239 [LEADER]: Updated majority_replicated watermark from 1.12 to 1.13 00:38:52.882 [INFO - kudu-tserver:64036] (MiniKuduCluster.java:429)
I0711 00:38:52.880451 8227 consensus_queue.cc:455] T 13410a5b9e644e6f86b34bea173a5677 P b93116846b4a43a1a8398438c81d0239 [LEADER]: Updated all_replicated watermark from 1.12 to 1.12 00:38:52.882 [INFO - kudu-tserver:64036] (MiniKuduCluster.java:429)
I0711 00:38:52.880461 8227 log_cache.cc:391] T 13410a5b9e644e6f86b34bea173a5677 P b93116846b4a43a1a8398438c81d0239: Evicting log cache: after state: Pinned index: 14, LogCacheStats(num_ops=1, bytes=847) 00:38:52.881 [INFO - kudu-tserver:64032] (MiniKuduCluster.java:429)
I0711 00:38:52.880161 8220 log_cache.cc:391] T 13410a5b9e644e6f86b34bea173a5677 P 5d244bfce7964881aa25f36d26bb9cba: Evicting log cache: after state: Pinned index: 14, LogCacheStats(num_ops=1, bytes=871) 00:38:52.882 [INFO - kudu-tserver:64032] (MiniKuduCluster.java:429)
I0711 00:38:52.880242 7621 raft_consensus.cc:700] T 13410a5b9e644e6f86b34bea173a5677 P 5d244bfce7964881aa25f36d26bb9cba [term 1 FOLLOWER]: Replica replied to status only request. Replica: Replica: 5d244bfce7964881aa25f36d26bb9cba, State: 1, Role: FOLLOWER 00:38:52.882 [INFO - kudu-tserver:64032] (MiniKuduCluster.java:429) Watermarks: {Received: term: 1 index: 13 Committed: term: 1 index: 12} 00:38:52.882 [INFO - kudu-tserver:64032] (MiniKuduCluster.java:429) . Response: responder_uuid: "5d244bfce7964881aa25f36d26bb9cba" responder_term: 1 status { last_received { term: 1 index: 13 } last_committed_idx: 12 last_received_current_leader { term: 1 index: 13 } } 00:38:52.881 [INFO - kudu-tserver:64034] (MiniKuduCluster.java:429)
I0711 00:38:52.881201 7836 raft_consensus.cc:1104] T 13410a5b9e644e6f86b34bea173a5677 P 8f3a2b7e9d2f4dc392f47ead5d0f114f [term 1 FOLLOWER]: Early marking committed up to term: 1 index: 13 00:38:52.882 [INFO - kudu-tserver:64034] (MiniKuduCluster.java:429)
I0711 00:38:52.881220 7836 raft_consensus_state.cc:578] T 13410a5b9e644e6f86b34bea173a5677 P 8f3a2b7e9d2f4dc392f47ead5d0f114f [term 1 FOLLOWER]: Last triggered apply was: term: 1 index: 12 Starting to apply from log index: 13 00:38:52.882 [INFO - kudu-tserver:64034] (MiniKuduCluster.java:429)
I0711 00:38:52.881301 7836 raft_consensus.cc:1215] T 13410a5b9e644e6f86b34bea173a5677 P 8f3a2b7e9d2f4dc392f47ead5d0f114f [term 1 FOLLOWER]: Marking committed up to term: 1 index: 13 00:38:52.882 [INFO - kudu-tserver:64034] (MiniKuduCluster.java:429)
I0711 00:38:52.881314 7836 raft_consensus_state.cc:559] T 13410a5b9e644e6f86b34bea173a5677 P 8f3a2b7e9d2f4dc392f47ead5d0f114f [term 1 FOLLOWER]: Already marked ops through 1.13 as committed. Now trying to mark 1.13 which would be a no-op. 00:38:52.883 [INFO - kudu-tserver:64034] (MiniKuduCluster.java:429)
I0711 00:38:52.881348 7836 raft_consensus.cc:700] T 13410a5b9e644e6f86b34bea173a5677 P 8f3a2b7e9d2f4dc392f47ead5d0f114f [term 1 FOLLOWER]: Replica replied to status only request. Replica: Replica: 8f3a2b7e9d2f4dc392f47ead5d0f114f, State: 1, Role: FOLLOWER 00:38:52.881 [DEBUG - New I/O worker #134] (AsyncKuduScanner.java:847) AsyncKuduScanner$Response(scannerId="", data=RowResultIterator for 1 rows, more=false) 00:38:52.883 [INFO - kudu-tserver:64034] (MiniKuduCluster.java:429) Watermarks: {Received: term: 1 index: 13 Committed: term: 1 index: 13} 00:38:52.883 [INFO - kudu-tserver:64034] (MiniKuduCluster.java:429) . Response: responder_uuid: "8f3a2b7e9d2f4dc392f47ead5d0f114f" responder_term: 1 status { last_received { term: 1 index: 13 } last_committed_idx: 13 last_received_current_leader { term: 1 index: 13 } } 00:38:52.882 [INFO - kudu-tserver:64032] (MiniKuduCluster.java:429)
I0711 00:38:52.881219 7621 raft_consensus.cc:1104] T 13410a5b9e644e6f86b34bea173a5677 P 5d244bfce7964881aa25f36d26bb9cba [term 1 FOLLOWER]: Early marking committed up to term: 1 index: 13 00:38:52.882 [INFO - kudu-tserver:64036] (MiniKuduCluster.java:429)
I0711 00:38:52.880543 8227 consensus_queue.cc:455] T 13410a5b9e644e6f86b34bea173a5677 P b93116846b4a43a1a8398438c81d0239 [LEADER]: Updated majority_replicated watermark from 1.13 to 1.13 00:38:52.883 [INFO - kudu-tserver:64036] (MiniKuduCluster.java:429)
I0711 00:38:52.880555 8227 consensus_queue.cc:455] T 13410a5b9e644e6f86b34bea173a5677 P b93116846b4a43a1a8398438c81d0239 [LEADER]: Updated all_replicated watermark from 1.12 to 1.13 00:38:52.883 [INFO - kudu-tserver:64036] (MiniKuduCluster.java:429)
I0711 00:38:52.880564 8227 log_cache.cc:391] T 13410a5b9e644e6f86b34bea173a5677 P b93116846b4a43a1a8398438c81d0239: Evicting log cache: after state: Pinned index: 14, LogCacheStats(num_ops=1, bytes=847) 00:38:52.883 [INFO - kudu-tserver:64036] (MiniKuduCluster.java:429)
I0711 00:38:52.880597 8240 raft_consensus.cc:588] T 13410a5b9e644e6f86b34bea173a5677 P b93116846b4a43a1a8398438c81d0239 [term 1 LEADER]: Marking majority replicated up to term: 1 index: 13 00:38:52.883 [INFO - kudu-tserver:64032] (MiniKuduCluster.java:429)
I0711 00:38:52.881237 7621 raft_consensus_state.cc:578] T 13410a5b9e644e6f86b34bea173a5677 P 5d244bfce7964881aa25f36d26bb9cba [term 1 FOLLOWER]: Last triggered apply was: term: 1 index: 12 Starting to apply from log index: 13 00:38:52.884 [INFO - kudu-tserver:64032] (MiniKuduCluster.java:429)
I0711 00:38:52.881309 7621 raft_consensus.cc:1215] T 13410a5b9e644e6f86b34bea173a5677 P 5d244bfce7964881aa25f36d26bb9cba [term 1 FOLLOWER]: Marking committed up to term: 1 index: 13 00:38:52.884 [INFO - kudu-tserver:64032] (MiniKuduCluster.java:429)
I0711 00:38:52.881322 7621 raft_consensus_state.cc:559] T 13410a5b9e644e6f86b34bea173a5677 P 5d244bfce7964881aa25f36d26bb9cba [term 1 FOLLOWER]: Already marked ops through 1.13 as committed. Now trying to mark 1.13 which would be a no-op. 00:38:52.884 [INFO - kudu-tserver:64032] (MiniKuduCluster.java:429)
I0711 00:38:52.881352 7621 raft_consensus.cc:700] T 13410a5b9e644e6f86b34bea173a5677 P 5d244bfce7964881aa25f36d26bb9cba [term 1 FOLLOWER]: Replica replied to status only request. Replica: Replica: 5d244bfce7964881aa25f36d26bb9cba, State: 1, Role: FOLLOWER 00:38:52.884 [INFO - kudu-tserver:64032] (MiniKuduCluster.java:429) Watermarks: {Received: term: 1 index: 13 Committed: term: 1 index: 13} 00:38:52.884 [INFO - kudu-tserver:64032] (MiniKuduCluster.java:429) . Response: responder_uuid: "5d244bfce7964881aa25f36d26bb9cba" responder_term: 1 status { last_received { term: 1 index: 13 } last_committed_idx: 13 last_received_current_leader { term: 1 index: 13 } } 00:38:52.883 [DEBUG - New I/O worker #134] (TabletClient.java:426) [Peer b93116846b4a43a1a8398438c81d0239] rpcid=15, response size=74 bytes, 0 readable bytes left, rpc=ScanRequest(scannerId=null, tabletSlice=13410a5b9e644e6f86b34bea173a5677, attempt=1) 00:38:52.883 [INFO - kudu-tserver:64036] (MiniKuduCluster.java:429)
I0711 00:38:52.880614 8240 raft_consensus_state.cc:578] T 13410a5b9e644e6f86b34bea173a5677 P b93116846b4a43a1a8398438c81d0239 [term 1 LEADER]: Last triggered apply was: term: 1 index: 12 Starting to apply from log index: 13 00:38:52.884 [INFO - kudu-tserver:64036] (MiniKuduCluster.java:429)
I0711 00:38:52.880795 8240 raft_consensus.cc:588] T 13410a5b9e644e6f86b34bea173a5677 P b93116846b4a43a1a8398438c81d0239 [term 1 LEADER]: Marking majority replicated up to term: 1 index: 13 00:38:52.884 [DEBUG - New I/O worker #134] (TabletClient.java:491) ------------------<< LEAVING DECODE <<------------------ time elapsed: 4905us 00:38:52.884 [INFO - kudu-tserver:64036] (MiniKuduCluster.java:429)
I0711 00:38:52.880805 8240 raft_consensus_state.cc:559] T 13410a5b9e644e6f86b34bea173a5677 P b93116846b4a43a1a8398438c81d0239 [term 1 LEADER]: Already marked ops through 1.13 as committed. Now trying to mark 1.13 which would be a no-op. 00:38:52.885 [INFO - kudu-tserver:64036] (MiniKuduCluster.java:429)
I0711 00:38:52.881685 8236 consensus_queue.cc:455] T 13410a5b9e644e6f86b34bea173a5677 P b93116846b4a43a1a8398438c81d0239 [LEADER]: Updated majority_replicated watermark from 1.13 to 1.13 00:38:52.885 [INFO - kudu-tserver:64036] (MiniKuduCluster.java:429)
I0711 00:38:52.881702 8236 consensus_queue.cc:455] T 13410a5b9e644e6f86b34bea173a5677 P b93116846b4a43a1a8398438c81d0239 [LEADER]: Updated all_replicated watermark from 1.13 to 1.13 00:38:52.885 [DEBUG - New I/O worker #134] (TabletClient.java:636) [Peer b93116846b4a43a1a8398438c81d0239] [id: 0xe79a4fff, /127.0.0.1:48701 => /127.29.29.1:64036] RECEIVED: BigEndianHeapChannelBuffer(ridx=0, widx=19, cap=19) 00:38:52.885 [DEBUG - New I/O worker #134] (TabletClient.java:359) ------------------>> ENTERING DECODE >>------------------ 00:38:52.885 [INFO - kudu-tserver:64036] (MiniKuduCluster.java:429)
I0711 00:38:52.881737 8236 log_cache.cc:391] T 13410a5b9e644e6f86b34bea173a5677 P b93116846b4a43a1a8398438c81d0239: Evicting log cache: after state: Pinned index: 14, LogCacheStats(num_ops=0, bytes=0) 00:38:52.885 [INFO - kudu-tserver:64036] (MiniKuduCluster.java:429)
I0711 00:38:52.881790 8227 consensus_queue.cc:455] T 13410a5b9e644e6f86b34bea173a5677 P b93116846b4a43a1a8398438c81d0239 [LEADER]: Updated majority_replicated watermark from 1.13 to 1.13 00:38:52.885 [DEBUG - New I/O worker #134] (TabletClient.java:426) [Peer b93116846b4a43a1a8398438c81d0239] rpcid=16, response size=19 bytes, 0 readable bytes left, rpc=KuduRpc(method=Write, tablet=13410a5b9e644e6f86b34bea173a5677, attempt=1, DeadlineTracker(timeout=30000, elapsed=8), Deferred@103705876(state=PENDING, result=null, callback=wakeup thread Thread-7, errback=wakeup thread Thread-7)) row_key=(int32 key=11) 00:38:52.885 [INFO - kudu-tserver:64036] (MiniKuduCluster.java:429)
I0711 00:38:52.881808 8227 consensus_queue.cc:455] T 13410a5b9e644e6f86b34bea173a5677 P b93116846b4a43a1a8398438c81d0239 [LEADER]: Updated all_replicated watermark from 1.13 to 1.13 00:38:52.885 [DEBUG - New I/O worker #134] (TabletClient.java:491) ------------------<< LEAVING DECODE <<------------------ time elapsed: 478us 00:38:52.885 [DEBUG - Thread-8] (AsyncKuduScanner.java:812) Sending scan req: new_scan_request { tablet_id: "13410a5b9e644e6f86b34bea173a5677" limit: 9223372036854775807 projected_columns { name: "key" type: INT32 is_key: true is_nullable: false encoding: AUTO_ENCODING compression: DEFAULT_COMPRESSION cfile_block_size: 0 } projected_columns { name: "column1_i" type: INT32 is_key: false is_nullable: false encoding: AUTO_ENCODING compression: DEFAULT_COMPRESSION cfile_block_size: 0 } projected_columns { name: "column2_i" type: INT32 is_key: false is_nullable: false encoding: AUTO_ENCODING compression: DEFAULT_COMPRESSION cfile_block_size: 0 } projected_columns { name: "column3_s" type: STRING is_key: false is_nullable: true encoding: DICT_ENCODING compression: LZ4 cfile_block_size: 0 } projected_columns { name: "column4_b" type: BOOL is_key: false is_nullable: false encoding: AUTO_ENCODING compression: DEFAULT_COMPRESSION cfile_block_size: 0 } read_mode: READ_LATEST cache_blocks: true order_mode: UNORDERED } batch_size_bytes: 1048576 00:38:52.885 [INFO - kudu-tserver:64036] (MiniKuduCluster.java:429)
I0711 00:38:52.881817 8227 log_cache.cc:391] T 13410a5b9e644e6f86b34bea173a5677 P b93116846b4a43a1a8398438c81d0239: Evicting log cache: after state: Pinned index: 14, LogCacheStats(num_ops=0, bytes=0) 00:38:52.886 [INFO - kudu-tserver:64036] (MiniKuduCluster.java:429)
I0711 00:38:52.881850 8240 raft_consensus.cc:588] T 13410a5b9e644e6f86b34bea173a5677 P b93116846b4a43a1a8398438c81d0239 [term 1 LEADER]: Marking majority replicated up to term: 1 index: 13 00:38:52.886 [INFO - kudu-tserver:64036] (MiniKuduCluster.java:429)
I0711 00:38:52.881861 8240 raft_consensus_state.cc:559] T 13410a5b9e644e6f86b34bea173a5677 P b93116846b4a43a1a8398438c81d0239 [term 1 LEADER]: Already marked ops through 1.13 as committed. Now trying to mark 1.13 which would be a no-op. 00:38:52.886 [INFO - kudu-tserver:64036] (MiniKuduCluster.java:429)
I0711 00:38:52.881906 8240 raft_consensus.cc:588] T 13410a5b9e644e6f86b34bea173a5677 P b93116846b4a43a1a8398438c81d0239 [term 1 LEADER]: Marking majority replicated up to term: 1 index: 13 00:38:52.886 [INFO - kudu-tserver:64036] (MiniKuduCluster.java:429)
I0711 00:38:52.881913 8240 raft_consensus_state.cc:559] T 13410a5b9e644e6f86b34bea173a5677 P b93116846b4a43a1a8398438c81d0239 [term 1 LEADER]: Already marked ops through 1.13 as committed. Now trying to mark 1.13 which would be a no-op. 00:38:52.886 [DEBUG - Thread-7] (TabletClient.java:261) [Peer b93116846b4a43a1a8398438c81d0239] [id: 0xe79a4fff, /127.0.0.1:48701 => /127.29.29.1:64036] Sending RPC #18, payload=BigEndianHeapChannelBuffer(ridx=0, widx=258, cap=258) "\x00\x00\x00\xFE0\x18\x122)\n kudu.tserver.TabletServerService\x12\x05WriteP\xF4\x03\xCB\x01\n 13410a5b9e644e6f86b34bea173a5677\x12w\n\x11\x12\x03key\x18\x05 \x01(\x00@\x00H\x00P\x00\n\x17\x12\tcolumn1_i\x18\x05 \x00(\x00@\x00H\x00P\x00\n\x17\x12\tcolumn2_i\x18\x05 \x00(\x00@\x00H\x00P\x00\n\x17\x12\tcolumn3_s\x18\x08 \x00(\x01@\x05H\x03P\x00\n\x17\x12\tcolumn4_b\x18\t \x00(\x00@\x00H\x00P\x00\x1A,\x12 \x01\x1F\x00\x0C\x00\x00\x00\x02\x00\x00\x00\x03\x00\x00\x00\x00\x00\x00\x00\x00\x00\x00\x00\x08\x00\x00\x00\x00\x00\x00\x00\x01\x1A\x08a string \x01" 00:38:52.886 [DEBUG - Thread-8] (TabletClient.java:261) [Peer b93116846b4a43a1a8398438c81d0239] [id: 0xe79a4fff, /127.0.0.1:48701 => /127.29.29.1:64036] Sending RPC #17, payload=BigEndianHeapChannelBuffer(ridx=0, widx=230, cap=230) "\x00\x00\x00\xE2/\x18\x112(\n kudu.tserver.TabletServerService\x12\x04ScanP\xF4\x03\xB0\x01\x12\xA9\x01\n 13410a5b9e644e6f86b34bea173a5677\x10\xFF\xFF\xFF\xFF\xFF\xFF\xFF\xFF\x7F"\x11\x12\x03key\x18\x05 \x01(\x00@\x00H\x00P\x00"\x17\x12\tcolumn1_i\x18\x05 \x00(\x00@\x00H\x00P\x00"\x17\x12\tcolumn2_i\x18\x05 \x00(\x00@\x00H\x00P\x00"\x17\x12\tcolumn3_s\x18\x08 \x00(\x01@\x05H\x03P\x00"\x17\x12\tcolumn4_b\x18\t \x00(\x00@\x00H\x00P\x00(\x01P\x01X\x01 \x80\x80@" 00:38:52.887 [DEBUG - New I/O worker #134] (TabletClient.java:636) [Peer b93116846b4a43a1a8398438c81d0239] [id: 0xe79a4fff, /127.0.0.1:48701 => /127.29.29.1:64036] WRITTEN_AMOUNT: 258 00:38:52.887 [DEBUG - New I/O worker #134] (TabletClient.java:636) [Peer b93116846b4a43a1a8398438c81d0239] [id: 0xe79a4fff, /127.0.0.1:48701 => /127.29.29.1:64036] WRITTEN_AMOUNT: 230 00:38:52.887 [INFO - kudu-tserver:64036] (MiniKuduCluster.java:429)
I0711 00:38:52.887826 8225 log_cache.cc:214] T 13410a5b9e644e6f86b34bea173a5677 P b93116846b4a43a1a8398438c81d0239: Updating pinned index to 15 00:38:52.888 [INFO - kudu-tserver:64036] (MiniKuduCluster.java:429)
I0711 00:38:52.887841 7912 tablet_service.cc:1501] Started scanner 3be9287591404862b64cc65934d20366: tablet iterator: Union(memrowset iterator) 00:38:52.888 [INFO - kudu-tserver:64036] (MiniKuduCluster.java:429)
I0711 00:38:52.887887 8225 consensus_queue.cc:455] T 13410a5b9e644e6f86b34bea173a5677 P b93116846b4a43a1a8398438c81d0239 [LEADER]: Updated majority_replicated watermark from 1.13 to 1.13 00:38:52.888 [INFO - kudu-tserver:64036] (MiniKuduCluster.java:429)
I0711 00:38:52.887908 8225 consensus_queue.cc:455] T 13410a5b9e644e6f86b34bea173a5677 P b93116846b4a43a1a8398438c81d0239 [LEADER]: Updated all_replicated watermark from 1.13 to 1.13 00:38:52.888 [INFO - kudu-tserver:64036] (MiniKuduCluster.java:429)
I0711 00:38:52.887926 8225 log_cache.cc:391] T 13410a5b9e644e6f86b34bea173a5677 P b93116846b4a43a1a8398438c81d0239: Evicting log cache: after state: Pinned index: 15, LogCacheStats(num_ops=1, bytes=847) 00:38:52.888 [INFO - kudu-tserver:64036] (MiniKuduCluster.java:429)
I0711 00:38:52.888043 8240 raft_consensus.cc:588] T 13410a5b9e644e6f86b34bea173a5677 P b93116846b4a43a1a8398438c81d0239 [term 1 LEADER]: Marking majority replicated up to term: 1 index: 13 00:38:52.888 [INFO - kudu-tserver:64034] (MiniKuduCluster.java:429)
I0711 00:38:52.888382 7836 raft_consensus.cc:1104] T 13410a5b9e644e6f86b34bea173a5677 P 8f3a2b7e9d2f4dc392f47ead5d0f114f [term 1 FOLLOWER]: Early marking committed up to term: 0 index: 0 00:38:52.888 [INFO - kudu-tserver:64034] (MiniKuduCluster.java:429)
I0711 00:38:52.888437 7836 raft_consensus_state.cc:559] T 13410a5b9e644e6f86b34bea173a5677 P 8f3a2b7e9d2f4dc392f47ead5d0f114f [term 1 FOLLOWER]: Already marked ops through 1.13 as committed. Now trying to mark 0.0 which would be a no-op. 00:38:52.888 [INFO - kudu-tserver:64034] (MiniKuduCluster.java:429)
I0711 00:38:52.888454 7836 raft_consensus.cc:728] T 13410a5b9e644e6f86b34bea173a5677 P 8f3a2b7e9d2f4dc392f47ead5d0f114f [term 1 FOLLOWER]: Starting transaction: term: 1 index: 14 00:38:52.888 [DEBUG - New I/O worker #134] (TabletClient.java:636) [Peer b93116846b4a43a1a8398438c81d0239] [id: 0xe79a4fff, /127.0.0.1:48701 => /127.29.29.1:64036] RECEIVED: BigEndianHeapChannelBuffer(ridx=0, widx=494, cap=494) 00:38:52.888 [DEBUG - New I/O worker #134] (TabletClient.java:359) ------------------>> ENTERING DECODE >>------------------ 00:38:52.888 [INFO - kudu-tserver:64034] (MiniKuduCluster.java:429)
I0711 00:38:52.888648 7836 raft_consensus.cc:1215] T 13410a5b9e644e6f86b34bea173a5677 P 8f3a2b7e9d2f4dc392f47ead5d0f114f [term 1 FOLLOWER]: Marking committed up to term: 1 index: 13 00:38:52.889 [INFO - kudu-tserver:64034] (MiniKuduCluster.java:429)
I0711 00:38:52.888662 7836 raft_consensus_state.cc:559] T 13410a5b9e644e6f86b34bea173a5677 P 8f3a2b7e9d2f4dc392f47ead5d0f114f [term 1 FOLLOWER]: Already marked ops through 1.13 as committed. Now trying to mark 1.13 which would be a no-op. 00:38:52.889 [INFO - kudu-tserver:64034] (MiniKuduCluster.java:429)
I0711 00:38:52.888728 8216 log_cache.cc:214] T 13410a5b9e644e6f86b34bea173a5677 P 8f3a2b7e9d2f4dc392f47ead5d0f114f: Updating pinned index to 15 00:38:52.889 [INFO - kudu-tserver:64034] (MiniKuduCluster.java:429)
I0711 00:38:52.888757 8216 consensus_queue.cc:455] T 13410a5b9e644e6f86b34bea173a5677 P 8f3a2b7e9d2f4dc392f47ead5d0f114f [NON_LEADER]: Updated all_replicated watermark from 1.13 to 1.14 00:38:52.889 [INFO - kudu-tserver:64034] (MiniKuduCluster.java:429)
I0711 00:38:52.888787 8216 log_cache.cc:391] T 13410a5b9e644e6f86b34bea173a5677 P 8f3a2b7e9d2f4dc392f47ead5d0f114f: Evicting log cache: after state: Pinned index: 15, LogCacheStats(num_ops=1, bytes=871) 00:38:52.889 [INFO - kudu-tserver:64034] (MiniKuduCluster.java:429)
I0711 00:38:52.888880 7836 raft_consensus.cc:700] T 13410a5b9e644e6f86b34bea173a5677 P 8f3a2b7e9d2f4dc392f47ead5d0f114f [term 1 FOLLOWER]: Replica replied to status only request. Replica: Replica: 8f3a2b7e9d2f4dc392f47ead5d0f114f, State: 1, Role: FOLLOWER 00:38:52.889 [INFO - kudu-tserver:64034] (MiniKuduCluster.java:429) Watermarks: {Received: term: 1 index: 14 Committed: term: 1 index: 13} 00:38:52.889 [INFO - kudu-tserver:64034] (MiniKuduCluster.java:429) . Response: responder_uuid: "8f3a2b7e9d2f4dc392f47ead5d0f114f" responder_term: 1 status { last_received { term: 1 index: 14 } last_committed_idx: 13 last_received_current_leader { term: 1 index: 14 } } 00:38:52.888 [INFO - kudu-tserver:64036] (MiniKuduCluster.java:429)
I0711 00:38:52.888056 8240 raft_consensus_state.cc:559] T 13410a5b9e644e6f86b34bea173a5677 P b93116846b4a43a1a8398438c81d0239 [term 1 LEADER]: Already marked ops through 1.13 as committed. Now trying to mark 1.13 which would be a no-op. 00:38:52.888 [INFO - kudu-tserver:64032] (MiniKuduCluster.java:429)
I0711 00:38:52.888362 7621 raft_consensus.cc:1104] T 13410a5b9e644e6f86b34bea173a5677 P 5d244bfce7964881aa25f36d26bb9cba [term 1 FOLLOWER]: Early marking committed up to term: 0 index: 0 00:38:52.890 [INFO - kudu-tserver:64036] (MiniKuduCluster.java:429)
I0711 00:38:52.889128 8236 consensus_queue.cc:455] T 13410a5b9e644e6f86b34bea173a5677 P b93116846b4a43a1a8398438c81d0239 [LEADER]: Updated majority_replicated watermark from 1.13 to 1.14 00:38:52.890 [INFO - kudu-tserver:64036] (MiniKuduCluster.java:429)
I0711 00:38:52.889145 8236 consensus_queue.cc:455] T 13410a5b9e644e6f86b34bea173a5677 P b93116846b4a43a1a8398438c81d0239 [LEADER]: Updated all_replicated watermark from 1.13 to 1.13 00:38:52.890 [INFO - kudu-tserver:64036] (MiniKuduCluster.java:429)
I0711 00:38:52.889155 8236 log_cache.cc:391] T 13410a5b9e644e6f86b34bea173a5677 P b93116846b4a43a1a8398438c81d0239: Evicting log cache: after state: Pinned index: 15, LogCacheStats(num_ops=1, bytes=847) 00:38:52.890 [INFO - kudu-tserver:64036] (MiniKuduCluster.java:429)
I0711 00:38:52.889183 8227 consensus_queue.cc:455] T 13410a5b9e644e6f86b34bea173a5677 P b93116846b4a43a1a8398438c81d0239 [LEADER]: Updated majority_replicated watermark from 1.14 to 1.14 00:38:52.890 [INFO - kudu-tserver:64036] (MiniKuduCluster.java:429)
I0711 00:38:52.889199 8227 consensus_queue.cc:455] T 13410a5b9e644e6f86b34bea173a5677 P b93116846b4a43a1a8398438c81d0239 [LEADER]: Updated all_replicated watermark from 1.13 to 1.14 00:38:52.890 [INFO - kudu-tserver:64036] (MiniKuduCluster.java:429)
I0711 00:38:52.889209 8227 log_cache.cc:391] T 13410a5b9e644e6f86b34bea173a5677 P b93116846b4a43a1a8398438c81d0239: Evicting log cache: after state: Pinned index: 15, LogCacheStats(num_ops=1, bytes=847) 00:38:52.890 [INFO - kudu-tserver:64036] (MiniKuduCluster.java:429)
I0711 00:38:52.889237 8240 raft_consensus.cc:588] T 13410a5b9e644e6f86b34bea173a5677 P b93116846b4a43a1a8398438c81d0239 [term 1 LEADER]: Marking majority replicated up to term: 1 index: 14 00:38:52.890 [INFO - kudu-tserver:64036] (MiniKuduCluster.java:429)
I0711 00:38:52.889253 8240 raft_consensus_state.cc:578] T 13410a5b9e644e6f86b34bea173a5677 P b93116846b4a43a1a8398438c81d0239 [term 1 LEADER]: Last triggered apply was: term: 1 index: 13 Starting to apply from log index: 14 00:38:52.889 [INFO - kudu-tserver:64034] (MiniKuduCluster.java:429)
I0711 00:38:52.889816 7836 raft_consensus.cc:1104] T 13410a5b9e644e6f86b34bea173a5677 P 8f3a2b7e9d2f4dc392f47ead5d0f114f [term 1 FOLLOWER]: Early marking committed up to term: 1 index: 14 00:38:52.891 [INFO - kudu-tserver:64034] (MiniKuduCluster.java:429)
I0711 00:38:52.889833 7836 raft_consensus_state.cc:578] T 13410a5b9e644e6f86b34bea173a5677 P 8f3a2b7e9d2f4dc392f47ead5d0f114f [term 1 FOLLOWER]: Last triggered apply was: term: 1 index: 13 Starting to apply from log index: 14 00:38:52.889 [DEBUG - New I/O worker #134] (AsyncKuduScanner.java:847) AsyncKuduScanner$Response(scannerId="", data=RowResultIterator for 12 rows, more=false) 00:38:52.891 [INFO - kudu-tserver:64034] (MiniKuduCluster.java:429)
I0711 00:38:52.889907 7836 raft_consensus.cc:1215] T 13410a5b9e644e6f86b34bea173a5677 P 8f3a2b7e9d2f4dc392f47ead5d0f114f [term 1 FOLLOWER]: Marking committed up to term: 1 index: 14 00:38:52.891 [INFO - kudu-tserver:64034] (MiniKuduCluster.java:429)
I0711 00:38:52.889920 7836 raft_consensus_state.cc:559] T 13410a5b9e644e6f86b34bea173a5677 P 8f3a2b7e9d2f4dc392f47ead5d0f114f [term 1 FOLLOWER]: Already marked ops through 1.14 as committed. Now trying to mark 1.14 which would be a no-op. 00:38:52.891 [INFO - kudu-tserver:64034] (MiniKuduCluster.java:429)
I0711 00:38:52.889951 7836 raft_consensus.cc:700] T 13410a5b9e644e6f86b34bea173a5677 P 8f3a2b7e9d2f4dc392f47ead5d0f114f [term 1 FOLLOWER]: Replica replied to status only request. Replica: Replica: 8f3a2b7e9d2f4dc392f47ead5d0f114f, State: 1, Role: FOLLOWER 00:38:52.891 [INFO - kudu-tserver:64034] (MiniKuduCluster.java:429) Watermarks: {Received: term: 1 index: 14 Committed: term: 1 index: 14} 00:38:52.891 [INFO - kudu-tserver:64034] (MiniKuduCluster.java:429) . Response: responder_uuid: "8f3a2b7e9d2f4dc392f47ead5d0f114f" responder_term: 1 status { last_received { term: 1 index: 14 } last_committed_idx: 14 last_received_current_leader { term: 1 index: 14 } } 00:38:52.890 [INFO - kudu-tserver:64036] (MiniKuduCluster.java:429)
I0711 00:38:52.889427 8240 raft_consensus.cc:588] T 13410a5b9e644e6f86b34bea173a5677 P b93116846b4a43a1a8398438c81d0239 [term 1 LEADER]: Marking majority replicated up to term: 1 index: 14 00:38:52.891 [INFO - kudu-tserver:64036] (MiniKuduCluster.java:429)
I0711 00:38:52.889438 8240 raft_consensus_state.cc:559] T 13410a5b9e644e6f86b34bea173a5677 P b93116846b4a43a1a8398438c81d0239 [term 1 LEADER]: Already marked ops through 1.14 as committed. Now trying to mark 1.14 which would be a no-op. 00:38:52.890 [INFO - kudu-tserver:64032] (MiniKuduCluster.java:429)
I0711 00:38:52.888411 7621 raft_consensus_state.cc:559] T 13410a5b9e644e6f86b34bea173a5677 P 5d244bfce7964881aa25f36d26bb9cba [term 1 FOLLOWER]: Already marked ops through 1.13 as committed. Now trying to mark 0.0 which would be a no-op. 00:38:52.892 [INFO - kudu-tserver:64032] (MiniKuduCluster.java:429)
I0711 00:38:52.888442 7621 raft_consensus.cc:728] T 13410a5b9e644e6f86b34bea173a5677 P 5d244bfce7964881aa25f36d26bb9cba [term 1 FOLLOWER]: Starting transaction: term: 1 index: 14 00:38:52.891 [INFO - kudu-tserver:64036] (MiniKuduCluster.java:429)
I0711 00:38:52.890197 8236 consensus_queue.cc:455] T 13410a5b9e644e6f86b34bea173a5677 P b93116846b4a43a1a8398438c81d0239 [LEADER]: Updated majority_replicated watermark from 1.14 to 1.14 00:38:52.892 [INFO - kudu-tserver:64036] (MiniKuduCluster.java:429)
I0711 00:38:52.890213 8236 consensus_queue.cc:455] T 13410a5b9e644e6f86b34bea173a5677 P b93116846b4a43a1a8398438c81d0239 [LEADER]: Updated all_replicated watermark from 1.14 to 1.14 00:38:52.892 [INFO - kudu-tserver:64036] (MiniKuduCluster.java:429)
I0711 00:38:52.890242 8236 log_cache.cc:391] T 13410a5b9e644e6f86b34bea173a5677 P b93116846b4a43a1a8398438c81d0239: Evicting log cache: after state: Pinned index: 15, LogCacheStats(num_ops=0, bytes=0) 00:38:52.892 [INFO - kudu-tserver:64036] (MiniKuduCluster.java:429)
I0711 00:38:52.890278 8227 consensus_queue.cc:455] T 13410a5b9e644e6f86b34bea173a5677 P b93116846b4a43a1a8398438c81d0239 [LEADER]: Updated majority_replicated watermark from 1.14 to 1.14 00:38:52.892 [INFO - kudu-tserver:64036] (MiniKuduCluster.java:429)
I0711 00:38:52.890295 8227 consensus_queue.cc:455] T 13410a5b9e644e6f86b34bea173a5677 P b93116846b4a43a1a8398438c81d0239 [LEADER]: Updated all_replicated watermark from 1.14 to 1.14 00:38:52.892 [INFO - kudu-tserver:64036] (MiniKuduCluster.java:429)
I0711 00:38:52.890306 8227 log_cache.cc:391] T 13410a5b9e644e6f86b34bea173a5677 P b93116846b4a43a1a8398438c81d0239: Evicting log cache: after state: Pinned index: 15, LogCacheStats(num_ops=0, bytes=0) 00:38:52.892 [INFO - kudu-tserver:64036] (MiniKuduCluster.java:429)
I0711 00:38:52.890352 8240 raft_consensus.cc:588] T 13410a5b9e644e6f86b34bea173a5677 P b93116846b4a43a1a8398438c81d0239 [term 1 LEADER]: Marking majority replicated up to term: 1 index: 14 00:38:52.892 [INFO - kudu-tserver:64036] (MiniKuduCluster.java:429)
I0711 00:38:52.890363 8240 raft_consensus_state.cc:559] T 13410a5b9e644e6f86b34bea173a5677 P b93116846b4a43a1a8398438c81d0239 [term 1 LEADER]: Already marked ops through 1.14 as committed. Now trying to mark 1.14 which would be a no-op. 00:38:52.893 [INFO - kudu-tserver:64036] (MiniKuduCluster.java:429)
I0711 00:38:52.890408 8240 raft_consensus.cc:588] T 13410a5b9e644e6f86b34bea173a5677 P b93116846b4a43a1a8398438c81d0239 [term 1 LEADER]: Marking majority replicated up to term: 1 index: 14 00:38:52.893 [INFO - kudu-tserver:64036] (MiniKuduCluster.java:429)
I0711 00:38:52.890415 8240 raft_consensus_state.cc:559] T 13410a5b9e644e6f86b34bea173a5677 P b93116846b4a43a1a8398438c81d0239 [term 1 LEADER]: Already marked ops through 1.14 as committed. Now trying to mark 1.14 which would be a no-op. 00:38:52.891 [DEBUG - New I/O worker #134] (TabletClient.java:426) [Peer b93116846b4a43a1a8398438c81d0239] rpcid=17, response size=494 bytes, 0 readable bytes left, rpc=ScanRequest(scannerId=null, tabletSlice=13410a5b9e644e6f86b34bea173a5677, attempt=1) 00:38:52.892 [INFO - kudu-tserver:64032] (MiniKuduCluster.java:429)
