I0711 00:38:53.464962 7621 raft_consensus_state.cc:559] T 13410a5b9e644e6f86b34bea173a5677 P 5d244bfce7964881aa25f36d26bb9cba [term 1 FOLLOWER]: Already marked ops through 1.81 as committed. Now trying to mark 1.81 which would be a no-op. 00:38:53.467 [INFO - kudu-tserver:64032] (MiniKuduCluster.java:429)
I0711 00:38:53.465034 8220 log_cache.cc:214] T 13410a5b9e644e6f86b34bea173a5677 P 5d244bfce7964881aa25f36d26bb9cba: Updating pinned index to 83 00:38:53.467 [INFO - kudu-tserver:64032] (MiniKuduCluster.java:429)
I0711 00:38:53.465065 8220 consensus_queue.cc:455] T 13410a5b9e644e6f86b34bea173a5677 P 5d244bfce7964881aa25f36d26bb9cba [NON_LEADER]: Updated all_replicated watermark from 1.81 to 1.82 00:38:53.467 [INFO - kudu-tserver:64032] (MiniKuduCluster.java:429)
I0711 00:38:53.465103 8220 log_cache.cc:391] T 13410a5b9e644e6f86b34bea173a5677 P 5d244bfce7964881aa25f36d26bb9cba: Evicting log cache: after state: Pinned index: 83, LogCacheStats(num_ops=1, bytes=871) 00:38:53.467 [INFO - kudu-tserver:64036] (MiniKuduCluster.java:429)
I0711 00:38:53.466435 8236 consensus_queue.cc:455] T 13410a5b9e644e6f86b34bea173a5677 P b93116846b4a43a1a8398438c81d0239 [LEADER]: Updated majority_replicated watermark from 1.82 to 1.82 00:38:53.467 [INFO - kudu-tserver:64036] (MiniKuduCluster.java:429)
I0711 00:38:53.466451 8236 consensus_queue.cc:455] T 13410a5b9e644e6f86b34bea173a5677 P b93116846b4a43a1a8398438c81d0239 [LEADER]: Updated all_replicated watermark from 1.82 to 1.82 00:38:53.467 [INFO - kudu-tserver:64036] (MiniKuduCluster.java:429)
I0711 00:38:53.466461 8236 log_cache.cc:391] T 13410a5b9e644e6f86b34bea173a5677 P b93116846b4a43a1a8398438c81d0239: Evicting log cache: after state: Pinned index: 83, LogCacheStats(num_ops=1, bytes=847) 00:38:53.467 [INFO - kudu-tserver:64036] (MiniKuduCluster.java:429)
I0711 00:38:53.466708 8240 raft_consensus.cc:588] T 13410a5b9e644e6f86b34bea173a5677 P b93116846b4a43a1a8398438c81d0239 [term 1 LEADER]: Marking majority replicated up to term: 1 index: 82 00:38:53.467 [INFO - kudu-tserver:64036] (MiniKuduCluster.java:429)
I0711 00:38:53.466720 8240 raft_consensus_state.cc:559] T 13410a5b9e644e6f86b34bea173a5677 P b93116846b4a43a1a8398438c81d0239 [term 1 LEADER]: Already marked ops through 1.82 as committed. Now trying to mark 1.82 which would be a no-op. 00:38:53.466 [DEBUG - New I/O worker #134] (TabletClient.java:426) [Peer b93116846b4a43a1a8398438c81d0239] rpcid=158, response size=20 bytes, 0 readable bytes left, rpc=KuduRpc(method=Write, tablet=13410a5b9e644e6f86b34bea173a5677, attempt=1, DeadlineTracker(timeout=30000, elapsed=4), Deferred@92772303(state=PENDING, result=null, callback=wakeup thread Thread-7, errback=wakeup thread Thread-7)) row_key=(int32 key=125) 00:38:53.466 [INFO - kudu-tserver:64034] (MiniKuduCluster.java:429)
I0711 00:38:53.465096 7836 raft_consensus.cc:700] T 13410a5b9e644e6f86b34bea173a5677 P 8f3a2b7e9d2f4dc392f47ead5d0f114f [term 1 FOLLOWER]: Replica replied to status only request. Replica: Replica: 8f3a2b7e9d2f4dc392f47ead5d0f114f, State: 1, Role: FOLLOWER 00:38:53.468 [INFO - kudu-tserver:64034] (MiniKuduCluster.java:429) Watermarks: {Received: term: 1 index: 82 Committed: term: 1 index: 81} 00:38:53.468 [INFO - kudu-tserver:64034] (MiniKuduCluster.java:429) . Response: responder_uuid: "8f3a2b7e9d2f4dc392f47ead5d0f114f" responder_term: 1 status { last_received { term: 1 index: 82 } last_committed_idx: 81 last_received_current_leader { term: 1 index: 82 } } 00:38:53.466 [DEBUG - Thread-8] (TabletClient.java:261) [Peer b93116846b4a43a1a8398438c81d0239] [id: 0xe79a4fff, /127.0.0.1:48701 => /127.29.29.1:64036] Sending RPC #159, payload=BigEndianHeapChannelBuffer(ridx=0, widx=257, cap=257) "\x00\x00\x00\xFD2\x18\x9F\x012(\n kudu.tserver.TabletServerService\x12\x04ScanP\xF4\x03X\x01\xC8\x01\x12\xC1\x01\n 13410a5b9e644e6f86b34bea173a5677\x10\xFF\xFF\xFF\xFF\xFF\xFF\xFF\xFF\x7F"\x11\x12\x03key\x18\x05 \x01(\x00@\x00H\x00P\x00"\x17\x12\tcolumn1_i\x18\x05 \x00(\x00@\x00H\x00P\x00"\x17\x12\tcolumn2_i\x18\x05 \x00(\x00@\x00H\x00P\x00"\x17\x12\tcolumn3_s\x18\x08 \x00(\x01@\x05H\x03P\x00"\x17\x12\tcolumn4_b\x18\t \x00(\x00@\x00H\x00P\x00(\x019\x00p\xF8\x08\x07\x16uSP\x01X\x01j\x0D\n\x03key\x1A\x06\n\x04\x17\x00\x00\x00 \x80\x80@" 00:38:53.468 [INFO - kudu-tserver:64034] (MiniKuduCluster.java:429)
I0711 00:38:53.466017 7836 raft_consensus.cc:1104] T 13410a5b9e644e6f86b34bea173a5677 P 8f3a2b7e9d2f4dc392f47ead5d0f114f [term 1 FOLLOWER]: Early marking committed up to term: 1 index: 82 00:38:53.468 [INFO - kudu-tserver:64034] (MiniKuduCluster.java:429)
I0711 00:38:53.466038 7836 raft_consensus_state.cc:578] T 13410a5b9e644e6f86b34bea173a5677 P 8f3a2b7e9d2f4dc392f47ead5d0f114f [term 1 FOLLOWER]: Last triggered apply was: term: 1 index: 81 Starting to apply from log index: 82 00:38:53.468 [INFO - kudu-tserver:64034] (MiniKuduCluster.java:429)
I0711 00:38:53.466116 7836 raft_consensus.cc:1215] T 13410a5b9e644e6f86b34bea173a5677 P 8f3a2b7e9d2f4dc392f47ead5d0f114f [term 1 FOLLOWER]: Marking committed up to term: 1 index: 82 00:38:53.468 [INFO - kudu-tserver:64034] (MiniKuduCluster.java:429)
I0711 00:38:53.466130 7836 raft_consensus_state.cc:559] T 13410a5b9e644e6f86b34bea173a5677 P 8f3a2b7e9d2f4dc392f47ead5d0f114f [term 1 FOLLOWER]: Already marked ops through 1.82 as committed. Now trying to mark 1.82 which would be a no-op. 00:38:53.468 [INFO - kudu-tserver:64034] (MiniKuduCluster.java:429)
I0711 00:38:53.466162 7836 raft_consensus.cc:700] T 13410a5b9e644e6f86b34bea173a5677 P 8f3a2b7e9d2f4dc392f47ead5d0f114f [term 1 FOLLOWER]: Replica replied to status only request. Replica: Replica: 8f3a2b7e9d2f4dc392f47ead5d0f114f, State: 1, Role: FOLLOWER 00:38:53.468 [INFO - kudu-tserver:64034] (MiniKuduCluster.java:429) Watermarks: {Received: term: 1 index: 82 Committed: term: 1 index: 82} 00:38:53.468 [INFO - kudu-tserver:64034] (MiniKuduCluster.java:429) . Response: responder_uuid: "8f3a2b7e9d2f4dc392f47ead5d0f114f" responder_term: 1 status { last_received { term: 1 index: 82 } last_committed_idx: 82 last_received_current_leader { term: 1 index: 82 } } 00:38:53.468 [DEBUG - New I/O worker #134] (TabletClient.java:491) ------------------<< LEAVING DECODE <<------------------ time elapsed: 1509us 00:38:53.467 [INFO - kudu-tserver:64032] (MiniKuduCluster.java:429)
I0711 00:38:53.465185 7621 raft_consensus.cc:700] T 13410a5b9e644e6f86b34bea173a5677 P 5d244bfce7964881aa25f36d26bb9cba [term 1 FOLLOWER]: Replica replied to status only request. Replica: Replica: 5d244bfce7964881aa25f36d26bb9cba, State: 1, Role: FOLLOWER 00:38:53.469 [DEBUG - New I/O worker #134] (TabletClient.java:636) [Peer b93116846b4a43a1a8398438c81d0239] [id: 0xe79a4fff, /127.0.0.1:48701 => /127.29.29.1:64036] WRITTEN_AMOUNT: 257 00:38:53.468 [DEBUG - Thread-7] (TabletClient.java:261) [Peer b93116846b4a43a1a8398438c81d0239] [id: 0xe79a4fff, /127.0.0.1:48701 => /127.29.29.1:64036] Sending RPC #160, payload=BigEndianHeapChannelBuffer(ridx=0, widx=268, cap=268) "\x00\x00\x01\x081\x18\xA0\x012)\n kudu.tserver.TabletServerService\x12\x05WriteP\xF4\x03\xD4\x01\n 13410a5b9e644e6f86b34bea173a5677\x12w\n\x11\x12\x03key\x18\x05 \x01(\x00@\x00H\x00P\x00\n\x17\x12\tcolumn1_i\x18\x05 \x00(\x00@\x00H\x00P\x00\n\x17\x12\tcolumn2_i\x18\x05 \x00(\x00@\x00H\x00P\x00\n\x17\x12\tcolumn3_s\x18\x08 \x00(\x01@\x05H\x03P\x00\n\x17\x12\tcolumn4_b\x18\t \x00(\x00@\x00H\x00P\x00\x1A,\x12 \x01\x1F\x00~\x00\x00\x00\x02\x00\x00\x00\x03\x00\x00\x00\x00\x00\x00\x00\x00\x00\x00\x00\x08\x00\x00\x00\x00\x00\x00\x00\x01\x1A\x08a string \x01)\x00p\xF8\x08\x07\x16uS" 00:38:53.469 [INFO - kudu-tserver:64032] (MiniKuduCluster.java:429) Watermarks: {Received: term: 1 index: 82 Committed: term: 1 index: 81} 00:38:53.469 [INFO - kudu-tserver:64032] (MiniKuduCluster.java:429) . Response: responder_uuid: "5d244bfce7964881aa25f36d26bb9cba" responder_term: 1 status { last_received { term: 1 index: 82 } last_committed_idx: 81 last_received_current_leader { term: 1 index: 82 } } 00:38:53.469 [DEBUG - New I/O worker #134] (TabletClient.java:636) [Peer b93116846b4a43a1a8398438c81d0239] [id: 0xe79a4fff, /127.0.0.1:48701 => /127.29.29.1:64036] WRITTEN_AMOUNT: 268 00:38:53.469 [INFO - kudu-tserver:64036] (MiniKuduCluster.java:429)
I0711 00:38:53.469857 7912 tablet_service.cc:1501] Started scanner 318b0ee4de26441a91b9e39c0b9720ab: tablet iterator: Union(memrowset iterator) 00:38:53.470 [INFO - kudu-tserver:64036] (MiniKuduCluster.java:429)
I0711 00:38:53.470262 8225 log_cache.cc:214] T 13410a5b9e644e6f86b34bea173a5677 P b93116846b4a43a1a8398438c81d0239: Updating pinned index to 84 00:38:53.470 [DEBUG - New I/O worker #134] (TabletClient.java:636) [Peer b93116846b4a43a1a8398438c81d0239] [id: 0xe79a4fff, /127.0.0.1:48701 => /127.29.29.1:64036] RECEIVED: BigEndianHeapChannelBuffer(ridx=0, widx=75, cap=75) 00:38:53.470 [DEBUG - New I/O worker #134] (TabletClient.java:359) ------------------>> ENTERING DECODE >>------------------ 00:38:53.470 [INFO - kudu-tserver:64036] (MiniKuduCluster.java:429)
I0711 00:38:53.470309 8225 consensus_queue.cc:455] T 13410a5b9e644e6f86b34bea173a5677 P b93116846b4a43a1a8398438c81d0239 [LEADER]: Updated majority_replicated watermark from 1.82 to 1.82 00:38:53.470 [INFO - kudu-tserver:64036] (MiniKuduCluster.java:429)
I0711 00:38:53.470322 8225 consensus_queue.cc:455] T 13410a5b9e644e6f86b34bea173a5677 P b93116846b4a43a1a8398438c81d0239 [LEADER]: Updated all_replicated watermark from 1.82 to 1.82 00:38:53.470 [INFO - kudu-tserver:64036] (MiniKuduCluster.java:429)
I0711 00:38:53.470356 8225 log_cache.cc:391] T 13410a5b9e644e6f86b34bea173a5677 P b93116846b4a43a1a8398438c81d0239: Evicting log cache: after state: Pinned index: 84, LogCacheStats(num_ops=1, bytes=847) 00:38:53.471 [INFO - kudu-tserver:64036] (MiniKuduCluster.java:429)
I0711 00:38:53.470489 8240 raft_consensus.cc:588] T 13410a5b9e644e6f86b34bea173a5677 P b93116846b4a43a1a8398438c81d0239 [term 1 LEADER]: Marking majority replicated up to term: 1 index: 82 00:38:53.471 [INFO - kudu-tserver:64036] (MiniKuduCluster.java:429)
I0711 00:38:53.470501 8240 raft_consensus_state.cc:559] T 13410a5b9e644e6f86b34bea173a5677 P b93116846b4a43a1a8398438c81d0239 [term 1 LEADER]: Already marked ops through 1.82 as committed. Now trying to mark 1.82 which would be a no-op. 00:38:53.470 [DEBUG - New I/O worker #134] (AsyncKuduScanner.java:847) AsyncKuduScanner$Response(scannerId="", data=RowResultIterator for 1 rows, more=false) 00:38:53.471 [INFO - kudu-tserver:64036] (MiniKuduCluster.java:429)
I0711 00:38:53.471632 8236 consensus_queue.cc:455] T 13410a5b9e644e6f86b34bea173a5677 P b93116846b4a43a1a8398438c81d0239 [LEADER]: Updated majority_replicated watermark from 1.82 to 1.83 00:38:53.471 [INFO - kudu-tserver:64036] (MiniKuduCluster.java:429)
I0711 00:38:53.471654 8236 consensus_queue.cc:455] T 13410a5b9e644e6f86b34bea173a5677 P b93116846b4a43a1a8398438c81d0239 [LEADER]: Updated all_replicated watermark from 1.82 to 1.82 00:38:53.471 [INFO - kudu-tserver:64036] (MiniKuduCluster.java:429)
I0711 00:38:53.471665 8236 log_cache.cc:391] T 13410a5b9e644e6f86b34bea173a5677 P b93116846b4a43a1a8398438c81d0239: Evicting log cache: after state: Pinned index: 84, LogCacheStats(num_ops=1, bytes=847) 00:38:53.470 [INFO - kudu-tserver:64032] (MiniKuduCluster.java:429)
I0711 00:38:53.470777 7621 raft_consensus.cc:1104] T 13410a5b9e644e6f86b34bea173a5677 P 5d244bfce7964881aa25f36d26bb9cba [term 1 FOLLOWER]: Early marking committed up to term: 1 index: 82 00:38:53.472 [INFO - kudu-tserver:64032] (MiniKuduCluster.java:429)
I0711 00:38:53.470803 7621 raft_consensus_state.cc:578] T 13410a5b9e644e6f86b34bea173a5677 P 5d244bfce7964881aa25f36d26bb9cba [term 1 FOLLOWER]: Last triggered apply was: term: 1 index: 81 Starting to apply from log index: 82 00:38:53.472 [INFO - kudu-tserver:64036] (MiniKuduCluster.java:429)
I0711 00:38:53.471704 8227 consensus_queue.cc:455] T 13410a5b9e644e6f86b34bea173a5677 P b93116846b4a43a1a8398438c81d0239 [LEADER]: Updated majority_replicated watermark from 1.83 to 1.83 00:38:53.472 [INFO - kudu-tserver:64036] (MiniKuduCluster.java:429)
I0711 00:38:53.471727 8227 consensus_queue.cc:455] T 13410a5b9e644e6f86b34bea173a5677 P b93116846b4a43a1a8398438c81d0239 [LEADER]: Updated all_replicated watermark from 1.82 to 1.83 00:38:53.472 [INFO - kudu-tserver:64036] (MiniKuduCluster.java:429)
I0711 00:38:53.471740 8227 log_cache.cc:391] T 13410a5b9e644e6f86b34bea173a5677 P b93116846b4a43a1a8398438c81d0239: Evicting log cache: after state: Pinned index: 84, LogCacheStats(num_ops=1, bytes=847) 00:38:53.472 [INFO - kudu-tserver:64036] (MiniKuduCluster.java:429)
I0711 00:38:53.471781 8240 raft_consensus.cc:588] T 13410a5b9e644e6f86b34bea173a5677 P b93116846b4a43a1a8398438c81d0239 [term 1 LEADER]: Marking majority replicated up to term: 1 index: 83 00:38:53.472 [INFO - kudu-tserver:64036] (MiniKuduCluster.java:429)
I0711 00:38:53.471796 8240 raft_consensus_state.cc:578] T 13410a5b9e644e6f86b34bea173a5677 P b93116846b4a43a1a8398438c81d0239 [term 1 LEADER]: Last triggered apply was: term: 1 index: 82 Starting to apply from log index: 83 00:38:53.472 [INFO - kudu-tserver:64036] (MiniKuduCluster.java:429)
I0711 00:38:53.471920 8240 raft_consensus.cc:588] T 13410a5b9e644e6f86b34bea173a5677 P b93116846b4a43a1a8398438c81d0239 [term 1 LEADER]: Marking majority replicated up to term: 1 index: 83 00:38:53.472 [INFO - kudu-tserver:64036] (MiniKuduCluster.java:429)
I0711 00:38:53.471930 8240 raft_consensus_state.cc:559] T 13410a5b9e644e6f86b34bea173a5677 P b93116846b4a43a1a8398438c81d0239 [term 1 LEADER]: Already marked ops through 1.83 as committed. Now trying to mark 1.83 which would be a no-op. 00:38:53.472 [INFO - kudu-tserver:64036] (MiniKuduCluster.java:429)
I0711 00:38:53.472753 8236 consensus_queue.cc:455] T 13410a5b9e644e6f86b34bea173a5677 P b93116846b4a43a1a8398438c81d0239 [LEADER]: Updated majority_replicated watermark from 1.83 to 1.83 00:38:53.473 [INFO - kudu-tserver:64036] (MiniKuduCluster.java:429)
I0711 00:38:53.472782 8236 consensus_queue.cc:455] T 13410a5b9e644e6f86b34bea173a5677 P b93116846b4a43a1a8398438c81d0239 [LEADER]: Updated all_replicated watermark from 1.83 to 1.83 00:38:53.473 [INFO - kudu-tserver:64036] (MiniKuduCluster.java:429)
I0711 00:38:53.472810 8236 log_cache.cc:391] T 13410a5b9e644e6f86b34bea173a5677 P b93116846b4a43a1a8398438c81d0239: Evicting log cache: after state: Pinned index: 84, LogCacheStats(num_ops=0, bytes=0) 00:38:53.473 [INFO - kudu-tserver:64036] (MiniKuduCluster.java:429)
I0711 00:38:53.472884 8240 raft_consensus.cc:588] T 13410a5b9e644e6f86b34bea173a5677 P b93116846b4a43a1a8398438c81d0239 [term 1 LEADER]: Marking majority replicated up to term: 1 index: 83 00:38:53.473 [INFO - kudu-tserver:64036] (MiniKuduCluster.java:429)
I0711 00:38:53.472887 8236 consensus_queue.cc:455] T 13410a5b9e644e6f86b34bea173a5677 P b93116846b4a43a1a8398438c81d0239 [LEADER]: Updated majority_replicated watermark from 1.83 to 1.83 00:38:53.473 [INFO - kudu-tserver:64036] (MiniKuduCluster.java:429)
I0711 00:38:53.472904 8240 raft_consensus_state.cc:559] T 13410a5b9e644e6f86b34bea173a5677 P b93116846b4a43a1a8398438c81d0239 [term 1 LEADER]: Already marked ops through 1.83 as committed. Now trying to mark 1.83 which would be a no-op. 00:38:53.473 [INFO - kudu-tserver:64036] (MiniKuduCluster.java:429)
I0711 00:38:53.472921 8236 consensus_queue.cc:455] T 13410a5b9e644e6f86b34bea173a5677 P b93116846b4a43a1a8398438c81d0239 [LEADER]: Updated all_replicated watermark from 1.83 to 1.83 00:38:53.471 [DEBUG - New I/O worker #134] (TabletClient.java:426) [Peer b93116846b4a43a1a8398438c81d0239] rpcid=159, response size=75 bytes, 0 readable bytes left, rpc=ScanRequest(scannerId=null, tabletSlice=13410a5b9e644e6f86b34bea173a5677, attempt=1) 00:38:53.470 [INFO - kudu-tserver:64034] (MiniKuduCluster.java:429)
I0711 00:38:53.470844 7836 raft_consensus.cc:1104] T 13410a5b9e644e6f86b34bea173a5677 P 8f3a2b7e9d2f4dc392f47ead5d0f114f [term 1 FOLLOWER]: Early marking committed up to term: 0 index: 0 00:38:53.474 [INFO - kudu-tserver:64034] (MiniKuduCluster.java:429)
I0711 00:38:53.470870 7836 raft_consensus_state.cc:559] T 13410a5b9e644e6f86b34bea173a5677 P 8f3a2b7e9d2f4dc392f47ead5d0f114f [term 1 FOLLOWER]: Already marked ops through 1.82 as committed. Now trying to mark 0.0 which would be a no-op. 00:38:53.474 [INFO - kudu-tserver:64034] (MiniKuduCluster.java:429)
I0711 00:38:53.470887 7836 raft_consensus.cc:728] T 13410a5b9e644e6f86b34bea173a5677 P 8f3a2b7e9d2f4dc392f47ead5d0f114f [term 1 FOLLOWER]: Starting transaction: term: 1 index: 83 00:38:53.473 [DEBUG - New I/O worker #134] (TabletClient.java:491) ------------------<< LEAVING DECODE <<------------------ time elapsed: 3363us 00:38:53.473 [INFO - kudu-tserver:64036] (MiniKuduCluster.java:429)
I0711 00:38:53.472931 8236 log_cache.cc:391] T 13410a5b9e644e6f86b34bea173a5677 P b93116846b4a43a1a8398438c81d0239: Evicting log cache: after state: Pinned index: 84, LogCacheStats(num_ops=0, bytes=0) 00:38:53.472 [INFO - kudu-tserver:64032] (MiniKuduCluster.java:429)
I0711 00:38:53.470882 7621 raft_consensus.cc:728] T 13410a5b9e644e6f86b34bea173a5677 P 5d244bfce7964881aa25f36d26bb9cba [term 1 FOLLOWER]: Starting transaction: term: 1 index: 83 00:38:53.474 [INFO - kudu-tserver:64032] (MiniKuduCluster.java:429)
I0711 00:38:53.471063 7621 raft_consensus.cc:1215] T 13410a5b9e644e6f86b34bea173a5677 P 5d244bfce7964881aa25f36d26bb9cba [term 1 FOLLOWER]: Marking committed up to term: 1 index: 82 00:38:53.474 [INFO - kudu-tserver:64032] (MiniKuduCluster.java:429)
I0711 00:38:53.471078 7621 raft_consensus_state.cc:559] T 13410a5b9e644e6f86b34bea173a5677 P 5d244bfce7964881aa25f36d26bb9cba [term 1 FOLLOWER]: Already marked ops through 1.82 as committed. Now trying to mark 1.82 which would be a no-op. 00:38:53.474 [INFO - kudu-tserver:64032] (MiniKuduCluster.java:429)
I0711 00:38:53.471174 8220 log_cache.cc:214] T 13410a5b9e644e6f86b34bea173a5677 P 5d244bfce7964881aa25f36d26bb9cba: Updating pinned index to 84 00:38:53.474 [INFO - kudu-tserver:64032] (MiniKuduCluster.java:429)
I0711 00:38:53.471204 8220 consensus_queue.cc:455] T 13410a5b9e644e6f86b34bea173a5677 P 5d244bfce7964881aa25f36d26bb9cba [NON_LEADER]: Updated all_replicated watermark from 1.82 to 1.83 00:38:53.474 [INFO - kudu-tserver:64032] (MiniKuduCluster.java:429)
I0711 00:38:53.471235 8220 log_cache.cc:391] T 13410a5b9e644e6f86b34bea173a5677 P 5d244bfce7964881aa25f36d26bb9cba: Evicting log cache: after state: Pinned index: 84, LogCacheStats(num_ops=1, bytes=871) 00:38:53.474 [INFO - kudu-tserver:64032] (MiniKuduCluster.java:429)
I0711 00:38:53.471323 7621 raft_consensus.cc:700] T 13410a5b9e644e6f86b34bea173a5677 P 5d244bfce7964881aa25f36d26bb9cba [term 1 FOLLOWER]: Replica replied to status only request. Replica: Replica: 5d244bfce7964881aa25f36d26bb9cba, State: 1, Role: FOLLOWER 00:38:53.475 [INFO - kudu-tserver:64032] (MiniKuduCluster.java:429) Watermarks: {Received: term: 1 index: 83 Committed: term: 1 index: 82} 00:38:53.475 [INFO - kudu-tserver:64032] (MiniKuduCluster.java:429) . Response: responder_uuid: "5d244bfce7964881aa25f36d26bb9cba" responder_term: 1 status { last_received { term: 1 index: 83 } last_committed_idx: 82 last_received_current_leader { term: 1 index: 83 } } 00:38:53.474 [INFO - kudu-tserver:64036] (MiniKuduCluster.java:429)
I0711 00:38:53.473062 8240 raft_consensus.cc:588] T 13410a5b9e644e6f86b34bea173a5677 P b93116846b4a43a1a8398438c81d0239 [term 1 LEADER]: Marking majority replicated up to term: 1 index: 83 00:38:53.475 [INFO - kudu-tserver:64036] (MiniKuduCluster.java:429)
I0711 00:38:53.473072 8240 raft_consensus_state.cc:559] T 13410a5b9e644e6f86b34bea173a5677 P b93116846b4a43a1a8398438c81d0239 [term 1 LEADER]: Already marked ops through 1.83 as committed. Now trying to mark 1.83 which would be a no-op. 00:38:53.474 [DEBUG - New I/O worker #134] (TabletClient.java:636) [Peer b93116846b4a43a1a8398438c81d0239] [id: 0xe79a4fff, /127.0.0.1:48701 => /127.29.29.1:64036] RECEIVED: BigEndianHeapChannelBuffer(ridx=0, widx=20, cap=20) 00:38:53.475 [DEBUG - New I/O worker #134] (TabletClient.java:359) ------------------>> ENTERING DECODE >>------------------ 00:38:53.474 [INFO - kudu-tserver:64034] (MiniKuduCluster.java:429)
I0711 00:38:53.471091 7836 raft_consensus.cc:1215] T 13410a5b9e644e6f86b34bea173a5677 P 8f3a2b7e9d2f4dc392f47ead5d0f114f [term 1 FOLLOWER]: Marking committed up to term: 1 index: 82 00:38:53.475 [DEBUG - New I/O worker #134] (TabletClient.java:426) [Peer b93116846b4a43a1a8398438c81d0239] rpcid=160, response size=20 bytes, 0 readable bytes left, rpc=KuduRpc(method=Write, tablet=13410a5b9e644e6f86b34bea173a5677, attempt=1, DeadlineTracker(timeout=30000, elapsed=7), Deferred@150968799(state=PENDING, result=null, callback=wakeup thread Thread-7, errback=wakeup thread Thread-7)) row_key=(int32 key=126) 00:38:53.475 [INFO - kudu-tserver:64032] (MiniKuduCluster.java:429)
I0711 00:38:53.472337 7621 raft_consensus.cc:1104] T 13410a5b9e644e6f86b34bea173a5677 P 5d244bfce7964881aa25f36d26bb9cba [term 1 FOLLOWER]: Early marking committed up to term: 1 index: 83 00:38:53.476 [INFO - kudu-tserver:64032] (MiniKuduCluster.java:429)
I0711 00:38:53.472354 7621 raft_consensus_state.cc:578] T 13410a5b9e644e6f86b34bea173a5677 P 5d244bfce7964881aa25f36d26bb9cba [term 1 FOLLOWER]: Last triggered apply was: term: 1 index: 82 Starting to apply from log index: 83 00:38:53.476 [INFO - kudu-tserver:64032] (MiniKuduCluster.java:429)
I0711 00:38:53.472425 7621 raft_consensus.cc:1215] T 13410a5b9e644e6f86b34bea173a5677 P 5d244bfce7964881aa25f36d26bb9cba [term 1 FOLLOWER]: Marking committed up to term: 1 index: 83 00:38:53.476 [INFO - kudu-tserver:64032] (MiniKuduCluster.java:429)
I0711 00:38:53.472439 7621 raft_consensus_state.cc:559] T 13410a5b9e644e6f86b34bea173a5677 P 5d244bfce7964881aa25f36d26bb9cba [term 1 FOLLOWER]: Already marked ops through 1.83 as committed. Now trying to mark 1.83 which would be a no-op. 00:38:53.476 [INFO - kudu-tserver:64032] (MiniKuduCluster.java:429)
I0711 00:38:53.472467 7621 raft_consensus.cc:700] T 13410a5b9e644e6f86b34bea173a5677 P 5d244bfce7964881aa25f36d26bb9cba [term 1 FOLLOWER]: Replica replied to status only request. Replica: Replica: 5d244bfce7964881aa25f36d26bb9cba, State: 1, Role: FOLLOWER 00:38:53.476 [INFO - kudu-tserver:64032] (MiniKuduCluster.java:429) Watermarks: {Received: term: 1 index: 83 Committed: term: 1 index: 83} 00:38:53.476 [INFO - kudu-tserver:64032] (MiniKuduCluster.java:429) . Response: responder_uuid: "5d244bfce7964881aa25f36d26bb9cba" responder_term: 1 status { last_received { term: 1 index: 83 } last_committed_idx: 83 last_received_current_leader { term: 1 index: 83 } } 00:38:53.474 [DEBUG - Thread-8] (AsyncKuduScanner.java:812) Sending scan req: new_scan_request { tablet_id: "13410a5b9e644e6f86b34bea173a5677" limit: 9223372036854775807 projected_columns { name: "key" type: INT32 is_key: true is_nullable: false encoding: AUTO_ENCODING compression: DEFAULT_COMPRESSION cfile_block_size: 0 } projected_columns { name: "column1_i" type: INT32 is_key: false is_nullable: false encoding: AUTO_ENCODING compression: DEFAULT_COMPRESSION cfile_block_size: 0 } projected_columns { name: "column2_i" type: INT32 is_key: false is_nullable: false encoding: AUTO_ENCODING compression: DEFAULT_COMPRESSION cfile_block_size: 0 } projected_columns { name: "column3_s" type: STRING is_key: false is_nullable: true encoding: DICT_ENCODING compression: LZ4 cfile_block_size: 0 } projected_columns { name: "column4_b" type: BOOL is_key: false is_nullable: false encoding: AUTO_ENCODING compression: DEFAULT_COMPRESSION cfile_block_size: 0 } read_mode: READ_LATEST propagated_timestamp: 6013737096894246912 cache_blocks: true order_mode: UNORDERED } batch_size_bytes: 1048576 00:38:53.476 [DEBUG - Thread-7] (TabletClient.java:261) [Peer b93116846b4a43a1a8398438c81d0239] [id: 0xe79a4fff, /127.0.0.1:48701 => /127.29.29.1:64036] Sending RPC #162, payload=BigEndianHeapChannelBuffer(ridx=0, widx=268, cap=268) "\x00\x00\x01\x081\x18\xA2\x012)\n kudu.tserver.TabletServerService\x12\x05WriteP\xF4\x03\xD4\x01\n 13410a5b9e644e6f86b34bea173a5677\x12w\n\x11\x12\x03key\x18\x05 \x01(\x00@\x00H\x00P\x00\n\x17\x12\tcolumn1_i\x18\x05 \x00(\x00@\x00H\x00P\x00\n\x17\x12\tcolumn2_i\x18\x05 \x00(\x00@\x00H\x00P\x00\n\x17\x12\tcolumn3_s\x18\x08 \x00(\x01@\x05H\x03P\x00\n\x17\x12\tcolumn4_b\x18\t \x00(\x00@\x00H\x00P\x00\x1A,\x12 \x01\x1F\x00\x7F\x00\x00\x00\x02\x00\x00\x00\x03\x00\x00\x00\x00\x00\x00\x00\x00\x00\x00\x00\x08\x00\x00\x00\x00\x00\x00\x00\x01\x1A\x08a string \x01)\x00p\xF8\x08\x07\x16uS" 00:38:53.476 [DEBUG - Thread-8] (TabletClient.java:261) [Peer b93116846b4a43a1a8398438c81d0239] [id: 0xe79a4fff, /127.0.0.1:48701 => /127.29.29.1:64036] Sending RPC #161, payload=BigEndianHeapChannelBuffer(ridx=0, widx=240, cap=240) "\x00\x00\x00\xEC0\x18\xA1\x012(\n kudu.tserver.TabletServerService\x12\x04ScanP\xF4\x03\xB9\x01\x12\xB2\x01\n 13410a5b9e644e6f86b34bea173a5677\x10\xFF\xFF\xFF\xFF\xFF\xFF\xFF\xFF\x7F"\x11\x12\x03key\x18\x05 \x01(\x00@\x00H\x00P\x00"\x17\x12\tcolumn1_i\x18\x05 \x00(\x00@\x00H\x00P\x00"\x17\x12\tcolumn2_i\x18\x05 \x00(\x00@\x00H\x00P\x00"\x17\x12\tcolumn3_s\x18\x08 \x00(\x01@\x05H\x03P\x00"\x17\x12\tcolumn4_b\x18\t \x00(\x00@\x00H\x00P\x00(\x019\x00p\xF8\x08\x07\x16uSP\x01X\x01 \x80\x80@" 00:38:53.475 [DEBUG - New I/O worker #134] (TabletClient.java:491) ------------------<< LEAVING DECODE <<------------------ time elapsed: 391us 00:38:53.475 [INFO - kudu-tserver:64034] (MiniKuduCluster.java:429)
I0711 00:38:53.471107 7836 raft_consensus_state.cc:559] T 13410a5b9e644e6f86b34bea173a5677 P 8f3a2b7e9d2f4dc392f47ead5d0f114f [term 1 FOLLOWER]: Already marked ops through 1.82 as committed. Now trying to mark 1.82 which would be a no-op. 00:38:53.477 [INFO - kudu-tserver:64034] (MiniKuduCluster.java:429)
I0711 00:38:53.471163 8216 log_cache.cc:214] T 13410a5b9e644e6f86b34bea173a5677 P 8f3a2b7e9d2f4dc392f47ead5d0f114f: Updating pinned index to 84 00:38:53.477 [INFO - kudu-tserver:64034] (MiniKuduCluster.java:429)
I0711 00:38:53.471191 8216 consensus_queue.cc:455] T 13410a5b9e644e6f86b34bea173a5677 P 8f3a2b7e9d2f4dc392f47ead5d0f114f [NON_LEADER]: Updated all_replicated watermark from 1.82 to 1.83 00:38:53.477 [INFO - kudu-tserver:64034] (MiniKuduCluster.java:429)
I0711 00:38:53.471220 8216 log_cache.cc:391] T 13410a5b9e644e6f86b34bea173a5677 P 8f3a2b7e9d2f4dc392f47ead5d0f114f: Evicting log cache: after state: Pinned index: 84, LogCacheStats(num_ops=1, bytes=871) 00:38:53.477 [INFO - kudu-tserver:64034] (MiniKuduCluster.java:429)
I0711 00:38:53.471304 7836 raft_consensus.cc:700] T 13410a5b9e644e6f86b34bea173a5677 P 8f3a2b7e9d2f4dc392f47ead5d0f114f [term 1 FOLLOWER]: Replica replied to status only request. Replica: Replica: 8f3a2b7e9d2f4dc392f47ead5d0f114f, State: 1, Role: FOLLOWER 00:38:53.477 [INFO - kudu-tserver:64034] (MiniKuduCluster.java:429) Watermarks: {Received: term: 1 index: 83 Committed: term: 1 index: 82} 00:38:53.477 [INFO - kudu-tserver:64034] (MiniKuduCluster.java:429) . Response: responder_uuid: "8f3a2b7e9d2f4dc392f47ead5d0f114f" responder_term: 1 status { last_received { term: 1 index: 83 } last_committed_idx: 82 last_received_current_leader { term: 1 index: 83 } } 00:38:53.477 [INFO - kudu-tserver:64034] (MiniKuduCluster.java:429)
I0711 00:38:53.472318 7836 raft_consensus.cc:1104] T 13410a5b9e644e6f86b34bea173a5677 P 8f3a2b7e9d2f4dc392f47ead5d0f114f [term 1 FOLLOWER]: Early marking committed up to term: 1 index: 83 00:38:53.477 [INFO - kudu-tserver:64034] (MiniKuduCluster.java:429)
I0711 00:38:53.472493 7836 raft_consensus_state.cc:578] T 13410a5b9e644e6f86b34bea173a5677 P 8f3a2b7e9d2f4dc392f47ead5d0f114f [term 1 FOLLOWER]: Last triggered apply was: term: 1 index: 82 Starting to apply from log index: 83 00:38:53.477 [INFO - kudu-tserver:64034] (MiniKuduCluster.java:429)
I0711 00:38:53.472589 7836 raft_consensus.cc:1215] T 13410a5b9e644e6f86b34bea173a5677 P 8f3a2b7e9d2f4dc392f47ead5d0f114f [term 1 FOLLOWER]: Marking committed up to term: 1 index: 83 00:38:53.477 [DEBUG - New I/O worker #134] (TabletClient.java:636) [Peer b93116846b4a43a1a8398438c81d0239] [id: 0xe79a4fff, /127.0.0.1:48701 => /127.29.29.1:64036] WRITTEN_AMOUNT: 508 00:38:53.477 [INFO - kudu-tserver:64036] (MiniKuduCluster.java:429)
I0711 00:38:53.477674 7913 tablet_service.cc:1501] Started scanner e1b365fee97042cd8681c4bb375d2b72: tablet iterator: Union(memrowset iterator) 00:38:53.477 [INFO - kudu-tserver:64034] (MiniKuduCluster.java:429)
I0711 00:38:53.472604 7836 raft_consensus_state.cc:559] T 13410a5b9e644e6f86b34bea173a5677 P 8f3a2b7e9d2f4dc392f47ead5d0f114f [term 1 FOLLOWER]: Already marked ops through 1.83 as committed. Now trying to mark 1.83 which would be a no-op. 00:38:53.478 [INFO - kudu-tserver:64034] (MiniKuduCluster.java:429)
I0711 00:38:53.472636 7836 raft_consensus.cc:700] T 13410a5b9e644e6f86b34bea173a5677 P 8f3a2b7e9d2f4dc392f47ead5d0f114f [term 1 FOLLOWER]: Replica replied to status only request. Replica: Replica: 8f3a2b7e9d2f4dc392f47ead5d0f114f, State: 1, Role: FOLLOWER 00:38:53.478 [INFO - kudu-tserver:64034] (MiniKuduCluster.java:429) Watermarks: {Received: term: 1 index: 83 Committed: term: 1 index: 83} 00:38:53.478 [INFO - kudu-tserver:64034] (MiniKuduCluster.java:429) . Response: responder_uuid: "8f3a2b7e9d2f4dc392f47ead5d0f114f" responder_term: 1 status { last_received { term: 1 index: 83 } last_committed_idx: 83 last_received_current_leader { term: 1 index: 83 } } 00:38:53.477 [INFO - kudu-tserver:64036] (MiniKuduCluster.java:429)
I0711 00:38:53.477725 8225 log_cache.cc:214] T 13410a5b9e644e6f86b34bea173a5677 P b93116846b4a43a1a8398438c81d0239: Updating pinned index to 85 00:38:53.478 [INFO - kudu-tserver:64032] (MiniKuduCluster.java:429)
I0711 00:38:53.478216 7621 raft_consensus.cc:1104] T 13410a5b9e644e6f86b34bea173a5677 P 5d244bfce7964881aa25f36d26bb9cba [term 1 FOLLOWER]: Early marking committed up to term: 0 index: 0 00:38:53.478 [INFO - kudu-tserver:64032] (MiniKuduCluster.java:429)
I0711 00:38:53.478238 7621 raft_consensus_state.cc:559] T 13410a5b9e644e6f86b34bea173a5677 P 5d244bfce7964881aa25f36d26bb9cba [term 1 FOLLOWER]: Already marked ops through 1.83 as committed. Now trying to mark 0.0 which would be a no-op. 00:38:53.478 [INFO - kudu-tserver:64032] (MiniKuduCluster.java:429)
I0711 00:38:53.478253 7621 raft_consensus.cc:728] T 13410a5b9e644e6f86b34bea173a5677 P 5d244bfce7964881aa25f36d26bb9cba [term 1 FOLLOWER]: Starting transaction: term: 1 index: 84 00:38:53.478 [DEBUG - New I/O worker #134] (TabletClient.java:636) [Peer b93116846b4a43a1a8398438c81d0239] [id: 0xe79a4fff, /127.0.0.1:48701 => /127.29.29.1:64036] RECEIVED: BigEndianHeapChannelBuffer(ridx=0, widx=4865, cap=4865) 00:38:53.478 [INFO - kudu-tserver:64032] (MiniKuduCluster.java:429)
I0711 00:38:53.478441 7621 raft_consensus.cc:1215] T 13410a5b9e644e6f86b34bea173a5677 P 5d244bfce7964881aa25f36d26bb9cba [term 1 FOLLOWER]: Marking committed up to term: 1 index: 83 00:38:53.478 [INFO - kudu-tserver:64032] (MiniKuduCluster.java:429)
I0711 00:38:53.478457 7621 raft_consensus_state.cc:559] T 13410a5b9e644e6f86b34bea173a5677 P 5d244bfce7964881aa25f36d26bb9cba [term 1 FOLLOWER]: Already marked ops through 1.83 as committed. Now trying to mark 1.83 which would be a no-op. 00:38:53.478 [INFO - kudu-tserver:64032] (MiniKuduCluster.java:429)
I0711 00:38:53.478525 8220 log_cache.cc:214] T 13410a5b9e644e6f86b34bea173a5677 P 5d244bfce7964881aa25f36d26bb9cba: Updating pinned index to 85 00:38:53.478 [INFO - kudu-tserver:64032] (MiniKuduCluster.java:429)
I0711 00:38:53.478555 8220 consensus_queue.cc:455] T 13410a5b9e644e6f86b34bea173a5677 P 5d244bfce7964881aa25f36d26bb9cba [NON_LEADER]: Updated all_replicated watermark from 1.83 to 1.84 00:38:53.478 [INFO - kudu-tserver:64032] (MiniKuduCluster.java:429)
I0711 00:38:53.478601 8220 log_cache.cc:391] T 13410a5b9e644e6f86b34bea173a5677 P 5d244bfce7964881aa25f36d26bb9cba: Evicting log cache: after state: Pinned index: 85, LogCacheStats(num_ops=1, bytes=871) 00:38:53.479 [INFO - kudu-tserver:64032] (MiniKuduCluster.java:429)
I0711 00:38:53.478684 7621 raft_consensus.cc:700] T 13410a5b9e644e6f86b34bea173a5677 P 5d244bfce7964881aa25f36d26bb9cba [term 1 FOLLOWER]: Replica replied to status only request. Replica: Replica: 5d244bfce7964881aa25f36d26bb9cba, State: 1, Role: FOLLOWER 00:38:53.479 [INFO - kudu-tserver:64032] (MiniKuduCluster.java:429) Watermarks: {Received: term: 1 index: 84 Committed: term: 1 index: 83} 00:38:53.479 [INFO - kudu-tserver:64032] (MiniKuduCluster.java:429) . Response: responder_uuid: "5d244bfce7964881aa25f36d26bb9cba" responder_term: 1 status { last_received { term: 1 index: 84 } last_committed_idx: 83 last_received_current_leader { term: 1 index: 84 } } 00:38:53.478 [INFO - kudu-tserver:64034] (MiniKuduCluster.java:429)
I0711 00:38:53.478446 7836 raft_consensus.cc:1104] T 13410a5b9e644e6f86b34bea173a5677 P 8f3a2b7e9d2f4dc392f47ead5d0f114f [term 1 FOLLOWER]: Early marking committed up to term: 0 index: 0 00:38:53.479 [INFO - kudu-tserver:64034] (MiniKuduCluster.java:429)
I0711 00:38:53.478487 7836 raft_consensus_state.cc:559] T 13410a5b9e644e6f86b34bea173a5677 P 8f3a2b7e9d2f4dc392f47ead5d0f114f [term 1 FOLLOWER]: Already marked ops through 1.83 as committed. Now trying to mark 0.0 which would be a no-op. 00:38:53.479 [INFO - kudu-tserver:64034] (MiniKuduCluster.java:429)
I0711 00:38:53.478507 7836 raft_consensus.cc:728] T 13410a5b9e644e6f86b34bea173a5677 P 8f3a2b7e9d2f4dc392f47ead5d0f114f [term 1 FOLLOWER]: Starting transaction: term: 1 index: 84 00:38:53.479 [INFO - kudu-tserver:64034] (MiniKuduCluster.java:429)
I0711 00:38:53.478700 7836 raft_consensus.cc:1215] T 13410a5b9e644e6f86b34bea173a5677 P 8f3a2b7e9d2f4dc392f47ead5d0f114f [term 1 FOLLOWER]: Marking committed up to term: 1 index: 83 00:38:53.479 [INFO - kudu-tserver:64034] (MiniKuduCluster.java:429)
I0711 00:38:53.478716 7836 raft_consensus_state.cc:559] T 13410a5b9e644e6f86b34bea173a5677 P 8f3a2b7e9d2f4dc392f47ead5d0f114f [term 1 FOLLOWER]: Already marked ops through 1.83 as committed. Now trying to mark 1.83 which would be a no-op. 00:38:53.479 [INFO - kudu-tserver:64034] (MiniKuduCluster.java:429)
I0711 00:38:53.478818 8216 log_cache.cc:214] T 13410a5b9e644e6f86b34bea173a5677 P 8f3a2b7e9d2f4dc392f47ead5d0f114f: Updating pinned index to 85 00:38:53.479 [INFO - kudu-tserver:64034] (MiniKuduCluster.java:429)
I0711 00:38:53.478845 8216 consensus_queue.cc:455] T 13410a5b9e644e6f86b34bea173a5677 P 8f3a2b7e9d2f4dc392f47ead5d0f114f [NON_LEADER]: Updated all_replicated watermark from 1.83 to 1.84 00:38:53.479 [INFO - kudu-tserver:64034] (MiniKuduCluster.java:429)
I0711 00:38:53.479045 8216 log_cache.cc:391] T 13410a5b9e644e6f86b34bea173a5677 P 8f3a2b7e9d2f4dc392f47ead5d0f114f: Evicting log cache: after state: Pinned index: 85, LogCacheStats(num_ops=1, bytes=871) 00:38:53.479 [INFO - kudu-tserver:64034] (MiniKuduCluster.java:429)
I0711 00:38:53.479202 7836 raft_consensus.cc:700] T 13410a5b9e644e6f86b34bea173a5677 P 8f3a2b7e9d2f4dc392f47ead5d0f114f [term 1 FOLLOWER]: Replica replied to status only request. Replica: Replica: 8f3a2b7e9d2f4dc392f47ead5d0f114f, State: 1, Role: FOLLOWER 00:38:53.479 [INFO - kudu-tserver:64034] (MiniKuduCluster.java:429) Watermarks: {Received: term: 1 index: 84 Committed: term: 1 index: 83} 00:38:53.479 [INFO - kudu-tserver:64034] (MiniKuduCluster.java:429) . Response: responder_uuid: "8f3a2b7e9d2f4dc392f47ead5d0f114f" responder_term: 1 status { last_received { term: 1 index: 84 } last_committed_idx: 83 last_received_current_leader { term: 1 index: 84 } } 00:38:53.478 [INFO - kudu-tserver:64036] (MiniKuduCluster.java:429)
I0711 00:38:53.477771 8225 consensus_queue.cc:455] T 13410a5b9e644e6f86b34bea173a5677 P b93116846b4a43a1a8398438c81d0239 [LEADER]: Updated majority_replicated watermark from 1.83 to 1.83 00:38:53.480 [INFO - kudu-tserver:64034] (MiniKuduCluster.java:429)
I0711 00:38:53.479869 7836 raft_consensus.cc:1104] T 13410a5b9e644e6f86b34bea173a5677 P 8f3a2b7e9d2f4dc392f47ead5d0f114f [term 1 FOLLOWER]: Early marking committed up to term: 1 index: 84 00:38:53.480 [INFO - kudu-tserver:64034] (MiniKuduCluster.java:429)
I0711 00:38:53.479889 7836 raft_consensus_state.cc:578] T 13410a5b9e644e6f86b34bea173a5677 P 8f3a2b7e9d2f4dc392f47ead5d0f114f [term 1 FOLLOWER]: Last triggered apply was: term: 1 index: 83 Starting to apply from log index: 84 00:38:53.480 [INFO - kudu-tserver:64034] (MiniKuduCluster.java:429)
I0711 00:38:53.479965 7836 raft_consensus.cc:1215] T 13410a5b9e644e6f86b34bea173a5677 P 8f3a2b7e9d2f4dc392f47ead5d0f114f [term 1 FOLLOWER]: Marking committed up to term: 1 index: 84 00:38:53.480 [INFO - kudu-tserver:64034] (MiniKuduCluster.java:429)
I0711 00:38:53.479979 7836 raft_consensus_state.cc:559] T 13410a5b9e644e6f86b34bea173a5677 P 8f3a2b7e9d2f4dc392f47ead5d0f114f [term 1 FOLLOWER]: Already marked ops through 1.84 as committed. Now trying to mark 1.84 which would be a no-op. 00:38:53.480 [INFO - kudu-tserver:64034] (MiniKuduCluster.java:429)
I0711 00:38:53.480012 7836 raft_consensus.cc:700] T 13410a5b9e644e6f86b34bea173a5677 P 8f3a2b7e9d2f4dc392f47ead5d0f114f [term 1 FOLLOWER]: Replica replied to status only request. Replica: Replica: 8f3a2b7e9d2f4dc392f47ead5d0f114f, State: 1, Role: FOLLOWER 00:38:53.480 [INFO - kudu-tserver:64034] (MiniKuduCluster.java:429) Watermarks: {Received: term: 1 index: 84 Committed: term: 1 index: 84} 00:38:53.480 [INFO - kudu-tserver:64034] (MiniKuduCluster.java:429) . Response: responder_uuid: "8f3a2b7e9d2f4dc392f47ead5d0f114f" responder_term: 1 status { last_received { term: 1 index: 84 } last_committed_idx: 84 last_received_current_leader { term: 1 index: 84 } } 00:38:53.479 [INFO - kudu-tserver:64032] (MiniKuduCluster.java:429)
I0711 00:38:53.479727 7621 raft_consensus.cc:1104] T 13410a5b9e644e6f86b34bea173a5677 P 5d244bfce7964881aa25f36d26bb9cba [term 1 FOLLOWER]: Early marking committed up to term: 1 index: 84 00:38:53.480 [INFO - kudu-tserver:64032] (MiniKuduCluster.java:429)
I0711 00:38:53.479753 7621 raft_consensus_state.cc:578] T 13410a5b9e644e6f86b34bea173a5677 P 5d244bfce7964881aa25f36d26bb9cba [term 1 FOLLOWER]: Last triggered apply was: term: 1 index: 83 Starting to apply from log index: 84 00:38:53.478 [DEBUG - New I/O worker #134] (TabletClient.java:359) ------------------>> ENTERING DECODE >>------------------ 00:38:53.480 [INFO - kudu-tserver:64032] (MiniKuduCluster.java:429)
I0711 00:38:53.479826 7621 raft_consensus.cc:1215] T 13410a5b9e644e6f86b34bea173a5677 P 5d244bfce7964881aa25f36d26bb9cba [term 1 FOLLOWER]: Marking committed up to term: 1 index: 84 00:38:53.481 [INFO - kudu-tserver:64032] (MiniKuduCluster.java:429)
I0711 00:38:53.479838 7621 raft_consensus_state.cc:559] T 13410a5b9e644e6f86b34bea173a5677 P 5d244bfce7964881aa25f36d26bb9cba [term 1 FOLLOWER]: Already marked ops through 1.84 as committed. Now trying to mark 1.84 which would be a no-op. 00:38:53.481 [INFO - kudu-tserver:64032] (MiniKuduCluster.java:429)
I0711 00:38:53.479868 7621 raft_consensus.cc:700] T 13410a5b9e644e6f86b34bea173a5677 P 5d244bfce7964881aa25f36d26bb9cba [term 1 FOLLOWER]: Replica replied to status only request. Replica: Replica: 5d244bfce7964881aa25f36d26bb9cba, State: 1, Role: FOLLOWER 00:38:53.481 [INFO - kudu-tserver:64032] (MiniKuduCluster.java:429) Watermarks: {Received: term: 1 index: 84 Committed: term: 1 index: 84} 00:38:53.481 [INFO - kudu-tserver:64032] (MiniKuduCluster.java:429) . Response: responder_uuid: "5d244bfce7964881aa25f36d26bb9cba" responder_term: 1 status { last_received { term: 1 index: 84 } last_committed_idx: 84 last_received_current_leader { term: 1 index: 84 } } 00:38:53.480 [INFO - kudu-tserver:64036] (MiniKuduCluster.java:429)
I0711 00:38:53.477782 8225 consensus_queue.cc:455] T 13410a5b9e644e6f86b34bea173a5677 P b93116846b4a43a1a8398438c81d0239 [LEADER]: Updated all_replicated watermark from 1.83 to 1.83 00:38:53.481 [INFO - kudu-tserver:64036] (MiniKuduCluster.java:429)
I0711 00:38:53.477792 8225 log_cache.cc:391] T 13410a5b9e644e6f86b34bea173a5677 P b93116846b4a43a1a8398438c81d0239: Evicting log cache: after state: Pinned index: 85, LogCacheStats(num_ops=1, bytes=847) 00:38:53.481 [DEBUG - New I/O worker #134] (AsyncKuduScanner.java:847) AsyncKuduScanner$Response(scannerId="", data=RowResultIterator for 127 rows, more=false) 00:38:53.481 [INFO - kudu-tserver:64036] (MiniKuduCluster.java:429)
I0711 00:38:53.477942 8240 raft_consensus.cc:588] T 13410a5b9e644e6f86b34bea173a5677 P b93116846b4a43a1a8398438c81d0239 [term 1 LEADER]: Marking majority replicated up to term: 1 index: 83 00:38:53.481 [INFO - kudu-tserver:64036] (MiniKuduCluster.java:429)
I0711 00:38:53.477957 8240 raft_consensus_state.cc:559] T 13410a5b9e644e6f86b34bea173a5677 P b93116846b4a43a1a8398438c81d0239 [term 1 LEADER]: Already marked ops through 1.83 as committed. Now trying to mark 1.83 which would be a no-op. 00:38:53.482 [INFO - kudu-tserver:64036] (MiniKuduCluster.java:429)
I0711 00:38:53.478986 8236 consensus_queue.cc:455] T 13410a5b9e644e6f86b34bea173a5677 P b93116846b4a43a1a8398438c81d0239 [LEADER]: Updated majority_replicated watermark from 1.83 to 1.84 00:38:53.482 [INFO - kudu-tserver:64036] (MiniKuduCluster.java:429)
I0711 00:38:53.479004 8236 consensus_queue.cc:455] T 13410a5b9e644e6f86b34bea173a5677 P b93116846b4a43a1a8398438c81d0239 [LEADER]: Updated all_replicated watermark from 1.83 to 1.83 00:38:53.482 [INFO - kudu-tserver:64036] (MiniKuduCluster.java:429)
I0711 00:38:53.479014 8236 log_cache.cc:391] T 13410a5b9e644e6f86b34bea173a5677 P b93116846b4a43a1a8398438c81d0239: Evicting log cache: after state: Pinned index: 85, LogCacheStats(num_ops=1, bytes=847) 00:38:53.481 [DEBUG - New I/O worker #134] (TabletClient.java:426) [Peer b93116846b4a43a1a8398438c81d0239] rpcid=161, response size=4865 bytes, 0 readable bytes left, rpc=ScanRequest(scannerId=null, tabletSlice=13410a5b9e644e6f86b34bea173a5677, attempt=1) 00:38:53.482 [INFO - kudu-tserver:64036] (MiniKuduCluster.java:429)
I0711 00:38:53.479187 8240 raft_consensus.cc:588] T 13410a5b9e644e6f86b34bea173a5677 P b93116846b4a43a1a8398438c81d0239 [term 1 LEADER]: Marking majority replicated up to term: 1 index: 84 00:38:53.482 [INFO - kudu-tserver:64036] (MiniKuduCluster.java:429)
I0711 00:38:53.479202 8240 raft_consensus_state.cc:578] T 13410a5b9e644e6f86b34bea173a5677 P b93116846b4a43a1a8398438c81d0239 [term 1 LEADER]: Last triggered apply was: term: 1 index: 83 Starting to apply from log index: 84 00:38:53.482 [INFO - kudu-tserver:64036] (MiniKuduCluster.java:429)
I0711 00:38:53.479454 8236 consensus_queue.cc:455] T 13410a5b9e644e6f86b34bea173a5677 P b93116846b4a43a1a8398438c81d0239 [LEADER]: Updated majority_replicated watermark from 1.84 to 1.84 00:38:53.482 [INFO - kudu-tserver:64036] (MiniKuduCluster.java:429)
I0711 00:38:53.479475 8236 consensus_queue.cc:455] T 13410a5b9e644e6f86b34bea173a5677 P b93116846b4a43a1a8398438c81d0239 [LEADER]: Updated all_replicated watermark from 1.83 to 1.84 00:38:53.482 [INFO - kudu-tserver:64036] (MiniKuduCluster.java:429)
I0711 00:38:53.479485 8236 log_cache.cc:391] T 13410a5b9e644e6f86b34bea173a5677 P b93116846b4a43a1a8398438c81d0239: Evicting log cache: after state: Pinned index: 85, LogCacheStats(num_ops=1, bytes=847) 00:38:53.482 [INFO - kudu-tserver:64036] (MiniKuduCluster.java:429)
I0711 00:38:53.479579 8240 raft_consensus.cc:588] T 13410a5b9e644e6f86b34bea173a5677 P b93116846b4a43a1a8398438c81d0239 [term 1 LEADER]: Marking majority replicated up to term: 1 index: 84 00:38:53.482 [INFO - Thread-8] (ITClient.java:374) New row count 127 00:38:53.482 [DEBUG - New I/O worker #134] (TabletClient.java:491) ------------------<< LEAVING DECODE <<------------------ time elapsed: 3828us 00:38:53.482 [INFO - kudu-tserver:64036] (MiniKuduCluster.java:429)
I0711 00:38:53.479590 8240 raft_consensus_state.cc:559] T 13410a5b9e644e6f86b34bea173a5677 P b93116846b4a43a1a8398438c81d0239 [term 1 LEADER]: Already marked ops through 1.84 as committed. Now trying to mark 1.84 which would be a no-op. 00:38:53.483 [INFO - kudu-tserver:64036] (MiniKuduCluster.java:429)
I0711 00:38:53.480137 8227 consensus_queue.cc:455] T 13410a5b9e644e6f86b34bea173a5677 P b93116846b4a43a1a8398438c81d0239 [LEADER]: Updated majority_replicated watermark from 1.84 to 1.84 00:38:53.483 [INFO - kudu-tserver:64036] (MiniKuduCluster.java:429)
I0711 00:38:53.480154 8227 consensus_queue.cc:455] T 13410a5b9e644e6f86b34bea173a5677 P b93116846b4a43a1a8398438c81d0239 [LEADER]: Updated all_replicated watermark from 1.84 to 1.84 00:38:53.483 [INFO - kudu-tserver:64036] (MiniKuduCluster.java:429)
I0711 00:38:53.480183 8227 log_cache.cc:391] T 13410a5b9e644e6f86b34bea173a5677 P b93116846b4a43a1a8398438c81d0239: Evicting log cache: after state: Pinned index: 85, LogCacheStats(num_ops=0, bytes=0) 00:38:53.483 [INFO - kudu-tserver:64036] (MiniKuduCluster.java:429)
I0711 00:38:53.480252 8236 consensus_queue.cc:455] T 13410a5b9e644e6f86b34bea173a5677 P b93116846b4a43a1a8398438c81d0239 [LEADER]: Updated majority_replicated watermark from 1.84 to 1.84 00:38:53.483 [INFO - kudu-tserver:64036] (MiniKuduCluster.java:429)
I0711 00:38:53.480267 8236 consensus_queue.cc:455] T 13410a5b9e644e6f86b34bea173a5677 P b93116846b4a43a1a8398438c81d0239 [LEADER]: Updated all_replicated watermark from 1.84 to 1.84 00:38:53.483 [DEBUG - New I/O worker #134] (TabletClient.java:636) [Peer b93116846b4a43a1a8398438c81d0239] [id: 0xe79a4fff, /127.0.0.1:48701 => /127.29.29.1:64036] RECEIVED: BigEndianHeapChannelBuffer(ridx=0, widx=20, cap=20) 00:38:53.483 [DEBUG - New I/O worker #134] (TabletClient.java:359) ------------------>> ENTERING DECODE >>------------------ 00:38:53.483 [INFO - kudu-tserver:64036] (MiniKuduCluster.java:429)
I0711 00:38:53.480276 8236 log_cache.cc:391] T 13410a5b9e644e6f86b34bea173a5677 P b93116846b4a43a1a8398438c81d0239: Evicting log cache: after state: Pinned index: 85, LogCacheStats(num_ops=0, bytes=0) 00:38:53.483 [INFO - kudu-tserver:64036] (MiniKuduCluster.java:429)
I0711 00:38:53.480324 8240 raft_consensus.cc:588] T 13410a5b9e644e6f86b34bea173a5677 P b93116846b4a43a1a8398438c81d0239 [term 1 LEADER]: Marking majority replicated up to term: 1 index: 84 00:38:53.483 [INFO - kudu-tserver:64036] (MiniKuduCluster.java:429)
I0711 00:38:53.480335 8240 raft_consensus_state.cc:559] T 13410a5b9e644e6f86b34bea173a5677 P b93116846b4a43a1a8398438c81d0239 [term 1 LEADER]: Already marked ops through 1.84 as committed. Now trying to mark 1.84 which would be a no-op. 00:38:53.484 [INFO - kudu-tserver:64036] (MiniKuduCluster.java:429)
I0711 00:38:53.480376 8240 raft_consensus.cc:588] T 13410a5b9e644e6f86b34bea173a5677 P b93116846b4a43a1a8398438c81d0239 [term 1 LEADER]: Marking majority replicated up to term: 1 index: 84 00:38:53.484 [INFO - kudu-tserver:64036] (MiniKuduCluster.java:429)
