I0711 00:38:53.294934 8240 raft_consensus.cc:588] T 13410a5b9e644e6f86b34bea173a5677 P b93116846b4a43a1a8398438c81d0239 [term 1 LEADER]: Marking majority replicated up to term: 1 index: 59 00:38:53.295 [INFO - kudu-tserver:64036] (MiniKuduCluster.java:429)
I0711 00:38:53.294950 8240 raft_consensus_state.cc:578] T 13410a5b9e644e6f86b34bea173a5677 P b93116846b4a43a1a8398438c81d0239 [term 1 LEADER]: Last triggered apply was: term: 1 index: 58 Starting to apply from log index: 59 00:38:53.295 [INFO - kudu-tserver:64036] (MiniKuduCluster.java:429)
I0711 00:38:53.295094 8240 raft_consensus.cc:588] T 13410a5b9e644e6f86b34bea173a5677 P b93116846b4a43a1a8398438c81d0239 [term 1 LEADER]: Marking majority replicated up to term: 1 index: 59 00:38:53.295 [INFO - kudu-tserver:64036] (MiniKuduCluster.java:429)
I0711 00:38:53.295114 8240 raft_consensus_state.cc:559] T 13410a5b9e644e6f86b34bea173a5677 P b93116846b4a43a1a8398438c81d0239 [term 1 LEADER]: Already marked ops through 1.59 as committed. Now trying to mark 1.59 which would be a no-op. 00:38:53.294 [DEBUG - New I/O worker #134] (AsyncKuduScanner.java:847) AsyncKuduScanner$Response(scannerId="", data=RowResultIterator for 93 rows, more=false) 00:38:53.294 [INFO - kudu-tserver:64032] (MiniKuduCluster.java:429)
I0711 00:38:53.293998 8220 log_cache.cc:214] T 13410a5b9e644e6f86b34bea173a5677 P 5d244bfce7964881aa25f36d26bb9cba: Updating pinned index to 60 00:38:53.296 [INFO - kudu-tserver:64032] (MiniKuduCluster.java:429)
I0711 00:38:53.294034 8220 consensus_queue.cc:455] T 13410a5b9e644e6f86b34bea173a5677 P 5d244bfce7964881aa25f36d26bb9cba [NON_LEADER]: Updated all_replicated watermark from 1.58 to 1.59 00:38:53.296 [INFO - kudu-tserver:64032] (MiniKuduCluster.java:429)
I0711 00:38:53.294070 8220 log_cache.cc:391] T 13410a5b9e644e6f86b34bea173a5677 P 5d244bfce7964881aa25f36d26bb9cba: Evicting log cache: after state: Pinned index: 60, LogCacheStats(num_ops=1, bytes=871) 00:38:53.296 [INFO - kudu-tserver:64032] (MiniKuduCluster.java:429)
I0711 00:38:53.294193 7621 raft_consensus.cc:700] T 13410a5b9e644e6f86b34bea173a5677 P 5d244bfce7964881aa25f36d26bb9cba [term 1 FOLLOWER]: Replica replied to status only request. Replica: Replica: 5d244bfce7964881aa25f36d26bb9cba, State: 1, Role: FOLLOWER 00:38:53.296 [INFO - kudu-tserver:64032] (MiniKuduCluster.java:429) Watermarks: {Received: term: 1 index: 59 Committed: term: 1 index: 58} 00:38:53.296 [INFO - kudu-tserver:64032] (MiniKuduCluster.java:429) . Response: responder_uuid: "5d244bfce7964881aa25f36d26bb9cba" responder_term: 1 status { last_received { term: 1 index: 59 } last_committed_idx: 58 last_received_current_leader { term: 1 index: 59 } } 00:38:53.294 [INFO - kudu-tserver:64034] (MiniKuduCluster.java:429)
I0711 00:38:53.293896 7836 raft_consensus.cc:1215] T 13410a5b9e644e6f86b34bea173a5677 P 8f3a2b7e9d2f4dc392f47ead5d0f114f [term 1 FOLLOWER]: Marking committed up to term: 1 index: 58 00:38:53.296 [INFO - kudu-tserver:64034] (MiniKuduCluster.java:429)
I0711 00:38:53.293913 7836 raft_consensus_state.cc:559] T 13410a5b9e644e6f86b34bea173a5677 P 8f3a2b7e9d2f4dc392f47ead5d0f114f [term 1 FOLLOWER]: Already marked ops through 1.58 as committed. Now trying to mark 1.58 which would be a no-op. 00:38:53.296 [INFO - kudu-tserver:64034] (MiniKuduCluster.java:429)
I0711 00:38:53.294003 8216 log_cache.cc:214] T 13410a5b9e644e6f86b34bea173a5677 P 8f3a2b7e9d2f4dc392f47ead5d0f114f: Updating pinned index to 60 00:38:53.296 [INFO - kudu-tserver:64034] (MiniKuduCluster.java:429)
I0711 00:38:53.294033 8216 consensus_queue.cc:455] T 13410a5b9e644e6f86b34bea173a5677 P 8f3a2b7e9d2f4dc392f47ead5d0f114f [NON_LEADER]: Updated all_replicated watermark from 1.58 to 1.59 00:38:53.296 [INFO - kudu-tserver:64034] (MiniKuduCluster.java:429)
I0711 00:38:53.294076 8216 log_cache.cc:391] T 13410a5b9e644e6f86b34bea173a5677 P 8f3a2b7e9d2f4dc392f47ead5d0f114f: Evicting log cache: after state: Pinned index: 60, LogCacheStats(num_ops=1, bytes=871) 00:38:53.296 [INFO - kudu-tserver:64032] (MiniKuduCluster.java:429)
I0711 00:38:53.295588 7621 raft_consensus.cc:1104] T 13410a5b9e644e6f86b34bea173a5677 P 5d244bfce7964881aa25f36d26bb9cba [term 1 FOLLOWER]: Early marking committed up to term: 1 index: 59 00:38:53.296 [INFO - kudu-tserver:64032] (MiniKuduCluster.java:429)
I0711 00:38:53.295614 7621 raft_consensus_state.cc:578] T 13410a5b9e644e6f86b34bea173a5677 P 5d244bfce7964881aa25f36d26bb9cba [term 1 FOLLOWER]: Last triggered apply was: term: 1 index: 58 Starting to apply from log index: 59 00:38:53.297 [INFO - kudu-tserver:64032] (MiniKuduCluster.java:429)
I0711 00:38:53.295735 7621 raft_consensus.cc:1215] T 13410a5b9e644e6f86b34bea173a5677 P 5d244bfce7964881aa25f36d26bb9cba [term 1 FOLLOWER]: Marking committed up to term: 1 index: 59 00:38:53.297 [INFO - kudu-tserver:64032] (MiniKuduCluster.java:429)
I0711 00:38:53.295755 7621 raft_consensus_state.cc:559] T 13410a5b9e644e6f86b34bea173a5677 P 5d244bfce7964881aa25f36d26bb9cba [term 1 FOLLOWER]: Already marked ops through 1.59 as committed. Now trying to mark 1.59 which would be a no-op. 00:38:53.297 [INFO - kudu-tserver:64032] (MiniKuduCluster.java:429)
I0711 00:38:53.295805 7621 raft_consensus.cc:700] T 13410a5b9e644e6f86b34bea173a5677 P 5d244bfce7964881aa25f36d26bb9cba [term 1 FOLLOWER]: Replica replied to status only request. Replica: Replica: 5d244bfce7964881aa25f36d26bb9cba, State: 1, Role: FOLLOWER 00:38:53.297 [INFO - kudu-tserver:64032] (MiniKuduCluster.java:429) Watermarks: {Received: term: 1 index: 59 Committed: term: 1 index: 59} 00:38:53.296 [INFO - kudu-tserver:64036] (MiniKuduCluster.java:429)
I0711 00:38:53.296116 8236 consensus_queue.cc:455] T 13410a5b9e644e6f86b34bea173a5677 P b93116846b4a43a1a8398438c81d0239 [LEADER]: Updated majority_replicated watermark from 1.59 to 1.59 00:38:53.297 [INFO - kudu-tserver:64036] (MiniKuduCluster.java:429)
I0711 00:38:53.296139 8236 consensus_queue.cc:455] T 13410a5b9e644e6f86b34bea173a5677 P b93116846b4a43a1a8398438c81d0239 [LEADER]: Updated all_replicated watermark from 1.59 to 1.59 00:38:53.297 [INFO - kudu-tserver:64036] (MiniKuduCluster.java:429)
I0711 00:38:53.296174 8236 log_cache.cc:391] T 13410a5b9e644e6f86b34bea173a5677 P b93116846b4a43a1a8398438c81d0239: Evicting log cache: after state: Pinned index: 60, LogCacheStats(num_ops=0, bytes=0) 00:38:53.295 [DEBUG - New I/O worker #134] (TabletClient.java:426) [Peer b93116846b4a43a1a8398438c81d0239] rpcid=110, response size=3572 bytes, 0 readable bytes left, rpc=ScanRequest(scannerId=null, tabletSlice=13410a5b9e644e6f86b34bea173a5677, attempt=1) 00:38:53.297 [INFO - kudu-tserver:64036] (MiniKuduCluster.java:429)
I0711 00:38:53.296234 8227 consensus_queue.cc:455] T 13410a5b9e644e6f86b34bea173a5677 P b93116846b4a43a1a8398438c81d0239 [LEADER]: Updated majority_replicated watermark from 1.59 to 1.59 00:38:53.297 [INFO - kudu-tserver:64036] (MiniKuduCluster.java:429)
I0711 00:38:53.296252 8227 consensus_queue.cc:455] T 13410a5b9e644e6f86b34bea173a5677 P b93116846b4a43a1a8398438c81d0239 [LEADER]: Updated all_replicated watermark from 1.59 to 1.59 00:38:53.297 [INFO - kudu-tserver:64036] (MiniKuduCluster.java:429)
I0711 00:38:53.296262 8227 log_cache.cc:391] T 13410a5b9e644e6f86b34bea173a5677 P b93116846b4a43a1a8398438c81d0239: Evicting log cache: after state: Pinned index: 60, LogCacheStats(num_ops=0, bytes=0) 00:38:53.298 [INFO - kudu-tserver:64036] (MiniKuduCluster.java:429)
I0711 00:38:53.296288 8240 raft_consensus.cc:588] T 13410a5b9e644e6f86b34bea173a5677 P b93116846b4a43a1a8398438c81d0239 [term 1 LEADER]: Marking majority replicated up to term: 1 index: 59 00:38:53.298 [INFO - kudu-tserver:64036] (MiniKuduCluster.java:429)
I0711 00:38:53.296313 8240 raft_consensus_state.cc:559] T 13410a5b9e644e6f86b34bea173a5677 P b93116846b4a43a1a8398438c81d0239 [term 1 LEADER]: Already marked ops through 1.59 as committed. Now trying to mark 1.59 which would be a no-op. 00:38:53.298 [INFO - kudu-tserver:64036] (MiniKuduCluster.java:429)
I0711 00:38:53.296352 8240 raft_consensus.cc:588] T 13410a5b9e644e6f86b34bea173a5677 P b93116846b4a43a1a8398438c81d0239 [term 1 LEADER]: Marking majority replicated up to term: 1 index: 59 00:38:53.298 [INFO - kudu-tserver:64036] (MiniKuduCluster.java:429)
I0711 00:38:53.296360 8240 raft_consensus_state.cc:559] T 13410a5b9e644e6f86b34bea173a5677 P b93116846b4a43a1a8398438c81d0239 [term 1 LEADER]: Already marked ops through 1.59 as committed. Now trying to mark 1.59 which would be a no-op. 00:38:53.297 [INFO - kudu-tserver:64032] (MiniKuduCluster.java:429) . Response: responder_uuid: "5d244bfce7964881aa25f36d26bb9cba" responder_term: 1 status { last_received { term: 1 index: 59 } last_committed_idx: 59 last_received_current_leader { term: 1 index: 59 } } 00:38:53.296 [INFO - kudu-tserver:64034] (MiniKuduCluster.java:429)
I0711 00:38:53.294185 7836 raft_consensus.cc:700] T 13410a5b9e644e6f86b34bea173a5677 P 8f3a2b7e9d2f4dc392f47ead5d0f114f [term 1 FOLLOWER]: Replica replied to status only request. Replica: Replica: 8f3a2b7e9d2f4dc392f47ead5d0f114f, State: 1, Role: FOLLOWER 00:38:53.298 [INFO - kudu-tserver:64034] (MiniKuduCluster.java:429) Watermarks: {Received: term: 1 index: 59 Committed: term: 1 index: 58} 00:38:53.298 [INFO - kudu-tserver:64034] (MiniKuduCluster.java:429) . Response: responder_uuid: "8f3a2b7e9d2f4dc392f47ead5d0f114f" responder_term: 1 status { last_received { term: 1 index: 59 } last_committed_idx: 58 last_received_current_leader { term: 1 index: 59 } } 00:38:53.297 [INFO - Thread-8] (ITClient.java:374) New row count 93 00:38:53.297 [DEBUG - New I/O worker #134] (TabletClient.java:491) ------------------<< LEAVING DECODE <<------------------ time elapsed: 4011us 00:38:53.298 [INFO - kudu-tserver:64034] (MiniKuduCluster.java:429)
I0711 00:38:53.295574 7836 raft_consensus.cc:1104] T 13410a5b9e644e6f86b34bea173a5677 P 8f3a2b7e9d2f4dc392f47ead5d0f114f [term 1 FOLLOWER]: Early marking committed up to term: 1 index: 59 00:38:53.299 [INFO - kudu-tserver:64034] (MiniKuduCluster.java:429)
I0711 00:38:53.295596 7836 raft_consensus_state.cc:578] T 13410a5b9e644e6f86b34bea173a5677 P 8f3a2b7e9d2f4dc392f47ead5d0f114f [term 1 FOLLOWER]: Last triggered apply was: term: 1 index: 58 Starting to apply from log index: 59 00:38:53.299 [INFO - kudu-tserver:64034] (MiniKuduCluster.java:429)
I0711 00:38:53.295713 7836 raft_consensus.cc:1215] T 13410a5b9e644e6f86b34bea173a5677 P 8f3a2b7e9d2f4dc392f47ead5d0f114f [term 1 FOLLOWER]: Marking committed up to term: 1 index: 59 00:38:53.299 [INFO - kudu-tserver:64034] (MiniKuduCluster.java:429)
I0711 00:38:53.295727 7836 raft_consensus_state.cc:559] T 13410a5b9e644e6f86b34bea173a5677 P 8f3a2b7e9d2f4dc392f47ead5d0f114f [term 1 FOLLOWER]: Already marked ops through 1.59 as committed. Now trying to mark 1.59 which would be a no-op. 00:38:53.299 [INFO - kudu-tserver:64034] (MiniKuduCluster.java:429)
I0711 00:38:53.295765 7836 raft_consensus.cc:700] T 13410a5b9e644e6f86b34bea173a5677 P 8f3a2b7e9d2f4dc392f47ead5d0f114f [term 1 FOLLOWER]: Replica replied to status only request. Replica: Replica: 8f3a2b7e9d2f4dc392f47ead5d0f114f, State: 1, Role: FOLLOWER 00:38:53.299 [INFO - kudu-tserver:64034] (MiniKuduCluster.java:429) Watermarks: {Received: term: 1 index: 59 Committed: term: 1 index: 59} 00:38:53.299 [DEBUG - New I/O worker #134] (TabletClient.java:636) [Peer b93116846b4a43a1a8398438c81d0239] [id: 0xe79a4fff, /127.0.0.1:48701 => /127.29.29.1:64036] RECEIVED: BigEndianHeapChannelBuffer(ridx=0, widx=19, cap=19) 00:38:53.299 [DEBUG - New I/O worker #134] (TabletClient.java:359) ------------------>> ENTERING DECODE >>------------------ 00:38:53.299 [INFO - kudu-tserver:64034] (MiniKuduCluster.java:429) . Response: responder_uuid: "8f3a2b7e9d2f4dc392f47ead5d0f114f" responder_term: 1 status { last_received { term: 1 index: 59 } last_committed_idx: 59 last_received_current_leader { term: 1 index: 59 } } 00:38:53.300 [DEBUG - New I/O worker #134] (TabletClient.java:426) [Peer b93116846b4a43a1a8398438c81d0239] rpcid=111, response size=19 bytes, 0 readable bytes left, rpc=KuduRpc(method=Write, tablet=13410a5b9e644e6f86b34bea173a5677, attempt=1, DeadlineTracker(timeout=30000, elapsed=9), Deferred@24576276(state=PENDING, result=null, callback=wakeup thread Thread-7, errback=wakeup thread Thread-7)) row_key=(int32 key=93) 00:38:53.300 [DEBUG - New I/O worker #134] (TabletClient.java:491) ------------------<< LEAVING DECODE <<------------------ time elapsed: 409us 00:38:53.300 [DEBUG - Thread-8] (AsyncKuduScanner.java:812) Sending scan req: new_scan_request { tablet_id: "13410a5b9e644e6f86b34bea173a5677" limit: 9223372036854775807 projected_columns { name: "key" type: INT32 is_key: true is_nullable: false encoding: AUTO_ENCODING compression: DEFAULT_COMPRESSION cfile_block_size: 0 } projected_columns { name: "column1_i" type: INT32 is_key: false is_nullable: false encoding: AUTO_ENCODING compression: DEFAULT_COMPRESSION cfile_block_size: 0 } projected_columns { name: "column2_i" type: INT32 is_key: false is_nullable: false encoding: AUTO_ENCODING compression: DEFAULT_COMPRESSION cfile_block_size: 0 } projected_columns { name: "column3_s" type: STRING is_key: false is_nullable: true encoding: DICT_ENCODING compression: LZ4 cfile_block_size: 0 } projected_columns { name: "column4_b" type: BOOL is_key: false is_nullable: false encoding: AUTO_ENCODING compression: DEFAULT_COMPRESSION cfile_block_size: 0 } read_mode: READ_LATEST propagated_timestamp: 6013737096228909056 cache_blocks: true order_mode: UNORDERED } batch_size_bytes: 1048576 00:38:53.300 [DEBUG - Thread-8] (TabletClient.java:261) [Peer b93116846b4a43a1a8398438c81d0239] [id: 0xe79a4fff, /127.0.0.1:48701 => /127.29.29.1:64036] Sending RPC #112, payload=BigEndianHeapChannelBuffer(ridx=0, widx=239, cap=239) "\x00\x00\x00\xEB/\x18p2(\n kudu.tserver.TabletServerService\x12\x04ScanP\xF4\x03\xB9\x01\x12\xB2\x01\n 13410a5b9e644e6f86b34bea173a5677\x10\xFF\xFF\xFF\xFF\xFF\xFF\xFF\xFF\x7F"\x11\x12\x03key\x18\x05 \x01(\x00@\x00H\x00P\x00"\x17\x12\tcolumn1_i\x18\x05 \x00(\x00@\x00H\x00P\x00"\x17\x12\tcolumn2_i\x18\x05 \x00(\x00@\x00H\x00P\x00"\x17\x12\tcolumn3_s\x18\x08 \x00(\x01@\x05H\x03P\x00"\x17\x12\tcolumn4_b\x18\t \x00(\x00@\x00H\x00P\x00(\x019\x000P\xE1\x06\x16uSP\x01X\x01 \x80\x80@" 00:38:53.300 [DEBUG - Thread-7] (TabletClient.java:261) [Peer b93116846b4a43a1a8398438c81d0239] [id: 0xe79a4fff, /127.0.0.1:48701 => /127.29.29.1:64036] Sending RPC #113, payload=BigEndianHeapChannelBuffer(ridx=0, widx=267, cap=267) "\x00\x00\x01\x070\x18q2)\n kudu.tserver.TabletServerService\x12\x05WriteP\xF4\x03\xD4\x01\n 13410a5b9e644e6f86b34bea173a5677\x12w\n\x11\x12\x03key\x18\x05 \x01(\x00@\x00H\x00P\x00\n\x17\x12\tcolumn1_i\x18\x05 \x00(\x00@\x00H\x00P\x00\n\x17\x12\tcolumn2_i\x18\x05 \x00(\x00@\x00H\x00P\x00\n\x17\x12\tcolumn3_s\x18\x08 \x00(\x01@\x05H\x03P\x00\n\x17\x12\tcolumn4_b\x18\t \x00(\x00@\x00H\x00P\x00\x1A,\x12 \x01\x1F\x00^\x00\x00\x00\x02\x00\x00\x00\x03\x00\x00\x00\x00\x00\x00\x00\x00\x00\x00\x00\x08\x00\x00\x00\x00\x00\x00\x00\x01\x1A\x08a string \x01)\x000P\xE1\x06\x16uS" 00:38:53.300 [DEBUG - New I/O worker #134] (TabletClient.java:636) [Peer b93116846b4a43a1a8398438c81d0239] [id: 0xe79a4fff, /127.0.0.1:48701 => /127.29.29.1:64036] WRITTEN_AMOUNT: 239 00:38:53.301 [DEBUG - New I/O worker #134] (TabletClient.java:636) [Peer b93116846b4a43a1a8398438c81d0239] [id: 0xe79a4fff, /127.0.0.1:48701 => /127.29.29.1:64036] WRITTEN_AMOUNT: 267 00:38:53.301 [INFO - kudu-tserver:64036] (MiniKuduCluster.java:429)
I0711 00:38:53.301585 7912 tablet_service.cc:1501] Started scanner 8d5274450b3641c5b94f3c72a44442e4: tablet iterator: Union(memrowset iterator) 00:38:53.301 [INFO - kudu-tserver:64036] (MiniKuduCluster.java:429)
I0711 00:38:53.301954 8225 log_cache.cc:214] T 13410a5b9e644e6f86b34bea173a5677 P b93116846b4a43a1a8398438c81d0239: Updating pinned index to 61 00:38:53.302 [DEBUG - New I/O worker #134] (TabletClient.java:636) [Peer b93116846b4a43a1a8398438c81d0239] [id: 0xe79a4fff, /127.0.0.1:48701 => /127.29.29.1:64036] RECEIVED: BigEndianHeapChannelBuffer(ridx=0, widx=3610, cap=3610) 00:38:53.302 [DEBUG - New I/O worker #134] (TabletClient.java:359) ------------------>> ENTERING DECODE >>------------------ 00:38:53.302 [INFO - kudu-tserver:64036] (MiniKuduCluster.java:429)
I0711 00:38:53.301995 8225 consensus_queue.cc:455] T 13410a5b9e644e6f86b34bea173a5677 P b93116846b4a43a1a8398438c81d0239 [LEADER]: Updated majority_replicated watermark from 1.59 to 1.59 00:38:53.302 [INFO - kudu-tserver:64036] (MiniKuduCluster.java:429)
I0711 00:38:53.302007 8225 consensus_queue.cc:455] T 13410a5b9e644e6f86b34bea173a5677 P b93116846b4a43a1a8398438c81d0239 [LEADER]: Updated all_replicated watermark from 1.59 to 1.59 00:38:53.302 [INFO - kudu-tserver:64036] (MiniKuduCluster.java:429)
I0711 00:38:53.302017 8225 log_cache.cc:391] T 13410a5b9e644e6f86b34bea173a5677 P b93116846b4a43a1a8398438c81d0239: Evicting log cache: after state: Pinned index: 61, LogCacheStats(num_ops=1, bytes=847) 00:38:53.302 [INFO - kudu-tserver:64036] (MiniKuduCluster.java:429)
I0711 00:38:53.302166 8240 raft_consensus.cc:588] T 13410a5b9e644e6f86b34bea173a5677 P b93116846b4a43a1a8398438c81d0239 [term 1 LEADER]: Marking majority replicated up to term: 1 index: 59 00:38:53.302 [INFO - kudu-tserver:64036] (MiniKuduCluster.java:429)
I0711 00:38:53.302181 8240 raft_consensus_state.cc:559] T 13410a5b9e644e6f86b34bea173a5677 P b93116846b4a43a1a8398438c81d0239 [term 1 LEADER]: Already marked ops through 1.59 as committed. Now trying to mark 1.59 which would be a no-op. 00:38:53.302 [DEBUG - New I/O worker #134] (AsyncKuduScanner.java:847) AsyncKuduScanner$Response(scannerId="", data=RowResultIterator for 94 rows, more=false) 00:38:53.302 [INFO - kudu-tserver:64034] (MiniKuduCluster.java:429)
I0711 00:38:53.302573 7836 raft_consensus.cc:1104] T 13410a5b9e644e6f86b34bea173a5677 P 8f3a2b7e9d2f4dc392f47ead5d0f114f [term 1 FOLLOWER]: Early marking committed up to term: 0 index: 0 00:38:53.303 [INFO - kudu-tserver:64034] (MiniKuduCluster.java:429)
I0711 00:38:53.302600 7836 raft_consensus_state.cc:559] T 13410a5b9e644e6f86b34bea173a5677 P 8f3a2b7e9d2f4dc392f47ead5d0f114f [term 1 FOLLOWER]: Already marked ops through 1.59 as committed. Now trying to mark 0.0 which would be a no-op. 00:38:53.303 [INFO - kudu-tserver:64034] (MiniKuduCluster.java:429)
I0711 00:38:53.302620 7836 raft_consensus.cc:728] T 13410a5b9e644e6f86b34bea173a5677 P 8f3a2b7e9d2f4dc392f47ead5d0f114f [term 1 FOLLOWER]: Starting transaction: term: 1 index: 60 00:38:53.303 [DEBUG - New I/O worker #134] (TabletClient.java:426) [Peer b93116846b4a43a1a8398438c81d0239] rpcid=112, response size=3610 bytes, 0 readable bytes left, rpc=ScanRequest(scannerId=null, tabletSlice=13410a5b9e644e6f86b34bea173a5677, attempt=1) 00:38:53.302 [INFO - kudu-tserver:64032] (MiniKuduCluster.java:429)
I0711 00:38:53.302654 7621 raft_consensus.cc:1104] T 13410a5b9e644e6f86b34bea173a5677 P 5d244bfce7964881aa25f36d26bb9cba [term 1 FOLLOWER]: Early marking committed up to term: 0 index: 0 00:38:53.303 [INFO - kudu-tserver:64032] (MiniKuduCluster.java:429)
I0711 00:38:53.302685 7621 raft_consensus_state.cc:559] T 13410a5b9e644e6f86b34bea173a5677 P 5d244bfce7964881aa25f36d26bb9cba [term 1 FOLLOWER]: Already marked ops through 1.59 as committed. Now trying to mark 0.0 which would be a no-op. 00:38:53.303 [INFO - kudu-tserver:64032] (MiniKuduCluster.java:429)
I0711 00:38:53.302703 7621 raft_consensus.cc:728] T 13410a5b9e644e6f86b34bea173a5677 P 5d244bfce7964881aa25f36d26bb9cba [term 1 FOLLOWER]: Starting transaction: term: 1 index: 60 00:38:53.303 [INFO - Thread-8] (ITClient.java:374) New row count 94 00:38:53.303 [DEBUG - New I/O worker #134] (TabletClient.java:491) ------------------<< LEAVING DECODE <<------------------ time elapsed: 1110us 00:38:53.303 [INFO - kudu-tserver:64036] (MiniKuduCluster.java:429)
I0711 00:38:53.303438 8236 consensus_queue.cc:455] T 13410a5b9e644e6f86b34bea173a5677 P b93116846b4a43a1a8398438c81d0239 [LEADER]: Updated majority_replicated watermark from 1.59 to 1.60 00:38:53.304 [DEBUG - New I/O worker #134] (TabletClient.java:636) [Peer b93116846b4a43a1a8398438c81d0239] [id: 0xe79a4fff, /127.0.0.1:48701 => /127.29.29.1:64036] RECEIVED: BigEndianHeapChannelBuffer(ridx=0, widx=19, cap=19) 00:38:53.304 [DEBUG - New I/O worker #134] (TabletClient.java:359) ------------------>> ENTERING DECODE >>------------------ 00:38:53.303 [INFO - kudu-tserver:64034] (MiniKuduCluster.java:429)
I0711 00:38:53.302860 7836 raft_consensus.cc:1215] T 13410a5b9e644e6f86b34bea173a5677 P 8f3a2b7e9d2f4dc392f47ead5d0f114f [term 1 FOLLOWER]: Marking committed up to term: 1 index: 59 00:38:53.304 [DEBUG - New I/O worker #134] (TabletClient.java:426) [Peer b93116846b4a43a1a8398438c81d0239] rpcid=113, response size=19 bytes, 0 readable bytes left, rpc=KuduRpc(method=Write, tablet=13410a5b9e644e6f86b34bea173a5677, attempt=1, DeadlineTracker(timeout=30000, elapsed=4), Deferred@736610508(state=PENDING, result=null, callback=wakeup thread Thread-7, errback=wakeup thread Thread-7)) row_key=(int32 key=94) 00:38:53.304 [INFO - kudu-tserver:64036] (MiniKuduCluster.java:429)
I0711 00:38:53.303469 8236 consensus_queue.cc:455] T 13410a5b9e644e6f86b34bea173a5677 P b93116846b4a43a1a8398438c81d0239 [LEADER]: Updated all_replicated watermark from 1.59 to 1.59 00:38:53.304 [INFO - kudu-tserver:64036] (MiniKuduCluster.java:429)
I0711 00:38:53.303484 8236 log_cache.cc:391] T 13410a5b9e644e6f86b34bea173a5677 P b93116846b4a43a1a8398438c81d0239: Evicting log cache: after state: Pinned index: 61, LogCacheStats(num_ops=1, bytes=847) 00:38:53.303 [INFO - kudu-tserver:64032] (MiniKuduCluster.java:429)
I0711 00:38:53.302927 7621 raft_consensus.cc:1215] T 13410a5b9e644e6f86b34bea173a5677 P 5d244bfce7964881aa25f36d26bb9cba [term 1 FOLLOWER]: Marking committed up to term: 1 index: 59 00:38:53.304 [INFO - kudu-tserver:64032] (MiniKuduCluster.java:429)
I0711 00:38:53.302944 7621 raft_consensus_state.cc:559] T 13410a5b9e644e6f86b34bea173a5677 P 5d244bfce7964881aa25f36d26bb9cba [term 1 FOLLOWER]: Already marked ops through 1.59 as committed. Now trying to mark 1.59 which would be a no-op. 00:38:53.305 [INFO - kudu-tserver:64032] (MiniKuduCluster.java:429)
I0711 00:38:53.302988 8220 log_cache.cc:214] T 13410a5b9e644e6f86b34bea173a5677 P 5d244bfce7964881aa25f36d26bb9cba: Updating pinned index to 61 00:38:53.305 [INFO - kudu-tserver:64032] (MiniKuduCluster.java:429)
I0711 00:38:53.303021 8220 consensus_queue.cc:455] T 13410a5b9e644e6f86b34bea173a5677 P 5d244bfce7964881aa25f36d26bb9cba [NON_LEADER]: Updated all_replicated watermark from 1.59 to 1.60 00:38:53.305 [INFO - kudu-tserver:64032] (MiniKuduCluster.java:429)
I0711 00:38:53.303055 8220 log_cache.cc:391] T 13410a5b9e644e6f86b34bea173a5677 P 5d244bfce7964881aa25f36d26bb9cba: Evicting log cache: after state: Pinned index: 61, LogCacheStats(num_ops=1, bytes=871) 00:38:53.305 [INFO - kudu-tserver:64032] (MiniKuduCluster.java:429)
I0711 00:38:53.303138 7621 raft_consensus.cc:700] T 13410a5b9e644e6f86b34bea173a5677 P 5d244bfce7964881aa25f36d26bb9cba [term 1 FOLLOWER]: Replica replied to status only request. Replica: Replica: 5d244bfce7964881aa25f36d26bb9cba, State: 1, Role: FOLLOWER 00:38:53.305 [INFO - kudu-tserver:64032] (MiniKuduCluster.java:429) Watermarks: {Received: term: 1 index: 60 Committed: term: 1 index: 59} 00:38:53.305 [INFO - kudu-tserver:64032] (MiniKuduCluster.java:429) . Response: responder_uuid: "5d244bfce7964881aa25f36d26bb9cba" responder_term: 1 status { last_received { term: 1 index: 60 } last_committed_idx: 59 last_received_current_leader { term: 1 index: 60 } } 00:38:53.304 [INFO - kudu-tserver:64036] (MiniKuduCluster.java:429)
I0711 00:38:53.303516 8227 consensus_queue.cc:455] T 13410a5b9e644e6f86b34bea173a5677 P b93116846b4a43a1a8398438c81d0239 [LEADER]: Updated majority_replicated watermark from 1.60 to 1.60 00:38:53.305 [INFO - kudu-tserver:64036] (MiniKuduCluster.java:429)
I0711 00:38:53.303534 8227 consensus_queue.cc:455] T 13410a5b9e644e6f86b34bea173a5677 P b93116846b4a43a1a8398438c81d0239 [LEADER]: Updated all_replicated watermark from 1.59 to 1.60 00:38:53.305 [INFO - kudu-tserver:64036] (MiniKuduCluster.java:429)
I0711 00:38:53.303550 8227 log_cache.cc:391] T 13410a5b9e644e6f86b34bea173a5677 P b93116846b4a43a1a8398438c81d0239: Evicting log cache: after state: Pinned index: 61, LogCacheStats(num_ops=1, bytes=847) 00:38:53.305 [INFO - kudu-tserver:64036] (MiniKuduCluster.java:429)
I0711 00:38:53.303588 8240 raft_consensus.cc:588] T 13410a5b9e644e6f86b34bea173a5677 P b93116846b4a43a1a8398438c81d0239 [term 1 LEADER]: Marking majority replicated up to term: 1 index: 60 00:38:53.305 [INFO - kudu-tserver:64036] (MiniKuduCluster.java:429)
I0711 00:38:53.303606 8240 raft_consensus_state.cc:578] T 13410a5b9e644e6f86b34bea173a5677 P b93116846b4a43a1a8398438c81d0239 [term 1 LEADER]: Last triggered apply was: term: 1 index: 59 Starting to apply from log index: 60 00:38:53.305 [INFO - kudu-tserver:64036] (MiniKuduCluster.java:429)
I0711 00:38:53.303752 8240 raft_consensus.cc:588] T 13410a5b9e644e6f86b34bea173a5677 P b93116846b4a43a1a8398438c81d0239 [term 1 LEADER]: Marking majority replicated up to term: 1 index: 60 00:38:53.305 [INFO - kudu-tserver:64036] (MiniKuduCluster.java:429)
I0711 00:38:53.303762 8240 raft_consensus_state.cc:559] T 13410a5b9e644e6f86b34bea173a5677 P b93116846b4a43a1a8398438c81d0239 [term 1 LEADER]: Already marked ops through 1.60 as committed. Now trying to mark 1.60 which would be a no-op. 00:38:53.306 [INFO - kudu-tserver:64036] (MiniKuduCluster.java:429)
I0711 00:38:53.304554 8236 consensus_queue.cc:455] T 13410a5b9e644e6f86b34bea173a5677 P b93116846b4a43a1a8398438c81d0239 [LEADER]: Updated majority_replicated watermark from 1.60 to 1.60 00:38:53.306 [INFO - kudu-tserver:64036] (MiniKuduCluster.java:429)
I0711 00:38:53.304580 8236 consensus_queue.cc:455] T 13410a5b9e644e6f86b34bea173a5677 P b93116846b4a43a1a8398438c81d0239 [LEADER]: Updated all_replicated watermark from 1.60 to 1.60 00:38:53.304 [DEBUG - New I/O worker #134] (TabletClient.java:491) ------------------<< LEAVING DECODE <<------------------ time elapsed: 399us 00:38:53.304 [INFO - kudu-tserver:64034] (MiniKuduCluster.java:429)
I0711 00:38:53.302876 7836 raft_consensus_state.cc:559] T 13410a5b9e644e6f86b34bea173a5677 P 8f3a2b7e9d2f4dc392f47ead5d0f114f [term 1 FOLLOWER]: Already marked ops through 1.59 as committed. Now trying to mark 1.59 which would be a no-op. 00:38:53.306 [INFO - kudu-tserver:64034] (MiniKuduCluster.java:429)
I0711 00:38:53.302943 8216 log_cache.cc:214] T 13410a5b9e644e6f86b34bea173a5677 P 8f3a2b7e9d2f4dc392f47ead5d0f114f: Updating pinned index to 61 00:38:53.306 [INFO - kudu-tserver:64034] (MiniKuduCluster.java:429)
I0711 00:38:53.302973 8216 consensus_queue.cc:455] T 13410a5b9e644e6f86b34bea173a5677 P 8f3a2b7e9d2f4dc392f47ead5d0f114f [NON_LEADER]: Updated all_replicated watermark from 1.59 to 1.60 00:38:53.306 [INFO - kudu-tserver:64034] (MiniKuduCluster.java:429)
I0711 00:38:53.303004 8216 log_cache.cc:391] T 13410a5b9e644e6f86b34bea173a5677 P 8f3a2b7e9d2f4dc392f47ead5d0f114f: Evicting log cache: after state: Pinned index: 61, LogCacheStats(num_ops=1, bytes=871) 00:38:53.306 [INFO - kudu-tserver:64034] (MiniKuduCluster.java:429)
I0711 00:38:53.303093 7836 raft_consensus.cc:700] T 13410a5b9e644e6f86b34bea173a5677 P 8f3a2b7e9d2f4dc392f47ead5d0f114f [term 1 FOLLOWER]: Replica replied to status only request. Replica: Replica: 8f3a2b7e9d2f4dc392f47ead5d0f114f, State: 1, Role: FOLLOWER 00:38:53.306 [INFO - kudu-tserver:64034] (MiniKuduCluster.java:429) Watermarks: {Received: term: 1 index: 60 Committed: term: 1 index: 59} 00:38:53.306 [INFO - kudu-tserver:64036] (MiniKuduCluster.java:429)
I0711 00:38:53.304626 8236 log_cache.cc:391] T 13410a5b9e644e6f86b34bea173a5677 P b93116846b4a43a1a8398438c81d0239: Evicting log cache: after state: Pinned index: 61, LogCacheStats(num_ops=0, bytes=0) 00:38:53.307 [INFO - kudu-tserver:64036] (MiniKuduCluster.java:429)
I0711 00:38:53.304677 8227 consensus_queue.cc:455] T 13410a5b9e644e6f86b34bea173a5677 P b93116846b4a43a1a8398438c81d0239 [LEADER]: Updated majority_replicated watermark from 1.60 to 1.60 00:38:53.307 [INFO - kudu-tserver:64036] (MiniKuduCluster.java:429)
I0711 00:38:53.304693 8227 consensus_queue.cc:455] T 13410a5b9e644e6f86b34bea173a5677 P b93116846b4a43a1a8398438c81d0239 [LEADER]: Updated all_replicated watermark from 1.60 to 1.60 00:38:53.307 [INFO - kudu-tserver:64036] (MiniKuduCluster.java:429)
I0711 00:38:53.304704 8227 log_cache.cc:391] T 13410a5b9e644e6f86b34bea173a5677 P b93116846b4a43a1a8398438c81d0239: Evicting log cache: after state: Pinned index: 61, LogCacheStats(num_ops=0, bytes=0) 00:38:53.307 [INFO - kudu-tserver:64036] (MiniKuduCluster.java:429)
I0711 00:38:53.304729 8240 raft_consensus.cc:588] T 13410a5b9e644e6f86b34bea173a5677 P b93116846b4a43a1a8398438c81d0239 [term 1 LEADER]: Marking majority replicated up to term: 1 index: 60 00:38:53.307 [INFO - kudu-tserver:64036] (MiniKuduCluster.java:429)
I0711 00:38:53.304743 8240 raft_consensus_state.cc:559] T 13410a5b9e644e6f86b34bea173a5677 P b93116846b4a43a1a8398438c81d0239 [term 1 LEADER]: Already marked ops through 1.60 as committed. Now trying to mark 1.60 which would be a no-op. 00:38:53.307 [INFO - kudu-tserver:64036] (MiniKuduCluster.java:429)
I0711 00:38:53.304796 8240 raft_consensus.cc:588] T 13410a5b9e644e6f86b34bea173a5677 P b93116846b4a43a1a8398438c81d0239 [term 1 LEADER]: Marking majority replicated up to term: 1 index: 60 00:38:53.307 [INFO - kudu-tserver:64036] (MiniKuduCluster.java:429)
I0711 00:38:53.304805 8240 raft_consensus_state.cc:559] T 13410a5b9e644e6f86b34bea173a5677 P b93116846b4a43a1a8398438c81d0239 [term 1 LEADER]: Already marked ops through 1.60 as committed. Now trying to mark 1.60 which would be a no-op. 00:38:53.305 [INFO - kudu-tserver:64032] (MiniKuduCluster.java:429)
I0711 00:38:53.304159 7621 raft_consensus.cc:1104] T 13410a5b9e644e6f86b34bea173a5677 P 5d244bfce7964881aa25f36d26bb9cba [term 1 FOLLOWER]: Early marking committed up to term: 1 index: 60 00:38:53.307 [INFO - kudu-tserver:64032] (MiniKuduCluster.java:429)
I0711 00:38:53.304177 7621 raft_consensus_state.cc:578] T 13410a5b9e644e6f86b34bea173a5677 P 5d244bfce7964881aa25f36d26bb9cba [term 1 FOLLOWER]: Last triggered apply was: term: 1 index: 59 Starting to apply from log index: 60 00:38:53.307 [INFO - kudu-tserver:64032] (MiniKuduCluster.java:429)
I0711 00:38:53.304251 7621 raft_consensus.cc:1215] T 13410a5b9e644e6f86b34bea173a5677 P 5d244bfce7964881aa25f36d26bb9cba [term 1 FOLLOWER]: Marking committed up to term: 1 index: 60 00:38:53.307 [INFO - kudu-tserver:64032] (MiniKuduCluster.java:429)
I0711 00:38:53.304263 7621 raft_consensus_state.cc:559] T 13410a5b9e644e6f86b34bea173a5677 P 5d244bfce7964881aa25f36d26bb9cba [term 1 FOLLOWER]: Already marked ops through 1.60 as committed. Now trying to mark 1.60 which would be a no-op. 00:38:53.307 [INFO - kudu-tserver:64032] (MiniKuduCluster.java:429)
I0711 00:38:53.304296 7621 raft_consensus.cc:700] T 13410a5b9e644e6f86b34bea173a5677 P 5d244bfce7964881aa25f36d26bb9cba [term 1 FOLLOWER]: Replica replied to status only request. Replica: Replica: 5d244bfce7964881aa25f36d26bb9cba, State: 1, Role: FOLLOWER 00:38:53.308 [INFO - kudu-tserver:64032] (MiniKuduCluster.java:429) Watermarks: {Received: term: 1 index: 60 Committed: term: 1 index: 60} 00:38:53.308 [INFO - kudu-tserver:64032] (MiniKuduCluster.java:429) . Response: responder_uuid: "5d244bfce7964881aa25f36d26bb9cba" responder_term: 1 status { last_received { term: 1 index: 60 } last_committed_idx: 60 last_received_current_leader { term: 1 index: 60 } } 00:38:53.305 [DEBUG - Thread-7] (TabletClient.java:261) [Peer b93116846b4a43a1a8398438c81d0239] [id: 0xe79a4fff, /127.0.0.1:48701 => /127.29.29.1:64036] Sending RPC #115, payload=BigEndianHeapChannelBuffer(ridx=0, widx=267, cap=267) "\x00\x00\x01\x070\x18s2)\n kudu.tserver.TabletServerService\x12\x05WriteP\xF4\x03\xD4\x01\n 13410a5b9e644e6f86b34bea173a5677\x12w\n\x11\x12\x03key\x18\x05 \x01(\x00@\x00H\x00P\x00\n\x17\x12\tcolumn1_i\x18\x05 \x00(\x00@\x00H\x00P\x00\n\x17\x12\tcolumn2_i\x18\x05 \x00(\x00@\x00H\x00P\x00\n\x17\x12\tcolumn3_s\x18\x08 \x00(\x01@\x05H\x03P\x00\n\x17\x12\tcolumn4_b\x18\t \x00(\x00@\x00H\x00P\x00\x1A,\x12 \x01\x1F\x00_\x00\x00\x00\x02\x00\x00\x00\x03\x00\x00\x00\x00\x00\x00\x00\x00\x00\x00\x00\x08\x00\x00\x00\x00\x00\x00\x00\x01\x1A\x08a string \x01)\x000P\xE1\x06\x16uS" 00:38:53.305 [DEBUG - Thread-8] (AsyncKuduScanner.java:812) Sending scan req: new_scan_request { tablet_id: "13410a5b9e644e6f86b34bea173a5677" limit: 9223372036854775807 projected_columns { name: "key" type: INT32 is_key: true is_nullable: false encoding: AUTO_ENCODING compression: DEFAULT_COMPRESSION cfile_block_size: 0 } projected_columns { name: "column1_i" type: INT32 is_key: false is_nullable: false encoding: AUTO_ENCODING compression: DEFAULT_COMPRESSION cfile_block_size: 0 } projected_columns { name: "column2_i" type: INT32 is_key: false is_nullable: false encoding: AUTO_ENCODING compression: DEFAULT_COMPRESSION cfile_block_size: 0 } projected_columns { name: "column3_s" type: STRING is_key: false is_nullable: true encoding: DICT_ENCODING compression: LZ4 cfile_block_size: 0 } projected_columns { name: "column4_b" type: BOOL is_key: false is_nullable: false encoding: AUTO_ENCODING compression: DEFAULT_COMPRESSION cfile_block_size: 0 } read_mode: READ_LATEST propagated_timestamp: 6013737096228909056 cache_blocks: true order_mode: UNORDERED column_predicates { column: "key" equality { value: ")\000\000\000" } } } batch_size_bytes: 1048576 00:38:53.308 [DEBUG - New I/O worker #134] (TabletClient.java:636) [Peer b93116846b4a43a1a8398438c81d0239] [id: 0xe79a4fff, /127.0.0.1:48701 => /127.29.29.1:64036] WRITTEN_AMOUNT: 267 00:38:53.308 [DEBUG - Thread-8] (TabletClient.java:261) [Peer b93116846b4a43a1a8398438c81d0239] [id: 0xe79a4fff, /127.0.0.1:48701 => /127.29.29.1:64036] Sending RPC #114, payload=BigEndianHeapChannelBuffer(ridx=0, widx=256, cap=256) "\x00\x00\x00\xFC1\x18r2(\n kudu.tserver.TabletServerService\x12\x04ScanP\xF4\x03X\x01\xC8\x01\x12\xC1\x01\n 13410a5b9e644e6f86b34bea173a5677\x10\xFF\xFF\xFF\xFF\xFF\xFF\xFF\xFF\x7F"\x11\x12\x03key\x18\x05 \x01(\x00@\x00H\x00P\x00"\x17\x12\tcolumn1_i\x18\x05 \x00(\x00@\x00H\x00P\x00"\x17\x12\tcolumn2_i\x18\x05 \x00(\x00@\x00H\x00P\x00"\x17\x12\tcolumn3_s\x18\x08 \x00(\x01@\x05H\x03P\x00"\x17\x12\tcolumn4_b\x18\t \x00(\x00@\x00H\x00P\x00(\x019\x000P\xE1\x06\x16uSP\x01X\x01j\x0D\n\x03key\x1A\x06\n\x04)\x00\x00\x00 \x80\x80@" 00:38:53.307 [INFO - kudu-tserver:64034] (MiniKuduCluster.java:429) . Response: responder_uuid: "8f3a2b7e9d2f4dc392f47ead5d0f114f" responder_term: 1 status { last_received { term: 1 index: 60 } last_committed_idx: 59 last_received_current_leader { term: 1 index: 60 } } 00:38:53.308 [INFO - kudu-tserver:64034] (MiniKuduCluster.java:429)
I0711 00:38:53.304142 7836 raft_consensus.cc:1104] T 13410a5b9e644e6f86b34bea173a5677 P 8f3a2b7e9d2f4dc392f47ead5d0f114f [term 1 FOLLOWER]: Early marking committed up to term: 1 index: 60 00:38:53.308 [INFO - kudu-tserver:64034] (MiniKuduCluster.java:429)
I0711 00:38:53.304162 7836 raft_consensus_state.cc:578] T 13410a5b9e644e6f86b34bea173a5677 P 8f3a2b7e9d2f4dc392f47ead5d0f114f [term 1 FOLLOWER]: Last triggered apply was: term: 1 index: 59 Starting to apply from log index: 60 00:38:53.309 [INFO - kudu-tserver:64034] (MiniKuduCluster.java:429)
I0711 00:38:53.304241 7836 raft_consensus.cc:1215] T 13410a5b9e644e6f86b34bea173a5677 P 8f3a2b7e9d2f4dc392f47ead5d0f114f [term 1 FOLLOWER]: Marking committed up to term: 1 index: 60 00:38:53.309 [INFO - kudu-tserver:64034] (MiniKuduCluster.java:429)
I0711 00:38:53.304255 7836 raft_consensus_state.cc:559] T 13410a5b9e644e6f86b34bea173a5677 P 8f3a2b7e9d2f4dc392f47ead5d0f114f [term 1 FOLLOWER]: Already marked ops through 1.60 as committed. Now trying to mark 1.60 which would be a no-op. 00:38:53.309 [DEBUG - New I/O worker #134] (TabletClient.java:636) [Peer b93116846b4a43a1a8398438c81d0239] [id: 0xe79a4fff, /127.0.0.1:48701 => /127.29.29.1:64036] WRITTEN_AMOUNT: 256 00:38:53.309 [INFO - kudu-tserver:64036] (MiniKuduCluster.java:429)
I0711 00:38:53.309255 8225 log_cache.cc:214] T 13410a5b9e644e6f86b34bea173a5677 P b93116846b4a43a1a8398438c81d0239: Updating pinned index to 62 00:38:53.309 [INFO - kudu-tserver:64036] (MiniKuduCluster.java:429)
I0711 00:38:53.309334 8225 consensus_queue.cc:455] T 13410a5b9e644e6f86b34bea173a5677 P b93116846b4a43a1a8398438c81d0239 [LEADER]: Updated majority_replicated watermark from 1.60 to 1.60 00:38:53.309 [INFO - kudu-tserver:64036] (MiniKuduCluster.java:429)
I0711 00:38:53.309345 8225 consensus_queue.cc:455] T 13410a5b9e644e6f86b34bea173a5677 P b93116846b4a43a1a8398438c81d0239 [LEADER]: Updated all_replicated watermark from 1.60 to 1.60 00:38:53.309 [INFO - kudu-tserver:64036] (MiniKuduCluster.java:429)
I0711 00:38:53.309366 8225 log_cache.cc:391] T 13410a5b9e644e6f86b34bea173a5677 P b93116846b4a43a1a8398438c81d0239: Evicting log cache: after state: Pinned index: 62, LogCacheStats(num_ops=1, bytes=847) 00:38:53.309 [INFO - kudu-tserver:64036] (MiniKuduCluster.java:429)
I0711 00:38:53.309468 8240 raft_consensus.cc:588] T 13410a5b9e644e6f86b34bea173a5677 P b93116846b4a43a1a8398438c81d0239 [term 1 LEADER]: Marking majority replicated up to term: 1 index: 60 00:38:53.309 [INFO - kudu-tserver:64036] (MiniKuduCluster.java:429)
I0711 00:38:53.309480 8240 raft_consensus_state.cc:559] T 13410a5b9e644e6f86b34bea173a5677 P b93116846b4a43a1a8398438c81d0239 [term 1 LEADER]: Already marked ops through 1.60 as committed. Now trying to mark 1.60 which would be a no-op. 00:38:53.309 [INFO - kudu-tserver:64034] (MiniKuduCluster.java:429)
I0711 00:38:53.304296 7836 raft_consensus.cc:700] T 13410a5b9e644e6f86b34bea173a5677 P 8f3a2b7e9d2f4dc392f47ead5d0f114f [term 1 FOLLOWER]: Replica replied to status only request. Replica: Replica: 8f3a2b7e9d2f4dc392f47ead5d0f114f, State: 1, Role: FOLLOWER 00:38:53.309 [INFO - kudu-tserver:64034] (MiniKuduCluster.java:429) Watermarks: {Received: term: 1 index: 60 Committed: term: 1 index: 60} 00:38:53.310 [INFO - kudu-tserver:64034] (MiniKuduCluster.java:429) . Response: responder_uuid: "8f3a2b7e9d2f4dc392f47ead5d0f114f" responder_term: 1 status { last_received { term: 1 index: 60 } last_committed_idx: 60 last_received_current_leader { term: 1 index: 60 } } 00:38:53.309 [INFO - kudu-tserver:64036] (MiniKuduCluster.java:429)
I0711 00:38:53.309705 7912 tablet_service.cc:1501] Started scanner 7d65c3315e044e6d9eb16d72d25cf547: tablet iterator: Union(memrowset iterator) 00:38:53.309 [INFO - kudu-tserver:64032] (MiniKuduCluster.java:429)
I0711 00:38:53.309717 7621 raft_consensus.cc:1104] T 13410a5b9e644e6f86b34bea173a5677 P 5d244bfce7964881aa25f36d26bb9cba [term 1 FOLLOWER]: Early marking committed up to term: 0 index: 0 00:38:53.310 [INFO - kudu-tserver:64032] (MiniKuduCluster.java:429)
I0711 00:38:53.309742 7621 raft_consensus_state.cc:559] T 13410a5b9e644e6f86b34bea173a5677 P 5d244bfce7964881aa25f36d26bb9cba [term 1 FOLLOWER]: Already marked ops through 1.60 as committed. Now trying to mark 0.0 which would be a no-op. 00:38:53.310 [INFO - kudu-tserver:64034] (MiniKuduCluster.java:429)
I0711 00:38:53.309808 7836 raft_consensus.cc:1104] T 13410a5b9e644e6f86b34bea173a5677 P 8f3a2b7e9d2f4dc392f47ead5d0f114f [term 1 FOLLOWER]: Early marking committed up to term: 0 index: 0 00:38:53.310 [INFO - kudu-tserver:64034] (MiniKuduCluster.java:429)
I0711 00:38:53.309825 7836 raft_consensus_state.cc:559] T 13410a5b9e644e6f86b34bea173a5677 P 8f3a2b7e9d2f4dc392f47ead5d0f114f [term 1 FOLLOWER]: Already marked ops through 1.60 as committed. Now trying to mark 0.0 which would be a no-op. 00:38:53.310 [INFO - kudu-tserver:64034] (MiniKuduCluster.java:429)
I0711 00:38:53.309850 7836 raft_consensus.cc:728] T 13410a5b9e644e6f86b34bea173a5677 P 8f3a2b7e9d2f4dc392f47ead5d0f114f [term 1 FOLLOWER]: Starting transaction: term: 1 index: 61 00:38:53.310 [DEBUG - New I/O worker #134] (TabletClient.java:636) [Peer b93116846b4a43a1a8398438c81d0239] [id: 0xe79a4fff, /127.0.0.1:48701 => /127.29.29.1:64036] RECEIVED: BigEndianHeapChannelBuffer(ridx=0, widx=74, cap=74) 00:38:53.310 [INFO - kudu-tserver:64034] (MiniKuduCluster.java:429)
I0711 00:38:53.310045 7836 raft_consensus.cc:1215] T 13410a5b9e644e6f86b34bea173a5677 P 8f3a2b7e9d2f4dc392f47ead5d0f114f [term 1 FOLLOWER]: Marking committed up to term: 1 index: 60 00:38:53.310 [INFO - kudu-tserver:64034] (MiniKuduCluster.java:429)
I0711 00:38:53.310062 7836 raft_consensus_state.cc:559] T 13410a5b9e644e6f86b34bea173a5677 P 8f3a2b7e9d2f4dc392f47ead5d0f114f [term 1 FOLLOWER]: Already marked ops through 1.60 as committed. Now trying to mark 1.60 which would be a no-op. 00:38:53.310 [INFO - kudu-tserver:64034] (MiniKuduCluster.java:429)
I0711 00:38:53.310127 8216 log_cache.cc:214] T 13410a5b9e644e6f86b34bea173a5677 P 8f3a2b7e9d2f4dc392f47ead5d0f114f: Updating pinned index to 62 00:38:53.310 [INFO - kudu-tserver:64036] (MiniKuduCluster.java:429)
I0711 00:38:53.310547 8236 consensus_queue.cc:455] T 13410a5b9e644e6f86b34bea173a5677 P b93116846b4a43a1a8398438c81d0239 [LEADER]: Updated majority_replicated watermark from 1.60 to 1.61 00:38:53.311 [INFO - kudu-tserver:64036] (MiniKuduCluster.java:429)
I0711 00:38:53.310576 8236 consensus_queue.cc:455] T 13410a5b9e644e6f86b34bea173a5677 P b93116846b4a43a1a8398438c81d0239 [LEADER]: Updated all_replicated watermark from 1.60 to 1.60 00:38:53.310 [INFO - kudu-tserver:64032] (MiniKuduCluster.java:429)
I0711 00:38:53.309759 7621 raft_consensus.cc:728] T 13410a5b9e644e6f86b34bea173a5677 P 5d244bfce7964881aa25f36d26bb9cba [term 1 FOLLOWER]: Starting transaction: term: 1 index: 61 00:38:53.311 [INFO - kudu-tserver:64032] (MiniKuduCluster.java:429)
I0711 00:38:53.309952 7621 raft_consensus.cc:1215] T 13410a5b9e644e6f86b34bea173a5677 P 5d244bfce7964881aa25f36d26bb9cba [term 1 FOLLOWER]: Marking committed up to term: 1 index: 60 00:38:53.311 [INFO - kudu-tserver:64032] (MiniKuduCluster.java:429)
I0711 00:38:53.309967 7621 raft_consensus_state.cc:559] T 13410a5b9e644e6f86b34bea173a5677 P 5d244bfce7964881aa25f36d26bb9cba [term 1 FOLLOWER]: Already marked ops through 1.60 as committed. Now trying to mark 1.60 which would be a no-op. 00:38:53.311 [INFO - kudu-tserver:64032] (MiniKuduCluster.java:429)
I0711 00:38:53.310055 8220 log_cache.cc:214] T 13410a5b9e644e6f86b34bea173a5677 P 5d244bfce7964881aa25f36d26bb9cba: Updating pinned index to 62 00:38:53.311 [INFO - kudu-tserver:64032] (MiniKuduCluster.java:429)
I0711 00:38:53.310088 8220 consensus_queue.cc:455] T 13410a5b9e644e6f86b34bea173a5677 P 5d244bfce7964881aa25f36d26bb9cba [NON_LEADER]: Updated all_replicated watermark from 1.60 to 1.61 00:38:53.311 [INFO - kudu-tserver:64032] (MiniKuduCluster.java:429)
I0711 00:38:53.310127 8220 log_cache.cc:391] T 13410a5b9e644e6f86b34bea173a5677 P 5d244bfce7964881aa25f36d26bb9cba: Evicting log cache: after state: Pinned index: 62, LogCacheStats(num_ops=1, bytes=871) 00:38:53.311 [INFO - kudu-tserver:64032] (MiniKuduCluster.java:429)
I0711 00:38:53.310359 7621 raft_consensus.cc:700] T 13410a5b9e644e6f86b34bea173a5677 P 5d244bfce7964881aa25f36d26bb9cba [term 1 FOLLOWER]: Replica replied to status only request. Replica: Replica: 5d244bfce7964881aa25f36d26bb9cba, State: 1, Role: FOLLOWER 00:38:53.311 [INFO - kudu-tserver:64032] (MiniKuduCluster.java:429) Watermarks: {Received: term: 1 index: 61 Committed: term: 1 index: 60} 00:38:53.311 [INFO - kudu-tserver:64032] (MiniKuduCluster.java:429) . Response: responder_uuid: "5d244bfce7964881aa25f36d26bb9cba" responder_term: 1 status { last_received { term: 1 index: 61 } last_committed_idx: 60 last_received_current_leader { term: 1 index: 61 } } 00:38:53.311 [INFO - kudu-tserver:64036] (MiniKuduCluster.java:429)
I0711 00:38:53.310587 8236 log_cache.cc:391] T 13410a5b9e644e6f86b34bea173a5677 P b93116846b4a43a1a8398438c81d0239: Evicting log cache: after state: Pinned index: 62, LogCacheStats(num_ops=1, bytes=847) 00:38:53.312 [INFO - kudu-tserver:64036] (MiniKuduCluster.java:429)
I0711 00:38:53.310618 8227 consensus_queue.cc:455] T 13410a5b9e644e6f86b34bea173a5677 P b93116846b4a43a1a8398438c81d0239 [LEADER]: Updated majority_replicated watermark from 1.61 to 1.61 00:38:53.312 [INFO - kudu-tserver:64036] (MiniKuduCluster.java:429)
I0711 00:38:53.310636 8227 consensus_queue.cc:455] T 13410a5b9e644e6f86b34bea173a5677 P b93116846b4a43a1a8398438c81d0239 [LEADER]: Updated all_replicated watermark from 1.60 to 1.61 00:38:53.312 [INFO - kudu-tserver:64036] (MiniKuduCluster.java:429)
I0711 00:38:53.310647 8227 log_cache.cc:391] T 13410a5b9e644e6f86b34bea173a5677 P b93116846b4a43a1a8398438c81d0239: Evicting log cache: after state: Pinned index: 62, LogCacheStats(num_ops=1, bytes=847) 00:38:53.312 [INFO - kudu-tserver:64036] (MiniKuduCluster.java:429)
I0711 00:38:53.310706 8240 raft_consensus.cc:588] T 13410a5b9e644e6f86b34bea173a5677 P b93116846b4a43a1a8398438c81d0239 [term 1 LEADER]: Marking majority replicated up to term: 1 index: 61 00:38:53.312 [INFO - kudu-tserver:64036] (MiniKuduCluster.java:429)
I0711 00:38:53.310729 8240 raft_consensus_state.cc:578] T 13410a5b9e644e6f86b34bea173a5677 P b93116846b4a43a1a8398438c81d0239 [term 1 LEADER]: Last triggered apply was: term: 1 index: 60 Starting to apply from log index: 61 00:38:53.312 [INFO - kudu-tserver:64036] (MiniKuduCluster.java:429)
I0711 00:38:53.310843 8240 raft_consensus.cc:588] T 13410a5b9e644e6f86b34bea173a5677 P b93116846b4a43a1a8398438c81d0239 [term 1 LEADER]: Marking majority replicated up to term: 1 index: 61 00:38:53.312 [INFO - kudu-tserver:64036] (MiniKuduCluster.java:429)
I0711 00:38:53.310853 8240 raft_consensus_state.cc:559] T 13410a5b9e644e6f86b34bea173a5677 P b93116846b4a43a1a8398438c81d0239 [term 1 LEADER]: Already marked ops through 1.61 as committed. Now trying to mark 1.61 which would be a no-op. 00:38:53.311 [INFO - kudu-tserver:64034] (MiniKuduCluster.java:429)
I0711 00:38:53.310155 8216 consensus_queue.cc:455] T 13410a5b9e644e6f86b34bea173a5677 P 8f3a2b7e9d2f4dc392f47ead5d0f114f [NON_LEADER]: Updated all_replicated watermark from 1.60 to 1.61 00:38:53.312 [INFO - kudu-tserver:64034] (MiniKuduCluster.java:429)
I0711 00:38:53.310184 8216 log_cache.cc:391] T 13410a5b9e644e6f86b34bea173a5677 P 8f3a2b7e9d2f4dc392f47ead5d0f114f: Evicting log cache: after state: Pinned index: 62, LogCacheStats(num_ops=1, bytes=871) 00:38:53.312 [INFO - kudu-tserver:64034] (MiniKuduCluster.java:429)
I0711 00:38:53.310263 7836 raft_consensus.cc:700] T 13410a5b9e644e6f86b34bea173a5677 P 8f3a2b7e9d2f4dc392f47ead5d0f114f [term 1 FOLLOWER]: Replica replied to status only request. Replica: Replica: 8f3a2b7e9d2f4dc392f47ead5d0f114f, State: 1, Role: FOLLOWER 00:38:53.312 [INFO - kudu-tserver:64034] (MiniKuduCluster.java:429) Watermarks: {Received: term: 1 index: 61 Committed: term: 1 index: 60} 00:38:53.312 [INFO - kudu-tserver:64034] (MiniKuduCluster.java:429) . Response: responder_uuid: "8f3a2b7e9d2f4dc392f47ead5d0f114f" responder_term: 1 status { last_received { term: 1 index: 61 } last_committed_idx: 60 last_received_current_leader { term: 1 index: 61 } } 00:38:53.310 [DEBUG - New I/O worker #134] (TabletClient.java:359) ------------------>> ENTERING DECODE >>------------------ 00:38:53.313 [INFO - kudu-tserver:64034] (MiniKuduCluster.java:429)
I0711 00:38:53.311230 7836 raft_consensus.cc:1104] T 13410a5b9e644e6f86b34bea173a5677 P 8f3a2b7e9d2f4dc392f47ead5d0f114f [term 1 FOLLOWER]: Early marking committed up to term: 1 index: 61 00:38:53.313 [INFO - kudu-tserver:64034] (MiniKuduCluster.java:429)
I0711 00:38:53.311249 7836 raft_consensus_state.cc:578] T 13410a5b9e644e6f86b34bea173a5677 P 8f3a2b7e9d2f4dc392f47ead5d0f114f [term 1 FOLLOWER]: Last triggered apply was: term: 1 index: 60 Starting to apply from log index: 61 00:38:53.313 [INFO - kudu-tserver:64034] (MiniKuduCluster.java:429)
I0711 00:38:53.311332 7836 raft_consensus.cc:1215] T 13410a5b9e644e6f86b34bea173a5677 P 8f3a2b7e9d2f4dc392f47ead5d0f114f [term 1 FOLLOWER]: Marking committed up to term: 1 index: 61 00:38:53.313 [INFO - kudu-tserver:64034] (MiniKuduCluster.java:429)
I0711 00:38:53.311345 7836 raft_consensus_state.cc:559] T 13410a5b9e644e6f86b34bea173a5677 P 8f3a2b7e9d2f4dc392f47ead5d0f114f [term 1 FOLLOWER]: Already marked ops through 1.61 as committed. Now trying to mark 1.61 which would be a no-op. 00:38:53.313 [INFO - kudu-tserver:64034] (MiniKuduCluster.java:429)
I0711 00:38:53.311391 7836 raft_consensus.cc:700] T 13410a5b9e644e6f86b34bea173a5677 P 8f3a2b7e9d2f4dc392f47ead5d0f114f [term 1 FOLLOWER]: Replica replied to status only request. Replica: Replica: 8f3a2b7e9d2f4dc392f47ead5d0f114f, State: 1, Role: FOLLOWER 00:38:53.313 [INFO - kudu-tserver:64034] (MiniKuduCluster.java:429) Watermarks: {Received: term: 1 index: 61 Committed: term: 1 index: 61} 00:38:53.313 [INFO - kudu-tserver:64034] (MiniKuduCluster.java:429) . Response: responder_uuid: "8f3a2b7e9d2f4dc392f47ead5d0f114f" responder_term: 1 status { last_received { term: 1 index: 61 } last_committed_idx: 61 last_received_current_leader { term: 1 index: 61 } } 00:38:53.312 [INFO - kudu-tserver:64036] (MiniKuduCluster.java:429)
I0711 00:38:53.311684 8236 consensus_queue.cc:455] T 13410a5b9e644e6f86b34bea173a5677 P b93116846b4a43a1a8398438c81d0239 [LEADER]: Updated majority_replicated watermark from 1.61 to 1.61 00:38:53.313 [INFO - kudu-tserver:64036] (MiniKuduCluster.java:429)
I0711 00:38:53.311700 8236 consensus_queue.cc:455] T 13410a5b9e644e6f86b34bea173a5677 P b93116846b4a43a1a8398438c81d0239 [LEADER]: Updated all_replicated watermark from 1.61 to 1.61 00:38:53.313 [INFO - kudu-tserver:64036] (MiniKuduCluster.java:429)
I0711 00:38:53.311746 8236 log_cache.cc:391] T 13410a5b9e644e6f86b34bea173a5677 P b93116846b4a43a1a8398438c81d0239: Evicting log cache: after state: Pinned index: 62, LogCacheStats(num_ops=0, bytes=0) 00:38:53.314 [INFO - kudu-tserver:64036] (MiniKuduCluster.java:429)
