I0711 00:38:52.846557 8236 log_cache.cc:391] T 13410a5b9e644e6f86b34bea173a5677 P b93116846b4a43a1a8398438c81d0239: Evicting log cache: after state: Pinned index: 10, LogCacheStats(num_ops=1, bytes=847) 00:38:52.850 [INFO - kudu-tserver:64036] (MiniKuduCluster.java:429)
I0711 00:38:52.846602 8240 raft_consensus.cc:588] T 13410a5b9e644e6f86b34bea173a5677 P b93116846b4a43a1a8398438c81d0239 [term 1 LEADER]: Marking majority replicated up to term: 1 index: 9 00:38:52.850 [INFO - kudu-tserver:64036] (MiniKuduCluster.java:429)
I0711 00:38:52.846618 8240 raft_consensus_state.cc:578] T 13410a5b9e644e6f86b34bea173a5677 P b93116846b4a43a1a8398438c81d0239 [term 1 LEADER]: Last triggered apply was: term: 1 index: 8 Starting to apply from log index: 9 00:38:52.850 [INFO - kudu-tserver:64036] (MiniKuduCluster.java:429)
I0711 00:38:52.846804 8240 raft_consensus.cc:588] T 13410a5b9e644e6f86b34bea173a5677 P b93116846b4a43a1a8398438c81d0239 [term 1 LEADER]: Marking majority replicated up to term: 1 index: 9 00:38:52.850 [INFO - kudu-tserver:64036] (MiniKuduCluster.java:429)
I0711 00:38:52.846814 8240 raft_consensus_state.cc:559] T 13410a5b9e644e6f86b34bea173a5677 P b93116846b4a43a1a8398438c81d0239 [term 1 LEADER]: Already marked ops through 1.9 as committed. Now trying to mark 1.9 which would be a no-op. 00:38:52.849 [INFO - kudu-tserver:64032] (MiniKuduCluster.java:429)
I0711 00:38:52.846038 8220 log_cache.cc:391] T 13410a5b9e644e6f86b34bea173a5677 P 5d244bfce7964881aa25f36d26bb9cba: Evicting log cache: after state: Pinned index: 10, LogCacheStats(num_ops=1, bytes=871) 00:38:52.850 [INFO - kudu-tserver:64036] (MiniKuduCluster.java:429)
I0711 00:38:52.847702 8227 consensus_queue.cc:455] T 13410a5b9e644e6f86b34bea173a5677 P b93116846b4a43a1a8398438c81d0239 [LEADER]: Updated majority_replicated watermark from 1.9 to 1.9 00:38:52.850 [INFO - kudu-tserver:64036] (MiniKuduCluster.java:429)
I0711 00:38:52.847718 8227 consensus_queue.cc:455] T 13410a5b9e644e6f86b34bea173a5677 P b93116846b4a43a1a8398438c81d0239 [LEADER]: Updated all_replicated watermark from 1.9 to 1.9 00:38:52.851 [INFO - kudu-tserver:64036] (MiniKuduCluster.java:429)
I0711 00:38:52.847748 8227 log_cache.cc:391] T 13410a5b9e644e6f86b34bea173a5677 P b93116846b4a43a1a8398438c81d0239: Evicting log cache: after state: Pinned index: 10, LogCacheStats(num_ops=0, bytes=0) 00:38:52.851 [INFO - kudu-tserver:64036] (MiniKuduCluster.java:429)
I0711 00:38:52.847784 8236 consensus_queue.cc:455] T 13410a5b9e644e6f86b34bea173a5677 P b93116846b4a43a1a8398438c81d0239 [LEADER]: Updated majority_replicated watermark from 1.9 to 1.9 00:38:52.851 [INFO - kudu-tserver:64036] (MiniKuduCluster.java:429)
I0711 00:38:52.847808 8236 consensus_queue.cc:455] T 13410a5b9e644e6f86b34bea173a5677 P b93116846b4a43a1a8398438c81d0239 [LEADER]: Updated all_replicated watermark from 1.9 to 1.9 00:38:52.851 [INFO - kudu-tserver:64036] (MiniKuduCluster.java:429)
I0711 00:38:52.847821 8236 log_cache.cc:391] T 13410a5b9e644e6f86b34bea173a5677 P b93116846b4a43a1a8398438c81d0239: Evicting log cache: after state: Pinned index: 10, LogCacheStats(num_ops=0, bytes=0) 00:38:52.851 [INFO - kudu-tserver:64036] (MiniKuduCluster.java:429)
I0711 00:38:52.847849 8240 raft_consensus.cc:588] T 13410a5b9e644e6f86b34bea173a5677 P b93116846b4a43a1a8398438c81d0239 [term 1 LEADER]: Marking majority replicated up to term: 1 index: 9 00:38:52.851 [INFO - kudu-tserver:64036] (MiniKuduCluster.java:429)
I0711 00:38:52.847862 8240 raft_consensus_state.cc:559] T 13410a5b9e644e6f86b34bea173a5677 P b93116846b4a43a1a8398438c81d0239 [term 1 LEADER]: Already marked ops through 1.9 as committed. Now trying to mark 1.9 which would be a no-op. 00:38:52.851 [INFO - kudu-tserver:64036] (MiniKuduCluster.java:429)
I0711 00:38:52.847911 8240 raft_consensus.cc:588] T 13410a5b9e644e6f86b34bea173a5677 P b93116846b4a43a1a8398438c81d0239 [term 1 LEADER]: Marking majority replicated up to term: 1 index: 9 00:38:52.851 [INFO - kudu-tserver:64036] (MiniKuduCluster.java:429)
I0711 00:38:52.847918 8240 raft_consensus_state.cc:559] T 13410a5b9e644e6f86b34bea173a5677 P b93116846b4a43a1a8398438c81d0239 [term 1 LEADER]: Already marked ops through 1.9 as committed. Now trying to mark 1.9 which would be a no-op. 00:38:52.850 [DEBUG - Thread-8] (TabletClient.java:261) [Peer b93116846b4a43a1a8398438c81d0239] [id: 0xe79a4fff, /127.0.0.1:48701 => /127.29.29.1:64036] Sending RPC #10, payload=BigEndianHeapChannelBuffer(ridx=0, widx=247, cap=247) "\x00\x00\x00\xF31\x18\n2(\n kudu.tserver.TabletServerService\x12\x04ScanP\xF4\x03X\x01\xBF\x01\x12\xB8\x01\n 13410a5b9e644e6f86b34bea173a5677\x10\xFF\xFF\xFF\xFF\xFF\xFF\xFF\xFF\x7F"\x11\x12\x03key\x18\x05 \x01(\x00@\x00H\x00P\x00"\x17\x12\tcolumn1_i\x18\x05 \x00(\x00@\x00H\x00P\x00"\x17\x12\tcolumn2_i\x18\x05 \x00(\x00@\x00H\x00P\x00"\x17\x12\tcolumn3_s\x18\x08 \x00(\x01@\x05H\x03P\x00"\x17\x12\tcolumn4_b\x18\t \x00(\x00@\x00H\x00P\x00(\x01P\x01X\x01j\x0D\n\x03key\x1A\x06\n\x04\x01\x00\x00\x00 \x80\x80@" 00:38:52.851 [INFO - kudu-tserver:64036] (MiniKuduCluster.java:429)
I0711 00:38:52.850369 8225 log_cache.cc:214] T 13410a5b9e644e6f86b34bea173a5677 P b93116846b4a43a1a8398438c81d0239: Updating pinned index to 11 00:38:52.852 [DEBUG - New I/O worker #134] (TabletClient.java:636) [Peer b93116846b4a43a1a8398438c81d0239] [id: 0xe79a4fff, /127.0.0.1:48701 => /127.29.29.1:64036] WRITTEN_AMOUNT: 247 00:38:52.850 [INFO - kudu-tserver:64034] (MiniKuduCluster.java:429)
I0711 00:38:52.850935 7836 raft_consensus.cc:1104] T 13410a5b9e644e6f86b34bea173a5677 P 8f3a2b7e9d2f4dc392f47ead5d0f114f [term 1 FOLLOWER]: Early marking committed up to term: 0 index: 0 00:38:52.852 [INFO - kudu-tserver:64034] (MiniKuduCluster.java:429)
I0711 00:38:52.850962 7836 raft_consensus_state.cc:559] T 13410a5b9e644e6f86b34bea173a5677 P 8f3a2b7e9d2f4dc392f47ead5d0f114f [term 1 FOLLOWER]: Already marked ops through 1.9 as committed. Now trying to mark 0.0 which would be a no-op. 00:38:52.850 [INFO - kudu-tserver:64032] (MiniKuduCluster.java:429)
I0711 00:38:52.846138 7621 raft_consensus.cc:700] T 13410a5b9e644e6f86b34bea173a5677 P 5d244bfce7964881aa25f36d26bb9cba [term 1 FOLLOWER]: Replica replied to status only request. Replica: Replica: 5d244bfce7964881aa25f36d26bb9cba, State: 1, Role: FOLLOWER 00:38:52.852 [INFO - kudu-tserver:64032] (MiniKuduCluster.java:429) Watermarks: {Received: term: 1 index: 9 Committed: term: 1 index: 8} 00:38:52.852 [INFO - kudu-tserver:64032] (MiniKuduCluster.java:429) . Response: responder_uuid: "5d244bfce7964881aa25f36d26bb9cba" responder_term: 1 status { last_received { term: 1 index: 9 } last_committed_idx: 8 last_received_current_leader { term: 1 index: 9 } } 00:38:52.852 [INFO - kudu-tserver:64032] (MiniKuduCluster.java:429)
I0711 00:38:52.847214 7621 raft_consensus.cc:1104] T 13410a5b9e644e6f86b34bea173a5677 P 5d244bfce7964881aa25f36d26bb9cba [term 1 FOLLOWER]: Early marking committed up to term: 1 index: 9 00:38:52.852 [INFO - kudu-tserver:64032] (MiniKuduCluster.java:429)
I0711 00:38:52.847234 7621 raft_consensus_state.cc:578] T 13410a5b9e644e6f86b34bea173a5677 P 5d244bfce7964881aa25f36d26bb9cba [term 1 FOLLOWER]: Last triggered apply was: term: 1 index: 8 Starting to apply from log index: 9 00:38:52.852 [INFO - kudu-tserver:64032] (MiniKuduCluster.java:429)
I0711 00:38:52.847314 7621 raft_consensus.cc:1215] T 13410a5b9e644e6f86b34bea173a5677 P 5d244bfce7964881aa25f36d26bb9cba [term 1 FOLLOWER]: Marking committed up to term: 1 index: 9 00:38:52.853 [INFO - kudu-tserver:64032] (MiniKuduCluster.java:429)
I0711 00:38:52.847335 7621 raft_consensus_state.cc:559] T 13410a5b9e644e6f86b34bea173a5677 P 5d244bfce7964881aa25f36d26bb9cba [term 1 FOLLOWER]: Already marked ops through 1.9 as committed. Now trying to mark 1.9 which would be a no-op. 00:38:52.853 [INFO - kudu-tserver:64032] (MiniKuduCluster.java:429)
I0711 00:38:52.847370 7621 raft_consensus.cc:700] T 13410a5b9e644e6f86b34bea173a5677 P 5d244bfce7964881aa25f36d26bb9cba [term 1 FOLLOWER]: Replica replied to status only request. Replica: Replica: 5d244bfce7964881aa25f36d26bb9cba, State: 1, Role: FOLLOWER 00:38:52.853 [INFO - kudu-tserver:64032] (MiniKuduCluster.java:429) Watermarks: {Received: term: 1 index: 9 Committed: term: 1 index: 9} 00:38:52.853 [INFO - kudu-tserver:64032] (MiniKuduCluster.java:429) . Response: responder_uuid: "5d244bfce7964881aa25f36d26bb9cba" responder_term: 1 status { last_received { term: 1 index: 9 } last_committed_idx: 9 last_received_current_leader { term: 1 index: 9 } } 00:38:52.853 [INFO - kudu-tserver:64032] (MiniKuduCluster.java:429)
I0711 00:38:52.850927 7621 raft_consensus.cc:1104] T 13410a5b9e644e6f86b34bea173a5677 P 5d244bfce7964881aa25f36d26bb9cba [term 1 FOLLOWER]: Early marking committed up to term: 0 index: 0 00:38:52.853 [INFO - kudu-tserver:64032] (MiniKuduCluster.java:429)
I0711 00:38:52.850945 7621 raft_consensus_state.cc:559] T 13410a5b9e644e6f86b34bea173a5677 P 5d244bfce7964881aa25f36d26bb9cba [term 1 FOLLOWER]: Already marked ops through 1.9 as committed. Now trying to mark 0.0 which would be a no-op. 00:38:52.853 [INFO - kudu-tserver:64032] (MiniKuduCluster.java:429)
I0711 00:38:52.850962 7621 raft_consensus.cc:728] T 13410a5b9e644e6f86b34bea173a5677 P 5d244bfce7964881aa25f36d26bb9cba [term 1 FOLLOWER]: Starting transaction: term: 1 index: 10 00:38:52.853 [INFO - kudu-tserver:64032] (MiniKuduCluster.java:429)
I0711 00:38:52.851162 7621 raft_consensus.cc:1215] T 13410a5b9e644e6f86b34bea173a5677 P 5d244bfce7964881aa25f36d26bb9cba [term 1 FOLLOWER]: Marking committed up to term: 1 index: 9 00:38:52.853 [INFO - kudu-tserver:64032] (MiniKuduCluster.java:429)
I0711 00:38:52.851178 7621 raft_consensus_state.cc:559] T 13410a5b9e644e6f86b34bea173a5677 P 5d244bfce7964881aa25f36d26bb9cba [term 1 FOLLOWER]: Already marked ops through 1.9 as committed. Now trying to mark 1.9 which would be a no-op. 00:38:52.853 [INFO - kudu-tserver:64032] (MiniKuduCluster.java:429)
I0711 00:38:52.851212 8220 log_cache.cc:214] T 13410a5b9e644e6f86b34bea173a5677 P 5d244bfce7964881aa25f36d26bb9cba: Updating pinned index to 11 00:38:52.853 [INFO - kudu-tserver:64032] (MiniKuduCluster.java:429)
I0711 00:38:52.851244 8220 consensus_queue.cc:455] T 13410a5b9e644e6f86b34bea173a5677 P 5d244bfce7964881aa25f36d26bb9cba [NON_LEADER]: Updated all_replicated watermark from 1.9 to 1.10 00:38:52.853 [INFO - kudu-tserver:64032] (MiniKuduCluster.java:429)
I0711 00:38:52.851279 8220 log_cache.cc:391] T 13410a5b9e644e6f86b34bea173a5677 P 5d244bfce7964881aa25f36d26bb9cba: Evicting log cache: after state: Pinned index: 11, LogCacheStats(num_ops=1, bytes=871) 00:38:52.853 [INFO - kudu-tserver:64032] (MiniKuduCluster.java:429)
I0711 00:38:52.851404 7621 raft_consensus.cc:700] T 13410a5b9e644e6f86b34bea173a5677 P 5d244bfce7964881aa25f36d26bb9cba [term 1 FOLLOWER]: Replica replied to status only request. Replica: Replica: 5d244bfce7964881aa25f36d26bb9cba, State: 1, Role: FOLLOWER 00:38:52.854 [INFO - kudu-tserver:64032] (MiniKuduCluster.java:429) Watermarks: {Received: term: 1 index: 10 Committed: term: 1 index: 9} 00:38:52.854 [INFO - kudu-tserver:64032] (MiniKuduCluster.java:429) . Response: responder_uuid: "5d244bfce7964881aa25f36d26bb9cba" responder_term: 1 status { last_received { term: 1 index: 10 } last_committed_idx: 9 last_received_current_leader { term: 1 index: 10 } } 00:38:52.854 [INFO - kudu-tserver:64032] (MiniKuduCluster.java:429)
I0711 00:38:52.852358 7621 raft_consensus.cc:1104] T 13410a5b9e644e6f86b34bea173a5677 P 5d244bfce7964881aa25f36d26bb9cba [term 1 FOLLOWER]: Early marking committed up to term: 1 index: 10 00:38:52.854 [INFO - kudu-tserver:64032] (MiniKuduCluster.java:429)
I0711 00:38:52.852376 7621 raft_consensus_state.cc:578] T 13410a5b9e644e6f86b34bea173a5677 P 5d244bfce7964881aa25f36d26bb9cba [term 1 FOLLOWER]: Last triggered apply was: term: 1 index: 9 Starting to apply from log index: 10 00:38:52.854 [INFO - kudu-tserver:64032] (MiniKuduCluster.java:429)
I0711 00:38:52.852474 7621 raft_consensus.cc:1215] T 13410a5b9e644e6f86b34bea173a5677 P 5d244bfce7964881aa25f36d26bb9cba [term 1 FOLLOWER]: Marking committed up to term: 1 index: 10 00:38:52.854 [INFO - kudu-tserver:64032] (MiniKuduCluster.java:429)
I0711 00:38:52.852488 7621 raft_consensus_state.cc:559] T 13410a5b9e644e6f86b34bea173a5677 P 5d244bfce7964881aa25f36d26bb9cba [term 1 FOLLOWER]: Already marked ops through 1.10 as committed. Now trying to mark 1.10 which would be a no-op. 00:38:52.854 [INFO - kudu-tserver:64032] (MiniKuduCluster.java:429)
I0711 00:38:52.852535 7621 raft_consensus.cc:700] T 13410a5b9e644e6f86b34bea173a5677 P 5d244bfce7964881aa25f36d26bb9cba [term 1 FOLLOWER]: Replica replied to status only request. Replica: Replica: 5d244bfce7964881aa25f36d26bb9cba, State: 1, Role: FOLLOWER 00:38:52.854 [INFO - kudu-tserver:64032] (MiniKuduCluster.java:429) Watermarks: {Received: term: 1 index: 10 Committed: term: 1 index: 10} 00:38:52.854 [INFO - kudu-tserver:64032] (MiniKuduCluster.java:429) . Response: responder_uuid: "5d244bfce7964881aa25f36d26bb9cba" responder_term: 1 status { last_received { term: 1 index: 10 } last_committed_idx: 10 last_received_current_leader { term: 1 index: 10 } } 00:38:52.852 [INFO - kudu-tserver:64034] (MiniKuduCluster.java:429)
I0711 00:38:52.850980 7836 raft_consensus.cc:728] T 13410a5b9e644e6f86b34bea173a5677 P 8f3a2b7e9d2f4dc392f47ead5d0f114f [term 1 FOLLOWER]: Starting transaction: term: 1 index: 10 00:38:52.854 [INFO - kudu-tserver:64034] (MiniKuduCluster.java:429)
I0711 00:38:52.851177 7836 raft_consensus.cc:1215] T 13410a5b9e644e6f86b34bea173a5677 P 8f3a2b7e9d2f4dc392f47ead5d0f114f [term 1 FOLLOWER]: Marking committed up to term: 1 index: 9 00:38:52.854 [INFO - kudu-tserver:64034] (MiniKuduCluster.java:429)
I0711 00:38:52.851192 7836 raft_consensus_state.cc:559] T 13410a5b9e644e6f86b34bea173a5677 P 8f3a2b7e9d2f4dc392f47ead5d0f114f [term 1 FOLLOWER]: Already marked ops through 1.9 as committed. Now trying to mark 1.9 which would be a no-op. 00:38:52.854 [INFO - kudu-tserver:64034] (MiniKuduCluster.java:429)
I0711 00:38:52.851249 8216 log_cache.cc:214] T 13410a5b9e644e6f86b34bea173a5677 P 8f3a2b7e9d2f4dc392f47ead5d0f114f: Updating pinned index to 11 00:38:52.855 [INFO - kudu-tserver:64034] (MiniKuduCluster.java:429)
I0711 00:38:52.851281 8216 consensus_queue.cc:455] T 13410a5b9e644e6f86b34bea173a5677 P 8f3a2b7e9d2f4dc392f47ead5d0f114f [NON_LEADER]: Updated all_replicated watermark from 1.9 to 1.10 00:38:52.855 [INFO - kudu-tserver:64034] (MiniKuduCluster.java:429)
I0711 00:38:52.851315 8216 log_cache.cc:391] T 13410a5b9e644e6f86b34bea173a5677 P 8f3a2b7e9d2f4dc392f47ead5d0f114f: Evicting log cache: after state: Pinned index: 11, LogCacheStats(num_ops=1, bytes=871) 00:38:52.855 [INFO - kudu-tserver:64034] (MiniKuduCluster.java:429)
I0711 00:38:52.851428 7836 raft_consensus.cc:700] T 13410a5b9e644e6f86b34bea173a5677 P 8f3a2b7e9d2f4dc392f47ead5d0f114f [term 1 FOLLOWER]: Replica replied to status only request. Replica: Replica: 8f3a2b7e9d2f4dc392f47ead5d0f114f, State: 1, Role: FOLLOWER 00:38:52.855 [INFO - kudu-tserver:64034] (MiniKuduCluster.java:429) Watermarks: {Received: term: 1 index: 10 Committed: term: 1 index: 9} 00:38:52.855 [INFO - kudu-tserver:64034] (MiniKuduCluster.java:429) . Response: responder_uuid: "8f3a2b7e9d2f4dc392f47ead5d0f114f" responder_term: 1 status { last_received { term: 1 index: 10 } last_committed_idx: 9 last_received_current_leader { term: 1 index: 10 } } 00:38:52.855 [INFO - kudu-tserver:64034] (MiniKuduCluster.java:429)
I0711 00:38:52.852398 7836 raft_consensus.cc:1104] T 13410a5b9e644e6f86b34bea173a5677 P 8f3a2b7e9d2f4dc392f47ead5d0f114f [term 1 FOLLOWER]: Early marking committed up to term: 1 index: 10 00:38:52.852 [DEBUG - New I/O worker #134] (TabletClient.java:636) [Peer b93116846b4a43a1a8398438c81d0239] [id: 0xe79a4fff, /127.0.0.1:48701 => /127.29.29.1:64036] RECEIVED: BigEndianHeapChannelBuffer(ridx=0, widx=19, cap=19) 00:38:52.855 [DEBUG - New I/O worker #134] (TabletClient.java:359) ------------------>> ENTERING DECODE >>------------------ 00:38:52.852 [INFO - kudu-tserver:64036] (MiniKuduCluster.java:429)
I0711 00:38:52.850417 8225 consensus_queue.cc:455] T 13410a5b9e644e6f86b34bea173a5677 P b93116846b4a43a1a8398438c81d0239 [LEADER]: Updated majority_replicated watermark from 1.9 to 1.9 00:38:52.856 [INFO - kudu-tserver:64036] (MiniKuduCluster.java:429)
I0711 00:38:52.850431 8225 consensus_queue.cc:455] T 13410a5b9e644e6f86b34bea173a5677 P b93116846b4a43a1a8398438c81d0239 [LEADER]: Updated all_replicated watermark from 1.9 to 1.9 00:38:52.856 [DEBUG - New I/O worker #134] (TabletClient.java:426) [Peer b93116846b4a43a1a8398438c81d0239] rpcid=11, response size=19 bytes, 0 readable bytes left, rpc=KuduRpc(method=Write, tablet=13410a5b9e644e6f86b34bea173a5677, attempt=1, DeadlineTracker(timeout=30000, elapsed=7), Deferred@183006999(state=PENDING, result=null, callback=wakeup thread Thread-7, errback=wakeup thread Thread-7)) row_key=(int32 key=8) 00:38:52.856 [DEBUG - New I/O worker #134] (TabletClient.java:491) ------------------<< LEAVING DECODE <<------------------ time elapsed: 547us 00:38:52.855 [INFO - kudu-tserver:64034] (MiniKuduCluster.java:429)
I0711 00:38:52.852416 7836 raft_consensus_state.cc:578] T 13410a5b9e644e6f86b34bea173a5677 P 8f3a2b7e9d2f4dc392f47ead5d0f114f [term 1 FOLLOWER]: Last triggered apply was: term: 1 index: 9 Starting to apply from log index: 10 00:38:52.856 [DEBUG - New I/O worker #134] (TabletClient.java:636) [Peer b93116846b4a43a1a8398438c81d0239] [id: 0xe79a4fff, /127.0.0.1:48701 => /127.29.29.1:64036] RECEIVED: BigEndianHeapChannelBuffer(ridx=0, widx=74, cap=74) 00:38:52.856 [INFO - kudu-tserver:64036] (MiniKuduCluster.java:429)
I0711 00:38:52.850442 8225 log_cache.cc:391] T 13410a5b9e644e6f86b34bea173a5677 P b93116846b4a43a1a8398438c81d0239: Evicting log cache: after state: Pinned index: 11, LogCacheStats(num_ops=1, bytes=847) 00:38:52.856 [INFO - kudu-tserver:64036] (MiniKuduCluster.java:429)
I0711 00:38:52.850603 8240 raft_consensus.cc:588] T 13410a5b9e644e6f86b34bea173a5677 P b93116846b4a43a1a8398438c81d0239 [term 1 LEADER]: Marking majority replicated up to term: 1 index: 9 00:38:52.857 [INFO - kudu-tserver:64036] (MiniKuduCluster.java:429)
I0711 00:38:52.850618 8240 raft_consensus_state.cc:559] T 13410a5b9e644e6f86b34bea173a5677 P b93116846b4a43a1a8398438c81d0239 [term 1 LEADER]: Already marked ops through 1.9 as committed. Now trying to mark 1.9 which would be a no-op. 00:38:52.857 [INFO - kudu-tserver:64036] (MiniKuduCluster.java:429)
I0711 00:38:52.851680 8227 consensus_queue.cc:455] T 13410a5b9e644e6f86b34bea173a5677 P b93116846b4a43a1a8398438c81d0239 [LEADER]: Updated majority_replicated watermark from 1.9 to 1.10 00:38:52.857 [INFO - kudu-tserver:64036] (MiniKuduCluster.java:429)
I0711 00:38:52.851706 8227 consensus_queue.cc:455] T 13410a5b9e644e6f86b34bea173a5677 P b93116846b4a43a1a8398438c81d0239 [LEADER]: Updated all_replicated watermark from 1.9 to 1.9 00:38:52.857 [INFO - kudu-tserver:64036] (MiniKuduCluster.java:429)
I0711 00:38:52.851716 8227 log_cache.cc:391] T 13410a5b9e644e6f86b34bea173a5677 P b93116846b4a43a1a8398438c81d0239: Evicting log cache: after state: Pinned index: 11, LogCacheStats(num_ops=1, bytes=847) 00:38:52.856 [DEBUG - Thread-7] (TabletClient.java:261) [Peer b93116846b4a43a1a8398438c81d0239] [id: 0xe79a4fff, /127.0.0.1:48701 => /127.29.29.1:64036] Sending RPC #12, payload=BigEndianHeapChannelBuffer(ridx=0, widx=258, cap=258) "\x00\x00\x00\xFE0\x18\x0C2)\n kudu.tserver.TabletServerService\x12\x05WriteP\xF4\x03\xCB\x01\n 13410a5b9e644e6f86b34bea173a5677\x12w\n\x11\x12\x03key\x18\x05 \x01(\x00@\x00H\x00P\x00\n\x17\x12\tcolumn1_i\x18\x05 \x00(\x00@\x00H\x00P\x00\n\x17\x12\tcolumn2_i\x18\x05 \x00(\x00@\x00H\x00P\x00\n\x17\x12\tcolumn3_s\x18\x08 \x00(\x01@\x05H\x03P\x00\n\x17\x12\tcolumn4_b\x18\t \x00(\x00@\x00H\x00P\x00\x1A,\x12 \x01\x1F\x00\t\x00\x00\x00\x02\x00\x00\x00\x03\x00\x00\x00\x00\x00\x00\x00\x00\x00\x00\x00\x08\x00\x00\x00\x00\x00\x00\x00\x01\x1A\x08a string \x01" 00:38:52.856 [DEBUG - New I/O worker #134] (TabletClient.java:359) ------------------>> ENTERING DECODE >>------------------ 00:38:52.856 [INFO - kudu-tserver:64034] (MiniKuduCluster.java:429)
I0711 00:38:52.852494 7836 raft_consensus.cc:1215] T 13410a5b9e644e6f86b34bea173a5677 P 8f3a2b7e9d2f4dc392f47ead5d0f114f [term 1 FOLLOWER]: Marking committed up to term: 1 index: 10 00:38:52.857 [DEBUG - New I/O worker #134] (AsyncKuduScanner.java:847) AsyncKuduScanner$Response(scannerId="", data=RowResultIterator for 1 rows, more=false) 00:38:52.857 [INFO - kudu-tserver:64036] (MiniKuduCluster.java:429)
I0711 00:38:52.851758 8236 consensus_queue.cc:455] T 13410a5b9e644e6f86b34bea173a5677 P b93116846b4a43a1a8398438c81d0239 [LEADER]: Updated majority_replicated watermark from 1.10 to 1.10 00:38:52.858 [DEBUG - New I/O worker #134] (TabletClient.java:426) [Peer b93116846b4a43a1a8398438c81d0239] rpcid=10, response size=74 bytes, 0 readable bytes left, rpc=ScanRequest(scannerId=null, tabletSlice=13410a5b9e644e6f86b34bea173a5677, attempt=1) 00:38:52.857 [INFO - kudu-tserver:64034] (MiniKuduCluster.java:429)
I0711 00:38:52.852507 7836 raft_consensus_state.cc:559] T 13410a5b9e644e6f86b34bea173a5677 P 8f3a2b7e9d2f4dc392f47ead5d0f114f [term 1 FOLLOWER]: Already marked ops through 1.10 as committed. Now trying to mark 1.10 which would be a no-op. 00:38:52.858 [INFO - kudu-tserver:64034] (MiniKuduCluster.java:429)
I0711 00:38:52.852538 7836 raft_consensus.cc:700] T 13410a5b9e644e6f86b34bea173a5677 P 8f3a2b7e9d2f4dc392f47ead5d0f114f [term 1 FOLLOWER]: Replica replied to status only request. Replica: Replica: 8f3a2b7e9d2f4dc392f47ead5d0f114f, State: 1, Role: FOLLOWER 00:38:52.858 [INFO - kudu-tserver:64034] (MiniKuduCluster.java:429) Watermarks: {Received: term: 1 index: 10 Committed: term: 1 index: 10} 00:38:52.858 [INFO - kudu-tserver:64034] (MiniKuduCluster.java:429) . Response: responder_uuid: "8f3a2b7e9d2f4dc392f47ead5d0f114f" responder_term: 1 status { last_received { term: 1 index: 10 } last_committed_idx: 10 last_received_current_leader { term: 1 index: 10 } } 00:38:52.858 [DEBUG - New I/O worker #134] (TabletClient.java:491) ------------------<< LEAVING DECODE <<------------------ time elapsed: 1456us 00:38:52.858 [INFO - kudu-tserver:64036] (MiniKuduCluster.java:429)
I0711 00:38:52.851774 8236 consensus_queue.cc:455] T 13410a5b9e644e6f86b34bea173a5677 P b93116846b4a43a1a8398438c81d0239 [LEADER]: Updated all_replicated watermark from 1.9 to 1.10 00:38:52.858 [INFO - kudu-tserver:64036] (MiniKuduCluster.java:429)
I0711 00:38:52.851793 8236 log_cache.cc:391] T 13410a5b9e644e6f86b34bea173a5677 P b93116846b4a43a1a8398438c81d0239: Evicting log cache: after state: Pinned index: 11, LogCacheStats(num_ops=1, bytes=847) 00:38:52.859 [INFO - kudu-tserver:64036] (MiniKuduCluster.java:429)
I0711 00:38:52.851824 8240 raft_consensus.cc:588] T 13410a5b9e644e6f86b34bea173a5677 P b93116846b4a43a1a8398438c81d0239 [term 1 LEADER]: Marking majority replicated up to term: 1 index: 10 00:38:52.859 [INFO - kudu-tserver:64036] (MiniKuduCluster.java:429)
I0711 00:38:52.851841 8240 raft_consensus_state.cc:578] T 13410a5b9e644e6f86b34bea173a5677 P b93116846b4a43a1a8398438c81d0239 [term 1 LEADER]: Last triggered apply was: term: 1 index: 9 Starting to apply from log index: 10 00:38:52.859 [INFO - kudu-tserver:64036] (MiniKuduCluster.java:429)
I0711 00:38:52.851974 8240 raft_consensus.cc:588] T 13410a5b9e644e6f86b34bea173a5677 P b93116846b4a43a1a8398438c81d0239 [term 1 LEADER]: Marking majority replicated up to term: 1 index: 10 00:38:52.859 [INFO - kudu-tserver:64036] (MiniKuduCluster.java:429)
I0711 00:38:52.851984 8240 raft_consensus_state.cc:559] T 13410a5b9e644e6f86b34bea173a5677 P b93116846b4a43a1a8398438c81d0239 [term 1 LEADER]: Already marked ops through 1.10 as committed. Now trying to mark 1.10 which would be a no-op. 00:38:52.859 [INFO - kudu-tserver:64036] (MiniKuduCluster.java:429)
I0711 00:38:52.852771 8227 consensus_queue.cc:455] T 13410a5b9e644e6f86b34bea173a5677 P b93116846b4a43a1a8398438c81d0239 [LEADER]: Updated majority_replicated watermark from 1.10 to 1.10 00:38:52.859 [INFO - kudu-tserver:64036] (MiniKuduCluster.java:429)
I0711 00:38:52.852788 8227 consensus_queue.cc:455] T 13410a5b9e644e6f86b34bea173a5677 P b93116846b4a43a1a8398438c81d0239 [LEADER]: Updated all_replicated watermark from 1.10 to 1.10 00:38:52.859 [INFO - kudu-tserver:64036] (MiniKuduCluster.java:429)
I0711 00:38:52.852820 8227 log_cache.cc:391] T 13410a5b9e644e6f86b34bea173a5677 P b93116846b4a43a1a8398438c81d0239: Evicting log cache: after state: Pinned index: 11, LogCacheStats(num_ops=0, bytes=0) 00:38:52.858 [DEBUG - New I/O worker #134] (TabletClient.java:636) [Peer b93116846b4a43a1a8398438c81d0239] [id: 0xe79a4fff, /127.0.0.1:48701 => /127.29.29.1:64036] WRITTEN_AMOUNT: 258 00:38:52.859 [INFO - kudu-tserver:64036] (MiniKuduCluster.java:429)
I0711 00:38:52.852854 8236 consensus_queue.cc:455] T 13410a5b9e644e6f86b34bea173a5677 P b93116846b4a43a1a8398438c81d0239 [LEADER]: Updated majority_replicated watermark from 1.10 to 1.10 00:38:52.860 [INFO - kudu-tserver:64036] (MiniKuduCluster.java:429)
I0711 00:38:52.852870 8236 consensus_queue.cc:455] T 13410a5b9e644e6f86b34bea173a5677 P b93116846b4a43a1a8398438c81d0239 [LEADER]: Updated all_replicated watermark from 1.10 to 1.10 00:38:52.860 [INFO - kudu-tserver:64036] (MiniKuduCluster.java:429)
I0711 00:38:52.852882 8236 log_cache.cc:391] T 13410a5b9e644e6f86b34bea173a5677 P b93116846b4a43a1a8398438c81d0239: Evicting log cache: after state: Pinned index: 11, LogCacheStats(num_ops=0, bytes=0) 00:38:52.860 [INFO - kudu-tserver:64036] (MiniKuduCluster.java:429)
I0711 00:38:52.852910 8240 raft_consensus.cc:588] T 13410a5b9e644e6f86b34bea173a5677 P b93116846b4a43a1a8398438c81d0239 [term 1 LEADER]: Marking majority replicated up to term: 1 index: 10 00:38:52.860 [INFO - kudu-tserver:64036] (MiniKuduCluster.java:429)
I0711 00:38:52.852923 8240 raft_consensus_state.cc:559] T 13410a5b9e644e6f86b34bea173a5677 P b93116846b4a43a1a8398438c81d0239 [term 1 LEADER]: Already marked ops through 1.10 as committed. Now trying to mark 1.10 which would be a no-op. 00:38:52.860 [INFO - kudu-tserver:64036] (MiniKuduCluster.java:429)
I0711 00:38:52.852972 8240 raft_consensus.cc:588] T 13410a5b9e644e6f86b34bea173a5677 P b93116846b4a43a1a8398438c81d0239 [term 1 LEADER]: Marking majority replicated up to term: 1 index: 10 00:38:52.860 [INFO - kudu-tserver:64036] (MiniKuduCluster.java:429)
I0711 00:38:52.852979 8240 raft_consensus_state.cc:559] T 13410a5b9e644e6f86b34bea173a5677 P b93116846b4a43a1a8398438c81d0239 [term 1 LEADER]: Already marked ops through 1.10 as committed. Now trying to mark 1.10 which would be a no-op. 00:38:52.860 [INFO - kudu-tserver:64036] (MiniKuduCluster.java:429)
I0711 00:38:52.853021 7912 tablet_service.cc:1501] Started scanner e35152cdedc54fce8520ac90eaf22110: tablet iterator: Union(memrowset iterator) 00:38:52.860 [INFO - kudu-tserver:64034] (MiniKuduCluster.java:429)
I0711 00:38:52.860357 7836 raft_consensus.cc:1104] T 13410a5b9e644e6f86b34bea173a5677 P 8f3a2b7e9d2f4dc392f47ead5d0f114f [term 1 FOLLOWER]: Early marking committed up to term: 0 index: 0 00:38:52.860 [INFO - kudu-tserver:64034] (MiniKuduCluster.java:429)
I0711 00:38:52.860388 7836 raft_consensus_state.cc:559] T 13410a5b9e644e6f86b34bea173a5677 P 8f3a2b7e9d2f4dc392f47ead5d0f114f [term 1 FOLLOWER]: Already marked ops through 1.10 as committed. Now trying to mark 0.0 which would be a no-op. 00:38:52.860 [INFO - kudu-tserver:64034] (MiniKuduCluster.java:429)
I0711 00:38:52.860406 7836 raft_consensus.cc:728] T 13410a5b9e644e6f86b34bea173a5677 P 8f3a2b7e9d2f4dc392f47ead5d0f114f [term 1 FOLLOWER]: Starting transaction: term: 1 index: 11 00:38:52.860 [INFO - kudu-tserver:64036] (MiniKuduCluster.java:429)
I0711 00:38:52.859838 8225 log_cache.cc:214] T 13410a5b9e644e6f86b34bea173a5677 P b93116846b4a43a1a8398438c81d0239: Updating pinned index to 12 00:38:52.861 [INFO - kudu-tserver:64036] (MiniKuduCluster.java:429)
I0711 00:38:52.859874 8225 consensus_queue.cc:455] T 13410a5b9e644e6f86b34bea173a5677 P b93116846b4a43a1a8398438c81d0239 [LEADER]: Updated majority_replicated watermark from 1.10 to 1.10 00:38:52.861 [INFO - kudu-tserver:64036] (MiniKuduCluster.java:429)
I0711 00:38:52.859885 8225 consensus_queue.cc:455] T 13410a5b9e644e6f86b34bea173a5677 P b93116846b4a43a1a8398438c81d0239 [LEADER]: Updated all_replicated watermark from 1.10 to 1.10 00:38:52.861 [INFO - kudu-tserver:64036] (MiniKuduCluster.java:429)
I0711 00:38:52.859895 8225 log_cache.cc:391] T 13410a5b9e644e6f86b34bea173a5677 P b93116846b4a43a1a8398438c81d0239: Evicting log cache: after state: Pinned index: 12, LogCacheStats(num_ops=1, bytes=847) 00:38:52.861 [INFO - kudu-tserver:64036] (MiniKuduCluster.java:429)
I0711 00:38:52.859994 8240 raft_consensus.cc:588] T 13410a5b9e644e6f86b34bea173a5677 P b93116846b4a43a1a8398438c81d0239 [term 1 LEADER]: Marking majority replicated up to term: 1 index: 10 00:38:52.861 [INFO - kudu-tserver:64036] (MiniKuduCluster.java:429)
I0711 00:38:52.860007 8240 raft_consensus_state.cc:559] T 13410a5b9e644e6f86b34bea173a5677 P b93116846b4a43a1a8398438c81d0239 [term 1 LEADER]: Already marked ops through 1.10 as committed. Now trying to mark 1.10 which would be a no-op. 00:38:52.860 [INFO - kudu-tserver:64032] (MiniKuduCluster.java:429)
I0711 00:38:52.860357 7621 raft_consensus.cc:1104] T 13410a5b9e644e6f86b34bea173a5677 P 5d244bfce7964881aa25f36d26bb9cba [term 1 FOLLOWER]: Early marking committed up to term: 0 index: 0 00:38:52.861 [INFO - kudu-tserver:64032] (MiniKuduCluster.java:429)
I0711 00:38:52.860384 7621 raft_consensus_state.cc:559] T 13410a5b9e644e6f86b34bea173a5677 P 5d244bfce7964881aa25f36d26bb9cba [term 1 FOLLOWER]: Already marked ops through 1.10 as committed. Now trying to mark 0.0 which would be a no-op. 00:38:52.861 [INFO - kudu-tserver:64032] (MiniKuduCluster.java:429)
I0711 00:38:52.860415 7621 raft_consensus.cc:728] T 13410a5b9e644e6f86b34bea173a5677 P 5d244bfce7964881aa25f36d26bb9cba [term 1 FOLLOWER]: Starting transaction: term: 1 index: 11 00:38:52.861 [INFO - kudu-tserver:64036] (MiniKuduCluster.java:429)
I0711 00:38:52.861122 8227 consensus_queue.cc:455] T 13410a5b9e644e6f86b34bea173a5677 P b93116846b4a43a1a8398438c81d0239 [LEADER]: Updated majority_replicated watermark from 1.10 to 1.11 00:38:52.860 [INFO - kudu-tserver:64034] (MiniKuduCluster.java:429)
I0711 00:38:52.860630 7836 raft_consensus.cc:1215] T 13410a5b9e644e6f86b34bea173a5677 P 8f3a2b7e9d2f4dc392f47ead5d0f114f [term 1 FOLLOWER]: Marking committed up to term: 1 index: 10 00:38:52.862 [INFO - kudu-tserver:64034] (MiniKuduCluster.java:429)
I0711 00:38:52.860646 7836 raft_consensus_state.cc:559] T 13410a5b9e644e6f86b34bea173a5677 P 8f3a2b7e9d2f4dc392f47ead5d0f114f [term 1 FOLLOWER]: Already marked ops through 1.10 as committed. Now trying to mark 1.10 which would be a no-op. 00:38:52.862 [INFO - kudu-tserver:64034] (MiniKuduCluster.java:429)
I0711 00:38:52.860698 8216 log_cache.cc:214] T 13410a5b9e644e6f86b34bea173a5677 P 8f3a2b7e9d2f4dc392f47ead5d0f114f: Updating pinned index to 12 00:38:52.862 [INFO - kudu-tserver:64034] (MiniKuduCluster.java:429)
I0711 00:38:52.860731 8216 consensus_queue.cc:455] T 13410a5b9e644e6f86b34bea173a5677 P 8f3a2b7e9d2f4dc392f47ead5d0f114f [NON_LEADER]: Updated all_replicated watermark from 1.10 to 1.11 00:38:52.862 [INFO - kudu-tserver:64036] (MiniKuduCluster.java:429)
I0711 00:38:52.861140 8227 consensus_queue.cc:455] T 13410a5b9e644e6f86b34bea173a5677 P b93116846b4a43a1a8398438c81d0239 [LEADER]: Updated all_replicated watermark from 1.10 to 1.10 00:38:52.862 [INFO - kudu-tserver:64036] (MiniKuduCluster.java:429)
I0711 00:38:52.861150 8227 log_cache.cc:391] T 13410a5b9e644e6f86b34bea173a5677 P b93116846b4a43a1a8398438c81d0239: Evicting log cache: after state: Pinned index: 12, LogCacheStats(num_ops=1, bytes=847) 00:38:52.862 [INFO - kudu-tserver:64036] (MiniKuduCluster.java:429)
I0711 00:38:52.861181 8236 consensus_queue.cc:455] T 13410a5b9e644e6f86b34bea173a5677 P b93116846b4a43a1a8398438c81d0239 [LEADER]: Updated majority_replicated watermark from 1.11 to 1.11 00:38:52.862 [INFO - kudu-tserver:64036] (MiniKuduCluster.java:429)
I0711 00:38:52.861198 8236 consensus_queue.cc:455] T 13410a5b9e644e6f86b34bea173a5677 P b93116846b4a43a1a8398438c81d0239 [LEADER]: Updated all_replicated watermark from 1.10 to 1.11 00:38:52.862 [INFO - kudu-tserver:64036] (MiniKuduCluster.java:429)
I0711 00:38:52.861212 8236 log_cache.cc:391] T 13410a5b9e644e6f86b34bea173a5677 P b93116846b4a43a1a8398438c81d0239: Evicting log cache: after state: Pinned index: 12, LogCacheStats(num_ops=1, bytes=847) 00:38:52.861 [INFO - kudu-tserver:64032] (MiniKuduCluster.java:429)
I0711 00:38:52.860615 7621 raft_consensus.cc:1215] T 13410a5b9e644e6f86b34bea173a5677 P 5d244bfce7964881aa25f36d26bb9cba [term 1 FOLLOWER]: Marking committed up to term: 1 index: 10 00:38:52.863 [INFO - kudu-tserver:64032] (MiniKuduCluster.java:429)
I0711 00:38:52.860633 7621 raft_consensus_state.cc:559] T 13410a5b9e644e6f86b34bea173a5677 P 5d244bfce7964881aa25f36d26bb9cba [term 1 FOLLOWER]: Already marked ops through 1.10 as committed. Now trying to mark 1.10 which would be a no-op. 00:38:52.863 [INFO - kudu-tserver:64032] (MiniKuduCluster.java:429)
I0711 00:38:52.860683 8220 log_cache.cc:214] T 13410a5b9e644e6f86b34bea173a5677 P 5d244bfce7964881aa25f36d26bb9cba: Updating pinned index to 12 00:38:52.863 [INFO - kudu-tserver:64032] (MiniKuduCluster.java:429)
I0711 00:38:52.860723 8220 consensus_queue.cc:455] T 13410a5b9e644e6f86b34bea173a5677 P 5d244bfce7964881aa25f36d26bb9cba [NON_LEADER]: Updated all_replicated watermark from 1.10 to 1.11 00:38:52.863 [INFO - kudu-tserver:64032] (MiniKuduCluster.java:429)
I0711 00:38:52.860759 8220 log_cache.cc:391] T 13410a5b9e644e6f86b34bea173a5677 P 5d244bfce7964881aa25f36d26bb9cba: Evicting log cache: after state: Pinned index: 12, LogCacheStats(num_ops=1, bytes=871) 00:38:52.863 [INFO - kudu-tserver:64032] (MiniKuduCluster.java:429)
I0711 00:38:52.860837 7621 raft_consensus.cc:700] T 13410a5b9e644e6f86b34bea173a5677 P 5d244bfce7964881aa25f36d26bb9cba [term 1 FOLLOWER]: Replica replied to status only request. Replica: Replica: 5d244bfce7964881aa25f36d26bb9cba, State: 1, Role: FOLLOWER 00:38:52.863 [INFO - kudu-tserver:64032] (MiniKuduCluster.java:429) Watermarks: {Received: term: 1 index: 11 Committed: term: 1 index: 10} 00:38:52.864 [INFO - kudu-tserver:64032] (MiniKuduCluster.java:429) . Response: responder_uuid: "5d244bfce7964881aa25f36d26bb9cba" responder_term: 1 status { last_received { term: 1 index: 11 } last_committed_idx: 10 last_received_current_leader { term: 1 index: 11 } } 00:38:52.864 [INFO - kudu-tserver:64032] (MiniKuduCluster.java:429)
I0711 00:38:52.861897 7621 raft_consensus.cc:1104] T 13410a5b9e644e6f86b34bea173a5677 P 5d244bfce7964881aa25f36d26bb9cba [term 1 FOLLOWER]: Early marking committed up to term: 1 index: 11 00:38:52.864 [INFO - kudu-tserver:64032] (MiniKuduCluster.java:429)
I0711 00:38:52.861915 7621 raft_consensus_state.cc:578] T 13410a5b9e644e6f86b34bea173a5677 P 5d244bfce7964881aa25f36d26bb9cba [term 1 FOLLOWER]: Last triggered apply was: term: 1 index: 10 Starting to apply from log index: 11 00:38:52.864 [INFO - kudu-tserver:64032] (MiniKuduCluster.java:429)
I0711 00:38:52.861994 7621 raft_consensus.cc:1215] T 13410a5b9e644e6f86b34bea173a5677 P 5d244bfce7964881aa25f36d26bb9cba [term 1 FOLLOWER]: Marking committed up to term: 1 index: 11 00:38:52.864 [INFO - kudu-tserver:64032] (MiniKuduCluster.java:429)
I0711 00:38:52.862021 7621 raft_consensus_state.cc:559] T 13410a5b9e644e6f86b34bea173a5677 P 5d244bfce7964881aa25f36d26bb9cba [term 1 FOLLOWER]: Already marked ops through 1.11 as committed. Now trying to mark 1.11 which would be a no-op. 00:38:52.864 [INFO - kudu-tserver:64032] (MiniKuduCluster.java:429)
I0711 00:38:52.862052 7621 raft_consensus.cc:700] T 13410a5b9e644e6f86b34bea173a5677 P 5d244bfce7964881aa25f36d26bb9cba [term 1 FOLLOWER]: Replica replied to status only request. Replica: Replica: 5d244bfce7964881aa25f36d26bb9cba, State: 1, Role: FOLLOWER 00:38:52.864 [INFO - kudu-tserver:64032] (MiniKuduCluster.java:429) Watermarks: {Received: term: 1 index: 11 Committed: term: 1 index: 11} 00:38:52.864 [INFO - kudu-tserver:64032] (MiniKuduCluster.java:429) . Response: responder_uuid: "5d244bfce7964881aa25f36d26bb9cba" responder_term: 1 status { last_received { term: 1 index: 11 } last_committed_idx: 11 last_received_current_leader { term: 1 index: 11 } } 00:38:52.861 [DEBUG - New I/O worker #134] (TabletClient.java:636) [Peer b93116846b4a43a1a8398438c81d0239] [id: 0xe79a4fff, /127.0.0.1:48701 => /127.29.29.1:64036] RECEIVED: BigEndianHeapChannelBuffer(ridx=0, widx=19, cap=19) 00:38:52.864 [DEBUG - New I/O worker #134] (TabletClient.java:359) ------------------>> ENTERING DECODE >>------------------ 00:38:52.863 [INFO - kudu-tserver:64036] (MiniKuduCluster.java:429)
I0711 00:38:52.861284 8240 raft_consensus.cc:588] T 13410a5b9e644e6f86b34bea173a5677 P b93116846b4a43a1a8398438c81d0239 [term 1 LEADER]: Marking majority replicated up to term: 1 index: 11 00:38:52.865 [INFO - kudu-tserver:64036] (MiniKuduCluster.java:429)
I0711 00:38:52.861300 8240 raft_consensus_state.cc:578] T 13410a5b9e644e6f86b34bea173a5677 P b93116846b4a43a1a8398438c81d0239 [term 1 LEADER]: Last triggered apply was: term: 1 index: 10 Starting to apply from log index: 11 00:38:52.865 [INFO - kudu-tserver:64036] (MiniKuduCluster.java:429)
I0711 00:38:52.861459 8240 raft_consensus.cc:588] T 13410a5b9e644e6f86b34bea173a5677 P b93116846b4a43a1a8398438c81d0239 [term 1 LEADER]: Marking majority replicated up to term: 1 index: 11 00:38:52.865 [INFO - kudu-tserver:64036] (MiniKuduCluster.java:429)
I0711 00:38:52.861469 8240 raft_consensus_state.cc:559] T 13410a5b9e644e6f86b34bea173a5677 P b93116846b4a43a1a8398438c81d0239 [term 1 LEADER]: Already marked ops through 1.11 as committed. Now trying to mark 1.11 which would be a no-op. 00:38:52.862 [INFO - kudu-tserver:64034] (MiniKuduCluster.java:429)
I0711 00:38:52.860764 8216 log_cache.cc:391] T 13410a5b9e644e6f86b34bea173a5677 P 8f3a2b7e9d2f4dc392f47ead5d0f114f: Evicting log cache: after state: Pinned index: 12, LogCacheStats(num_ops=1, bytes=871) 00:38:52.865 [INFO - kudu-tserver:64034] (MiniKuduCluster.java:429)
I0711 00:38:52.860837 7836 raft_consensus.cc:700] T 13410a5b9e644e6f86b34bea173a5677 P 8f3a2b7e9d2f4dc392f47ead5d0f114f [term 1 FOLLOWER]: Replica replied to status only request. Replica: Replica: 8f3a2b7e9d2f4dc392f47ead5d0f114f, State: 1, Role: FOLLOWER 00:38:52.866 [INFO - kudu-tserver:64034] (MiniKuduCluster.java:429) Watermarks: {Received: term: 1 index: 11 Committed: term: 1 index: 10} 00:38:52.866 [INFO - kudu-tserver:64034] (MiniKuduCluster.java:429) . Response: responder_uuid: "8f3a2b7e9d2f4dc392f47ead5d0f114f" responder_term: 1 status { last_received { term: 1 index: 11 } last_committed_idx: 10 last_received_current_leader { term: 1 index: 11 } } 00:38:52.865 [INFO - kudu-tserver:64036] (MiniKuduCluster.java:429)
I0711 00:38:52.862318 8227 consensus_queue.cc:455] T 13410a5b9e644e6f86b34bea173a5677 P b93116846b4a43a1a8398438c81d0239 [LEADER]: Updated majority_replicated watermark from 1.11 to 1.11 00:38:52.866 [INFO - kudu-tserver:64036] (MiniKuduCluster.java:429)
I0711 00:38:52.862334 8227 consensus_queue.cc:455] T 13410a5b9e644e6f86b34bea173a5677 P b93116846b4a43a1a8398438c81d0239 [LEADER]: Updated all_replicated watermark from 1.11 to 1.11 00:38:52.865 [DEBUG - New I/O worker #134] (TabletClient.java:426) [Peer b93116846b4a43a1a8398438c81d0239] rpcid=12, response size=19 bytes, 0 readable bytes left, rpc=KuduRpc(method=Write, tablet=13410a5b9e644e6f86b34bea173a5677, attempt=1, DeadlineTracker(timeout=30000, elapsed=8), Deferred@676672202(state=PENDING, result=null, callback=wakeup thread Thread-7, errback=wakeup thread Thread-7)) row_key=(int32 key=9) 00:38:52.866 [INFO - kudu-tserver:64036] (MiniKuduCluster.java:429)
I0711 00:38:52.862381 8227 log_cache.cc:391] T 13410a5b9e644e6f86b34bea173a5677 P b93116846b4a43a1a8398438c81d0239: Evicting log cache: after state: Pinned index: 12, LogCacheStats(num_ops=0, bytes=0) 00:38:52.866 [INFO - kudu-tserver:64034] (MiniKuduCluster.java:429)
I0711 00:38:52.861856 7836 raft_consensus.cc:1104] T 13410a5b9e644e6f86b34bea173a5677 P 8f3a2b7e9d2f4dc392f47ead5d0f114f [term 1 FOLLOWER]: Early marking committed up to term: 1 index: 11 00:38:52.866 [INFO - kudu-tserver:64034] (MiniKuduCluster.java:429)
I0711 00:38:52.861874 7836 raft_consensus_state.cc:578] T 13410a5b9e644e6f86b34bea173a5677 P 8f3a2b7e9d2f4dc392f47ead5d0f114f [term 1 FOLLOWER]: Last triggered apply was: term: 1 index: 10 Starting to apply from log index: 11 00:38:52.867 [INFO - kudu-tserver:64034] (MiniKuduCluster.java:429)
I0711 00:38:52.861953 7836 raft_consensus.cc:1215] T 13410a5b9e644e6f86b34bea173a5677 P 8f3a2b7e9d2f4dc392f47ead5d0f114f [term 1 FOLLOWER]: Marking committed up to term: 1 index: 11 00:38:52.867 [INFO - kudu-tserver:64034] (MiniKuduCluster.java:429)
I0711 00:38:52.861965 7836 raft_consensus_state.cc:559] T 13410a5b9e644e6f86b34bea173a5677 P 8f3a2b7e9d2f4dc392f47ead5d0f114f [term 1 FOLLOWER]: Already marked ops through 1.11 as committed. Now trying to mark 1.11 which would be a no-op. 00:38:52.867 [INFO - kudu-tserver:64034] (MiniKuduCluster.java:429)
I0711 00:38:52.861997 7836 raft_consensus.cc:700] T 13410a5b9e644e6f86b34bea173a5677 P 8f3a2b7e9d2f4dc392f47ead5d0f114f [term 1 FOLLOWER]: Replica replied to status only request. Replica: Replica: 8f3a2b7e9d2f4dc392f47ead5d0f114f, State: 1, Role: FOLLOWER 00:38:52.867 [INFO - kudu-tserver:64034] (MiniKuduCluster.java:429) Watermarks: {Received: term: 1 index: 11 Committed: term: 1 index: 11} 00:38:52.867 [INFO - kudu-tserver:64034] (MiniKuduCluster.java:429) . Response: responder_uuid: "8f3a2b7e9d2f4dc392f47ead5d0f114f" responder_term: 1 status { last_received { term: 1 index: 11 } last_committed_idx: 11 last_received_current_leader { term: 1 index: 11 } } 00:38:52.866 [INFO - kudu-tserver:64036] (MiniKuduCluster.java:429)
I0711 00:38:52.862443 8236 consensus_queue.cc:455] T 13410a5b9e644e6f86b34bea173a5677 P b93116846b4a43a1a8398438c81d0239 [LEADER]: Updated majority_replicated watermark from 1.11 to 1.11 00:38:52.867 [INFO - kudu-tserver:64036] (MiniKuduCluster.java:429)
I0711 00:38:52.862460 8236 consensus_queue.cc:455] T 13410a5b9e644e6f86b34bea173a5677 P b93116846b4a43a1a8398438c81d0239 [LEADER]: Updated all_replicated watermark from 1.11 to 1.11 00:38:52.866 [DEBUG - New I/O worker #134] (TabletClient.java:491) ------------------<< LEAVING DECODE <<------------------ time elapsed: 1769us 00:38:52.867 [DEBUG - Thread-8] (AsyncKuduScanner.java:812) Sending scan req: new_scan_request { tablet_id: "13410a5b9e644e6f86b34bea173a5677" limit: 9223372036854775807 projected_columns { name: "key" type: INT32 is_key: true is_nullable: false encoding: AUTO_ENCODING compression: DEFAULT_COMPRESSION cfile_block_size: 0 } projected_columns { name: "column1_i" type: INT32 is_key: false is_nullable: false encoding: AUTO_ENCODING compression: DEFAULT_COMPRESSION cfile_block_size: 0 } projected_columns { name: "column2_i" type: INT32 is_key: false is_nullable: false encoding: AUTO_ENCODING compression: DEFAULT_COMPRESSION cfile_block_size: 0 } projected_columns { name: "column3_s" type: STRING is_key: false is_nullable: true encoding: DICT_ENCODING compression: LZ4 cfile_block_size: 0 } projected_columns { name: "column4_b" type: BOOL is_key: false is_nullable: false encoding: AUTO_ENCODING compression: DEFAULT_COMPRESSION cfile_block_size: 0 } read_mode: READ_LATEST cache_blocks: true order_mode: UNORDERED } batch_size_bytes: 1048576 00:38:52.867 [INFO - kudu-tserver:64036] (MiniKuduCluster.java:429)
I0711 00:38:52.862489 8236 log_cache.cc:391] T 13410a5b9e644e6f86b34bea173a5677 P b93116846b4a43a1a8398438c81d0239: Evicting log cache: after state: Pinned index: 12, LogCacheStats(num_ops=0, bytes=0) 00:38:52.868 [INFO - kudu-tserver:64036] (MiniKuduCluster.java:429)
I0711 00:38:52.862581 8240 raft_consensus.cc:588] T 13410a5b9e644e6f86b34bea173a5677 P b93116846b4a43a1a8398438c81d0239 [term 1 LEADER]: Marking majority replicated up to term: 1 index: 11 00:38:52.868 [INFO - kudu-tserver:64036] (MiniKuduCluster.java:429)
I0711 00:38:52.862592 8240 raft_consensus_state.cc:559] T 13410a5b9e644e6f86b34bea173a5677 P b93116846b4a43a1a8398438c81d0239 [term 1 LEADER]: Already marked ops through 1.11 as committed. Now trying to mark 1.11 which would be a no-op. 00:38:52.868 [INFO - kudu-tserver:64036] (MiniKuduCluster.java:429)
I0711 00:38:52.862634 8240 raft_consensus.cc:588] T 13410a5b9e644e6f86b34bea173a5677 P b93116846b4a43a1a8398438c81d0239 [term 1 LEADER]: Marking majority replicated up to term: 1 index: 11 00:38:52.869 [INFO - kudu-tserver:64036] (MiniKuduCluster.java:429)
I0711 00:38:52.862642 8240 raft_consensus_state.cc:559] T 13410a5b9e644e6f86b34bea173a5677 P b93116846b4a43a1a8398438c81d0239 [term 1 LEADER]: Already marked ops through 1.11 as committed. Now trying to mark 1.11 which would be a no-op. 00:38:52.868 [DEBUG - Thread-8] (TabletClient.java:261) [Peer b93116846b4a43a1a8398438c81d0239] [id: 0xe79a4fff, /127.0.0.1:48701 => /127.29.29.1:64036] Sending RPC #13, payload=BigEndianHeapChannelBuffer(ridx=0, widx=230, cap=230) "\x00\x00\x00\xE2/\x18\x0D2(\n kudu.tserver.TabletServerService\x12\x04ScanP\xF4\x03\xB0\x01\x12\xA9\x01\n 13410a5b9e644e6f86b34bea173a5677\x10\xFF\xFF\xFF\xFF\xFF\xFF\xFF\xFF\x7F"\x11\x12\x03key\x18\x05 \x01(\x00@\x00H\x00P\x00"\x17\x12\tcolumn1_i\x18\x05 \x00(\x00@\x00H\x00P\x00"\x17\x12\tcolumn2_i\x18\x05 \x00(\x00@\x00H\x00P\x00"\x17\x12\tcolumn3_s\x18\x08 \x00(\x01@\x05H\x03P\x00"\x17\x12\tcolumn4_b\x18\t \x00(\x00@\x00H\x00P\x00(\x01P\x01X\x01 \x80\x80@" 00:38:52.868 [DEBUG - Thread-7] (TabletClient.java:261) [Peer b93116846b4a43a1a8398438c81d0239] [id: 0xe79a4fff, /127.0.0.1:48701 => /127.29.29.1:64036] Sending RPC #14, payload=BigEndianHeapChannelBuffer(ridx=0, widx=258, cap=258) "\x00\x00\x00\xFE0\x18\x0E2)\n kudu.tserver.TabletServerService\x12\x05WriteP\xF4\x03\xCB\x01\n 13410a5b9e644e6f86b34bea173a5677\x12w\n\x11\x12\x03key\x18\x05 \x01(\x00@\x00H\x00P\x00\n\x17\x12\tcolumn1_i\x18\x05 \x00(\x00@\x00H\x00P\x00\n\x17\x12\tcolumn2_i\x18\x05 \x00(\x00@\x00H\x00P\x00\n\x17\x12\tcolumn3_s\x18\x08 \x00(\x01@\x05H\x03P\x00\n\x17\x12\tcolumn4_b\x18\t \x00(\x00@\x00H\x00P\x00\x1A,\x12 \x01\x1F\x00\n\x00\x00\x00\x02\x00\x00\x00\x03\x00\x00\x00\x00\x00\x00\x00\x00\x00\x00\x00\x08\x00\x00\x00\x00\x00\x00\x00\x01\x1A\x08a string \x01" 00:38:52.869 [DEBUG - New I/O worker #134] (TabletClient.java:636) [Peer b93116846b4a43a1a8398438c81d0239] [id: 0xe79a4fff, /127.0.0.1:48701 => /127.29.29.1:64036] WRITTEN_AMOUNT: 230 00:38:52.869 [DEBUG - New I/O worker #134] (TabletClient.java:636) [Peer b93116846b4a43a1a8398438c81d0239] [id: 0xe79a4fff, /127.0.0.1:48701 => /127.29.29.1:64036] WRITTEN_AMOUNT: 258 00:38:52.870 [INFO - kudu-tserver:64036] (MiniKuduCluster.java:429)
I0711 00:38:52.870182 7912 tablet_service.cc:1501] Started scanner e7b8e1bd0c2f46efae43062ffbdf0832: tablet iterator: Union(memrowset iterator) 00:38:52.870 [INFO - kudu-tserver:64036] (MiniKuduCluster.java:429)
I0711 00:38:52.870431 8225 log_cache.cc:214] T 13410a5b9e644e6f86b34bea173a5677 P b93116846b4a43a1a8398438c81d0239: Updating pinned index to 13 00:38:52.870 [INFO - kudu-tserver:64036] (MiniKuduCluster.java:429)
I0711 00:38:52.870493 8225 consensus_queue.cc:455] T 13410a5b9e644e6f86b34bea173a5677 P b93116846b4a43a1a8398438c81d0239 [LEADER]: Updated majority_replicated watermark from 1.11 to 1.11 00:38:52.870 [INFO - kudu-tserver:64036] (MiniKuduCluster.java:429)
I0711 00:38:52.870507 8225 consensus_queue.cc:455] T 13410a5b9e644e6f86b34bea173a5677 P b93116846b4a43a1a8398438c81d0239 [LEADER]: Updated all_replicated watermark from 1.11 to 1.11 00:38:52.870 [INFO - kudu-tserver:64036] (MiniKuduCluster.java:429)
I0711 00:38:52.870517 8225 log_cache.cc:391] T 13410a5b9e644e6f86b34bea173a5677 P b93116846b4a43a1a8398438c81d0239: Evicting log cache: after state: Pinned index: 13, LogCacheStats(num_ops=1, bytes=847) 00:38:52.870 [DEBUG - New I/O worker #134] (TabletClient.java:636) [Peer b93116846b4a43a1a8398438c81d0239] [id: 0xe79a4fff, /127.0.0.1:48701 => /127.29.29.1:64036] RECEIVED: BigEndianHeapChannelBuffer(ridx=0, widx=418, cap=418) 00:38:52.871 [DEBUG - New I/O worker #134] (TabletClient.java:359) ------------------>> ENTERING DECODE >>------------------ 00:38:52.871 [INFO - kudu-tserver:64032] (MiniKuduCluster.java:429)
I0711 00:38:52.871003 7621 raft_consensus.cc:1104] T 13410a5b9e644e6f86b34bea173a5677 P 5d244bfce7964881aa25f36d26bb9cba [term 1 FOLLOWER]: Early marking committed up to term: 0 index: 0 00:38:52.871 [INFO - kudu-tserver:64032] (MiniKuduCluster.java:429)
I0711 00:38:52.871031 7621 raft_consensus_state.cc:559] T 13410a5b9e644e6f86b34bea173a5677 P 5d244bfce7964881aa25f36d26bb9cba [term 1 FOLLOWER]: Already marked ops through 1.11 as committed. Now trying to mark 0.0 which would be a no-op. 00:38:52.871 [INFO - kudu-tserver:64032] (MiniKuduCluster.java:429)
I0711 00:38:52.871047 7621 raft_consensus.cc:728] T 13410a5b9e644e6f86b34bea173a5677 P 5d244bfce7964881aa25f36d26bb9cba [term 1 FOLLOWER]: Starting transaction: term: 1 index: 12 00:38:52.871 [INFO - kudu-tserver:64034] (MiniKuduCluster.java:429)
I0711 00:38:52.871026 7836 raft_consensus.cc:1104] T 13410a5b9e644e6f86b34bea173a5677 P 8f3a2b7e9d2f4dc392f47ead5d0f114f [term 1 FOLLOWER]: Early marking committed up to term: 0 index: 0 00:38:52.871 [INFO - kudu-tserver:64036] (MiniKuduCluster.java:429)
I0711 00:38:52.870635 8240 raft_consensus.cc:588] T 13410a5b9e644e6f86b34bea173a5677 P b93116846b4a43a1a8398438c81d0239 [term 1 LEADER]: Marking majority replicated up to term: 1 index: 11 00:38:52.871 [INFO - kudu-tserver:64036] (MiniKuduCluster.java:429)
