I0711 00:38:53.231914 7836 raft_consensus_state.cc:559] T 13410a5b9e644e6f86b34bea173a5677 P 8f3a2b7e9d2f4dc392f47ead5d0f114f [term 1 FOLLOWER]: Already marked ops through 1.51 as committed. Now trying to mark 1.51 which would be a no-op. 00:38:53.233 [DEBUG - New I/O worker #134] (AsyncKuduScanner.java:847) AsyncKuduScanner$Response(scannerId="", data=RowResultIterator for 1 rows, more=false) 00:38:53.233 [DEBUG - New I/O worker #134] (TabletClient.java:426) [Peer b93116846b4a43a1a8398438c81d0239] rpcid=95, response size=74 bytes, 0 readable bytes left, rpc=ScanRequest(scannerId=null, tabletSlice=13410a5b9e644e6f86b34bea173a5677, attempt=1) 00:38:53.234 [DEBUG - New I/O worker #134] (TabletClient.java:491) ------------------<< LEAVING DECODE <<------------------ time elapsed: 1516us 00:38:53.234 [DEBUG - New I/O worker #134] (TabletClient.java:636) [Peer b93116846b4a43a1a8398438c81d0239] [id: 0xe79a4fff, /127.0.0.1:48701 => /127.29.29.1:64036] RECEIVED: BigEndianHeapChannelBuffer(ridx=0, widx=19, cap=19) 00:38:53.234 [DEBUG - New I/O worker #134] (TabletClient.java:359) ------------------>> ENTERING DECODE >>------------------ 00:38:53.234 [DEBUG - New I/O worker #134] (TabletClient.java:426) [Peer b93116846b4a43a1a8398438c81d0239] rpcid=96, response size=19 bytes, 0 readable bytes left, rpc=KuduRpc(method=Write, tablet=13410a5b9e644e6f86b34bea173a5677, attempt=1, DeadlineTracker(timeout=30000, elapsed=5), Deferred@248978513(state=PENDING, result=null, callback=wakeup thread Thread-7, errback=wakeup thread Thread-7)) row_key=(int32 key=77) 00:38:53.235 [DEBUG - Thread-8] (AsyncKuduScanner.java:812) Sending scan req: new_scan_request { tablet_id: "13410a5b9e644e6f86b34bea173a5677" limit: 9223372036854775807 projected_columns { name: "key" type: INT32 is_key: true is_nullable: false encoding: AUTO_ENCODING compression: DEFAULT_COMPRESSION cfile_block_size: 0 } projected_columns { name: "column1_i" type: INT32 is_key: false is_nullable: false encoding: AUTO_ENCODING compression: DEFAULT_COMPRESSION cfile_block_size: 0 } projected_columns { name: "column2_i" type: INT32 is_key: false is_nullable: false encoding: AUTO_ENCODING compression: DEFAULT_COMPRESSION cfile_block_size: 0 } projected_columns { name: "column3_s" type: STRING is_key: false is_nullable: true encoding: DICT_ENCODING compression: LZ4 cfile_block_size: 0 } projected_columns { name: "column4_b" type: BOOL is_key: false is_nullable: false encoding: AUTO_ENCODING compression: DEFAULT_COMPRESSION cfile_block_size: 0 } read_mode: READ_LATEST propagated_timestamp: 6013737095802318848 cache_blocks: true order_mode: UNORDERED column_predicates { column: "key" equality { value: "\026\000\000\000" } } } batch_size_bytes: 1048576 00:38:53.236 [DEBUG - Thread-8] (TabletClient.java:261) [Peer b93116846b4a43a1a8398438c81d0239] [id: 0xe79a4fff, /127.0.0.1:48701 => /127.29.29.1:64036] Sending RPC #97, payload=BigEndianHeapChannelBuffer(ridx=0, widx=256, cap=256) "\x00\x00\x00\xFC1\x18a2(\n kudu.tserver.TabletServerService\x12\x04ScanP\xF4\x03X\x01\xC8\x01\x12\xC1\x01\n 13410a5b9e644e6f86b34bea173a5677\x10\xFF\xFF\xFF\xFF\xFF\xFF\xFF\xFF\x7F"\x11\x12\x03key\x18\x05 \x01(\x00@\x00H\x00P\x00"\x17\x12\tcolumn1_i\x18\x05 \x00(\x00@\x00H\x00P\x00"\x17\x12\tcolumn2_i\x18\x05 \x00(\x00@\x00H\x00P\x00"\x17\x12\tcolumn3_s\x18\x08 \x00(\x01@\x05H\x03P\x00"\x17\x12\tcolumn4_b\x18\t \x00(\x00@\x00H\x00P\x00(\x019\x00\xF0\xE2\xC7\x06\x16uSP\x01X\x01j\x0D\n\x03key\x1A\x06\n\x04\x16\x00\x00\x00 \x80\x80@" 00:38:53.233 [INFO - kudu-tserver:64036] (MiniKuduCluster.java:429)
I0711 00:38:53.232609 8227 consensus_queue.cc:455] T 13410a5b9e644e6f86b34bea173a5677 P b93116846b4a43a1a8398438c81d0239 [LEADER]: Updated majority_replicated watermark from 1.52 to 1.52 00:38:53.236 [INFO - kudu-tserver:64036] (MiniKuduCluster.java:429)
I0711 00:38:53.232625 8227 consensus_queue.cc:455] T 13410a5b9e644e6f86b34bea173a5677 P b93116846b4a43a1a8398438c81d0239 [LEADER]: Updated all_replicated watermark from 1.51 to 1.52 00:38:53.236 [INFO - kudu-tserver:64036] (MiniKuduCluster.java:429)
I0711 00:38:53.232636 8227 log_cache.cc:391] T 13410a5b9e644e6f86b34bea173a5677 P b93116846b4a43a1a8398438c81d0239: Evicting log cache: after state: Pinned index: 53, LogCacheStats(num_ops=1, bytes=847) 00:38:53.236 [INFO - kudu-tserver:64036] (MiniKuduCluster.java:429)
I0711 00:38:53.232738 8240 raft_consensus.cc:588] T 13410a5b9e644e6f86b34bea173a5677 P b93116846b4a43a1a8398438c81d0239 [term 1 LEADER]: Marking majority replicated up to term: 1 index: 52 00:38:53.236 [INFO - kudu-tserver:64036] (MiniKuduCluster.java:429)
I0711 00:38:53.232748 8240 raft_consensus_state.cc:559] T 13410a5b9e644e6f86b34bea173a5677 P b93116846b4a43a1a8398438c81d0239 [term 1 LEADER]: Already marked ops through 1.52 as committed. Now trying to mark 1.52 which would be a no-op. 00:38:53.232 [INFO - kudu-tserver:64032] (MiniKuduCluster.java:429)
I0711 00:38:53.231926 7621 raft_consensus.cc:1215] T 13410a5b9e644e6f86b34bea173a5677 P 5d244bfce7964881aa25f36d26bb9cba [term 1 FOLLOWER]: Marking committed up to term: 1 index: 51 00:38:53.237 [INFO - kudu-tserver:64032] (MiniKuduCluster.java:429)
I0711 00:38:53.231943 7621 raft_consensus_state.cc:559] T 13410a5b9e644e6f86b34bea173a5677 P 5d244bfce7964881aa25f36d26bb9cba [term 1 FOLLOWER]: Already marked ops through 1.51 as committed. Now trying to mark 1.51 which would be a no-op. 00:38:53.237 [INFO - kudu-tserver:64032] (MiniKuduCluster.java:429)
I0711 00:38:53.231992 8220 log_cache.cc:214] T 13410a5b9e644e6f86b34bea173a5677 P 5d244bfce7964881aa25f36d26bb9cba: Updating pinned index to 53 00:38:53.237 [INFO - kudu-tserver:64032] (MiniKuduCluster.java:429)
I0711 00:38:53.232022 8220 consensus_queue.cc:455] T 13410a5b9e644e6f86b34bea173a5677 P 5d244bfce7964881aa25f36d26bb9cba [NON_LEADER]: Updated all_replicated watermark from 1.51 to 1.52 00:38:53.237 [INFO - kudu-tserver:64032] (MiniKuduCluster.java:429)
I0711 00:38:53.232035 8220 log_cache.cc:391] T 13410a5b9e644e6f86b34bea173a5677 P 5d244bfce7964881aa25f36d26bb9cba: Evicting log cache: after state: Pinned index: 53, LogCacheStats(num_ops=2, bytes=1742) 00:38:53.237 [INFO - kudu-tserver:64032] (MiniKuduCluster.java:429)
I0711 00:38:53.232141 7621 raft_consensus.cc:700] T 13410a5b9e644e6f86b34bea173a5677 P 5d244bfce7964881aa25f36d26bb9cba [term 1 FOLLOWER]: Replica replied to status only request. Replica: Replica: 5d244bfce7964881aa25f36d26bb9cba, State: 1, Role: FOLLOWER 00:38:53.237 [INFO - kudu-tserver:64032] (MiniKuduCluster.java:429) Watermarks: {Received: term: 1 index: 52 Committed: term: 1 index: 51} 00:38:53.237 [INFO - kudu-tserver:64032] (MiniKuduCluster.java:429) . Response: responder_uuid: "5d244bfce7964881aa25f36d26bb9cba" responder_term: 1 status { last_received { term: 1 index: 52 } last_committed_idx: 51 last_received_current_leader { term: 1 index: 52 } } 00:38:53.237 [INFO - kudu-tserver:64036] (MiniKuduCluster.java:429)
I0711 00:38:53.233604 8227 consensus_queue.cc:455] T 13410a5b9e644e6f86b34bea173a5677 P b93116846b4a43a1a8398438c81d0239 [LEADER]: Updated majority_replicated watermark from 1.52 to 1.52 00:38:53.237 [INFO - kudu-tserver:64036] (MiniKuduCluster.java:429)
I0711 00:38:53.233620 8227 consensus_queue.cc:455] T 13410a5b9e644e6f86b34bea173a5677 P b93116846b4a43a1a8398438c81d0239 [LEADER]: Updated all_replicated watermark from 1.52 to 1.52 00:38:53.237 [INFO - kudu-tserver:64036] (MiniKuduCluster.java:429)
I0711 00:38:53.233630 8227 log_cache.cc:391] T 13410a5b9e644e6f86b34bea173a5677 P b93116846b4a43a1a8398438c81d0239: Evicting log cache: after state: Pinned index: 53, LogCacheStats(num_ops=1, bytes=847) 00:38:53.238 [INFO - kudu-tserver:64036] (MiniKuduCluster.java:429)
I0711 00:38:53.233697 8240 raft_consensus.cc:588] T 13410a5b9e644e6f86b34bea173a5677 P b93116846b4a43a1a8398438c81d0239 [term 1 LEADER]: Marking majority replicated up to term: 1 index: 52 00:38:53.238 [INFO - kudu-tserver:64036] (MiniKuduCluster.java:429)
I0711 00:38:53.233706 8240 raft_consensus_state.cc:559] T 13410a5b9e644e6f86b34bea173a5677 P b93116846b4a43a1a8398438c81d0239 [term 1 LEADER]: Already marked ops through 1.52 as committed. Now trying to mark 1.52 which would be a no-op. 00:38:53.233 [INFO - kudu-tserver:64034] (MiniKuduCluster.java:429)
I0711 00:38:53.231962 8216 log_cache.cc:214] T 13410a5b9e644e6f86b34bea173a5677 P 8f3a2b7e9d2f4dc392f47ead5d0f114f: Updating pinned index to 53 00:38:53.238 [INFO - kudu-tserver:64034] (MiniKuduCluster.java:429)
I0711 00:38:53.231997 8216 consensus_queue.cc:455] T 13410a5b9e644e6f86b34bea173a5677 P 8f3a2b7e9d2f4dc392f47ead5d0f114f [NON_LEADER]: Updated all_replicated watermark from 1.51 to 1.52 00:38:53.238 [INFO - kudu-tserver:64034] (MiniKuduCluster.java:429)
I0711 00:38:53.232031 8216 log_cache.cc:391] T 13410a5b9e644e6f86b34bea173a5677 P 8f3a2b7e9d2f4dc392f47ead5d0f114f: Evicting log cache: after state: Pinned index: 53, LogCacheStats(num_ops=1, bytes=871) 00:38:53.237 [DEBUG - Thread-7] (TabletClient.java:261) [Peer b93116846b4a43a1a8398438c81d0239] [id: 0xe79a4fff, /127.0.0.1:48701 => /127.29.29.1:64036] Sending RPC #98, payload=BigEndianHeapChannelBuffer(ridx=0, widx=267, cap=267) "\x00\x00\x01\x070\x18b2)\n kudu.tserver.TabletServerService\x12\x05WriteP\xF4\x03\xD4\x01\n 13410a5b9e644e6f86b34bea173a5677\x12w\n\x11\x12\x03key\x18\x05 \x01(\x00@\x00H\x00P\x00\n\x17\x12\tcolumn1_i\x18\x05 \x00(\x00@\x00H\x00P\x00\n\x17\x12\tcolumn2_i\x18\x05 \x00(\x00@\x00H\x00P\x00\n\x17\x12\tcolumn3_s\x18\x08 \x00(\x01@\x05H\x03P\x00\n\x17\x12\tcolumn4_b\x18\t \x00(\x00@\x00H\x00P\x00\x1A,\x12 \x01\x1F\x00N\x00\x00\x00\x02\x00\x00\x00\x03\x00\x00\x00\x00\x00\x00\x00\x00\x00\x00\x00\x08\x00\x00\x00\x00\x00\x00\x00\x01\x1A\x08a string \x01)\x00\xF0\xE2\xC7\x06\x16uS" 00:38:53.237 [DEBUG - New I/O worker #134] (TabletClient.java:491) ------------------<< LEAVING DECODE <<------------------ time elapsed: 2832us 00:38:53.238 [INFO - kudu-tserver:64034] (MiniKuduCluster.java:429)
I0711 00:38:53.232126 7836 raft_consensus.cc:700] T 13410a5b9e644e6f86b34bea173a5677 P 8f3a2b7e9d2f4dc392f47ead5d0f114f [term 1 FOLLOWER]: Replica replied to status only request. Replica: Replica: 8f3a2b7e9d2f4dc392f47ead5d0f114f, State: 1, Role: FOLLOWER 00:38:53.239 [INFO - kudu-tserver:64034] (MiniKuduCluster.java:429) Watermarks: {Received: term: 1 index: 52 Committed: term: 1 index: 51} 00:38:53.239 [INFO - kudu-tserver:64034] (MiniKuduCluster.java:429) . Response: responder_uuid: "8f3a2b7e9d2f4dc392f47ead5d0f114f" responder_term: 1 status { last_received { term: 1 index: 52 } last_committed_idx: 51 last_received_current_leader { term: 1 index: 52 } } 00:38:53.239 [INFO - kudu-tserver:64034] (MiniKuduCluster.java:429)
I0711 00:38:53.233089 7836 raft_consensus.cc:1104] T 13410a5b9e644e6f86b34bea173a5677 P 8f3a2b7e9d2f4dc392f47ead5d0f114f [term 1 FOLLOWER]: Early marking committed up to term: 1 index: 52 00:38:53.239 [INFO - kudu-tserver:64034] (MiniKuduCluster.java:429)
I0711 00:38:53.233115 7836 raft_consensus_state.cc:578] T 13410a5b9e644e6f86b34bea173a5677 P 8f3a2b7e9d2f4dc392f47ead5d0f114f [term 1 FOLLOWER]: Last triggered apply was: term: 1 index: 51 Starting to apply from log index: 52 00:38:53.239 [INFO - kudu-tserver:64034] (MiniKuduCluster.java:429)
I0711 00:38:53.233228 7836 raft_consensus.cc:1215] T 13410a5b9e644e6f86b34bea173a5677 P 8f3a2b7e9d2f4dc392f47ead5d0f114f [term 1 FOLLOWER]: Marking committed up to term: 1 index: 52 00:38:53.239 [INFO - kudu-tserver:64034] (MiniKuduCluster.java:429)
I0711 00:38:53.233249 7836 raft_consensus_state.cc:559] T 13410a5b9e644e6f86b34bea173a5677 P 8f3a2b7e9d2f4dc392f47ead5d0f114f [term 1 FOLLOWER]: Already marked ops through 1.52 as committed. Now trying to mark 1.52 which would be a no-op. 00:38:53.239 [INFO - kudu-tserver:64034] (MiniKuduCluster.java:429)
I0711 00:38:53.233297 7836 raft_consensus.cc:700] T 13410a5b9e644e6f86b34bea173a5677 P 8f3a2b7e9d2f4dc392f47ead5d0f114f [term 1 FOLLOWER]: Replica replied to status only request. Replica: Replica: 8f3a2b7e9d2f4dc392f47ead5d0f114f, State: 1, Role: FOLLOWER 00:38:53.239 [DEBUG - New I/O worker #134] (TabletClient.java:636) [Peer b93116846b4a43a1a8398438c81d0239] [id: 0xe79a4fff, /127.0.0.1:48701 => /127.29.29.1:64036] WRITTEN_AMOUNT: 523 00:38:53.239 [INFO - kudu-tserver:64036] (MiniKuduCluster.java:429)
I0711 00:38:53.239599 7913 tablet_service.cc:1501] Started scanner cedcd4a4f2264c99989a4b9fd089ce05: tablet iterator: Union(memrowset iterator) 00:38:53.239 [INFO - kudu-tserver:64034] (MiniKuduCluster.java:429) Watermarks: {Received: term: 1 index: 52 Committed: term: 1 index: 52} 00:38:53.240 [INFO - kudu-tserver:64034] (MiniKuduCluster.java:429) . Response: responder_uuid: "8f3a2b7e9d2f4dc392f47ead5d0f114f" responder_term: 1 status { last_received { term: 1 index: 52 } last_committed_idx: 52 last_received_current_leader { term: 1 index: 52 } } 00:38:53.239 [INFO - kudu-tserver:64036] (MiniKuduCluster.java:429)
I0711 00:38:53.239904 8225 log_cache.cc:214] T 13410a5b9e644e6f86b34bea173a5677 P b93116846b4a43a1a8398438c81d0239: Updating pinned index to 54 00:38:53.240 [DEBUG - New I/O worker #134] (TabletClient.java:636) [Peer b93116846b4a43a1a8398438c81d0239] [id: 0xe79a4fff, /127.0.0.1:48701 => /127.29.29.1:64036] RECEIVED: BigEndianHeapChannelBuffer(ridx=0, widx=74, cap=74) 00:38:53.240 [DEBUG - New I/O worker #134] (TabletClient.java:359) ------------------>> ENTERING DECODE >>------------------ 00:38:53.240 [INFO - kudu-tserver:64034] (MiniKuduCluster.java:429)
I0711 00:38:53.240514 7836 raft_consensus.cc:1104] T 13410a5b9e644e6f86b34bea173a5677 P 8f3a2b7e9d2f4dc392f47ead5d0f114f [term 1 FOLLOWER]: Early marking committed up to term: 0 index: 0 00:38:53.240 [INFO - kudu-tserver:64034] (MiniKuduCluster.java:429)
I0711 00:38:53.240540 7836 raft_consensus_state.cc:559] T 13410a5b9e644e6f86b34bea173a5677 P 8f3a2b7e9d2f4dc392f47ead5d0f114f [term 1 FOLLOWER]: Already marked ops through 1.52 as committed. Now trying to mark 0.0 which would be a no-op. 00:38:53.240 [INFO - kudu-tserver:64034] (MiniKuduCluster.java:429)
I0711 00:38:53.240557 7836 raft_consensus.cc:728] T 13410a5b9e644e6f86b34bea173a5677 P 8f3a2b7e9d2f4dc392f47ead5d0f114f [term 1 FOLLOWER]: Starting transaction: term: 1 index: 53 00:38:53.240 [INFO - kudu-tserver:64036] (MiniKuduCluster.java:429)
I0711 00:38:53.239943 8225 consensus_queue.cc:455] T 13410a5b9e644e6f86b34bea173a5677 P b93116846b4a43a1a8398438c81d0239 [LEADER]: Updated majority_replicated watermark from 1.52 to 1.52 00:38:53.240 [INFO - kudu-tserver:64036] (MiniKuduCluster.java:429)
I0711 00:38:53.239953 8225 consensus_queue.cc:455] T 13410a5b9e644e6f86b34bea173a5677 P b93116846b4a43a1a8398438c81d0239 [LEADER]: Updated all_replicated watermark from 1.52 to 1.52 00:38:53.241 [INFO - kudu-tserver:64036] (MiniKuduCluster.java:429)
I0711 00:38:53.239964 8225 log_cache.cc:391] T 13410a5b9e644e6f86b34bea173a5677 P b93116846b4a43a1a8398438c81d0239: Evicting log cache: after state: Pinned index: 54, LogCacheStats(num_ops=2, bytes=1694) 00:38:53.241 [INFO - kudu-tserver:64036] (MiniKuduCluster.java:429)
I0711 00:38:53.240063 8240 raft_consensus.cc:588] T 13410a5b9e644e6f86b34bea173a5677 P b93116846b4a43a1a8398438c81d0239 [term 1 LEADER]: Marking majority replicated up to term: 1 index: 52 00:38:53.241 [INFO - kudu-tserver:64036] (MiniKuduCluster.java:429)
I0711 00:38:53.240077 8240 raft_consensus_state.cc:559] T 13410a5b9e644e6f86b34bea173a5677 P b93116846b4a43a1a8398438c81d0239 [term 1 LEADER]: Already marked ops through 1.52 as committed. Now trying to mark 1.52 which would be a no-op. 00:38:53.240 [INFO - kudu-tserver:64034] (MiniKuduCluster.java:429)
I0711 00:38:53.240772 7836 raft_consensus.cc:1215] T 13410a5b9e644e6f86b34bea173a5677 P 8f3a2b7e9d2f4dc392f47ead5d0f114f [term 1 FOLLOWER]: Marking committed up to term: 1 index: 52 00:38:53.241 [INFO - kudu-tserver:64034] (MiniKuduCluster.java:429)
I0711 00:38:53.240788 7836 raft_consensus_state.cc:559] T 13410a5b9e644e6f86b34bea173a5677 P 8f3a2b7e9d2f4dc392f47ead5d0f114f [term 1 FOLLOWER]: Already marked ops through 1.52 as committed. Now trying to mark 1.52 which would be a no-op. 00:38:53.241 [INFO - kudu-tserver:64034] (MiniKuduCluster.java:429)
I0711 00:38:53.240849 8216 log_cache.cc:214] T 13410a5b9e644e6f86b34bea173a5677 P 8f3a2b7e9d2f4dc392f47ead5d0f114f: Updating pinned index to 54 00:38:53.240 [DEBUG - New I/O worker #134] (AsyncKuduScanner.java:847) AsyncKuduScanner$Response(scannerId="", data=RowResultIterator for 1 rows, more=false) 00:38:53.240 [INFO - kudu-tserver:64032] (MiniKuduCluster.java:429)
I0711 00:38:53.240535 7621 raft_consensus.cc:1104] T 13410a5b9e644e6f86b34bea173a5677 P 5d244bfce7964881aa25f36d26bb9cba [term 1 FOLLOWER]: Early marking committed up to term: 1 index: 52 00:38:53.241 [INFO - kudu-tserver:64032] (MiniKuduCluster.java:429)
I0711 00:38:53.240566 7621 raft_consensus_state.cc:578] T 13410a5b9e644e6f86b34bea173a5677 P 5d244bfce7964881aa25f36d26bb9cba [term 1 FOLLOWER]: Last triggered apply was: term: 1 index: 51 Starting to apply from log index: 52 00:38:53.241 [DEBUG - New I/O worker #134] (TabletClient.java:426) [Peer b93116846b4a43a1a8398438c81d0239] rpcid=97, response size=74 bytes, 0 readable bytes left, rpc=ScanRequest(scannerId=null, tabletSlice=13410a5b9e644e6f86b34bea173a5677, attempt=1) 00:38:53.241 [INFO - kudu-tserver:64034] (MiniKuduCluster.java:429)
I0711 00:38:53.240890 8216 consensus_queue.cc:455] T 13410a5b9e644e6f86b34bea173a5677 P 8f3a2b7e9d2f4dc392f47ead5d0f114f [NON_LEADER]: Updated all_replicated watermark from 1.52 to 1.53 00:38:53.242 [INFO - kudu-tserver:64034] (MiniKuduCluster.java:429)
I0711 00:38:53.240926 8216 log_cache.cc:391] T 13410a5b9e644e6f86b34bea173a5677 P 8f3a2b7e9d2f4dc392f47ead5d0f114f: Evicting log cache: after state: Pinned index: 54, LogCacheStats(num_ops=1, bytes=871) 00:38:53.242 [INFO - kudu-tserver:64034] (MiniKuduCluster.java:429)
I0711 00:38:53.241029 7836 raft_consensus.cc:700] T 13410a5b9e644e6f86b34bea173a5677 P 8f3a2b7e9d2f4dc392f47ead5d0f114f [term 1 FOLLOWER]: Replica replied to status only request. Replica: Replica: 8f3a2b7e9d2f4dc392f47ead5d0f114f, State: 1, Role: FOLLOWER 00:38:53.242 [INFO - kudu-tserver:64034] (MiniKuduCluster.java:429) Watermarks: {Received: term: 1 index: 53 Committed: term: 1 index: 52} 00:38:53.242 [INFO - kudu-tserver:64034] (MiniKuduCluster.java:429) . Response: responder_uuid: "8f3a2b7e9d2f4dc392f47ead5d0f114f" responder_term: 1 status { last_received { term: 1 index: 53 } last_committed_idx: 52 last_received_current_leader { term: 1 index: 53 } } 00:38:53.242 [INFO - kudu-tserver:64034] (MiniKuduCluster.java:429)
I0711 00:38:53.242048 7836 raft_consensus.cc:1104] T 13410a5b9e644e6f86b34bea173a5677 P 8f3a2b7e9d2f4dc392f47ead5d0f114f [term 1 FOLLOWER]: Early marking committed up to term: 1 index: 53 00:38:53.242 [INFO - kudu-tserver:64034] (MiniKuduCluster.java:429)
I0711 00:38:53.242065 7836 raft_consensus_state.cc:578] T 13410a5b9e644e6f86b34bea173a5677 P 8f3a2b7e9d2f4dc392f47ead5d0f114f [term 1 FOLLOWER]: Last triggered apply was: term: 1 index: 52 Starting to apply from log index: 53 00:38:53.242 [INFO - kudu-tserver:64034] (MiniKuduCluster.java:429)
I0711 00:38:53.242143 7836 raft_consensus.cc:1215] T 13410a5b9e644e6f86b34bea173a5677 P 8f3a2b7e9d2f4dc392f47ead5d0f114f [term 1 FOLLOWER]: Marking committed up to term: 1 index: 53 00:38:53.242 [INFO - kudu-tserver:64034] (MiniKuduCluster.java:429)
I0711 00:38:53.242156 7836 raft_consensus_state.cc:559] T 13410a5b9e644e6f86b34bea173a5677 P 8f3a2b7e9d2f4dc392f47ead5d0f114f [term 1 FOLLOWER]: Already marked ops through 1.53 as committed. Now trying to mark 1.53 which would be a no-op. 00:38:53.242 [INFO - kudu-tserver:64034] (MiniKuduCluster.java:429)
I0711 00:38:53.242202 7836 raft_consensus.cc:700] T 13410a5b9e644e6f86b34bea173a5677 P 8f3a2b7e9d2f4dc392f47ead5d0f114f [term 1 FOLLOWER]: Replica replied to status only request. Replica: Replica: 8f3a2b7e9d2f4dc392f47ead5d0f114f, State: 1, Role: FOLLOWER 00:38:53.243 [INFO - kudu-tserver:64034] (MiniKuduCluster.java:429) Watermarks: {Received: term: 1 index: 53 Committed: term: 1 index: 53} 00:38:53.243 [INFO - kudu-tserver:64034] (MiniKuduCluster.java:429) . Response: responder_uuid: "8f3a2b7e9d2f4dc392f47ead5d0f114f" responder_term: 1 status { last_received { term: 1 index: 53 } last_committed_idx: 53 last_received_current_leader { term: 1 index: 53 } } 00:38:53.241 [INFO - kudu-tserver:64036] (MiniKuduCluster.java:429)
I0711 00:38:53.241317 8236 consensus_queue.cc:455] T 13410a5b9e644e6f86b34bea173a5677 P b93116846b4a43a1a8398438c81d0239 [LEADER]: Updated majority_replicated watermark from 1.52 to 1.53 00:38:53.243 [INFO - kudu-tserver:64036] (MiniKuduCluster.java:429)
I0711 00:38:53.241341 8236 consensus_queue.cc:455] T 13410a5b9e644e6f86b34bea173a5677 P b93116846b4a43a1a8398438c81d0239 [LEADER]: Updated all_replicated watermark from 1.52 to 1.52 00:38:53.243 [DEBUG - Thread-8] (AsyncKuduScanner.java:812) Sending scan req: new_scan_request { tablet_id: "13410a5b9e644e6f86b34bea173a5677" limit: 9223372036854775807 projected_columns { name: "key" type: INT32 is_key: true is_nullable: false encoding: AUTO_ENCODING compression: DEFAULT_COMPRESSION cfile_block_size: 0 } projected_columns { name: "column1_i" type: INT32 is_key: false is_nullable: false encoding: AUTO_ENCODING compression: DEFAULT_COMPRESSION cfile_block_size: 0 } projected_columns { name: "column2_i" type: INT32 is_key: false is_nullable: false encoding: AUTO_ENCODING compression: DEFAULT_COMPRESSION cfile_block_size: 0 } projected_columns { name: "column3_s" type: STRING is_key: false is_nullable: true encoding: DICT_ENCODING compression: LZ4 cfile_block_size: 0 } projected_columns { name: "column4_b" type: BOOL is_key: false is_nullable: false encoding: AUTO_ENCODING compression: DEFAULT_COMPRESSION cfile_block_size: 0 } read_mode: READ_LATEST propagated_timestamp: 6013737095802318848 cache_blocks: true order_mode: UNORDERED } batch_size_bytes: 1048576 00:38:53.242 [DEBUG - New I/O worker #134] (TabletClient.java:491) ------------------<< LEAVING DECODE <<------------------ time elapsed: 1878us 00:38:53.243 [DEBUG - Thread-8] (TabletClient.java:261) [Peer b93116846b4a43a1a8398438c81d0239] [id: 0xe79a4fff, /127.0.0.1:48701 => /127.29.29.1:64036] Sending RPC #99, payload=BigEndianHeapChannelBuffer(ridx=0, widx=239, cap=239) "\x00\x00\x00\xEB/\x18c2(\n kudu.tserver.TabletServerService\x12\x04ScanP\xF4\x03\xB9\x01\x12\xB2\x01\n 13410a5b9e644e6f86b34bea173a5677\x10\xFF\xFF\xFF\xFF\xFF\xFF\xFF\xFF\x7F"\x11\x12\x03key\x18\x05 \x01(\x00@\x00H\x00P\x00"\x17\x12\tcolumn1_i\x18\x05 \x00(\x00@\x00H\x00P\x00"\x17\x12\tcolumn2_i\x18\x05 \x00(\x00@\x00H\x00P\x00"\x17\x12\tcolumn3_s\x18\x08 \x00(\x01@\x05H\x03P\x00"\x17\x12\tcolumn4_b\x18\t \x00(\x00@\x00H\x00P\x00(\x019\x00\xF0\xE2\xC7\x06\x16uSP\x01X\x01 \x80\x80@" 00:38:53.242 [INFO - kudu-tserver:64032] (MiniKuduCluster.java:429)
I0711 00:38:53.240684 7621 raft_consensus.cc:728] T 13410a5b9e644e6f86b34bea173a5677 P 5d244bfce7964881aa25f36d26bb9cba [term 1 FOLLOWER]: Starting transaction: term: 1 index: 53 00:38:53.244 [INFO - kudu-tserver:64032] (MiniKuduCluster.java:429)
I0711 00:38:53.240965 7621 raft_consensus.cc:1215] T 13410a5b9e644e6f86b34bea173a5677 P 5d244bfce7964881aa25f36d26bb9cba [term 1 FOLLOWER]: Marking committed up to term: 1 index: 52 00:38:53.244 [INFO - kudu-tserver:64032] (MiniKuduCluster.java:429)
I0711 00:38:53.240981 8220 log_cache.cc:214] T 13410a5b9e644e6f86b34bea173a5677 P 5d244bfce7964881aa25f36d26bb9cba: Updating pinned index to 54 00:38:53.244 [INFO - kudu-tserver:64032] (MiniKuduCluster.java:429)
I0711 00:38:53.240985 7621 raft_consensus_state.cc:559] T 13410a5b9e644e6f86b34bea173a5677 P 5d244bfce7964881aa25f36d26bb9cba [term 1 FOLLOWER]: Already marked ops through 1.52 as committed. Now trying to mark 1.52 which would be a no-op. 00:38:53.244 [INFO - kudu-tserver:64032] (MiniKuduCluster.java:429)
I0711 00:38:53.241011 8220 consensus_queue.cc:455] T 13410a5b9e644e6f86b34bea173a5677 P 5d244bfce7964881aa25f36d26bb9cba [NON_LEADER]: Updated all_replicated watermark from 1.52 to 1.53 00:38:53.244 [INFO - kudu-tserver:64032] (MiniKuduCluster.java:429)
I0711 00:38:53.241051 8220 log_cache.cc:391] T 13410a5b9e644e6f86b34bea173a5677 P 5d244bfce7964881aa25f36d26bb9cba: Evicting log cache: after state: Pinned index: 54, LogCacheStats(num_ops=1, bytes=871) 00:38:53.244 [INFO - kudu-tserver:64032] (MiniKuduCluster.java:429)
I0711 00:38:53.241122 7621 raft_consensus.cc:700] T 13410a5b9e644e6f86b34bea173a5677 P 5d244bfce7964881aa25f36d26bb9cba [term 1 FOLLOWER]: Replica replied to status only request. Replica: Replica: 5d244bfce7964881aa25f36d26bb9cba, State: 1, Role: FOLLOWER 00:38:53.244 [INFO - kudu-tserver:64032] (MiniKuduCluster.java:429) Watermarks: {Received: term: 1 index: 53 Committed: term: 1 index: 52} 00:38:53.244 [INFO - kudu-tserver:64032] (MiniKuduCluster.java:429) . Response: responder_uuid: "5d244bfce7964881aa25f36d26bb9cba" responder_term: 1 status { last_received { term: 1 index: 53 } last_committed_idx: 52 last_received_current_leader { term: 1 index: 53 } } 00:38:53.243 [DEBUG - New I/O worker #134] (TabletClient.java:636) [Peer b93116846b4a43a1a8398438c81d0239] [id: 0xe79a4fff, /127.0.0.1:48701 => /127.29.29.1:64036] RECEIVED: BigEndianHeapChannelBuffer(ridx=0, widx=19, cap=19) 00:38:53.244 [DEBUG - New I/O worker #134] (TabletClient.java:359) ------------------>> ENTERING DECODE >>------------------ 00:38:53.243 [INFO - kudu-tserver:64036] (MiniKuduCluster.java:429)
I0711 00:38:53.241379 8236 log_cache.cc:391] T 13410a5b9e644e6f86b34bea173a5677 P b93116846b4a43a1a8398438c81d0239: Evicting log cache: after state: Pinned index: 54, LogCacheStats(num_ops=1, bytes=847) 00:38:53.245 [DEBUG - New I/O worker #134] (TabletClient.java:426) [Peer b93116846b4a43a1a8398438c81d0239] rpcid=98, response size=19 bytes, 0 readable bytes left, rpc=KuduRpc(method=Write, tablet=13410a5b9e644e6f86b34bea173a5677, attempt=1, DeadlineTracker(timeout=30000, elapsed=8), Deferred@1283723635(state=PENDING, result=null, callback=wakeup thread Thread-7, errback=wakeup thread Thread-7)) row_key=(int32 key=78) 00:38:53.244 [INFO - kudu-tserver:64032] (MiniKuduCluster.java:429)
I0711 00:38:53.242064 7621 raft_consensus.cc:1104] T 13410a5b9e644e6f86b34bea173a5677 P 5d244bfce7964881aa25f36d26bb9cba [term 1 FOLLOWER]: Early marking committed up to term: 1 index: 53 00:38:53.245 [INFO - kudu-tserver:64032] (MiniKuduCluster.java:429)
I0711 00:38:53.242084 7621 raft_consensus_state.cc:578] T 13410a5b9e644e6f86b34bea173a5677 P 5d244bfce7964881aa25f36d26bb9cba [term 1 FOLLOWER]: Last triggered apply was: term: 1 index: 52 Starting to apply from log index: 53 00:38:53.245 [INFO - kudu-tserver:64032] (MiniKuduCluster.java:429)
I0711 00:38:53.242167 7621 raft_consensus.cc:1215] T 13410a5b9e644e6f86b34bea173a5677 P 5d244bfce7964881aa25f36d26bb9cba [term 1 FOLLOWER]: Marking committed up to term: 1 index: 53 00:38:53.245 [INFO - kudu-tserver:64032] (MiniKuduCluster.java:429)
I0711 00:38:53.242195 7621 raft_consensus_state.cc:559] T 13410a5b9e644e6f86b34bea173a5677 P 5d244bfce7964881aa25f36d26bb9cba [term 1 FOLLOWER]: Already marked ops through 1.53 as committed. Now trying to mark 1.53 which would be a no-op. 00:38:53.245 [INFO - kudu-tserver:64032] (MiniKuduCluster.java:429)
I0711 00:38:53.242230 7621 raft_consensus.cc:700] T 13410a5b9e644e6f86b34bea173a5677 P 5d244bfce7964881aa25f36d26bb9cba [term 1 FOLLOWER]: Replica replied to status only request. Replica: Replica: 5d244bfce7964881aa25f36d26bb9cba, State: 1, Role: FOLLOWER 00:38:53.245 [DEBUG - Thread-7] (TabletClient.java:261) [Peer b93116846b4a43a1a8398438c81d0239] [id: 0xe79a4fff, /127.0.0.1:48701 => /127.29.29.1:64036] Sending RPC #100, payload=BigEndianHeapChannelBuffer(ridx=0, widx=267, cap=267) "\x00\x00\x01\x070\x18d2)\n kudu.tserver.TabletServerService\x12\x05WriteP\xF4\x03\xD4\x01\n 13410a5b9e644e6f86b34bea173a5677\x12w\n\x11\x12\x03key\x18\x05 \x01(\x00@\x00H\x00P\x00\n\x17\x12\tcolumn1_i\x18\x05 \x00(\x00@\x00H\x00P\x00\n\x17\x12\tcolumn2_i\x18\x05 \x00(\x00@\x00H\x00P\x00\n\x17\x12\tcolumn3_s\x18\x08 \x00(\x01@\x05H\x03P\x00\n\x17\x12\tcolumn4_b\x18\t \x00(\x00@\x00H\x00P\x00\x1A,\x12 \x01\x1F\x00O\x00\x00\x00\x02\x00\x00\x00\x03\x00\x00\x00\x00\x00\x00\x00\x00\x00\x00\x00\x08\x00\x00\x00\x00\x00\x00\x00\x01\x1A\x08a string \x01)\x00\xF0\xE2\xC7\x06\x16uS" 00:38:53.245 [DEBUG - New I/O worker #134] (TabletClient.java:491) ------------------<< LEAVING DECODE <<------------------ time elapsed: 479us 00:38:53.245 [INFO - kudu-tserver:64036] (MiniKuduCluster.java:429)
I0711 00:38:53.241418 8227 consensus_queue.cc:455] T 13410a5b9e644e6f86b34bea173a5677 P b93116846b4a43a1a8398438c81d0239 [LEADER]: Updated majority_replicated watermark from 1.53 to 1.53 00:38:53.246 [DEBUG - New I/O worker #134] (TabletClient.java:636) [Peer b93116846b4a43a1a8398438c81d0239] [id: 0xe79a4fff, /127.0.0.1:48701 => /127.29.29.1:64036] WRITTEN_AMOUNT: 506 00:38:53.245 [INFO - kudu-tserver:64032] (MiniKuduCluster.java:429) Watermarks: {Received: term: 1 index: 53 Committed: term: 1 index: 53} 00:38:53.246 [INFO - kudu-tserver:64032] (MiniKuduCluster.java:429) . Response: responder_uuid: "5d244bfce7964881aa25f36d26bb9cba" responder_term: 1 status { last_received { term: 1 index: 53 } last_committed_idx: 53 last_received_current_leader { term: 1 index: 53 } } 00:38:53.246 [INFO - kudu-tserver:64036] (MiniKuduCluster.java:429)
I0711 00:38:53.241436 8227 consensus_queue.cc:455] T 13410a5b9e644e6f86b34bea173a5677 P b93116846b4a43a1a8398438c81d0239 [LEADER]: Updated all_replicated watermark from 1.52 to 1.53 00:38:53.246 [INFO - kudu-tserver:64036] (MiniKuduCluster.java:429)
I0711 00:38:53.241446 8227 log_cache.cc:391] T 13410a5b9e644e6f86b34bea173a5677 P b93116846b4a43a1a8398438c81d0239: Evicting log cache: after state: Pinned index: 54, LogCacheStats(num_ops=1, bytes=847) 00:38:53.246 [INFO - kudu-tserver:64036] (MiniKuduCluster.java:429)
I0711 00:38:53.241478 8240 raft_consensus.cc:588] T 13410a5b9e644e6f86b34bea173a5677 P b93116846b4a43a1a8398438c81d0239 [term 1 LEADER]: Marking majority replicated up to term: 1 index: 53 00:38:53.246 [INFO - kudu-tserver:64036] (MiniKuduCluster.java:429)
I0711 00:38:53.241494 8240 raft_consensus_state.cc:578] T 13410a5b9e644e6f86b34bea173a5677 P b93116846b4a43a1a8398438c81d0239 [term 1 LEADER]: Last triggered apply was: term: 1 index: 52 Starting to apply from log index: 53 00:38:53.247 [INFO - kudu-tserver:64036] (MiniKuduCluster.java:429)
I0711 00:38:53.241649 8240 raft_consensus.cc:588] T 13410a5b9e644e6f86b34bea173a5677 P b93116846b4a43a1a8398438c81d0239 [term 1 LEADER]: Marking majority replicated up to term: 1 index: 53 00:38:53.247 [INFO - kudu-tserver:64036] (MiniKuduCluster.java:429)
I0711 00:38:53.241659 8240 raft_consensus_state.cc:559] T 13410a5b9e644e6f86b34bea173a5677 P b93116846b4a43a1a8398438c81d0239 [term 1 LEADER]: Already marked ops through 1.53 as committed. Now trying to mark 1.53 which would be a no-op. 00:38:53.247 [INFO - kudu-tserver:64036] (MiniKuduCluster.java:429)
I0711 00:38:53.242535 8236 consensus_queue.cc:455] T 13410a5b9e644e6f86b34bea173a5677 P b93116846b4a43a1a8398438c81d0239 [LEADER]: Updated majority_replicated watermark from 1.53 to 1.53 00:38:53.247 [INFO - kudu-tserver:64036] (MiniKuduCluster.java:429)
I0711 00:38:53.242552 8236 consensus_queue.cc:455] T 13410a5b9e644e6f86b34bea173a5677 P b93116846b4a43a1a8398438c81d0239 [LEADER]: Updated all_replicated watermark from 1.53 to 1.53 00:38:53.247 [INFO - kudu-tserver:64036] (MiniKuduCluster.java:429)
I0711 00:38:53.242584 8236 log_cache.cc:391] T 13410a5b9e644e6f86b34bea173a5677 P b93116846b4a43a1a8398438c81d0239: Evicting log cache: after state: Pinned index: 54, LogCacheStats(num_ops=0, bytes=0) 00:38:53.247 [INFO - kudu-tserver:64036] (MiniKuduCluster.java:429)
I0711 00:38:53.242621 8227 consensus_queue.cc:455] T 13410a5b9e644e6f86b34bea173a5677 P b93116846b4a43a1a8398438c81d0239 [LEADER]: Updated majority_replicated watermark from 1.53 to 1.53 00:38:53.247 [INFO - kudu-tserver:64036] (MiniKuduCluster.java:429)
I0711 00:38:53.242638 8227 consensus_queue.cc:455] T 13410a5b9e644e6f86b34bea173a5677 P b93116846b4a43a1a8398438c81d0239 [LEADER]: Updated all_replicated watermark from 1.53 to 1.53 00:38:53.247 [INFO - kudu-tserver:64036] (MiniKuduCluster.java:429)
I0711 00:38:53.242648 8227 log_cache.cc:391] T 13410a5b9e644e6f86b34bea173a5677 P b93116846b4a43a1a8398438c81d0239: Evicting log cache: after state: Pinned index: 54, LogCacheStats(num_ops=0, bytes=0) 00:38:53.247 [INFO - kudu-tserver:64036] (MiniKuduCluster.java:429)
I0711 00:38:53.242719 8240 raft_consensus.cc:588] T 13410a5b9e644e6f86b34bea173a5677 P b93116846b4a43a1a8398438c81d0239 [term 1 LEADER]: Marking majority replicated up to term: 1 index: 53 00:38:53.247 [INFO - kudu-tserver:64036] (MiniKuduCluster.java:429)
I0711 00:38:53.242733 8240 raft_consensus_state.cc:559] T 13410a5b9e644e6f86b34bea173a5677 P b93116846b4a43a1a8398438c81d0239 [term 1 LEADER]: Already marked ops through 1.53 as committed. Now trying to mark 1.53 which would be a no-op. 00:38:53.247 [INFO - kudu-tserver:64036] (MiniKuduCluster.java:429)
I0711 00:38:53.242780 8240 raft_consensus.cc:588] T 13410a5b9e644e6f86b34bea173a5677 P b93116846b4a43a1a8398438c81d0239 [term 1 LEADER]: Marking majority replicated up to term: 1 index: 53 00:38:53.247 [INFO - kudu-tserver:64036] (MiniKuduCluster.java:429)
I0711 00:38:53.242787 8240 raft_consensus_state.cc:559] T 13410a5b9e644e6f86b34bea173a5677 P b93116846b4a43a1a8398438c81d0239 [term 1 LEADER]: Already marked ops through 1.53 as committed. Now trying to mark 1.53 which would be a no-op. 00:38:53.247 [DEBUG - New I/O worker #134] (TabletClient.java:636) [Peer b93116846b4a43a1a8398438c81d0239] [id: 0xe79a4fff, /127.0.0.1:48701 => /127.29.29.1:64036] RECEIVED: BigEndianHeapChannelBuffer(ridx=0, widx=3040, cap=3040) 00:38:53.248 [DEBUG - New I/O worker #134] (TabletClient.java:359) ------------------>> ENTERING DECODE >>------------------ 00:38:53.247 [INFO - kudu-tserver:64036] (MiniKuduCluster.java:429)
I0711 00:38:53.246992 7913 tablet_service.cc:1501] Started scanner 6502ea4c50a040b08335638f25cd2669: tablet iterator: Union(memrowset iterator) 00:38:53.248 [INFO - kudu-tserver:64036] (MiniKuduCluster.java:429)
I0711 00:38:53.247228 8225 log_cache.cc:214] T 13410a5b9e644e6f86b34bea173a5677 P b93116846b4a43a1a8398438c81d0239: Updating pinned index to 55 00:38:53.248 [INFO - kudu-tserver:64036] (MiniKuduCluster.java:429)
I0711 00:38:53.247263 8225 consensus_queue.cc:455] T 13410a5b9e644e6f86b34bea173a5677 P b93116846b4a43a1a8398438c81d0239 [LEADER]: Updated majority_replicated watermark from 1.53 to 1.53 00:38:53.248 [INFO - kudu-tserver:64036] (MiniKuduCluster.java:429)
I0711 00:38:53.247274 8225 consensus_queue.cc:455] T 13410a5b9e644e6f86b34bea173a5677 P b93116846b4a43a1a8398438c81d0239 [LEADER]: Updated all_replicated watermark from 1.53 to 1.53 00:38:53.248 [INFO - kudu-tserver:64036] (MiniKuduCluster.java:429)
I0711 00:38:53.247284 8225 log_cache.cc:391] T 13410a5b9e644e6f86b34bea173a5677 P b93116846b4a43a1a8398438c81d0239: Evicting log cache: after state: Pinned index: 55, LogCacheStats(num_ops=1, bytes=847) 00:38:53.248 [INFO - kudu-tserver:64036] (MiniKuduCluster.java:429)
I0711 00:38:53.247382 8240 raft_consensus.cc:588] T 13410a5b9e644e6f86b34bea173a5677 P b93116846b4a43a1a8398438c81d0239 [term 1 LEADER]: Marking majority replicated up to term: 1 index: 53 00:38:53.247 [INFO - kudu-tserver:64032] (MiniKuduCluster.java:429)
I0711 00:38:53.247900 7621 raft_consensus.cc:1104] T 13410a5b9e644e6f86b34bea173a5677 P 5d244bfce7964881aa25f36d26bb9cba [term 1 FOLLOWER]: Early marking committed up to term: 0 index: 0 00:38:53.248 [INFO - kudu-tserver:64032] (MiniKuduCluster.java:429)
I0711 00:38:53.247926 7621 raft_consensus_state.cc:559] T 13410a5b9e644e6f86b34bea173a5677 P 5d244bfce7964881aa25f36d26bb9cba [term 1 FOLLOWER]: Already marked ops through 1.53 as committed. Now trying to mark 0.0 which would be a no-op. 00:38:53.249 [INFO - kudu-tserver:64032] (MiniKuduCluster.java:429)
I0711 00:38:53.247942 7621 raft_consensus.cc:728] T 13410a5b9e644e6f86b34bea173a5677 P 5d244bfce7964881aa25f36d26bb9cba [term 1 FOLLOWER]: Starting transaction: term: 1 index: 54 00:38:53.247 [INFO - kudu-tserver:64034] (MiniKuduCluster.java:429)
I0711 00:38:53.247869 7836 raft_consensus.cc:1104] T 13410a5b9e644e6f86b34bea173a5677 P 8f3a2b7e9d2f4dc392f47ead5d0f114f [term 1 FOLLOWER]: Early marking committed up to term: 0 index: 0 00:38:53.249 [INFO - kudu-tserver:64034] (MiniKuduCluster.java:429)
I0711 00:38:53.247896 7836 raft_consensus_state.cc:559] T 13410a5b9e644e6f86b34bea173a5677 P 8f3a2b7e9d2f4dc392f47ead5d0f114f [term 1 FOLLOWER]: Already marked ops through 1.53 as committed. Now trying to mark 0.0 which would be a no-op. 00:38:53.249 [INFO - kudu-tserver:64032] (MiniKuduCluster.java:429)
I0711 00:38:53.248376 7621 raft_consensus.cc:1215] T 13410a5b9e644e6f86b34bea173a5677 P 5d244bfce7964881aa25f36d26bb9cba [term 1 FOLLOWER]: Marking committed up to term: 1 index: 53 00:38:53.249 [INFO - kudu-tserver:64032] (MiniKuduCluster.java:429)
I0711 00:38:53.248394 7621 raft_consensus_state.cc:559] T 13410a5b9e644e6f86b34bea173a5677 P 5d244bfce7964881aa25f36d26bb9cba [term 1 FOLLOWER]: Already marked ops through 1.53 as committed. Now trying to mark 1.53 which would be a no-op. 00:38:53.249 [INFO - kudu-tserver:64032] (MiniKuduCluster.java:429)
I0711 00:38:53.248421 8220 log_cache.cc:214] T 13410a5b9e644e6f86b34bea173a5677 P 5d244bfce7964881aa25f36d26bb9cba: Updating pinned index to 55 00:38:53.249 [INFO - kudu-tserver:64032] (MiniKuduCluster.java:429)
I0711 00:38:53.248450 8220 consensus_queue.cc:455] T 13410a5b9e644e6f86b34bea173a5677 P 5d244bfce7964881aa25f36d26bb9cba [NON_LEADER]: Updated all_replicated watermark from 1.53 to 1.54 00:38:53.249 [INFO - kudu-tserver:64032] (MiniKuduCluster.java:429)
I0711 00:38:53.248481 8220 log_cache.cc:391] T 13410a5b9e644e6f86b34bea173a5677 P 5d244bfce7964881aa25f36d26bb9cba: Evicting log cache: after state: Pinned index: 55, LogCacheStats(num_ops=1, bytes=871) 00:38:53.249 [INFO - kudu-tserver:64032] (MiniKuduCluster.java:429)
I0711 00:38:53.248575 7621 raft_consensus.cc:700] T 13410a5b9e644e6f86b34bea173a5677 P 5d244bfce7964881aa25f36d26bb9cba [term 1 FOLLOWER]: Replica replied to status only request. Replica: Replica: 5d244bfce7964881aa25f36d26bb9cba, State: 1, Role: FOLLOWER 00:38:53.249 [INFO - kudu-tserver:64032] (MiniKuduCluster.java:429) Watermarks: {Received: term: 1 index: 54 Committed: term: 1 index: 53} 00:38:53.249 [INFO - kudu-tserver:64032] (MiniKuduCluster.java:429) . Response: responder_uuid: "5d244bfce7964881aa25f36d26bb9cba" responder_term: 1 status { last_received { term: 1 index: 54 } last_committed_idx: 53 last_received_current_leader { term: 1 index: 54 } } 00:38:53.248 [INFO - kudu-tserver:64036] (MiniKuduCluster.java:429)
I0711 00:38:53.247393 8240 raft_consensus_state.cc:559] T 13410a5b9e644e6f86b34bea173a5677 P b93116846b4a43a1a8398438c81d0239 [term 1 LEADER]: Already marked ops through 1.53 as committed. Now trying to mark 1.53 which would be a no-op. 00:38:53.250 [INFO - kudu-tserver:64036] (MiniKuduCluster.java:429)
I0711 00:38:53.248839 8236 consensus_queue.cc:455] T 13410a5b9e644e6f86b34bea173a5677 P b93116846b4a43a1a8398438c81d0239 [LEADER]: Updated majority_replicated watermark from 1.53 to 1.54 00:38:53.250 [INFO - kudu-tserver:64036] (MiniKuduCluster.java:429)
I0711 00:38:53.248857 8236 consensus_queue.cc:455] T 13410a5b9e644e6f86b34bea173a5677 P b93116846b4a43a1a8398438c81d0239 [LEADER]: Updated all_replicated watermark from 1.53 to 1.53 00:38:53.250 [INFO - kudu-tserver:64036] (MiniKuduCluster.java:429)
I0711 00:38:53.248867 8236 log_cache.cc:391] T 13410a5b9e644e6f86b34bea173a5677 P b93116846b4a43a1a8398438c81d0239: Evicting log cache: after state: Pinned index: 55, LogCacheStats(num_ops=1, bytes=847) 00:38:53.250 [INFO - kudu-tserver:64036] (MiniKuduCluster.java:429)
I0711 00:38:53.248903 8227 consensus_queue.cc:455] T 13410a5b9e644e6f86b34bea173a5677 P b93116846b4a43a1a8398438c81d0239 [LEADER]: Updated majority_replicated watermark from 1.54 to 1.54 00:38:53.250 [INFO - kudu-tserver:64036] (MiniKuduCluster.java:429)
I0711 00:38:53.248919 8227 consensus_queue.cc:455] T 13410a5b9e644e6f86b34bea173a5677 P b93116846b4a43a1a8398438c81d0239 [LEADER]: Updated all_replicated watermark from 1.53 to 1.54 00:38:53.250 [INFO - kudu-tserver:64036] (MiniKuduCluster.java:429)
I0711 00:38:53.248930 8227 log_cache.cc:391] T 13410a5b9e644e6f86b34bea173a5677 P b93116846b4a43a1a8398438c81d0239: Evicting log cache: after state: Pinned index: 55, LogCacheStats(num_ops=1, bytes=847) 00:38:53.250 [INFO - kudu-tserver:64036] (MiniKuduCluster.java:429)
I0711 00:38:53.248980 8240 raft_consensus.cc:588] T 13410a5b9e644e6f86b34bea173a5677 P b93116846b4a43a1a8398438c81d0239 [term 1 LEADER]: Marking majority replicated up to term: 1 index: 54 00:38:53.250 [INFO - kudu-tserver:64036] (MiniKuduCluster.java:429)
I0711 00:38:53.248996 8240 raft_consensus_state.cc:578] T 13410a5b9e644e6f86b34bea173a5677 P b93116846b4a43a1a8398438c81d0239 [term 1 LEADER]: Last triggered apply was: term: 1 index: 53 Starting to apply from log index: 54 00:38:53.250 [INFO - kudu-tserver:64036] (MiniKuduCluster.java:429)
I0711 00:38:53.249112 8240 raft_consensus.cc:588] T 13410a5b9e644e6f86b34bea173a5677 P b93116846b4a43a1a8398438c81d0239 [term 1 LEADER]: Marking majority replicated up to term: 1 index: 54 00:38:53.250 [INFO - kudu-tserver:64036] (MiniKuduCluster.java:429)
I0711 00:38:53.249122 8240 raft_consensus_state.cc:559] T 13410a5b9e644e6f86b34bea173a5677 P b93116846b4a43a1a8398438c81d0239 [term 1 LEADER]: Already marked ops through 1.54 as committed. Now trying to mark 1.54 which would be a no-op. 00:38:53.251 [INFO - kudu-tserver:64036] (MiniKuduCluster.java:429)
I0711 00:38:53.249922 8236 consensus_queue.cc:455] T 13410a5b9e644e6f86b34bea173a5677 P b93116846b4a43a1a8398438c81d0239 [LEADER]: Updated majority_replicated watermark from 1.54 to 1.54 00:38:53.251 [INFO - kudu-tserver:64036] (MiniKuduCluster.java:429)
I0711 00:38:53.249938 8236 consensus_queue.cc:455] T 13410a5b9e644e6f86b34bea173a5677 P b93116846b4a43a1a8398438c81d0239 [LEADER]: Updated all_replicated watermark from 1.54 to 1.54 00:38:53.251 [INFO - kudu-tserver:64036] (MiniKuduCluster.java:429)
I0711 00:38:53.249968 8236 log_cache.cc:391] T 13410a5b9e644e6f86b34bea173a5677 P b93116846b4a43a1a8398438c81d0239: Evicting log cache: after state: Pinned index: 55, LogCacheStats(num_ops=0, bytes=0) 00:38:53.248 [DEBUG - New I/O worker #134] (AsyncKuduScanner.java:847) AsyncKuduScanner$Response(scannerId="", data=RowResultIterator for 79 rows, more=false) 00:38:53.251 [INFO - kudu-tserver:64036] (MiniKuduCluster.java:429)
I0711 00:38:53.250002 8227 consensus_queue.cc:455] T 13410a5b9e644e6f86b34bea173a5677 P b93116846b4a43a1a8398438c81d0239 [LEADER]: Updated majority_replicated watermark from 1.54 to 1.54 00:38:53.251 [INFO - kudu-tserver:64036] (MiniKuduCluster.java:429)
I0711 00:38:53.250018 8227 consensus_queue.cc:455] T 13410a5b9e644e6f86b34bea173a5677 P b93116846b4a43a1a8398438c81d0239 [LEADER]: Updated all_replicated watermark from 1.54 to 1.54 00:38:53.251 [INFO - kudu-tserver:64036] (MiniKuduCluster.java:429)
I0711 00:38:53.250028 8227 log_cache.cc:391] T 13410a5b9e644e6f86b34bea173a5677 P b93116846b4a43a1a8398438c81d0239: Evicting log cache: after state: Pinned index: 55, LogCacheStats(num_ops=0, bytes=0) 00:38:53.251 [INFO - kudu-tserver:64036] (MiniKuduCluster.java:429)
I0711 00:38:53.250068 8240 raft_consensus.cc:588] T 13410a5b9e644e6f86b34bea173a5677 P b93116846b4a43a1a8398438c81d0239 [term 1 LEADER]: Marking majority replicated up to term: 1 index: 54 00:38:53.251 [INFO - kudu-tserver:64036] (MiniKuduCluster.java:429)
I0711 00:38:53.250080 8240 raft_consensus_state.cc:559] T 13410a5b9e644e6f86b34bea173a5677 P b93116846b4a43a1a8398438c81d0239 [term 1 LEADER]: Already marked ops through 1.54 as committed. Now trying to mark 1.54 which would be a no-op. 00:38:53.251 [INFO - kudu-tserver:64036] (MiniKuduCluster.java:429)
I0711 00:38:53.250128 8240 raft_consensus.cc:588] T 13410a5b9e644e6f86b34bea173a5677 P b93116846b4a43a1a8398438c81d0239 [term 1 LEADER]: Marking majority replicated up to term: 1 index: 54 00:38:53.250 [INFO - kudu-tserver:64032] (MiniKuduCluster.java:429)
I0711 00:38:53.249550 7621 raft_consensus.cc:1104] T 13410a5b9e644e6f86b34bea173a5677 P 5d244bfce7964881aa25f36d26bb9cba [term 1 FOLLOWER]: Early marking committed up to term: 1 index: 54 00:38:53.252 [INFO - kudu-tserver:64032] (MiniKuduCluster.java:429)
I0711 00:38:53.249568 7621 raft_consensus_state.cc:578] T 13410a5b9e644e6f86b34bea173a5677 P 5d244bfce7964881aa25f36d26bb9cba [term 1 FOLLOWER]: Last triggered apply was: term: 1 index: 53 Starting to apply from log index: 54 00:38:53.252 [INFO - kudu-tserver:64032] (MiniKuduCluster.java:429)
I0711 00:38:53.249645 7621 raft_consensus.cc:1215] T 13410a5b9e644e6f86b34bea173a5677 P 5d244bfce7964881aa25f36d26bb9cba [term 1 FOLLOWER]: Marking committed up to term: 1 index: 54 00:38:53.252 [INFO - kudu-tserver:64032] (MiniKuduCluster.java:429)
I0711 00:38:53.249658 7621 raft_consensus_state.cc:559] T 13410a5b9e644e6f86b34bea173a5677 P 5d244bfce7964881aa25f36d26bb9cba [term 1 FOLLOWER]: Already marked ops through 1.54 as committed. Now trying to mark 1.54 which would be a no-op. 00:38:53.252 [INFO - kudu-tserver:64032] (MiniKuduCluster.java:429)
I0711 00:38:53.249689 7621 raft_consensus.cc:700] T 13410a5b9e644e6f86b34bea173a5677 P 5d244bfce7964881aa25f36d26bb9cba [term 1 FOLLOWER]: Replica replied to status only request. Replica: Replica: 5d244bfce7964881aa25f36d26bb9cba, State: 1, Role: FOLLOWER 00:38:53.252 [INFO - kudu-tserver:64032] (MiniKuduCluster.java:429) Watermarks: {Received: term: 1 index: 54 Committed: term: 1 index: 54} 00:38:53.252 [INFO - kudu-tserver:64032] (MiniKuduCluster.java:429) . Response: responder_uuid: "5d244bfce7964881aa25f36d26bb9cba" responder_term: 1 status { last_received { term: 1 index: 54 } last_committed_idx: 54 last_received_current_leader { term: 1 index: 54 } } 00:38:53.249 [INFO - kudu-tserver:64034] (MiniKuduCluster.java:429)
I0711 00:38:53.247913 7836 raft_consensus.cc:728] T 13410a5b9e644e6f86b34bea173a5677 P 8f3a2b7e9d2f4dc392f47ead5d0f114f [term 1 FOLLOWER]: Starting transaction: term: 1 index: 54 00:38:53.252 [INFO - kudu-tserver:64034] (MiniKuduCluster.java:429)
I0711 00:38:53.248144 7836 raft_consensus.cc:1215] T 13410a5b9e644e6f86b34bea173a5677 P 8f3a2b7e9d2f4dc392f47ead5d0f114f [term 1 FOLLOWER]: Marking committed up to term: 1 index: 53 00:38:53.252 [INFO - kudu-tserver:64036] (MiniKuduCluster.java:429)
I0711 00:38:53.250133 8240 raft_consensus_state.cc:559] T 13410a5b9e644e6f86b34bea173a5677 P b93116846b4a43a1a8398438c81d0239 [term 1 LEADER]: Already marked ops through 1.54 as committed. Now trying to mark 1.54 which would be a no-op. 00:38:53.251 [DEBUG - New I/O worker #134] (TabletClient.java:426) [Peer b93116846b4a43a1a8398438c81d0239] rpcid=99, response size=3040 bytes, 0 readable bytes left, rpc=ScanRequest(scannerId=null, tabletSlice=13410a5b9e644e6f86b34bea173a5677, attempt=1) 00:38:53.252 [INFO - kudu-tserver:64034] (MiniKuduCluster.java:429)
I0711 00:38:53.248159 7836 raft_consensus_state.cc:559] T 13410a5b9e644e6f86b34bea173a5677 P 8f3a2b7e9d2f4dc392f47ead5d0f114f [term 1 FOLLOWER]: Already marked ops through 1.53 as committed. Now trying to mark 1.53 which would be a no-op. 00:38:53.253 [INFO - Thread-8] (ITClient.java:374) New row count 79 00:38:53.253 [DEBUG - New I/O worker #134] (TabletClient.java:491) ------------------<< LEAVING DECODE <<------------------ time elapsed: 5102us 00:38:53.253 [INFO - kudu-tserver:64034] (MiniKuduCluster.java:429)
I0711 00:38:53.248342 8216 log_cache.cc:214] T 13410a5b9e644e6f86b34bea173a5677 P 8f3a2b7e9d2f4dc392f47ead5d0f114f: Updating pinned index to 55 00:38:53.253 [INFO - kudu-tserver:64034] (MiniKuduCluster.java:429)
I0711 00:38:53.248394 8216 consensus_queue.cc:455] T 13410a5b9e644e6f86b34bea173a5677 P 8f3a2b7e9d2f4dc392f47ead5d0f114f [NON_LEADER]: Updated all_replicated watermark from 1.53 to 1.54 00:38:53.253 [INFO - kudu-tserver:64034] (MiniKuduCluster.java:429)
I0711 00:38:53.248445 8216 log_cache.cc:391] T 13410a5b9e644e6f86b34bea173a5677 P 8f3a2b7e9d2f4dc392f47ead5d0f114f: Evicting log cache: after state: Pinned index: 55, LogCacheStats(num_ops=1, bytes=871) 00:38:53.253 [INFO - kudu-tserver:64034] (MiniKuduCluster.java:429)
