I0711 00:38:53.400199 8220 consensus_queue.cc:455] T 13410a5b9e644e6f86b34bea173a5677 P 5d244bfce7964881aa25f36d26bb9cba [NON_LEADER]: Updated all_replicated watermark from 1.72 to 1.73 00:38:53.400 [INFO - kudu-tserver:64032] (MiniKuduCluster.java:429)
I0711 00:38:53.400235 8220 log_cache.cc:391] T 13410a5b9e644e6f86b34bea173a5677 P 5d244bfce7964881aa25f36d26bb9cba: Evicting log cache: after state: Pinned index: 74, LogCacheStats(num_ops=1, bytes=871) 00:38:53.401 [INFO - kudu-tserver:64032] (MiniKuduCluster.java:429)
I0711 00:38:53.400315 7621 raft_consensus.cc:700] T 13410a5b9e644e6f86b34bea173a5677 P 5d244bfce7964881aa25f36d26bb9cba [term 1 FOLLOWER]: Replica replied to status only request. Replica: Replica: 5d244bfce7964881aa25f36d26bb9cba, State: 1, Role: FOLLOWER 00:38:53.401 [INFO - kudu-tserver:64032] (MiniKuduCluster.java:429) Watermarks: {Received: term: 1 index: 73 Committed: term: 1 index: 72} 00:38:53.401 [INFO - kudu-tserver:64032] (MiniKuduCluster.java:429) . Response: responder_uuid: "5d244bfce7964881aa25f36d26bb9cba" responder_term: 1 status { last_received { term: 1 index: 73 } last_committed_idx: 72 last_received_current_leader { term: 1 index: 73 } } 00:38:53.400 [INFO - kudu-tserver:64034] (MiniKuduCluster.java:429)
I0711 00:38:53.400154 7836 raft_consensus.cc:1215] T 13410a5b9e644e6f86b34bea173a5677 P 8f3a2b7e9d2f4dc392f47ead5d0f114f [term 1 FOLLOWER]: Marking committed up to term: 1 index: 72 00:38:53.401 [INFO - kudu-tserver:64034] (MiniKuduCluster.java:429)
I0711 00:38:53.400171 7836 raft_consensus_state.cc:559] T 13410a5b9e644e6f86b34bea173a5677 P 8f3a2b7e9d2f4dc392f47ead5d0f114f [term 1 FOLLOWER]: Already marked ops through 1.72 as committed. Now trying to mark 1.72 which would be a no-op. 00:38:53.401 [INFO - kudu-tserver:64034] (MiniKuduCluster.java:429)
I0711 00:38:53.400236 8216 log_cache.cc:214] T 13410a5b9e644e6f86b34bea173a5677 P 8f3a2b7e9d2f4dc392f47ead5d0f114f: Updating pinned index to 74 00:38:53.401 [INFO - kudu-tserver:64034] (MiniKuduCluster.java:429)
I0711 00:38:53.400264 8216 consensus_queue.cc:455] T 13410a5b9e644e6f86b34bea173a5677 P 8f3a2b7e9d2f4dc392f47ead5d0f114f [NON_LEADER]: Updated all_replicated watermark from 1.72 to 1.73 00:38:53.401 [INFO - kudu-tserver:64034] (MiniKuduCluster.java:429)
I0711 00:38:53.400290 8216 log_cache.cc:391] T 13410a5b9e644e6f86b34bea173a5677 P 8f3a2b7e9d2f4dc392f47ead5d0f114f: Evicting log cache: after state: Pinned index: 74, LogCacheStats(num_ops=1, bytes=871) 00:38:53.401 [INFO - kudu-tserver:64034] (MiniKuduCluster.java:429)
I0711 00:38:53.400367 7836 raft_consensus.cc:700] T 13410a5b9e644e6f86b34bea173a5677 P 8f3a2b7e9d2f4dc392f47ead5d0f114f [term 1 FOLLOWER]: Replica replied to status only request. Replica: Replica: 8f3a2b7e9d2f4dc392f47ead5d0f114f, State: 1, Role: FOLLOWER 00:38:53.401 [INFO - kudu-tserver:64034] (MiniKuduCluster.java:429) Watermarks: {Received: term: 1 index: 73 Committed: term: 1 index: 72} 00:38:53.401 [INFO - kudu-tserver:64034] (MiniKuduCluster.java:429) . Response: responder_uuid: "8f3a2b7e9d2f4dc392f47ead5d0f114f" responder_term: 1 status { last_received { term: 1 index: 73 } last_committed_idx: 72 last_received_current_leader { term: 1 index: 73 } } 00:38:53.401 [INFO - kudu-tserver:64034] (MiniKuduCluster.java:429)
I0711 00:38:53.401324 7836 raft_consensus.cc:1104] T 13410a5b9e644e6f86b34bea173a5677 P 8f3a2b7e9d2f4dc392f47ead5d0f114f [term 1 FOLLOWER]: Early marking committed up to term: 1 index: 73 00:38:53.399 [INFO - kudu-tserver:64036] (MiniKuduCluster.java:429)
I0711 00:38:53.399459 8240 raft_consensus_state.cc:559] T 13410a5b9e644e6f86b34bea173a5677 P b93116846b4a43a1a8398438c81d0239 [term 1 LEADER]: Already marked ops through 1.72 as committed. Now trying to mark 1.72 which would be a no-op. 00:38:53.401 [INFO - kudu-tserver:64034] (MiniKuduCluster.java:429)
I0711 00:38:53.401341 7836 raft_consensus_state.cc:578] T 13410a5b9e644e6f86b34bea173a5677 P 8f3a2b7e9d2f4dc392f47ead5d0f114f [term 1 FOLLOWER]: Last triggered apply was: term: 1 index: 72 Starting to apply from log index: 73 00:38:53.402 [INFO - kudu-tserver:64034] (MiniKuduCluster.java:429)
I0711 00:38:53.401420 7836 raft_consensus.cc:1215] T 13410a5b9e644e6f86b34bea173a5677 P 8f3a2b7e9d2f4dc392f47ead5d0f114f [term 1 FOLLOWER]: Marking committed up to term: 1 index: 73 00:38:53.402 [INFO - kudu-tserver:64034] (MiniKuduCluster.java:429)
I0711 00:38:53.401434 7836 raft_consensus_state.cc:559] T 13410a5b9e644e6f86b34bea173a5677 P 8f3a2b7e9d2f4dc392f47ead5d0f114f [term 1 FOLLOWER]: Already marked ops through 1.73 as committed. Now trying to mark 1.73 which would be a no-op. 00:38:53.402 [INFO - kudu-tserver:64034] (MiniKuduCluster.java:429)
I0711 00:38:53.401466 7836 raft_consensus.cc:700] T 13410a5b9e644e6f86b34bea173a5677 P 8f3a2b7e9d2f4dc392f47ead5d0f114f [term 1 FOLLOWER]: Replica replied to status only request. Replica: Replica: 8f3a2b7e9d2f4dc392f47ead5d0f114f, State: 1, Role: FOLLOWER 00:38:53.402 [INFO - kudu-tserver:64034] (MiniKuduCluster.java:429) Watermarks: {Received: term: 1 index: 73 Committed: term: 1 index: 73} 00:38:53.402 [INFO - kudu-tserver:64034] (MiniKuduCluster.java:429) . Response: responder_uuid: "8f3a2b7e9d2f4dc392f47ead5d0f114f" responder_term: 1 status { last_received { term: 1 index: 73 } last_committed_idx: 73 last_received_current_leader { term: 1 index: 73 } } 00:38:53.401 [DEBUG - Thread-8] (AsyncKuduScanner.java:812) Sending scan req: new_scan_request { tablet_id: "13410a5b9e644e6f86b34bea173a5677" limit: 9223372036854775807 projected_columns { name: "key" type: INT32 is_key: true is_nullable: false encoding: AUTO_ENCODING compression: DEFAULT_COMPRESSION cfile_block_size: 0 } projected_columns { name: "column1_i" type: INT32 is_key: false is_nullable: false encoding: AUTO_ENCODING compression: DEFAULT_COMPRESSION cfile_block_size: 0 } projected_columns { name: "column2_i" type: INT32 is_key: false is_nullable: false encoding: AUTO_ENCODING compression: DEFAULT_COMPRESSION cfile_block_size: 0 } projected_columns { name: "column3_s" type: STRING is_key: false is_nullable: true encoding: DICT_ENCODING compression: LZ4 cfile_block_size: 0 } projected_columns { name: "column4_b" type: BOOL is_key: false is_nullable: false encoding: AUTO_ENCODING compression: DEFAULT_COMPRESSION cfile_block_size: 0 } read_mode: READ_LATEST propagated_timestamp: 6013737096228909056 cache_blocks: true order_mode: UNORDERED column_predicates { column: "key" equality { value: "\030\000\000\000" } } } batch_size_bytes: 1048576 00:38:53.401 [INFO - kudu-tserver:64032] (MiniKuduCluster.java:429)
I0711 00:38:53.401325 7621 raft_consensus.cc:1104] T 13410a5b9e644e6f86b34bea173a5677 P 5d244bfce7964881aa25f36d26bb9cba [term 1 FOLLOWER]: Early marking committed up to term: 1 index: 73 00:38:53.402 [INFO - kudu-tserver:64032] (MiniKuduCluster.java:429)
I0711 00:38:53.401352 7621 raft_consensus_state.cc:578] T 13410a5b9e644e6f86b34bea173a5677 P 5d244bfce7964881aa25f36d26bb9cba [term 1 FOLLOWER]: Last triggered apply was: term: 1 index: 72 Starting to apply from log index: 73 00:38:53.401 [DEBUG - New I/O worker #134] (TabletClient.java:636) [Peer b93116846b4a43a1a8398438c81d0239] [id: 0xe79a4fff, /127.0.0.1:48701 => /127.29.29.1:64036] RECEIVED: BigEndianHeapChannelBuffer(ridx=0, widx=20, cap=20) 00:38:53.402 [DEBUG - New I/O worker #134] (TabletClient.java:359) ------------------>> ENTERING DECODE >>------------------ 00:38:53.402 [INFO - kudu-tserver:64032] (MiniKuduCluster.java:429)
I0711 00:38:53.401427 7621 raft_consensus.cc:1215] T 13410a5b9e644e6f86b34bea173a5677 P 5d244bfce7964881aa25f36d26bb9cba [term 1 FOLLOWER]: Marking committed up to term: 1 index: 73 00:38:53.402 [INFO - kudu-tserver:64032] (MiniKuduCluster.java:429)
I0711 00:38:53.401439 7621 raft_consensus_state.cc:559] T 13410a5b9e644e6f86b34bea173a5677 P 5d244bfce7964881aa25f36d26bb9cba [term 1 FOLLOWER]: Already marked ops through 1.73 as committed. Now trying to mark 1.73 which would be a no-op. 00:38:53.403 [INFO - kudu-tserver:64032] (MiniKuduCluster.java:429)
I0711 00:38:53.401469 7621 raft_consensus.cc:700] T 13410a5b9e644e6f86b34bea173a5677 P 5d244bfce7964881aa25f36d26bb9cba [term 1 FOLLOWER]: Replica replied to status only request. Replica: Replica: 5d244bfce7964881aa25f36d26bb9cba, State: 1, Role: FOLLOWER 00:38:53.403 [INFO - kudu-tserver:64032] (MiniKuduCluster.java:429) Watermarks: {Received: term: 1 index: 73 Committed: term: 1 index: 73} 00:38:53.403 [INFO - kudu-tserver:64032] (MiniKuduCluster.java:429) . Response: responder_uuid: "5d244bfce7964881aa25f36d26bb9cba" responder_term: 1 status { last_received { term: 1 index: 73 } last_committed_idx: 73 last_received_current_leader { term: 1 index: 73 } } 00:38:53.402 [DEBUG - Thread-8] (TabletClient.java:261) [Peer b93116846b4a43a1a8398438c81d0239] [id: 0xe79a4fff, /127.0.0.1:48701 => /127.29.29.1:64036] Sending RPC #140, payload=BigEndianHeapChannelBuffer(ridx=0, widx=257, cap=257) "\x00\x00\x00\xFD2\x18\x8C\x012(\n kudu.tserver.TabletServerService\x12\x04ScanP\xF4\x03X\x01\xC8\x01\x12\xC1\x01\n 13410a5b9e644e6f86b34bea173a5677\x10\xFF\xFF\xFF\xFF\xFF\xFF\xFF\xFF\x7F"\x11\x12\x03key\x18\x05 \x01(\x00@\x00H\x00P\x00"\x17\x12\tcolumn1_i\x18\x05 \x00(\x00@\x00H\x00P\x00"\x17\x12\tcolumn2_i\x18\x05 \x00(\x00@\x00H\x00P\x00"\x17\x12\tcolumn3_s\x18\x08 \x00(\x01@\x05H\x03P\x00"\x17\x12\tcolumn4_b\x18\t \x00(\x00@\x00H\x00P\x00(\x019\x000P\xE1\x06\x16uSP\x01X\x01j\x0D\n\x03key\x1A\x06\n\x04\x18\x00\x00\x00 \x80\x80@" 00:38:53.401 [INFO - kudu-tserver:64036] (MiniKuduCluster.java:429)
I0711 00:38:53.400619 8236 consensus_queue.cc:455] T 13410a5b9e644e6f86b34bea173a5677 P b93116846b4a43a1a8398438c81d0239 [LEADER]: Updated majority_replicated watermark from 1.72 to 1.73 00:38:53.403 [INFO - kudu-tserver:64036] (MiniKuduCluster.java:429)
I0711 00:38:53.400636 8236 consensus_queue.cc:455] T 13410a5b9e644e6f86b34bea173a5677 P b93116846b4a43a1a8398438c81d0239 [LEADER]: Updated all_replicated watermark from 1.72 to 1.72 00:38:53.403 [INFO - kudu-tserver:64036] (MiniKuduCluster.java:429)
I0711 00:38:53.400646 8236 log_cache.cc:391] T 13410a5b9e644e6f86b34bea173a5677 P b93116846b4a43a1a8398438c81d0239: Evicting log cache: after state: Pinned index: 74, LogCacheStats(num_ops=1, bytes=847) 00:38:53.403 [INFO - kudu-tserver:64036] (MiniKuduCluster.java:429)
I0711 00:38:53.400696 8227 consensus_queue.cc:455] T 13410a5b9e644e6f86b34bea173a5677 P b93116846b4a43a1a8398438c81d0239 [LEADER]: Updated majority_replicated watermark from 1.73 to 1.73 00:38:53.403 [INFO - kudu-tserver:64036] (MiniKuduCluster.java:429)
I0711 00:38:53.400712 8227 consensus_queue.cc:455] T 13410a5b9e644e6f86b34bea173a5677 P b93116846b4a43a1a8398438c81d0239 [LEADER]: Updated all_replicated watermark from 1.72 to 1.73 00:38:53.403 [INFO - kudu-tserver:64036] (MiniKuduCluster.java:429)
I0711 00:38:53.400723 8227 log_cache.cc:391] T 13410a5b9e644e6f86b34bea173a5677 P b93116846b4a43a1a8398438c81d0239: Evicting log cache: after state: Pinned index: 74, LogCacheStats(num_ops=1, bytes=847) 00:38:53.403 [DEBUG - New I/O worker #134] (TabletClient.java:426) [Peer b93116846b4a43a1a8398438c81d0239] rpcid=139, response size=20 bytes, 0 readable bytes left, rpc=KuduRpc(method=Write, tablet=13410a5b9e644e6f86b34bea173a5677, attempt=1, DeadlineTracker(timeout=30000, elapsed=5), Deferred@1568147101(state=PENDING, result=null, callback=wakeup thread Thread-7, errback=wakeup thread Thread-7)) row_key=(int32 key=107) 00:38:53.403 [INFO - kudu-tserver:64036] (MiniKuduCluster.java:429)
I0711 00:38:53.400771 8240 raft_consensus.cc:588] T 13410a5b9e644e6f86b34bea173a5677 P b93116846b4a43a1a8398438c81d0239 [term 1 LEADER]: Marking majority replicated up to term: 1 index: 73 00:38:53.404 [DEBUG - New I/O worker #134] (TabletClient.java:491) ------------------<< LEAVING DECODE <<------------------ time elapsed: 1213us 00:38:53.404 [INFO - kudu-tserver:64036] (MiniKuduCluster.java:429)
I0711 00:38:53.400784 8240 raft_consensus_state.cc:578] T 13410a5b9e644e6f86b34bea173a5677 P b93116846b4a43a1a8398438c81d0239 [term 1 LEADER]: Last triggered apply was: term: 1 index: 72 Starting to apply from log index: 73 00:38:53.404 [DEBUG - New I/O worker #134] (TabletClient.java:636) [Peer b93116846b4a43a1a8398438c81d0239] [id: 0xe79a4fff, /127.0.0.1:48701 => /127.29.29.1:64036] WRITTEN_AMOUNT: 257 00:38:53.404 [DEBUG - Thread-7] (TabletClient.java:261) [Peer b93116846b4a43a1a8398438c81d0239] [id: 0xe79a4fff, /127.0.0.1:48701 => /127.29.29.1:64036] Sending RPC #141, payload=BigEndianHeapChannelBuffer(ridx=0, widx=268, cap=268) "\x00\x00\x01\x081\x18\x8D\x012)\n kudu.tserver.TabletServerService\x12\x05WriteP\xF4\x03\xD4\x01\n 13410a5b9e644e6f86b34bea173a5677\x12w\n\x11\x12\x03key\x18\x05 \x01(\x00@\x00H\x00P\x00\n\x17\x12\tcolumn1_i\x18\x05 \x00(\x00@\x00H\x00P\x00\n\x17\x12\tcolumn2_i\x18\x05 \x00(\x00@\x00H\x00P\x00\n\x17\x12\tcolumn3_s\x18\x08 \x00(\x01@\x05H\x03P\x00\n\x17\x12\tcolumn4_b\x18\t \x00(\x00@\x00H\x00P\x00\x1A,\x12 \x01\x1F\x00l\x00\x00\x00\x02\x00\x00\x00\x03\x00\x00\x00\x00\x00\x00\x00\x00\x00\x00\x00\x08\x00\x00\x00\x00\x00\x00\x00\x01\x1A\x08a string \x01)\x000P\xE1\x06\x16uS" 00:38:53.404 [INFO - kudu-tserver:64036] (MiniKuduCluster.java:429)
I0711 00:38:53.400966 8240 raft_consensus.cc:588] T 13410a5b9e644e6f86b34bea173a5677 P b93116846b4a43a1a8398438c81d0239 [term 1 LEADER]: Marking majority replicated up to term: 1 index: 73 00:38:53.404 [INFO - kudu-tserver:64036] (MiniKuduCluster.java:429)
I0711 00:38:53.400975 8240 raft_consensus_state.cc:559] T 13410a5b9e644e6f86b34bea173a5677 P b93116846b4a43a1a8398438c81d0239 [term 1 LEADER]: Already marked ops through 1.73 as committed. Now trying to mark 1.73 which would be a no-op. 00:38:53.404 [INFO - kudu-tserver:64036] (MiniKuduCluster.java:429)
I0711 00:38:53.401760 8227 consensus_queue.cc:455] T 13410a5b9e644e6f86b34bea173a5677 P b93116846b4a43a1a8398438c81d0239 [LEADER]: Updated majority_replicated watermark from 1.73 to 1.73 00:38:53.404 [INFO - kudu-tserver:64036] (MiniKuduCluster.java:429)
I0711 00:38:53.401777 8227 consensus_queue.cc:455] T 13410a5b9e644e6f86b34bea173a5677 P b93116846b4a43a1a8398438c81d0239 [LEADER]: Updated all_replicated watermark from 1.73 to 1.73 00:38:53.404 [DEBUG - New I/O worker #134] (TabletClient.java:636) [Peer b93116846b4a43a1a8398438c81d0239] [id: 0xe79a4fff, /127.0.0.1:48701 => /127.29.29.1:64036] WRITTEN_AMOUNT: 268 00:38:53.404 [INFO - kudu-tserver:64036] (MiniKuduCluster.java:429)
I0711 00:38:53.401809 8227 log_cache.cc:391] T 13410a5b9e644e6f86b34bea173a5677 P b93116846b4a43a1a8398438c81d0239: Evicting log cache: after state: Pinned index: 74, LogCacheStats(num_ops=0, bytes=0) 00:38:53.405 [INFO - kudu-tserver:64036] (MiniKuduCluster.java:429)
I0711 00:38:53.401854 8236 consensus_queue.cc:455] T 13410a5b9e644e6f86b34bea173a5677 P b93116846b4a43a1a8398438c81d0239 [LEADER]: Updated majority_replicated watermark from 1.73 to 1.73 00:38:53.405 [INFO - kudu-tserver:64036] (MiniKuduCluster.java:429)
I0711 00:38:53.401877 8236 consensus_queue.cc:455] T 13410a5b9e644e6f86b34bea173a5677 P b93116846b4a43a1a8398438c81d0239 [LEADER]: Updated all_replicated watermark from 1.73 to 1.73 00:38:53.405 [INFO - kudu-tserver:64036] (MiniKuduCluster.java:429)
I0711 00:38:53.401890 8236 log_cache.cc:391] T 13410a5b9e644e6f86b34bea173a5677 P b93116846b4a43a1a8398438c81d0239: Evicting log cache: after state: Pinned index: 74, LogCacheStats(num_ops=0, bytes=0) 00:38:53.405 [INFO - kudu-tserver:64036] (MiniKuduCluster.java:429)
I0711 00:38:53.401913 8240 raft_consensus.cc:588] T 13410a5b9e644e6f86b34bea173a5677 P b93116846b4a43a1a8398438c81d0239 [term 1 LEADER]: Marking majority replicated up to term: 1 index: 73 00:38:53.405 [INFO - kudu-tserver:64036] (MiniKuduCluster.java:429)
I0711 00:38:53.401923 8240 raft_consensus_state.cc:559] T 13410a5b9e644e6f86b34bea173a5677 P b93116846b4a43a1a8398438c81d0239 [term 1 LEADER]: Already marked ops through 1.73 as committed. Now trying to mark 1.73 which would be a no-op. 00:38:53.405 [INFO - kudu-tserver:64036] (MiniKuduCluster.java:429)
I0711 00:38:53.401948 8240 raft_consensus.cc:588] T 13410a5b9e644e6f86b34bea173a5677 P b93116846b4a43a1a8398438c81d0239 [term 1 LEADER]: Marking majority replicated up to term: 1 index: 73 00:38:53.405 [INFO - kudu-tserver:64036] (MiniKuduCluster.java:429)
I0711 00:38:53.401954 8240 raft_consensus_state.cc:559] T 13410a5b9e644e6f86b34bea173a5677 P b93116846b4a43a1a8398438c81d0239 [term 1 LEADER]: Already marked ops through 1.73 as committed. Now trying to mark 1.73 which would be a no-op. 00:38:53.405 [DEBUG - New I/O worker #134] (TabletClient.java:636) [Peer b93116846b4a43a1a8398438c81d0239] [id: 0xe79a4fff, /127.0.0.1:48701 => /127.29.29.1:64036] RECEIVED: BigEndianHeapChannelBuffer(ridx=0, widx=75, cap=75) 00:38:53.405 [DEBUG - New I/O worker #134] (TabletClient.java:359) ------------------>> ENTERING DECODE >>------------------ 00:38:53.405 [INFO - kudu-tserver:64036] (MiniKuduCluster.java:429)
I0711 00:38:53.405057 7913 tablet_service.cc:1501] Started scanner 672bd518d8d1450784ccca7f7e89b86c: tablet iterator: Union(memrowset iterator) 00:38:53.405 [INFO - kudu-tserver:64036] (MiniKuduCluster.java:429)
I0711 00:38:53.405501 8225 log_cache.cc:214] T 13410a5b9e644e6f86b34bea173a5677 P b93116846b4a43a1a8398438c81d0239: Updating pinned index to 75 00:38:53.405 [INFO - kudu-tserver:64036] (MiniKuduCluster.java:429)
I0711 00:38:53.405530 8225 consensus_queue.cc:455] T 13410a5b9e644e6f86b34bea173a5677 P b93116846b4a43a1a8398438c81d0239 [LEADER]: Updated majority_replicated watermark from 1.73 to 1.73 00:38:53.405 [INFO - kudu-tserver:64036] (MiniKuduCluster.java:429)
I0711 00:38:53.405541 8225 consensus_queue.cc:455] T 13410a5b9e644e6f86b34bea173a5677 P b93116846b4a43a1a8398438c81d0239 [LEADER]: Updated all_replicated watermark from 1.73 to 1.73 00:38:53.405 [INFO - kudu-tserver:64036] (MiniKuduCluster.java:429)
I0711 00:38:53.405561 8225 log_cache.cc:391] T 13410a5b9e644e6f86b34bea173a5677 P b93116846b4a43a1a8398438c81d0239: Evicting log cache: after state: Pinned index: 75, LogCacheStats(num_ops=1, bytes=847) 00:38:53.406 [INFO - kudu-tserver:64036] (MiniKuduCluster.java:429)
I0711 00:38:53.405707 8240 raft_consensus.cc:588] T 13410a5b9e644e6f86b34bea173a5677 P b93116846b4a43a1a8398438c81d0239 [term 1 LEADER]: Marking majority replicated up to term: 1 index: 73 00:38:53.406 [INFO - kudu-tserver:64036] (MiniKuduCluster.java:429)
I0711 00:38:53.405717 8240 raft_consensus_state.cc:559] T 13410a5b9e644e6f86b34bea173a5677 P b93116846b4a43a1a8398438c81d0239 [term 1 LEADER]: Already marked ops through 1.73 as committed. Now trying to mark 1.73 which would be a no-op. 00:38:53.405 [DEBUG - New I/O worker #134] (AsyncKuduScanner.java:847) AsyncKuduScanner$Response(scannerId="", data=RowResultIterator for 1 rows, more=false) 00:38:53.406 [INFO - kudu-tserver:64034] (MiniKuduCluster.java:429)
I0711 00:38:53.406203 7836 raft_consensus.cc:1104] T 13410a5b9e644e6f86b34bea173a5677 P 8f3a2b7e9d2f4dc392f47ead5d0f114f [term 1 FOLLOWER]: Early marking committed up to term: 0 index: 0 00:38:53.406 [INFO - kudu-tserver:64034] (MiniKuduCluster.java:429)
I0711 00:38:53.406229 7836 raft_consensus_state.cc:559] T 13410a5b9e644e6f86b34bea173a5677 P 8f3a2b7e9d2f4dc392f47ead5d0f114f [term 1 FOLLOWER]: Already marked ops through 1.73 as committed. Now trying to mark 0.0 which would be a no-op. 00:38:53.406 [INFO - kudu-tserver:64034] (MiniKuduCluster.java:429)
I0711 00:38:53.406246 7836 raft_consensus.cc:728] T 13410a5b9e644e6f86b34bea173a5677 P 8f3a2b7e9d2f4dc392f47ead5d0f114f [term 1 FOLLOWER]: Starting transaction: term: 1 index: 74 00:38:53.406 [INFO - kudu-tserver:64032] (MiniKuduCluster.java:429)
I0711 00:38:53.406121 7621 raft_consensus.cc:1104] T 13410a5b9e644e6f86b34bea173a5677 P 5d244bfce7964881aa25f36d26bb9cba [term 1 FOLLOWER]: Early marking committed up to term: 0 index: 0 00:38:53.406 [INFO - kudu-tserver:64032] (MiniKuduCluster.java:429)
I0711 00:38:53.406144 7621 raft_consensus_state.cc:559] T 13410a5b9e644e6f86b34bea173a5677 P 5d244bfce7964881aa25f36d26bb9cba [term 1 FOLLOWER]: Already marked ops through 1.73 as committed. Now trying to mark 0.0 which would be a no-op. 00:38:53.406 [INFO - kudu-tserver:64032] (MiniKuduCluster.java:429)
I0711 00:38:53.406164 7621 raft_consensus.cc:728] T 13410a5b9e644e6f86b34bea173a5677 P 5d244bfce7964881aa25f36d26bb9cba [term 1 FOLLOWER]: Starting transaction: term: 1 index: 74 00:38:53.406 [INFO - kudu-tserver:64034] (MiniKuduCluster.java:429)
I0711 00:38:53.406446 7836 raft_consensus.cc:1215] T 13410a5b9e644e6f86b34bea173a5677 P 8f3a2b7e9d2f4dc392f47ead5d0f114f [term 1 FOLLOWER]: Marking committed up to term: 1 index: 73 00:38:53.406 [INFO - kudu-tserver:64034] (MiniKuduCluster.java:429)
I0711 00:38:53.406462 7836 raft_consensus_state.cc:559] T 13410a5b9e644e6f86b34bea173a5677 P 8f3a2b7e9d2f4dc392f47ead5d0f114f [term 1 FOLLOWER]: Already marked ops through 1.73 as committed. Now trying to mark 1.73 which would be a no-op. 00:38:53.406 [INFO - kudu-tserver:64034] (MiniKuduCluster.java:429)
I0711 00:38:53.406540 8216 log_cache.cc:214] T 13410a5b9e644e6f86b34bea173a5677 P 8f3a2b7e9d2f4dc392f47ead5d0f114f: Updating pinned index to 75 00:38:53.407 [INFO - kudu-tserver:64034] (MiniKuduCluster.java:429)
I0711 00:38:53.406569 8216 consensus_queue.cc:455] T 13410a5b9e644e6f86b34bea173a5677 P 8f3a2b7e9d2f4dc392f47ead5d0f114f [NON_LEADER]: Updated all_replicated watermark from 1.73 to 1.74 00:38:53.406 [DEBUG - New I/O worker #134] (TabletClient.java:426) [Peer b93116846b4a43a1a8398438c81d0239] rpcid=140, response size=75 bytes, 0 readable bytes left, rpc=ScanRequest(scannerId=null, tabletSlice=13410a5b9e644e6f86b34bea173a5677, attempt=1) 00:38:53.407 [INFO - kudu-tserver:64034] (MiniKuduCluster.java:429)
I0711 00:38:53.406599 8216 log_cache.cc:391] T 13410a5b9e644e6f86b34bea173a5677 P 8f3a2b7e9d2f4dc392f47ead5d0f114f: Evicting log cache: after state: Pinned index: 75, LogCacheStats(num_ops=1, bytes=871) 00:38:53.407 [INFO - kudu-tserver:64034] (MiniKuduCluster.java:429)
I0711 00:38:53.406672 7836 raft_consensus.cc:700] T 13410a5b9e644e6f86b34bea173a5677 P 8f3a2b7e9d2f4dc392f47ead5d0f114f [term 1 FOLLOWER]: Replica replied to status only request. Replica: Replica: 8f3a2b7e9d2f4dc392f47ead5d0f114f, State: 1, Role: FOLLOWER 00:38:53.407 [INFO - kudu-tserver:64034] (MiniKuduCluster.java:429) Watermarks: {Received: term: 1 index: 74 Committed: term: 1 index: 73} 00:38:53.407 [INFO - kudu-tserver:64034] (MiniKuduCluster.java:429) . Response: responder_uuid: "8f3a2b7e9d2f4dc392f47ead5d0f114f" responder_term: 1 status { last_received { term: 1 index: 74 } last_committed_idx: 73 last_received_current_leader { term: 1 index: 74 } } 00:38:53.407 [INFO - kudu-tserver:64036] (MiniKuduCluster.java:429)
I0711 00:38:53.406968 8227 consensus_queue.cc:455] T 13410a5b9e644e6f86b34bea173a5677 P b93116846b4a43a1a8398438c81d0239 [LEADER]: Updated majority_replicated watermark from 1.73 to 1.74 00:38:53.407 [INFO - kudu-tserver:64036] (MiniKuduCluster.java:429)
I0711 00:38:53.406994 8227 consensus_queue.cc:455] T 13410a5b9e644e6f86b34bea173a5677 P b93116846b4a43a1a8398438c81d0239 [LEADER]: Updated all_replicated watermark from 1.73 to 1.73 00:38:53.407 [INFO - kudu-tserver:64036] (MiniKuduCluster.java:429)
I0711 00:38:53.407006 8227 log_cache.cc:391] T 13410a5b9e644e6f86b34bea173a5677 P b93116846b4a43a1a8398438c81d0239: Evicting log cache: after state: Pinned index: 75, LogCacheStats(num_ops=1, bytes=847) 00:38:53.406 [INFO - kudu-tserver:64032] (MiniKuduCluster.java:429)
I0711 00:38:53.406359 7621 raft_consensus.cc:1215] T 13410a5b9e644e6f86b34bea173a5677 P 5d244bfce7964881aa25f36d26bb9cba [term 1 FOLLOWER]: Marking committed up to term: 1 index: 73 00:38:53.407 [INFO - kudu-tserver:64032] (MiniKuduCluster.java:429)
I0711 00:38:53.406374 7621 raft_consensus_state.cc:559] T 13410a5b9e644e6f86b34bea173a5677 P 5d244bfce7964881aa25f36d26bb9cba [term 1 FOLLOWER]: Already marked ops through 1.73 as committed. Now trying to mark 1.73 which would be a no-op. 00:38:53.407 [INFO - kudu-tserver:64036] (MiniKuduCluster.java:429)
I0711 00:38:53.407035 8236 consensus_queue.cc:455] T 13410a5b9e644e6f86b34bea173a5677 P b93116846b4a43a1a8398438c81d0239 [LEADER]: Updated majority_replicated watermark from 1.74 to 1.74 00:38:53.408 [INFO - kudu-tserver:64036] (MiniKuduCluster.java:429)
I0711 00:38:53.407063 8236 consensus_queue.cc:455] T 13410a5b9e644e6f86b34bea173a5677 P b93116846b4a43a1a8398438c81d0239 [LEADER]: Updated all_replicated watermark from 1.73 to 1.74 00:38:53.408 [INFO - kudu-tserver:64036] (MiniKuduCluster.java:429)
I0711 00:38:53.407073 8236 log_cache.cc:391] T 13410a5b9e644e6f86b34bea173a5677 P b93116846b4a43a1a8398438c81d0239: Evicting log cache: after state: Pinned index: 75, LogCacheStats(num_ops=1, bytes=847) 00:38:53.408 [INFO - kudu-tserver:64036] (MiniKuduCluster.java:429)
I0711 00:38:53.407150 8240 raft_consensus.cc:588] T 13410a5b9e644e6f86b34bea173a5677 P b93116846b4a43a1a8398438c81d0239 [term 1 LEADER]: Marking majority replicated up to term: 1 index: 74 00:38:53.408 [INFO - kudu-tserver:64036] (MiniKuduCluster.java:429)
I0711 00:38:53.407162 8240 raft_consensus_state.cc:578] T 13410a5b9e644e6f86b34bea173a5677 P b93116846b4a43a1a8398438c81d0239 [term 1 LEADER]: Last triggered apply was: term: 1 index: 73 Starting to apply from log index: 74 00:38:53.408 [INFO - kudu-tserver:64036] (MiniKuduCluster.java:429)
I0711 00:38:53.407294 8240 raft_consensus.cc:588] T 13410a5b9e644e6f86b34bea173a5677 P b93116846b4a43a1a8398438c81d0239 [term 1 LEADER]: Marking majority replicated up to term: 1 index: 74 00:38:53.408 [INFO - kudu-tserver:64036] (MiniKuduCluster.java:429)
I0711 00:38:53.407304 8240 raft_consensus_state.cc:559] T 13410a5b9e644e6f86b34bea173a5677 P b93116846b4a43a1a8398438c81d0239 [term 1 LEADER]: Already marked ops through 1.74 as committed. Now trying to mark 1.74 which would be a no-op. 00:38:53.407 [INFO - kudu-tserver:64034] (MiniKuduCluster.java:429)
I0711 00:38:53.407685 7836 raft_consensus.cc:1104] T 13410a5b9e644e6f86b34bea173a5677 P 8f3a2b7e9d2f4dc392f47ead5d0f114f [term 1 FOLLOWER]: Early marking committed up to term: 1 index: 74 00:38:53.408 [INFO - kudu-tserver:64034] (MiniKuduCluster.java:429)
I0711 00:38:53.407712 7836 raft_consensus_state.cc:578] T 13410a5b9e644e6f86b34bea173a5677 P 8f3a2b7e9d2f4dc392f47ead5d0f114f [term 1 FOLLOWER]: Last triggered apply was: term: 1 index: 73 Starting to apply from log index: 74 00:38:53.408 [INFO - kudu-tserver:64034] (MiniKuduCluster.java:429)
I0711 00:38:53.407788 7836 raft_consensus.cc:1215] T 13410a5b9e644e6f86b34bea173a5677 P 8f3a2b7e9d2f4dc392f47ead5d0f114f [term 1 FOLLOWER]: Marking committed up to term: 1 index: 74 00:38:53.408 [INFO - kudu-tserver:64034] (MiniKuduCluster.java:429)
I0711 00:38:53.407800 7836 raft_consensus_state.cc:559] T 13410a5b9e644e6f86b34bea173a5677 P 8f3a2b7e9d2f4dc392f47ead5d0f114f [term 1 FOLLOWER]: Already marked ops through 1.74 as committed. Now trying to mark 1.74 which would be a no-op. 00:38:53.408 [INFO - kudu-tserver:64034] (MiniKuduCluster.java:429)
I0711 00:38:53.407833 7836 raft_consensus.cc:700] T 13410a5b9e644e6f86b34bea173a5677 P 8f3a2b7e9d2f4dc392f47ead5d0f114f [term 1 FOLLOWER]: Replica replied to status only request. Replica: Replica: 8f3a2b7e9d2f4dc392f47ead5d0f114f, State: 1, Role: FOLLOWER 00:38:53.408 [INFO - kudu-tserver:64034] (MiniKuduCluster.java:429) Watermarks: {Received: term: 1 index: 74 Committed: term: 1 index: 74} 00:38:53.408 [INFO - kudu-tserver:64034] (MiniKuduCluster.java:429) . Response: responder_uuid: "8f3a2b7e9d2f4dc392f47ead5d0f114f" responder_term: 1 status { last_received { term: 1 index: 74 } last_committed_idx: 74 last_received_current_leader { term: 1 index: 74 } } 00:38:53.407 [DEBUG - New I/O worker #134] (TabletClient.java:491) ------------------<< LEAVING DECODE <<------------------ time elapsed: 1686us 00:38:53.408 [INFO - kudu-tserver:64036] (MiniKuduCluster.java:429)
I0711 00:38:53.408126 8227 consensus_queue.cc:455] T 13410a5b9e644e6f86b34bea173a5677 P b93116846b4a43a1a8398438c81d0239 [LEADER]: Updated majority_replicated watermark from 1.74 to 1.74 00:38:53.409 [DEBUG - New I/O worker #134] (TabletClient.java:636) [Peer b93116846b4a43a1a8398438c81d0239] [id: 0xe79a4fff, /127.0.0.1:48701 => /127.29.29.1:64036] RECEIVED: BigEndianHeapChannelBuffer(ridx=0, widx=20, cap=20) 00:38:53.408 [DEBUG - Thread-8] (AsyncKuduScanner.java:812) Sending scan req: new_scan_request { tablet_id: "13410a5b9e644e6f86b34bea173a5677" limit: 9223372036854775807 projected_columns { name: "key" type: INT32 is_key: true is_nullable: false encoding: AUTO_ENCODING compression: DEFAULT_COMPRESSION cfile_block_size: 0 } projected_columns { name: "column1_i" type: INT32 is_key: false is_nullable: false encoding: AUTO_ENCODING compression: DEFAULT_COMPRESSION cfile_block_size: 0 } projected_columns { name: "column2_i" type: INT32 is_key: false is_nullable: false encoding: AUTO_ENCODING compression: DEFAULT_COMPRESSION cfile_block_size: 0 } projected_columns { name: "column3_s" type: STRING is_key: false is_nullable: true encoding: DICT_ENCODING compression: LZ4 cfile_block_size: 0 } projected_columns { name: "column4_b" type: BOOL is_key: false is_nullable: false encoding: AUTO_ENCODING compression: DEFAULT_COMPRESSION cfile_block_size: 0 } read_mode: READ_LATEST propagated_timestamp: 6013737096228909056 cache_blocks: true order_mode: UNORDERED } batch_size_bytes: 1048576 00:38:53.407 [INFO - kudu-tserver:64032] (MiniKuduCluster.java:429)
I0711 00:38:53.406441 8220 log_cache.cc:214] T 13410a5b9e644e6f86b34bea173a5677 P 5d244bfce7964881aa25f36d26bb9cba: Updating pinned index to 75 00:38:53.409 [INFO - kudu-tserver:64032] (MiniKuduCluster.java:429)
I0711 00:38:53.406512 8220 consensus_queue.cc:455] T 13410a5b9e644e6f86b34bea173a5677 P 5d244bfce7964881aa25f36d26bb9cba [NON_LEADER]: Updated all_replicated watermark from 1.73 to 1.74 00:38:53.409 [INFO - kudu-tserver:64032] (MiniKuduCluster.java:429)
I0711 00:38:53.406546 8220 log_cache.cc:391] T 13410a5b9e644e6f86b34bea173a5677 P 5d244bfce7964881aa25f36d26bb9cba: Evicting log cache: after state: Pinned index: 75, LogCacheStats(num_ops=1, bytes=871) 00:38:53.409 [INFO - kudu-tserver:64032] (MiniKuduCluster.java:429)
I0711 00:38:53.406621 7621 raft_consensus.cc:700] T 13410a5b9e644e6f86b34bea173a5677 P 5d244bfce7964881aa25f36d26bb9cba [term 1 FOLLOWER]: Replica replied to status only request. Replica: Replica: 5d244bfce7964881aa25f36d26bb9cba, State: 1, Role: FOLLOWER 00:38:53.409 [INFO - kudu-tserver:64032] (MiniKuduCluster.java:429) Watermarks: {Received: term: 1 index: 74 Committed: term: 1 index: 73} 00:38:53.409 [INFO - kudu-tserver:64032] (MiniKuduCluster.java:429) . Response: responder_uuid: "5d244bfce7964881aa25f36d26bb9cba" responder_term: 1 status { last_received { term: 1 index: 74 } last_committed_idx: 73 last_received_current_leader { term: 1 index: 74 } } 00:38:53.409 [DEBUG - New I/O worker #134] (TabletClient.java:359) ------------------>> ENTERING DECODE >>------------------ 00:38:53.409 [INFO - kudu-tserver:64036] (MiniKuduCluster.java:429)
I0711 00:38:53.408143 8227 consensus_queue.cc:455] T 13410a5b9e644e6f86b34bea173a5677 P b93116846b4a43a1a8398438c81d0239 [LEADER]: Updated all_replicated watermark from 1.74 to 1.74 00:38:53.410 [DEBUG - New I/O worker #134] (TabletClient.java:426) [Peer b93116846b4a43a1a8398438c81d0239] rpcid=141, response size=20 bytes, 0 readable bytes left, rpc=KuduRpc(method=Write, tablet=13410a5b9e644e6f86b34bea173a5677, attempt=1, DeadlineTracker(timeout=30000, elapsed=6), Deferred@1929010523(state=PENDING, result=null, callback=wakeup thread Thread-7, errback=wakeup thread Thread-7)) row_key=(int32 key=108) 00:38:53.410 [INFO - kudu-tserver:64032] (MiniKuduCluster.java:429)
I0711 00:38:53.407691 7621 raft_consensus.cc:1104] T 13410a5b9e644e6f86b34bea173a5677 P 5d244bfce7964881aa25f36d26bb9cba [term 1 FOLLOWER]: Early marking committed up to term: 1 index: 74 00:38:53.410 [INFO - kudu-tserver:64032] (MiniKuduCluster.java:429)
I0711 00:38:53.407716 7621 raft_consensus_state.cc:578] T 13410a5b9e644e6f86b34bea173a5677 P 5d244bfce7964881aa25f36d26bb9cba [term 1 FOLLOWER]: Last triggered apply was: term: 1 index: 73 Starting to apply from log index: 74 00:38:53.410 [INFO - kudu-tserver:64032] (MiniKuduCluster.java:429)
I0711 00:38:53.407791 7621 raft_consensus.cc:1215] T 13410a5b9e644e6f86b34bea173a5677 P 5d244bfce7964881aa25f36d26bb9cba [term 1 FOLLOWER]: Marking committed up to term: 1 index: 74 00:38:53.410 [INFO - kudu-tserver:64032] (MiniKuduCluster.java:429)
I0711 00:38:53.407804 7621 raft_consensus_state.cc:559] T 13410a5b9e644e6f86b34bea173a5677 P 5d244bfce7964881aa25f36d26bb9cba [term 1 FOLLOWER]: Already marked ops through 1.74 as committed. Now trying to mark 1.74 which would be a no-op. 00:38:53.410 [INFO - kudu-tserver:64032] (MiniKuduCluster.java:429)
I0711 00:38:53.407833 7621 raft_consensus.cc:700] T 13410a5b9e644e6f86b34bea173a5677 P 5d244bfce7964881aa25f36d26bb9cba [term 1 FOLLOWER]: Replica replied to status only request. Replica: Replica: 5d244bfce7964881aa25f36d26bb9cba, State: 1, Role: FOLLOWER 00:38:53.410 [INFO - kudu-tserver:64032] (MiniKuduCluster.java:429) Watermarks: {Received: term: 1 index: 74 Committed: term: 1 index: 74} 00:38:53.410 [INFO - kudu-tserver:64032] (MiniKuduCluster.java:429) . Response: responder_uuid: "5d244bfce7964881aa25f36d26bb9cba" responder_term: 1 status { last_received { term: 1 index: 74 } last_committed_idx: 74 last_received_current_leader { term: 1 index: 74 } } 00:38:53.409 [DEBUG - Thread-8] (TabletClient.java:261) [Peer b93116846b4a43a1a8398438c81d0239] [id: 0xe79a4fff, /127.0.0.1:48701 => /127.29.29.1:64036] Sending RPC #142, payload=BigEndianHeapChannelBuffer(ridx=0, widx=240, cap=240) "\x00\x00\x00\xEC0\x18\x8E\x012(\n kudu.tserver.TabletServerService\x12\x04ScanP\xF4\x03\xB9\x01\x12\xB2\x01\n 13410a5b9e644e6f86b34bea173a5677\x10\xFF\xFF\xFF\xFF\xFF\xFF\xFF\xFF\x7F"\x11\x12\x03key\x18\x05 \x01(\x00@\x00H\x00P\x00"\x17\x12\tcolumn1_i\x18\x05 \x00(\x00@\x00H\x00P\x00"\x17\x12\tcolumn2_i\x18\x05 \x00(\x00@\x00H\x00P\x00"\x17\x12\tcolumn3_s\x18\x08 \x00(\x01@\x05H\x03P\x00"\x17\x12\tcolumn4_b\x18\t \x00(\x00@\x00H\x00P\x00(\x019\x000P\xE1\x06\x16uSP\x01X\x01 \x80\x80@" 00:38:53.410 [DEBUG - Thread-7] (TabletClient.java:261) [Peer b93116846b4a43a1a8398438c81d0239] [id: 0xe79a4fff, /127.0.0.1:48701 => /127.29.29.1:64036] Sending RPC #143, payload=BigEndianHeapChannelBuffer(ridx=0, widx=268, cap=268) "\x00\x00\x01\x081\x18\x8F\x012)\n kudu.tserver.TabletServerService\x12\x05WriteP\xF4\x03\xD4\x01\n 13410a5b9e644e6f86b34bea173a5677\x12w\n\x11\x12\x03key\x18\x05 \x01(\x00@\x00H\x00P\x00\n\x17\x12\tcolumn1_i\x18\x05 \x00(\x00@\x00H\x00P\x00\n\x17\x12\tcolumn2_i\x18\x05 \x00(\x00@\x00H\x00P\x00\n\x17\x12\tcolumn3_s\x18\x08 \x00(\x01@\x05H\x03P\x00\n\x17\x12\tcolumn4_b\x18\t \x00(\x00@\x00H\x00P\x00\x1A,\x12 \x01\x1F\x00m\x00\x00\x00\x02\x00\x00\x00\x03\x00\x00\x00\x00\x00\x00\x00\x00\x00\x00\x00\x08\x00\x00\x00\x00\x00\x00\x00\x01\x1A\x08a string \x01)\x000P\xE1\x06\x16uS" 00:38:53.410 [DEBUG - New I/O worker #134] (TabletClient.java:491) ------------------<< LEAVING DECODE <<------------------ time elapsed: 1135us 00:38:53.410 [INFO - kudu-tserver:64036] (MiniKuduCluster.java:429)
I0711 00:38:53.408175 8227 log_cache.cc:391] T 13410a5b9e644e6f86b34bea173a5677 P b93116846b4a43a1a8398438c81d0239: Evicting log cache: after state: Pinned index: 75, LogCacheStats(num_ops=0, bytes=0) 00:38:53.411 [INFO - kudu-tserver:64036] (MiniKuduCluster.java:429)
I0711 00:38:53.408211 8236 consensus_queue.cc:455] T 13410a5b9e644e6f86b34bea173a5677 P b93116846b4a43a1a8398438c81d0239 [LEADER]: Updated majority_replicated watermark from 1.74 to 1.74 00:38:53.411 [INFO - kudu-tserver:64036] (MiniKuduCluster.java:429)
I0711 00:38:53.408228 8236 consensus_queue.cc:455] T 13410a5b9e644e6f86b34bea173a5677 P b93116846b4a43a1a8398438c81d0239 [LEADER]: Updated all_replicated watermark from 1.74 to 1.74 00:38:53.411 [INFO - kudu-tserver:64036] (MiniKuduCluster.java:429)
I0711 00:38:53.408238 8236 log_cache.cc:391] T 13410a5b9e644e6f86b34bea173a5677 P b93116846b4a43a1a8398438c81d0239: Evicting log cache: after state: Pinned index: 75, LogCacheStats(num_ops=0, bytes=0) 00:38:53.411 [INFO - kudu-tserver:64036] (MiniKuduCluster.java:429)
I0711 00:38:53.408290 8240 raft_consensus.cc:588] T 13410a5b9e644e6f86b34bea173a5677 P b93116846b4a43a1a8398438c81d0239 [term 1 LEADER]: Marking majority replicated up to term: 1 index: 74 00:38:53.411 [INFO - kudu-tserver:64036] (MiniKuduCluster.java:429)
I0711 00:38:53.408299 8240 raft_consensus_state.cc:559] T 13410a5b9e644e6f86b34bea173a5677 P b93116846b4a43a1a8398438c81d0239 [term 1 LEADER]: Already marked ops through 1.74 as committed. Now trying to mark 1.74 which would be a no-op. 00:38:53.411 [DEBUG - New I/O worker #134] (TabletClient.java:636) [Peer b93116846b4a43a1a8398438c81d0239] [id: 0xe79a4fff, /127.0.0.1:48701 => /127.29.29.1:64036] WRITTEN_AMOUNT: 508 00:38:53.411 [INFO - kudu-tserver:64036] (MiniKuduCluster.java:429)
I0711 00:38:53.408337 8240 raft_consensus.cc:588] T 13410a5b9e644e6f86b34bea173a5677 P b93116846b4a43a1a8398438c81d0239 [term 1 LEADER]: Marking majority replicated up to term: 1 index: 74 00:38:53.411 [INFO - kudu-tserver:64036] (MiniKuduCluster.java:429)
I0711 00:38:53.408344 8240 raft_consensus_state.cc:559] T 13410a5b9e644e6f86b34bea173a5677 P b93116846b4a43a1a8398438c81d0239 [term 1 LEADER]: Already marked ops through 1.74 as committed. Now trying to mark 1.74 which would be a no-op. 00:38:53.411 [INFO - kudu-tserver:64036] (MiniKuduCluster.java:429)
I0711 00:38:53.411887 7913 tablet_service.cc:1501] Started scanner 6e201d4720d5412ca2f20df27dba50d5: tablet iterator: Union(memrowset iterator) 00:38:53.412 [INFO - kudu-tserver:64036] (MiniKuduCluster.java:429)
I0711 00:38:53.412148 8225 log_cache.cc:214] T 13410a5b9e644e6f86b34bea173a5677 P b93116846b4a43a1a8398438c81d0239: Updating pinned index to 76 00:38:53.412 [INFO - kudu-tserver:64036] (MiniKuduCluster.java:429)
I0711 00:38:53.412212 8225 consensus_queue.cc:455] T 13410a5b9e644e6f86b34bea173a5677 P b93116846b4a43a1a8398438c81d0239 [LEADER]: Updated majority_replicated watermark from 1.74 to 1.74 00:38:53.412 [INFO - kudu-tserver:64036] (MiniKuduCluster.java:429)
I0711 00:38:53.412225 8225 consensus_queue.cc:455] T 13410a5b9e644e6f86b34bea173a5677 P b93116846b4a43a1a8398438c81d0239 [LEADER]: Updated all_replicated watermark from 1.74 to 1.74 00:38:53.412 [INFO - kudu-tserver:64036] (MiniKuduCluster.java:429)
I0711 00:38:53.412241 8225 log_cache.cc:391] T 13410a5b9e644e6f86b34bea173a5677 P b93116846b4a43a1a8398438c81d0239: Evicting log cache: after state: Pinned index: 76, LogCacheStats(num_ops=1, bytes=847) 00:38:53.412 [INFO - kudu-tserver:64036] (MiniKuduCluster.java:429)
I0711 00:38:53.412348 8240 raft_consensus.cc:588] T 13410a5b9e644e6f86b34bea173a5677 P b93116846b4a43a1a8398438c81d0239 [term 1 LEADER]: Marking majority replicated up to term: 1 index: 74 00:38:53.412 [INFO - kudu-tserver:64036] (MiniKuduCluster.java:429)
I0711 00:38:53.412356 8240 raft_consensus_state.cc:559] T 13410a5b9e644e6f86b34bea173a5677 P b93116846b4a43a1a8398438c81d0239 [term 1 LEADER]: Already marked ops through 1.74 as committed. Now trying to mark 1.74 which would be a no-op. 00:38:53.412 [DEBUG - New I/O worker #134] (TabletClient.java:636) [Peer b93116846b4a43a1a8398438c81d0239] [id: 0xe79a4fff, /127.0.0.1:48701 => /127.29.29.1:64036] RECEIVED: BigEndianHeapChannelBuffer(ridx=0, widx=4181, cap=4181) 00:38:53.412 [DEBUG - New I/O worker #134] (TabletClient.java:359) ------------------>> ENTERING DECODE >>------------------ 00:38:53.412 [INFO - kudu-tserver:64034] (MiniKuduCluster.java:429)
I0711 00:38:53.412659 7836 raft_consensus.cc:1104] T 13410a5b9e644e6f86b34bea173a5677 P 8f3a2b7e9d2f4dc392f47ead5d0f114f [term 1 FOLLOWER]: Early marking committed up to term: 0 index: 0 00:38:53.413 [INFO - kudu-tserver:64034] (MiniKuduCluster.java:429)
I0711 00:38:53.412684 7836 raft_consensus_state.cc:559] T 13410a5b9e644e6f86b34bea173a5677 P 8f3a2b7e9d2f4dc392f47ead5d0f114f [term 1 FOLLOWER]: Already marked ops through 1.74 as committed. Now trying to mark 0.0 which would be a no-op. 00:38:53.413 [INFO - kudu-tserver:64034] (MiniKuduCluster.java:429)
I0711 00:38:53.412701 7836 raft_consensus.cc:728] T 13410a5b9e644e6f86b34bea173a5677 P 8f3a2b7e9d2f4dc392f47ead5d0f114f [term 1 FOLLOWER]: Starting transaction: term: 1 index: 75 00:38:53.412 [INFO - kudu-tserver:64032] (MiniKuduCluster.java:429)
I0711 00:38:53.412647 7621 raft_consensus.cc:1104] T 13410a5b9e644e6f86b34bea173a5677 P 5d244bfce7964881aa25f36d26bb9cba [term 1 FOLLOWER]: Early marking committed up to term: 0 index: 0 00:38:53.413 [INFO - kudu-tserver:64032] (MiniKuduCluster.java:429)
I0711 00:38:53.412672 7621 raft_consensus_state.cc:559] T 13410a5b9e644e6f86b34bea173a5677 P 5d244bfce7964881aa25f36d26bb9cba [term 1 FOLLOWER]: Already marked ops through 1.74 as committed. Now trying to mark 0.0 which would be a no-op. 00:38:53.413 [INFO - kudu-tserver:64032] (MiniKuduCluster.java:429)
I0711 00:38:53.412688 7621 raft_consensus.cc:728] T 13410a5b9e644e6f86b34bea173a5677 P 5d244bfce7964881aa25f36d26bb9cba [term 1 FOLLOWER]: Starting transaction: term: 1 index: 75 00:38:53.413 [INFO - kudu-tserver:64034] (MiniKuduCluster.java:429)
I0711 00:38:53.412935 7836 raft_consensus.cc:1215] T 13410a5b9e644e6f86b34bea173a5677 P 8f3a2b7e9d2f4dc392f47ead5d0f114f [term 1 FOLLOWER]: Marking committed up to term: 1 index: 74 00:38:53.413 [INFO - kudu-tserver:64034] (MiniKuduCluster.java:429)
I0711 00:38:53.412950 7836 raft_consensus_state.cc:559] T 13410a5b9e644e6f86b34bea173a5677 P 8f3a2b7e9d2f4dc392f47ead5d0f114f [term 1 FOLLOWER]: Already marked ops through 1.74 as committed. Now trying to mark 1.74 which would be a no-op. 00:38:53.413 [INFO - kudu-tserver:64034] (MiniKuduCluster.java:429)
I0711 00:38:53.413017 8216 log_cache.cc:214] T 13410a5b9e644e6f86b34bea173a5677 P 8f3a2b7e9d2f4dc392f47ead5d0f114f: Updating pinned index to 76 00:38:53.413 [INFO - kudu-tserver:64034] (MiniKuduCluster.java:429)
I0711 00:38:53.413045 8216 consensus_queue.cc:455] T 13410a5b9e644e6f86b34bea173a5677 P 8f3a2b7e9d2f4dc392f47ead5d0f114f [NON_LEADER]: Updated all_replicated watermark from 1.74 to 1.75 00:38:53.413 [INFO - kudu-tserver:64034] (MiniKuduCluster.java:429)
I0711 00:38:53.413071 8216 log_cache.cc:391] T 13410a5b9e644e6f86b34bea173a5677 P 8f3a2b7e9d2f4dc392f47ead5d0f114f: Evicting log cache: after state: Pinned index: 76, LogCacheStats(num_ops=1, bytes=871) 00:38:53.413 [INFO - kudu-tserver:64034] (MiniKuduCluster.java:429)
I0711 00:38:53.413149 7836 raft_consensus.cc:700] T 13410a5b9e644e6f86b34bea173a5677 P 8f3a2b7e9d2f4dc392f47ead5d0f114f [term 1 FOLLOWER]: Replica replied to status only request. Replica: Replica: 8f3a2b7e9d2f4dc392f47ead5d0f114f, State: 1, Role: FOLLOWER 00:38:53.413 [INFO - kudu-tserver:64034] (MiniKuduCluster.java:429) Watermarks: {Received: term: 1 index: 75 Committed: term: 1 index: 74} 00:38:53.413 [INFO - kudu-tserver:64034] (MiniKuduCluster.java:429) . Response: responder_uuid: "8f3a2b7e9d2f4dc392f47ead5d0f114f" responder_term: 1 status { last_received { term: 1 index: 75 } last_committed_idx: 74 last_received_current_leader { term: 1 index: 75 } } 00:38:53.413 [DEBUG - New I/O worker #134] (AsyncKuduScanner.java:847) AsyncKuduScanner$Response(scannerId="", data=RowResultIterator for 109 rows, more=false) 00:38:53.414 [DEBUG - New I/O worker #134] (TabletClient.java:426) [Peer b93116846b4a43a1a8398438c81d0239] rpcid=142, response size=4181 bytes, 0 readable bytes left, rpc=ScanRequest(scannerId=null, tabletSlice=13410a5b9e644e6f86b34bea173a5677, attempt=1) 00:38:53.413 [INFO - kudu-tserver:64036] (MiniKuduCluster.java:429)
I0711 00:38:53.413442 8227 consensus_queue.cc:455] T 13410a5b9e644e6f86b34bea173a5677 P b93116846b4a43a1a8398438c81d0239 [LEADER]: Updated majority_replicated watermark from 1.74 to 1.75 00:38:53.414 [INFO - kudu-tserver:64036] (MiniKuduCluster.java:429)
I0711 00:38:53.413468 8227 consensus_queue.cc:455] T 13410a5b9e644e6f86b34bea173a5677 P b93116846b4a43a1a8398438c81d0239 [LEADER]: Updated all_replicated watermark from 1.74 to 1.74 00:38:53.414 [INFO - kudu-tserver:64036] (MiniKuduCluster.java:429)
I0711 00:38:53.413480 8227 log_cache.cc:391] T 13410a5b9e644e6f86b34bea173a5677 P b93116846b4a43a1a8398438c81d0239: Evicting log cache: after state: Pinned index: 76, LogCacheStats(num_ops=1, bytes=847) 00:38:53.413 [INFO - kudu-tserver:64032] (MiniKuduCluster.java:429)
I0711 00:38:53.412909 7621 raft_consensus.cc:1215] T 13410a5b9e644e6f86b34bea173a5677 P 5d244bfce7964881aa25f36d26bb9cba [term 1 FOLLOWER]: Marking committed up to term: 1 index: 74 00:38:53.414 [INFO - kudu-tserver:64032] (MiniKuduCluster.java:429)
I0711 00:38:53.412924 7621 raft_consensus_state.cc:559] T 13410a5b9e644e6f86b34bea173a5677 P 5d244bfce7964881aa25f36d26bb9cba [term 1 FOLLOWER]: Already marked ops through 1.74 as committed. Now trying to mark 1.74 which would be a no-op. 00:38:53.414 [INFO - kudu-tserver:64032] (MiniKuduCluster.java:429)
I0711 00:38:53.413004 8220 log_cache.cc:214] T 13410a5b9e644e6f86b34bea173a5677 P 5d244bfce7964881aa25f36d26bb9cba: Updating pinned index to 76 00:38:53.414 [INFO - kudu-tserver:64032] (MiniKuduCluster.java:429)
I0711 00:38:53.413036 8220 consensus_queue.cc:455] T 13410a5b9e644e6f86b34bea173a5677 P 5d244bfce7964881aa25f36d26bb9cba [NON_LEADER]: Updated all_replicated watermark from 1.74 to 1.75 00:38:53.414 [INFO - kudu-tserver:64036] (MiniKuduCluster.java:429)
I0711 00:38:53.413538 8236 consensus_queue.cc:455] T 13410a5b9e644e6f86b34bea173a5677 P b93116846b4a43a1a8398438c81d0239 [LEADER]: Updated majority_replicated watermark from 1.75 to 1.75 00:38:53.414 [INFO - kudu-tserver:64036] (MiniKuduCluster.java:429)
I0711 00:38:53.413559 8236 consensus_queue.cc:455] T 13410a5b9e644e6f86b34bea173a5677 P b93116846b4a43a1a8398438c81d0239 [LEADER]: Updated all_replicated watermark from 1.74 to 1.75 00:38:53.414 [INFO - kudu-tserver:64036] (MiniKuduCluster.java:429)
I0711 00:38:53.413571 8236 log_cache.cc:391] T 13410a5b9e644e6f86b34bea173a5677 P b93116846b4a43a1a8398438c81d0239: Evicting log cache: after state: Pinned index: 76, LogCacheStats(num_ops=1, bytes=847) 00:38:53.415 [INFO - kudu-tserver:64036] (MiniKuduCluster.java:429)
I0711 00:38:53.413622 8240 raft_consensus.cc:588] T 13410a5b9e644e6f86b34bea173a5677 P b93116846b4a43a1a8398438c81d0239 [term 1 LEADER]: Marking majority replicated up to term: 1 index: 75 00:38:53.415 [INFO - kudu-tserver:64036] (MiniKuduCluster.java:429)
I0711 00:38:53.413637 8240 raft_consensus_state.cc:578] T 13410a5b9e644e6f86b34bea173a5677 P b93116846b4a43a1a8398438c81d0239 [term 1 LEADER]: Last triggered apply was: term: 1 index: 74 Starting to apply from log index: 75 00:38:53.415 [INFO - kudu-tserver:64036] (MiniKuduCluster.java:429)
I0711 00:38:53.413959 8240 raft_consensus.cc:588] T 13410a5b9e644e6f86b34bea173a5677 P b93116846b4a43a1a8398438c81d0239 [term 1 LEADER]: Marking majority replicated up to term: 1 index: 75 00:38:53.414 [INFO - kudu-tserver:64034] (MiniKuduCluster.java:429)
I0711 00:38:53.414376 7836 raft_consensus.cc:1104] T 13410a5b9e644e6f86b34bea173a5677 P 8f3a2b7e9d2f4dc392f47ead5d0f114f [term 1 FOLLOWER]: Early marking committed up to term: 1 index: 75 00:38:53.415 [INFO - kudu-tserver:64034] (MiniKuduCluster.java:429)
I0711 00:38:53.414397 7836 raft_consensus_state.cc:578] T 13410a5b9e644e6f86b34bea173a5677 P 8f3a2b7e9d2f4dc392f47ead5d0f114f [term 1 FOLLOWER]: Last triggered apply was: term: 1 index: 74 Starting to apply from log index: 75 00:38:53.415 [INFO - kudu-tserver:64034] (MiniKuduCluster.java:429)
I0711 00:38:53.414501 7836 raft_consensus.cc:1215] T 13410a5b9e644e6f86b34bea173a5677 P 8f3a2b7e9d2f4dc392f47ead5d0f114f [term 1 FOLLOWER]: Marking committed up to term: 1 index: 75 00:38:53.415 [INFO - kudu-tserver:64034] (MiniKuduCluster.java:429)
I0711 00:38:53.414522 7836 raft_consensus_state.cc:559] T 13410a5b9e644e6f86b34bea173a5677 P 8f3a2b7e9d2f4dc392f47ead5d0f114f [term 1 FOLLOWER]: Already marked ops through 1.75 as committed. Now trying to mark 1.75 which would be a no-op. 00:38:53.415 [INFO - kudu-tserver:64034] (MiniKuduCluster.java:429)
I0711 00:38:53.414557 7836 raft_consensus.cc:700] T 13410a5b9e644e6f86b34bea173a5677 P 8f3a2b7e9d2f4dc392f47ead5d0f114f [term 1 FOLLOWER]: Replica replied to status only request. Replica: Replica: 8f3a2b7e9d2f4dc392f47ead5d0f114f, State: 1, Role: FOLLOWER 00:38:53.415 [INFO - kudu-tserver:64034] (MiniKuduCluster.java:429) Watermarks: {Received: term: 1 index: 75 Committed: term: 1 index: 75} 00:38:53.415 [INFO - kudu-tserver:64034] (MiniKuduCluster.java:429) . Response: responder_uuid: "8f3a2b7e9d2f4dc392f47ead5d0f114f" responder_term: 1 status { last_received { term: 1 index: 75 } last_committed_idx: 75 last_received_current_leader { term: 1 index: 75 } } 00:38:53.414 [INFO - Thread-8] (ITClient.java:374) New row count 109 00:38:53.414 [DEBUG - New I/O worker #134] (TabletClient.java:491) ------------------<< LEAVING DECODE <<------------------ time elapsed: 1445us 00:38:53.415 [INFO - kudu-tserver:64036] (MiniKuduCluster.java:429)
I0711 00:38:53.413970 8240 raft_consensus_state.cc:559] T 13410a5b9e644e6f86b34bea173a5677 P b93116846b4a43a1a8398438c81d0239 [term 1 LEADER]: Already marked ops through 1.75 as committed. Now trying to mark 1.75 which would be a no-op. 00:38:53.416 [INFO - kudu-tserver:64036] (MiniKuduCluster.java:429)
I0711 00:38:53.414827 8236 consensus_queue.cc:455] T 13410a5b9e644e6f86b34bea173a5677 P b93116846b4a43a1a8398438c81d0239 [LEADER]: Updated majority_replicated watermark from 1.75 to 1.75 00:38:53.416 [INFO - kudu-tserver:64036] (MiniKuduCluster.java:429)
