I0711 00:38:53.275012 8225 consensus_queue.cc:455] T 13410a5b9e644e6f86b34bea173a5677 P b93116846b4a43a1a8398438c81d0239 [LEADER]: Updated majority_replicated watermark from 1.56 to 1.56 00:38:53.275 [INFO - kudu-tserver:64036] (MiniKuduCluster.java:429)
I0711 00:38:53.275022 8225 consensus_queue.cc:455] T 13410a5b9e644e6f86b34bea173a5677 P b93116846b4a43a1a8398438c81d0239 [LEADER]: Updated all_replicated watermark from 1.56 to 1.56 00:38:53.275 [INFO - kudu-tserver:64036] (MiniKuduCluster.java:429)
I0711 00:38:53.275032 8225 log_cache.cc:391] T 13410a5b9e644e6f86b34bea173a5677 P b93116846b4a43a1a8398438c81d0239: Evicting log cache: after state: Pinned index: 58, LogCacheStats(num_ops=1, bytes=847) 00:38:53.274 [DEBUG - New I/O worker #134] (TabletClient.java:636) [Peer b93116846b4a43a1a8398438c81d0239] [id: 0xe79a4fff, /127.0.0.1:48701 => /127.29.29.1:64036] WRITTEN_AMOUNT: 267 00:38:53.275 [INFO - kudu-tserver:64034] (MiniKuduCluster.java:429)
I0711 00:38:53.275528 7836 raft_consensus.cc:1104] T 13410a5b9e644e6f86b34bea173a5677 P 8f3a2b7e9d2f4dc392f47ead5d0f114f [term 1 FOLLOWER]: Early marking committed up to term: 0 index: 0 00:38:53.275 [INFO - kudu-tserver:64034] (MiniKuduCluster.java:429)
I0711 00:38:53.275552 7836 raft_consensus_state.cc:559] T 13410a5b9e644e6f86b34bea173a5677 P 8f3a2b7e9d2f4dc392f47ead5d0f114f [term 1 FOLLOWER]: Already marked ops through 1.56 as committed. Now trying to mark 0.0 which would be a no-op. 00:38:53.275 [INFO - kudu-tserver:64034] (MiniKuduCluster.java:429)
I0711 00:38:53.275569 7836 raft_consensus.cc:728] T 13410a5b9e644e6f86b34bea173a5677 P 8f3a2b7e9d2f4dc392f47ead5d0f114f [term 1 FOLLOWER]: Starting transaction: term: 1 index: 57 00:38:53.275 [INFO - kudu-tserver:64034] (MiniKuduCluster.java:429)
I0711 00:38:53.275760 7836 raft_consensus.cc:1215] T 13410a5b9e644e6f86b34bea173a5677 P 8f3a2b7e9d2f4dc392f47ead5d0f114f [term 1 FOLLOWER]: Marking committed up to term: 1 index: 56 00:38:53.275 [INFO - kudu-tserver:64034] (MiniKuduCluster.java:429)
I0711 00:38:53.275775 7836 raft_consensus_state.cc:559] T 13410a5b9e644e6f86b34bea173a5677 P 8f3a2b7e9d2f4dc392f47ead5d0f114f [term 1 FOLLOWER]: Already marked ops through 1.56 as committed. Now trying to mark 1.56 which would be a no-op. 00:38:53.273 [DEBUG - Thread-8] (TabletClient.java:261) [Peer b93116846b4a43a1a8398438c81d0239] [id: 0xe79a4fff, /127.0.0.1:48701 => /127.29.29.1:64036] Sending RPC #106, payload=BigEndianHeapChannelBuffer(ridx=0, widx=256, cap=256) "\x00\x00\x00\xFC1\x18j2(\n kudu.tserver.TabletServerService\x12\x04ScanP\xF4\x03X\x01\xC8\x01\x12\xC1\x01\n 13410a5b9e644e6f86b34bea173a5677\x10\xFF\xFF\xFF\xFF\xFF\xFF\xFF\xFF\x7F"\x11\x12\x03key\x18\x05 \x01(\x00@\x00H\x00P\x00"\x17\x12\tcolumn1_i\x18\x05 \x00(\x00@\x00H\x00P\x00"\x17\x12\tcolumn2_i\x18\x05 \x00(\x00@\x00H\x00P\x00"\x17\x12\tcolumn3_s\x18\x08 \x00(\x01@\x05H\x03P\x00"\x17\x12\tcolumn4_b\x18\t \x00(\x00@\x00H\x00P\x00(\x019\x000P\xE1\x06\x16uSP\x01X\x01j\x0D\n\x03key\x1A\x06\n\x04\x06\x00\x00\x00 \x80\x80@" 00:38:53.276 [INFO - kudu-tserver:64034] (MiniKuduCluster.java:429)
I0711 00:38:53.275859 8216 log_cache.cc:214] T 13410a5b9e644e6f86b34bea173a5677 P 8f3a2b7e9d2f4dc392f47ead5d0f114f: Updating pinned index to 58 00:38:53.276 [INFO - kudu-tserver:64034] (MiniKuduCluster.java:429)
I0711 00:38:53.275908 8216 consensus_queue.cc:455] T 13410a5b9e644e6f86b34bea173a5677 P 8f3a2b7e9d2f4dc392f47ead5d0f114f [NON_LEADER]: Updated all_replicated watermark from 1.56 to 1.57 00:38:53.276 [INFO - kudu-tserver:64034] (MiniKuduCluster.java:429)
I0711 00:38:53.275956 8216 log_cache.cc:391] T 13410a5b9e644e6f86b34bea173a5677 P 8f3a2b7e9d2f4dc392f47ead5d0f114f: Evicting log cache: after state: Pinned index: 58, LogCacheStats(num_ops=1, bytes=871) 00:38:53.275 [INFO - kudu-tserver:64036] (MiniKuduCluster.java:429)
I0711 00:38:53.275130 8240 raft_consensus.cc:588] T 13410a5b9e644e6f86b34bea173a5677 P b93116846b4a43a1a8398438c81d0239 [term 1 LEADER]: Marking majority replicated up to term: 1 index: 56 00:38:53.276 [INFO - kudu-tserver:64036] (MiniKuduCluster.java:429)
I0711 00:38:53.275141 8240 raft_consensus_state.cc:559] T 13410a5b9e644e6f86b34bea173a5677 P b93116846b4a43a1a8398438c81d0239 [term 1 LEADER]: Already marked ops through 1.56 as committed. Now trying to mark 1.56 which would be a no-op. 00:38:53.274 [INFO - kudu-tserver:64032] (MiniKuduCluster.java:429)
I0711 00:38:53.270083 7621 raft_consensus.cc:700] T 13410a5b9e644e6f86b34bea173a5677 P 5d244bfce7964881aa25f36d26bb9cba [term 1 FOLLOWER]: Replica replied to status only request. Replica: Replica: 5d244bfce7964881aa25f36d26bb9cba, State: 1, Role: FOLLOWER 00:38:53.276 [INFO - kudu-tserver:64032] (MiniKuduCluster.java:429) Watermarks: {Received: term: 1 index: 56 Committed: term: 1 index: 55} 00:38:53.276 [INFO - kudu-tserver:64032] (MiniKuduCluster.java:429) . Response: responder_uuid: "5d244bfce7964881aa25f36d26bb9cba" responder_term: 1 status { last_received { term: 1 index: 56 } last_committed_idx: 55 last_received_current_leader { term: 1 index: 56 } } 00:38:53.276 [INFO - kudu-tserver:64036] (MiniKuduCluster.java:429)
I0711 00:38:53.276298 8227 consensus_queue.cc:455] T 13410a5b9e644e6f86b34bea173a5677 P b93116846b4a43a1a8398438c81d0239 [LEADER]: Updated majority_replicated watermark from 1.56 to 1.57 00:38:53.276 [INFO - kudu-tserver:64036] (MiniKuduCluster.java:429)
I0711 00:38:53.276314 8227 consensus_queue.cc:455] T 13410a5b9e644e6f86b34bea173a5677 P b93116846b4a43a1a8398438c81d0239 [LEADER]: Updated all_replicated watermark from 1.56 to 1.56 00:38:53.277 [INFO - kudu-tserver:64036] (MiniKuduCluster.java:429)
I0711 00:38:53.276322 8227 log_cache.cc:391] T 13410a5b9e644e6f86b34bea173a5677 P b93116846b4a43a1a8398438c81d0239: Evicting log cache: after state: Pinned index: 58, LogCacheStats(num_ops=1, bytes=847) 00:38:53.276 [INFO - kudu-tserver:64034] (MiniKuduCluster.java:429)
I0711 00:38:53.276034 7836 raft_consensus.cc:700] T 13410a5b9e644e6f86b34bea173a5677 P 8f3a2b7e9d2f4dc392f47ead5d0f114f [term 1 FOLLOWER]: Replica replied to status only request. Replica: Replica: 8f3a2b7e9d2f4dc392f47ead5d0f114f, State: 1, Role: FOLLOWER 00:38:53.277 [INFO - kudu-tserver:64034] (MiniKuduCluster.java:429) Watermarks: {Received: term: 1 index: 57 Committed: term: 1 index: 56} 00:38:53.277 [INFO - kudu-tserver:64034] (MiniKuduCluster.java:429) . Response: responder_uuid: "8f3a2b7e9d2f4dc392f47ead5d0f114f" responder_term: 1 status { last_received { term: 1 index: 57 } last_committed_idx: 56 last_received_current_leader { term: 1 index: 57 } } 00:38:53.276 [DEBUG - New I/O worker #134] (TabletClient.java:636) [Peer b93116846b4a43a1a8398438c81d0239] [id: 0xe79a4fff, /127.0.0.1:48701 => /127.29.29.1:64036] WRITTEN_AMOUNT: 256 00:38:53.277 [INFO - kudu-tserver:64034] (MiniKuduCluster.java:429)
I0711 00:38:53.277029 7836 raft_consensus.cc:1104] T 13410a5b9e644e6f86b34bea173a5677 P 8f3a2b7e9d2f4dc392f47ead5d0f114f [term 1 FOLLOWER]: Early marking committed up to term: 1 index: 57 00:38:53.277 [INFO - kudu-tserver:64034] (MiniKuduCluster.java:429)
I0711 00:38:53.277047 7836 raft_consensus_state.cc:578] T 13410a5b9e644e6f86b34bea173a5677 P 8f3a2b7e9d2f4dc392f47ead5d0f114f [term 1 FOLLOWER]: Last triggered apply was: term: 1 index: 56 Starting to apply from log index: 57 00:38:53.277 [INFO - kudu-tserver:64034] (MiniKuduCluster.java:429)
I0711 00:38:53.277122 7836 raft_consensus.cc:1215] T 13410a5b9e644e6f86b34bea173a5677 P 8f3a2b7e9d2f4dc392f47ead5d0f114f [term 1 FOLLOWER]: Marking committed up to term: 1 index: 57 00:38:53.277 [INFO - kudu-tserver:64034] (MiniKuduCluster.java:429)
I0711 00:38:53.277135 7836 raft_consensus_state.cc:559] T 13410a5b9e644e6f86b34bea173a5677 P 8f3a2b7e9d2f4dc392f47ead5d0f114f [term 1 FOLLOWER]: Already marked ops through 1.57 as committed. Now trying to mark 1.57 which would be a no-op. 00:38:53.277 [INFO - kudu-tserver:64034] (MiniKuduCluster.java:429)
I0711 00:38:53.277166 7836 raft_consensus.cc:700] T 13410a5b9e644e6f86b34bea173a5677 P 8f3a2b7e9d2f4dc392f47ead5d0f114f [term 1 FOLLOWER]: Replica replied to status only request. Replica: Replica: 8f3a2b7e9d2f4dc392f47ead5d0f114f, State: 1, Role: FOLLOWER 00:38:53.278 [INFO - kudu-tserver:64034] (MiniKuduCluster.java:429) Watermarks: {Received: term: 1 index: 57 Committed: term: 1 index: 57} 00:38:53.277 [INFO - kudu-tserver:64036] (MiniKuduCluster.java:429)
I0711 00:38:53.276402 8227 consensus_queue.cc:455] T 13410a5b9e644e6f86b34bea173a5677 P b93116846b4a43a1a8398438c81d0239 [LEADER]: Updated majority_replicated watermark from 1.57 to 1.57 00:38:53.278 [INFO - kudu-tserver:64036] (MiniKuduCluster.java:429)
I0711 00:38:53.276414 8227 consensus_queue.cc:455] T 13410a5b9e644e6f86b34bea173a5677 P b93116846b4a43a1a8398438c81d0239 [LEADER]: Updated all_replicated watermark from 1.56 to 1.57 00:38:53.278 [INFO - kudu-tserver:64036] (MiniKuduCluster.java:429)
I0711 00:38:53.276423 8227 log_cache.cc:391] T 13410a5b9e644e6f86b34bea173a5677 P b93116846b4a43a1a8398438c81d0239: Evicting log cache: after state: Pinned index: 58, LogCacheStats(num_ops=1, bytes=847) 00:38:53.278 [INFO - kudu-tserver:64036] (MiniKuduCluster.java:429)
I0711 00:38:53.276448 8240 raft_consensus.cc:588] T 13410a5b9e644e6f86b34bea173a5677 P b93116846b4a43a1a8398438c81d0239 [term 1 LEADER]: Marking majority replicated up to term: 1 index: 57 00:38:53.278 [INFO - kudu-tserver:64036] (MiniKuduCluster.java:429)
I0711 00:38:53.276471 8240 raft_consensus_state.cc:578] T 13410a5b9e644e6f86b34bea173a5677 P b93116846b4a43a1a8398438c81d0239 [term 1 LEADER]: Last triggered apply was: term: 1 index: 56 Starting to apply from log index: 57 00:38:53.276 [INFO - kudu-tserver:64032] (MiniKuduCluster.java:429)
I0711 00:38:53.275629 7621 raft_consensus.cc:1104] T 13410a5b9e644e6f86b34bea173a5677 P 5d244bfce7964881aa25f36d26bb9cba [term 1 FOLLOWER]: Early marking committed up to term: 1 index: 56 00:38:53.278 [INFO - kudu-tserver:64032] (MiniKuduCluster.java:429)
I0711 00:38:53.275650 7621 raft_consensus_state.cc:578] T 13410a5b9e644e6f86b34bea173a5677 P 5d244bfce7964881aa25f36d26bb9cba [term 1 FOLLOWER]: Last triggered apply was: term: 1 index: 55 Starting to apply from log index: 56 00:38:53.278 [INFO - kudu-tserver:64032] (MiniKuduCluster.java:429)
I0711 00:38:53.275738 7621 raft_consensus.cc:728] T 13410a5b9e644e6f86b34bea173a5677 P 5d244bfce7964881aa25f36d26bb9cba [term 1 FOLLOWER]: Starting transaction: term: 1 index: 57 00:38:53.279 [INFO - kudu-tserver:64032] (MiniKuduCluster.java:429)
I0711 00:38:53.275950 7621 raft_consensus.cc:1215] T 13410a5b9e644e6f86b34bea173a5677 P 5d244bfce7964881aa25f36d26bb9cba [term 1 FOLLOWER]: Marking committed up to term: 1 index: 56 00:38:53.279 [INFO - kudu-tserver:64032] (MiniKuduCluster.java:429)
I0711 00:38:53.275966 7621 raft_consensus_state.cc:559] T 13410a5b9e644e6f86b34bea173a5677 P 5d244bfce7964881aa25f36d26bb9cba [term 1 FOLLOWER]: Already marked ops through 1.56 as committed. Now trying to mark 1.56 which would be a no-op. 00:38:53.279 [INFO - kudu-tserver:64032] (MiniKuduCluster.java:429)
I0711 00:38:53.276024 8220 log_cache.cc:214] T 13410a5b9e644e6f86b34bea173a5677 P 5d244bfce7964881aa25f36d26bb9cba: Updating pinned index to 58 00:38:53.279 [INFO - kudu-tserver:64032] (MiniKuduCluster.java:429)
I0711 00:38:53.276057 8220 consensus_queue.cc:455] T 13410a5b9e644e6f86b34bea173a5677 P 5d244bfce7964881aa25f36d26bb9cba [NON_LEADER]: Updated all_replicated watermark from 1.56 to 1.57 00:38:53.279 [INFO - kudu-tserver:64032] (MiniKuduCluster.java:429)
I0711 00:38:53.276088 8220 log_cache.cc:391] T 13410a5b9e644e6f86b34bea173a5677 P 5d244bfce7964881aa25f36d26bb9cba: Evicting log cache: after state: Pinned index: 58, LogCacheStats(num_ops=1, bytes=871) 00:38:53.279 [INFO - kudu-tserver:64032] (MiniKuduCluster.java:429)
I0711 00:38:53.276166 7621 raft_consensus.cc:700] T 13410a5b9e644e6f86b34bea173a5677 P 5d244bfce7964881aa25f36d26bb9cba [term 1 FOLLOWER]: Replica replied to status only request. Replica: Replica: 5d244bfce7964881aa25f36d26bb9cba, State: 1, Role: FOLLOWER 00:38:53.279 [INFO - kudu-tserver:64032] (MiniKuduCluster.java:429) Watermarks: {Received: term: 1 index: 57 Committed: term: 1 index: 56} 00:38:53.279 [INFO - kudu-tserver:64032] (MiniKuduCluster.java:429) . Response: responder_uuid: "5d244bfce7964881aa25f36d26bb9cba" responder_term: 1 status { last_received { term: 1 index: 57 } last_committed_idx: 56 last_received_current_leader { term: 1 index: 57 } } 00:38:53.278 [INFO - kudu-tserver:64036] (MiniKuduCluster.java:429)
I0711 00:38:53.276630 8240 raft_consensus.cc:588] T 13410a5b9e644e6f86b34bea173a5677 P b93116846b4a43a1a8398438c81d0239 [term 1 LEADER]: Marking majority replicated up to term: 1 index: 57 00:38:53.280 [INFO - kudu-tserver:64036] (MiniKuduCluster.java:429)
I0711 00:38:53.276639 8240 raft_consensus_state.cc:559] T 13410a5b9e644e6f86b34bea173a5677 P b93116846b4a43a1a8398438c81d0239 [term 1 LEADER]: Already marked ops through 1.57 as committed. Now trying to mark 1.57 which would be a no-op. 00:38:53.280 [INFO - kudu-tserver:64036] (MiniKuduCluster.java:429)
I0711 00:38:53.277006 7913 tablet_service.cc:1501] Started scanner a153eef7d82d438b8807ff5b6f091032: tablet iterator: Union(memrowset iterator) 00:38:53.280 [INFO - kudu-tserver:64036] (MiniKuduCluster.java:429)
I0711 00:38:53.277511 8236 consensus_queue.cc:455] T 13410a5b9e644e6f86b34bea173a5677 P b93116846b4a43a1a8398438c81d0239 [LEADER]: Updated majority_replicated watermark from 1.57 to 1.57 00:38:53.280 [INFO - kudu-tserver:64036] (MiniKuduCluster.java:429)
I0711 00:38:53.277529 8236 consensus_queue.cc:455] T 13410a5b9e644e6f86b34bea173a5677 P b93116846b4a43a1a8398438c81d0239 [LEADER]: Updated all_replicated watermark from 1.57 to 1.57 00:38:53.280 [INFO - kudu-tserver:64036] (MiniKuduCluster.java:429)
I0711 00:38:53.277565 8236 log_cache.cc:391] T 13410a5b9e644e6f86b34bea173a5677 P b93116846b4a43a1a8398438c81d0239: Evicting log cache: after state: Pinned index: 58, LogCacheStats(num_ops=0, bytes=0) 00:38:53.280 [INFO - kudu-tserver:64036] (MiniKuduCluster.java:429)
I0711 00:38:53.277612 8227 consensus_queue.cc:455] T 13410a5b9e644e6f86b34bea173a5677 P b93116846b4a43a1a8398438c81d0239 [LEADER]: Updated majority_replicated watermark from 1.57 to 1.57 00:38:53.278 [INFO - kudu-tserver:64034] (MiniKuduCluster.java:429) . Response: responder_uuid: "8f3a2b7e9d2f4dc392f47ead5d0f114f" responder_term: 1 status { last_received { term: 1 index: 57 } last_committed_idx: 57 last_received_current_leader { term: 1 index: 57 } } 00:38:53.277 [DEBUG - New I/O worker #134] (TabletClient.java:636) [Peer b93116846b4a43a1a8398438c81d0239] [id: 0xe79a4fff, /127.0.0.1:48701 => /127.29.29.1:64036] RECEIVED: BigEndianHeapChannelBuffer(ridx=0, widx=93, cap=93) 00:38:53.280 [DEBUG - New I/O worker #134] (TabletClient.java:359) ------------------>> ENTERING DECODE >>------------------ 00:38:53.280 [INFO - kudu-tserver:64036] (MiniKuduCluster.java:429)
I0711 00:38:53.277628 8227 consensus_queue.cc:455] T 13410a5b9e644e6f86b34bea173a5677 P b93116846b4a43a1a8398438c81d0239 [LEADER]: Updated all_replicated watermark from 1.57 to 1.57 00:38:53.280 [INFO - kudu-tserver:64036] (MiniKuduCluster.java:429)
I0711 00:38:53.277638 8227 log_cache.cc:391] T 13410a5b9e644e6f86b34bea173a5677 P b93116846b4a43a1a8398438c81d0239: Evicting log cache: after state: Pinned index: 58, LogCacheStats(num_ops=0, bytes=0) 00:38:53.281 [INFO - kudu-tserver:64036] (MiniKuduCluster.java:429)
I0711 00:38:53.277700 8240 raft_consensus.cc:588] T 13410a5b9e644e6f86b34bea173a5677 P b93116846b4a43a1a8398438c81d0239 [term 1 LEADER]: Marking majority replicated up to term: 1 index: 57 00:38:53.281 [INFO - kudu-tserver:64036] (MiniKuduCluster.java:429)
I0711 00:38:53.277711 8240 raft_consensus_state.cc:559] T 13410a5b9e644e6f86b34bea173a5677 P b93116846b4a43a1a8398438c81d0239 [term 1 LEADER]: Already marked ops through 1.57 as committed. Now trying to mark 1.57 which would be a no-op. 00:38:53.281 [INFO - kudu-tserver:64036] (MiniKuduCluster.java:429)
I0711 00:38:53.277884 8240 raft_consensus.cc:588] T 13410a5b9e644e6f86b34bea173a5677 P b93116846b4a43a1a8398438c81d0239 [term 1 LEADER]: Marking majority replicated up to term: 1 index: 57 00:38:53.281 [INFO - kudu-tserver:64036] (MiniKuduCluster.java:429)
I0711 00:38:53.277891 8240 raft_consensus_state.cc:559] T 13410a5b9e644e6f86b34bea173a5677 P b93116846b4a43a1a8398438c81d0239 [term 1 LEADER]: Already marked ops through 1.57 as committed. Now trying to mark 1.57 which would be a no-op. 00:38:53.279 [INFO - kudu-tserver:64032] (MiniKuduCluster.java:429)
I0711 00:38:53.277084 7621 raft_consensus.cc:1104] T 13410a5b9e644e6f86b34bea173a5677 P 5d244bfce7964881aa25f36d26bb9cba [term 1 FOLLOWER]: Early marking committed up to term: 1 index: 57 00:38:53.281 [INFO - kudu-tserver:64032] (MiniKuduCluster.java:429)
I0711 00:38:53.277103 7621 raft_consensus_state.cc:578] T 13410a5b9e644e6f86b34bea173a5677 P 5d244bfce7964881aa25f36d26bb9cba [term 1 FOLLOWER]: Last triggered apply was: term: 1 index: 56 Starting to apply from log index: 57 00:38:53.281 [INFO - kudu-tserver:64032] (MiniKuduCluster.java:429)
I0711 00:38:53.277186 7621 raft_consensus.cc:1215] T 13410a5b9e644e6f86b34bea173a5677 P 5d244bfce7964881aa25f36d26bb9cba [term 1 FOLLOWER]: Marking committed up to term: 1 index: 57 00:38:53.281 [INFO - kudu-tserver:64032] (MiniKuduCluster.java:429)
I0711 00:38:53.277200 7621 raft_consensus_state.cc:559] T 13410a5b9e644e6f86b34bea173a5677 P 5d244bfce7964881aa25f36d26bb9cba [term 1 FOLLOWER]: Already marked ops through 1.57 as committed. Now trying to mark 1.57 which would be a no-op. 00:38:53.281 [INFO - kudu-tserver:64032] (MiniKuduCluster.java:429)
I0711 00:38:53.277243 7621 raft_consensus.cc:700] T 13410a5b9e644e6f86b34bea173a5677 P 5d244bfce7964881aa25f36d26bb9cba [term 1 FOLLOWER]: Replica replied to status only request. Replica: Replica: 5d244bfce7964881aa25f36d26bb9cba, State: 1, Role: FOLLOWER 00:38:53.282 [INFO - kudu-tserver:64032] (MiniKuduCluster.java:429) Watermarks: {Received: term: 1 index: 57 Committed: term: 1 index: 57} 00:38:53.282 [INFO - kudu-tserver:64032] (MiniKuduCluster.java:429) . Response: responder_uuid: "5d244bfce7964881aa25f36d26bb9cba" responder_term: 1 status { last_received { term: 1 index: 57 } last_committed_idx: 57 last_received_current_leader { term: 1 index: 57 } } 00:38:53.280 [DEBUG - New I/O worker #134] (TabletClient.java:426) [Peer b93116846b4a43a1a8398438c81d0239] rpcid=107, response size=19 bytes, 74 readable bytes left, rpc=KuduRpc(method=Write, tablet=13410a5b9e644e6f86b34bea173a5677, attempt=1, DeadlineTracker(timeout=30000, elapsed=8), Deferred@1266453666(state=PENDING, result=null, callback=wakeup thread Thread-7, errback=wakeup thread Thread-7)) row_key=(int32 key=91) 00:38:53.282 [DEBUG - New I/O worker #134] (TabletClient.java:491) ------------------<< LEAVING DECODE <<------------------ time elapsed: 1697us 00:38:53.282 [DEBUG - New I/O worker #134] (TabletClient.java:359) ------------------>> ENTERING DECODE >>------------------ 00:38:53.282 [DEBUG - New I/O worker #134] (AsyncKuduScanner.java:847) AsyncKuduScanner$Response(scannerId="", data=RowResultIterator for 1 rows, more=false) 00:38:53.282 [DEBUG - Thread-7] (TabletClient.java:261) [Peer b93116846b4a43a1a8398438c81d0239] [id: 0xe79a4fff, /127.0.0.1:48701 => /127.29.29.1:64036] Sending RPC #108, payload=BigEndianHeapChannelBuffer(ridx=0, widx=267, cap=267) "\x00\x00\x01\x070\x18l2)\n kudu.tserver.TabletServerService\x12\x05WriteP\xF4\x03\xD4\x01\n 13410a5b9e644e6f86b34bea173a5677\x12w\n\x11\x12\x03key\x18\x05 \x01(\x00@\x00H\x00P\x00\n\x17\x12\tcolumn1_i\x18\x05 \x00(\x00@\x00H\x00P\x00\n\x17\x12\tcolumn2_i\x18\x05 \x00(\x00@\x00H\x00P\x00\n\x17\x12\tcolumn3_s\x18\x08 \x00(\x01@\x05H\x03P\x00\n\x17\x12\tcolumn4_b\x18\t \x00(\x00@\x00H\x00P\x00\x1A,\x12 \x01\x1F\x00\\x00\x00\x00\x02\x00\x00\x00\x03\x00\x00\x00\x00\x00\x00\x00\x00\x00\x00\x00\x08\x00\x00\x00\x00\x00\x00\x00\x01\x1A\x08a string \x01)\x000P\xE1\x06\x16uS" 00:38:53.283 [DEBUG - New I/O worker #134] (TabletClient.java:426) [Peer b93116846b4a43a1a8398438c81d0239] rpcid=106, response size=74 bytes, 0 readable bytes left, rpc=ScanRequest(scannerId=null, tabletSlice=13410a5b9e644e6f86b34bea173a5677, attempt=1) 00:38:53.283 [DEBUG - New I/O worker #134] (TabletClient.java:491) ------------------<< LEAVING DECODE <<------------------ time elapsed: 657us 00:38:53.283 [DEBUG - New I/O worker #134] (TabletClient.java:636) [Peer b93116846b4a43a1a8398438c81d0239] [id: 0xe79a4fff, /127.0.0.1:48701 => /127.29.29.1:64036] WRITTEN_AMOUNT: 267 00:38:53.284 [DEBUG - Thread-8] (AsyncKuduScanner.java:812) Sending scan req: new_scan_request { tablet_id: "13410a5b9e644e6f86b34bea173a5677" limit: 9223372036854775807 projected_columns { name: "key" type: INT32 is_key: true is_nullable: false encoding: AUTO_ENCODING compression: DEFAULT_COMPRESSION cfile_block_size: 0 } projected_columns { name: "column1_i" type: INT32 is_key: false is_nullable: false encoding: AUTO_ENCODING compression: DEFAULT_COMPRESSION cfile_block_size: 0 } projected_columns { name: "column2_i" type: INT32 is_key: false is_nullable: false encoding: AUTO_ENCODING compression: DEFAULT_COMPRESSION cfile_block_size: 0 } projected_columns { name: "column3_s" type: STRING is_key: false is_nullable: true encoding: DICT_ENCODING compression: LZ4 cfile_block_size: 0 } projected_columns { name: "column4_b" type: BOOL is_key: false is_nullable: false encoding: AUTO_ENCODING compression: DEFAULT_COMPRESSION cfile_block_size: 0 } read_mode: READ_LATEST propagated_timestamp: 6013737096228909056 cache_blocks: true order_mode: UNORDERED } batch_size_bytes: 1048576 00:38:53.284 [INFO - kudu-tserver:64036] (MiniKuduCluster.java:429)
I0711 00:38:53.284288 8225 log_cache.cc:214] T 13410a5b9e644e6f86b34bea173a5677 P b93116846b4a43a1a8398438c81d0239: Updating pinned index to 59 00:38:53.284 [INFO - kudu-tserver:64036] (MiniKuduCluster.java:429)
I0711 00:38:53.284332 8225 consensus_queue.cc:455] T 13410a5b9e644e6f86b34bea173a5677 P b93116846b4a43a1a8398438c81d0239 [LEADER]: Updated majority_replicated watermark from 1.57 to 1.57 00:38:53.284 [DEBUG - Thread-8] (TabletClient.java:261) [Peer b93116846b4a43a1a8398438c81d0239] [id: 0xe79a4fff, /127.0.0.1:48701 => /127.29.29.1:64036] Sending RPC #109, payload=BigEndianHeapChannelBuffer(ridx=0, widx=239, cap=239) "\x00\x00\x00\xEB/\x18m2(\n kudu.tserver.TabletServerService\x12\x04ScanP\xF4\x03\xB9\x01\x12\xB2\x01\n 13410a5b9e644e6f86b34bea173a5677\x10\xFF\xFF\xFF\xFF\xFF\xFF\xFF\xFF\x7F"\x11\x12\x03key\x18\x05 \x01(\x00@\x00H\x00P\x00"\x17\x12\tcolumn1_i\x18\x05 \x00(\x00@\x00H\x00P\x00"\x17\x12\tcolumn2_i\x18\x05 \x00(\x00@\x00H\x00P\x00"\x17\x12\tcolumn3_s\x18\x08 \x00(\x01@\x05H\x03P\x00"\x17\x12\tcolumn4_b\x18\t \x00(\x00@\x00H\x00P\x00(\x019\x000P\xE1\x06\x16uSP\x01X\x01 \x80\x80@" 00:38:53.284 [INFO - kudu-tserver:64036] (MiniKuduCluster.java:429)
I0711 00:38:53.284343 8225 consensus_queue.cc:455] T 13410a5b9e644e6f86b34bea173a5677 P b93116846b4a43a1a8398438c81d0239 [LEADER]: Updated all_replicated watermark from 1.57 to 1.57 00:38:53.284 [INFO - kudu-tserver:64036] (MiniKuduCluster.java:429)
I0711 00:38:53.284354 8225 log_cache.cc:391] T 13410a5b9e644e6f86b34bea173a5677 P b93116846b4a43a1a8398438c81d0239: Evicting log cache: after state: Pinned index: 59, LogCacheStats(num_ops=1, bytes=847) 00:38:53.284 [DEBUG - New I/O worker #134] (TabletClient.java:636) [Peer b93116846b4a43a1a8398438c81d0239] [id: 0xe79a4fff, /127.0.0.1:48701 => /127.29.29.1:64036] WRITTEN_AMOUNT: 239 00:38:53.284 [INFO - kudu-tserver:64034] (MiniKuduCluster.java:429)
I0711 00:38:53.284881 7836 raft_consensus.cc:1104] T 13410a5b9e644e6f86b34bea173a5677 P 8f3a2b7e9d2f4dc392f47ead5d0f114f [term 1 FOLLOWER]: Early marking committed up to term: 0 index: 0 00:38:53.284 [INFO - kudu-tserver:64036] (MiniKuduCluster.java:429)
I0711 00:38:53.284466 8240 raft_consensus.cc:588] T 13410a5b9e644e6f86b34bea173a5677 P b93116846b4a43a1a8398438c81d0239 [term 1 LEADER]: Marking majority replicated up to term: 1 index: 57 00:38:53.285 [INFO - kudu-tserver:64036] (MiniKuduCluster.java:429)
I0711 00:38:53.284478 8240 raft_consensus_state.cc:559] T 13410a5b9e644e6f86b34bea173a5677 P b93116846b4a43a1a8398438c81d0239 [term 1 LEADER]: Already marked ops through 1.57 as committed. Now trying to mark 1.57 which would be a no-op. 00:38:53.285 [INFO - kudu-tserver:64034] (MiniKuduCluster.java:429)
I0711 00:38:53.284907 7836 raft_consensus_state.cc:559] T 13410a5b9e644e6f86b34bea173a5677 P 8f3a2b7e9d2f4dc392f47ead5d0f114f [term 1 FOLLOWER]: Already marked ops through 1.57 as committed. Now trying to mark 0.0 which would be a no-op. 00:38:53.285 [INFO - kudu-tserver:64036] (MiniKuduCluster.java:429)
I0711 00:38:53.285361 7913 tablet_service.cc:1501] Started scanner b08c12ddf5d14552b850aa27b18446ce: tablet iterator: Union(memrowset iterator) 00:38:53.285 [INFO - kudu-tserver:64032] (MiniKuduCluster.java:429)
I0711 00:38:53.285347 7621 raft_consensus.cc:1104] T 13410a5b9e644e6f86b34bea173a5677 P 5d244bfce7964881aa25f36d26bb9cba [term 1 FOLLOWER]: Early marking committed up to term: 0 index: 0 00:38:53.285 [INFO - kudu-tserver:64032] (MiniKuduCluster.java:429)
I0711 00:38:53.285375 7621 raft_consensus_state.cc:559] T 13410a5b9e644e6f86b34bea173a5677 P 5d244bfce7964881aa25f36d26bb9cba [term 1 FOLLOWER]: Already marked ops through 1.57 as committed. Now trying to mark 0.0 which would be a no-op. 00:38:53.285 [INFO - kudu-tserver:64032] (MiniKuduCluster.java:429)
I0711 00:38:53.285393 7621 raft_consensus.cc:728] T 13410a5b9e644e6f86b34bea173a5677 P 5d244bfce7964881aa25f36d26bb9cba [term 1 FOLLOWER]: Starting transaction: term: 1 index: 58 00:38:53.285 [INFO - kudu-tserver:64034] (MiniKuduCluster.java:429)
I0711 00:38:53.284924 7836 raft_consensus.cc:728] T 13410a5b9e644e6f86b34bea173a5677 P 8f3a2b7e9d2f4dc392f47ead5d0f114f [term 1 FOLLOWER]: Starting transaction: term: 1 index: 58 00:38:53.285 [INFO - kudu-tserver:64032] (MiniKuduCluster.java:429)
I0711 00:38:53.285609 7621 raft_consensus.cc:1215] T 13410a5b9e644e6f86b34bea173a5677 P 5d244bfce7964881aa25f36d26bb9cba [term 1 FOLLOWER]: Marking committed up to term: 1 index: 57 00:38:53.286 [INFO - kudu-tserver:64032] (MiniKuduCluster.java:429)
I0711 00:38:53.285636 7621 raft_consensus_state.cc:559] T 13410a5b9e644e6f86b34bea173a5677 P 5d244bfce7964881aa25f36d26bb9cba [term 1 FOLLOWER]: Already marked ops through 1.57 as committed. Now trying to mark 1.57 which would be a no-op. 00:38:53.286 [INFO - kudu-tserver:64032] (MiniKuduCluster.java:429)
I0711 00:38:53.285696 8220 log_cache.cc:214] T 13410a5b9e644e6f86b34bea173a5677 P 5d244bfce7964881aa25f36d26bb9cba: Updating pinned index to 59 00:38:53.286 [INFO - kudu-tserver:64032] (MiniKuduCluster.java:429)
I0711 00:38:53.285733 8220 consensus_queue.cc:455] T 13410a5b9e644e6f86b34bea173a5677 P 5d244bfce7964881aa25f36d26bb9cba [NON_LEADER]: Updated all_replicated watermark from 1.57 to 1.58 00:38:53.286 [INFO - kudu-tserver:64032] (MiniKuduCluster.java:429)
I0711 00:38:53.285768 8220 log_cache.cc:391] T 13410a5b9e644e6f86b34bea173a5677 P 5d244bfce7964881aa25f36d26bb9cba: Evicting log cache: after state: Pinned index: 59, LogCacheStats(num_ops=1, bytes=871) 00:38:53.285 [DEBUG - New I/O worker #134] (TabletClient.java:636) [Peer b93116846b4a43a1a8398438c81d0239] [id: 0xe79a4fff, /127.0.0.1:48701 => /127.29.29.1:64036] RECEIVED: BigEndianHeapChannelBuffer(ridx=0, widx=3534, cap=3534) 00:38:53.286 [DEBUG - New I/O worker #134] (TabletClient.java:359) ------------------>> ENTERING DECODE >>------------------ 00:38:53.285 [INFO - kudu-tserver:64034] (MiniKuduCluster.java:429)
I0711 00:38:53.285131 7836 raft_consensus.cc:1215] T 13410a5b9e644e6f86b34bea173a5677 P 8f3a2b7e9d2f4dc392f47ead5d0f114f [term 1 FOLLOWER]: Marking committed up to term: 1 index: 57 00:38:53.286 [INFO - kudu-tserver:64034] (MiniKuduCluster.java:429)
I0711 00:38:53.285147 7836 raft_consensus_state.cc:559] T 13410a5b9e644e6f86b34bea173a5677 P 8f3a2b7e9d2f4dc392f47ead5d0f114f [term 1 FOLLOWER]: Already marked ops through 1.57 as committed. Now trying to mark 1.57 which would be a no-op. 00:38:53.286 [INFO - kudu-tserver:64034] (MiniKuduCluster.java:429)
I0711 00:38:53.285229 8216 log_cache.cc:214] T 13410a5b9e644e6f86b34bea173a5677 P 8f3a2b7e9d2f4dc392f47ead5d0f114f: Updating pinned index to 59 00:38:53.286 [INFO - kudu-tserver:64034] (MiniKuduCluster.java:429)
I0711 00:38:53.285260 8216 consensus_queue.cc:455] T 13410a5b9e644e6f86b34bea173a5677 P 8f3a2b7e9d2f4dc392f47ead5d0f114f [NON_LEADER]: Updated all_replicated watermark from 1.57 to 1.58 00:38:53.286 [INFO - kudu-tserver:64034] (MiniKuduCluster.java:429)
I0711 00:38:53.285293 8216 log_cache.cc:391] T 13410a5b9e644e6f86b34bea173a5677 P 8f3a2b7e9d2f4dc392f47ead5d0f114f: Evicting log cache: after state: Pinned index: 59, LogCacheStats(num_ops=1, bytes=871) 00:38:53.287 [INFO - kudu-tserver:64034] (MiniKuduCluster.java:429)
I0711 00:38:53.285377 7836 raft_consensus.cc:700] T 13410a5b9e644e6f86b34bea173a5677 P 8f3a2b7e9d2f4dc392f47ead5d0f114f [term 1 FOLLOWER]: Replica replied to status only request. Replica: Replica: 8f3a2b7e9d2f4dc392f47ead5d0f114f, State: 1, Role: FOLLOWER 00:38:53.285 [INFO - kudu-tserver:64036] (MiniKuduCluster.java:429)
I0711 00:38:53.285840 8227 consensus_queue.cc:455] T 13410a5b9e644e6f86b34bea173a5677 P b93116846b4a43a1a8398438c81d0239 [LEADER]: Updated majority_replicated watermark from 1.57 to 1.58 00:38:53.287 [INFO - kudu-tserver:64036] (MiniKuduCluster.java:429)
I0711 00:38:53.285866 8227 consensus_queue.cc:455] T 13410a5b9e644e6f86b34bea173a5677 P b93116846b4a43a1a8398438c81d0239 [LEADER]: Updated all_replicated watermark from 1.57 to 1.57 00:38:53.287 [INFO - kudu-tserver:64036] (MiniKuduCluster.java:429)
I0711 00:38:53.285881 8227 log_cache.cc:391] T 13410a5b9e644e6f86b34bea173a5677 P b93116846b4a43a1a8398438c81d0239: Evicting log cache: after state: Pinned index: 59, LogCacheStats(num_ops=1, bytes=847) 00:38:53.287 [INFO - kudu-tserver:64034] (MiniKuduCluster.java:429) Watermarks: {Received: term: 1 index: 58 Committed: term: 1 index: 57} 00:38:53.287 [INFO - kudu-tserver:64034] (MiniKuduCluster.java:429) . Response: responder_uuid: "8f3a2b7e9d2f4dc392f47ead5d0f114f" responder_term: 1 status { last_received { term: 1 index: 58 } last_committed_idx: 57 last_received_current_leader { term: 1 index: 58 } } 00:38:53.286 [DEBUG - New I/O worker #134] (AsyncKuduScanner.java:847) AsyncKuduScanner$Response(scannerId="", data=RowResultIterator for 92 rows, more=false) 00:38:53.286 [INFO - kudu-tserver:64032] (MiniKuduCluster.java:429)
I0711 00:38:53.285871 7621 raft_consensus.cc:700] T 13410a5b9e644e6f86b34bea173a5677 P 5d244bfce7964881aa25f36d26bb9cba [term 1 FOLLOWER]: Replica replied to status only request. Replica: Replica: 5d244bfce7964881aa25f36d26bb9cba, State: 1, Role: FOLLOWER 00:38:53.287 [INFO - kudu-tserver:64032] (MiniKuduCluster.java:429) Watermarks: {Received: term: 1 index: 58 Committed: term: 1 index: 57} 00:38:53.288 [INFO - kudu-tserver:64032] (MiniKuduCluster.java:429) . Response: responder_uuid: "5d244bfce7964881aa25f36d26bb9cba" responder_term: 1 status { last_received { term: 1 index: 58 } last_committed_idx: 57 last_received_current_leader { term: 1 index: 58 } } 00:38:53.287 [DEBUG - New I/O worker #134] (TabletClient.java:426) [Peer b93116846b4a43a1a8398438c81d0239] rpcid=109, response size=3534 bytes, 0 readable bytes left, rpc=ScanRequest(scannerId=null, tabletSlice=13410a5b9e644e6f86b34bea173a5677, attempt=1) 00:38:53.287 [INFO - kudu-tserver:64034] (MiniKuduCluster.java:429)
I0711 00:38:53.286643 7836 raft_consensus.cc:1104] T 13410a5b9e644e6f86b34bea173a5677 P 8f3a2b7e9d2f4dc392f47ead5d0f114f [term 1 FOLLOWER]: Early marking committed up to term: 1 index: 58 00:38:53.288 [INFO - kudu-tserver:64034] (MiniKuduCluster.java:429)
I0711 00:38:53.286664 7836 raft_consensus_state.cc:578] T 13410a5b9e644e6f86b34bea173a5677 P 8f3a2b7e9d2f4dc392f47ead5d0f114f [term 1 FOLLOWER]: Last triggered apply was: term: 1 index: 57 Starting to apply from log index: 58 00:38:53.288 [INFO - kudu-tserver:64034] (MiniKuduCluster.java:429)
I0711 00:38:53.286746 7836 raft_consensus.cc:1215] T 13410a5b9e644e6f86b34bea173a5677 P 8f3a2b7e9d2f4dc392f47ead5d0f114f [term 1 FOLLOWER]: Marking committed up to term: 1 index: 58 00:38:53.288 [INFO - kudu-tserver:64034] (MiniKuduCluster.java:429)
I0711 00:38:53.286761 7836 raft_consensus_state.cc:559] T 13410a5b9e644e6f86b34bea173a5677 P 8f3a2b7e9d2f4dc392f47ead5d0f114f [term 1 FOLLOWER]: Already marked ops through 1.58 as committed. Now trying to mark 1.58 which would be a no-op. 00:38:53.288 [INFO - kudu-tserver:64034] (MiniKuduCluster.java:429)
I0711 00:38:53.286793 7836 raft_consensus.cc:700] T 13410a5b9e644e6f86b34bea173a5677 P 8f3a2b7e9d2f4dc392f47ead5d0f114f [term 1 FOLLOWER]: Replica replied to status only request. Replica: Replica: 8f3a2b7e9d2f4dc392f47ead5d0f114f, State: 1, Role: FOLLOWER 00:38:53.288 [INFO - kudu-tserver:64034] (MiniKuduCluster.java:429) Watermarks: {Received: term: 1 index: 58 Committed: term: 1 index: 58} 00:38:53.287 [INFO - kudu-tserver:64036] (MiniKuduCluster.java:429)
I0711 00:38:53.285979 8240 raft_consensus.cc:588] T 13410a5b9e644e6f86b34bea173a5677 P b93116846b4a43a1a8398438c81d0239 [term 1 LEADER]: Marking majority replicated up to term: 1 index: 58 00:38:53.288 [INFO - kudu-tserver:64036] (MiniKuduCluster.java:429)
I0711 00:38:53.285995 8240 raft_consensus_state.cc:578] T 13410a5b9e644e6f86b34bea173a5677 P b93116846b4a43a1a8398438c81d0239 [term 1 LEADER]: Last triggered apply was: term: 1 index: 57 Starting to apply from log index: 58 00:38:53.288 [INFO - kudu-tserver:64036] (MiniKuduCluster.java:429)
I0711 00:38:53.286154 8236 consensus_queue.cc:455] T 13410a5b9e644e6f86b34bea173a5677 P b93116846b4a43a1a8398438c81d0239 [LEADER]: Updated majority_replicated watermark from 1.58 to 1.58 00:38:53.288 [INFO - kudu-tserver:64036] (MiniKuduCluster.java:429)
I0711 00:38:53.286170 8236 consensus_queue.cc:455] T 13410a5b9e644e6f86b34bea173a5677 P b93116846b4a43a1a8398438c81d0239 [LEADER]: Updated all_replicated watermark from 1.57 to 1.58 00:38:53.288 [INFO - kudu-tserver:64034] (MiniKuduCluster.java:429) . Response: responder_uuid: "8f3a2b7e9d2f4dc392f47ead5d0f114f" responder_term: 1 status { last_received { term: 1 index: 58 } last_committed_idx: 58 last_received_current_leader { term: 1 index: 58 } } 00:38:53.288 [INFO - Thread-8] (ITClient.java:374) New row count 92 00:38:53.288 [DEBUG - New I/O worker #134] (TabletClient.java:491) ------------------<< LEAVING DECODE <<------------------ time elapsed: 1743us 00:38:53.288 [INFO - kudu-tserver:64032] (MiniKuduCluster.java:429)
I0711 00:38:53.286631 7621 raft_consensus.cc:1104] T 13410a5b9e644e6f86b34bea173a5677 P 5d244bfce7964881aa25f36d26bb9cba [term 1 FOLLOWER]: Early marking committed up to term: 1 index: 58 00:38:53.289 [DEBUG - New I/O worker #134] (TabletClient.java:636) [Peer b93116846b4a43a1a8398438c81d0239] [id: 0xe79a4fff, /127.0.0.1:48701 => /127.29.29.1:64036] RECEIVED: BigEndianHeapChannelBuffer(ridx=0, widx=19, cap=19) 00:38:53.289 [DEBUG - New I/O worker #134] (TabletClient.java:359) ------------------>> ENTERING DECODE >>------------------ 00:38:53.289 [INFO - kudu-tserver:64036] (MiniKuduCluster.java:429)
I0711 00:38:53.286181 8236 log_cache.cc:391] T 13410a5b9e644e6f86b34bea173a5677 P b93116846b4a43a1a8398438c81d0239: Evicting log cache: after state: Pinned index: 59, LogCacheStats(num_ops=1, bytes=847) 00:38:53.289 [INFO - kudu-tserver:64036] (MiniKuduCluster.java:429)
I0711 00:38:53.286272 8240 raft_consensus.cc:588] T 13410a5b9e644e6f86b34bea173a5677 P b93116846b4a43a1a8398438c81d0239 [term 1 LEADER]: Marking majority replicated up to term: 1 index: 58 00:38:53.290 [INFO - kudu-tserver:64036] (MiniKuduCluster.java:429)
I0711 00:38:53.286281 8240 raft_consensus_state.cc:559] T 13410a5b9e644e6f86b34bea173a5677 P b93116846b4a43a1a8398438c81d0239 [term 1 LEADER]: Already marked ops through 1.58 as committed. Now trying to mark 1.58 which would be a no-op. 00:38:53.290 [INFO - kudu-tserver:64036] (MiniKuduCluster.java:429)
I0711 00:38:53.287078 8227 consensus_queue.cc:455] T 13410a5b9e644e6f86b34bea173a5677 P b93116846b4a43a1a8398438c81d0239 [LEADER]: Updated majority_replicated watermark from 1.58 to 1.58 00:38:53.290 [INFO - kudu-tserver:64036] (MiniKuduCluster.java:429)
I0711 00:38:53.287106 8227 consensus_queue.cc:455] T 13410a5b9e644e6f86b34bea173a5677 P b93116846b4a43a1a8398438c81d0239 [LEADER]: Updated all_replicated watermark from 1.58 to 1.58 00:38:53.290 [INFO - kudu-tserver:64036] (MiniKuduCluster.java:429)
I0711 00:38:53.287168 8227 log_cache.cc:391] T 13410a5b9e644e6f86b34bea173a5677 P b93116846b4a43a1a8398438c81d0239: Evicting log cache: after state: Pinned index: 59, LogCacheStats(num_ops=0, bytes=0) 00:38:53.290 [INFO - kudu-tserver:64036] (MiniKuduCluster.java:429)
I0711 00:38:53.287230 8236 consensus_queue.cc:455] T 13410a5b9e644e6f86b34bea173a5677 P b93116846b4a43a1a8398438c81d0239 [LEADER]: Updated majority_replicated watermark from 1.58 to 1.58 00:38:53.290 [INFO - kudu-tserver:64036] (MiniKuduCluster.java:429)
I0711 00:38:53.287250 8236 consensus_queue.cc:455] T 13410a5b9e644e6f86b34bea173a5677 P b93116846b4a43a1a8398438c81d0239 [LEADER]: Updated all_replicated watermark from 1.58 to 1.58 00:38:53.289 [DEBUG - New I/O worker #134] (TabletClient.java:426) [Peer b93116846b4a43a1a8398438c81d0239] rpcid=108, response size=19 bytes, 0 readable bytes left, rpc=KuduRpc(method=Write, tablet=13410a5b9e644e6f86b34bea173a5677, attempt=1, DeadlineTracker(timeout=30000, elapsed=7), Deferred@1576339045(state=PENDING, result=null, callback=wakeup thread Thread-7, errback=wakeup thread Thread-7)) row_key=(int32 key=92) 00:38:53.289 [INFO - kudu-tserver:64032] (MiniKuduCluster.java:429)
I0711 00:38:53.286662 7621 raft_consensus_state.cc:578] T 13410a5b9e644e6f86b34bea173a5677 P 5d244bfce7964881aa25f36d26bb9cba [term 1 FOLLOWER]: Last triggered apply was: term: 1 index: 57 Starting to apply from log index: 58 00:38:53.290 [INFO - kudu-tserver:64032] (MiniKuduCluster.java:429)
I0711 00:38:53.286773 7621 raft_consensus.cc:1215] T 13410a5b9e644e6f86b34bea173a5677 P 5d244bfce7964881aa25f36d26bb9cba [term 1 FOLLOWER]: Marking committed up to term: 1 index: 58 00:38:53.290 [DEBUG - New I/O worker #134] (TabletClient.java:491) ------------------<< LEAVING DECODE <<------------------ time elapsed: 1014us 00:38:53.290 [INFO - kudu-tserver:64036] (MiniKuduCluster.java:429)
I0711 00:38:53.287261 8236 log_cache.cc:391] T 13410a5b9e644e6f86b34bea173a5677 P b93116846b4a43a1a8398438c81d0239: Evicting log cache: after state: Pinned index: 59, LogCacheStats(num_ops=0, bytes=0) 00:38:53.291 [INFO - kudu-tserver:64036] (MiniKuduCluster.java:429)
I0711 00:38:53.287297 8240 raft_consensus.cc:588] T 13410a5b9e644e6f86b34bea173a5677 P b93116846b4a43a1a8398438c81d0239 [term 1 LEADER]: Marking majority replicated up to term: 1 index: 58 00:38:53.291 [INFO - kudu-tserver:64036] (MiniKuduCluster.java:429)
I0711 00:38:53.287308 8240 raft_consensus_state.cc:559] T 13410a5b9e644e6f86b34bea173a5677 P b93116846b4a43a1a8398438c81d0239 [term 1 LEADER]: Already marked ops through 1.58 as committed. Now trying to mark 1.58 which would be a no-op. 00:38:53.291 [INFO - kudu-tserver:64036] (MiniKuduCluster.java:429)
I0711 00:38:53.287354 8240 raft_consensus.cc:588] T 13410a5b9e644e6f86b34bea173a5677 P b93116846b4a43a1a8398438c81d0239 [term 1 LEADER]: Marking majority replicated up to term: 1 index: 58 00:38:53.291 [INFO - kudu-tserver:64036] (MiniKuduCluster.java:429)
I0711 00:38:53.287360 8240 raft_consensus_state.cc:559] T 13410a5b9e644e6f86b34bea173a5677 P b93116846b4a43a1a8398438c81d0239 [term 1 LEADER]: Already marked ops through 1.58 as committed. Now trying to mark 1.58 which would be a no-op. 00:38:53.290 [DEBUG - Thread-8] (AsyncKuduScanner.java:812) Sending scan req: new_scan_request { tablet_id: "13410a5b9e644e6f86b34bea173a5677" limit: 9223372036854775807 projected_columns { name: "key" type: INT32 is_key: true is_nullable: false encoding: AUTO_ENCODING compression: DEFAULT_COMPRESSION cfile_block_size: 0 } projected_columns { name: "column1_i" type: INT32 is_key: false is_nullable: false encoding: AUTO_ENCODING compression: DEFAULT_COMPRESSION cfile_block_size: 0 } projected_columns { name: "column2_i" type: INT32 is_key: false is_nullable: false encoding: AUTO_ENCODING compression: DEFAULT_COMPRESSION cfile_block_size: 0 } projected_columns { name: "column3_s" type: STRING is_key: false is_nullable: true encoding: DICT_ENCODING compression: LZ4 cfile_block_size: 0 } projected_columns { name: "column4_b" type: BOOL is_key: false is_nullable: false encoding: AUTO_ENCODING compression: DEFAULT_COMPRESSION cfile_block_size: 0 } read_mode: READ_LATEST propagated_timestamp: 6013737096228909056 cache_blocks: true order_mode: UNORDERED } batch_size_bytes: 1048576 00:38:53.291 [DEBUG - Thread-7] (TabletClient.java:261) [Peer b93116846b4a43a1a8398438c81d0239] [id: 0xe79a4fff, /127.0.0.1:48701 => /127.29.29.1:64036] Sending RPC #111, payload=BigEndianHeapChannelBuffer(ridx=0, widx=267, cap=267) "\x00\x00\x01\x070\x18o2)\n kudu.tserver.TabletServerService\x12\x05WriteP\xF4\x03\xD4\x01\n 13410a5b9e644e6f86b34bea173a5677\x12w\n\x11\x12\x03key\x18\x05 \x01(\x00@\x00H\x00P\x00\n\x17\x12\tcolumn1_i\x18\x05 \x00(\x00@\x00H\x00P\x00\n\x17\x12\tcolumn2_i\x18\x05 \x00(\x00@\x00H\x00P\x00\n\x17\x12\tcolumn3_s\x18\x08 \x00(\x01@\x05H\x03P\x00\n\x17\x12\tcolumn4_b\x18\t \x00(\x00@\x00H\x00P\x00\x1A,\x12 \x01\x1F\x00]\x00\x00\x00\x02\x00\x00\x00\x03\x00\x00\x00\x00\x00\x00\x00\x00\x00\x00\x00\x08\x00\x00\x00\x00\x00\x00\x00\x01\x1A\x08a string \x01)\x000P\xE1\x06\x16uS" 00:38:53.291 [DEBUG - Thread-8] (TabletClient.java:261) [Peer b93116846b4a43a1a8398438c81d0239] [id: 0xe79a4fff, /127.0.0.1:48701 => /127.29.29.1:64036] Sending RPC #110, payload=BigEndianHeapChannelBuffer(ridx=0, widx=239, cap=239) "\x00\x00\x00\xEB/\x18n2(\n kudu.tserver.TabletServerService\x12\x04ScanP\xF4\x03\xB9\x01\x12\xB2\x01\n 13410a5b9e644e6f86b34bea173a5677\x10\xFF\xFF\xFF\xFF\xFF\xFF\xFF\xFF\x7F"\x11\x12\x03key\x18\x05 \x01(\x00@\x00H\x00P\x00"\x17\x12\tcolumn1_i\x18\x05 \x00(\x00@\x00H\x00P\x00"\x17\x12\tcolumn2_i\x18\x05 \x00(\x00@\x00H\x00P\x00"\x17\x12\tcolumn3_s\x18\x08 \x00(\x01@\x05H\x03P\x00"\x17\x12\tcolumn4_b\x18\t \x00(\x00@\x00H\x00P\x00(\x019\x000P\xE1\x06\x16uSP\x01X\x01 \x80\x80@" 00:38:53.292 [DEBUG - New I/O worker #134] (TabletClient.java:636) [Peer b93116846b4a43a1a8398438c81d0239] [id: 0xe79a4fff, /127.0.0.1:48701 => /127.29.29.1:64036] WRITTEN_AMOUNT: 267 00:38:53.290 [INFO - kudu-tserver:64032] (MiniKuduCluster.java:429)
I0711 00:38:53.286794 7621 raft_consensus_state.cc:559] T 13410a5b9e644e6f86b34bea173a5677 P 5d244bfce7964881aa25f36d26bb9cba [term 1 FOLLOWER]: Already marked ops through 1.58 as committed. Now trying to mark 1.58 which would be a no-op. 00:38:53.292 [INFO - kudu-tserver:64032] (MiniKuduCluster.java:429)
I0711 00:38:53.286845 7621 raft_consensus.cc:700] T 13410a5b9e644e6f86b34bea173a5677 P 5d244bfce7964881aa25f36d26bb9cba [term 1 FOLLOWER]: Replica replied to status only request. Replica: Replica: 5d244bfce7964881aa25f36d26bb9cba, State: 1, Role: FOLLOWER 00:38:53.292 [INFO - kudu-tserver:64032] (MiniKuduCluster.java:429) Watermarks: {Received: term: 1 index: 58 Committed: term: 1 index: 58} 00:38:53.292 [INFO - kudu-tserver:64032] (MiniKuduCluster.java:429) . Response: responder_uuid: "5d244bfce7964881aa25f36d26bb9cba" responder_term: 1 status { last_received { term: 1 index: 58 } last_committed_idx: 58 last_received_current_leader { term: 1 index: 58 } } 00:38:53.292 [DEBUG - New I/O worker #134] (TabletClient.java:636) [Peer b93116846b4a43a1a8398438c81d0239] [id: 0xe79a4fff, /127.0.0.1:48701 => /127.29.29.1:64036] WRITTEN_AMOUNT: 239 00:38:53.293 [INFO - kudu-tserver:64036] (MiniKuduCluster.java:429)
I0711 00:38:53.292948 7912 tablet_service.cc:1501] Started scanner 2b963a65461f46229b5d3406c6d6fb4d: tablet iterator: Union(memrowset iterator) 00:38:53.293 [INFO - kudu-tserver:64036] (MiniKuduCluster.java:429)
I0711 00:38:53.292965 8225 log_cache.cc:214] T 13410a5b9e644e6f86b34bea173a5677 P b93116846b4a43a1a8398438c81d0239: Updating pinned index to 60 00:38:53.293 [INFO - kudu-tserver:64036] (MiniKuduCluster.java:429)
I0711 00:38:53.293004 8225 consensus_queue.cc:455] T 13410a5b9e644e6f86b34bea173a5677 P b93116846b4a43a1a8398438c81d0239 [LEADER]: Updated majority_replicated watermark from 1.58 to 1.58 00:38:53.293 [INFO - kudu-tserver:64036] (MiniKuduCluster.java:429)
I0711 00:38:53.293015 8225 consensus_queue.cc:455] T 13410a5b9e644e6f86b34bea173a5677 P b93116846b4a43a1a8398438c81d0239 [LEADER]: Updated all_replicated watermark from 1.58 to 1.58 00:38:53.293 [INFO - kudu-tserver:64036] (MiniKuduCluster.java:429)
I0711 00:38:53.293025 8225 log_cache.cc:391] T 13410a5b9e644e6f86b34bea173a5677 P b93116846b4a43a1a8398438c81d0239: Evicting log cache: after state: Pinned index: 60, LogCacheStats(num_ops=1, bytes=847) 00:38:53.293 [INFO - kudu-tserver:64036] (MiniKuduCluster.java:429)
I0711 00:38:53.293135 8240 raft_consensus.cc:588] T 13410a5b9e644e6f86b34bea173a5677 P b93116846b4a43a1a8398438c81d0239 [term 1 LEADER]: Marking majority replicated up to term: 1 index: 58 00:38:53.293 [INFO - kudu-tserver:64036] (MiniKuduCluster.java:429)
I0711 00:38:53.293156 8240 raft_consensus_state.cc:559] T 13410a5b9e644e6f86b34bea173a5677 P b93116846b4a43a1a8398438c81d0239 [term 1 LEADER]: Already marked ops through 1.58 as committed. Now trying to mark 1.58 which would be a no-op. 00:38:53.293 [DEBUG - New I/O worker #134] (TabletClient.java:636) [Peer b93116846b4a43a1a8398438c81d0239] [id: 0xe79a4fff, /127.0.0.1:48701 => /127.29.29.1:64036] RECEIVED: BigEndianHeapChannelBuffer(ridx=0, widx=3572, cap=3572) 00:38:53.293 [DEBUG - New I/O worker #134] (TabletClient.java:359) ------------------>> ENTERING DECODE >>------------------ 00:38:53.293 [INFO - kudu-tserver:64032] (MiniKuduCluster.java:429)
I0711 00:38:53.293642 7621 raft_consensus.cc:1104] T 13410a5b9e644e6f86b34bea173a5677 P 5d244bfce7964881aa25f36d26bb9cba [term 1 FOLLOWER]: Early marking committed up to term: 0 index: 0 00:38:53.294 [INFO - kudu-tserver:64032] (MiniKuduCluster.java:429)
I0711 00:38:53.293668 7621 raft_consensus_state.cc:559] T 13410a5b9e644e6f86b34bea173a5677 P 5d244bfce7964881aa25f36d26bb9cba [term 1 FOLLOWER]: Already marked ops through 1.58 as committed. Now trying to mark 0.0 which would be a no-op. 00:38:53.294 [INFO - kudu-tserver:64032] (MiniKuduCluster.java:429)
I0711 00:38:53.293686 7621 raft_consensus.cc:728] T 13410a5b9e644e6f86b34bea173a5677 P 5d244bfce7964881aa25f36d26bb9cba [term 1 FOLLOWER]: Starting transaction: term: 1 index: 59 00:38:53.293 [INFO - kudu-tserver:64034] (MiniKuduCluster.java:429)
I0711 00:38:53.293601 7836 raft_consensus.cc:1104] T 13410a5b9e644e6f86b34bea173a5677 P 8f3a2b7e9d2f4dc392f47ead5d0f114f [term 1 FOLLOWER]: Early marking committed up to term: 0 index: 0 00:38:53.294 [INFO - kudu-tserver:64034] (MiniKuduCluster.java:429)
I0711 00:38:53.293628 7836 raft_consensus_state.cc:559] T 13410a5b9e644e6f86b34bea173a5677 P 8f3a2b7e9d2f4dc392f47ead5d0f114f [term 1 FOLLOWER]: Already marked ops through 1.58 as committed. Now trying to mark 0.0 which would be a no-op. 00:38:53.294 [INFO - kudu-tserver:64034] (MiniKuduCluster.java:429)
I0711 00:38:53.293648 7836 raft_consensus.cc:728] T 13410a5b9e644e6f86b34bea173a5677 P 8f3a2b7e9d2f4dc392f47ead5d0f114f [term 1 FOLLOWER]: Starting transaction: term: 1 index: 59 00:38:53.294 [INFO - kudu-tserver:64032] (MiniKuduCluster.java:429)
I0711 00:38:53.293916 7621 raft_consensus.cc:1215] T 13410a5b9e644e6f86b34bea173a5677 P 5d244bfce7964881aa25f36d26bb9cba [term 1 FOLLOWER]: Marking committed up to term: 1 index: 58 00:38:53.294 [INFO - kudu-tserver:64032] (MiniKuduCluster.java:429)
I0711 00:38:53.293953 7621 raft_consensus_state.cc:559] T 13410a5b9e644e6f86b34bea173a5677 P 5d244bfce7964881aa25f36d26bb9cba [term 1 FOLLOWER]: Already marked ops through 1.58 as committed. Now trying to mark 1.58 which would be a no-op. 00:38:53.294 [INFO - kudu-tserver:64036] (MiniKuduCluster.java:429)
I0711 00:38:53.294805 8227 consensus_queue.cc:455] T 13410a5b9e644e6f86b34bea173a5677 P b93116846b4a43a1a8398438c81d0239 [LEADER]: Updated majority_replicated watermark from 1.58 to 1.59 00:38:53.294 [INFO - kudu-tserver:64036] (MiniKuduCluster.java:429)
I0711 00:38:53.294837 8227 consensus_queue.cc:455] T 13410a5b9e644e6f86b34bea173a5677 P b93116846b4a43a1a8398438c81d0239 [LEADER]: Updated all_replicated watermark from 1.58 to 1.58 00:38:53.295 [INFO - kudu-tserver:64036] (MiniKuduCluster.java:429)
I0711 00:38:53.294849 8227 log_cache.cc:391] T 13410a5b9e644e6f86b34bea173a5677 P b93116846b4a43a1a8398438c81d0239: Evicting log cache: after state: Pinned index: 60, LogCacheStats(num_ops=1, bytes=847) 00:38:53.295 [INFO - kudu-tserver:64036] (MiniKuduCluster.java:429)
I0711 00:38:53.294879 8236 consensus_queue.cc:455] T 13410a5b9e644e6f86b34bea173a5677 P b93116846b4a43a1a8398438c81d0239 [LEADER]: Updated majority_replicated watermark from 1.59 to 1.59 00:38:53.295 [INFO - kudu-tserver:64036] (MiniKuduCluster.java:429)
I0711 00:38:53.294895 8236 consensus_queue.cc:455] T 13410a5b9e644e6f86b34bea173a5677 P b93116846b4a43a1a8398438c81d0239 [LEADER]: Updated all_replicated watermark from 1.58 to 1.59 00:38:53.295 [INFO - kudu-tserver:64036] (MiniKuduCluster.java:429)
I0711 00:38:53.294906 8236 log_cache.cc:391] T 13410a5b9e644e6f86b34bea173a5677 P b93116846b4a43a1a8398438c81d0239: Evicting log cache: after state: Pinned index: 60, LogCacheStats(num_ops=1, bytes=847) 00:38:53.295 [INFO - kudu-tserver:64036] (MiniKuduCluster.java:429)
