I0711 00:38:52.806826 7836 raft_consensus.cc:700] T 13410a5b9e644e6f86b34bea173a5677 P 8f3a2b7e9d2f4dc392f47ead5d0f114f [term 1 FOLLOWER]: Replica replied to status only request. Replica: Replica: 8f3a2b7e9d2f4dc392f47ead5d0f114f, State: 1, Role: FOLLOWER 00:38:52.808 [INFO - kudu-tserver:64034] (MiniKuduCluster.java:429) Watermarks: {Received: term: 1 index: 4 Committed: term: 1 index: 4} 00:38:52.808 [INFO - kudu-tserver:64034] (MiniKuduCluster.java:429) . Response: responder_uuid: "8f3a2b7e9d2f4dc392f47ead5d0f114f" responder_term: 1 status { last_received { term: 1 index: 4 } last_committed_idx: 4 last_received_current_leader { term: 1 index: 4 } } 00:38:52.806 [INFO - kudu-tserver:64036] (MiniKuduCluster.java:429)
I0711 00:38:52.805845 8227 consensus_queue.cc:455] T 13410a5b9e644e6f86b34bea173a5677 P b93116846b4a43a1a8398438c81d0239 [LEADER]: Updated majority_replicated watermark from 1.4 to 1.4 00:38:52.806 [INFO - kudu-tserver:64032] (MiniKuduCluster.java:429)
I0711 00:38:52.798259 7621 raft_consensus_state.cc:559] T 13410a5b9e644e6f86b34bea173a5677 P 5d244bfce7964881aa25f36d26bb9cba [term 1 FOLLOWER]: Already marked ops through 1.2 as committed. Now trying to mark 1.2 which would be a no-op. 00:38:52.808 [INFO - kudu-tserver:64032] (MiniKuduCluster.java:429)
I0711 00:38:52.798300 8220 log_cache.cc:214] T 13410a5b9e644e6f86b34bea173a5677 P 5d244bfce7964881aa25f36d26bb9cba: Updating pinned index to 4 00:38:52.808 [INFO - kudu-tserver:64032] (MiniKuduCluster.java:429)
I0711 00:38:52.798331 8220 consensus_queue.cc:455] T 13410a5b9e644e6f86b34bea173a5677 P 5d244bfce7964881aa25f36d26bb9cba [NON_LEADER]: Updated all_replicated watermark from 1.2 to 1.3 00:38:52.808 [INFO - kudu-tserver:64032] (MiniKuduCluster.java:429)
I0711 00:38:52.798387 8220 log_cache.cc:391] T 13410a5b9e644e6f86b34bea173a5677 P 5d244bfce7964881aa25f36d26bb9cba: Evicting log cache: after state: Pinned index: 4, LogCacheStats(num_ops=2, bytes=1742) 00:38:52.808 [INFO - kudu-tserver:64036] (MiniKuduCluster.java:429)
I0711 00:38:52.805863 8227 consensus_queue.cc:455] T 13410a5b9e644e6f86b34bea173a5677 P b93116846b4a43a1a8398438c81d0239 [LEADER]: Updated all_replicated watermark from 1.3 to 1.4 00:38:52.808 [INFO - kudu-tserver:64036] (MiniKuduCluster.java:429)
I0711 00:38:52.805894 8227 log_cache.cc:391] T 13410a5b9e644e6f86b34bea173a5677 P b93116846b4a43a1a8398438c81d0239: Evicting log cache: after state: Pinned index: 5, LogCacheStats(num_ops=1, bytes=847) 00:38:52.809 [INFO - kudu-tserver:64036] (MiniKuduCluster.java:429)
I0711 00:38:52.805954 8240 raft_consensus.cc:588] T 13410a5b9e644e6f86b34bea173a5677 P b93116846b4a43a1a8398438c81d0239 [term 1 LEADER]: Marking majority replicated up to term: 1 index: 4 00:38:52.809 [INFO - kudu-tserver:64036] (MiniKuduCluster.java:429)
I0711 00:38:52.805971 8240 raft_consensus_state.cc:578] T 13410a5b9e644e6f86b34bea173a5677 P b93116846b4a43a1a8398438c81d0239 [term 1 LEADER]: Last triggered apply was: term: 1 index: 3 Starting to apply from log index: 4 00:38:52.809 [INFO - kudu-tserver:64036] (MiniKuduCluster.java:429)
I0711 00:38:52.806107 8240 raft_consensus.cc:588] T 13410a5b9e644e6f86b34bea173a5677 P b93116846b4a43a1a8398438c81d0239 [term 1 LEADER]: Marking majority replicated up to term: 1 index: 4 00:38:52.809 [INFO - kudu-tserver:64036] (MiniKuduCluster.java:429)
I0711 00:38:52.806118 8240 raft_consensus_state.cc:559] T 13410a5b9e644e6f86b34bea173a5677 P b93116846b4a43a1a8398438c81d0239 [term 1 LEADER]: Already marked ops through 1.4 as committed. Now trying to mark 1.4 which would be a no-op. 00:38:52.807 [DEBUG - New I/O worker #134] (TabletClient.java:636) [Peer b93116846b4a43a1a8398438c81d0239] [id: 0xe79a4fff, /127.0.0.1:48701 => /127.29.29.1:64036] RECEIVED: BigEndianHeapChannelBuffer(ridx=0, widx=19, cap=19) 00:38:52.809 [INFO - kudu-tserver:64036] (MiniKuduCluster.java:429)
I0711 00:38:52.807035 8227 consensus_queue.cc:455] T 13410a5b9e644e6f86b34bea173a5677 P b93116846b4a43a1a8398438c81d0239 [LEADER]: Updated majority_replicated watermark from 1.4 to 1.4 00:38:52.809 [INFO - kudu-tserver:64036] (MiniKuduCluster.java:429)
I0711 00:38:52.807052 8227 consensus_queue.cc:455] T 13410a5b9e644e6f86b34bea173a5677 P b93116846b4a43a1a8398438c81d0239 [LEADER]: Updated all_replicated watermark from 1.4 to 1.4 00:38:52.809 [INFO - kudu-tserver:64036] (MiniKuduCluster.java:429)
I0711 00:38:52.807085 8227 log_cache.cc:391] T 13410a5b9e644e6f86b34bea173a5677 P b93116846b4a43a1a8398438c81d0239: Evicting log cache: after state: Pinned index: 5, LogCacheStats(num_ops=0, bytes=0) 00:38:52.809 [INFO - kudu-tserver:64036] (MiniKuduCluster.java:429)
I0711 00:38:52.807133 8236 consensus_queue.cc:455] T 13410a5b9e644e6f86b34bea173a5677 P b93116846b4a43a1a8398438c81d0239 [LEADER]: Updated majority_replicated watermark from 1.4 to 1.4 00:38:52.808 [INFO - kudu-tserver:64032] (MiniKuduCluster.java:429)
I0711 00:38:52.798512 7621 raft_consensus.cc:700] T 13410a5b9e644e6f86b34bea173a5677 P 5d244bfce7964881aa25f36d26bb9cba [term 1 FOLLOWER]: Replica replied to status only request. Replica: Replica: 5d244bfce7964881aa25f36d26bb9cba, State: 1, Role: FOLLOWER 00:38:52.810 [INFO - kudu-tserver:64032] (MiniKuduCluster.java:429) Watermarks: {Received: term: 1 index: 3 Committed: term: 1 index: 2} 00:38:52.810 [INFO - kudu-tserver:64032] (MiniKuduCluster.java:429) . Response: responder_uuid: "5d244bfce7964881aa25f36d26bb9cba" responder_term: 1 status { last_received { term: 1 index: 3 } last_committed_idx: 2 last_received_current_leader { term: 1 index: 3 } } 00:38:52.810 [INFO - kudu-tserver:64032] (MiniKuduCluster.java:429)
I0711 00:38:52.799275 7621 raft_consensus.cc:1104] T 13410a5b9e644e6f86b34bea173a5677 P 5d244bfce7964881aa25f36d26bb9cba [term 1 FOLLOWER]: Early marking committed up to term: 1 index: 3 00:38:52.810 [INFO - kudu-tserver:64032] (MiniKuduCluster.java:429)
I0711 00:38:52.799296 7621 raft_consensus_state.cc:578] T 13410a5b9e644e6f86b34bea173a5677 P 5d244bfce7964881aa25f36d26bb9cba [term 1 FOLLOWER]: Last triggered apply was: term: 1 index: 2 Starting to apply from log index: 3 00:38:52.810 [INFO - kudu-tserver:64032] (MiniKuduCluster.java:429)
I0711 00:38:52.799374 7621 raft_consensus.cc:1215] T 13410a5b9e644e6f86b34bea173a5677 P 5d244bfce7964881aa25f36d26bb9cba [term 1 FOLLOWER]: Marking committed up to term: 1 index: 3 00:38:52.809 [INFO - kudu-tserver:64036] (MiniKuduCluster.java:429)
I0711 00:38:52.807150 8236 consensus_queue.cc:455] T 13410a5b9e644e6f86b34bea173a5677 P b93116846b4a43a1a8398438c81d0239 [LEADER]: Updated all_replicated watermark from 1.4 to 1.4 00:38:52.810 [INFO - kudu-tserver:64036] (MiniKuduCluster.java:429)
I0711 00:38:52.807163 8236 log_cache.cc:391] T 13410a5b9e644e6f86b34bea173a5677 P b93116846b4a43a1a8398438c81d0239: Evicting log cache: after state: Pinned index: 5, LogCacheStats(num_ops=0, bytes=0) 00:38:52.809 [DEBUG - New I/O worker #134] (TabletClient.java:359) ------------------>> ENTERING DECODE >>------------------ 00:38:52.810 [INFO - kudu-tserver:64036] (MiniKuduCluster.java:429)
I0711 00:38:52.807190 8240 raft_consensus.cc:588] T 13410a5b9e644e6f86b34bea173a5677 P b93116846b4a43a1a8398438c81d0239 [term 1 LEADER]: Marking majority replicated up to term: 1 index: 4 00:38:52.810 [INFO - kudu-tserver:64036] (MiniKuduCluster.java:429)
I0711 00:38:52.807202 8240 raft_consensus_state.cc:559] T 13410a5b9e644e6f86b34bea173a5677 P b93116846b4a43a1a8398438c81d0239 [term 1 LEADER]: Already marked ops through 1.4 as committed. Now trying to mark 1.4 which would be a no-op. 00:38:52.811 [INFO - kudu-tserver:64036] (MiniKuduCluster.java:429)
I0711 00:38:52.807255 8240 raft_consensus.cc:588] T 13410a5b9e644e6f86b34bea173a5677 P b93116846b4a43a1a8398438c81d0239 [term 1 LEADER]: Marking majority replicated up to term: 1 index: 4 00:38:52.811 [INFO - kudu-tserver:64036] (MiniKuduCluster.java:429)
I0711 00:38:52.807263 8240 raft_consensus_state.cc:559] T 13410a5b9e644e6f86b34bea173a5677 P b93116846b4a43a1a8398438c81d0239 [term 1 LEADER]: Already marked ops through 1.4 as committed. Now trying to mark 1.4 which would be a no-op. 00:38:52.810 [INFO - kudu-tserver:64032] (MiniKuduCluster.java:429)
I0711 00:38:52.799387 7621 raft_consensus_state.cc:559] T 13410a5b9e644e6f86b34bea173a5677 P 5d244bfce7964881aa25f36d26bb9cba [term 1 FOLLOWER]: Already marked ops through 1.3 as committed. Now trying to mark 1.3 which would be a no-op. 00:38:52.811 [INFO - kudu-tserver:64032] (MiniKuduCluster.java:429)
I0711 00:38:52.799418 7621 raft_consensus.cc:700] T 13410a5b9e644e6f86b34bea173a5677 P 5d244bfce7964881aa25f36d26bb9cba [term 1 FOLLOWER]: Replica replied to status only request. Replica: Replica: 5d244bfce7964881aa25f36d26bb9cba, State: 1, Role: FOLLOWER 00:38:52.811 [INFO - kudu-tserver:64032] (MiniKuduCluster.java:429) Watermarks: {Received: term: 1 index: 3 Committed: term: 1 index: 3} 00:38:52.811 [INFO - kudu-tserver:64032] (MiniKuduCluster.java:429) . Response: responder_uuid: "5d244bfce7964881aa25f36d26bb9cba" responder_term: 1 status { last_received { term: 1 index: 3 } last_committed_idx: 3 last_received_current_leader { term: 1 index: 3 } } 00:38:52.810 [DEBUG - New I/O worker #134] (TabletClient.java:426) [Peer b93116846b4a43a1a8398438c81d0239] rpcid=3, response size=19 bytes, 0 readable bytes left, rpc=KuduRpc(method=Write, tablet=13410a5b9e644e6f86b34bea173a5677, attempt=1, DeadlineTracker(timeout=30000, elapsed=9), Deferred@2081428224(state=PENDING, result=null, callback=wakeup thread Thread-7, errback=wakeup thread Thread-7)) row_key=(int32 key=2) 00:38:52.811 [INFO - kudu-tserver:64032] (MiniKuduCluster.java:429)
I0711 00:38:52.804931 7621 raft_consensus.cc:1104] T 13410a5b9e644e6f86b34bea173a5677 P 5d244bfce7964881aa25f36d26bb9cba [term 1 FOLLOWER]: Early marking committed up to term: 0 index: 0 00:38:52.811 [DEBUG - New I/O worker #134] (TabletClient.java:491) ------------------<< LEAVING DECODE <<------------------ time elapsed: 2290us 00:38:52.811 [INFO - kudu-tserver:64032] (MiniKuduCluster.java:429)
I0711 00:38:52.804947 7621 raft_consensus_state.cc:559] T 13410a5b9e644e6f86b34bea173a5677 P 5d244bfce7964881aa25f36d26bb9cba [term 1 FOLLOWER]: Already marked ops through 1.3 as committed. Now trying to mark 0.0 which would be a no-op. 00:38:52.812 [INFO - kudu-tserver:64032] (MiniKuduCluster.java:429)
I0711 00:38:52.804963 7621 raft_consensus.cc:728] T 13410a5b9e644e6f86b34bea173a5677 P 5d244bfce7964881aa25f36d26bb9cba [term 1 FOLLOWER]: Starting transaction: term: 1 index: 4 00:38:52.812 [INFO - kudu-tserver:64032] (MiniKuduCluster.java:429)
I0711 00:38:52.805166 7621 raft_consensus.cc:1215] T 13410a5b9e644e6f86b34bea173a5677 P 5d244bfce7964881aa25f36d26bb9cba [term 1 FOLLOWER]: Marking committed up to term: 1 index: 3 00:38:52.812 [INFO - kudu-tserver:64032] (MiniKuduCluster.java:429)
I0711 00:38:52.805181 7621 raft_consensus_state.cc:559] T 13410a5b9e644e6f86b34bea173a5677 P 5d244bfce7964881aa25f36d26bb9cba [term 1 FOLLOWER]: Already marked ops through 1.3 as committed. Now trying to mark 1.3 which would be a no-op. 00:38:52.812 [INFO - kudu-tserver:64032] (MiniKuduCluster.java:429)
I0711 00:38:52.805253 8220 log_cache.cc:214] T 13410a5b9e644e6f86b34bea173a5677 P 5d244bfce7964881aa25f36d26bb9cba: Updating pinned index to 5 00:38:52.812 [INFO - kudu-tserver:64032] (MiniKuduCluster.java:429)
I0711 00:38:52.805281 8220 consensus_queue.cc:455] T 13410a5b9e644e6f86b34bea173a5677 P 5d244bfce7964881aa25f36d26bb9cba [NON_LEADER]: Updated all_replicated watermark from 1.3 to 1.4 00:38:52.812 [INFO - kudu-tserver:64032] (MiniKuduCluster.java:429)
I0711 00:38:52.805330 8220 log_cache.cc:391] T 13410a5b9e644e6f86b34bea173a5677 P 5d244bfce7964881aa25f36d26bb9cba: Evicting log cache: after state: Pinned index: 5, LogCacheStats(num_ops=1, bytes=871) 00:38:52.812 [INFO - kudu-tserver:64032] (MiniKuduCluster.java:429)
I0711 00:38:52.805410 7621 raft_consensus.cc:700] T 13410a5b9e644e6f86b34bea173a5677 P 5d244bfce7964881aa25f36d26bb9cba [term 1 FOLLOWER]: Replica replied to status only request. Replica: Replica: 5d244bfce7964881aa25f36d26bb9cba, State: 1, Role: FOLLOWER 00:38:52.812 [INFO - kudu-tserver:64032] (MiniKuduCluster.java:429) Watermarks: {Received: term: 1 index: 4 Committed: term: 1 index: 3} 00:38:52.812 [DEBUG - Thread-7] (TabletClient.java:261) [Peer b93116846b4a43a1a8398438c81d0239] [id: 0xe79a4fff, /127.0.0.1:48701 => /127.29.29.1:64036] Sending RPC #4, payload=BigEndianHeapChannelBuffer(ridx=0, widx=258, cap=258) "\x00\x00\x00\xFE0\x18\x042)\n kudu.tserver.TabletServerService\x12\x05WriteP\xF4\x03\xCB\x01\n 13410a5b9e644e6f86b34bea173a5677\x12w\n\x11\x12\x03key\x18\x05 \x01(\x00@\x00H\x00P\x00\n\x17\x12\tcolumn1_i\x18\x05 \x00(\x00@\x00H\x00P\x00\n\x17\x12\tcolumn2_i\x18\x05 \x00(\x00@\x00H\x00P\x00\n\x17\x12\tcolumn3_s\x18\x08 \x00(\x01@\x05H\x03P\x00\n\x17\x12\tcolumn4_b\x18\t \x00(\x00@\x00H\x00P\x00\x1A,\x12 \x01\x1F\x00\x03\x00\x00\x00\x02\x00\x00\x00\x03\x00\x00\x00\x00\x00\x00\x00\x00\x00\x00\x00\x08\x00\x00\x00\x00\x00\x00\x00\x01\x1A\x08a string \x01" 00:38:52.812 [INFO - kudu-tserver:64032] (MiniKuduCluster.java:429) . Response: responder_uuid: "5d244bfce7964881aa25f36d26bb9cba" responder_term: 1 status { last_received { term: 1 index: 4 } last_committed_idx: 3 last_received_current_leader { term: 1 index: 4 } } 00:38:52.813 [INFO - kudu-tserver:64032] (MiniKuduCluster.java:429)
I0711 00:38:52.806599 7621 raft_consensus.cc:1104] T 13410a5b9e644e6f86b34bea173a5677 P 5d244bfce7964881aa25f36d26bb9cba [term 1 FOLLOWER]: Early marking committed up to term: 1 index: 4 00:38:52.813 [INFO - kudu-tserver:64032] (MiniKuduCluster.java:429)
I0711 00:38:52.806619 7621 raft_consensus_state.cc:578] T 13410a5b9e644e6f86b34bea173a5677 P 5d244bfce7964881aa25f36d26bb9cba [term 1 FOLLOWER]: Last triggered apply was: term: 1 index: 3 Starting to apply from log index: 4 00:38:52.813 [INFO - kudu-tserver:64032] (MiniKuduCluster.java:429)
I0711 00:38:52.806723 7621 raft_consensus.cc:1215] T 13410a5b9e644e6f86b34bea173a5677 P 5d244bfce7964881aa25f36d26bb9cba [term 1 FOLLOWER]: Marking committed up to term: 1 index: 4 00:38:52.813 [INFO - kudu-tserver:64032] (MiniKuduCluster.java:429)
I0711 00:38:52.806736 7621 raft_consensus_state.cc:559] T 13410a5b9e644e6f86b34bea173a5677 P 5d244bfce7964881aa25f36d26bb9cba [term 1 FOLLOWER]: Already marked ops through 1.4 as committed. Now trying to mark 1.4 which would be a no-op. 00:38:52.813 [DEBUG - New I/O worker #134] (TabletClient.java:636) [Peer b93116846b4a43a1a8398438c81d0239] [id: 0xe79a4fff, /127.0.0.1:48701 => /127.29.29.1:64036] WRITTEN_AMOUNT: 258 00:38:52.813 [INFO - kudu-tserver:64032] (MiniKuduCluster.java:429)
I0711 00:38:52.806771 7621 raft_consensus.cc:700] T 13410a5b9e644e6f86b34bea173a5677 P 5d244bfce7964881aa25f36d26bb9cba [term 1 FOLLOWER]: Replica replied to status only request. Replica: Replica: 5d244bfce7964881aa25f36d26bb9cba, State: 1, Role: FOLLOWER 00:38:52.813 [INFO - kudu-tserver:64032] (MiniKuduCluster.java:429) Watermarks: {Received: term: 1 index: 4 Committed: term: 1 index: 4} 00:38:52.813 [INFO - kudu-tserver:64032] (MiniKuduCluster.java:429) . Response: responder_uuid: "5d244bfce7964881aa25f36d26bb9cba" responder_term: 1 status { last_received { term: 1 index: 4 } last_committed_idx: 4 last_received_current_leader { term: 1 index: 4 } } 00:38:52.814 [INFO - kudu-tserver:64036] (MiniKuduCluster.java:429)
I0711 00:38:52.814012 8225 log_cache.cc:214] T 13410a5b9e644e6f86b34bea173a5677 P b93116846b4a43a1a8398438c81d0239: Updating pinned index to 6 00:38:52.814 [INFO - kudu-tserver:64036] (MiniKuduCluster.java:429)
I0711 00:38:52.814079 8225 consensus_queue.cc:455] T 13410a5b9e644e6f86b34bea173a5677 P b93116846b4a43a1a8398438c81d0239 [LEADER]: Updated majority_replicated watermark from 1.4 to 1.4 00:38:52.814 [INFO - kudu-tserver:64036] (MiniKuduCluster.java:429)
I0711 00:38:52.814092 8225 consensus_queue.cc:455] T 13410a5b9e644e6f86b34bea173a5677 P b93116846b4a43a1a8398438c81d0239 [LEADER]: Updated all_replicated watermark from 1.4 to 1.4 00:38:52.814 [INFO - kudu-tserver:64036] (MiniKuduCluster.java:429)
I0711 00:38:52.814102 8225 log_cache.cc:391] T 13410a5b9e644e6f86b34bea173a5677 P b93116846b4a43a1a8398438c81d0239: Evicting log cache: after state: Pinned index: 6, LogCacheStats(num_ops=1, bytes=847) 00:38:52.814 [INFO - kudu-tserver:64036] (MiniKuduCluster.java:429)
I0711 00:38:52.814187 8240 raft_consensus.cc:588] T 13410a5b9e644e6f86b34bea173a5677 P b93116846b4a43a1a8398438c81d0239 [term 1 LEADER]: Marking majority replicated up to term: 1 index: 4 00:38:52.814 [INFO - kudu-tserver:64036] (MiniKuduCluster.java:429)
I0711 00:38:52.814199 8240 raft_consensus_state.cc:559] T 13410a5b9e644e6f86b34bea173a5677 P b93116846b4a43a1a8398438c81d0239 [term 1 LEADER]: Already marked ops through 1.4 as committed. Now trying to mark 1.4 which would be a no-op. 00:38:52.814 [INFO - kudu-tserver:64034] (MiniKuduCluster.java:429)
I0711 00:38:52.814548 7836 raft_consensus.cc:1104] T 13410a5b9e644e6f86b34bea173a5677 P 8f3a2b7e9d2f4dc392f47ead5d0f114f [term 1 FOLLOWER]: Early marking committed up to term: 0 index: 0 00:38:52.815 [INFO - kudu-tserver:64034] (MiniKuduCluster.java:429)
I0711 00:38:52.814582 7836 raft_consensus_state.cc:559] T 13410a5b9e644e6f86b34bea173a5677 P 8f3a2b7e9d2f4dc392f47ead5d0f114f [term 1 FOLLOWER]: Already marked ops through 1.4 as committed. Now trying to mark 0.0 which would be a no-op. 00:38:52.815 [INFO - kudu-tserver:64034] (MiniKuduCluster.java:429)
I0711 00:38:52.814601 7836 raft_consensus.cc:728] T 13410a5b9e644e6f86b34bea173a5677 P 8f3a2b7e9d2f4dc392f47ead5d0f114f [term 1 FOLLOWER]: Starting transaction: term: 1 index: 5 00:38:52.814 [INFO - kudu-tserver:64032] (MiniKuduCluster.java:429)
I0711 00:38:52.814465 7621 raft_consensus.cc:1104] T 13410a5b9e644e6f86b34bea173a5677 P 5d244bfce7964881aa25f36d26bb9cba [term 1 FOLLOWER]: Early marking committed up to term: 0 index: 0 00:38:52.815 [INFO - kudu-tserver:64032] (MiniKuduCluster.java:429)
I0711 00:38:52.814505 7621 raft_consensus_state.cc:559] T 13410a5b9e644e6f86b34bea173a5677 P 5d244bfce7964881aa25f36d26bb9cba [term 1 FOLLOWER]: Already marked ops through 1.4 as committed. Now trying to mark 0.0 which would be a no-op. 00:38:52.815 [INFO - kudu-tserver:64032] (MiniKuduCluster.java:429)
I0711 00:38:52.814523 7621 raft_consensus.cc:728] T 13410a5b9e644e6f86b34bea173a5677 P 5d244bfce7964881aa25f36d26bb9cba [term 1 FOLLOWER]: Starting transaction: term: 1 index: 5 00:38:52.815 [INFO - kudu-tserver:64034] (MiniKuduCluster.java:429)
I0711 00:38:52.814824 7836 raft_consensus.cc:1215] T 13410a5b9e644e6f86b34bea173a5677 P 8f3a2b7e9d2f4dc392f47ead5d0f114f [term 1 FOLLOWER]: Marking committed up to term: 1 index: 4 00:38:52.815 [INFO - kudu-tserver:64032] (MiniKuduCluster.java:429)
I0711 00:38:52.814787 7621 raft_consensus.cc:1215] T 13410a5b9e644e6f86b34bea173a5677 P 5d244bfce7964881aa25f36d26bb9cba [term 1 FOLLOWER]: Marking committed up to term: 1 index: 4 00:38:52.815 [INFO - kudu-tserver:64032] (MiniKuduCluster.java:429)
I0711 00:38:52.814803 7621 raft_consensus_state.cc:559] T 13410a5b9e644e6f86b34bea173a5677 P 5d244bfce7964881aa25f36d26bb9cba [term 1 FOLLOWER]: Already marked ops through 1.4 as committed. Now trying to mark 1.4 which would be a no-op. 00:38:52.815 [INFO - kudu-tserver:64032] (MiniKuduCluster.java:429)
I0711 00:38:52.814891 8220 log_cache.cc:214] T 13410a5b9e644e6f86b34bea173a5677 P 5d244bfce7964881aa25f36d26bb9cba: Updating pinned index to 6 00:38:52.815 [INFO - kudu-tserver:64032] (MiniKuduCluster.java:429)
I0711 00:38:52.814926 8220 consensus_queue.cc:455] T 13410a5b9e644e6f86b34bea173a5677 P 5d244bfce7964881aa25f36d26bb9cba [NON_LEADER]: Updated all_replicated watermark from 1.4 to 1.5 00:38:52.816 [INFO - kudu-tserver:64032] (MiniKuduCluster.java:429)
I0711 00:38:52.814963 8220 log_cache.cc:391] T 13410a5b9e644e6f86b34bea173a5677 P 5d244bfce7964881aa25f36d26bb9cba: Evicting log cache: after state: Pinned index: 6, LogCacheStats(num_ops=1, bytes=871) 00:38:52.816 [INFO - kudu-tserver:64032] (MiniKuduCluster.java:429)
I0711 00:38:52.815076 7621 raft_consensus.cc:700] T 13410a5b9e644e6f86b34bea173a5677 P 5d244bfce7964881aa25f36d26bb9cba [term 1 FOLLOWER]: Replica replied to status only request. Replica: Replica: 5d244bfce7964881aa25f36d26bb9cba, State: 1, Role: FOLLOWER 00:38:52.816 [INFO - kudu-tserver:64032] (MiniKuduCluster.java:429) Watermarks: {Received: term: 1 index: 5 Committed: term: 1 index: 4} 00:38:52.816 [INFO - kudu-tserver:64032] (MiniKuduCluster.java:429) . Response: responder_uuid: "5d244bfce7964881aa25f36d26bb9cba" responder_term: 1 status { last_received { term: 1 index: 5 } last_committed_idx: 4 last_received_current_leader { term: 1 index: 5 } } 00:38:52.815 [INFO - kudu-tserver:64036] (MiniKuduCluster.java:429)
I0711 00:38:52.815323 8227 consensus_queue.cc:455] T 13410a5b9e644e6f86b34bea173a5677 P b93116846b4a43a1a8398438c81d0239 [LEADER]: Updated majority_replicated watermark from 1.4 to 1.5 00:38:52.816 [INFO - kudu-tserver:64036] (MiniKuduCluster.java:429)
I0711 00:38:52.815349 8227 consensus_queue.cc:455] T 13410a5b9e644e6f86b34bea173a5677 P b93116846b4a43a1a8398438c81d0239 [LEADER]: Updated all_replicated watermark from 1.4 to 1.4 00:38:52.816 [INFO - kudu-tserver:64036] (MiniKuduCluster.java:429)
I0711 00:38:52.815371 8227 log_cache.cc:391] T 13410a5b9e644e6f86b34bea173a5677 P b93116846b4a43a1a8398438c81d0239: Evicting log cache: after state: Pinned index: 6, LogCacheStats(num_ops=1, bytes=847) 00:38:52.816 [INFO - kudu-tserver:64032] (MiniKuduCluster.java:429)
I0711 00:38:52.816164 7621 raft_consensus.cc:1104] T 13410a5b9e644e6f86b34bea173a5677 P 5d244bfce7964881aa25f36d26bb9cba [term 1 FOLLOWER]: Early marking committed up to term: 1 index: 5 00:38:52.816 [INFO - kudu-tserver:64032] (MiniKuduCluster.java:429)
I0711 00:38:52.816184 7621 raft_consensus_state.cc:578] T 13410a5b9e644e6f86b34bea173a5677 P 5d244bfce7964881aa25f36d26bb9cba [term 1 FOLLOWER]: Last triggered apply was: term: 1 index: 4 Starting to apply from log index: 5 00:38:52.816 [DEBUG - New I/O worker #134] (TabletClient.java:636) [Peer b93116846b4a43a1a8398438c81d0239] [id: 0xe79a4fff, /127.0.0.1:48701 => /127.29.29.1:64036] RECEIVED: BigEndianHeapChannelBuffer(ridx=0, widx=19, cap=19) 00:38:52.817 [DEBUG - New I/O worker #134] (TabletClient.java:359) ------------------>> ENTERING DECODE >>------------------ 00:38:52.815 [INFO - kudu-tserver:64034] (MiniKuduCluster.java:429)
I0711 00:38:52.814841 7836 raft_consensus_state.cc:559] T 13410a5b9e644e6f86b34bea173a5677 P 8f3a2b7e9d2f4dc392f47ead5d0f114f [term 1 FOLLOWER]: Already marked ops through 1.4 as committed. Now trying to mark 1.4 which would be a no-op. 00:38:52.817 [DEBUG - New I/O worker #134] (TabletClient.java:426) [Peer b93116846b4a43a1a8398438c81d0239] rpcid=4, response size=19 bytes, 0 readable bytes left, rpc=KuduRpc(method=Write, tablet=13410a5b9e644e6f86b34bea173a5677, attempt=1, DeadlineTracker(timeout=30000, elapsed=5), Deferred@55551138(state=PENDING, result=null, callback=wakeup thread Thread-7, errback=wakeup thread Thread-7)) row_key=(int32 key=3) 00:38:52.816 [INFO - kudu-tserver:64032] (MiniKuduCluster.java:429)
I0711 00:38:52.816272 7621 raft_consensus.cc:1215] T 13410a5b9e644e6f86b34bea173a5677 P 5d244bfce7964881aa25f36d26bb9cba [term 1 FOLLOWER]: Marking committed up to term: 1 index: 5 00:38:52.817 [INFO - kudu-tserver:64032] (MiniKuduCluster.java:429)
I0711 00:38:52.816285 7621 raft_consensus_state.cc:559] T 13410a5b9e644e6f86b34bea173a5677 P 5d244bfce7964881aa25f36d26bb9cba [term 1 FOLLOWER]: Already marked ops through 1.5 as committed. Now trying to mark 1.5 which would be a no-op. 00:38:52.817 [INFO - kudu-tserver:64032] (MiniKuduCluster.java:429)
I0711 00:38:52.816321 7621 raft_consensus.cc:700] T 13410a5b9e644e6f86b34bea173a5677 P 5d244bfce7964881aa25f36d26bb9cba [term 1 FOLLOWER]: Replica replied to status only request. Replica: Replica: 5d244bfce7964881aa25f36d26bb9cba, State: 1, Role: FOLLOWER 00:38:52.817 [INFO - kudu-tserver:64032] (MiniKuduCluster.java:429) Watermarks: {Received: term: 1 index: 5 Committed: term: 1 index: 5} 00:38:52.818 [INFO - kudu-tserver:64032] (MiniKuduCluster.java:429) . Response: responder_uuid: "5d244bfce7964881aa25f36d26bb9cba" responder_term: 1 status { last_received { term: 1 index: 5 } last_committed_idx: 5 last_received_current_leader { term: 1 index: 5 } } 00:38:52.816 [INFO - kudu-tserver:64036] (MiniKuduCluster.java:429)
I0711 00:38:52.815400 8236 consensus_queue.cc:455] T 13410a5b9e644e6f86b34bea173a5677 P b93116846b4a43a1a8398438c81d0239 [LEADER]: Updated majority_replicated watermark from 1.5 to 1.5 00:38:52.818 [INFO - kudu-tserver:64036] (MiniKuduCluster.java:429)
I0711 00:38:52.815418 8236 consensus_queue.cc:455] T 13410a5b9e644e6f86b34bea173a5677 P b93116846b4a43a1a8398438c81d0239 [LEADER]: Updated all_replicated watermark from 1.4 to 1.5 00:38:52.818 [INFO - kudu-tserver:64036] (MiniKuduCluster.java:429)
I0711 00:38:52.815430 8236 log_cache.cc:391] T 13410a5b9e644e6f86b34bea173a5677 P b93116846b4a43a1a8398438c81d0239: Evicting log cache: after state: Pinned index: 6, LogCacheStats(num_ops=1, bytes=847) 00:38:52.818 [DEBUG - Thread-7] (TabletClient.java:261) [Peer b93116846b4a43a1a8398438c81d0239] [id: 0xe79a4fff, /127.0.0.1:48701 => /127.29.29.1:64036] Sending RPC #5, payload=BigEndianHeapChannelBuffer(ridx=0, widx=258, cap=258) "\x00\x00\x00\xFE0\x18\x052)\n kudu.tserver.TabletServerService\x12\x05WriteP\xF4\x03\xCB\x01\n 13410a5b9e644e6f86b34bea173a5677\x12w\n\x11\x12\x03key\x18\x05 \x01(\x00@\x00H\x00P\x00\n\x17\x12\tcolumn1_i\x18\x05 \x00(\x00@\x00H\x00P\x00\n\x17\x12\tcolumn2_i\x18\x05 \x00(\x00@\x00H\x00P\x00\n\x17\x12\tcolumn3_s\x18\x08 \x00(\x01@\x05H\x03P\x00\n\x17\x12\tcolumn4_b\x18\t \x00(\x00@\x00H\x00P\x00\x1A,\x12 \x01\x1F\x00\x04\x00\x00\x00\x02\x00\x00\x00\x03\x00\x00\x00\x00\x00\x00\x00\x00\x00\x00\x00\x08\x00\x00\x00\x00\x00\x00\x00\x01\x1A\x08a string \x01" 00:38:52.817 [DEBUG - New I/O worker #134] (TabletClient.java:491) ------------------<< LEAVING DECODE <<------------------ time elapsed: 549us 00:38:52.817 [INFO - kudu-tserver:64034] (MiniKuduCluster.java:429)
I0711 00:38:52.814901 8216 log_cache.cc:214] T 13410a5b9e644e6f86b34bea173a5677 P 8f3a2b7e9d2f4dc392f47ead5d0f114f: Updating pinned index to 6 00:38:52.818 [DEBUG - New I/O worker #134] (TabletClient.java:636) [Peer b93116846b4a43a1a8398438c81d0239] [id: 0xe79a4fff, /127.0.0.1:48701 => /127.29.29.1:64036] WRITTEN_AMOUNT: 258 00:38:52.818 [INFO - kudu-tserver:64036] (MiniKuduCluster.java:429)
I0711 00:38:52.815493 8240 raft_consensus.cc:588] T 13410a5b9e644e6f86b34bea173a5677 P b93116846b4a43a1a8398438c81d0239 [term 1 LEADER]: Marking majority replicated up to term: 1 index: 5 00:38:52.819 [INFO - kudu-tserver:64036] (MiniKuduCluster.java:429)
I0711 00:38:52.815510 8240 raft_consensus_state.cc:578] T 13410a5b9e644e6f86b34bea173a5677 P b93116846b4a43a1a8398438c81d0239 [term 1 LEADER]: Last triggered apply was: term: 1 index: 4 Starting to apply from log index: 5 00:38:52.819 [INFO - kudu-tserver:64036] (MiniKuduCluster.java:429)
I0711 00:38:52.815678 8240 raft_consensus.cc:588] T 13410a5b9e644e6f86b34bea173a5677 P b93116846b4a43a1a8398438c81d0239 [term 1 LEADER]: Marking majority replicated up to term: 1 index: 5 00:38:52.819 [INFO - kudu-tserver:64036] (MiniKuduCluster.java:429)
I0711 00:38:52.815688 8240 raft_consensus_state.cc:559] T 13410a5b9e644e6f86b34bea173a5677 P b93116846b4a43a1a8398438c81d0239 [term 1 LEADER]: Already marked ops through 1.5 as committed. Now trying to mark 1.5 which would be a no-op. 00:38:52.819 [INFO - kudu-tserver:64036] (MiniKuduCluster.java:429)
I0711 00:38:52.816613 8227 consensus_queue.cc:455] T 13410a5b9e644e6f86b34bea173a5677 P b93116846b4a43a1a8398438c81d0239 [LEADER]: Updated majority_replicated watermark from 1.5 to 1.5 00:38:52.819 [INFO - kudu-tserver:64036] (MiniKuduCluster.java:429)
I0711 00:38:52.816630 8227 consensus_queue.cc:455] T 13410a5b9e644e6f86b34bea173a5677 P b93116846b4a43a1a8398438c81d0239 [LEADER]: Updated all_replicated watermark from 1.5 to 1.5 00:38:52.819 [INFO - kudu-tserver:64036] (MiniKuduCluster.java:429)
I0711 00:38:52.816663 8227 log_cache.cc:391] T 13410a5b9e644e6f86b34bea173a5677 P b93116846b4a43a1a8398438c81d0239: Evicting log cache: after state: Pinned index: 6, LogCacheStats(num_ops=0, bytes=0) 00:38:52.819 [INFO - kudu-tserver:64036] (MiniKuduCluster.java:429)
I0711 00:38:52.816705 8236 consensus_queue.cc:455] T 13410a5b9e644e6f86b34bea173a5677 P b93116846b4a43a1a8398438c81d0239 [LEADER]: Updated majority_replicated watermark from 1.5 to 1.5 00:38:52.819 [INFO - kudu-tserver:64036] (MiniKuduCluster.java:429)
I0711 00:38:52.816723 8236 consensus_queue.cc:455] T 13410a5b9e644e6f86b34bea173a5677 P b93116846b4a43a1a8398438c81d0239 [LEADER]: Updated all_replicated watermark from 1.5 to 1.5 00:38:52.819 [INFO - kudu-tserver:64036] (MiniKuduCluster.java:429)
I0711 00:38:52.816735 8236 log_cache.cc:391] T 13410a5b9e644e6f86b34bea173a5677 P b93116846b4a43a1a8398438c81d0239: Evicting log cache: after state: Pinned index: 6, LogCacheStats(num_ops=0, bytes=0) 00:38:52.819 [INFO - kudu-tserver:64036] (MiniKuduCluster.java:429)
I0711 00:38:52.816763 8240 raft_consensus.cc:588] T 13410a5b9e644e6f86b34bea173a5677 P b93116846b4a43a1a8398438c81d0239 [term 1 LEADER]: Marking majority replicated up to term: 1 index: 5 00:38:52.820 [INFO - kudu-tserver:64036] (MiniKuduCluster.java:429)
I0711 00:38:52.816776 8240 raft_consensus_state.cc:559] T 13410a5b9e644e6f86b34bea173a5677 P b93116846b4a43a1a8398438c81d0239 [term 1 LEADER]: Already marked ops through 1.5 as committed. Now trying to mark 1.5 which would be a no-op. 00:38:52.818 [INFO - kudu-tserver:64034] (MiniKuduCluster.java:429)
I0711 00:38:52.814936 8216 consensus_queue.cc:455] T 13410a5b9e644e6f86b34bea173a5677 P 8f3a2b7e9d2f4dc392f47ead5d0f114f [NON_LEADER]: Updated all_replicated watermark from 1.4 to 1.5 00:38:52.820 [INFO - kudu-tserver:64034] (MiniKuduCluster.java:429)
I0711 00:38:52.814972 8216 log_cache.cc:391] T 13410a5b9e644e6f86b34bea173a5677 P 8f3a2b7e9d2f4dc392f47ead5d0f114f: Evicting log cache: after state: Pinned index: 6, LogCacheStats(num_ops=1, bytes=871) 00:38:52.820 [INFO - kudu-tserver:64034] (MiniKuduCluster.java:429)
I0711 00:38:52.815050 7836 raft_consensus.cc:700] T 13410a5b9e644e6f86b34bea173a5677 P 8f3a2b7e9d2f4dc392f47ead5d0f114f [term 1 FOLLOWER]: Replica replied to status only request. Replica: Replica: 8f3a2b7e9d2f4dc392f47ead5d0f114f, State: 1, Role: FOLLOWER 00:38:52.820 [INFO - kudu-tserver:64034] (MiniKuduCluster.java:429) Watermarks: {Received: term: 1 index: 5 Committed: term: 1 index: 4} 00:38:52.820 [INFO - kudu-tserver:64034] (MiniKuduCluster.java:429) . Response: responder_uuid: "8f3a2b7e9d2f4dc392f47ead5d0f114f" responder_term: 1 status { last_received { term: 1 index: 5 } last_committed_idx: 4 last_received_current_leader { term: 1 index: 5 } } 00:38:52.820 [INFO - kudu-tserver:64032] (MiniKuduCluster.java:429)
I0711 00:38:52.820204 7621 raft_consensus.cc:1104] T 13410a5b9e644e6f86b34bea173a5677 P 5d244bfce7964881aa25f36d26bb9cba [term 1 FOLLOWER]: Early marking committed up to term: 0 index: 0 00:38:52.820 [INFO - kudu-tserver:64032] (MiniKuduCluster.java:429)
I0711 00:38:52.820228 7621 raft_consensus_state.cc:559] T 13410a5b9e644e6f86b34bea173a5677 P 5d244bfce7964881aa25f36d26bb9cba [term 1 FOLLOWER]: Already marked ops through 1.5 as committed. Now trying to mark 0.0 which would be a no-op. 00:38:52.820 [INFO - kudu-tserver:64036] (MiniKuduCluster.java:429)
I0711 00:38:52.816825 8240 raft_consensus.cc:588] T 13410a5b9e644e6f86b34bea173a5677 P b93116846b4a43a1a8398438c81d0239 [term 1 LEADER]: Marking majority replicated up to term: 1 index: 5 00:38:52.821 [INFO - kudu-tserver:64036] (MiniKuduCluster.java:429)
I0711 00:38:52.816833 8240 raft_consensus_state.cc:559] T 13410a5b9e644e6f86b34bea173a5677 P b93116846b4a43a1a8398438c81d0239 [term 1 LEADER]: Already marked ops through 1.5 as committed. Now trying to mark 1.5 which would be a no-op. 00:38:52.821 [INFO - kudu-tserver:64036] (MiniKuduCluster.java:429)
I0711 00:38:52.819667 8225 log_cache.cc:214] T 13410a5b9e644e6f86b34bea173a5677 P b93116846b4a43a1a8398438c81d0239: Updating pinned index to 7 00:38:52.821 [INFO - kudu-tserver:64036] (MiniKuduCluster.java:429)
I0711 00:38:52.819708 8225 consensus_queue.cc:455] T 13410a5b9e644e6f86b34bea173a5677 P b93116846b4a43a1a8398438c81d0239 [LEADER]: Updated majority_replicated watermark from 1.5 to 1.5 00:38:52.821 [INFO - kudu-tserver:64036] (MiniKuduCluster.java:429)
I0711 00:38:52.819720 8225 consensus_queue.cc:455] T 13410a5b9e644e6f86b34bea173a5677 P b93116846b4a43a1a8398438c81d0239 [LEADER]: Updated all_replicated watermark from 1.5 to 1.5 00:38:52.821 [INFO - kudu-tserver:64036] (MiniKuduCluster.java:429)
I0711 00:38:52.819728 8225 log_cache.cc:391] T 13410a5b9e644e6f86b34bea173a5677 P b93116846b4a43a1a8398438c81d0239: Evicting log cache: after state: Pinned index: 7, LogCacheStats(num_ops=1, bytes=847) 00:38:52.821 [INFO - kudu-tserver:64036] (MiniKuduCluster.java:429)
I0711 00:38:52.819826 8240 raft_consensus.cc:588] T 13410a5b9e644e6f86b34bea173a5677 P b93116846b4a43a1a8398438c81d0239 [term 1 LEADER]: Marking majority replicated up to term: 1 index: 5 00:38:52.821 [INFO - kudu-tserver:64036] (MiniKuduCluster.java:429)
I0711 00:38:52.819850 8240 raft_consensus_state.cc:559] T 13410a5b9e644e6f86b34bea173a5677 P b93116846b4a43a1a8398438c81d0239 [term 1 LEADER]: Already marked ops through 1.5 as committed. Now trying to mark 1.5 which would be a no-op. 00:38:52.821 [INFO - kudu-tserver:64032] (MiniKuduCluster.java:429)
I0711 00:38:52.820247 7621 raft_consensus.cc:728] T 13410a5b9e644e6f86b34bea173a5677 P 5d244bfce7964881aa25f36d26bb9cba [term 1 FOLLOWER]: Starting transaction: term: 1 index: 6 00:38:52.821 [INFO - kudu-tserver:64032] (MiniKuduCluster.java:429)
I0711 00:38:52.820487 7621 raft_consensus.cc:1215] T 13410a5b9e644e6f86b34bea173a5677 P 5d244bfce7964881aa25f36d26bb9cba [term 1 FOLLOWER]: Marking committed up to term: 1 index: 5 00:38:52.822 [INFO - kudu-tserver:64032] (MiniKuduCluster.java:429)
I0711 00:38:52.820504 7621 raft_consensus_state.cc:559] T 13410a5b9e644e6f86b34bea173a5677 P 5d244bfce7964881aa25f36d26bb9cba [term 1 FOLLOWER]: Already marked ops through 1.5 as committed. Now trying to mark 1.5 which would be a no-op. 00:38:52.822 [INFO - kudu-tserver:64032] (MiniKuduCluster.java:429)
I0711 00:38:52.820538 8220 log_cache.cc:214] T 13410a5b9e644e6f86b34bea173a5677 P 5d244bfce7964881aa25f36d26bb9cba: Updating pinned index to 7 00:38:52.822 [INFO - kudu-tserver:64032] (MiniKuduCluster.java:429)
I0711 00:38:52.820572 8220 consensus_queue.cc:455] T 13410a5b9e644e6f86b34bea173a5677 P 5d244bfce7964881aa25f36d26bb9cba [NON_LEADER]: Updated all_replicated watermark from 1.5 to 1.6 00:38:52.822 [INFO - kudu-tserver:64032] (MiniKuduCluster.java:429)
I0711 00:38:52.820605 8220 log_cache.cc:391] T 13410a5b9e644e6f86b34bea173a5677 P 5d244bfce7964881aa25f36d26bb9cba: Evicting log cache: after state: Pinned index: 7, LogCacheStats(num_ops=1, bytes=871) 00:38:52.820 [INFO - kudu-tserver:64034] (MiniKuduCluster.java:429)
I0711 00:38:52.816138 7836 raft_consensus.cc:1104] T 13410a5b9e644e6f86b34bea173a5677 P 8f3a2b7e9d2f4dc392f47ead5d0f114f [term 1 FOLLOWER]: Early marking committed up to term: 1 index: 5 00:38:52.822 [INFO - kudu-tserver:64034] (MiniKuduCluster.java:429)
I0711 00:38:52.816157 7836 raft_consensus_state.cc:578] T 13410a5b9e644e6f86b34bea173a5677 P 8f3a2b7e9d2f4dc392f47ead5d0f114f [term 1 FOLLOWER]: Last triggered apply was: term: 1 index: 4 Starting to apply from log index: 5 00:38:52.822 [INFO - kudu-tserver:64032] (MiniKuduCluster.java:429)
I0711 00:38:52.820695 7621 raft_consensus.cc:700] T 13410a5b9e644e6f86b34bea173a5677 P 5d244bfce7964881aa25f36d26bb9cba [term 1 FOLLOWER]: Replica replied to status only request. Replica: Replica: 5d244bfce7964881aa25f36d26bb9cba, State: 1, Role: FOLLOWER 00:38:52.822 [INFO - kudu-tserver:64032] (MiniKuduCluster.java:429) Watermarks: {Received: term: 1 index: 6 Committed: term: 1 index: 5} 00:38:52.821 [DEBUG - New I/O worker #134] (TabletClient.java:636) [Peer b93116846b4a43a1a8398438c81d0239] [id: 0xe79a4fff, /127.0.0.1:48701 => /127.29.29.1:64036] RECEIVED: BigEndianHeapChannelBuffer(ridx=0, widx=19, cap=19) 00:38:52.821 [INFO - kudu-tserver:64036] (MiniKuduCluster.java:429)
I0711 00:38:52.821048 8227 consensus_queue.cc:455] T 13410a5b9e644e6f86b34bea173a5677 P b93116846b4a43a1a8398438c81d0239 [LEADER]: Updated majority_replicated watermark from 1.5 to 1.6 00:38:52.822 [DEBUG - New I/O worker #134] (TabletClient.java:359) ------------------>> ENTERING DECODE >>------------------ 00:38:52.822 [INFO - kudu-tserver:64032] (MiniKuduCluster.java:429) . Response: responder_uuid: "5d244bfce7964881aa25f36d26bb9cba" responder_term: 1 status { last_received { term: 1 index: 6 } last_committed_idx: 5 last_received_current_leader { term: 1 index: 6 } } 00:38:52.822 [INFO - kudu-tserver:64034] (MiniKuduCluster.java:429)
I0711 00:38:52.816236 7836 raft_consensus.cc:1215] T 13410a5b9e644e6f86b34bea173a5677 P 8f3a2b7e9d2f4dc392f47ead5d0f114f [term 1 FOLLOWER]: Marking committed up to term: 1 index: 5 00:38:52.823 [INFO - kudu-tserver:64034] (MiniKuduCluster.java:429)
I0711 00:38:52.816251 7836 raft_consensus_state.cc:559] T 13410a5b9e644e6f86b34bea173a5677 P 8f3a2b7e9d2f4dc392f47ead5d0f114f [term 1 FOLLOWER]: Already marked ops through 1.5 as committed. Now trying to mark 1.5 which would be a no-op. 00:38:52.823 [INFO - kudu-tserver:64034] (MiniKuduCluster.java:429)
I0711 00:38:52.816282 7836 raft_consensus.cc:700] T 13410a5b9e644e6f86b34bea173a5677 P 8f3a2b7e9d2f4dc392f47ead5d0f114f [term 1 FOLLOWER]: Replica replied to status only request. Replica: Replica: 8f3a2b7e9d2f4dc392f47ead5d0f114f, State: 1, Role: FOLLOWER 00:38:52.823 [INFO - kudu-tserver:64034] (MiniKuduCluster.java:429) Watermarks: {Received: term: 1 index: 5 Committed: term: 1 index: 5} 00:38:52.823 [INFO - kudu-tserver:64034] (MiniKuduCluster.java:429) . Response: responder_uuid: "8f3a2b7e9d2f4dc392f47ead5d0f114f" responder_term: 1 status { last_received { term: 1 index: 5 } last_committed_idx: 5 last_received_current_leader { term: 1 index: 5 } } 00:38:52.824 [INFO - kudu-tserver:64034] (MiniKuduCluster.java:429)
I0711 00:38:52.820266 7836 raft_consensus.cc:1104] T 13410a5b9e644e6f86b34bea173a5677 P 8f3a2b7e9d2f4dc392f47ead5d0f114f [term 1 FOLLOWER]: Early marking committed up to term: 0 index: 0 00:38:52.823 [DEBUG - New I/O worker #134] (TabletClient.java:426) [Peer b93116846b4a43a1a8398438c81d0239] rpcid=5, response size=19 bytes, 0 readable bytes left, rpc=KuduRpc(method=Write, tablet=13410a5b9e644e6f86b34bea173a5677, attempt=1, DeadlineTracker(timeout=30000, elapsed=5), Deferred@1640073568(state=PENDING, result=null, callback=wakeup thread Thread-7, errback=wakeup thread Thread-7)) row_key=(int32 key=4) 00:38:52.823 [INFO - kudu-tserver:64032] (MiniKuduCluster.java:429)
I0711 00:38:52.821840 7621 raft_consensus.cc:1104] T 13410a5b9e644e6f86b34bea173a5677 P 5d244bfce7964881aa25f36d26bb9cba [term 1 FOLLOWER]: Early marking committed up to term: 1 index: 6 00:38:52.824 [INFO - kudu-tserver:64032] (MiniKuduCluster.java:429)
I0711 00:38:52.821856 7621 raft_consensus_state.cc:578] T 13410a5b9e644e6f86b34bea173a5677 P 5d244bfce7964881aa25f36d26bb9cba [term 1 FOLLOWER]: Last triggered apply was: term: 1 index: 5 Starting to apply from log index: 6 00:38:52.824 [INFO - kudu-tserver:64032] (MiniKuduCluster.java:429)
I0711 00:38:52.821949 7621 raft_consensus.cc:1215] T 13410a5b9e644e6f86b34bea173a5677 P 5d244bfce7964881aa25f36d26bb9cba [term 1 FOLLOWER]: Marking committed up to term: 1 index: 6 00:38:52.824 [INFO - kudu-tserver:64032] (MiniKuduCluster.java:429)
I0711 00:38:52.821961 7621 raft_consensus_state.cc:559] T 13410a5b9e644e6f86b34bea173a5677 P 5d244bfce7964881aa25f36d26bb9cba [term 1 FOLLOWER]: Already marked ops through 1.6 as committed. Now trying to mark 1.6 which would be a no-op. 00:38:52.824 [INFO - kudu-tserver:64032] (MiniKuduCluster.java:429)
I0711 00:38:52.821992 7621 raft_consensus.cc:700] T 13410a5b9e644e6f86b34bea173a5677 P 5d244bfce7964881aa25f36d26bb9cba [term 1 FOLLOWER]: Replica replied to status only request. Replica: Replica: 5d244bfce7964881aa25f36d26bb9cba, State: 1, Role: FOLLOWER 00:38:52.824 [INFO - kudu-tserver:64032] (MiniKuduCluster.java:429) Watermarks: {Received: term: 1 index: 6 Committed: term: 1 index: 6} 00:38:52.823 [INFO - kudu-tserver:64036] (MiniKuduCluster.java:429)
I0711 00:38:52.821064 8227 consensus_queue.cc:455] T 13410a5b9e644e6f86b34bea173a5677 P b93116846b4a43a1a8398438c81d0239 [LEADER]: Updated all_replicated watermark from 1.5 to 1.5 00:38:52.825 [INFO - kudu-tserver:64036] (MiniKuduCluster.java:429)
I0711 00:38:52.821075 8227 log_cache.cc:391] T 13410a5b9e644e6f86b34bea173a5677 P b93116846b4a43a1a8398438c81d0239: Evicting log cache: after state: Pinned index: 7, LogCacheStats(num_ops=1, bytes=847) 00:38:52.825 [INFO - kudu-tserver:64036] (MiniKuduCluster.java:429)
I0711 00:38:52.821122 8236 consensus_queue.cc:455] T 13410a5b9e644e6f86b34bea173a5677 P b93116846b4a43a1a8398438c81d0239 [LEADER]: Updated majority_replicated watermark from 1.6 to 1.6 00:38:52.825 [INFO - kudu-tserver:64036] (MiniKuduCluster.java:429)
I0711 00:38:52.821140 8236 consensus_queue.cc:455] T 13410a5b9e644e6f86b34bea173a5677 P b93116846b4a43a1a8398438c81d0239 [LEADER]: Updated all_replicated watermark from 1.5 to 1.6 00:38:52.825 [INFO - kudu-tserver:64036] (MiniKuduCluster.java:429)
I0711 00:38:52.821152 8236 log_cache.cc:391] T 13410a5b9e644e6f86b34bea173a5677 P b93116846b4a43a1a8398438c81d0239: Evicting log cache: after state: Pinned index: 7, LogCacheStats(num_ops=1, bytes=847) 00:38:52.825 [INFO - kudu-tserver:64036] (MiniKuduCluster.java:429)
I0711 00:38:52.821236 8240 raft_consensus.cc:588] T 13410a5b9e644e6f86b34bea173a5677 P b93116846b4a43a1a8398438c81d0239 [term 1 LEADER]: Marking majority replicated up to term: 1 index: 6 00:38:52.825 [INFO - kudu-tserver:64036] (MiniKuduCluster.java:429)
I0711 00:38:52.821254 8240 raft_consensus_state.cc:578] T 13410a5b9e644e6f86b34bea173a5677 P b93116846b4a43a1a8398438c81d0239 [term 1 LEADER]: Last triggered apply was: term: 1 index: 5 Starting to apply from log index: 6 00:38:52.825 [INFO - kudu-tserver:64036] (MiniKuduCluster.java:429)
I0711 00:38:52.821427 8240 raft_consensus.cc:588] T 13410a5b9e644e6f86b34bea173a5677 P b93116846b4a43a1a8398438c81d0239 [term 1 LEADER]: Marking majority replicated up to term: 1 index: 6 00:38:52.825 [INFO - kudu-tserver:64036] (MiniKuduCluster.java:429)
I0711 00:38:52.821437 8240 raft_consensus_state.cc:559] T 13410a5b9e644e6f86b34bea173a5677 P b93116846b4a43a1a8398438c81d0239 [term 1 LEADER]: Already marked ops through 1.6 as committed. Now trying to mark 1.6 which would be a no-op. 00:38:52.824 [DEBUG - Thread-7] (TabletClient.java:261) [Peer b93116846b4a43a1a8398438c81d0239] [id: 0xe79a4fff, /127.0.0.1:48701 => /127.29.29.1:64036] Sending RPC #6, payload=BigEndianHeapChannelBuffer(ridx=0, widx=258, cap=258) "\x00\x00\x00\xFE0\x18\x062)\n kudu.tserver.TabletServerService\x12\x05WriteP\xF4\x03\xCB\x01\n 13410a5b9e644e6f86b34bea173a5677\x12w\n\x11\x12\x03key\x18\x05 \x01(\x00@\x00H\x00P\x00\n\x17\x12\tcolumn1_i\x18\x05 \x00(\x00@\x00H\x00P\x00\n\x17\x12\tcolumn2_i\x18\x05 \x00(\x00@\x00H\x00P\x00\n\x17\x12\tcolumn3_s\x18\x08 \x00(\x01@\x05H\x03P\x00\n\x17\x12\tcolumn4_b\x18\t \x00(\x00@\x00H\x00P\x00\x1A,\x12 \x01\x1F\x00\x05\x00\x00\x00\x02\x00\x00\x00\x03\x00\x00\x00\x00\x00\x00\x00\x00\x00\x00\x00\x08\x00\x00\x00\x00\x00\x00\x00\x01\x1A\x08a string \x01" 00:38:52.824 [INFO - kudu-tserver:64032] (MiniKuduCluster.java:429) . Response: responder_uuid: "5d244bfce7964881aa25f36d26bb9cba" responder_term: 1 status { last_received { term: 1 index: 6 } last_committed_idx: 6 last_received_current_leader { term: 1 index: 6 } } 00:38:52.824 [DEBUG - New I/O worker #134] (TabletClient.java:491) ------------------<< LEAVING DECODE <<------------------ time elapsed: 1374us 00:38:52.824 [INFO - kudu-tserver:64034] (MiniKuduCluster.java:429)
I0711 00:38:52.820291 7836 raft_consensus_state.cc:559] T 13410a5b9e644e6f86b34bea173a5677 P 8f3a2b7e9d2f4dc392f47ead5d0f114f [term 1 FOLLOWER]: Already marked ops through 1.5 as committed. Now trying to mark 0.0 which would be a no-op. 00:38:52.826 [INFO - kudu-tserver:64034] (MiniKuduCluster.java:429)
I0711 00:38:52.820307 7836 raft_consensus.cc:728] T 13410a5b9e644e6f86b34bea173a5677 P 8f3a2b7e9d2f4dc392f47ead5d0f114f [term 1 FOLLOWER]: Starting transaction: term: 1 index: 6 00:38:52.826 [INFO - kudu-tserver:64034] (MiniKuduCluster.java:429)
I0711 00:38:52.820518 7836 raft_consensus.cc:1215] T 13410a5b9e644e6f86b34bea173a5677 P 8f3a2b7e9d2f4dc392f47ead5d0f114f [term 1 FOLLOWER]: Marking committed up to term: 1 index: 5 00:38:52.827 [INFO - kudu-tserver:64034] (MiniKuduCluster.java:429)
I0711 00:38:52.820534 7836 raft_consensus_state.cc:559] T 13410a5b9e644e6f86b34bea173a5677 P 8f3a2b7e9d2f4dc392f47ead5d0f114f [term 1 FOLLOWER]: Already marked ops through 1.5 as committed. Now trying to mark 1.5 which would be a no-op. 00:38:52.827 [INFO - kudu-tserver:64034] (MiniKuduCluster.java:429)
I0711 00:38:52.820588 8216 log_cache.cc:214] T 13410a5b9e644e6f86b34bea173a5677 P 8f3a2b7e9d2f4dc392f47ead5d0f114f: Updating pinned index to 7 00:38:52.827 [INFO - kudu-tserver:64034] (MiniKuduCluster.java:429)
I0711 00:38:52.820619 8216 consensus_queue.cc:455] T 13410a5b9e644e6f86b34bea173a5677 P 8f3a2b7e9d2f4dc392f47ead5d0f114f [NON_LEADER]: Updated all_replicated watermark from 1.5 to 1.6 00:38:52.827 [INFO - kudu-tserver:64034] (MiniKuduCluster.java:429)
I0711 00:38:52.820652 8216 log_cache.cc:391] T 13410a5b9e644e6f86b34bea173a5677 P 8f3a2b7e9d2f4dc392f47ead5d0f114f: Evicting log cache: after state: Pinned index: 7, LogCacheStats(num_ops=1, bytes=871) 00:38:52.827 [INFO - kudu-tserver:64034] (MiniKuduCluster.java:429)
I0711 00:38:52.820736 7836 raft_consensus.cc:700] T 13410a5b9e644e6f86b34bea173a5677 P 8f3a2b7e9d2f4dc392f47ead5d0f114f [term 1 FOLLOWER]: Replica replied to status only request. Replica: Replica: 8f3a2b7e9d2f4dc392f47ead5d0f114f, State: 1, Role: FOLLOWER 00:38:52.827 [INFO - kudu-tserver:64034] (MiniKuduCluster.java:429) Watermarks: {Received: term: 1 index: 6 Committed: term: 1 index: 5} 00:38:52.827 [INFO - kudu-tserver:64034] (MiniKuduCluster.java:429) . Response: responder_uuid: "8f3a2b7e9d2f4dc392f47ead5d0f114f" responder_term: 1 status { last_received { term: 1 index: 6 } last_committed_idx: 5 last_received_current_leader { term: 1 index: 6 } } 00:38:52.826 [DEBUG - New I/O worker #134] (TabletClient.java:636) [Peer b93116846b4a43a1a8398438c81d0239] [id: 0xe79a4fff, /127.0.0.1:48701 => /127.29.29.1:64036] WRITTEN_AMOUNT: 258 00:38:52.826 [INFO - kudu-tserver:64036] (MiniKuduCluster.java:429)
I0711 00:38:52.822293 8236 consensus_queue.cc:455] T 13410a5b9e644e6f86b34bea173a5677 P b93116846b4a43a1a8398438c81d0239 [LEADER]: Updated majority_replicated watermark from 1.6 to 1.6 00:38:52.827 [INFO - kudu-tserver:64036] (MiniKuduCluster.java:429)
I0711 00:38:52.822310 8236 consensus_queue.cc:455] T 13410a5b9e644e6f86b34bea173a5677 P b93116846b4a43a1a8398438c81d0239 [LEADER]: Updated all_replicated watermark from 1.6 to 1.6 00:38:52.828 [INFO - kudu-tserver:64036] (MiniKuduCluster.java:429)
I0711 00:38:52.822345 8236 log_cache.cc:391] T 13410a5b9e644e6f86b34bea173a5677 P b93116846b4a43a1a8398438c81d0239: Evicting log cache: after state: Pinned index: 7, LogCacheStats(num_ops=0, bytes=0) 00:38:52.828 [INFO - kudu-tserver:64036] (MiniKuduCluster.java:429)
I0711 00:38:52.822419 8227 consensus_queue.cc:455] T 13410a5b9e644e6f86b34bea173a5677 P b93116846b4a43a1a8398438c81d0239 [LEADER]: Updated majority_replicated watermark from 1.6 to 1.6 00:38:52.827 [INFO - kudu-tserver:64034] (MiniKuduCluster.java:429)
I0711 00:38:52.821832 7836 raft_consensus.cc:1104] T 13410a5b9e644e6f86b34bea173a5677 P 8f3a2b7e9d2f4dc392f47ead5d0f114f [term 1 FOLLOWER]: Early marking committed up to term: 1 index: 6 00:38:52.828 [INFO - kudu-tserver:64034] (MiniKuduCluster.java:429)
I0711 00:38:52.821851 7836 raft_consensus_state.cc:578] T 13410a5b9e644e6f86b34bea173a5677 P 8f3a2b7e9d2f4dc392f47ead5d0f114f [term 1 FOLLOWER]: Last triggered apply was: term: 1 index: 5 Starting to apply from log index: 6 00:38:52.828 [INFO - kudu-tserver:64034] (MiniKuduCluster.java:429)
I0711 00:38:52.821928 7836 raft_consensus.cc:1215] T 13410a5b9e644e6f86b34bea173a5677 P 8f3a2b7e9d2f4dc392f47ead5d0f114f [term 1 FOLLOWER]: Marking committed up to term: 1 index: 6 00:38:52.828 [INFO - kudu-tserver:64034] (MiniKuduCluster.java:429)
I0711 00:38:52.821949 7836 raft_consensus_state.cc:559] T 13410a5b9e644e6f86b34bea173a5677 P 8f3a2b7e9d2f4dc392f47ead5d0f114f [term 1 FOLLOWER]: Already marked ops through 1.6 as committed. Now trying to mark 1.6 which would be a no-op. 00:38:52.828 [INFO - kudu-tserver:64034] (MiniKuduCluster.java:429)
I0711 00:38:52.821979 7836 raft_consensus.cc:700] T 13410a5b9e644e6f86b34bea173a5677 P 8f3a2b7e9d2f4dc392f47ead5d0f114f [term 1 FOLLOWER]: Replica replied to status only request. Replica: Replica: 8f3a2b7e9d2f4dc392f47ead5d0f114f, State: 1, Role: FOLLOWER 00:38:52.828 [INFO - kudu-tserver:64034] (MiniKuduCluster.java:429) Watermarks: {Received: term: 1 index: 6 Committed: term: 1 index: 6} 00:38:52.828 [INFO - kudu-tserver:64032] (MiniKuduCluster.java:429)
I0711 00:38:52.828235 7621 raft_consensus.cc:1104] T 13410a5b9e644e6f86b34bea173a5677 P 5d244bfce7964881aa25f36d26bb9cba [term 1 FOLLOWER]: Early marking committed up to term: 0 index: 0 00:38:52.829 [INFO - kudu-tserver:64032] (MiniKuduCluster.java:429)
