I0711 00:38:52.766702 7913 rpcz_store.cc:152] Sampled call Call kudu.tserver.TabletServerService.Scan from 127.0.0.1:48701 (request call id 0) 00:38:52.769 [DEBUG - New I/O worker #134] (TabletClient.java:261) [Peer b93116846b4a43a1a8398438c81d0239] [id: 0xe79a4fff, /127.0.0.1:48701 => /127.29.29.1:64036] Sending RPC #1, payload=BigEndianHeapChannelBuffer(ridx=0, widx=258, cap=258) "\x00\x00\x00\xFE0\x18\x012)\n kudu.tserver.TabletServerService\x12\x05WriteP\xF4\x03\xCB\x01\n 13410a5b9e644e6f86b34bea173a5677\x12w\n\x11\x12\x03key\x18\x05 \x01(\x00@\x00H\x00P\x00\n\x17\x12\tcolumn1_i\x18\x05 \x00(\x00@\x00H\x00P\x00\n\x17\x12\tcolumn2_i\x18\x05 \x00(\x00@\x00H\x00P\x00\n\x17\x12\tcolumn3_s\x18\x08 \x00(\x01@\x05H\x03P\x00\n\x17\x12\tcolumn4_b\x18\t \x00(\x00@\x00H\x00P\x00\x1A,\x12 \x01\x1F\x00\x00\x00\x00\x00\x02\x00\x00\x00\x03\x00\x00\x00\x00\x00\x00\x00\x00\x00\x00\x00\x08\x00\x00\x00\x00\x00\x00\x00\x01\x1A\x08a string \x01" 00:38:52.769 [DEBUG - New I/O worker #134] (TabletClient.java:636) [Peer b93116846b4a43a1a8398438c81d0239] [id: 0xe79a4fff, /127.0.0.1:48701 => /127.29.29.1:64036] WRITTEN_AMOUNT: 258 00:38:52.770 [DEBUG - New I/O worker #134] (TabletClient.java:636) [Peer b93116846b4a43a1a8398438c81d0239] [id: 0xe79a4fff, /127.0.0.1:48701 => /127.29.29.1:64036] RECEIVED: BigEndianHeapChannelBuffer(ridx=0, widx=18, cap=18) 00:38:52.770 [DEBUG - New I/O worker #134] (TabletClient.java:359) ------------------>> ENTERING DECODE >>------------------ 00:38:52.777 [DEBUG - New I/O worker #134] (AsyncKuduScanner.java:847) AsyncKuduScanner$Response(scannerId="", data=RowResultIterator for 0 rows, more=false) 00:38:52.778 [DEBUG - New I/O worker #134] (TabletClient.java:426) [Peer b93116846b4a43a1a8398438c81d0239] rpcid=0, response size=18 bytes, 0 readable bytes left, rpc=ScanRequest(scannerId=null, tabletSlice=13410a5b9e644e6f86b34bea173a5677, attempt=1) 00:38:52.778 [DEBUG - New I/O worker #134] (TabletClient.java:491) ------------------<< LEAVING DECODE <<------------------ time elapsed: 7995us 00:38:52.778 [INFO - Thread-8] (ITClient.java:374) New row count 0 00:38:52.780 [INFO - kudu-tserver:64036] (MiniKuduCluster.java:429)
I0711 00:38:52.780761 8225 log_cache.cc:214] T 13410a5b9e644e6f86b34bea173a5677 P b93116846b4a43a1a8398438c81d0239: Updating pinned index to 3 00:38:52.780 [INFO - kudu-tserver:64036] (MiniKuduCluster.java:429)
I0711 00:38:52.780843 8225 log_cache.cc:391] T 13410a5b9e644e6f86b34bea173a5677 P b93116846b4a43a1a8398438c81d0239: Evicting log cache: after state: Pinned index: 3, LogCacheStats(num_ops=2, bytes=999) 00:38:52.781 [INFO - kudu-tserver:64036] (MiniKuduCluster.java:429)
I0711 00:38:52.780988 8240 raft_consensus.cc:588] T 13410a5b9e644e6f86b34bea173a5677 P b93116846b4a43a1a8398438c81d0239 [term 1 LEADER]: Marking majority replicated up to term: 0 index: 0 00:38:52.781 [INFO - kudu-tserver:64032] (MiniKuduCluster.java:429)
I0711 00:38:52.781747 7621 raft_consensus.cc:869] T 13410a5b9e644e6f86b34bea173a5677 P 5d244bfce7964881aa25f36d26bb9cba [term 1 FOLLOWER]: Refusing update from remote peer b93116846b4a43a1a8398438c81d0239: Log matching property violated. Preceding OpId in replica: term: 0 index: 0. Preceding OpId from leader: term: 1 index: 2. (index mismatch) 00:38:52.781 [INFO - kudu-tserver:64034] (MiniKuduCluster.java:429)
I0711 00:38:52.781850 7836 raft_consensus.cc:869] T 13410a5b9e644e6f86b34bea173a5677 P 8f3a2b7e9d2f4dc392f47ead5d0f114f [term 1 FOLLOWER]: Refusing update from remote peer b93116846b4a43a1a8398438c81d0239: Log matching property violated. Preceding OpId in replica: term: 0 index: 0. Preceding OpId from leader: term: 1 index: 2. (index mismatch) 00:38:52.782 [INFO - kudu-tserver:64032] (MiniKuduCluster.java:429)
I0711 00:38:52.782263 7621 raft_consensus.cc:700] T 13410a5b9e644e6f86b34bea173a5677 P 5d244bfce7964881aa25f36d26bb9cba [term 1 FOLLOWER]: Replica replied to status only request. Replica: Replica: 5d244bfce7964881aa25f36d26bb9cba, State: 1, Role: FOLLOWER 00:38:52.782 [INFO - kudu-tserver:64032] (MiniKuduCluster.java:429) Watermarks: {Received: term: 0 index: 0 Committed: term: 0 index: 0} 00:38:52.782 [INFO - kudu-tserver:64032] (MiniKuduCluster.java:429) . Response: responder_uuid: "5d244bfce7964881aa25f36d26bb9cba" responder_term: 1 status { last_received { term: 0 index: 0 } last_committed_idx: 0 error { code: PRECEDING_ENTRY_DIDNT_MATCH status { code: ILLEGAL_STATE message: "Log matching property violated. Preceding OpId in replica: term: 0 index: 0. Preceding OpId from leader: term: 1 index: 2. (index mismatch)" } } last_received_current_leader { term: 0 index: 0 } } 00:38:52.782 [INFO - kudu-tserver:64034] (MiniKuduCluster.java:429)
I0711 00:38:52.782318 7836 raft_consensus.cc:700] T 13410a5b9e644e6f86b34bea173a5677 P 8f3a2b7e9d2f4dc392f47ead5d0f114f [term 1 FOLLOWER]: Replica replied to status only request. Replica: Replica: 8f3a2b7e9d2f4dc392f47ead5d0f114f, State: 1, Role: FOLLOWER 00:38:52.782 [INFO - kudu-tserver:64034] (MiniKuduCluster.java:429) Watermarks: {Received: term: 0 index: 0 Committed: term: 0 index: 0} 00:38:52.782 [INFO - kudu-tserver:64036] (MiniKuduCluster.java:429)
I0711 00:38:52.782893 8227 consensus_queue.cc:578] T 13410a5b9e644e6f86b34bea173a5677 P b93116846b4a43a1a8398438c81d0239 [LEADER]: Connected to new peer: Peer: 5d244bfce7964881aa25f36d26bb9cba, Is new: false, Last received: 0.0, Next index: 1, Last known committed idx: 0, Last exchange result: ERROR, Needs remote bootstrap: false 00:38:52.782 [INFO - kudu-tserver:64032] (MiniKuduCluster.java:429)
I0711 00:38:52.782454 7621 rpcz_store.cc:152] Sampled call Call kudu.consensus.ConsensusService.UpdateConsensus from 127.29.29.1:34570 (request call id 2) 00:38:52.783 [INFO - kudu-tserver:64036] (MiniKuduCluster.java:429)
I0711 00:38:52.783025 8236 consensus_queue.cc:578] T 13410a5b9e644e6f86b34bea173a5677 P b93116846b4a43a1a8398438c81d0239 [LEADER]: Connected to new peer: Peer: 8f3a2b7e9d2f4dc392f47ead5d0f114f, Is new: false, Last received: 0.0, Next index: 1, Last known committed idx: 0, Last exchange result: ERROR, Needs remote bootstrap: false 00:38:52.782 [INFO - kudu-tserver:64034] (MiniKuduCluster.java:429) . Response: responder_uuid: "8f3a2b7e9d2f4dc392f47ead5d0f114f" responder_term: 1 status { last_received { term: 0 index: 0 } last_committed_idx: 0 error { code: PRECEDING_ENTRY_DIDNT_MATCH status { code: ILLEGAL_STATE message: "Log matching property violated. Preceding OpId in replica: term: 0 index: 0. Preceding OpId from leader: term: 1 index: 2. (index mismatch)" } } last_received_current_leader { term: 0 index: 0 } } 00:38:52.783 [INFO - kudu-tserver:64034] (MiniKuduCluster.java:429)
I0711 00:38:52.782493 7836 rpcz_store.cc:152] Sampled call Call kudu.consensus.ConsensusService.UpdateConsensus from 127.29.29.1:53565 (request call id 2) 00:38:52.783 [INFO - kudu-tserver:64034] (MiniKuduCluster.java:429)
I0711 00:38:52.783702 7836 consensus_meta.cc:231] T 13410a5b9e644e6f86b34bea173a5677 P 8f3a2b7e9d2f4dc392f47ead5d0f114f: Updating active role to FOLLOWER. Consensus state: current_term: 1 leader_uuid: "b93116846b4a43a1a8398438c81d0239" config { opid_index: -1 peers { permanent_uuid: "8f3a2b7e9d2f4dc392f47ead5d0f114f" member_type: VOTER last_known_addr { host: "127.29.29.1" port: 64034 } } peers { permanent_uuid: "5d244bfce7964881aa25f36d26bb9cba" member_type: VOTER last_known_addr { host: "127.29.29.1" port: 64032 } } peers { permanent_uuid: "b93116846b4a43a1a8398438c81d0239" member_type: VOTER last_known_addr { host: "127.29.29.1" port: 64036 } } } 00:38:52.783 [INFO - kudu-tserver:64032] (MiniKuduCluster.java:429)
I0711 00:38:52.783704 7621 consensus_meta.cc:231] T 13410a5b9e644e6f86b34bea173a5677 P 5d244bfce7964881aa25f36d26bb9cba: Updating active role to FOLLOWER. Consensus state: current_term: 1 leader_uuid: "b93116846b4a43a1a8398438c81d0239" config { opid_index: -1 peers { permanent_uuid: "8f3a2b7e9d2f4dc392f47ead5d0f114f" member_type: VOTER last_known_addr { host: "127.29.29.1" port: 64034 } } peers { permanent_uuid: "5d244bfce7964881aa25f36d26bb9cba" member_type: VOTER last_known_addr { host: "127.29.29.1" port: 64032 } } peers { permanent_uuid: "b93116846b4a43a1a8398438c81d0239" member_type: VOTER last_known_addr { host: "127.29.29.1" port: 64036 } } } 00:38:52.784 [INFO - kudu-tserver:64034] (MiniKuduCluster.java:429)
I0711 00:38:52.784137 7836 raft_consensus.cc:1104] T 13410a5b9e644e6f86b34bea173a5677 P 8f3a2b7e9d2f4dc392f47ead5d0f114f [term 1 FOLLOWER]: Early marking committed up to term: 0 index: 0 00:38:52.784 [INFO - kudu-tserver:64034] (MiniKuduCluster.java:429)
I0711 00:38:52.784159 7836 raft_consensus_state.cc:559] T 13410a5b9e644e6f86b34bea173a5677 P 8f3a2b7e9d2f4dc392f47ead5d0f114f [term 1 FOLLOWER]: Already marked ops through 0.0 as committed. Now trying to mark 0.0 which would be a no-op. 00:38:52.784 [INFO - kudu-tserver:64034] (MiniKuduCluster.java:429)
I0711 00:38:52.784212 7836 raft_consensus.cc:1540] T 13410a5b9e644e6f86b34bea173a5677 P 8f3a2b7e9d2f4dc392f47ead5d0f114f [term 1 FOLLOWER]: Starting consensus round: term: 1 index: 1 00:38:52.784 [INFO - kudu-tserver:64034] (MiniKuduCluster.java:429)
I0711 00:38:52.784327 7836 raft_consensus.cc:728] T 13410a5b9e644e6f86b34bea173a5677 P 8f3a2b7e9d2f4dc392f47ead5d0f114f [term 1 FOLLOWER]: Starting transaction: term: 1 index: 2 00:38:52.785 [INFO - kudu-tserver:64034] (MiniKuduCluster.java:429)
I0711 00:38:52.785207 7836 raft_consensus.cc:1215] T 13410a5b9e644e6f86b34bea173a5677 P 8f3a2b7e9d2f4dc392f47ead5d0f114f [term 1 FOLLOWER]: Marking committed up to term: 0 index: 0 00:38:52.785 [INFO - kudu-tserver:64034] (MiniKuduCluster.java:429)
I0711 00:38:52.785233 7836 raft_consensus_state.cc:559] T 13410a5b9e644e6f86b34bea173a5677 P 8f3a2b7e9d2f4dc392f47ead5d0f114f [term 1 FOLLOWER]: Already marked ops through 0.0 as committed. Now trying to mark 0.0 which would be a no-op. 00:38:52.785 [INFO - kudu-tserver:64034] (MiniKuduCluster.java:429)
I0711 00:38:52.785603 8216 log_cache.cc:214] T 13410a5b9e644e6f86b34bea173a5677 P 8f3a2b7e9d2f4dc392f47ead5d0f114f: Updating pinned index to 3 00:38:52.785 [INFO - kudu-tserver:64034] (MiniKuduCluster.java:429)
I0711 00:38:52.785744 8216 consensus_queue.cc:455] T 13410a5b9e644e6f86b34bea173a5677 P 8f3a2b7e9d2f4dc392f47ead5d0f114f [NON_LEADER]: Updated all_replicated watermark from 0.0 to 1.2 00:38:52.785 [INFO - kudu-tserver:64034] (MiniKuduCluster.java:429)
I0711 00:38:52.785784 8216 log_cache.cc:391] T 13410a5b9e644e6f86b34bea173a5677 P 8f3a2b7e9d2f4dc392f47ead5d0f114f: Evicting log cache: after state: Pinned index: 3, LogCacheStats(num_ops=2, bytes=1023) 00:38:52.785 [INFO - kudu-tserver:64034] (MiniKuduCluster.java:429)
I0711 00:38:52.785899 7836 raft_consensus.cc:700] T 13410a5b9e644e6f86b34bea173a5677 P 8f3a2b7e9d2f4dc392f47ead5d0f114f [term 1 FOLLOWER]: Replica replied to status only request. Replica: Replica: 8f3a2b7e9d2f4dc392f47ead5d0f114f, State: 1, Role: FOLLOWER 00:38:52.786 [INFO - kudu-tserver:64034] (MiniKuduCluster.java:429) Watermarks: {Received: term: 1 index: 2 Committed: term: 0 index: 0} 00:38:52.786 [INFO - kudu-tserver:64034] (MiniKuduCluster.java:429) . Response: responder_uuid: "8f3a2b7e9d2f4dc392f47ead5d0f114f" responder_term: 1 status { last_received { term: 1 index: 2 } last_committed_idx: 0 last_received_current_leader { term: 1 index: 2 } } 00:38:52.786 [INFO - kudu-tserver:64036] (MiniKuduCluster.java:429)
I0711 00:38:52.786278 8227 consensus_queue.cc:455] T 13410a5b9e644e6f86b34bea173a5677 P b93116846b4a43a1a8398438c81d0239 [LEADER]: Updated majority_replicated watermark from 0.0 to 1.2 00:38:52.786 [INFO - kudu-tserver:64036] (MiniKuduCluster.java:429)
I0711 00:38:52.786314 8227 log_cache.cc:391] T 13410a5b9e644e6f86b34bea173a5677 P b93116846b4a43a1a8398438c81d0239: Evicting log cache: after state: Pinned index: 3, LogCacheStats(num_ops=2, bytes=999) 00:38:52.786 [INFO - kudu-tserver:64036] (MiniKuduCluster.java:429)
I0711 00:38:52.786455 8240 raft_consensus.cc:588] T 13410a5b9e644e6f86b34bea173a5677 P b93116846b4a43a1a8398438c81d0239 [term 1 LEADER]: Marking majority replicated up to term: 1 index: 2 00:38:52.786 [INFO - kudu-tserver:64036] (MiniKuduCluster.java:429)
I0711 00:38:52.786512 8240 raft_consensus_state.cc:578] T 13410a5b9e644e6f86b34bea173a5677 P b93116846b4a43a1a8398438c81d0239 [term 1 LEADER]: Last triggered apply was: term: 0 index: 0 Starting to apply from log index: 1 00:38:52.786 [INFO - kudu-tserver:64036] (MiniKuduCluster.java:429)
I0711 00:38:52.786576 8240 raft_consensus.cc:1911] T 13410a5b9e644e6f86b34bea173a5677 P b93116846b4a43a1a8398438c81d0239: Committing NO_OP with op id 1.1 00:38:52.787 [INFO - kudu-tserver:64036] (MiniKuduCluster.java:429)
I0711 00:38:52.787109 8240 raft_consensus_state.cc:534] T 13410a5b9e644e6f86b34bea173a5677 P b93116846b4a43a1a8398438c81d0239 [term 1 LEADER]: Advanced the committed_index across terms. Last committed operation was: term: 0 index: 0 New committed index is: term: 1 index: 2 00:38:52.787 [INFO - kudu-master:64030] (MiniKuduCluster.java:429)
I0711 00:38:52.787521 7540 log_cache.cc:214] T 00000000000000000000000000000000 P f0fab086acb348bdb1edd8a1a3922525: Updating pinned index to 10 00:38:52.787 [INFO - kudu-master:64030] (MiniKuduCluster.java:429)
I0711 00:38:52.787578 7540 consensus_queue.cc:455] T 00000000000000000000000000000000 P f0fab086acb348bdb1edd8a1a3922525 [LEADER]: Updated majority_replicated watermark from 1.8 to 1.9 00:38:52.787 [INFO - kudu-tserver:64034] (MiniKuduCluster.java:429)
I0711 00:38:52.787761 7836 raft_consensus.cc:1104] T 13410a5b9e644e6f86b34bea173a5677 P 8f3a2b7e9d2f4dc392f47ead5d0f114f [term 1 FOLLOWER]: Early marking committed up to term: 1 index: 2 00:38:52.787 [INFO - kudu-tserver:64034] (MiniKuduCluster.java:429)
I0711 00:38:52.787804 7836 raft_consensus_state.cc:578] T 13410a5b9e644e6f86b34bea173a5677 P 8f3a2b7e9d2f4dc392f47ead5d0f114f [term 1 FOLLOWER]: Last triggered apply was: term: 0 index: 0 Starting to apply from log index: 1 00:38:52.787 [INFO - kudu-master:64030] (MiniKuduCluster.java:429)
I0711 00:38:52.787590 7540 consensus_queue.cc:455] T 00000000000000000000000000000000 P f0fab086acb348bdb1edd8a1a3922525 [LEADER]: Updated all_replicated watermark from 1.8 to 1.9 00:38:52.788 [INFO - kudu-master:64030] (MiniKuduCluster.java:429)
I0711 00:38:52.787627 7540 log_cache.cc:391] T 00000000000000000000000000000000 P f0fab086acb348bdb1edd8a1a3922525: Evicting log cache: after state: Pinned index: 10, LogCacheStats(num_ops=1, bytes=998) 00:38:52.788 [INFO - kudu-tserver:64036] (MiniKuduCluster.java:429)
I0711 00:38:52.788106 8296 rpcz_store.cc:152] Sampled call Call kudu.tserver.TabletServerService.Write from 127.0.0.1:48701 (request call id 1) 00:38:52.788 [INFO - kudu-tserver:64034] (MiniKuduCluster.java:429)
I0711 00:38:52.787838 7836 raft_consensus.cc:1911] T 13410a5b9e644e6f86b34bea173a5677 P 8f3a2b7e9d2f4dc392f47ead5d0f114f: Committing NO_OP with op id 1.1 00:38:52.788 [DEBUG - New I/O worker #134] (TabletClient.java:636) [Peer b93116846b4a43a1a8398438c81d0239] [id: 0xe79a4fff, /127.0.0.1:48701 => /127.29.29.1:64036] RECEIVED: BigEndianHeapChannelBuffer(ridx=0, widx=19, cap=19) 00:38:52.788 [INFO - kudu-master:64030] (MiniKuduCluster.java:429)
I0711 00:38:52.787796 8206 raft_consensus.cc:588] T 00000000000000000000000000000000 P f0fab086acb348bdb1edd8a1a3922525 [term 1 LEADER]: Marking majority replicated up to term: 1 index: 9 00:38:52.788 [INFO - kudu-tserver:64036] (MiniKuduCluster.java:429)
I0711 00:38:52.788703 8227 consensus_queue.cc:455] T 13410a5b9e644e6f86b34bea173a5677 P b93116846b4a43a1a8398438c81d0239 [LEADER]: Updated majority_replicated watermark from 1.2 to 1.2 00:38:52.788 [INFO - kudu-tserver:64036] (MiniKuduCluster.java:429)
I0711 00:38:52.788733 8227 log_cache.cc:391] T 13410a5b9e644e6f86b34bea173a5677 P b93116846b4a43a1a8398438c81d0239: Evicting log cache: after state: Pinned index: 3, LogCacheStats(num_ops=2, bytes=999) 00:38:52.788 [DEBUG - New I/O worker #134] (TabletClient.java:359) ------------------>> ENTERING DECODE >>------------------ 00:38:52.788 [INFO - kudu-tserver:64034] (MiniKuduCluster.java:429)
I0711 00:38:52.788398 7836 raft_consensus.cc:1215] T 13410a5b9e644e6f86b34bea173a5677 P 8f3a2b7e9d2f4dc392f47ead5d0f114f [term 1 FOLLOWER]: Marking committed up to term: 1 index: 2 00:38:52.789 [INFO - kudu-tserver:64034] (MiniKuduCluster.java:429)
I0711 00:38:52.788414 7836 raft_consensus_state.cc:559] T 13410a5b9e644e6f86b34bea173a5677 P 8f3a2b7e9d2f4dc392f47ead5d0f114f [term 1 FOLLOWER]: Already marked ops through 1.2 as committed. Now trying to mark 1.2 which would be a no-op. 00:38:52.789 [INFO - kudu-tserver:64034] (MiniKuduCluster.java:429)
I0711 00:38:52.788447 7836 raft_consensus.cc:700] T 13410a5b9e644e6f86b34bea173a5677 P 8f3a2b7e9d2f4dc392f47ead5d0f114f [term 1 FOLLOWER]: Replica replied to status only request. Replica: Replica: 8f3a2b7e9d2f4dc392f47ead5d0f114f, State: 1, Role: FOLLOWER 00:38:52.789 [INFO - kudu-tserver:64034] (MiniKuduCluster.java:429) Watermarks: {Received: term: 1 index: 2 Committed: term: 1 index: 2} 00:38:52.789 [INFO - kudu-tserver:64034] (MiniKuduCluster.java:429) . Response: responder_uuid: "8f3a2b7e9d2f4dc392f47ead5d0f114f" responder_term: 1 status { last_received { term: 1 index: 2 } last_committed_idx: 2 last_received_current_leader { term: 1 index: 2 } } 00:38:52.789 [INFO - kudu-tserver:64036] (MiniKuduCluster.java:429)
I0711 00:38:52.788817 8240 raft_consensus.cc:588] T 13410a5b9e644e6f86b34bea173a5677 P b93116846b4a43a1a8398438c81d0239 [term 1 LEADER]: Marking majority replicated up to term: 1 index: 2 00:38:52.788 [INFO - kudu-master:64030] (MiniKuduCluster.java:429)
I0711 00:38:52.787818 8206 raft_consensus_state.cc:578] T 00000000000000000000000000000000 P f0fab086acb348bdb1edd8a1a3922525 [term 1 LEADER]: Last triggered apply was: term: 1 index: 8 Starting to apply from log index: 9 00:38:52.789 [INFO - kudu-tserver:64036] (MiniKuduCluster.java:429)
I0711 00:38:52.788830 8240 raft_consensus_state.cc:559] T 13410a5b9e644e6f86b34bea173a5677 P b93116846b4a43a1a8398438c81d0239 [term 1 LEADER]: Already marked ops through 1.2 as committed. Now trying to mark 1.2 which would be a no-op. 00:38:52.790 [INFO - kudu-master:64030] (MiniKuduCluster.java:429)
I0711 00:38:52.790128 7540 log_cache.cc:214] T 00000000000000000000000000000000 P f0fab086acb348bdb1edd8a1a3922525: Updating pinned index to 11 00:38:52.790 [INFO - kudu-master:64030] (MiniKuduCluster.java:429)
I0711 00:38:52.790163 7540 consensus_queue.cc:455] T 00000000000000000000000000000000 P f0fab086acb348bdb1edd8a1a3922525 [LEADER]: Updated majority_replicated watermark from 1.9 to 1.10 00:38:52.790 [INFO - kudu-master:64030] (MiniKuduCluster.java:429)
I0711 00:38:52.790171 7540 consensus_queue.cc:455] T 00000000000000000000000000000000 P f0fab086acb348bdb1edd8a1a3922525 [LEADER]: Updated all_replicated watermark from 1.9 to 1.10 00:38:52.790 [INFO - kudu-master:64030] (MiniKuduCluster.java:429)
I0711 00:38:52.790199 7540 log_cache.cc:391] T 00000000000000000000000000000000 P f0fab086acb348bdb1edd8a1a3922525: Evicting log cache: after state: Pinned index: 11, LogCacheStats(num_ops=1, bytes=998) 00:38:52.790 [INFO - kudu-master:64030] (MiniKuduCluster.java:429)
I0711 00:38:52.790340 8206 raft_consensus.cc:588] T 00000000000000000000000000000000 P f0fab086acb348bdb1edd8a1a3922525 [term 1 LEADER]: Marking majority replicated up to term: 1 index: 10 00:38:52.790 [INFO - kudu-master:64030] (MiniKuduCluster.java:429)
I0711 00:38:52.790357 8206 raft_consensus_state.cc:578] T 00000000000000000000000000000000 P f0fab086acb348bdb1edd8a1a3922525 [term 1 LEADER]: Last triggered apply was: term: 1 index: 9 Starting to apply from log index: 10 00:38:52.791 [DEBUG - New I/O worker #134] (TabletClient.java:426) [Peer b93116846b4a43a1a8398438c81d0239] rpcid=1, response size=19 bytes, 0 readable bytes left, rpc=KuduRpc(method=Write, tablet=13410a5b9e644e6f86b34bea173a5677, attempt=2, DeadlineTracker(timeout=30000, elapsed=140), Deferred@2033310172(state=PENDING, result=null, callback=(continuation of Deferred@1060120913 after retry RPC@33469777), errback=(continuation of Deferred@1060120913 after retry RPC@33469777))) row_key=(int32 key=0) 00:38:52.793 [DEBUG - New I/O worker #134] (TabletClient.java:491) ------------------<< LEAVING DECODE <<------------------ time elapsed: 4424us 00:38:52.793 [DEBUG - Thread-7] (TabletClient.java:261) [Peer b93116846b4a43a1a8398438c81d0239] [id: 0xe79a4fff, /127.0.0.1:48701 => /127.29.29.1:64036] Sending RPC #2, payload=BigEndianHeapChannelBuffer(ridx=0, widx=258, cap=258) "\x00\x00\x00\xFE0\x18\x022)\n kudu.tserver.TabletServerService\x12\x05WriteP\xF4\x03\xCB\x01\n 13410a5b9e644e6f86b34bea173a5677\x12w\n\x11\x12\x03key\x18\x05 \x01(\x00@\x00H\x00P\x00\n\x17\x12\tcolumn1_i\x18\x05 \x00(\x00@\x00H\x00P\x00\n\x17\x12\tcolumn2_i\x18\x05 \x00(\x00@\x00H\x00P\x00\n\x17\x12\tcolumn3_s\x18\x08 \x00(\x01@\x05H\x03P\x00\n\x17\x12\tcolumn4_b\x18\t \x00(\x00@\x00H\x00P\x00\x1A,\x12 \x01\x1F\x00\x01\x00\x00\x00\x02\x00\x00\x00\x03\x00\x00\x00\x00\x00\x00\x00\x00\x00\x00\x00\x08\x00\x00\x00\x00\x00\x00\x00\x01\x1A\x08a string \x01" 00:38:52.794 [DEBUG - New I/O worker #134] (TabletClient.java:636) [Peer b93116846b4a43a1a8398438c81d0239] [id: 0xe79a4fff, /127.0.0.1:48701 => /127.29.29.1:64036] WRITTEN_AMOUNT: 258 00:38:52.794 [INFO - kudu-tserver:64032] (MiniKuduCluster.java:429)
I0711 00:38:52.794701 7621 raft_consensus.cc:1104] T 13410a5b9e644e6f86b34bea173a5677 P 5d244bfce7964881aa25f36d26bb9cba [term 1 FOLLOWER]: Early marking committed up to term: 0 index: 0 00:38:52.794 [INFO - kudu-tserver:64032] (MiniKuduCluster.java:429)
I0711 00:38:52.794733 7621 raft_consensus_state.cc:559] T 13410a5b9e644e6f86b34bea173a5677 P 5d244bfce7964881aa25f36d26bb9cba [term 1 FOLLOWER]: Already marked ops through 0.0 as committed. Now trying to mark 0.0 which would be a no-op. 00:38:52.794 [INFO - kudu-tserver:64032] (MiniKuduCluster.java:429)
I0711 00:38:52.794780 7621 raft_consensus.cc:1540] T 13410a5b9e644e6f86b34bea173a5677 P 5d244bfce7964881aa25f36d26bb9cba [term 1 FOLLOWER]: Starting consensus round: term: 1 index: 1 00:38:52.795 [INFO - kudu-tserver:64032] (MiniKuduCluster.java:429)
I0711 00:38:52.794868 7621 raft_consensus.cc:728] T 13410a5b9e644e6f86b34bea173a5677 P 5d244bfce7964881aa25f36d26bb9cba [term 1 FOLLOWER]: Starting transaction: term: 1 index: 2 00:38:52.795 [INFO - kudu-tserver:64036] (MiniKuduCluster.java:429)
I0711 00:38:52.795223 8225 log_cache.cc:214] T 13410a5b9e644e6f86b34bea173a5677 P b93116846b4a43a1a8398438c81d0239: Updating pinned index to 4 00:38:52.795 [INFO - kudu-tserver:64036] (MiniKuduCluster.java:429)
I0711 00:38:52.795265 8225 consensus_queue.cc:455] T 13410a5b9e644e6f86b34bea173a5677 P b93116846b4a43a1a8398438c81d0239 [LEADER]: Updated majority_replicated watermark from 1.2 to 1.2 00:38:52.795 [INFO - kudu-tserver:64036] (MiniKuduCluster.java:429)
I0711 00:38:52.795281 8225 log_cache.cc:391] T 13410a5b9e644e6f86b34bea173a5677 P b93116846b4a43a1a8398438c81d0239: Evicting log cache: after state: Pinned index: 4, LogCacheStats(num_ops=3, bytes=1846) 00:38:52.795 [INFO - kudu-tserver:64036] (MiniKuduCluster.java:429)
I0711 00:38:52.795418 8240 raft_consensus.cc:588] T 13410a5b9e644e6f86b34bea173a5677 P b93116846b4a43a1a8398438c81d0239 [term 1 LEADER]: Marking majority replicated up to term: 1 index: 2 00:38:52.795 [INFO - kudu-tserver:64036] (MiniKuduCluster.java:429)
I0711 00:38:52.795430 8240 raft_consensus_state.cc:559] T 13410a5b9e644e6f86b34bea173a5677 P b93116846b4a43a1a8398438c81d0239 [term 1 LEADER]: Already marked ops through 1.2 as committed. Now trying to mark 1.2 which would be a no-op. 00:38:52.795 [INFO - kudu-tserver:64034] (MiniKuduCluster.java:429)
I0711 00:38:52.795711 7836 raft_consensus.cc:1104] T 13410a5b9e644e6f86b34bea173a5677 P 8f3a2b7e9d2f4dc392f47ead5d0f114f [term 1 FOLLOWER]: Early marking committed up to term: 0 index: 0 00:38:52.795 [INFO - kudu-tserver:64034] (MiniKuduCluster.java:429)
I0711 00:38:52.795748 7836 raft_consensus_state.cc:559] T 13410a5b9e644e6f86b34bea173a5677 P 8f3a2b7e9d2f4dc392f47ead5d0f114f [term 1 FOLLOWER]: Already marked ops through 1.2 as committed. Now trying to mark 0.0 which would be a no-op. 00:38:52.796 [INFO - kudu-tserver:64034] (MiniKuduCluster.java:429)
I0711 00:38:52.795766 7836 raft_consensus.cc:728] T 13410a5b9e644e6f86b34bea173a5677 P 8f3a2b7e9d2f4dc392f47ead5d0f114f [term 1 FOLLOWER]: Starting transaction: term: 1 index: 3 00:38:52.795 [INFO - kudu-tserver:64032] (MiniKuduCluster.java:429)
I0711 00:38:52.795835 7621 raft_consensus.cc:1215] T 13410a5b9e644e6f86b34bea173a5677 P 5d244bfce7964881aa25f36d26bb9cba [term 1 FOLLOWER]: Marking committed up to term: 0 index: 0 00:38:52.796 [INFO - kudu-tserver:64032] (MiniKuduCluster.java:429)
I0711 00:38:52.795877 7621 raft_consensus_state.cc:559] T 13410a5b9e644e6f86b34bea173a5677 P 5d244bfce7964881aa25f36d26bb9cba [term 1 FOLLOWER]: Already marked ops through 0.0 as committed. Now trying to mark 0.0 which would be a no-op. 00:38:52.796 [INFO - kudu-tserver:64032] (MiniKuduCluster.java:429)
I0711 00:38:52.796226 8220 log_cache.cc:214] T 13410a5b9e644e6f86b34bea173a5677 P 5d244bfce7964881aa25f36d26bb9cba: Updating pinned index to 3 00:38:52.796 [INFO - kudu-tserver:64032] (MiniKuduCluster.java:429)
I0711 00:38:52.796373 8220 consensus_queue.cc:455] T 13410a5b9e644e6f86b34bea173a5677 P 5d244bfce7964881aa25f36d26bb9cba [NON_LEADER]: Updated all_replicated watermark from 0.0 to 1.2 00:38:52.796 [INFO - kudu-tserver:64034] (MiniKuduCluster.java:429)
I0711 00:38:52.796007 7836 raft_consensus.cc:1215] T 13410a5b9e644e6f86b34bea173a5677 P 8f3a2b7e9d2f4dc392f47ead5d0f114f [term 1 FOLLOWER]: Marking committed up to term: 1 index: 2 00:38:52.796 [INFO - kudu-tserver:64034] (MiniKuduCluster.java:429)
I0711 00:38:52.796026 7836 raft_consensus_state.cc:559] T 13410a5b9e644e6f86b34bea173a5677 P 8f3a2b7e9d2f4dc392f47ead5d0f114f [term 1 FOLLOWER]: Already marked ops through 1.2 as committed. Now trying to mark 1.2 which would be a no-op. 00:38:52.796 [INFO - kudu-tserver:64032] (MiniKuduCluster.java:429)
I0711 00:38:52.796406 8220 log_cache.cc:391] T 13410a5b9e644e6f86b34bea173a5677 P 5d244bfce7964881aa25f36d26bb9cba: Evicting log cache: after state: Pinned index: 3, LogCacheStats(num_ops=2, bytes=1023) 00:38:52.796 [INFO - kudu-tserver:64036] (MiniKuduCluster.java:429)
I0711 00:38:52.796784 8227 consensus_queue.cc:455] T 13410a5b9e644e6f86b34bea173a5677 P b93116846b4a43a1a8398438c81d0239 [LEADER]: Updated majority_replicated watermark from 1.2 to 1.3 00:38:52.797 [INFO - kudu-tserver:64036] (MiniKuduCluster.java:429)
I0711 00:38:52.796828 8227 log_cache.cc:391] T 13410a5b9e644e6f86b34bea173a5677 P b93116846b4a43a1a8398438c81d0239: Evicting log cache: after state: Pinned index: 4, LogCacheStats(num_ops=3, bytes=1846) 00:38:52.796 [INFO - kudu-tserver:64034] (MiniKuduCluster.java:429)
I0711 00:38:52.796078 8216 log_cache.cc:214] T 13410a5b9e644e6f86b34bea173a5677 P 8f3a2b7e9d2f4dc392f47ead5d0f114f: Updating pinned index to 4 00:38:52.797 [INFO - kudu-tserver:64034] (MiniKuduCluster.java:429)
I0711 00:38:52.796113 8216 consensus_queue.cc:455] T 13410a5b9e644e6f86b34bea173a5677 P 8f3a2b7e9d2f4dc392f47ead5d0f114f [NON_LEADER]: Updated all_replicated watermark from 1.2 to 1.3 00:38:52.797 [INFO - kudu-tserver:64036] (MiniKuduCluster.java:429)
I0711 00:38:52.796905 8236 consensus_queue.cc:455] T 13410a5b9e644e6f86b34bea173a5677 P b93116846b4a43a1a8398438c81d0239 [LEADER]: Updated majority_replicated watermark from 1.3 to 1.3 00:38:52.797 [INFO - kudu-tserver:64036] (MiniKuduCluster.java:429)
I0711 00:38:52.796923 8236 consensus_queue.cc:455] T 13410a5b9e644e6f86b34bea173a5677 P b93116846b4a43a1a8398438c81d0239 [LEADER]: Updated all_replicated watermark from 0.0 to 1.2 00:38:52.797 [INFO - kudu-tserver:64036] (MiniKuduCluster.java:429)
I0711 00:38:52.796937 8236 log_cache.cc:391] T 13410a5b9e644e6f86b34bea173a5677 P b93116846b4a43a1a8398438c81d0239: Evicting log cache: after state: Pinned index: 4, LogCacheStats(num_ops=3, bytes=1846) 00:38:52.797 [INFO - kudu-tserver:64036] (MiniKuduCluster.java:429)
I0711 00:38:52.796967 8240 raft_consensus.cc:588] T 13410a5b9e644e6f86b34bea173a5677 P b93116846b4a43a1a8398438c81d0239 [term 1 LEADER]: Marking majority replicated up to term: 1 index: 3 00:38:52.798 [INFO - kudu-tserver:64036] (MiniKuduCluster.java:429)
I0711 00:38:52.796983 8240 raft_consensus_state.cc:578] T 13410a5b9e644e6f86b34bea173a5677 P b93116846b4a43a1a8398438c81d0239 [term 1 LEADER]: Last triggered apply was: term: 1 index: 2 Starting to apply from log index: 3 00:38:52.798 [INFO - kudu-tserver:64036] (MiniKuduCluster.java:429)
I0711 00:38:52.797222 8240 raft_consensus.cc:588] T 13410a5b9e644e6f86b34bea173a5677 P b93116846b4a43a1a8398438c81d0239 [term 1 LEADER]: Marking majority replicated up to term: 1 index: 3 00:38:52.798 [INFO - kudu-tserver:64036] (MiniKuduCluster.java:429)
I0711 00:38:52.797233 8240 raft_consensus_state.cc:559] T 13410a5b9e644e6f86b34bea173a5677 P b93116846b4a43a1a8398438c81d0239 [term 1 LEADER]: Already marked ops through 1.3 as committed. Now trying to mark 1.3 which would be a no-op. 00:38:52.796 [INFO - kudu-tserver:64032] (MiniKuduCluster.java:429)
I0711 00:38:52.796582 7621 raft_consensus.cc:700] T 13410a5b9e644e6f86b34bea173a5677 P 5d244bfce7964881aa25f36d26bb9cba [term 1 FOLLOWER]: Replica replied to status only request. Replica: Replica: 5d244bfce7964881aa25f36d26bb9cba, State: 1, Role: FOLLOWER 00:38:52.798 [INFO - kudu-tserver:64032] (MiniKuduCluster.java:429) Watermarks: {Received: term: 1 index: 2 Committed: term: 0 index: 0} 00:38:52.798 [INFO - kudu-tserver:64032] (MiniKuduCluster.java:429) . Response: responder_uuid: "5d244bfce7964881aa25f36d26bb9cba" responder_term: 1 status { last_received { term: 1 index: 2 } last_committed_idx: 0 last_received_current_leader { term: 1 index: 2 } } 00:38:52.798 [INFO - kudu-tserver:64036] (MiniKuduCluster.java:429)
I0711 00:38:52.797349 8296 rpcz_store.cc:152] Sampled call Call kudu.tserver.TabletServerService.Write from 127.0.0.1:48701 (request call id 2) 00:38:52.798 [INFO - kudu-tserver:64036] (MiniKuduCluster.java:429)
I0711 00:38:52.798086 8236 consensus_queue.cc:455] T 13410a5b9e644e6f86b34bea173a5677 P b93116846b4a43a1a8398438c81d0239 [LEADER]: Updated majority_replicated watermark from 1.3 to 1.3 00:38:52.799 [INFO - kudu-tserver:64036] (MiniKuduCluster.java:429)
I0711 00:38:52.798102 8236 consensus_queue.cc:455] T 13410a5b9e644e6f86b34bea173a5677 P b93116846b4a43a1a8398438c81d0239 [LEADER]: Updated all_replicated watermark from 1.2 to 1.2 00:38:52.799 [INFO - kudu-tserver:64036] (MiniKuduCluster.java:429)
I0711 00:38:52.798156 8236 log_cache.cc:391] T 13410a5b9e644e6f86b34bea173a5677 P b93116846b4a43a1a8398438c81d0239: Evicting log cache: after state: Pinned index: 4, LogCacheStats(num_ops=1, bytes=847) 00:38:52.799 [INFO - kudu-tserver:64036] (MiniKuduCluster.java:429)
I0711 00:38:52.798259 8240 raft_consensus.cc:588] T 13410a5b9e644e6f86b34bea173a5677 P b93116846b4a43a1a8398438c81d0239 [term 1 LEADER]: Marking majority replicated up to term: 1 index: 3 00:38:52.799 [INFO - kudu-tserver:64036] (MiniKuduCluster.java:429)
I0711 00:38:52.798270 8240 raft_consensus_state.cc:559] T 13410a5b9e644e6f86b34bea173a5677 P b93116846b4a43a1a8398438c81d0239 [term 1 LEADER]: Already marked ops through 1.3 as committed. Now trying to mark 1.3 which would be a no-op. 00:38:52.799 [INFO - kudu-tserver:64036] (MiniKuduCluster.java:429)
I0711 00:38:52.798800 8227 consensus_queue.cc:455] T 13410a5b9e644e6f86b34bea173a5677 P b93116846b4a43a1a8398438c81d0239 [LEADER]: Updated majority_replicated watermark from 1.3 to 1.3 00:38:52.799 [INFO - kudu-tserver:64036] (MiniKuduCluster.java:429)
I0711 00:38:52.798815 8227 consensus_queue.cc:455] T 13410a5b9e644e6f86b34bea173a5677 P b93116846b4a43a1a8398438c81d0239 [LEADER]: Updated all_replicated watermark from 1.2 to 1.3 00:38:52.797 [INFO - kudu-tserver:64034] (MiniKuduCluster.java:429)
I0711 00:38:52.796193 8216 log_cache.cc:391] T 13410a5b9e644e6f86b34bea173a5677 P 8f3a2b7e9d2f4dc392f47ead5d0f114f: Evicting log cache: after state: Pinned index: 4, LogCacheStats(num_ops=1, bytes=871) 00:38:52.799 [INFO - kudu-tserver:64034] (MiniKuduCluster.java:429)
I0711 00:38:52.796283 7836 raft_consensus.cc:700] T 13410a5b9e644e6f86b34bea173a5677 P 8f3a2b7e9d2f4dc392f47ead5d0f114f [term 1 FOLLOWER]: Replica replied to status only request. Replica: Replica: 8f3a2b7e9d2f4dc392f47ead5d0f114f, State: 1, Role: FOLLOWER 00:38:52.800 [INFO - kudu-tserver:64034] (MiniKuduCluster.java:429) Watermarks: {Received: term: 1 index: 3 Committed: term: 1 index: 2} 00:38:52.800 [INFO - kudu-tserver:64034] (MiniKuduCluster.java:429) . Response: responder_uuid: "8f3a2b7e9d2f4dc392f47ead5d0f114f" responder_term: 1 status { last_received { term: 1 index: 3 } last_committed_idx: 2 last_received_current_leader { term: 1 index: 3 } } 00:38:52.797 [DEBUG - New I/O worker #134] (TabletClient.java:636) [Peer b93116846b4a43a1a8398438c81d0239] [id: 0xe79a4fff, /127.0.0.1:48701 => /127.29.29.1:64036] RECEIVED: BigEndianHeapChannelBuffer(ridx=0, widx=19, cap=19) 00:38:52.800 [DEBUG - New I/O worker #134] (TabletClient.java:359) ------------------>> ENTERING DECODE >>------------------ 00:38:52.797 [INFO - kudu-master:64030] (MiniKuduCluster.java:429)
I0711 00:38:52.797457 7540 log_cache.cc:214] T 00000000000000000000000000000000 P f0fab086acb348bdb1edd8a1a3922525: Updating pinned index to 12 00:38:52.800 [DEBUG - New I/O worker #134] (TabletClient.java:426) [Peer b93116846b4a43a1a8398438c81d0239] rpcid=2, response size=19 bytes, 0 readable bytes left, rpc=KuduRpc(method=Write, tablet=13410a5b9e644e6f86b34bea173a5677, attempt=1, DeadlineTracker(timeout=30000, elapsed=7), Deferred@912692696(state=PENDING, result=null, callback=wakeup thread Thread-7, errback=wakeup thread Thread-7)) row_key=(int32 key=1) 00:38:52.800 [INFO - kudu-tserver:64034] (MiniKuduCluster.java:429)
I0711 00:38:52.797616 7836 raft_consensus.cc:1104] T 13410a5b9e644e6f86b34bea173a5677 P 8f3a2b7e9d2f4dc392f47ead5d0f114f [term 1 FOLLOWER]: Early marking committed up to term: 1 index: 3 00:38:52.801 [INFO - kudu-tserver:64034] (MiniKuduCluster.java:429)
I0711 00:38:52.797633 7836 raft_consensus_state.cc:578] T 13410a5b9e644e6f86b34bea173a5677 P 8f3a2b7e9d2f4dc392f47ead5d0f114f [term 1 FOLLOWER]: Last triggered apply was: term: 1 index: 2 Starting to apply from log index: 3 00:38:52.801 [INFO - kudu-tserver:64034] (MiniKuduCluster.java:429)
I0711 00:38:52.797730 7836 raft_consensus.cc:1215] T 13410a5b9e644e6f86b34bea173a5677 P 8f3a2b7e9d2f4dc392f47ead5d0f114f [term 1 FOLLOWER]: Marking committed up to term: 1 index: 3 00:38:52.799 [INFO - kudu-tserver:64036] (MiniKuduCluster.java:429)
I0711 00:38:52.798825 8227 log_cache.cc:391] T 13410a5b9e644e6f86b34bea173a5677 P b93116846b4a43a1a8398438c81d0239: Evicting log cache: after state: Pinned index: 4, LogCacheStats(num_ops=1, bytes=847) 00:38:52.798 [INFO - kudu-tserver:64032] (MiniKuduCluster.java:429)
I0711 00:38:52.796654 7621 rpcz_store.cc:152] Sampled call Call kudu.consensus.ConsensusService.UpdateConsensus from 127.29.29.1:34570 (request call id 3) 00:38:52.801 [INFO - kudu-tserver:64036] (MiniKuduCluster.java:429)
I0711 00:38:52.798929 8240 raft_consensus.cc:588] T 13410a5b9e644e6f86b34bea173a5677 P b93116846b4a43a1a8398438c81d0239 [term 1 LEADER]: Marking majority replicated up to term: 1 index: 3 00:38:52.802 [INFO - kudu-tserver:64036] (MiniKuduCluster.java:429)
I0711 00:38:52.798943 8240 raft_consensus_state.cc:559] T 13410a5b9e644e6f86b34bea173a5677 P b93116846b4a43a1a8398438c81d0239 [term 1 LEADER]: Already marked ops through 1.3 as committed. Now trying to mark 1.3 which would be a no-op. 00:38:52.801 [DEBUG - Thread-7] (TabletClient.java:261) [Peer b93116846b4a43a1a8398438c81d0239] [id: 0xe79a4fff, /127.0.0.1:48701 => /127.29.29.1:64036] Sending RPC #3, payload=BigEndianHeapChannelBuffer(ridx=0, widx=258, cap=258) "\x00\x00\x00\xFE0\x18\x032)\n kudu.tserver.TabletServerService\x12\x05WriteP\xF4\x03\xCB\x01\n 13410a5b9e644e6f86b34bea173a5677\x12w\n\x11\x12\x03key\x18\x05 \x01(\x00@\x00H\x00P\x00\n\x17\x12\tcolumn1_i\x18\x05 \x00(\x00@\x00H\x00P\x00\n\x17\x12\tcolumn2_i\x18\x05 \x00(\x00@\x00H\x00P\x00\n\x17\x12\tcolumn3_s\x18\x08 \x00(\x01@\x05H\x03P\x00\n\x17\x12\tcolumn4_b\x18\t \x00(\x00@\x00H\x00P\x00\x1A,\x12 \x01\x1F\x00\x02\x00\x00\x00\x02\x00\x00\x00\x03\x00\x00\x00\x00\x00\x00\x00\x00\x00\x00\x00\x08\x00\x00\x00\x00\x00\x00\x00\x01\x1A\x08a string \x01" 00:38:52.801 [INFO - kudu-tserver:64034] (MiniKuduCluster.java:429)
I0711 00:38:52.797744 7836 raft_consensus_state.cc:559] T 13410a5b9e644e6f86b34bea173a5677 P 8f3a2b7e9d2f4dc392f47ead5d0f114f [term 1 FOLLOWER]: Already marked ops through 1.3 as committed. Now trying to mark 1.3 which would be a no-op. 00:38:52.802 [INFO - kudu-tserver:64034] (MiniKuduCluster.java:429)
I0711 00:38:52.797777 7836 raft_consensus.cc:700] T 13410a5b9e644e6f86b34bea173a5677 P 8f3a2b7e9d2f4dc392f47ead5d0f114f [term 1 FOLLOWER]: Replica replied to status only request. Replica: Replica: 8f3a2b7e9d2f4dc392f47ead5d0f114f, State: 1, Role: FOLLOWER 00:38:52.802 [INFO - kudu-tserver:64034] (MiniKuduCluster.java:429) Watermarks: {Received: term: 1 index: 3 Committed: term: 1 index: 3} 00:38:52.802 [INFO - kudu-tserver:64034] (MiniKuduCluster.java:429) . Response: responder_uuid: "8f3a2b7e9d2f4dc392f47ead5d0f114f" responder_term: 1 status { last_received { term: 1 index: 3 } last_committed_idx: 3 last_received_current_leader { term: 1 index: 3 } } 00:38:52.801 [DEBUG - New I/O worker #134] (TabletClient.java:491) ------------------<< LEAVING DECODE <<------------------ time elapsed: 506us 00:38:52.800 [INFO - kudu-master:64030] (MiniKuduCluster.java:429)
I0711 00:38:52.797502 7540 consensus_queue.cc:455] T 00000000000000000000000000000000 P f0fab086acb348bdb1edd8a1a3922525 [LEADER]: Updated majority_replicated watermark from 1.10 to 1.11 00:38:52.803 [INFO - kudu-master:64030] (MiniKuduCluster.java:429)
I0711 00:38:52.797513 7540 consensus_queue.cc:455] T 00000000000000000000000000000000 P f0fab086acb348bdb1edd8a1a3922525 [LEADER]: Updated all_replicated watermark from 1.10 to 1.11 00:38:52.803 [INFO - kudu-master:64030] (MiniKuduCluster.java:429)
I0711 00:38:52.797556 7540 log_cache.cc:391] T 00000000000000000000000000000000 P f0fab086acb348bdb1edd8a1a3922525: Evicting log cache: after state: Pinned index: 12, LogCacheStats(num_ops=1, bytes=998) 00:38:52.803 [INFO - kudu-master:64030] (MiniKuduCluster.java:429)
I0711 00:38:52.797700 8206 raft_consensus.cc:588] T 00000000000000000000000000000000 P f0fab086acb348bdb1edd8a1a3922525 [term 1 LEADER]: Marking majority replicated up to term: 1 index: 11 00:38:52.803 [INFO - kudu-master:64030] (MiniKuduCluster.java:429)
I0711 00:38:52.797719 8206 raft_consensus_state.cc:578] T 00000000000000000000000000000000 P f0fab086acb348bdb1edd8a1a3922525 [term 1 LEADER]: Last triggered apply was: term: 1 index: 10 Starting to apply from log index: 11 00:38:52.803 [INFO - kudu-master:64030] (MiniKuduCluster.java:429)
I0711 00:38:52.800001 7540 log_cache.cc:214] T 00000000000000000000000000000000 P f0fab086acb348bdb1edd8a1a3922525: Updating pinned index to 13 00:38:52.803 [INFO - kudu-master:64030] (MiniKuduCluster.java:429)
I0711 00:38:52.800032 7540 consensus_queue.cc:455] T 00000000000000000000000000000000 P f0fab086acb348bdb1edd8a1a3922525 [LEADER]: Updated majority_replicated watermark from 1.11 to 1.12 00:38:52.803 [INFO - kudu-master:64030] (MiniKuduCluster.java:429)
I0711 00:38:52.800041 7540 consensus_queue.cc:455] T 00000000000000000000000000000000 P f0fab086acb348bdb1edd8a1a3922525 [LEADER]: Updated all_replicated watermark from 1.11 to 1.12 00:38:52.802 [INFO - kudu-tserver:64036] (MiniKuduCluster.java:429)
I0711 00:38:52.799741 8236 consensus_queue.cc:455] T 13410a5b9e644e6f86b34bea173a5677 P b93116846b4a43a1a8398438c81d0239 [LEADER]: Updated majority_replicated watermark from 1.3 to 1.3 00:38:52.804 [INFO - kudu-tserver:64036] (MiniKuduCluster.java:429)
I0711 00:38:52.799765 8236 consensus_queue.cc:455] T 13410a5b9e644e6f86b34bea173a5677 P b93116846b4a43a1a8398438c81d0239 [LEADER]: Updated all_replicated watermark from 1.3 to 1.3 00:38:52.804 [INFO - kudu-tserver:64036] (MiniKuduCluster.java:429)
I0711 00:38:52.799800 8236 log_cache.cc:391] T 13410a5b9e644e6f86b34bea173a5677 P b93116846b4a43a1a8398438c81d0239: Evicting log cache: after state: Pinned index: 4, LogCacheStats(num_ops=0, bytes=0) 00:38:52.804 [INFO - kudu-tserver:64036] (MiniKuduCluster.java:429)
I0711 00:38:52.799892 8240 raft_consensus.cc:588] T 13410a5b9e644e6f86b34bea173a5677 P b93116846b4a43a1a8398438c81d0239 [term 1 LEADER]: Marking majority replicated up to term: 1 index: 3 00:38:52.804 [INFO - kudu-tserver:64036] (MiniKuduCluster.java:429)
I0711 00:38:52.799904 8240 raft_consensus_state.cc:559] T 13410a5b9e644e6f86b34bea173a5677 P b93116846b4a43a1a8398438c81d0239 [term 1 LEADER]: Already marked ops through 1.3 as committed. Now trying to mark 1.3 which would be a no-op. 00:38:52.804 [INFO - kudu-tserver:64036] (MiniKuduCluster.java:429)
I0711 00:38:52.804198 8225 log_cache.cc:214] T 13410a5b9e644e6f86b34bea173a5677 P b93116846b4a43a1a8398438c81d0239: Updating pinned index to 5 00:38:52.804 [INFO - kudu-tserver:64036] (MiniKuduCluster.java:429)
I0711 00:38:52.804229 8225 consensus_queue.cc:455] T 13410a5b9e644e6f86b34bea173a5677 P b93116846b4a43a1a8398438c81d0239 [LEADER]: Updated majority_replicated watermark from 1.3 to 1.3 00:38:52.804 [INFO - kudu-tserver:64036] (MiniKuduCluster.java:429)
I0711 00:38:52.804240 8225 consensus_queue.cc:455] T 13410a5b9e644e6f86b34bea173a5677 P b93116846b4a43a1a8398438c81d0239 [LEADER]: Updated all_replicated watermark from 1.3 to 1.3 00:38:52.804 [INFO - kudu-tserver:64036] (MiniKuduCluster.java:429)
I0711 00:38:52.804250 8225 log_cache.cc:391] T 13410a5b9e644e6f86b34bea173a5677 P b93116846b4a43a1a8398438c81d0239: Evicting log cache: after state: Pinned index: 5, LogCacheStats(num_ops=1, bytes=847) 00:38:52.804 [INFO - kudu-tserver:64036] (MiniKuduCluster.java:429)
I0711 00:38:52.804354 8240 raft_consensus.cc:588] T 13410a5b9e644e6f86b34bea173a5677 P b93116846b4a43a1a8398438c81d0239 [term 1 LEADER]: Marking majority replicated up to term: 1 index: 3 00:38:52.804 [INFO - kudu-tserver:64036] (MiniKuduCluster.java:429)
I0711 00:38:52.804373 8240 raft_consensus_state.cc:559] T 13410a5b9e644e6f86b34bea173a5677 P b93116846b4a43a1a8398438c81d0239 [term 1 LEADER]: Already marked ops through 1.3 as committed. Now trying to mark 1.3 which would be a no-op. 00:38:52.805 [INFO - kudu-tserver:64034] (MiniKuduCluster.java:429)
I0711 00:38:52.804999 7836 raft_consensus.cc:1104] T 13410a5b9e644e6f86b34bea173a5677 P 8f3a2b7e9d2f4dc392f47ead5d0f114f [term 1 FOLLOWER]: Early marking committed up to term: 0 index: 0 00:38:52.805 [INFO - kudu-tserver:64034] (MiniKuduCluster.java:429)
I0711 00:38:52.805027 7836 raft_consensus_state.cc:559] T 13410a5b9e644e6f86b34bea173a5677 P 8f3a2b7e9d2f4dc392f47ead5d0f114f [term 1 FOLLOWER]: Already marked ops through 1.3 as committed. Now trying to mark 0.0 which would be a no-op. 00:38:52.805 [INFO - kudu-tserver:64034] (MiniKuduCluster.java:429)
I0711 00:38:52.805043 7836 raft_consensus.cc:728] T 13410a5b9e644e6f86b34bea173a5677 P 8f3a2b7e9d2f4dc392f47ead5d0f114f [term 1 FOLLOWER]: Starting transaction: term: 1 index: 4 00:38:52.805 [INFO - kudu-tserver:64034] (MiniKuduCluster.java:429)
I0711 00:38:52.805285 7836 raft_consensus.cc:1215] T 13410a5b9e644e6f86b34bea173a5677 P 8f3a2b7e9d2f4dc392f47ead5d0f114f [term 1 FOLLOWER]: Marking committed up to term: 1 index: 3 00:38:52.805 [INFO - kudu-tserver:64034] (MiniKuduCluster.java:429)
I0711 00:38:52.805300 7836 raft_consensus_state.cc:559] T 13410a5b9e644e6f86b34bea173a5677 P 8f3a2b7e9d2f4dc392f47ead5d0f114f [term 1 FOLLOWER]: Already marked ops through 1.3 as committed. Now trying to mark 1.3 which would be a no-op. 00:38:52.805 [INFO - kudu-tserver:64034] (MiniKuduCluster.java:429)
I0711 00:38:52.805395 8216 log_cache.cc:214] T 13410a5b9e644e6f86b34bea173a5677 P 8f3a2b7e9d2f4dc392f47ead5d0f114f: Updating pinned index to 5 00:38:52.805 [INFO - kudu-tserver:64034] (MiniKuduCluster.java:429)
I0711 00:38:52.805428 8216 consensus_queue.cc:455] T 13410a5b9e644e6f86b34bea173a5677 P 8f3a2b7e9d2f4dc392f47ead5d0f114f [NON_LEADER]: Updated all_replicated watermark from 1.3 to 1.4 00:38:52.805 [INFO - kudu-tserver:64034] (MiniKuduCluster.java:429)
I0711 00:38:52.805460 8216 log_cache.cc:391] T 13410a5b9e644e6f86b34bea173a5677 P 8f3a2b7e9d2f4dc392f47ead5d0f114f: Evicting log cache: after state: Pinned index: 5, LogCacheStats(num_ops=1, bytes=871) 00:38:52.801 [INFO - kudu-tserver:64032] (MiniKuduCluster.java:429)
I0711 00:38:52.797516 7621 raft_consensus.cc:1104] T 13410a5b9e644e6f86b34bea173a5677 P 5d244bfce7964881aa25f36d26bb9cba [term 1 FOLLOWER]: Early marking committed up to term: 1 index: 2 00:38:52.805 [INFO - kudu-tserver:64032] (MiniKuduCluster.java:429)
I0711 00:38:52.797540 7621 raft_consensus_state.cc:578] T 13410a5b9e644e6f86b34bea173a5677 P 5d244bfce7964881aa25f36d26bb9cba [term 1 FOLLOWER]: Last triggered apply was: term: 0 index: 0 Starting to apply from log index: 1 00:38:52.806 [INFO - kudu-tserver:64032] (MiniKuduCluster.java:429)
I0711 00:38:52.797571 7621 raft_consensus.cc:1911] T 13410a5b9e644e6f86b34bea173a5677 P 5d244bfce7964881aa25f36d26bb9cba: Committing NO_OP with op id 1.1 00:38:52.806 [INFO - kudu-tserver:64032] (MiniKuduCluster.java:429)
I0711 00:38:52.798002 7621 raft_consensus.cc:728] T 13410a5b9e644e6f86b34bea173a5677 P 5d244bfce7964881aa25f36d26bb9cba [term 1 FOLLOWER]: Starting transaction: term: 1 index: 3 00:38:52.806 [INFO - kudu-tserver:64032] (MiniKuduCluster.java:429)
I0711 00:38:52.798243 7621 raft_consensus.cc:1215] T 13410a5b9e644e6f86b34bea173a5677 P 5d244bfce7964881aa25f36d26bb9cba [term 1 FOLLOWER]: Marking committed up to term: 1 index: 2 00:38:52.805 [INFO - kudu-tserver:64036] (MiniKuduCluster.java:429)
I0711 00:38:52.805760 8236 consensus_queue.cc:455] T 13410a5b9e644e6f86b34bea173a5677 P b93116846b4a43a1a8398438c81d0239 [LEADER]: Updated majority_replicated watermark from 1.3 to 1.4 00:38:52.806 [INFO - kudu-tserver:64036] (MiniKuduCluster.java:429)
I0711 00:38:52.805797 8236 consensus_queue.cc:455] T 13410a5b9e644e6f86b34bea173a5677 P b93116846b4a43a1a8398438c81d0239 [LEADER]: Updated all_replicated watermark from 1.3 to 1.3 00:38:52.806 [INFO - kudu-tserver:64036] (MiniKuduCluster.java:429)
I0711 00:38:52.805816 8236 log_cache.cc:391] T 13410a5b9e644e6f86b34bea173a5677 P b93116846b4a43a1a8398438c81d0239: Evicting log cache: after state: Pinned index: 5, LogCacheStats(num_ops=1, bytes=847) 00:38:52.805 [INFO - kudu-tserver:64034] (MiniKuduCluster.java:429)
I0711 00:38:52.805549 7836 raft_consensus.cc:700] T 13410a5b9e644e6f86b34bea173a5677 P 8f3a2b7e9d2f4dc392f47ead5d0f114f [term 1 FOLLOWER]: Replica replied to status only request. Replica: Replica: 8f3a2b7e9d2f4dc392f47ead5d0f114f, State: 1, Role: FOLLOWER 00:38:52.806 [INFO - kudu-tserver:64034] (MiniKuduCluster.java:429) Watermarks: {Received: term: 1 index: 4 Committed: term: 1 index: 3} 00:38:52.803 [INFO - kudu-master:64030] (MiniKuduCluster.java:429)
I0711 00:38:52.800070 7540 log_cache.cc:391] T 00000000000000000000000000000000 P f0fab086acb348bdb1edd8a1a3922525: Evicting log cache: after state: Pinned index: 13, LogCacheStats(num_ops=1, bytes=998) 00:38:52.807 [INFO - kudu-master:64030] (MiniKuduCluster.java:429)
I0711 00:38:52.800228 8206 raft_consensus.cc:588] T 00000000000000000000000000000000 P f0fab086acb348bdb1edd8a1a3922525 [term 1 LEADER]: Marking majority replicated up to term: 1 index: 12 00:38:52.807 [INFO - kudu-master:64030] (MiniKuduCluster.java:429)
I0711 00:38:52.800246 8206 raft_consensus_state.cc:578] T 00000000000000000000000000000000 P f0fab086acb348bdb1edd8a1a3922525 [term 1 LEADER]: Last triggered apply was: term: 1 index: 11 Starting to apply from log index: 12 00:38:52.803 [DEBUG - New I/O worker #134] (TabletClient.java:636) [Peer b93116846b4a43a1a8398438c81d0239] [id: 0xe79a4fff, /127.0.0.1:48701 => /127.29.29.1:64036] WRITTEN_AMOUNT: 258 00:38:52.807 [INFO - kudu-tserver:64034] (MiniKuduCluster.java:429) . Response: responder_uuid: "8f3a2b7e9d2f4dc392f47ead5d0f114f" responder_term: 1 status { last_received { term: 1 index: 4 } last_committed_idx: 3 last_received_current_leader { term: 1 index: 4 } } 00:38:52.807 [INFO - kudu-tserver:64034] (MiniKuduCluster.java:429)
I0711 00:38:52.806692 7836 raft_consensus.cc:1104] T 13410a5b9e644e6f86b34bea173a5677 P 8f3a2b7e9d2f4dc392f47ead5d0f114f [term 1 FOLLOWER]: Early marking committed up to term: 1 index: 4 00:38:52.807 [INFO - kudu-tserver:64034] (MiniKuduCluster.java:429)
I0711 00:38:52.806710 7836 raft_consensus_state.cc:578] T 13410a5b9e644e6f86b34bea173a5677 P 8f3a2b7e9d2f4dc392f47ead5d0f114f [term 1 FOLLOWER]: Last triggered apply was: term: 1 index: 3 Starting to apply from log index: 4 00:38:52.807 [INFO - kudu-tserver:64034] (MiniKuduCluster.java:429)
I0711 00:38:52.806783 7836 raft_consensus.cc:1215] T 13410a5b9e644e6f86b34bea173a5677 P 8f3a2b7e9d2f4dc392f47ead5d0f114f [term 1 FOLLOWER]: Marking committed up to term: 1 index: 4 00:38:52.807 [INFO - kudu-tserver:64034] (MiniKuduCluster.java:429)
I0711 00:38:52.806797 7836 raft_consensus_state.cc:559] T 13410a5b9e644e6f86b34bea173a5677 P 8f3a2b7e9d2f4dc392f47ead5d0f114f [term 1 FOLLOWER]: Already marked ops through 1.4 as committed. Now trying to mark 1.4 which would be a no-op. 00:38:52.808 [INFO - kudu-tserver:64034] (MiniKuduCluster.java:429)
