I0711 00:38:53.042315 8240 raft_consensus_state.cc:559] T 13410a5b9e644e6f86b34bea173a5677 P b93116846b4a43a1a8398438c81d0239 [term 1 LEADER]: Already marked ops through 1.30 as committed. Now trying to mark 1.30 which would be a no-op. 00:38:53.042 [INFO - kudu-tserver:64032] (MiniKuduCluster.java:429)
I0711 00:38:53.042721 7621 raft_consensus_state.cc:578] T 13410a5b9e644e6f86b34bea173a5677 P 5d244bfce7964881aa25f36d26bb9cba [term 1 FOLLOWER]: Last triggered apply was: term: 1 index: 29 Starting to apply from log index: 30 00:38:53.043 [INFO - kudu-tserver:64032] (MiniKuduCluster.java:429)
I0711 00:38:53.042831 7621 raft_consensus.cc:728] T 13410a5b9e644e6f86b34bea173a5677 P 5d244bfce7964881aa25f36d26bb9cba [term 1 FOLLOWER]: Starting transaction: term: 1 index: 31 00:38:53.042 [INFO - Thread-8] (ITClient.java:374) New row count 47 00:38:53.042 [DEBUG - New I/O worker #134] (TabletClient.java:491) ------------------<< LEAVING DECODE <<------------------ time elapsed: 805us 00:38:53.042 [INFO - kudu-tserver:64034] (MiniKuduCluster.java:429)
I0711 00:38:53.042726 7836 raft_consensus.cc:1104] T 13410a5b9e644e6f86b34bea173a5677 P 8f3a2b7e9d2f4dc392f47ead5d0f114f [term 1 FOLLOWER]: Early marking committed up to term: 0 index: 0 00:38:53.044 [INFO - kudu-tserver:64034] (MiniKuduCluster.java:429)
I0711 00:38:53.042762 7836 raft_consensus_state.cc:559] T 13410a5b9e644e6f86b34bea173a5677 P 8f3a2b7e9d2f4dc392f47ead5d0f114f [term 1 FOLLOWER]: Already marked ops through 1.30 as committed. Now trying to mark 0.0 which would be a no-op. 00:38:53.044 [INFO - kudu-tserver:64034] (MiniKuduCluster.java:429)
I0711 00:38:53.042783 7836 raft_consensus.cc:728] T 13410a5b9e644e6f86b34bea173a5677 P 8f3a2b7e9d2f4dc392f47ead5d0f114f [term 1 FOLLOWER]: Starting transaction: term: 1 index: 31 00:38:53.043 [INFO - kudu-tserver:64036] (MiniKuduCluster.java:429)
I0711 00:38:53.043804 8236 consensus_queue.cc:455] T 13410a5b9e644e6f86b34bea173a5677 P b93116846b4a43a1a8398438c81d0239 [LEADER]: Updated majority_replicated watermark from 1.30 to 1.31 00:38:53.044 [INFO - kudu-tserver:64036] (MiniKuduCluster.java:429)
I0711 00:38:53.043829 8236 consensus_queue.cc:455] T 13410a5b9e644e6f86b34bea173a5677 P b93116846b4a43a1a8398438c81d0239 [LEADER]: Updated all_replicated watermark from 1.30 to 1.30 00:38:53.044 [INFO - kudu-tserver:64036] (MiniKuduCluster.java:429)
I0711 00:38:53.043841 8236 log_cache.cc:391] T 13410a5b9e644e6f86b34bea173a5677 P b93116846b4a43a1a8398438c81d0239: Evicting log cache: after state: Pinned index: 32, LogCacheStats(num_ops=1, bytes=847) 00:38:53.043 [INFO - kudu-tserver:64032] (MiniKuduCluster.java:429)
I0711 00:38:53.043074 7621 raft_consensus.cc:1215] T 13410a5b9e644e6f86b34bea173a5677 P 5d244bfce7964881aa25f36d26bb9cba [term 1 FOLLOWER]: Marking committed up to term: 1 index: 30 00:38:53.044 [DEBUG - New I/O worker #134] (TabletClient.java:636) [Peer b93116846b4a43a1a8398438c81d0239] [id: 0xe79a4fff, /127.0.0.1:48701 => /127.29.29.1:64036] RECEIVED: BigEndianHeapChannelBuffer(ridx=0, widx=19, cap=19) 00:38:53.044 [DEBUG - New I/O worker #134] (TabletClient.java:359) ------------------>> ENTERING DECODE >>------------------ 00:38:53.044 [INFO - kudu-tserver:64036] (MiniKuduCluster.java:429)
I0711 00:38:53.043895 8227 consensus_queue.cc:455] T 13410a5b9e644e6f86b34bea173a5677 P b93116846b4a43a1a8398438c81d0239 [LEADER]: Updated majority_replicated watermark from 1.31 to 1.31 00:38:53.045 [INFO - kudu-tserver:64036] (MiniKuduCluster.java:429)
I0711 00:38:53.043911 8227 consensus_queue.cc:455] T 13410a5b9e644e6f86b34bea173a5677 P b93116846b4a43a1a8398438c81d0239 [LEADER]: Updated all_replicated watermark from 1.30 to 1.31 00:38:53.045 [INFO - kudu-tserver:64036] (MiniKuduCluster.java:429)
I0711 00:38:53.043926 8227 log_cache.cc:391] T 13410a5b9e644e6f86b34bea173a5677 P b93116846b4a43a1a8398438c81d0239: Evicting log cache: after state: Pinned index: 32, LogCacheStats(num_ops=1, bytes=847) 00:38:53.045 [INFO - kudu-tserver:64036] (MiniKuduCluster.java:429)
I0711 00:38:53.043979 8240 raft_consensus.cc:588] T 13410a5b9e644e6f86b34bea173a5677 P b93116846b4a43a1a8398438c81d0239 [term 1 LEADER]: Marking majority replicated up to term: 1 index: 31 00:38:53.045 [INFO - kudu-tserver:64036] (MiniKuduCluster.java:429)
I0711 00:38:53.044004 8240 raft_consensus_state.cc:578] T 13410a5b9e644e6f86b34bea173a5677 P b93116846b4a43a1a8398438c81d0239 [term 1 LEADER]: Last triggered apply was: term: 1 index: 30 Starting to apply from log index: 31 00:38:53.045 [INFO - kudu-tserver:64036] (MiniKuduCluster.java:429)
I0711 00:38:53.044265 8240 raft_consensus.cc:588] T 13410a5b9e644e6f86b34bea173a5677 P b93116846b4a43a1a8398438c81d0239 [term 1 LEADER]: Marking majority replicated up to term: 1 index: 31 00:38:53.045 [INFO - kudu-tserver:64036] (MiniKuduCluster.java:429)
I0711 00:38:53.044280 8240 raft_consensus_state.cc:559] T 13410a5b9e644e6f86b34bea173a5677 P b93116846b4a43a1a8398438c81d0239 [term 1 LEADER]: Already marked ops through 1.31 as committed. Now trying to mark 1.31 which would be a no-op. 00:38:53.045 [INFO - kudu-tserver:64036] (MiniKuduCluster.java:429)
I0711 00:38:53.045114 8236 consensus_queue.cc:455] T 13410a5b9e644e6f86b34bea173a5677 P b93116846b4a43a1a8398438c81d0239 [LEADER]: Updated majority_replicated watermark from 1.31 to 1.31 00:38:53.045 [INFO - kudu-tserver:64036] (MiniKuduCluster.java:429)
I0711 00:38:53.045131 8236 consensus_queue.cc:455] T 13410a5b9e644e6f86b34bea173a5677 P b93116846b4a43a1a8398438c81d0239 [LEADER]: Updated all_replicated watermark from 1.31 to 1.31 00:38:53.045 [INFO - kudu-tserver:64036] (MiniKuduCluster.java:429)
I0711 00:38:53.045164 8236 log_cache.cc:391] T 13410a5b9e644e6f86b34bea173a5677 P b93116846b4a43a1a8398438c81d0239: Evicting log cache: after state: Pinned index: 32, LogCacheStats(num_ops=0, bytes=0) 00:38:53.045 [INFO - kudu-tserver:64036] (MiniKuduCluster.java:429)
I0711 00:38:53.045251 8240 raft_consensus.cc:588] T 13410a5b9e644e6f86b34bea173a5677 P b93116846b4a43a1a8398438c81d0239 [term 1 LEADER]: Marking majority replicated up to term: 1 index: 31 00:38:53.045 [INFO - kudu-tserver:64036] (MiniKuduCluster.java:429)
I0711 00:38:53.045267 8240 raft_consensus_state.cc:559] T 13410a5b9e644e6f86b34bea173a5677 P b93116846b4a43a1a8398438c81d0239 [term 1 LEADER]: Already marked ops through 1.31 as committed. Now trying to mark 1.31 which would be a no-op. 00:38:53.046 [INFO - kudu-tserver:64036] (MiniKuduCluster.java:429)
I0711 00:38:53.045380 8227 consensus_queue.cc:455] T 13410a5b9e644e6f86b34bea173a5677 P b93116846b4a43a1a8398438c81d0239 [LEADER]: Updated majority_replicated watermark from 1.31 to 1.31 00:38:53.046 [INFO - kudu-tserver:64036] (MiniKuduCluster.java:429)
I0711 00:38:53.045405 8227 consensus_queue.cc:455] T 13410a5b9e644e6f86b34bea173a5677 P b93116846b4a43a1a8398438c81d0239 [LEADER]: Updated all_replicated watermark from 1.31 to 1.31 00:38:53.046 [INFO - kudu-tserver:64036] (MiniKuduCluster.java:429)
I0711 00:38:53.045440 8227 log_cache.cc:391] T 13410a5b9e644e6f86b34bea173a5677 P b93116846b4a43a1a8398438c81d0239: Evicting log cache: after state: Pinned index: 32, LogCacheStats(num_ops=0, bytes=0) 00:38:53.046 [INFO - kudu-tserver:64036] (MiniKuduCluster.java:429)
I0711 00:38:53.045547 8240 raft_consensus.cc:588] T 13410a5b9e644e6f86b34bea173a5677 P b93116846b4a43a1a8398438c81d0239 [term 1 LEADER]: Marking majority replicated up to term: 1 index: 31 00:38:53.046 [INFO - kudu-tserver:64036] (MiniKuduCluster.java:429)
I0711 00:38:53.045559 8240 raft_consensus_state.cc:559] T 13410a5b9e644e6f86b34bea173a5677 P b93116846b4a43a1a8398438c81d0239 [term 1 LEADER]: Already marked ops through 1.31 as committed. Now trying to mark 1.31 which would be a no-op. 00:38:53.044 [INFO - kudu-tserver:64034] (MiniKuduCluster.java:429)
I0711 00:38:53.043114 7836 raft_consensus.cc:1215] T 13410a5b9e644e6f86b34bea173a5677 P 8f3a2b7e9d2f4dc392f47ead5d0f114f [term 1 FOLLOWER]: Marking committed up to term: 1 index: 30 00:38:53.046 [INFO - kudu-tserver:64034] (MiniKuduCluster.java:429)
I0711 00:38:53.043135 7836 raft_consensus_state.cc:559] T 13410a5b9e644e6f86b34bea173a5677 P 8f3a2b7e9d2f4dc392f47ead5d0f114f [term 1 FOLLOWER]: Already marked ops through 1.30 as committed. Now trying to mark 1.30 which would be a no-op. 00:38:53.046 [INFO - kudu-tserver:64034] (MiniKuduCluster.java:429)
I0711 00:38:53.043195 8216 log_cache.cc:214] T 13410a5b9e644e6f86b34bea173a5677 P 8f3a2b7e9d2f4dc392f47ead5d0f114f: Updating pinned index to 32 00:38:53.046 [INFO - kudu-tserver:64034] (MiniKuduCluster.java:429)
I0711 00:38:53.043243 8216 consensus_queue.cc:455] T 13410a5b9e644e6f86b34bea173a5677 P 8f3a2b7e9d2f4dc392f47ead5d0f114f [NON_LEADER]: Updated all_replicated watermark from 1.30 to 1.31 00:38:53.046 [INFO - kudu-tserver:64034] (MiniKuduCluster.java:429)
I0711 00:38:53.043292 8216 log_cache.cc:391] T 13410a5b9e644e6f86b34bea173a5677 P 8f3a2b7e9d2f4dc392f47ead5d0f114f: Evicting log cache: after state: Pinned index: 32, LogCacheStats(num_ops=1, bytes=871) 00:38:53.046 [INFO - kudu-tserver:64034] (MiniKuduCluster.java:429)
I0711 00:38:53.043403 7836 raft_consensus.cc:700] T 13410a5b9e644e6f86b34bea173a5677 P 8f3a2b7e9d2f4dc392f47ead5d0f114f [term 1 FOLLOWER]: Replica replied to status only request. Replica: Replica: 8f3a2b7e9d2f4dc392f47ead5d0f114f, State: 1, Role: FOLLOWER 00:38:53.046 [INFO - kudu-tserver:64034] (MiniKuduCluster.java:429) Watermarks: {Received: term: 1 index: 31 Committed: term: 1 index: 30} 00:38:53.046 [INFO - kudu-tserver:64034] (MiniKuduCluster.java:429) . Response: responder_uuid: "8f3a2b7e9d2f4dc392f47ead5d0f114f" responder_term: 1 status { last_received { term: 1 index: 31 } last_committed_idx: 30 last_received_current_leader { term: 1 index: 31 } } 00:38:53.045 [DEBUG - Thread-8] (AsyncKuduScanner.java:812) Sending scan req: new_scan_request { tablet_id: "13410a5b9e644e6f86b34bea173a5677" limit: 9223372036854775807 projected_columns { name: "key" type: INT32 is_key: true is_nullable: false encoding: AUTO_ENCODING compression: DEFAULT_COMPRESSION cfile_block_size: 0 } projected_columns { name: "column1_i" type: INT32 is_key: false is_nullable: false encoding: AUTO_ENCODING compression: DEFAULT_COMPRESSION cfile_block_size: 0 } projected_columns { name: "column2_i" type: INT32 is_key: false is_nullable: false encoding: AUTO_ENCODING compression: DEFAULT_COMPRESSION cfile_block_size: 0 } projected_columns { name: "column3_s" type: STRING is_key: false is_nullable: true encoding: DICT_ENCODING compression: LZ4 cfile_block_size: 0 } projected_columns { name: "column4_b" type: BOOL is_key: false is_nullable: false encoding: AUTO_ENCODING compression: DEFAULT_COMPRESSION cfile_block_size: 0 } read_mode: READ_LATEST propagated_timestamp: 6013737095066386432 cache_blocks: true order_mode: UNORDERED column_predicates { column: "key" equality { value: "!\000\000\000" } } } batch_size_bytes: 1048576 00:38:53.045 [DEBUG - New I/O worker #134] (TabletClient.java:426) [Peer b93116846b4a43a1a8398438c81d0239] rpcid=53, response size=19 bytes, 0 readable bytes left, rpc=KuduRpc(method=Write, tablet=13410a5b9e644e6f86b34bea173a5677, attempt=1, DeadlineTracker(timeout=30000, elapsed=5), Deferred@1393969723(state=PENDING, result=null, callback=wakeup thread Thread-7, errback=wakeup thread Thread-7)) row_key=(int32 key=47) 00:38:53.044 [INFO - kudu-tserver:64032] (MiniKuduCluster.java:429)
I0711 00:38:53.043095 7621 raft_consensus_state.cc:559] T 13410a5b9e644e6f86b34bea173a5677 P 5d244bfce7964881aa25f36d26bb9cba [term 1 FOLLOWER]: Already marked ops through 1.30 as committed. Now trying to mark 1.30 which would be a no-op. 00:38:53.047 [DEBUG - New I/O worker #134] (TabletClient.java:491) ------------------<< LEAVING DECODE <<------------------ time elapsed: 2696us 00:38:53.047 [INFO - kudu-tserver:64034] (MiniKuduCluster.java:429)
I0711 00:38:53.044664 7836 raft_consensus.cc:1104] T 13410a5b9e644e6f86b34bea173a5677 P 8f3a2b7e9d2f4dc392f47ead5d0f114f [term 1 FOLLOWER]: Early marking committed up to term: 1 index: 31 00:38:53.047 [INFO - kudu-tserver:64034] (MiniKuduCluster.java:429)
I0711 00:38:53.044684 7836 raft_consensus_state.cc:578] T 13410a5b9e644e6f86b34bea173a5677 P 8f3a2b7e9d2f4dc392f47ead5d0f114f [term 1 FOLLOWER]: Last triggered apply was: term: 1 index: 30 Starting to apply from log index: 31 00:38:53.047 [DEBUG - Thread-8] (TabletClient.java:261) [Peer b93116846b4a43a1a8398438c81d0239] [id: 0xe79a4fff, /127.0.0.1:48701 => /127.29.29.1:64036] Sending RPC #54, payload=BigEndianHeapChannelBuffer(ridx=0, widx=256, cap=256) "\x00\x00\x00\xFC1\x1862(\n kudu.tserver.TabletServerService\x12\x04ScanP\xF4\x03X\x01\xC8\x01\x12\xC1\x01\n 13410a5b9e644e6f86b34bea173a5677\x10\xFF\xFF\xFF\xFF\xFF\xFF\xFF\xFF\x7F"\x11\x12\x03key\x18\x05 \x01(\x00@\x00H\x00P\x00"\x17\x12\tcolumn1_i\x18\x05 \x00(\x00@\x00H\x00P\x00"\x17\x12\tcolumn2_i\x18\x05 \x00(\x00@\x00H\x00P\x00"\x17\x12\tcolumn3_s\x18\x08 \x00(\x01@\x05H\x03P\x00"\x17\x12\tcolumn4_b\x18\t \x00(\x00@\x00H\x00P\x00(\x019\x00\x80\x05\x9C\x06\x16uSP\x01X\x01j\x0D\n\x03key\x1A\x06\n\x04!\x00\x00\x00 \x80\x80@" 00:38:53.048 [DEBUG - Thread-7] (TabletClient.java:261) [Peer b93116846b4a43a1a8398438c81d0239] [id: 0xe79a4fff, /127.0.0.1:48701 => /127.29.29.1:64036] Sending RPC #55, payload=BigEndianHeapChannelBuffer(ridx=0, widx=267, cap=267) "\x00\x00\x01\x070\x1872)\n kudu.tserver.TabletServerService\x12\x05WriteP\xF4\x03\xD4\x01\n 13410a5b9e644e6f86b34bea173a5677\x12w\n\x11\x12\x03key\x18\x05 \x01(\x00@\x00H\x00P\x00\n\x17\x12\tcolumn1_i\x18\x05 \x00(\x00@\x00H\x00P\x00\n\x17\x12\tcolumn2_i\x18\x05 \x00(\x00@\x00H\x00P\x00\n\x17\x12\tcolumn3_s\x18\x08 \x00(\x01@\x05H\x03P\x00\n\x17\x12\tcolumn4_b\x18\t \x00(\x00@\x00H\x00P\x00\x1A,\x12 \x01\x1F\x000\x00\x00\x00\x02\x00\x00\x00\x03\x00\x00\x00\x00\x00\x00\x00\x00\x00\x00\x00\x08\x00\x00\x00\x00\x00\x00\x00\x01\x1A\x08a string \x01)\x00\x80\x05\x9C\x06\x16uS" 00:38:53.048 [DEBUG - New I/O worker #134] (TabletClient.java:636) [Peer b93116846b4a43a1a8398438c81d0239] [id: 0xe79a4fff, /127.0.0.1:48701 => /127.29.29.1:64036] WRITTEN_AMOUNT: 256 00:38:53.047 [INFO - kudu-tserver:64032] (MiniKuduCluster.java:429)
I0711 00:38:53.043290 8220 log_cache.cc:214] T 13410a5b9e644e6f86b34bea173a5677 P 5d244bfce7964881aa25f36d26bb9cba: Updating pinned index to 32 00:38:53.048 [INFO - kudu-tserver:64032] (MiniKuduCluster.java:429)
I0711 00:38:53.043354 8220 consensus_queue.cc:455] T 13410a5b9e644e6f86b34bea173a5677 P 5d244bfce7964881aa25f36d26bb9cba [NON_LEADER]: Updated all_replicated watermark from 1.30 to 1.31 00:38:53.048 [INFO - kudu-tserver:64032] (MiniKuduCluster.java:429)
I0711 00:38:53.043414 8220 log_cache.cc:391] T 13410a5b9e644e6f86b34bea173a5677 P 5d244bfce7964881aa25f36d26bb9cba: Evicting log cache: after state: Pinned index: 32, LogCacheStats(num_ops=1, bytes=871) 00:38:53.048 [INFO - kudu-tserver:64032] (MiniKuduCluster.java:429)
I0711 00:38:53.043542 7621 raft_consensus.cc:700] T 13410a5b9e644e6f86b34bea173a5677 P 5d244bfce7964881aa25f36d26bb9cba [term 1 FOLLOWER]: Replica replied to status only request. Replica: Replica: 5d244bfce7964881aa25f36d26bb9cba, State: 1, Role: FOLLOWER 00:38:53.048 [INFO - kudu-tserver:64032] (MiniKuduCluster.java:429) Watermarks: {Received: term: 1 index: 31 Committed: term: 1 index: 30} 00:38:53.048 [INFO - kudu-tserver:64032] (MiniKuduCluster.java:429) . Response: responder_uuid: "5d244bfce7964881aa25f36d26bb9cba" responder_term: 1 status { last_received { term: 1 index: 31 } last_committed_idx: 30 last_received_current_leader { term: 1 index: 31 } } 00:38:53.049 [INFO - kudu-tserver:64032] (MiniKuduCluster.java:429)
I0711 00:38:53.044935 7621 raft_consensus.cc:1104] T 13410a5b9e644e6f86b34bea173a5677 P 5d244bfce7964881aa25f36d26bb9cba [term 1 FOLLOWER]: Early marking committed up to term: 1 index: 31 00:38:53.049 [INFO - kudu-tserver:64032] (MiniKuduCluster.java:429)
I0711 00:38:53.044955 7621 raft_consensus_state.cc:578] T 13410a5b9e644e6f86b34bea173a5677 P 5d244bfce7964881aa25f36d26bb9cba [term 1 FOLLOWER]: Last triggered apply was: term: 1 index: 30 Starting to apply from log index: 31 00:38:53.049 [INFO - kudu-tserver:64032] (MiniKuduCluster.java:429)
I0711 00:38:53.045040 7621 raft_consensus.cc:1215] T 13410a5b9e644e6f86b34bea173a5677 P 5d244bfce7964881aa25f36d26bb9cba [term 1 FOLLOWER]: Marking committed up to term: 1 index: 31 00:38:53.049 [INFO - kudu-tserver:64032] (MiniKuduCluster.java:429)
I0711 00:38:53.045054 7621 raft_consensus_state.cc:559] T 13410a5b9e644e6f86b34bea173a5677 P 5d244bfce7964881aa25f36d26bb9cba [term 1 FOLLOWER]: Already marked ops through 1.31 as committed. Now trying to mark 1.31 which would be a no-op. 00:38:53.049 [INFO - kudu-tserver:64032] (MiniKuduCluster.java:429)
I0711 00:38:53.045089 7621 raft_consensus.cc:700] T 13410a5b9e644e6f86b34bea173a5677 P 5d244bfce7964881aa25f36d26bb9cba [term 1 FOLLOWER]: Replica replied to status only request. Replica: Replica: 5d244bfce7964881aa25f36d26bb9cba, State: 1, Role: FOLLOWER 00:38:53.049 [INFO - kudu-tserver:64032] (MiniKuduCluster.java:429) Watermarks: {Received: term: 1 index: 31 Committed: term: 1 index: 31} 00:38:53.049 [INFO - kudu-tserver:64032] (MiniKuduCluster.java:429) . Response: responder_uuid: "5d244bfce7964881aa25f36d26bb9cba" responder_term: 1 status { last_received { term: 1 index: 31 } last_committed_idx: 31 last_received_current_leader { term: 1 index: 31 } } 00:38:53.048 [DEBUG - New I/O worker #134] (TabletClient.java:636) [Peer b93116846b4a43a1a8398438c81d0239] [id: 0xe79a4fff, /127.0.0.1:48701 => /127.29.29.1:64036] WRITTEN_AMOUNT: 267 00:38:53.049 [DEBUG - New I/O worker #134] (TabletClient.java:636) [Peer b93116846b4a43a1a8398438c81d0239] [id: 0xe79a4fff, /127.0.0.1:48701 => /127.29.29.1:64036] RECEIVED: BigEndianHeapChannelBuffer(ridx=0, widx=74, cap=74) 00:38:53.048 [INFO - kudu-tserver:64034] (MiniKuduCluster.java:429)
I0711 00:38:53.044770 7836 raft_consensus.cc:1215] T 13410a5b9e644e6f86b34bea173a5677 P 8f3a2b7e9d2f4dc392f47ead5d0f114f [term 1 FOLLOWER]: Marking committed up to term: 1 index: 31 00:38:53.049 [DEBUG - New I/O worker #134] (TabletClient.java:359) ------------------>> ENTERING DECODE >>------------------ 00:38:53.049 [INFO - kudu-tserver:64036] (MiniKuduCluster.java:429)
I0711 00:38:53.049231 7913 tablet_service.cc:1501] Started scanner 775a007b77e841deb6a5c3735cb7ee5e: tablet iterator: Union(memrowset iterator) 00:38:53.050 [INFO - kudu-tserver:64036] (MiniKuduCluster.java:429)
I0711 00:38:53.049399 8225 log_cache.cc:214] T 13410a5b9e644e6f86b34bea173a5677 P b93116846b4a43a1a8398438c81d0239: Updating pinned index to 33 00:38:53.050 [INFO - kudu-tserver:64032] (MiniKuduCluster.java:429)
I0711 00:38:53.050019 7621 raft_consensus.cc:1104] T 13410a5b9e644e6f86b34bea173a5677 P 5d244bfce7964881aa25f36d26bb9cba [term 1 FOLLOWER]: Early marking committed up to term: 0 index: 0 00:38:53.050 [INFO - kudu-tserver:64032] (MiniKuduCluster.java:429)
I0711 00:38:53.050046 7621 raft_consensus_state.cc:559] T 13410a5b9e644e6f86b34bea173a5677 P 5d244bfce7964881aa25f36d26bb9cba [term 1 FOLLOWER]: Already marked ops through 1.31 as committed. Now trying to mark 0.0 which would be a no-op. 00:38:53.050 [INFO - kudu-tserver:64034] (MiniKuduCluster.java:429)
I0711 00:38:53.044783 7836 raft_consensus_state.cc:559] T 13410a5b9e644e6f86b34bea173a5677 P 8f3a2b7e9d2f4dc392f47ead5d0f114f [term 1 FOLLOWER]: Already marked ops through 1.31 as committed. Now trying to mark 1.31 which would be a no-op. 00:38:53.050 [INFO - kudu-tserver:64034] (MiniKuduCluster.java:429)
I0711 00:38:53.044817 7836 raft_consensus.cc:700] T 13410a5b9e644e6f86b34bea173a5677 P 8f3a2b7e9d2f4dc392f47ead5d0f114f [term 1 FOLLOWER]: Replica replied to status only request. Replica: Replica: 8f3a2b7e9d2f4dc392f47ead5d0f114f, State: 1, Role: FOLLOWER 00:38:53.050 [INFO - kudu-tserver:64034] (MiniKuduCluster.java:429) Watermarks: {Received: term: 1 index: 31 Committed: term: 1 index: 31} 00:38:53.050 [INFO - kudu-tserver:64034] (MiniKuduCluster.java:429) . Response: responder_uuid: "8f3a2b7e9d2f4dc392f47ead5d0f114f" responder_term: 1 status { last_received { term: 1 index: 31 } last_committed_idx: 31 last_received_current_leader { term: 1 index: 31 } } 00:38:53.050 [INFO - kudu-tserver:64032] (MiniKuduCluster.java:429)
I0711 00:38:53.050065 7621 raft_consensus.cc:728] T 13410a5b9e644e6f86b34bea173a5677 P 5d244bfce7964881aa25f36d26bb9cba [term 1 FOLLOWER]: Starting transaction: term: 1 index: 32 00:38:53.051 [INFO - kudu-tserver:64032] (MiniKuduCluster.java:429)
I0711 00:38:53.050289 7621 raft_consensus.cc:1215] T 13410a5b9e644e6f86b34bea173a5677 P 5d244bfce7964881aa25f36d26bb9cba [term 1 FOLLOWER]: Marking committed up to term: 1 index: 31 00:38:53.050 [INFO - kudu-tserver:64036] (MiniKuduCluster.java:429)
I0711 00:38:53.049445 8225 consensus_queue.cc:455] T 13410a5b9e644e6f86b34bea173a5677 P b93116846b4a43a1a8398438c81d0239 [LEADER]: Updated majority_replicated watermark from 1.31 to 1.31 00:38:53.050 [DEBUG - New I/O worker #134] (AsyncKuduScanner.java:847) AsyncKuduScanner$Response(scannerId="", data=RowResultIterator for 1 rows, more=false) 00:38:53.051 [INFO - kudu-tserver:64036] (MiniKuduCluster.java:429)
I0711 00:38:53.049458 8225 consensus_queue.cc:455] T 13410a5b9e644e6f86b34bea173a5677 P b93116846b4a43a1a8398438c81d0239 [LEADER]: Updated all_replicated watermark from 1.31 to 1.31 00:38:53.051 [INFO - kudu-tserver:64036] (MiniKuduCluster.java:429)
I0711 00:38:53.049468 8225 log_cache.cc:391] T 13410a5b9e644e6f86b34bea173a5677 P b93116846b4a43a1a8398438c81d0239: Evicting log cache: after state: Pinned index: 33, LogCacheStats(num_ops=1, bytes=847) 00:38:53.051 [INFO - kudu-tserver:64036] (MiniKuduCluster.java:429)
I0711 00:38:53.049569 8240 raft_consensus.cc:588] T 13410a5b9e644e6f86b34bea173a5677 P b93116846b4a43a1a8398438c81d0239 [term 1 LEADER]: Marking majority replicated up to term: 1 index: 31 00:38:53.051 [INFO - kudu-tserver:64036] (MiniKuduCluster.java:429)
I0711 00:38:53.049582 8240 raft_consensus_state.cc:559] T 13410a5b9e644e6f86b34bea173a5677 P b93116846b4a43a1a8398438c81d0239 [term 1 LEADER]: Already marked ops through 1.31 as committed. Now trying to mark 1.31 which would be a no-op. 00:38:53.051 [INFO - kudu-tserver:64032] (MiniKuduCluster.java:429)
I0711 00:38:53.050307 7621 raft_consensus_state.cc:559] T 13410a5b9e644e6f86b34bea173a5677 P 5d244bfce7964881aa25f36d26bb9cba [term 1 FOLLOWER]: Already marked ops through 1.31 as committed. Now trying to mark 1.31 which would be a no-op. 00:38:53.051 [INFO - kudu-tserver:64032] (MiniKuduCluster.java:429)
I0711 00:38:53.050405 8220 log_cache.cc:214] T 13410a5b9e644e6f86b34bea173a5677 P 5d244bfce7964881aa25f36d26bb9cba: Updating pinned index to 33 00:38:53.052 [INFO - kudu-tserver:64032] (MiniKuduCluster.java:429)
I0711 00:38:53.050454 8220 consensus_queue.cc:455] T 13410a5b9e644e6f86b34bea173a5677 P 5d244bfce7964881aa25f36d26bb9cba [NON_LEADER]: Updated all_replicated watermark from 1.31 to 1.32 00:38:53.051 [INFO - kudu-tserver:64034] (MiniKuduCluster.java:429)
I0711 00:38:53.050113 7836 raft_consensus.cc:1104] T 13410a5b9e644e6f86b34bea173a5677 P 8f3a2b7e9d2f4dc392f47ead5d0f114f [term 1 FOLLOWER]: Early marking committed up to term: 0 index: 0 00:38:53.052 [INFO - kudu-tserver:64034] (MiniKuduCluster.java:429)
I0711 00:38:53.050135 7836 raft_consensus_state.cc:559] T 13410a5b9e644e6f86b34bea173a5677 P 8f3a2b7e9d2f4dc392f47ead5d0f114f [term 1 FOLLOWER]: Already marked ops through 1.31 as committed. Now trying to mark 0.0 which would be a no-op. 00:38:53.052 [INFO - kudu-tserver:64032] (MiniKuduCluster.java:429)
I0711 00:38:53.050529 8220 log_cache.cc:391] T 13410a5b9e644e6f86b34bea173a5677 P 5d244bfce7964881aa25f36d26bb9cba: Evicting log cache: after state: Pinned index: 33, LogCacheStats(num_ops=1, bytes=871) 00:38:53.052 [INFO - kudu-tserver:64032] (MiniKuduCluster.java:429)
I0711 00:38:53.050647 7621 raft_consensus.cc:700] T 13410a5b9e644e6f86b34bea173a5677 P 5d244bfce7964881aa25f36d26bb9cba [term 1 FOLLOWER]: Replica replied to status only request. Replica: Replica: 5d244bfce7964881aa25f36d26bb9cba, State: 1, Role: FOLLOWER 00:38:53.052 [INFO - kudu-tserver:64032] (MiniKuduCluster.java:429) Watermarks: {Received: term: 1 index: 32 Committed: term: 1 index: 31} 00:38:53.052 [INFO - kudu-tserver:64032] (MiniKuduCluster.java:429) . Response: responder_uuid: "5d244bfce7964881aa25f36d26bb9cba" responder_term: 1 status { last_received { term: 1 index: 32 } last_committed_idx: 31 last_received_current_leader { term: 1 index: 32 } } 00:38:53.051 [INFO - kudu-tserver:64036] (MiniKuduCluster.java:429)
I0711 00:38:53.050979 8236 consensus_queue.cc:455] T 13410a5b9e644e6f86b34bea173a5677 P b93116846b4a43a1a8398438c81d0239 [LEADER]: Updated majority_replicated watermark from 1.31 to 1.32 00:38:53.052 [INFO - kudu-tserver:64036] (MiniKuduCluster.java:429)
I0711 00:38:53.050997 8236 consensus_queue.cc:455] T 13410a5b9e644e6f86b34bea173a5677 P b93116846b4a43a1a8398438c81d0239 [LEADER]: Updated all_replicated watermark from 1.31 to 1.31 00:38:53.052 [INFO - kudu-tserver:64036] (MiniKuduCluster.java:429)
I0711 00:38:53.051008 8236 log_cache.cc:391] T 13410a5b9e644e6f86b34bea173a5677 P b93116846b4a43a1a8398438c81d0239: Evicting log cache: after state: Pinned index: 33, LogCacheStats(num_ops=1, bytes=847) 00:38:53.051 [DEBUG - New I/O worker #134] (TabletClient.java:426) [Peer b93116846b4a43a1a8398438c81d0239] rpcid=54, response size=74 bytes, 0 readable bytes left, rpc=ScanRequest(scannerId=null, tabletSlice=13410a5b9e644e6f86b34bea173a5677, attempt=1) 00:38:53.052 [INFO - kudu-tserver:64036] (MiniKuduCluster.java:429)
I0711 00:38:53.051041 8227 consensus_queue.cc:455] T 13410a5b9e644e6f86b34bea173a5677 P b93116846b4a43a1a8398438c81d0239 [LEADER]: Updated majority_replicated watermark from 1.32 to 1.32 00:38:53.053 [INFO - kudu-tserver:64036] (MiniKuduCluster.java:429)
I0711 00:38:53.051059 8227 consensus_queue.cc:455] T 13410a5b9e644e6f86b34bea173a5677 P b93116846b4a43a1a8398438c81d0239 [LEADER]: Updated all_replicated watermark from 1.31 to 1.32 00:38:53.053 [INFO - kudu-tserver:64036] (MiniKuduCluster.java:429)
I0711 00:38:53.051071 8227 log_cache.cc:391] T 13410a5b9e644e6f86b34bea173a5677 P b93116846b4a43a1a8398438c81d0239: Evicting log cache: after state: Pinned index: 33, LogCacheStats(num_ops=1, bytes=847) 00:38:53.053 [INFO - kudu-tserver:64036] (MiniKuduCluster.java:429)
I0711 00:38:53.051098 8240 raft_consensus.cc:588] T 13410a5b9e644e6f86b34bea173a5677 P b93116846b4a43a1a8398438c81d0239 [term 1 LEADER]: Marking majority replicated up to term: 1 index: 32 00:38:53.052 [INFO - kudu-tserver:64032] (MiniKuduCluster.java:429)
I0711 00:38:53.051681 7621 raft_consensus.cc:1104] T 13410a5b9e644e6f86b34bea173a5677 P 5d244bfce7964881aa25f36d26bb9cba [term 1 FOLLOWER]: Early marking committed up to term: 1 index: 32 00:38:53.053 [INFO - kudu-tserver:64032] (MiniKuduCluster.java:429)
I0711 00:38:53.051699 7621 raft_consensus_state.cc:578] T 13410a5b9e644e6f86b34bea173a5677 P 5d244bfce7964881aa25f36d26bb9cba [term 1 FOLLOWER]: Last triggered apply was: term: 1 index: 31 Starting to apply from log index: 32 00:38:53.053 [INFO - kudu-tserver:64032] (MiniKuduCluster.java:429)
I0711 00:38:53.051797 7621 raft_consensus.cc:1215] T 13410a5b9e644e6f86b34bea173a5677 P 5d244bfce7964881aa25f36d26bb9cba [term 1 FOLLOWER]: Marking committed up to term: 1 index: 32 00:38:53.052 [INFO - kudu-tserver:64034] (MiniKuduCluster.java:429)
I0711 00:38:53.050154 7836 raft_consensus.cc:728] T 13410a5b9e644e6f86b34bea173a5677 P 8f3a2b7e9d2f4dc392f47ead5d0f114f [term 1 FOLLOWER]: Starting transaction: term: 1 index: 32 00:38:53.053 [INFO - kudu-tserver:64034] (MiniKuduCluster.java:429)
I0711 00:38:53.050406 7836 raft_consensus.cc:1215] T 13410a5b9e644e6f86b34bea173a5677 P 8f3a2b7e9d2f4dc392f47ead5d0f114f [term 1 FOLLOWER]: Marking committed up to term: 1 index: 31 00:38:53.053 [INFO - kudu-tserver:64032] (MiniKuduCluster.java:429)
I0711 00:38:53.051811 7621 raft_consensus_state.cc:559] T 13410a5b9e644e6f86b34bea173a5677 P 5d244bfce7964881aa25f36d26bb9cba [term 1 FOLLOWER]: Already marked ops through 1.32 as committed. Now trying to mark 1.32 which would be a no-op. 00:38:53.054 [INFO - kudu-tserver:64032] (MiniKuduCluster.java:429)
I0711 00:38:53.051844 7621 raft_consensus.cc:700] T 13410a5b9e644e6f86b34bea173a5677 P 5d244bfce7964881aa25f36d26bb9cba [term 1 FOLLOWER]: Replica replied to status only request. Replica: Replica: 5d244bfce7964881aa25f36d26bb9cba, State: 1, Role: FOLLOWER 00:38:53.054 [INFO - kudu-tserver:64032] (MiniKuduCluster.java:429) Watermarks: {Received: term: 1 index: 32 Committed: term: 1 index: 32} 00:38:53.054 [INFO - kudu-tserver:64032] (MiniKuduCluster.java:429) . Response: responder_uuid: "5d244bfce7964881aa25f36d26bb9cba" responder_term: 1 status { last_received { term: 1 index: 32 } last_committed_idx: 32 last_received_current_leader { term: 1 index: 32 } } 00:38:53.053 [INFO - kudu-tserver:64036] (MiniKuduCluster.java:429)
I0711 00:38:53.051115 8240 raft_consensus_state.cc:578] T 13410a5b9e644e6f86b34bea173a5677 P b93116846b4a43a1a8398438c81d0239 [term 1 LEADER]: Last triggered apply was: term: 1 index: 31 Starting to apply from log index: 32 00:38:53.054 [INFO - kudu-tserver:64036] (MiniKuduCluster.java:429)
I0711 00:38:53.051239 8240 raft_consensus.cc:588] T 13410a5b9e644e6f86b34bea173a5677 P b93116846b4a43a1a8398438c81d0239 [term 1 LEADER]: Marking majority replicated up to term: 1 index: 32 00:38:53.053 [DEBUG - New I/O worker #134] (TabletClient.java:491) ------------------<< LEAVING DECODE <<------------------ time elapsed: 3219us 00:38:53.054 [INFO - kudu-tserver:64036] (MiniKuduCluster.java:429)
I0711 00:38:53.051249 8240 raft_consensus_state.cc:559] T 13410a5b9e644e6f86b34bea173a5677 P b93116846b4a43a1a8398438c81d0239 [term 1 LEADER]: Already marked ops through 1.32 as committed. Now trying to mark 1.32 which would be a no-op. 00:38:53.053 [INFO - kudu-tserver:64034] (MiniKuduCluster.java:429)
I0711 00:38:53.050422 7836 raft_consensus_state.cc:559] T 13410a5b9e644e6f86b34bea173a5677 P 8f3a2b7e9d2f4dc392f47ead5d0f114f [term 1 FOLLOWER]: Already marked ops through 1.31 as committed. Now trying to mark 1.31 which would be a no-op. 00:38:53.054 [DEBUG - New I/O worker #134] (TabletClient.java:636) [Peer b93116846b4a43a1a8398438c81d0239] [id: 0xe79a4fff, /127.0.0.1:48701 => /127.29.29.1:64036] RECEIVED: BigEndianHeapChannelBuffer(ridx=0, widx=19, cap=19) 00:38:53.054 [INFO - kudu-tserver:64036] (MiniKuduCluster.java:429)
I0711 00:38:53.052140 8236 consensus_queue.cc:455] T 13410a5b9e644e6f86b34bea173a5677 P b93116846b4a43a1a8398438c81d0239 [LEADER]: Updated majority_replicated watermark from 1.32 to 1.32 00:38:53.055 [INFO - kudu-tserver:64036] (MiniKuduCluster.java:429)
I0711 00:38:53.052157 8236 consensus_queue.cc:455] T 13410a5b9e644e6f86b34bea173a5677 P b93116846b4a43a1a8398438c81d0239 [LEADER]: Updated all_replicated watermark from 1.32 to 1.32 00:38:53.055 [INFO - kudu-tserver:64036] (MiniKuduCluster.java:429)
I0711 00:38:53.052189 8236 log_cache.cc:391] T 13410a5b9e644e6f86b34bea173a5677 P b93116846b4a43a1a8398438c81d0239: Evicting log cache: after state: Pinned index: 33, LogCacheStats(num_ops=0, bytes=0) 00:38:53.055 [INFO - kudu-tserver:64036] (MiniKuduCluster.java:429)
I0711 00:38:53.052225 8227 consensus_queue.cc:455] T 13410a5b9e644e6f86b34bea173a5677 P b93116846b4a43a1a8398438c81d0239 [LEADER]: Updated majority_replicated watermark from 1.32 to 1.32 00:38:53.055 [INFO - kudu-tserver:64036] (MiniKuduCluster.java:429)
I0711 00:38:53.052242 8227 consensus_queue.cc:455] T 13410a5b9e644e6f86b34bea173a5677 P b93116846b4a43a1a8398438c81d0239 [LEADER]: Updated all_replicated watermark from 1.32 to 1.32 00:38:53.055 [INFO - kudu-tserver:64036] (MiniKuduCluster.java:429)
I0711 00:38:53.052253 8227 log_cache.cc:391] T 13410a5b9e644e6f86b34bea173a5677 P b93116846b4a43a1a8398438c81d0239: Evicting log cache: after state: Pinned index: 33, LogCacheStats(num_ops=0, bytes=0) 00:38:53.055 [INFO - kudu-tserver:64036] (MiniKuduCluster.java:429)
I0711 00:38:53.052284 8240 raft_consensus.cc:588] T 13410a5b9e644e6f86b34bea173a5677 P b93116846b4a43a1a8398438c81d0239 [term 1 LEADER]: Marking majority replicated up to term: 1 index: 32 00:38:53.055 [DEBUG - Thread-8] (AsyncKuduScanner.java:812) Sending scan req: new_scan_request { tablet_id: "13410a5b9e644e6f86b34bea173a5677" limit: 9223372036854775807 projected_columns { name: "key" type: INT32 is_key: true is_nullable: false encoding: AUTO_ENCODING compression: DEFAULT_COMPRESSION cfile_block_size: 0 } projected_columns { name: "column1_i" type: INT32 is_key: false is_nullable: false encoding: AUTO_ENCODING compression: DEFAULT_COMPRESSION cfile_block_size: 0 } projected_columns { name: "column2_i" type: INT32 is_key: false is_nullable: false encoding: AUTO_ENCODING compression: DEFAULT_COMPRESSION cfile_block_size: 0 } projected_columns { name: "column3_s" type: STRING is_key: false is_nullable: true encoding: DICT_ENCODING compression: LZ4 cfile_block_size: 0 } projected_columns { name: "column4_b" type: BOOL is_key: false is_nullable: false encoding: AUTO_ENCODING compression: DEFAULT_COMPRESSION cfile_block_size: 0 } read_mode: READ_LATEST propagated_timestamp: 6013737095066386432 cache_blocks: true order_mode: UNORDERED column_predicates { column: "key" equality { value: "\004\000\000\000" } } } batch_size_bytes: 1048576 00:38:53.055 [DEBUG - New I/O worker #134] (TabletClient.java:359) ------------------>> ENTERING DECODE >>------------------ 00:38:53.054 [INFO - kudu-tserver:64034] (MiniKuduCluster.java:429)
I0711 00:38:53.050493 8216 log_cache.cc:214] T 13410a5b9e644e6f86b34bea173a5677 P 8f3a2b7e9d2f4dc392f47ead5d0f114f: Updating pinned index to 33 00:38:53.056 [DEBUG - Thread-8] (TabletClient.java:261) [Peer b93116846b4a43a1a8398438c81d0239] [id: 0xe79a4fff, /127.0.0.1:48701 => /127.29.29.1:64036] Sending RPC #56, payload=BigEndianHeapChannelBuffer(ridx=0, widx=256, cap=256) "\x00\x00\x00\xFC1\x1882(\n kudu.tserver.TabletServerService\x12\x04ScanP\xF4\x03X\x01\xC8\x01\x12\xC1\x01\n 13410a5b9e644e6f86b34bea173a5677\x10\xFF\xFF\xFF\xFF\xFF\xFF\xFF\xFF\x7F"\x11\x12\x03key\x18\x05 \x01(\x00@\x00H\x00P\x00"\x17\x12\tcolumn1_i\x18\x05 \x00(\x00@\x00H\x00P\x00"\x17\x12\tcolumn2_i\x18\x05 \x00(\x00@\x00H\x00P\x00"\x17\x12\tcolumn3_s\x18\x08 \x00(\x01@\x05H\x03P\x00"\x17\x12\tcolumn4_b\x18\t \x00(\x00@\x00H\x00P\x00(\x019\x00\x80\x05\x9C\x06\x16uSP\x01X\x01j\x0D\n\x03key\x1A\x06\n\x04\x04\x00\x00\x00 \x80\x80@" 00:38:53.055 [INFO - kudu-tserver:64036] (MiniKuduCluster.java:429)
I0711 00:38:53.052296 8240 raft_consensus_state.cc:559] T 13410a5b9e644e6f86b34bea173a5677 P b93116846b4a43a1a8398438c81d0239 [term 1 LEADER]: Already marked ops through 1.32 as committed. Now trying to mark 1.32 which would be a no-op. 00:38:53.056 [INFO - kudu-tserver:64036] (MiniKuduCluster.java:429)
I0711 00:38:53.052359 8240 raft_consensus.cc:588] T 13410a5b9e644e6f86b34bea173a5677 P b93116846b4a43a1a8398438c81d0239 [term 1 LEADER]: Marking majority replicated up to term: 1 index: 32 00:38:53.056 [INFO - kudu-tserver:64036] (MiniKuduCluster.java:429)
I0711 00:38:53.052366 8240 raft_consensus_state.cc:559] T 13410a5b9e644e6f86b34bea173a5677 P b93116846b4a43a1a8398438c81d0239 [term 1 LEADER]: Already marked ops through 1.32 as committed. Now trying to mark 1.32 which would be a no-op. 00:38:53.056 [DEBUG - New I/O worker #134] (TabletClient.java:426) [Peer b93116846b4a43a1a8398438c81d0239] rpcid=55, response size=19 bytes, 0 readable bytes left, rpc=KuduRpc(method=Write, tablet=13410a5b9e644e6f86b34bea173a5677, attempt=1, DeadlineTracker(timeout=30000, elapsed=8), Deferred@1550029338(state=PENDING, result=null, callback=wakeup thread Thread-7, errback=wakeup thread Thread-7)) row_key=(int32 key=48) 00:38:53.056 [INFO - kudu-tserver:64034] (MiniKuduCluster.java:429)
I0711 00:38:53.050546 8216 consensus_queue.cc:455] T 13410a5b9e644e6f86b34bea173a5677 P 8f3a2b7e9d2f4dc392f47ead5d0f114f [NON_LEADER]: Updated all_replicated watermark from 1.31 to 1.32 00:38:53.056 [INFO - kudu-tserver:64034] (MiniKuduCluster.java:429)
I0711 00:38:53.050590 8216 log_cache.cc:391] T 13410a5b9e644e6f86b34bea173a5677 P 8f3a2b7e9d2f4dc392f47ead5d0f114f: Evicting log cache: after state: Pinned index: 33, LogCacheStats(num_ops=1, bytes=871) 00:38:53.056 [INFO - kudu-tserver:64034] (MiniKuduCluster.java:429)
I0711 00:38:53.050698 7836 raft_consensus.cc:700] T 13410a5b9e644e6f86b34bea173a5677 P 8f3a2b7e9d2f4dc392f47ead5d0f114f [term 1 FOLLOWER]: Replica replied to status only request. Replica: Replica: 8f3a2b7e9d2f4dc392f47ead5d0f114f, State: 1, Role: FOLLOWER 00:38:53.056 [INFO - kudu-tserver:64034] (MiniKuduCluster.java:429) Watermarks: {Received: term: 1 index: 32 Committed: term: 1 index: 31} 00:38:53.057 [INFO - kudu-tserver:64034] (MiniKuduCluster.java:429) . Response: responder_uuid: "8f3a2b7e9d2f4dc392f47ead5d0f114f" responder_term: 1 status { last_received { term: 1 index: 32 } last_committed_idx: 31 last_received_current_leader { term: 1 index: 32 } } 00:38:53.057 [INFO - kudu-tserver:64034] (MiniKuduCluster.java:429)
I0711 00:38:53.051681 7836 raft_consensus.cc:1104] T 13410a5b9e644e6f86b34bea173a5677 P 8f3a2b7e9d2f4dc392f47ead5d0f114f [term 1 FOLLOWER]: Early marking committed up to term: 1 index: 32 00:38:53.057 [INFO - kudu-tserver:64034] (MiniKuduCluster.java:429)
I0711 00:38:53.051707 7836 raft_consensus_state.cc:578] T 13410a5b9e644e6f86b34bea173a5677 P 8f3a2b7e9d2f4dc392f47ead5d0f114f [term 1 FOLLOWER]: Last triggered apply was: term: 1 index: 31 Starting to apply from log index: 32 00:38:53.056 [DEBUG - New I/O worker #134] (TabletClient.java:491) ------------------<< LEAVING DECODE <<------------------ time elapsed: 1674us 00:38:53.057 [INFO - kudu-tserver:64034] (MiniKuduCluster.java:429)
I0711 00:38:53.051810 7836 raft_consensus.cc:1215] T 13410a5b9e644e6f86b34bea173a5677 P 8f3a2b7e9d2f4dc392f47ead5d0f114f [term 1 FOLLOWER]: Marking committed up to term: 1 index: 32 00:38:53.057 [DEBUG - New I/O worker #134] (TabletClient.java:636) [Peer b93116846b4a43a1a8398438c81d0239] [id: 0xe79a4fff, /127.0.0.1:48701 => /127.29.29.1:64036] WRITTEN_AMOUNT: 256 00:38:53.057 [DEBUG - Thread-7] (TabletClient.java:261) [Peer b93116846b4a43a1a8398438c81d0239] [id: 0xe79a4fff, /127.0.0.1:48701 => /127.29.29.1:64036] Sending RPC #57, payload=BigEndianHeapChannelBuffer(ridx=0, widx=267, cap=267) "\x00\x00\x01\x070\x1892)\n kudu.tserver.TabletServerService\x12\x05WriteP\xF4\x03\xD4\x01\n 13410a5b9e644e6f86b34bea173a5677\x12w\n\x11\x12\x03key\x18\x05 \x01(\x00@\x00H\x00P\x00\n\x17\x12\tcolumn1_i\x18\x05 \x00(\x00@\x00H\x00P\x00\n\x17\x12\tcolumn2_i\x18\x05 \x00(\x00@\x00H\x00P\x00\n\x17\x12\tcolumn3_s\x18\x08 \x00(\x01@\x05H\x03P\x00\n\x17\x12\tcolumn4_b\x18\t \x00(\x00@\x00H\x00P\x00\x1A,\x12 \x01\x1F\x001\x00\x00\x00\x02\x00\x00\x00\x03\x00\x00\x00\x00\x00\x00\x00\x00\x00\x00\x00\x08\x00\x00\x00\x00\x00\x00\x00\x01\x1A\x08a string \x01)\x00\x80\x05\x9C\x06\x16uS" 00:38:53.057 [INFO - kudu-tserver:64034] (MiniKuduCluster.java:429)
I0711 00:38:53.051841 7836 raft_consensus_state.cc:559] T 13410a5b9e644e6f86b34bea173a5677 P 8f3a2b7e9d2f4dc392f47ead5d0f114f [term 1 FOLLOWER]: Already marked ops through 1.32 as committed. Now trying to mark 1.32 which would be a no-op. 00:38:53.058 [INFO - kudu-tserver:64034] (MiniKuduCluster.java:429)
I0711 00:38:53.051897 7836 raft_consensus.cc:700] T 13410a5b9e644e6f86b34bea173a5677 P 8f3a2b7e9d2f4dc392f47ead5d0f114f [term 1 FOLLOWER]: Replica replied to status only request. Replica: Replica: 8f3a2b7e9d2f4dc392f47ead5d0f114f, State: 1, Role: FOLLOWER 00:38:53.058 [INFO - kudu-tserver:64034] (MiniKuduCluster.java:429) Watermarks: {Received: term: 1 index: 32 Committed: term: 1 index: 32} 00:38:53.058 [INFO - kudu-tserver:64034] (MiniKuduCluster.java:429) . Response: responder_uuid: "8f3a2b7e9d2f4dc392f47ead5d0f114f" responder_term: 1 status { last_received { term: 1 index: 32 } last_committed_idx: 32 last_received_current_leader { term: 1 index: 32 } } 00:38:53.058 [DEBUG - New I/O worker #134] (TabletClient.java:636) [Peer b93116846b4a43a1a8398438c81d0239] [id: 0xe79a4fff, /127.0.0.1:48701 => /127.29.29.1:64036] WRITTEN_AMOUNT: 267 00:38:53.058 [INFO - kudu-tserver:64036] (MiniKuduCluster.java:429)
I0711 00:38:53.058419 7913 tablet_service.cc:1501] Started scanner e6013eb2be9e4d53b75ab4a82354fa43: tablet iterator: Union(memrowset iterator) 00:38:53.058 [DEBUG - New I/O worker #134] (TabletClient.java:636) [Peer b93116846b4a43a1a8398438c81d0239] [id: 0xe79a4fff, /127.0.0.1:48701 => /127.29.29.1:64036] RECEIVED: BigEndianHeapChannelBuffer(ridx=0, widx=74, cap=74) 00:38:53.059 [INFO - kudu-tserver:64036] (MiniKuduCluster.java:429)
I0711 00:38:53.058959 8225 log_cache.cc:214] T 13410a5b9e644e6f86b34bea173a5677 P b93116846b4a43a1a8398438c81d0239: Updating pinned index to 34 00:38:53.059 [DEBUG - New I/O worker #134] (TabletClient.java:359) ------------------>> ENTERING DECODE >>------------------ 00:38:53.059 [INFO - kudu-tserver:64036] (MiniKuduCluster.java:429)
I0711 00:38:53.059012 8225 consensus_queue.cc:455] T 13410a5b9e644e6f86b34bea173a5677 P b93116846b4a43a1a8398438c81d0239 [LEADER]: Updated majority_replicated watermark from 1.32 to 1.32 00:38:53.059 [INFO - kudu-tserver:64036] (MiniKuduCluster.java:429)
I0711 00:38:53.059032 8225 consensus_queue.cc:455] T 13410a5b9e644e6f86b34bea173a5677 P b93116846b4a43a1a8398438c81d0239 [LEADER]: Updated all_replicated watermark from 1.32 to 1.32 00:38:53.059 [INFO - kudu-tserver:64036] (MiniKuduCluster.java:429)
I0711 00:38:53.059051 8225 log_cache.cc:391] T 13410a5b9e644e6f86b34bea173a5677 P b93116846b4a43a1a8398438c81d0239: Evicting log cache: after state: Pinned index: 34, LogCacheStats(num_ops=1, bytes=847) 00:38:53.059 [INFO - kudu-tserver:64036] (MiniKuduCluster.java:429)
I0711 00:38:53.059139 8240 raft_consensus.cc:588] T 13410a5b9e644e6f86b34bea173a5677 P b93116846b4a43a1a8398438c81d0239 [term 1 LEADER]: Marking majority replicated up to term: 1 index: 32 00:38:53.059 [INFO - kudu-tserver:64036] (MiniKuduCluster.java:429)
I0711 00:38:53.059152 8240 raft_consensus_state.cc:559] T 13410a5b9e644e6f86b34bea173a5677 P b93116846b4a43a1a8398438c81d0239 [term 1 LEADER]: Already marked ops through 1.32 as committed. Now trying to mark 1.32 which would be a no-op. 00:38:53.059 [DEBUG - New I/O worker #134] (AsyncKuduScanner.java:847) AsyncKuduScanner$Response(scannerId="", data=RowResultIterator for 1 rows, more=false) 00:38:53.059 [INFO - kudu-tserver:64034] (MiniKuduCluster.java:429)
I0711 00:38:53.059685 7836 raft_consensus.cc:1104] T 13410a5b9e644e6f86b34bea173a5677 P 8f3a2b7e9d2f4dc392f47ead5d0f114f [term 1 FOLLOWER]: Early marking committed up to term: 0 index: 0 00:38:53.060 [INFO - kudu-tserver:64034] (MiniKuduCluster.java:429)
I0711 00:38:53.059736 7836 raft_consensus_state.cc:559] T 13410a5b9e644e6f86b34bea173a5677 P 8f3a2b7e9d2f4dc392f47ead5d0f114f [term 1 FOLLOWER]: Already marked ops through 1.32 as committed. Now trying to mark 0.0 which would be a no-op. 00:38:53.059 [INFO - kudu-tserver:64032] (MiniKuduCluster.java:429)
I0711 00:38:53.059607 7621 raft_consensus.cc:1104] T 13410a5b9e644e6f86b34bea173a5677 P 5d244bfce7964881aa25f36d26bb9cba [term 1 FOLLOWER]: Early marking committed up to term: 0 index: 0 00:38:53.060 [INFO - kudu-tserver:64032] (MiniKuduCluster.java:429)
I0711 00:38:53.059640 7621 raft_consensus_state.cc:559] T 13410a5b9e644e6f86b34bea173a5677 P 5d244bfce7964881aa25f36d26bb9cba [term 1 FOLLOWER]: Already marked ops through 1.32 as committed. Now trying to mark 0.0 which would be a no-op. 00:38:53.060 [INFO - kudu-tserver:64032] (MiniKuduCluster.java:429)
I0711 00:38:53.059662 7621 raft_consensus.cc:728] T 13410a5b9e644e6f86b34bea173a5677 P 5d244bfce7964881aa25f36d26bb9cba [term 1 FOLLOWER]: Starting transaction: term: 1 index: 33 00:38:53.060 [INFO - kudu-tserver:64034] (MiniKuduCluster.java:429)
I0711 00:38:53.059770 7836 raft_consensus.cc:728] T 13410a5b9e644e6f86b34bea173a5677 P 8f3a2b7e9d2f4dc392f47ead5d0f114f [term 1 FOLLOWER]: Starting transaction: term: 1 index: 33 00:38:53.060 [INFO - kudu-tserver:64034] (MiniKuduCluster.java:429)
I0711 00:38:53.060063 7836 raft_consensus.cc:1215] T 13410a5b9e644e6f86b34bea173a5677 P 8f3a2b7e9d2f4dc392f47ead5d0f114f [term 1 FOLLOWER]: Marking committed up to term: 1 index: 32 00:38:53.060 [INFO - kudu-tserver:64034] (MiniKuduCluster.java:429)
I0711 00:38:53.060081 7836 raft_consensus_state.cc:559] T 13410a5b9e644e6f86b34bea173a5677 P 8f3a2b7e9d2f4dc392f47ead5d0f114f [term 1 FOLLOWER]: Already marked ops through 1.32 as committed. Now trying to mark 1.32 which would be a no-op. 00:38:53.060 [INFO - kudu-tserver:64036] (MiniKuduCluster.java:429)
I0711 00:38:53.060677 8236 consensus_queue.cc:455] T 13410a5b9e644e6f86b34bea173a5677 P b93116846b4a43a1a8398438c81d0239 [LEADER]: Updated majority_replicated watermark from 1.32 to 1.33 00:38:53.059 [DEBUG - New I/O worker #134] (TabletClient.java:426) [Peer b93116846b4a43a1a8398438c81d0239] rpcid=56, response size=74 bytes, 0 readable bytes left, rpc=ScanRequest(scannerId=null, tabletSlice=13410a5b9e644e6f86b34bea173a5677, attempt=1) 00:38:53.060 [INFO - kudu-tserver:64036] (MiniKuduCluster.java:429)
I0711 00:38:53.060704 8236 consensus_queue.cc:455] T 13410a5b9e644e6f86b34bea173a5677 P b93116846b4a43a1a8398438c81d0239 [LEADER]: Updated all_replicated watermark from 1.32 to 1.32 00:38:53.061 [INFO - kudu-tserver:64036] (MiniKuduCluster.java:429)
I0711 00:38:53.060717 8236 log_cache.cc:391] T 13410a5b9e644e6f86b34bea173a5677 P b93116846b4a43a1a8398438c81d0239: Evicting log cache: after state: Pinned index: 34, LogCacheStats(num_ops=1, bytes=847) 00:38:53.061 [INFO - kudu-tserver:64036] (MiniKuduCluster.java:429)
I0711 00:38:53.060765 8227 consensus_queue.cc:455] T 13410a5b9e644e6f86b34bea173a5677 P b93116846b4a43a1a8398438c81d0239 [LEADER]: Updated majority_replicated watermark from 1.33 to 1.33 00:38:53.061 [INFO - kudu-tserver:64036] (MiniKuduCluster.java:429)
I0711 00:38:53.060782 8227 consensus_queue.cc:455] T 13410a5b9e644e6f86b34bea173a5677 P b93116846b4a43a1a8398438c81d0239 [LEADER]: Updated all_replicated watermark from 1.32 to 1.33 00:38:53.061 [INFO - kudu-tserver:64036] (MiniKuduCluster.java:429)
I0711 00:38:53.060793 8227 log_cache.cc:391] T 13410a5b9e644e6f86b34bea173a5677 P b93116846b4a43a1a8398438c81d0239: Evicting log cache: after state: Pinned index: 34, LogCacheStats(num_ops=1, bytes=847) 00:38:53.061 [INFO - kudu-tserver:64036] (MiniKuduCluster.java:429)
I0711 00:38:53.060822 8240 raft_consensus.cc:588] T 13410a5b9e644e6f86b34bea173a5677 P b93116846b4a43a1a8398438c81d0239 [term 1 LEADER]: Marking majority replicated up to term: 1 index: 33 00:38:53.061 [INFO - kudu-tserver:64036] (MiniKuduCluster.java:429)
I0711 00:38:53.060838 8240 raft_consensus_state.cc:578] T 13410a5b9e644e6f86b34bea173a5677 P b93116846b4a43a1a8398438c81d0239 [term 1 LEADER]: Last triggered apply was: term: 1 index: 32 Starting to apply from log index: 33 00:38:53.060 [INFO - kudu-tserver:64034] (MiniKuduCluster.java:429)
I0711 00:38:53.060205 8216 log_cache.cc:214] T 13410a5b9e644e6f86b34bea173a5677 P 8f3a2b7e9d2f4dc392f47ead5d0f114f: Updating pinned index to 34 00:38:53.061 [INFO - kudu-tserver:64034] (MiniKuduCluster.java:429)
I0711 00:38:53.060238 8216 consensus_queue.cc:455] T 13410a5b9e644e6f86b34bea173a5677 P 8f3a2b7e9d2f4dc392f47ead5d0f114f [NON_LEADER]: Updated all_replicated watermark from 1.32 to 1.33 00:38:53.061 [INFO - kudu-tserver:64034] (MiniKuduCluster.java:429)
I0711 00:38:53.060269 8216 log_cache.cc:391] T 13410a5b9e644e6f86b34bea173a5677 P 8f3a2b7e9d2f4dc392f47ead5d0f114f: Evicting log cache: after state: Pinned index: 34, LogCacheStats(num_ops=1, bytes=871) 00:38:53.061 [INFO - kudu-tserver:64034] (MiniKuduCluster.java:429)
I0711 00:38:53.060380 7836 raft_consensus.cc:700] T 13410a5b9e644e6f86b34bea173a5677 P 8f3a2b7e9d2f4dc392f47ead5d0f114f [term 1 FOLLOWER]: Replica replied to status only request. Replica: Replica: 8f3a2b7e9d2f4dc392f47ead5d0f114f, State: 1, Role: FOLLOWER 00:38:53.061 [INFO - kudu-tserver:64034] (MiniKuduCluster.java:429) Watermarks: {Received: term: 1 index: 33 Committed: term: 1 index: 32} 00:38:53.061 [INFO - kudu-tserver:64034] (MiniKuduCluster.java:429) . Response: responder_uuid: "8f3a2b7e9d2f4dc392f47ead5d0f114f" responder_term: 1 status { last_received { term: 1 index: 33 } last_committed_idx: 32 last_received_current_leader { term: 1 index: 33 } } 00:38:53.060 [INFO - kudu-tserver:64032] (MiniKuduCluster.java:429)
I0711 00:38:53.059929 7621 raft_consensus.cc:1215] T 13410a5b9e644e6f86b34bea173a5677 P 5d244bfce7964881aa25f36d26bb9cba [term 1 FOLLOWER]: Marking committed up to term: 1 index: 32 00:38:53.062 [INFO - kudu-tserver:64032] (MiniKuduCluster.java:429)
I0711 00:38:53.059947 7621 raft_consensus_state.cc:559] T 13410a5b9e644e6f86b34bea173a5677 P 5d244bfce7964881aa25f36d26bb9cba [term 1 FOLLOWER]: Already marked ops through 1.32 as committed. Now trying to mark 1.32 which would be a no-op. 00:38:53.062 [INFO - kudu-tserver:64034] (MiniKuduCluster.java:429)
I0711 00:38:53.061486 7836 raft_consensus.cc:1104] T 13410a5b9e644e6f86b34bea173a5677 P 8f3a2b7e9d2f4dc392f47ead5d0f114f [term 1 FOLLOWER]: Early marking committed up to term: 1 index: 33 00:38:53.061 [INFO - kudu-tserver:64036] (MiniKuduCluster.java:429)
I0711 00:38:53.060978 8240 raft_consensus.cc:588] T 13410a5b9e644e6f86b34bea173a5677 P b93116846b4a43a1a8398438c81d0239 [term 1 LEADER]: Marking majority replicated up to term: 1 index: 33 00:38:53.062 [INFO - kudu-tserver:64036] (MiniKuduCluster.java:429)
