I0711 00:38:52.998955 8225 consensus_queue.cc:455] T 13410a5b9e644e6f86b34bea173a5677 P b93116846b4a43a1a8398438c81d0239 [LEADER]: Updated all_replicated watermark from 1.25 to 1.25 00:38:52.999 [INFO - kudu-tserver:64036] (MiniKuduCluster.java:429)
I0711 00:38:52.998965 8225 log_cache.cc:391] T 13410a5b9e644e6f86b34bea173a5677 P b93116846b4a43a1a8398438c81d0239: Evicting log cache: after state: Pinned index: 27, LogCacheStats(num_ops=1, bytes=847) 00:38:52.999 [INFO - kudu-tserver:64036] (MiniKuduCluster.java:429)
I0711 00:38:52.999066 8240 raft_consensus.cc:588] T 13410a5b9e644e6f86b34bea173a5677 P b93116846b4a43a1a8398438c81d0239 [term 1 LEADER]: Marking majority replicated up to term: 1 index: 25 00:38:52.999 [INFO - kudu-tserver:64036] (MiniKuduCluster.java:429)
I0711 00:38:52.999079 8240 raft_consensus_state.cc:559] T 13410a5b9e644e6f86b34bea173a5677 P b93116846b4a43a1a8398438c81d0239 [term 1 LEADER]: Already marked ops through 1.25 as committed. Now trying to mark 1.25 which would be a no-op. 00:38:52.999 [DEBUG - New I/O worker #134] (TabletClient.java:636) [Peer b93116846b4a43a1a8398438c81d0239] [id: 0xe79a4fff, /127.0.0.1:48701 => /127.29.29.1:64036] RECEIVED: BigEndianHeapChannelBuffer(ridx=0, widx=1024, cap=1024) 00:38:52.999 [DEBUG - New I/O worker #134] (TabletClient.java:359) ------------------>> ENTERING DECODE >>------------------ 00:38:52.999 [DEBUG - New I/O worker #134] (TabletClient.java:636) [Peer b93116846b4a43a1a8398438c81d0239] [id: 0xe79a4fff, /127.0.0.1:48701 => /127.29.29.1:64036] RECEIVED: BigEndianHeapChannelBuffer(ridx=0, widx=610, cap=610) 00:38:53.000 [DEBUG - New I/O worker #134] (TabletClient.java:359) ------------------>> ENTERING DECODE >>------------------ 00:38:53.000 [DEBUG - New I/O worker #134] (AsyncKuduScanner.java:847) AsyncKuduScanner$Response(scannerId="", data=RowResultIterator for 42 rows, more=false) 00:38:53.000 [DEBUG - New I/O worker #134] (TabletClient.java:426) [Peer b93116846b4a43a1a8398438c81d0239] rpcid=43, response size=1634 bytes, 0 readable bytes left, rpc=ScanRequest(scannerId=null, tabletSlice=13410a5b9e644e6f86b34bea173a5677, attempt=1) 00:38:53.000 [DEBUG - New I/O worker #134] (TabletClient.java:491) ------------------<< LEAVING DECODE <<------------------ time elapsed: 744us 00:38:53.000 [DEBUG - New I/O worker #134] (TabletClient.java:636) [Peer b93116846b4a43a1a8398438c81d0239] [id: 0xe79a4fff, /127.0.0.1:48701 => /127.29.29.1:64036] RECEIVED: BigEndianHeapChannelBuffer(ridx=0, widx=19, cap=19) 00:38:53.001 [DEBUG - New I/O worker #134] (TabletClient.java:359) ------------------>> ENTERING DECODE >>------------------ 00:38:53.001 [DEBUG - New I/O worker #134] (TabletClient.java:426) [Peer b93116846b4a43a1a8398438c81d0239] rpcid=44, response size=19 bytes, 0 readable bytes left, rpc=KuduRpc(method=Write, tablet=13410a5b9e644e6f86b34bea173a5677, attempt=1, DeadlineTracker(timeout=30000, elapsed=4), Deferred@2033294196(state=PENDING, result=null, callback=wakeup thread Thread-7, errback=wakeup thread Thread-7)) row_key=(int32 key=42) 00:38:53.001 [DEBUG - New I/O worker #134] (TabletClient.java:491) ------------------<< LEAVING DECODE <<------------------ time elapsed: 348us 00:38:52.999 [INFO - kudu-tserver:64034] (MiniKuduCluster.java:429)
I0711 00:38:52.999469 7836 raft_consensus.cc:1104] T 13410a5b9e644e6f86b34bea173a5677 P 8f3a2b7e9d2f4dc392f47ead5d0f114f [term 1 FOLLOWER]: Early marking committed up to term: 0 index: 0 00:38:53.001 [INFO - kudu-tserver:64034] (MiniKuduCluster.java:429)
I0711 00:38:52.999495 7836 raft_consensus_state.cc:559] T 13410a5b9e644e6f86b34bea173a5677 P 8f3a2b7e9d2f4dc392f47ead5d0f114f [term 1 FOLLOWER]: Already marked ops through 1.25 as committed. Now trying to mark 0.0 which would be a no-op. 00:38:53.001 [INFO - kudu-tserver:64034] (MiniKuduCluster.java:429)
I0711 00:38:52.999514 7836 raft_consensus.cc:728] T 13410a5b9e644e6f86b34bea173a5677 P 8f3a2b7e9d2f4dc392f47ead5d0f114f [term 1 FOLLOWER]: Starting transaction: term: 1 index: 26 00:38:52.999 [INFO - kudu-tserver:64032] (MiniKuduCluster.java:429)
I0711 00:38:52.999465 7621 raft_consensus.cc:1104] T 13410a5b9e644e6f86b34bea173a5677 P 5d244bfce7964881aa25f36d26bb9cba [term 1 FOLLOWER]: Early marking committed up to term: 0 index: 0 00:38:53.002 [INFO - kudu-tserver:64032] (MiniKuduCluster.java:429)
I0711 00:38:52.999490 7621 raft_consensus_state.cc:559] T 13410a5b9e644e6f86b34bea173a5677 P 5d244bfce7964881aa25f36d26bb9cba [term 1 FOLLOWER]: Already marked ops through 1.25 as committed. Now trying to mark 0.0 which would be a no-op. 00:38:53.002 [INFO - kudu-tserver:64032] (MiniKuduCluster.java:429)
I0711 00:38:52.999507 7621 raft_consensus.cc:728] T 13410a5b9e644e6f86b34bea173a5677 P 5d244bfce7964881aa25f36d26bb9cba [term 1 FOLLOWER]: Starting transaction: term: 1 index: 26 00:38:53.001 [INFO - kudu-tserver:64034] (MiniKuduCluster.java:429)
I0711 00:38:52.999711 7836 raft_consensus.cc:1215] T 13410a5b9e644e6f86b34bea173a5677 P 8f3a2b7e9d2f4dc392f47ead5d0f114f [term 1 FOLLOWER]: Marking committed up to term: 1 index: 25 00:38:53.002 [INFO - kudu-tserver:64034] (MiniKuduCluster.java:429)
I0711 00:38:52.999727 7836 raft_consensus_state.cc:559] T 13410a5b9e644e6f86b34bea173a5677 P 8f3a2b7e9d2f4dc392f47ead5d0f114f [term 1 FOLLOWER]: Already marked ops through 1.25 as committed. Now trying to mark 1.25 which would be a no-op. 00:38:53.002 [INFO - kudu-tserver:64034] (MiniKuduCluster.java:429)
I0711 00:38:52.999780 8216 log_cache.cc:214] T 13410a5b9e644e6f86b34bea173a5677 P 8f3a2b7e9d2f4dc392f47ead5d0f114f: Updating pinned index to 27 00:38:53.002 [INFO - kudu-tserver:64034] (MiniKuduCluster.java:429)
I0711 00:38:52.999816 8216 consensus_queue.cc:455] T 13410a5b9e644e6f86b34bea173a5677 P 8f3a2b7e9d2f4dc392f47ead5d0f114f [NON_LEADER]: Updated all_replicated watermark from 1.25 to 1.26 00:38:53.002 [INFO - kudu-tserver:64034] (MiniKuduCluster.java:429)
I0711 00:38:52.999850 8216 log_cache.cc:391] T 13410a5b9e644e6f86b34bea173a5677 P 8f3a2b7e9d2f4dc392f47ead5d0f114f: Evicting log cache: after state: Pinned index: 27, LogCacheStats(num_ops=1, bytes=871) 00:38:53.002 [INFO - kudu-tserver:64034] (MiniKuduCluster.java:429)
I0711 00:38:52.999922 7836 raft_consensus.cc:700] T 13410a5b9e644e6f86b34bea173a5677 P 8f3a2b7e9d2f4dc392f47ead5d0f114f [term 1 FOLLOWER]: Replica replied to status only request. Replica: Replica: 8f3a2b7e9d2f4dc392f47ead5d0f114f, State: 1, Role: FOLLOWER 00:38:53.001 [DEBUG - Thread-7] (TabletClient.java:261) [Peer b93116846b4a43a1a8398438c81d0239] [id: 0xe79a4fff, /127.0.0.1:48701 => /127.29.29.1:64036] Sending RPC #45, payload=BigEndianHeapChannelBuffer(ridx=0, widx=267, cap=267) "\x00\x00\x01\x070\x18-2)\n kudu.tserver.TabletServerService\x12\x05WriteP\xF4\x03\xD4\x01\n 13410a5b9e644e6f86b34bea173a5677\x12w\n\x11\x12\x03key\x18\x05 \x01(\x00@\x00H\x00P\x00\n\x17\x12\tcolumn1_i\x18\x05 \x00(\x00@\x00H\x00P\x00\n\x17\x12\tcolumn2_i\x18\x05 \x00(\x00@\x00H\x00P\x00\n\x17\x12\tcolumn3_s\x18\x08 \x00(\x01@\x05H\x03P\x00\n\x17\x12\tcolumn4_b\x18\t \x00(\x00@\x00H\x00P\x00\x1A,\x12 \x01\x1F\x00+\x00\x00\x00\x02\x00\x00\x00\x03\x00\x00\x00\x00\x00\x00\x00\x00\x00\x00\x00\x08\x00\x00\x00\x00\x00\x00\x00\x01\x1A\x08a string \x01)\x00\x80\x05\x9C\x06\x16uS" 00:38:53.000 [INFO - Thread-8] (ITClient.java:374) New row count 42 00:38:53.000 [INFO - kudu-tserver:64036] (MiniKuduCluster.java:429)
I0711 00:38:53.000205 8236 consensus_queue.cc:455] T 13410a5b9e644e6f86b34bea173a5677 P b93116846b4a43a1a8398438c81d0239 [LEADER]: Updated majority_replicated watermark from 1.25 to 1.26 00:38:53.003 [INFO - kudu-tserver:64036] (MiniKuduCluster.java:429)
I0711 00:38:53.000229 8236 consensus_queue.cc:455] T 13410a5b9e644e6f86b34bea173a5677 P b93116846b4a43a1a8398438c81d0239 [LEADER]: Updated all_replicated watermark from 1.25 to 1.25 00:38:53.003 [INFO - kudu-tserver:64036] (MiniKuduCluster.java:429)
I0711 00:38:53.000241 8236 log_cache.cc:391] T 13410a5b9e644e6f86b34bea173a5677 P b93116846b4a43a1a8398438c81d0239: Evicting log cache: after state: Pinned index: 27, LogCacheStats(num_ops=1, bytes=847) 00:38:53.003 [DEBUG - New I/O worker #134] (TabletClient.java:636) [Peer b93116846b4a43a1a8398438c81d0239] [id: 0xe79a4fff, /127.0.0.1:48701 => /127.29.29.1:64036] WRITTEN_AMOUNT: 267 00:38:53.002 [INFO - kudu-tserver:64034] (MiniKuduCluster.java:429) Watermarks: {Received: term: 1 index: 26 Committed: term: 1 index: 25} 00:38:53.004 [INFO - kudu-tserver:64034] (MiniKuduCluster.java:429) . Response: responder_uuid: "8f3a2b7e9d2f4dc392f47ead5d0f114f" responder_term: 1 status { last_received { term: 1 index: 26 } last_committed_idx: 25 last_received_current_leader { term: 1 index: 26 } } 00:38:53.004 [INFO - kudu-tserver:64034] (MiniKuduCluster.java:429)
I0711 00:38:53.000942 7836 raft_consensus.cc:1104] T 13410a5b9e644e6f86b34bea173a5677 P 8f3a2b7e9d2f4dc392f47ead5d0f114f [term 1 FOLLOWER]: Early marking committed up to term: 1 index: 26 00:38:53.004 [INFO - kudu-tserver:64034] (MiniKuduCluster.java:429)
I0711 00:38:53.000960 7836 raft_consensus_state.cc:578] T 13410a5b9e644e6f86b34bea173a5677 P 8f3a2b7e9d2f4dc392f47ead5d0f114f [term 1 FOLLOWER]: Last triggered apply was: term: 1 index: 25 Starting to apply from log index: 26 00:38:53.004 [INFO - kudu-tserver:64034] (MiniKuduCluster.java:429)
I0711 00:38:53.001042 7836 raft_consensus.cc:1215] T 13410a5b9e644e6f86b34bea173a5677 P 8f3a2b7e9d2f4dc392f47ead5d0f114f [term 1 FOLLOWER]: Marking committed up to term: 1 index: 26 00:38:53.004 [DEBUG - Thread-8] (AsyncKuduScanner.java:812) Sending scan req: new_scan_request { tablet_id: "13410a5b9e644e6f86b34bea173a5677" limit: 9223372036854775807 projected_columns { name: "key" type: INT32 is_key: true is_nullable: false encoding: AUTO_ENCODING compression: DEFAULT_COMPRESSION cfile_block_size: 0 } projected_columns { name: "column1_i" type: INT32 is_key: false is_nullable: false encoding: AUTO_ENCODING compression: DEFAULT_COMPRESSION cfile_block_size: 0 } projected_columns { name: "column2_i" type: INT32 is_key: false is_nullable: false encoding: AUTO_ENCODING compression: DEFAULT_COMPRESSION cfile_block_size: 0 } projected_columns { name: "column3_s" type: STRING is_key: false is_nullable: true encoding: DICT_ENCODING compression: LZ4 cfile_block_size: 0 } projected_columns { name: "column4_b" type: BOOL is_key: false is_nullable: false encoding: AUTO_ENCODING compression: DEFAULT_COMPRESSION cfile_block_size: 0 } read_mode: READ_LATEST propagated_timestamp: 6013737095066386432 cache_blocks: true order_mode: UNORDERED } batch_size_bytes: 1048576 00:38:53.002 [INFO - kudu-tserver:64032] (MiniKuduCluster.java:429)
I0711 00:38:52.999696 7621 raft_consensus.cc:1215] T 13410a5b9e644e6f86b34bea173a5677 P 5d244bfce7964881aa25f36d26bb9cba [term 1 FOLLOWER]: Marking committed up to term: 1 index: 25 00:38:53.004 [INFO - kudu-tserver:64032] (MiniKuduCluster.java:429)
I0711 00:38:52.999722 7621 raft_consensus_state.cc:559] T 13410a5b9e644e6f86b34bea173a5677 P 5d244bfce7964881aa25f36d26bb9cba [term 1 FOLLOWER]: Already marked ops through 1.25 as committed. Now trying to mark 1.25 which would be a no-op. 00:38:53.004 [INFO - kudu-tserver:64032] (MiniKuduCluster.java:429)
I0711 00:38:52.999783 8220 log_cache.cc:214] T 13410a5b9e644e6f86b34bea173a5677 P 5d244bfce7964881aa25f36d26bb9cba: Updating pinned index to 27 00:38:53.004 [INFO - kudu-tserver:64032] (MiniKuduCluster.java:429)
I0711 00:38:52.999828 8220 consensus_queue.cc:455] T 13410a5b9e644e6f86b34bea173a5677 P 5d244bfce7964881aa25f36d26bb9cba [NON_LEADER]: Updated all_replicated watermark from 1.25 to 1.26 00:38:53.004 [INFO - kudu-tserver:64032] (MiniKuduCluster.java:429)
I0711 00:38:52.999869 8220 log_cache.cc:391] T 13410a5b9e644e6f86b34bea173a5677 P 5d244bfce7964881aa25f36d26bb9cba: Evicting log cache: after state: Pinned index: 27, LogCacheStats(num_ops=1, bytes=871) 00:38:53.004 [INFO - kudu-tserver:64032] (MiniKuduCluster.java:429)
I0711 00:38:53.000000 7621 raft_consensus.cc:700] T 13410a5b9e644e6f86b34bea173a5677 P 5d244bfce7964881aa25f36d26bb9cba [term 1 FOLLOWER]: Replica replied to status only request. Replica: Replica: 5d244bfce7964881aa25f36d26bb9cba, State: 1, Role: FOLLOWER 00:38:53.005 [INFO - kudu-tserver:64032] (MiniKuduCluster.java:429) Watermarks: {Received: term: 1 index: 26 Committed: term: 1 index: 25} 00:38:53.005 [INFO - kudu-tserver:64032] (MiniKuduCluster.java:429) . Response: responder_uuid: "5d244bfce7964881aa25f36d26bb9cba" responder_term: 1 status { last_received { term: 1 index: 26 } last_committed_idx: 25 last_received_current_leader { term: 1 index: 26 } } 00:38:53.004 [INFO - kudu-tserver:64034] (MiniKuduCluster.java:429)
I0711 00:38:53.001056 7836 raft_consensus_state.cc:559] T 13410a5b9e644e6f86b34bea173a5677 P 8f3a2b7e9d2f4dc392f47ead5d0f114f [term 1 FOLLOWER]: Already marked ops through 1.26 as committed. Now trying to mark 1.26 which would be a no-op. 00:38:53.005 [INFO - kudu-tserver:64034] (MiniKuduCluster.java:429)
I0711 00:38:53.001096 7836 raft_consensus.cc:700] T 13410a5b9e644e6f86b34bea173a5677 P 8f3a2b7e9d2f4dc392f47ead5d0f114f [term 1 FOLLOWER]: Replica replied to status only request. Replica: Replica: 8f3a2b7e9d2f4dc392f47ead5d0f114f, State: 1, Role: FOLLOWER 00:38:53.005 [INFO - kudu-tserver:64034] (MiniKuduCluster.java:429) Watermarks: {Received: term: 1 index: 26 Committed: term: 1 index: 26} 00:38:53.005 [INFO - kudu-tserver:64034] (MiniKuduCluster.java:429) . Response: responder_uuid: "8f3a2b7e9d2f4dc392f47ead5d0f114f" responder_term: 1 status { last_received { term: 1 index: 26 } last_committed_idx: 26 last_received_current_leader { term: 1 index: 26 } } 00:38:53.003 [INFO - kudu-tserver:64036] (MiniKuduCluster.java:429)
I0711 00:38:53.000278 8227 consensus_queue.cc:455] T 13410a5b9e644e6f86b34bea173a5677 P b93116846b4a43a1a8398438c81d0239 [LEADER]: Updated majority_replicated watermark from 1.26 to 1.26 00:38:53.005 [INFO - kudu-tserver:64036] (MiniKuduCluster.java:429)
I0711 00:38:53.000295 8227 consensus_queue.cc:455] T 13410a5b9e644e6f86b34bea173a5677 P b93116846b4a43a1a8398438c81d0239 [LEADER]: Updated all_replicated watermark from 1.25 to 1.26 00:38:53.005 [INFO - kudu-tserver:64036] (MiniKuduCluster.java:429)
I0711 00:38:53.000306 8227 log_cache.cc:391] T 13410a5b9e644e6f86b34bea173a5677 P b93116846b4a43a1a8398438c81d0239: Evicting log cache: after state: Pinned index: 27, LogCacheStats(num_ops=1, bytes=847) 00:38:53.005 [INFO - kudu-tserver:64036] (MiniKuduCluster.java:429)
I0711 00:38:53.000334 8240 raft_consensus.cc:588] T 13410a5b9e644e6f86b34bea173a5677 P b93116846b4a43a1a8398438c81d0239 [term 1 LEADER]: Marking majority replicated up to term: 1 index: 26 00:38:53.005 [INFO - kudu-tserver:64036] (MiniKuduCluster.java:429)
I0711 00:38:53.000349 8240 raft_consensus_state.cc:578] T 13410a5b9e644e6f86b34bea173a5677 P b93116846b4a43a1a8398438c81d0239 [term 1 LEADER]: Last triggered apply was: term: 1 index: 25 Starting to apply from log index: 26 00:38:53.006 [INFO - kudu-tserver:64036] (MiniKuduCluster.java:429)
I0711 00:38:53.000488 8240 raft_consensus.cc:588] T 13410a5b9e644e6f86b34bea173a5677 P b93116846b4a43a1a8398438c81d0239 [term 1 LEADER]: Marking majority replicated up to term: 1 index: 26 00:38:53.006 [INFO - kudu-tserver:64036] (MiniKuduCluster.java:429)
I0711 00:38:53.000499 8240 raft_consensus_state.cc:559] T 13410a5b9e644e6f86b34bea173a5677 P b93116846b4a43a1a8398438c81d0239 [term 1 LEADER]: Already marked ops through 1.26 as committed. Now trying to mark 1.26 which would be a no-op. 00:38:53.006 [INFO - kudu-tserver:64036] (MiniKuduCluster.java:429)
I0711 00:38:53.001433 8236 consensus_queue.cc:455] T 13410a5b9e644e6f86b34bea173a5677 P b93116846b4a43a1a8398438c81d0239 [LEADER]: Updated majority_replicated watermark from 1.26 to 1.26 00:38:53.005 [INFO - kudu-tserver:64034] (MiniKuduCluster.java:429)
I0711 00:38:53.004663 7836 raft_consensus.cc:1104] T 13410a5b9e644e6f86b34bea173a5677 P 8f3a2b7e9d2f4dc392f47ead5d0f114f [term 1 FOLLOWER]: Early marking committed up to term: 0 index: 0 00:38:53.006 [INFO - kudu-tserver:64034] (MiniKuduCluster.java:429)
I0711 00:38:53.004689 7836 raft_consensus_state.cc:559] T 13410a5b9e644e6f86b34bea173a5677 P 8f3a2b7e9d2f4dc392f47ead5d0f114f [term 1 FOLLOWER]: Already marked ops through 1.26 as committed. Now trying to mark 0.0 which would be a no-op. 00:38:53.006 [INFO - kudu-tserver:64034] (MiniKuduCluster.java:429)
I0711 00:38:53.004714 7836 raft_consensus.cc:728] T 13410a5b9e644e6f86b34bea173a5677 P 8f3a2b7e9d2f4dc392f47ead5d0f114f [term 1 FOLLOWER]: Starting transaction: term: 1 index: 27 00:38:53.006 [INFO - kudu-tserver:64034] (MiniKuduCluster.java:429)
I0711 00:38:53.004900 7836 raft_consensus.cc:1215] T 13410a5b9e644e6f86b34bea173a5677 P 8f3a2b7e9d2f4dc392f47ead5d0f114f [term 1 FOLLOWER]: Marking committed up to term: 1 index: 26 00:38:53.006 [INFO - kudu-tserver:64034] (MiniKuduCluster.java:429)
I0711 00:38:53.004916 7836 raft_consensus_state.cc:559] T 13410a5b9e644e6f86b34bea173a5677 P 8f3a2b7e9d2f4dc392f47ead5d0f114f [term 1 FOLLOWER]: Already marked ops through 1.26 as committed. Now trying to mark 1.26 which would be a no-op. 00:38:53.006 [INFO - kudu-tserver:64034] (MiniKuduCluster.java:429)
I0711 00:38:53.004984 8216 log_cache.cc:214] T 13410a5b9e644e6f86b34bea173a5677 P 8f3a2b7e9d2f4dc392f47ead5d0f114f: Updating pinned index to 28 00:38:53.006 [INFO - kudu-tserver:64034] (MiniKuduCluster.java:429)
I0711 00:38:53.005025 8216 consensus_queue.cc:455] T 13410a5b9e644e6f86b34bea173a5677 P 8f3a2b7e9d2f4dc392f47ead5d0f114f [NON_LEADER]: Updated all_replicated watermark from 1.26 to 1.27 00:38:53.005 [INFO - kudu-tserver:64032] (MiniKuduCluster.java:429)
I0711 00:38:53.000977 7621 raft_consensus.cc:1104] T 13410a5b9e644e6f86b34bea173a5677 P 5d244bfce7964881aa25f36d26bb9cba [term 1 FOLLOWER]: Early marking committed up to term: 1 index: 26 00:38:53.007 [INFO - kudu-tserver:64032] (MiniKuduCluster.java:429)
I0711 00:38:53.000994 7621 raft_consensus_state.cc:578] T 13410a5b9e644e6f86b34bea173a5677 P 5d244bfce7964881aa25f36d26bb9cba [term 1 FOLLOWER]: Last triggered apply was: term: 1 index: 25 Starting to apply from log index: 26 00:38:53.007 [INFO - kudu-tserver:64032] (MiniKuduCluster.java:429)
I0711 00:38:53.001072 7621 raft_consensus.cc:1215] T 13410a5b9e644e6f86b34bea173a5677 P 5d244bfce7964881aa25f36d26bb9cba [term 1 FOLLOWER]: Marking committed up to term: 1 index: 26 00:38:53.007 [INFO - kudu-tserver:64032] (MiniKuduCluster.java:429)
I0711 00:38:53.001085 7621 raft_consensus_state.cc:559] T 13410a5b9e644e6f86b34bea173a5677 P 5d244bfce7964881aa25f36d26bb9cba [term 1 FOLLOWER]: Already marked ops through 1.26 as committed. Now trying to mark 1.26 which would be a no-op. 00:38:53.007 [INFO - kudu-tserver:64032] (MiniKuduCluster.java:429)
I0711 00:38:53.001132 7621 raft_consensus.cc:700] T 13410a5b9e644e6f86b34bea173a5677 P 5d244bfce7964881aa25f36d26bb9cba [term 1 FOLLOWER]: Replica replied to status only request. Replica: Replica: 5d244bfce7964881aa25f36d26bb9cba, State: 1, Role: FOLLOWER 00:38:53.007 [INFO - kudu-tserver:64032] (MiniKuduCluster.java:429) Watermarks: {Received: term: 1 index: 26 Committed: term: 1 index: 26} 00:38:53.004 [DEBUG - Thread-8] (TabletClient.java:261) [Peer b93116846b4a43a1a8398438c81d0239] [id: 0xe79a4fff, /127.0.0.1:48701 => /127.29.29.1:64036] Sending RPC #46, payload=BigEndianHeapChannelBuffer(ridx=0, widx=239, cap=239) "\x00\x00\x00\xEB/\x18.2(\n kudu.tserver.TabletServerService\x12\x04ScanP\xF4\x03\xB9\x01\x12\xB2\x01\n 13410a5b9e644e6f86b34bea173a5677\x10\xFF\xFF\xFF\xFF\xFF\xFF\xFF\xFF\x7F"\x11\x12\x03key\x18\x05 \x01(\x00@\x00H\x00P\x00"\x17\x12\tcolumn1_i\x18\x05 \x00(\x00@\x00H\x00P\x00"\x17\x12\tcolumn2_i\x18\x05 \x00(\x00@\x00H\x00P\x00"\x17\x12\tcolumn3_s\x18\x08 \x00(\x01@\x05H\x03P\x00"\x17\x12\tcolumn4_b\x18\t \x00(\x00@\x00H\x00P\x00(\x019\x00\x80\x05\x9C\x06\x16uSP\x01X\x01 \x80\x80@" 00:38:53.007 [INFO - kudu-tserver:64032] (MiniKuduCluster.java:429) . Response: responder_uuid: "5d244bfce7964881aa25f36d26bb9cba" responder_term: 1 status { last_received { term: 1 index: 26 } last_committed_idx: 26 last_received_current_leader { term: 1 index: 26 } } 00:38:53.006 [INFO - kudu-tserver:64034] (MiniKuduCluster.java:429)
I0711 00:38:53.005066 8216 log_cache.cc:391] T 13410a5b9e644e6f86b34bea173a5677 P 8f3a2b7e9d2f4dc392f47ead5d0f114f: Evicting log cache: after state: Pinned index: 28, LogCacheStats(num_ops=1, bytes=871) 00:38:53.007 [INFO - kudu-tserver:64034] (MiniKuduCluster.java:429)
I0711 00:38:53.005163 7836 raft_consensus.cc:700] T 13410a5b9e644e6f86b34bea173a5677 P 8f3a2b7e9d2f4dc392f47ead5d0f114f [term 1 FOLLOWER]: Replica replied to status only request. Replica: Replica: 8f3a2b7e9d2f4dc392f47ead5d0f114f, State: 1, Role: FOLLOWER 00:38:53.008 [INFO - kudu-tserver:64034] (MiniKuduCluster.java:429) Watermarks: {Received: term: 1 index: 27 Committed: term: 1 index: 26} 00:38:53.008 [INFO - kudu-tserver:64034] (MiniKuduCluster.java:429) . Response: responder_uuid: "8f3a2b7e9d2f4dc392f47ead5d0f114f" responder_term: 1 status { last_received { term: 1 index: 27 } last_committed_idx: 26 last_received_current_leader { term: 1 index: 27 } } 00:38:53.006 [INFO - kudu-tserver:64036] (MiniKuduCluster.java:429)
I0711 00:38:53.001449 8236 consensus_queue.cc:455] T 13410a5b9e644e6f86b34bea173a5677 P b93116846b4a43a1a8398438c81d0239 [LEADER]: Updated all_replicated watermark from 1.26 to 1.26 00:38:53.008 [INFO - kudu-tserver:64036] (MiniKuduCluster.java:429)
I0711 00:38:53.001480 8236 log_cache.cc:391] T 13410a5b9e644e6f86b34bea173a5677 P b93116846b4a43a1a8398438c81d0239: Evicting log cache: after state: Pinned index: 27, LogCacheStats(num_ops=0, bytes=0) 00:38:53.008 [INFO - kudu-tserver:64036] (MiniKuduCluster.java:429)
I0711 00:38:53.001529 8227 consensus_queue.cc:455] T 13410a5b9e644e6f86b34bea173a5677 P b93116846b4a43a1a8398438c81d0239 [LEADER]: Updated majority_replicated watermark from 1.26 to 1.26 00:38:53.008 [INFO - kudu-tserver:64036] (MiniKuduCluster.java:429)
I0711 00:38:53.001546 8227 consensus_queue.cc:455] T 13410a5b9e644e6f86b34bea173a5677 P b93116846b4a43a1a8398438c81d0239 [LEADER]: Updated all_replicated watermark from 1.26 to 1.26 00:38:53.008 [INFO - kudu-tserver:64036] (MiniKuduCluster.java:429)
I0711 00:38:53.001556 8227 log_cache.cc:391] T 13410a5b9e644e6f86b34bea173a5677 P b93116846b4a43a1a8398438c81d0239: Evicting log cache: after state: Pinned index: 27, LogCacheStats(num_ops=0, bytes=0) 00:38:53.008 [INFO - kudu-tserver:64036] (MiniKuduCluster.java:429)
I0711 00:38:53.001606 8240 raft_consensus.cc:588] T 13410a5b9e644e6f86b34bea173a5677 P b93116846b4a43a1a8398438c81d0239 [term 1 LEADER]: Marking majority replicated up to term: 1 index: 26 00:38:53.008 [INFO - kudu-tserver:64036] (MiniKuduCluster.java:429)
I0711 00:38:53.001618 8240 raft_consensus_state.cc:559] T 13410a5b9e644e6f86b34bea173a5677 P b93116846b4a43a1a8398438c81d0239 [term 1 LEADER]: Already marked ops through 1.26 as committed. Now trying to mark 1.26 which would be a no-op. 00:38:53.008 [INFO - kudu-tserver:64036] (MiniKuduCluster.java:429)
I0711 00:38:53.001684 8240 raft_consensus.cc:588] T 13410a5b9e644e6f86b34bea173a5677 P b93116846b4a43a1a8398438c81d0239 [term 1 LEADER]: Marking majority replicated up to term: 1 index: 26 00:38:53.008 [INFO - kudu-tserver:64036] (MiniKuduCluster.java:429)
I0711 00:38:53.001696 8240 raft_consensus_state.cc:559] T 13410a5b9e644e6f86b34bea173a5677 P b93116846b4a43a1a8398438c81d0239 [term 1 LEADER]: Already marked ops through 1.26 as committed. Now trying to mark 1.26 which would be a no-op. 00:38:53.006 [DEBUG - New I/O worker #134] (TabletClient.java:636) [Peer b93116846b4a43a1a8398438c81d0239] [id: 0xe79a4fff, /127.0.0.1:48701 => /127.29.29.1:64036] RECEIVED: BigEndianHeapChannelBuffer(ridx=0, widx=19, cap=19) 00:38:53.009 [DEBUG - New I/O worker #134] (TabletClient.java:359) ------------------>> ENTERING DECODE >>------------------ 00:38:53.008 [INFO - kudu-tserver:64036] (MiniKuduCluster.java:429)
I0711 00:38:53.004061 8225 log_cache.cc:214] T 13410a5b9e644e6f86b34bea173a5677 P b93116846b4a43a1a8398438c81d0239: Updating pinned index to 28 00:38:53.009 [INFO - kudu-tserver:64036] (MiniKuduCluster.java:429)
I0711 00:38:53.004091 8225 consensus_queue.cc:455] T 13410a5b9e644e6f86b34bea173a5677 P b93116846b4a43a1a8398438c81d0239 [LEADER]: Updated majority_replicated watermark from 1.26 to 1.26 00:38:53.009 [INFO - kudu-tserver:64036] (MiniKuduCluster.java:429)
I0711 00:38:53.004101 8225 consensus_queue.cc:455] T 13410a5b9e644e6f86b34bea173a5677 P b93116846b4a43a1a8398438c81d0239 [LEADER]: Updated all_replicated watermark from 1.26 to 1.26 00:38:53.009 [INFO - kudu-tserver:64036] (MiniKuduCluster.java:429)
I0711 00:38:53.004111 8225 log_cache.cc:391] T 13410a5b9e644e6f86b34bea173a5677 P b93116846b4a43a1a8398438c81d0239: Evicting log cache: after state: Pinned index: 28, LogCacheStats(num_ops=1, bytes=847) 00:38:53.009 [INFO - kudu-tserver:64036] (MiniKuduCluster.java:429)
I0711 00:38:53.004211 8240 raft_consensus.cc:588] T 13410a5b9e644e6f86b34bea173a5677 P b93116846b4a43a1a8398438c81d0239 [term 1 LEADER]: Marking majority replicated up to term: 1 index: 26 00:38:53.009 [INFO - kudu-tserver:64036] (MiniKuduCluster.java:429)
I0711 00:38:53.004221 8240 raft_consensus_state.cc:559] T 13410a5b9e644e6f86b34bea173a5677 P b93116846b4a43a1a8398438c81d0239 [term 1 LEADER]: Already marked ops through 1.26 as committed. Now trying to mark 1.26 which would be a no-op. 00:38:53.009 [INFO - kudu-tserver:64036] (MiniKuduCluster.java:429)
I0711 00:38:53.005514 8236 consensus_queue.cc:455] T 13410a5b9e644e6f86b34bea173a5677 P b93116846b4a43a1a8398438c81d0239 [LEADER]: Updated majority_replicated watermark from 1.26 to 1.27 00:38:53.009 [INFO - kudu-tserver:64036] (MiniKuduCluster.java:429)
I0711 00:38:53.005537 8236 consensus_queue.cc:455] T 13410a5b9e644e6f86b34bea173a5677 P b93116846b4a43a1a8398438c81d0239 [LEADER]: Updated all_replicated watermark from 1.26 to 1.26 00:38:53.009 [INFO - kudu-tserver:64036] (MiniKuduCluster.java:429)
I0711 00:38:53.005548 8236 log_cache.cc:391] T 13410a5b9e644e6f86b34bea173a5677 P b93116846b4a43a1a8398438c81d0239: Evicting log cache: after state: Pinned index: 28, LogCacheStats(num_ops=1, bytes=847) 00:38:53.010 [INFO - kudu-tserver:64036] (MiniKuduCluster.java:429)
I0711 00:38:53.005586 8227 consensus_queue.cc:455] T 13410a5b9e644e6f86b34bea173a5677 P b93116846b4a43a1a8398438c81d0239 [LEADER]: Updated majority_replicated watermark from 1.27 to 1.27 00:38:53.010 [INFO - kudu-tserver:64036] (MiniKuduCluster.java:429)
I0711 00:38:53.005604 8227 consensus_queue.cc:455] T 13410a5b9e644e6f86b34bea173a5677 P b93116846b4a43a1a8398438c81d0239 [LEADER]: Updated all_replicated watermark from 1.26 to 1.27 00:38:53.010 [INFO - kudu-tserver:64036] (MiniKuduCluster.java:429)
I0711 00:38:53.005614 8227 log_cache.cc:391] T 13410a5b9e644e6f86b34bea173a5677 P b93116846b4a43a1a8398438c81d0239: Evicting log cache: after state: Pinned index: 28, LogCacheStats(num_ops=1, bytes=847) 00:38:53.010 [INFO - kudu-tserver:64036] (MiniKuduCluster.java:429)
I0711 00:38:53.005667 8240 raft_consensus.cc:588] T 13410a5b9e644e6f86b34bea173a5677 P b93116846b4a43a1a8398438c81d0239 [term 1 LEADER]: Marking majority replicated up to term: 1 index: 27 00:38:53.010 [INFO - kudu-tserver:64036] (MiniKuduCluster.java:429)
I0711 00:38:53.005682 8240 raft_consensus_state.cc:578] T 13410a5b9e644e6f86b34bea173a5677 P b93116846b4a43a1a8398438c81d0239 [term 1 LEADER]: Last triggered apply was: term: 1 index: 26 Starting to apply from log index: 27 00:38:53.010 [INFO - kudu-tserver:64036] (MiniKuduCluster.java:429)
I0711 00:38:53.005883 8240 raft_consensus.cc:588] T 13410a5b9e644e6f86b34bea173a5677 P b93116846b4a43a1a8398438c81d0239 [term 1 LEADER]: Marking majority replicated up to term: 1 index: 27 00:38:53.010 [INFO - kudu-tserver:64036] (MiniKuduCluster.java:429)
I0711 00:38:53.005906 8240 raft_consensus_state.cc:559] T 13410a5b9e644e6f86b34bea173a5677 P b93116846b4a43a1a8398438c81d0239 [term 1 LEADER]: Already marked ops through 1.27 as committed. Now trying to mark 1.27 which would be a no-op. 00:38:53.010 [INFO - kudu-tserver:64036] (MiniKuduCluster.java:429)
I0711 00:38:53.006834 8236 consensus_queue.cc:455] T 13410a5b9e644e6f86b34bea173a5677 P b93116846b4a43a1a8398438c81d0239 [LEADER]: Updated majority_replicated watermark from 1.27 to 1.27 00:38:53.010 [INFO - kudu-tserver:64036] (MiniKuduCluster.java:429)
I0711 00:38:53.006856 8236 consensus_queue.cc:455] T 13410a5b9e644e6f86b34bea173a5677 P b93116846b4a43a1a8398438c81d0239 [LEADER]: Updated all_replicated watermark from 1.27 to 1.27 00:38:53.008 [INFO - kudu-tserver:64034] (MiniKuduCluster.java:429)
I0711 00:38:53.006347 7836 raft_consensus.cc:1104] T 13410a5b9e644e6f86b34bea173a5677 P 8f3a2b7e9d2f4dc392f47ead5d0f114f [term 1 FOLLOWER]: Early marking committed up to term: 1 index: 27 00:38:53.010 [INFO - kudu-tserver:64034] (MiniKuduCluster.java:429)
I0711 00:38:53.006379 7836 raft_consensus_state.cc:578] T 13410a5b9e644e6f86b34bea173a5677 P 8f3a2b7e9d2f4dc392f47ead5d0f114f [term 1 FOLLOWER]: Last triggered apply was: term: 1 index: 26 Starting to apply from log index: 27 00:38:53.010 [INFO - kudu-tserver:64034] (MiniKuduCluster.java:429)
I0711 00:38:53.006499 7836 raft_consensus.cc:1215] T 13410a5b9e644e6f86b34bea173a5677 P 8f3a2b7e9d2f4dc392f47ead5d0f114f [term 1 FOLLOWER]: Marking committed up to term: 1 index: 27 00:38:53.011 [INFO - kudu-tserver:64034] (MiniKuduCluster.java:429)
I0711 00:38:53.006516 7836 raft_consensus_state.cc:559] T 13410a5b9e644e6f86b34bea173a5677 P 8f3a2b7e9d2f4dc392f47ead5d0f114f [term 1 FOLLOWER]: Already marked ops through 1.27 as committed. Now trying to mark 1.27 which would be a no-op. 00:38:53.011 [INFO - kudu-tserver:64034] (MiniKuduCluster.java:429)
I0711 00:38:53.006549 7836 raft_consensus.cc:700] T 13410a5b9e644e6f86b34bea173a5677 P 8f3a2b7e9d2f4dc392f47ead5d0f114f [term 1 FOLLOWER]: Replica replied to status only request. Replica: Replica: 8f3a2b7e9d2f4dc392f47ead5d0f114f, State: 1, Role: FOLLOWER 00:38:53.011 [INFO - kudu-tserver:64034] (MiniKuduCluster.java:429) Watermarks: {Received: term: 1 index: 27 Committed: term: 1 index: 27} 00:38:53.011 [INFO - kudu-tserver:64034] (MiniKuduCluster.java:429) . Response: responder_uuid: "8f3a2b7e9d2f4dc392f47ead5d0f114f" responder_term: 1 status { last_received { term: 1 index: 27 } last_committed_idx: 27 last_received_current_leader { term: 1 index: 27 } } 00:38:53.007 [INFO - kudu-tserver:64032] (MiniKuduCluster.java:429)
I0711 00:38:53.004663 7621 raft_consensus.cc:1104] T 13410a5b9e644e6f86b34bea173a5677 P 5d244bfce7964881aa25f36d26bb9cba [term 1 FOLLOWER]: Early marking committed up to term: 0 index: 0 00:38:53.011 [INFO - kudu-tserver:64032] (MiniKuduCluster.java:429)
I0711 00:38:53.004688 7621 raft_consensus_state.cc:559] T 13410a5b9e644e6f86b34bea173a5677 P 5d244bfce7964881aa25f36d26bb9cba [term 1 FOLLOWER]: Already marked ops through 1.26 as committed. Now trying to mark 0.0 which would be a no-op. 00:38:53.011 [INFO - kudu-tserver:64032] (MiniKuduCluster.java:429)
I0711 00:38:53.004729 7621 raft_consensus.cc:728] T 13410a5b9e644e6f86b34bea173a5677 P 5d244bfce7964881aa25f36d26bb9cba [term 1 FOLLOWER]: Starting transaction: term: 1 index: 27 00:38:53.011 [INFO - kudu-tserver:64032] (MiniKuduCluster.java:429)
I0711 00:38:53.004917 7621 raft_consensus.cc:1215] T 13410a5b9e644e6f86b34bea173a5677 P 5d244bfce7964881aa25f36d26bb9cba [term 1 FOLLOWER]: Marking committed up to term: 1 index: 26 00:38:53.011 [INFO - kudu-tserver:64032] (MiniKuduCluster.java:429)
I0711 00:38:53.004933 7621 raft_consensus_state.cc:559] T 13410a5b9e644e6f86b34bea173a5677 P 5d244bfce7964881aa25f36d26bb9cba [term 1 FOLLOWER]: Already marked ops through 1.26 as committed. Now trying to mark 1.26 which would be a no-op. 00:38:53.011 [INFO - kudu-tserver:64032] (MiniKuduCluster.java:429)
I0711 00:38:53.005008 8220 log_cache.cc:214] T 13410a5b9e644e6f86b34bea173a5677 P 5d244bfce7964881aa25f36d26bb9cba: Updating pinned index to 28 00:38:53.011 [INFO - kudu-tserver:64032] (MiniKuduCluster.java:429)
I0711 00:38:53.005039 8220 consensus_queue.cc:455] T 13410a5b9e644e6f86b34bea173a5677 P 5d244bfce7964881aa25f36d26bb9cba [NON_LEADER]: Updated all_replicated watermark from 1.26 to 1.27 00:38:53.012 [INFO - kudu-tserver:64032] (MiniKuduCluster.java:429)
I0711 00:38:53.005074 8220 log_cache.cc:391] T 13410a5b9e644e6f86b34bea173a5677 P 5d244bfce7964881aa25f36d26bb9cba: Evicting log cache: after state: Pinned index: 28, LogCacheStats(num_ops=1, bytes=871) 00:38:53.012 [INFO - kudu-tserver:64032] (MiniKuduCluster.java:429)
I0711 00:38:53.005173 7621 raft_consensus.cc:700] T 13410a5b9e644e6f86b34bea173a5677 P 5d244bfce7964881aa25f36d26bb9cba [term 1 FOLLOWER]: Replica replied to status only request. Replica: Replica: 5d244bfce7964881aa25f36d26bb9cba, State: 1, Role: FOLLOWER 00:38:53.012 [INFO - kudu-tserver:64032] (MiniKuduCluster.java:429) Watermarks: {Received: term: 1 index: 27 Committed: term: 1 index: 26} 00:38:53.012 [INFO - kudu-tserver:64032] (MiniKuduCluster.java:429) . Response: responder_uuid: "5d244bfce7964881aa25f36d26bb9cba" responder_term: 1 status { last_received { term: 1 index: 27 } last_committed_idx: 26 last_received_current_leader { term: 1 index: 27 } } 00:38:53.012 [INFO - kudu-tserver:64032] (MiniKuduCluster.java:429)
I0711 00:38:53.006307 7621 raft_consensus.cc:1104] T 13410a5b9e644e6f86b34bea173a5677 P 5d244bfce7964881aa25f36d26bb9cba [term 1 FOLLOWER]: Early marking committed up to term: 1 index: 27 00:38:53.010 [INFO - kudu-tserver:64036] (MiniKuduCluster.java:429)
I0711 00:38:53.006888 8236 log_cache.cc:391] T 13410a5b9e644e6f86b34bea173a5677 P b93116846b4a43a1a8398438c81d0239: Evicting log cache: after state: Pinned index: 28, LogCacheStats(num_ops=0, bytes=0) 00:38:53.012 [INFO - kudu-tserver:64036] (MiniKuduCluster.java:429)
I0711 00:38:53.006966 8227 consensus_queue.cc:455] T 13410a5b9e644e6f86b34bea173a5677 P b93116846b4a43a1a8398438c81d0239 [LEADER]: Updated majority_replicated watermark from 1.27 to 1.27 00:38:53.012 [INFO - kudu-tserver:64036] (MiniKuduCluster.java:429)
I0711 00:38:53.006984 8227 consensus_queue.cc:455] T 13410a5b9e644e6f86b34bea173a5677 P b93116846b4a43a1a8398438c81d0239 [LEADER]: Updated all_replicated watermark from 1.27 to 1.27 00:38:53.012 [INFO - kudu-tserver:64036] (MiniKuduCluster.java:429)
I0711 00:38:53.006995 8227 log_cache.cc:391] T 13410a5b9e644e6f86b34bea173a5677 P b93116846b4a43a1a8398438c81d0239: Evicting log cache: after state: Pinned index: 28, LogCacheStats(num_ops=0, bytes=0) 00:38:53.012 [INFO - kudu-tserver:64036] (MiniKuduCluster.java:429)
I0711 00:38:53.007022 8240 raft_consensus.cc:588] T 13410a5b9e644e6f86b34bea173a5677 P b93116846b4a43a1a8398438c81d0239 [term 1 LEADER]: Marking majority replicated up to term: 1 index: 27 00:38:53.012 [INFO - kudu-tserver:64036] (MiniKuduCluster.java:429)
I0711 00:38:53.007033 8240 raft_consensus_state.cc:559] T 13410a5b9e644e6f86b34bea173a5677 P b93116846b4a43a1a8398438c81d0239 [term 1 LEADER]: Already marked ops through 1.27 as committed. Now trying to mark 1.27 which would be a no-op. 00:38:53.009 [DEBUG - New I/O worker #134] (TabletClient.java:426) [Peer b93116846b4a43a1a8398438c81d0239] rpcid=45, response size=19 bytes, 0 readable bytes left, rpc=KuduRpc(method=Write, tablet=13410a5b9e644e6f86b34bea173a5677, attempt=1, DeadlineTracker(timeout=30000, elapsed=7), Deferred@668277461(state=PENDING, result=null, callback=wakeup thread Thread-7, errback=wakeup thread Thread-7)) row_key=(int32 key=43) 00:38:53.013 [INFO - kudu-tserver:64036] (MiniKuduCluster.java:429)
I0711 00:38:53.007076 8240 raft_consensus.cc:588] T 13410a5b9e644e6f86b34bea173a5677 P b93116846b4a43a1a8398438c81d0239 [term 1 LEADER]: Marking majority replicated up to term: 1 index: 27 00:38:53.013 [INFO - kudu-tserver:64036] (MiniKuduCluster.java:429)
I0711 00:38:53.007081 8240 raft_consensus_state.cc:559] T 13410a5b9e644e6f86b34bea173a5677 P b93116846b4a43a1a8398438c81d0239 [term 1 LEADER]: Already marked ops through 1.27 as committed. Now trying to mark 1.27 which would be a no-op. 00:38:53.012 [INFO - kudu-tserver:64032] (MiniKuduCluster.java:429)
I0711 00:38:53.006350 7621 raft_consensus_state.cc:578] T 13410a5b9e644e6f86b34bea173a5677 P 5d244bfce7964881aa25f36d26bb9cba [term 1 FOLLOWER]: Last triggered apply was: term: 1 index: 26 Starting to apply from log index: 27 00:38:53.013 [INFO - kudu-tserver:64032] (MiniKuduCluster.java:429)
I0711 00:38:53.006451 7621 raft_consensus.cc:1215] T 13410a5b9e644e6f86b34bea173a5677 P 5d244bfce7964881aa25f36d26bb9cba [term 1 FOLLOWER]: Marking committed up to term: 1 index: 27 00:38:53.013 [INFO - kudu-tserver:64032] (MiniKuduCluster.java:429)
I0711 00:38:53.006464 7621 raft_consensus_state.cc:559] T 13410a5b9e644e6f86b34bea173a5677 P 5d244bfce7964881aa25f36d26bb9cba [term 1 FOLLOWER]: Already marked ops through 1.27 as committed. Now trying to mark 1.27 which would be a no-op. 00:38:53.013 [INFO - kudu-tserver:64032] (MiniKuduCluster.java:429)
I0711 00:38:53.006523 7621 raft_consensus.cc:700] T 13410a5b9e644e6f86b34bea173a5677 P 5d244bfce7964881aa25f36d26bb9cba [term 1 FOLLOWER]: Replica replied to status only request. Replica: Replica: 5d244bfce7964881aa25f36d26bb9cba, State: 1, Role: FOLLOWER 00:38:53.013 [DEBUG - Thread-7] (TabletClient.java:261) [Peer b93116846b4a43a1a8398438c81d0239] [id: 0xe79a4fff, /127.0.0.1:48701 => /127.29.29.1:64036] Sending RPC #47, payload=BigEndianHeapChannelBuffer(ridx=0, widx=267, cap=267) "\x00\x00\x01\x070\x18/2)\n kudu.tserver.TabletServerService\x12\x05WriteP\xF4\x03\xD4\x01\n 13410a5b9e644e6f86b34bea173a5677\x12w\n\x11\x12\x03key\x18\x05 \x01(\x00@\x00H\x00P\x00\n\x17\x12\tcolumn1_i\x18\x05 \x00(\x00@\x00H\x00P\x00\n\x17\x12\tcolumn2_i\x18\x05 \x00(\x00@\x00H\x00P\x00\n\x17\x12\tcolumn3_s\x18\x08 \x00(\x01@\x05H\x03P\x00\n\x17\x12\tcolumn4_b\x18\t \x00(\x00@\x00H\x00P\x00\x1A,\x12 \x01\x1F\x00,\x00\x00\x00\x02\x00\x00\x00\x03\x00\x00\x00\x00\x00\x00\x00\x00\x00\x00\x00\x08\x00\x00\x00\x00\x00\x00\x00\x01\x1A\x08a string \x01)\x00\x80\x05\x9C\x06\x16uS" 00:38:53.013 [DEBUG - New I/O worker #134] (TabletClient.java:491) ------------------<< LEAVING DECODE <<------------------ time elapsed: 4210us 00:38:53.013 [INFO - kudu-tserver:64032] (MiniKuduCluster.java:429) Watermarks: {Received: term: 1 index: 27 Committed: term: 1 index: 27} 00:38:53.014 [INFO - kudu-tserver:64032] (MiniKuduCluster.java:429) . Response: responder_uuid: "5d244bfce7964881aa25f36d26bb9cba" responder_term: 1 status { last_received { term: 1 index: 27 } last_committed_idx: 27 last_received_current_leader { term: 1 index: 27 } } 00:38:53.014 [DEBUG - New I/O worker #134] (TabletClient.java:636) [Peer b93116846b4a43a1a8398438c81d0239] [id: 0xe79a4fff, /127.0.0.1:48701 => /127.29.29.1:64036] WRITTEN_AMOUNT: 506 00:38:53.014 [INFO - kudu-tserver:64036] (MiniKuduCluster.java:429)
I0711 00:38:53.014945 7913 tablet_service.cc:1501] Started scanner 95c75ea3bf584f2388ab67c8dabbe2a3: tablet iterator: Union(memrowset iterator) 00:38:53.015 [INFO - kudu-tserver:64036] (MiniKuduCluster.java:429)
I0711 00:38:53.015220 8225 log_cache.cc:214] T 13410a5b9e644e6f86b34bea173a5677 P b93116846b4a43a1a8398438c81d0239: Updating pinned index to 29 00:38:53.015 [INFO - kudu-tserver:64036] (MiniKuduCluster.java:429)
I0711 00:38:53.015262 8225 consensus_queue.cc:455] T 13410a5b9e644e6f86b34bea173a5677 P b93116846b4a43a1a8398438c81d0239 [LEADER]: Updated majority_replicated watermark from 1.27 to 1.27 00:38:53.015 [INFO - kudu-tserver:64036] (MiniKuduCluster.java:429)
I0711 00:38:53.015275 8225 consensus_queue.cc:455] T 13410a5b9e644e6f86b34bea173a5677 P b93116846b4a43a1a8398438c81d0239 [LEADER]: Updated all_replicated watermark from 1.27 to 1.27 00:38:53.015 [DEBUG - New I/O worker #134] (TabletClient.java:636) [Peer b93116846b4a43a1a8398438c81d0239] [id: 0xe79a4fff, /127.0.0.1:48701 => /127.29.29.1:64036] RECEIVED: BigEndianHeapChannelBuffer(ridx=0, widx=1024, cap=1024) 00:38:53.015 [INFO - kudu-tserver:64036] (MiniKuduCluster.java:429)
I0711 00:38:53.015285 8225 log_cache.cc:391] T 13410a5b9e644e6f86b34bea173a5677 P b93116846b4a43a1a8398438c81d0239: Evicting log cache: after state: Pinned index: 29, LogCacheStats(num_ops=1, bytes=847) 00:38:53.015 [DEBUG - New I/O worker #134] (TabletClient.java:359) ------------------>> ENTERING DECODE >>------------------ 00:38:53.015 [INFO - kudu-tserver:64032] (MiniKuduCluster.java:429)
I0711 00:38:53.015853 7621 raft_consensus.cc:1104] T 13410a5b9e644e6f86b34bea173a5677 P 5d244bfce7964881aa25f36d26bb9cba [term 1 FOLLOWER]: Early marking committed up to term: 0 index: 0 00:38:53.016 [INFO - kudu-tserver:64032] (MiniKuduCluster.java:429)
I0711 00:38:53.015879 7621 raft_consensus_state.cc:559] T 13410a5b9e644e6f86b34bea173a5677 P 5d244bfce7964881aa25f36d26bb9cba [term 1 FOLLOWER]: Already marked ops through 1.27 as committed. Now trying to mark 0.0 which would be a no-op. 00:38:53.016 [INFO - kudu-tserver:64032] (MiniKuduCluster.java:429)
I0711 00:38:53.015894 7621 raft_consensus.cc:728] T 13410a5b9e644e6f86b34bea173a5677 P 5d244bfce7964881aa25f36d26bb9cba [term 1 FOLLOWER]: Starting transaction: term: 1 index: 28 00:38:53.015 [INFO - kudu-tserver:64034] (MiniKuduCluster.java:429)
I0711 00:38:53.015825 7836 raft_consensus.cc:1104] T 13410a5b9e644e6f86b34bea173a5677 P 8f3a2b7e9d2f4dc392f47ead5d0f114f [term 1 FOLLOWER]: Early marking committed up to term: 0 index: 0 00:38:53.016 [INFO - kudu-tserver:64034] (MiniKuduCluster.java:429)
I0711 00:38:53.015852 7836 raft_consensus_state.cc:559] T 13410a5b9e644e6f86b34bea173a5677 P 8f3a2b7e9d2f4dc392f47ead5d0f114f [term 1 FOLLOWER]: Already marked ops through 1.27 as committed. Now trying to mark 0.0 which would be a no-op. 00:38:53.016 [INFO - kudu-tserver:64034] (MiniKuduCluster.java:429)
I0711 00:38:53.015871 7836 raft_consensus.cc:728] T 13410a5b9e644e6f86b34bea173a5677 P 8f3a2b7e9d2f4dc392f47ead5d0f114f [term 1 FOLLOWER]: Starting transaction: term: 1 index: 28 00:38:53.015 [INFO - kudu-tserver:64036] (MiniKuduCluster.java:429)
I0711 00:38:53.015405 8240 raft_consensus.cc:588] T 13410a5b9e644e6f86b34bea173a5677 P b93116846b4a43a1a8398438c81d0239 [term 1 LEADER]: Marking majority replicated up to term: 1 index: 27 00:38:53.016 [INFO - kudu-tserver:64036] (MiniKuduCluster.java:429)
I0711 00:38:53.015419 8240 raft_consensus_state.cc:559] T 13410a5b9e644e6f86b34bea173a5677 P b93116846b4a43a1a8398438c81d0239 [term 1 LEADER]: Already marked ops through 1.27 as committed. Now trying to mark 1.27 which would be a no-op. 00:38:53.016 [INFO - kudu-tserver:64034] (MiniKuduCluster.java:429)
I0711 00:38:53.016064 7836 raft_consensus.cc:1215] T 13410a5b9e644e6f86b34bea173a5677 P 8f3a2b7e9d2f4dc392f47ead5d0f114f [term 1 FOLLOWER]: Marking committed up to term: 1 index: 27 00:38:53.016 [INFO - kudu-tserver:64034] (MiniKuduCluster.java:429)
I0711 00:38:53.016088 7836 raft_consensus_state.cc:559] T 13410a5b9e644e6f86b34bea173a5677 P 8f3a2b7e9d2f4dc392f47ead5d0f114f [term 1 FOLLOWER]: Already marked ops through 1.27 as committed. Now trying to mark 1.27 which would be a no-op. 00:38:53.017 [INFO - kudu-tserver:64034] (MiniKuduCluster.java:429)
I0711 00:38:53.016149 8216 log_cache.cc:214] T 13410a5b9e644e6f86b34bea173a5677 P 8f3a2b7e9d2f4dc392f47ead5d0f114f: Updating pinned index to 29 00:38:53.017 [INFO - kudu-tserver:64034] (MiniKuduCluster.java:429)
I0711 00:38:53.016187 8216 consensus_queue.cc:455] T 13410a5b9e644e6f86b34bea173a5677 P 8f3a2b7e9d2f4dc392f47ead5d0f114f [NON_LEADER]: Updated all_replicated watermark from 1.27 to 1.28 00:38:53.017 [INFO - kudu-tserver:64034] (MiniKuduCluster.java:429)
I0711 00:38:53.016223 8216 log_cache.cc:391] T 13410a5b9e644e6f86b34bea173a5677 P 8f3a2b7e9d2f4dc392f47ead5d0f114f: Evicting log cache: after state: Pinned index: 29, LogCacheStats(num_ops=1, bytes=871) 00:38:53.017 [INFO - kudu-tserver:64034] (MiniKuduCluster.java:429)
I0711 00:38:53.016309 7836 raft_consensus.cc:700] T 13410a5b9e644e6f86b34bea173a5677 P 8f3a2b7e9d2f4dc392f47ead5d0f114f [term 1 FOLLOWER]: Replica replied to status only request. Replica: Replica: 8f3a2b7e9d2f4dc392f47ead5d0f114f, State: 1, Role: FOLLOWER 00:38:53.017 [INFO - kudu-tserver:64034] (MiniKuduCluster.java:429) Watermarks: {Received: term: 1 index: 28 Committed: term: 1 index: 27} 00:38:53.017 [INFO - kudu-tserver:64034] (MiniKuduCluster.java:429) . Response: responder_uuid: "8f3a2b7e9d2f4dc392f47ead5d0f114f" responder_term: 1 status { last_received { term: 1 index: 28 } last_committed_idx: 27 last_received_current_leader { term: 1 index: 28 } } 00:38:53.016 [INFO - kudu-tserver:64032] (MiniKuduCluster.java:429)
I0711 00:38:53.016088 7621 raft_consensus.cc:1215] T 13410a5b9e644e6f86b34bea173a5677 P 5d244bfce7964881aa25f36d26bb9cba [term 1 FOLLOWER]: Marking committed up to term: 1 index: 27 00:38:53.017 [INFO - kudu-tserver:64032] (MiniKuduCluster.java:429)
I0711 00:38:53.016104 7621 raft_consensus_state.cc:559] T 13410a5b9e644e6f86b34bea173a5677 P 5d244bfce7964881aa25f36d26bb9cba [term 1 FOLLOWER]: Already marked ops through 1.27 as committed. Now trying to mark 1.27 which would be a no-op. 00:38:53.017 [INFO - kudu-tserver:64032] (MiniKuduCluster.java:429)
I0711 00:38:53.016172 8220 log_cache.cc:214] T 13410a5b9e644e6f86b34bea173a5677 P 5d244bfce7964881aa25f36d26bb9cba: Updating pinned index to 29 00:38:53.017 [INFO - kudu-tserver:64032] (MiniKuduCluster.java:429)
I0711 00:38:53.016203 8220 consensus_queue.cc:455] T 13410a5b9e644e6f86b34bea173a5677 P 5d244bfce7964881aa25f36d26bb9cba [NON_LEADER]: Updated all_replicated watermark from 1.27 to 1.28 00:38:53.018 [INFO - kudu-tserver:64032] (MiniKuduCluster.java:429)
I0711 00:38:53.016237 8220 log_cache.cc:391] T 13410a5b9e644e6f86b34bea173a5677 P 5d244bfce7964881aa25f36d26bb9cba: Evicting log cache: after state: Pinned index: 29, LogCacheStats(num_ops=1, bytes=871) 00:38:53.016 [DEBUG - New I/O worker #134] (TabletClient.java:636) [Peer b93116846b4a43a1a8398438c81d0239] [id: 0xe79a4fff, /127.0.0.1:48701 => /127.29.29.1:64036] RECEIVED: BigEndianHeapChannelBuffer(ridx=0, widx=686, cap=686) 00:38:53.018 [INFO - kudu-tserver:64032] (MiniKuduCluster.java:429)
I0711 00:38:53.016324 7621 raft_consensus.cc:700] T 13410a5b9e644e6f86b34bea173a5677 P 5d244bfce7964881aa25f36d26bb9cba [term 1 FOLLOWER]: Replica replied to status only request. Replica: Replica: 5d244bfce7964881aa25f36d26bb9cba, State: 1, Role: FOLLOWER 00:38:53.018 [INFO - kudu-tserver:64032] (MiniKuduCluster.java:429) Watermarks: {Received: term: 1 index: 28 Committed: term: 1 index: 27} 00:38:53.017 [INFO - kudu-tserver:64034] (MiniKuduCluster.java:429)
I0711 00:38:53.017501 7836 raft_consensus.cc:1104] T 13410a5b9e644e6f86b34bea173a5677 P 8f3a2b7e9d2f4dc392f47ead5d0f114f [term 1 FOLLOWER]: Early marking committed up to term: 1 index: 28 00:38:53.018 [INFO - kudu-tserver:64034] (MiniKuduCluster.java:429)
I0711 00:38:53.017523 7836 raft_consensus_state.cc:578] T 13410a5b9e644e6f86b34bea173a5677 P 8f3a2b7e9d2f4dc392f47ead5d0f114f [term 1 FOLLOWER]: Last triggered apply was: term: 1 index: 27 Starting to apply from log index: 28 00:38:53.018 [INFO - kudu-tserver:64034] (MiniKuduCluster.java:429)
I0711 00:38:53.017611 7836 raft_consensus.cc:1215] T 13410a5b9e644e6f86b34bea173a5677 P 8f3a2b7e9d2f4dc392f47ead5d0f114f [term 1 FOLLOWER]: Marking committed up to term: 1 index: 28 00:38:53.016 [INFO - kudu-tserver:64036] (MiniKuduCluster.java:429)
I0711 00:38:53.016710 8236 consensus_queue.cc:455] T 13410a5b9e644e6f86b34bea173a5677 P b93116846b4a43a1a8398438c81d0239 [LEADER]: Updated majority_replicated watermark from 1.27 to 1.28 00:38:53.018 [INFO - kudu-tserver:64034] (MiniKuduCluster.java:429)
I0711 00:38:53.017624 7836 raft_consensus_state.cc:559] T 13410a5b9e644e6f86b34bea173a5677 P 8f3a2b7e9d2f4dc392f47ead5d0f114f [term 1 FOLLOWER]: Already marked ops through 1.28 as committed. Now trying to mark 1.28 which would be a no-op. 00:38:53.019 [INFO - kudu-tserver:64034] (MiniKuduCluster.java:429)
I0711 00:38:53.017663 7836 raft_consensus.cc:700] T 13410a5b9e644e6f86b34bea173a5677 P 8f3a2b7e9d2f4dc392f47ead5d0f114f [term 1 FOLLOWER]: Replica replied to status only request. Replica: Replica: 8f3a2b7e9d2f4dc392f47ead5d0f114f, State: 1, Role: FOLLOWER 00:38:53.019 [INFO - kudu-tserver:64034] (MiniKuduCluster.java:429) Watermarks: {Received: term: 1 index: 28 Committed: term: 1 index: 28} 00:38:53.019 [INFO - kudu-tserver:64034] (MiniKuduCluster.java:429) . Response: responder_uuid: "8f3a2b7e9d2f4dc392f47ead5d0f114f" responder_term: 1 status { last_received { term: 1 index: 28 } last_committed_idx: 28 last_received_current_leader { term: 1 index: 28 } } 00:38:53.018 [INFO - kudu-tserver:64032] (MiniKuduCluster.java:429) . Response: responder_uuid: "5d244bfce7964881aa25f36d26bb9cba" responder_term: 1 status { last_received { term: 1 index: 28 } last_committed_idx: 27 last_received_current_leader { term: 1 index: 28 } } 00:38:53.018 [DEBUG - New I/O worker #134] (TabletClient.java:359) ------------------>> ENTERING DECODE >>------------------ 00:38:53.019 [INFO - kudu-tserver:64032] (MiniKuduCluster.java:429)
I0711 00:38:53.017441 7621 raft_consensus.cc:1104] T 13410a5b9e644e6f86b34bea173a5677 P 5d244bfce7964881aa25f36d26bb9cba [term 1 FOLLOWER]: Early marking committed up to term: 1 index: 28 00:38:53.019 [INFO - kudu-tserver:64032] (MiniKuduCluster.java:429)
I0711 00:38:53.017457 7621 raft_consensus_state.cc:578] T 13410a5b9e644e6f86b34bea173a5677 P 5d244bfce7964881aa25f36d26bb9cba [term 1 FOLLOWER]: Last triggered apply was: term: 1 index: 27 Starting to apply from log index: 28 00:38:53.019 [INFO - kudu-tserver:64032] (MiniKuduCluster.java:429)
