I0711 00:38:53.190521 7836 raft_consensus_state.cc:559] T 13410a5b9e644e6f86b34bea173a5677 P 8f3a2b7e9d2f4dc392f47ead5d0f114f [term 1 FOLLOWER]: Already marked ops through 1.47 as committed. Now trying to mark 1.47 which would be a no-op. 00:38:53.191 [INFO - kudu-tserver:64034] (MiniKuduCluster.java:429)
I0711 00:38:53.190552 7836 raft_consensus.cc:700] T 13410a5b9e644e6f86b34bea173a5677 P 8f3a2b7e9d2f4dc392f47ead5d0f114f [term 1 FOLLOWER]: Replica replied to status only request. Replica: Replica: 8f3a2b7e9d2f4dc392f47ead5d0f114f, State: 1, Role: FOLLOWER 00:38:53.191 [INFO - kudu-tserver:64034] (MiniKuduCluster.java:429) Watermarks: {Received: term: 1 index: 47 Committed: term: 1 index: 47} 00:38:53.191 [INFO - kudu-tserver:64034] (MiniKuduCluster.java:429) . Response: responder_uuid: "8f3a2b7e9d2f4dc392f47ead5d0f114f" responder_term: 1 status { last_received { term: 1 index: 47 } last_committed_idx: 47 last_received_current_leader { term: 1 index: 47 } } 00:38:53.190 [DEBUG - New I/O worker #134] (TabletClient.java:636) [Peer b93116846b4a43a1a8398438c81d0239] [id: 0xe79a4fff, /127.0.0.1:48701 => /127.29.29.1:64036] RECEIVED: BigEndianHeapChannelBuffer(ridx=0, widx=19, cap=19) 00:38:53.191 [DEBUG - New I/O worker #134] (TabletClient.java:359) ------------------>> ENTERING DECODE >>------------------ 00:38:53.189 [INFO - kudu-tserver:64032] (MiniKuduCluster.java:429)
I0711 00:38:53.188691 7621 raft_consensus.cc:728] T 13410a5b9e644e6f86b34bea173a5677 P 5d244bfce7964881aa25f36d26bb9cba [term 1 FOLLOWER]: Starting transaction: term: 1 index: 47 00:38:53.191 [INFO - kudu-tserver:64032] (MiniKuduCluster.java:429)
I0711 00:38:53.189088 7621 raft_consensus.cc:1215] T 13410a5b9e644e6f86b34bea173a5677 P 5d244bfce7964881aa25f36d26bb9cba [term 1 FOLLOWER]: Marking committed up to term: 1 index: 46 00:38:53.189 [INFO - kudu-tserver:64036] (MiniKuduCluster.java:429)
I0711 00:38:53.189556 8227 consensus_queue.cc:455] T 13410a5b9e644e6f86b34bea173a5677 P b93116846b4a43a1a8398438c81d0239 [LEADER]: Updated majority_replicated watermark from 1.46 to 1.47 00:38:53.192 [INFO - kudu-tserver:64036] (MiniKuduCluster.java:429)
I0711 00:38:53.189594 8227 consensus_queue.cc:455] T 13410a5b9e644e6f86b34bea173a5677 P b93116846b4a43a1a8398438c81d0239 [LEADER]: Updated all_replicated watermark from 1.46 to 1.46 00:38:53.192 [INFO - kudu-tserver:64032] (MiniKuduCluster.java:429)
I0711 00:38:53.189105 7621 raft_consensus_state.cc:559] T 13410a5b9e644e6f86b34bea173a5677 P 5d244bfce7964881aa25f36d26bb9cba [term 1 FOLLOWER]: Already marked ops through 1.46 as committed. Now trying to mark 1.46 which would be a no-op. 00:38:53.192 [INFO - kudu-tserver:64032] (MiniKuduCluster.java:429)
I0711 00:38:53.189183 8220 log_cache.cc:214] T 13410a5b9e644e6f86b34bea173a5677 P 5d244bfce7964881aa25f36d26bb9cba: Updating pinned index to 48 00:38:53.192 [INFO - kudu-tserver:64032] (MiniKuduCluster.java:429)
I0711 00:38:53.189241 8220 consensus_queue.cc:455] T 13410a5b9e644e6f86b34bea173a5677 P 5d244bfce7964881aa25f36d26bb9cba [NON_LEADER]: Updated all_replicated watermark from 1.46 to 1.47 00:38:53.191 [DEBUG - New I/O worker #134] (TabletClient.java:426) [Peer b93116846b4a43a1a8398438c81d0239] rpcid=86, response size=19 bytes, 0 readable bytes left, rpc=KuduRpc(method=Write, tablet=13410a5b9e644e6f86b34bea173a5677, attempt=1, DeadlineTracker(timeout=30000, elapsed=9), Deferred@970185317(state=PENDING, result=null, callback=wakeup thread Thread-7, errback=wakeup thread Thread-7)) row_key=(int32 key=72) 00:38:53.192 [INFO - kudu-tserver:64032] (MiniKuduCluster.java:429)
I0711 00:38:53.189280 8220 log_cache.cc:391] T 13410a5b9e644e6f86b34bea173a5677 P 5d244bfce7964881aa25f36d26bb9cba: Evicting log cache: after state: Pinned index: 48, LogCacheStats(num_ops=1, bytes=871) 00:38:53.193 [INFO - kudu-tserver:64032] (MiniKuduCluster.java:429)
I0711 00:38:53.189393 7621 raft_consensus.cc:700] T 13410a5b9e644e6f86b34bea173a5677 P 5d244bfce7964881aa25f36d26bb9cba [term 1 FOLLOWER]: Replica replied to status only request. Replica: Replica: 5d244bfce7964881aa25f36d26bb9cba, State: 1, Role: FOLLOWER 00:38:53.192 [INFO - kudu-tserver:64036] (MiniKuduCluster.java:429)
I0711 00:38:53.189613 8227 log_cache.cc:391] T 13410a5b9e644e6f86b34bea173a5677 P b93116846b4a43a1a8398438c81d0239: Evicting log cache: after state: Pinned index: 48, LogCacheStats(num_ops=1, bytes=847) 00:38:53.193 [INFO - kudu-tserver:64036] (MiniKuduCluster.java:429)
I0711 00:38:53.189730 8236 consensus_queue.cc:455] T 13410a5b9e644e6f86b34bea173a5677 P b93116846b4a43a1a8398438c81d0239 [LEADER]: Updated majority_replicated watermark from 1.47 to 1.47 00:38:53.193 [INFO - kudu-tserver:64036] (MiniKuduCluster.java:429)
I0711 00:38:53.189749 8236 consensus_queue.cc:455] T 13410a5b9e644e6f86b34bea173a5677 P b93116846b4a43a1a8398438c81d0239 [LEADER]: Updated all_replicated watermark from 1.46 to 1.47 00:38:53.193 [INFO - kudu-tserver:64036] (MiniKuduCluster.java:429)
I0711 00:38:53.189759 8236 log_cache.cc:391] T 13410a5b9e644e6f86b34bea173a5677 P b93116846b4a43a1a8398438c81d0239: Evicting log cache: after state: Pinned index: 48, LogCacheStats(num_ops=1, bytes=847) 00:38:53.193 [DEBUG - Thread-7] (TabletClient.java:261) [Peer b93116846b4a43a1a8398438c81d0239] [id: 0xe79a4fff, /127.0.0.1:48701 => /127.29.29.1:64036] Sending RPC #88, payload=BigEndianHeapChannelBuffer(ridx=0, widx=267, cap=267) "\x00\x00\x01\x070\x18X2)\n kudu.tserver.TabletServerService\x12\x05WriteP\xF4\x03\xD4\x01\n 13410a5b9e644e6f86b34bea173a5677\x12w\n\x11\x12\x03key\x18\x05 \x01(\x00@\x00H\x00P\x00\n\x17\x12\tcolumn1_i\x18\x05 \x00(\x00@\x00H\x00P\x00\n\x17\x12\tcolumn2_i\x18\x05 \x00(\x00@\x00H\x00P\x00\n\x17\x12\tcolumn3_s\x18\x08 \x00(\x01@\x05H\x03P\x00\n\x17\x12\tcolumn4_b\x18\t \x00(\x00@\x00H\x00P\x00\x1A,\x12 \x01\x1F\x00I\x00\x00\x00\x02\x00\x00\x00\x03\x00\x00\x00\x00\x00\x00\x00\x00\x00\x00\x00\x08\x00\x00\x00\x00\x00\x00\x00\x01\x1A\x08a string \x01)\x00\xF0\xE2\xC7\x06\x16uS" 00:38:53.193 [INFO - kudu-tserver:64032] (MiniKuduCluster.java:429) Watermarks: {Received: term: 1 index: 47 Committed: term: 1 index: 46} 00:38:53.193 [INFO - kudu-tserver:64032] (MiniKuduCluster.java:429) . Response: responder_uuid: "5d244bfce7964881aa25f36d26bb9cba" responder_term: 1 status { last_received { term: 1 index: 47 } last_committed_idx: 46 last_received_current_leader { term: 1 index: 47 } } 00:38:53.193 [DEBUG - New I/O worker #134] (TabletClient.java:491) ------------------<< LEAVING DECODE <<------------------ time elapsed: 1346us 00:38:53.193 [INFO - kudu-tserver:64032] (MiniKuduCluster.java:429)
I0711 00:38:53.190415 7621 raft_consensus.cc:1104] T 13410a5b9e644e6f86b34bea173a5677 P 5d244bfce7964881aa25f36d26bb9cba [term 1 FOLLOWER]: Early marking committed up to term: 1 index: 47 00:38:53.194 [INFO - kudu-tserver:64032] (MiniKuduCluster.java:429)
I0711 00:38:53.190431 7621 raft_consensus_state.cc:578] T 13410a5b9e644e6f86b34bea173a5677 P 5d244bfce7964881aa25f36d26bb9cba [term 1 FOLLOWER]: Last triggered apply was: term: 1 index: 46 Starting to apply from log index: 47 00:38:53.194 [INFO - kudu-tserver:64032] (MiniKuduCluster.java:429)
I0711 00:38:53.190546 7621 raft_consensus.cc:1215] T 13410a5b9e644e6f86b34bea173a5677 P 5d244bfce7964881aa25f36d26bb9cba [term 1 FOLLOWER]: Marking committed up to term: 1 index: 47 00:38:53.194 [INFO - kudu-tserver:64032] (MiniKuduCluster.java:429)
I0711 00:38:53.190560 7621 raft_consensus_state.cc:559] T 13410a5b9e644e6f86b34bea173a5677 P 5d244bfce7964881aa25f36d26bb9cba [term 1 FOLLOWER]: Already marked ops through 1.47 as committed. Now trying to mark 1.47 which would be a no-op. 00:38:53.194 [INFO - kudu-tserver:64032] (MiniKuduCluster.java:429)
I0711 00:38:53.190590 7621 raft_consensus.cc:700] T 13410a5b9e644e6f86b34bea173a5677 P 5d244bfce7964881aa25f36d26bb9cba [term 1 FOLLOWER]: Replica replied to status only request. Replica: Replica: 5d244bfce7964881aa25f36d26bb9cba, State: 1, Role: FOLLOWER 00:38:53.194 [INFO - kudu-tserver:64032] (MiniKuduCluster.java:429) Watermarks: {Received: term: 1 index: 47 Committed: term: 1 index: 47} 00:38:53.194 [INFO - kudu-tserver:64032] (MiniKuduCluster.java:429) . Response: responder_uuid: "5d244bfce7964881aa25f36d26bb9cba" responder_term: 1 status { last_received { term: 1 index: 47 } last_committed_idx: 47 last_received_current_leader { term: 1 index: 47 } } 00:38:53.193 [INFO - kudu-tserver:64036] (MiniKuduCluster.java:429)
I0711 00:38:53.189785 8240 raft_consensus.cc:588] T 13410a5b9e644e6f86b34bea173a5677 P b93116846b4a43a1a8398438c81d0239 [term 1 LEADER]: Marking majority replicated up to term: 1 index: 47 00:38:53.194 [INFO - kudu-tserver:64036] (MiniKuduCluster.java:429)
I0711 00:38:53.189800 8240 raft_consensus_state.cc:578] T 13410a5b9e644e6f86b34bea173a5677 P b93116846b4a43a1a8398438c81d0239 [term 1 LEADER]: Last triggered apply was: term: 1 index: 46 Starting to apply from log index: 47 00:38:53.194 [INFO - kudu-tserver:64036] (MiniKuduCluster.java:429)
I0711 00:38:53.189939 8240 raft_consensus.cc:588] T 13410a5b9e644e6f86b34bea173a5677 P b93116846b4a43a1a8398438c81d0239 [term 1 LEADER]: Marking majority replicated up to term: 1 index: 47 00:38:53.194 [INFO - kudu-tserver:64036] (MiniKuduCluster.java:429)
I0711 00:38:53.189949 8240 raft_consensus_state.cc:559] T 13410a5b9e644e6f86b34bea173a5677 P b93116846b4a43a1a8398438c81d0239 [term 1 LEADER]: Already marked ops through 1.47 as committed. Now trying to mark 1.47 which would be a no-op. 00:38:53.195 [INFO - kudu-tserver:64036] (MiniKuduCluster.java:429)
I0711 00:38:53.190842 8236 consensus_queue.cc:455] T 13410a5b9e644e6f86b34bea173a5677 P b93116846b4a43a1a8398438c81d0239 [LEADER]: Updated majority_replicated watermark from 1.47 to 1.47 00:38:53.195 [INFO - kudu-tserver:64036] (MiniKuduCluster.java:429)
I0711 00:38:53.190858 8236 consensus_queue.cc:455] T 13410a5b9e644e6f86b34bea173a5677 P b93116846b4a43a1a8398438c81d0239 [LEADER]: Updated all_replicated watermark from 1.47 to 1.47 00:38:53.195 [INFO - kudu-tserver:64036] (MiniKuduCluster.java:429)
I0711 00:38:53.190889 8236 log_cache.cc:391] T 13410a5b9e644e6f86b34bea173a5677 P b93116846b4a43a1a8398438c81d0239: Evicting log cache: after state: Pinned index: 48, LogCacheStats(num_ops=0, bytes=0) 00:38:53.195 [INFO - kudu-tserver:64036] (MiniKuduCluster.java:429)
I0711 00:38:53.190939 8227 consensus_queue.cc:455] T 13410a5b9e644e6f86b34bea173a5677 P b93116846b4a43a1a8398438c81d0239 [LEADER]: Updated majority_replicated watermark from 1.47 to 1.47 00:38:53.195 [INFO - kudu-tserver:64036] (MiniKuduCluster.java:429)
I0711 00:38:53.190958 8227 consensus_queue.cc:455] T 13410a5b9e644e6f86b34bea173a5677 P b93116846b4a43a1a8398438c81d0239 [LEADER]: Updated all_replicated watermark from 1.47 to 1.47 00:38:53.194 [DEBUG - New I/O worker #134] (TabletClient.java:636) [Peer b93116846b4a43a1a8398438c81d0239] [id: 0xe79a4fff, /127.0.0.1:48701 => /127.29.29.1:64036] WRITTEN_AMOUNT: 523 00:38:53.195 [INFO - kudu-tserver:64036] (MiniKuduCluster.java:429)
I0711 00:38:53.190968 8227 log_cache.cc:391] T 13410a5b9e644e6f86b34bea173a5677 P b93116846b4a43a1a8398438c81d0239: Evicting log cache: after state: Pinned index: 48, LogCacheStats(num_ops=0, bytes=0) 00:38:53.195 [INFO - kudu-tserver:64036] (MiniKuduCluster.java:429)
I0711 00:38:53.191002 8240 raft_consensus.cc:588] T 13410a5b9e644e6f86b34bea173a5677 P b93116846b4a43a1a8398438c81d0239 [term 1 LEADER]: Marking majority replicated up to term: 1 index: 47 00:38:53.195 [INFO - kudu-tserver:64036] (MiniKuduCluster.java:429)
I0711 00:38:53.191014 8240 raft_consensus_state.cc:559] T 13410a5b9e644e6f86b34bea173a5677 P b93116846b4a43a1a8398438c81d0239 [term 1 LEADER]: Already marked ops through 1.47 as committed. Now trying to mark 1.47 which would be a no-op. 00:38:53.196 [INFO - kudu-tserver:64036] (MiniKuduCluster.java:429)
I0711 00:38:53.191053 8240 raft_consensus.cc:588] T 13410a5b9e644e6f86b34bea173a5677 P b93116846b4a43a1a8398438c81d0239 [term 1 LEADER]: Marking majority replicated up to term: 1 index: 47 00:38:53.196 [INFO - kudu-tserver:64036] (MiniKuduCluster.java:429)
I0711 00:38:53.191061 8240 raft_consensus_state.cc:559] T 13410a5b9e644e6f86b34bea173a5677 P b93116846b4a43a1a8398438c81d0239 [term 1 LEADER]: Already marked ops through 1.47 as committed. Now trying to mark 1.47 which would be a no-op. 00:38:53.195 [DEBUG - New I/O worker #134] (TabletClient.java:636) [Peer b93116846b4a43a1a8398438c81d0239] [id: 0xe79a4fff, /127.0.0.1:48701 => /127.29.29.1:64036] RECEIVED: BigEndianHeapChannelBuffer(ridx=0, widx=74, cap=74) 00:38:53.196 [DEBUG - New I/O worker #134] (TabletClient.java:359) ------------------>> ENTERING DECODE >>------------------ 00:38:53.195 [INFO - kudu-tserver:64032] (MiniKuduCluster.java:429)
I0711 00:38:53.195643 7621 raft_consensus.cc:1104] T 13410a5b9e644e6f86b34bea173a5677 P 5d244bfce7964881aa25f36d26bb9cba [term 1 FOLLOWER]: Early marking committed up to term: 0 index: 0 00:38:53.196 [DEBUG - New I/O worker #134] (AsyncKuduScanner.java:847) AsyncKuduScanner$Response(scannerId="", data=RowResultIterator for 1 rows, more=false) 00:38:53.195 [INFO - kudu-tserver:64034] (MiniKuduCluster.java:429)
I0711 00:38:53.195653 7836 raft_consensus.cc:1104] T 13410a5b9e644e6f86b34bea173a5677 P 8f3a2b7e9d2f4dc392f47ead5d0f114f [term 1 FOLLOWER]: Early marking committed up to term: 0 index: 0 00:38:53.196 [DEBUG - New I/O worker #134] (TabletClient.java:426) [Peer b93116846b4a43a1a8398438c81d0239] rpcid=87, response size=74 bytes, 0 readable bytes left, rpc=ScanRequest(scannerId=null, tabletSlice=13410a5b9e644e6f86b34bea173a5677, attempt=1) 00:38:53.196 [INFO - kudu-tserver:64032] (MiniKuduCluster.java:429)
I0711 00:38:53.195694 7621 raft_consensus_state.cc:559] T 13410a5b9e644e6f86b34bea173a5677 P 5d244bfce7964881aa25f36d26bb9cba [term 1 FOLLOWER]: Already marked ops through 1.47 as committed. Now trying to mark 0.0 which would be a no-op. 00:38:53.197 [INFO - kudu-tserver:64032] (MiniKuduCluster.java:429)
I0711 00:38:53.195724 7621 raft_consensus.cc:728] T 13410a5b9e644e6f86b34bea173a5677 P 5d244bfce7964881aa25f36d26bb9cba [term 1 FOLLOWER]: Starting transaction: term: 1 index: 48 00:38:53.196 [INFO - kudu-tserver:64036] (MiniKuduCluster.java:429)
I0711 00:38:53.194751 7912 tablet_service.cc:1501] Started scanner 21f045d47f7c47afbc07cd598bfa63dd: tablet iterator: Union(memrowset iterator) 00:38:53.197 [INFO - kudu-tserver:64036] (MiniKuduCluster.java:429)
I0711 00:38:53.195134 8225 log_cache.cc:214] T 13410a5b9e644e6f86b34bea173a5677 P b93116846b4a43a1a8398438c81d0239: Updating pinned index to 49 00:38:53.197 [INFO - kudu-tserver:64036] (MiniKuduCluster.java:429)
I0711 00:38:53.195216 8225 consensus_queue.cc:455] T 13410a5b9e644e6f86b34bea173a5677 P b93116846b4a43a1a8398438c81d0239 [LEADER]: Updated majority_replicated watermark from 1.47 to 1.47 00:38:53.197 [INFO - kudu-tserver:64036] (MiniKuduCluster.java:429)
I0711 00:38:53.195240 8225 consensus_queue.cc:455] T 13410a5b9e644e6f86b34bea173a5677 P b93116846b4a43a1a8398438c81d0239 [LEADER]: Updated all_replicated watermark from 1.47 to 1.47 00:38:53.197 [INFO - kudu-tserver:64036] (MiniKuduCluster.java:429)
I0711 00:38:53.195258 8225 log_cache.cc:391] T 13410a5b9e644e6f86b34bea173a5677 P b93116846b4a43a1a8398438c81d0239: Evicting log cache: after state: Pinned index: 49, LogCacheStats(num_ops=1, bytes=847) 00:38:53.197 [INFO - kudu-tserver:64036] (MiniKuduCluster.java:429)
I0711 00:38:53.195333 8240 raft_consensus.cc:588] T 13410a5b9e644e6f86b34bea173a5677 P b93116846b4a43a1a8398438c81d0239 [term 1 LEADER]: Marking majority replicated up to term: 1 index: 47 00:38:53.197 [INFO - kudu-tserver:64036] (MiniKuduCluster.java:429)
I0711 00:38:53.195344 8240 raft_consensus_state.cc:559] T 13410a5b9e644e6f86b34bea173a5677 P b93116846b4a43a1a8398438c81d0239 [term 1 LEADER]: Already marked ops through 1.47 as committed. Now trying to mark 1.47 which would be a no-op. 00:38:53.197 [INFO - kudu-tserver:64032] (MiniKuduCluster.java:429)
I0711 00:38:53.195950 7621 raft_consensus.cc:1215] T 13410a5b9e644e6f86b34bea173a5677 P 5d244bfce7964881aa25f36d26bb9cba [term 1 FOLLOWER]: Marking committed up to term: 1 index: 47 00:38:53.198 [INFO - kudu-tserver:64032] (MiniKuduCluster.java:429)
I0711 00:38:53.195979 7621 raft_consensus_state.cc:559] T 13410a5b9e644e6f86b34bea173a5677 P 5d244bfce7964881aa25f36d26bb9cba [term 1 FOLLOWER]: Already marked ops through 1.47 as committed. Now trying to mark 1.47 which would be a no-op. 00:38:53.197 [DEBUG - New I/O worker #134] (TabletClient.java:491) ------------------<< LEAVING DECODE <<------------------ time elapsed: 732us 00:38:53.196 [INFO - kudu-tserver:64034] (MiniKuduCluster.java:429)
I0711 00:38:53.195691 7836 raft_consensus_state.cc:559] T 13410a5b9e644e6f86b34bea173a5677 P 8f3a2b7e9d2f4dc392f47ead5d0f114f [term 1 FOLLOWER]: Already marked ops through 1.47 as committed. Now trying to mark 0.0 which would be a no-op. 00:38:53.198 [DEBUG - New I/O worker #134] (TabletClient.java:636) [Peer b93116846b4a43a1a8398438c81d0239] [id: 0xe79a4fff, /127.0.0.1:48701 => /127.29.29.1:64036] RECEIVED: BigEndianHeapChannelBuffer(ridx=0, widx=19, cap=19) 00:38:53.198 [DEBUG - New I/O worker #134] (TabletClient.java:359) ------------------>> ENTERING DECODE >>------------------ 00:38:53.198 [DEBUG - Thread-8] (AsyncKuduScanner.java:812) Sending scan req: new_scan_request { tablet_id: "13410a5b9e644e6f86b34bea173a5677" limit: 9223372036854775807 projected_columns { name: "key" type: INT32 is_key: true is_nullable: false encoding: AUTO_ENCODING compression: DEFAULT_COMPRESSION cfile_block_size: 0 } projected_columns { name: "column1_i" type: INT32 is_key: false is_nullable: false encoding: AUTO_ENCODING compression: DEFAULT_COMPRESSION cfile_block_size: 0 } projected_columns { name: "column2_i" type: INT32 is_key: false is_nullable: false encoding: AUTO_ENCODING compression: DEFAULT_COMPRESSION cfile_block_size: 0 } projected_columns { name: "column3_s" type: STRING is_key: false is_nullable: true encoding: DICT_ENCODING compression: LZ4 cfile_block_size: 0 } projected_columns { name: "column4_b" type: BOOL is_key: false is_nullable: false encoding: AUTO_ENCODING compression: DEFAULT_COMPRESSION cfile_block_size: 0 } read_mode: READ_LATEST propagated_timestamp: 6013737095802318848 cache_blocks: true order_mode: UNORDERED column_predicates { column: "key" equality { value: "\a\000\000\000" } } } batch_size_bytes: 1048576 00:38:53.198 [INFO - kudu-tserver:64032] (MiniKuduCluster.java:429)
I0711 00:38:53.196033 8220 log_cache.cc:214] T 13410a5b9e644e6f86b34bea173a5677 P 5d244bfce7964881aa25f36d26bb9cba: Updating pinned index to 49 00:38:53.199 [INFO - kudu-tserver:64032] (MiniKuduCluster.java:429)
I0711 00:38:53.196090 8220 consensus_queue.cc:455] T 13410a5b9e644e6f86b34bea173a5677 P 5d244bfce7964881aa25f36d26bb9cba [NON_LEADER]: Updated all_replicated watermark from 1.47 to 1.48 00:38:53.199 [DEBUG - Thread-8] (TabletClient.java:261) [Peer b93116846b4a43a1a8398438c81d0239] [id: 0xe79a4fff, /127.0.0.1:48701 => /127.29.29.1:64036] Sending RPC #89, payload=BigEndianHeapChannelBuffer(ridx=0, widx=256, cap=256) "\x00\x00\x00\xFC1\x18Y2(\n kudu.tserver.TabletServerService\x12\x04ScanP\xF4\x03X\x01\xC8\x01\x12\xC1\x01\n 13410a5b9e644e6f86b34bea173a5677\x10\xFF\xFF\xFF\xFF\xFF\xFF\xFF\xFF\x7F"\x11\x12\x03key\x18\x05 \x01(\x00@\x00H\x00P\x00"\x17\x12\tcolumn1_i\x18\x05 \x00(\x00@\x00H\x00P\x00"\x17\x12\tcolumn2_i\x18\x05 \x00(\x00@\x00H\x00P\x00"\x17\x12\tcolumn3_s\x18\x08 \x00(\x01@\x05H\x03P\x00"\x17\x12\tcolumn4_b\x18\t \x00(\x00@\x00H\x00P\x00(\x019\x00\xF0\xE2\xC7\x06\x16uSP\x01X\x01j\x0D\n\x03key\x1A\x06\n\x04\x07\x00\x00\x00 \x80\x80@" 00:38:53.197 [INFO - kudu-tserver:64036] (MiniKuduCluster.java:429)
I0711 00:38:53.196537 8227 consensus_queue.cc:455] T 13410a5b9e644e6f86b34bea173a5677 P b93116846b4a43a1a8398438c81d0239 [LEADER]: Updated majority_replicated watermark from 1.47 to 1.48 00:38:53.199 [INFO - kudu-tserver:64036] (MiniKuduCluster.java:429)
I0711 00:38:53.196555 8227 consensus_queue.cc:455] T 13410a5b9e644e6f86b34bea173a5677 P b93116846b4a43a1a8398438c81d0239 [LEADER]: Updated all_replicated watermark from 1.47 to 1.47 00:38:53.199 [INFO - kudu-tserver:64032] (MiniKuduCluster.java:429)
I0711 00:38:53.196130 8220 log_cache.cc:391] T 13410a5b9e644e6f86b34bea173a5677 P 5d244bfce7964881aa25f36d26bb9cba: Evicting log cache: after state: Pinned index: 49, LogCacheStats(num_ops=1, bytes=871) 00:38:53.199 [INFO - kudu-tserver:64032] (MiniKuduCluster.java:429)
I0711 00:38:53.196233 7621 raft_consensus.cc:700] T 13410a5b9e644e6f86b34bea173a5677 P 5d244bfce7964881aa25f36d26bb9cba [term 1 FOLLOWER]: Replica replied to status only request. Replica: Replica: 5d244bfce7964881aa25f36d26bb9cba, State: 1, Role: FOLLOWER 00:38:53.199 [INFO - kudu-tserver:64032] (MiniKuduCluster.java:429) Watermarks: {Received: term: 1 index: 48 Committed: term: 1 index: 47} 00:38:53.199 [INFO - kudu-tserver:64032] (MiniKuduCluster.java:429) . Response: responder_uuid: "5d244bfce7964881aa25f36d26bb9cba" responder_term: 1 status { last_received { term: 1 index: 48 } last_committed_idx: 47 last_received_current_leader { term: 1 index: 48 } } 00:38:53.198 [DEBUG - New I/O worker #134] (TabletClient.java:426) [Peer b93116846b4a43a1a8398438c81d0239] rpcid=88, response size=19 bytes, 0 readable bytes left, rpc=KuduRpc(method=Write, tablet=13410a5b9e644e6f86b34bea173a5677, attempt=1, DeadlineTracker(timeout=30000, elapsed=5), Deferred@61291148(state=PENDING, result=null, callback=wakeup thread Thread-7, errback=wakeup thread Thread-7)) row_key=(int32 key=73) 00:38:53.198 [INFO - kudu-tserver:64034] (MiniKuduCluster.java:429)
I0711 00:38:53.195708 7836 raft_consensus.cc:728] T 13410a5b9e644e6f86b34bea173a5677 P 8f3a2b7e9d2f4dc392f47ead5d0f114f [term 1 FOLLOWER]: Starting transaction: term: 1 index: 48 00:38:53.200 [DEBUG - New I/O worker #134] (TabletClient.java:491) ------------------<< LEAVING DECODE <<------------------ time elapsed: 1384us 00:38:53.199 [INFO - kudu-tserver:64032] (MiniKuduCluster.java:429)
I0711 00:38:53.197232 7621 raft_consensus.cc:1104] T 13410a5b9e644e6f86b34bea173a5677 P 5d244bfce7964881aa25f36d26bb9cba [term 1 FOLLOWER]: Early marking committed up to term: 1 index: 48 00:38:53.200 [INFO - kudu-tserver:64032] (MiniKuduCluster.java:429)
I0711 00:38:53.197250 7621 raft_consensus_state.cc:578] T 13410a5b9e644e6f86b34bea173a5677 P 5d244bfce7964881aa25f36d26bb9cba [term 1 FOLLOWER]: Last triggered apply was: term: 1 index: 47 Starting to apply from log index: 48 00:38:53.200 [DEBUG - Thread-7] (TabletClient.java:261) [Peer b93116846b4a43a1a8398438c81d0239] [id: 0xe79a4fff, /127.0.0.1:48701 => /127.29.29.1:64036] Sending RPC #90, payload=BigEndianHeapChannelBuffer(ridx=0, widx=267, cap=267) "\x00\x00\x01\x070\x18Z2)\n kudu.tserver.TabletServerService\x12\x05WriteP\xF4\x03\xD4\x01\n 13410a5b9e644e6f86b34bea173a5677\x12w\n\x11\x12\x03key\x18\x05 \x01(\x00@\x00H\x00P\x00\n\x17\x12\tcolumn1_i\x18\x05 \x00(\x00@\x00H\x00P\x00\n\x17\x12\tcolumn2_i\x18\x05 \x00(\x00@\x00H\x00P\x00\n\x17\x12\tcolumn3_s\x18\x08 \x00(\x01@\x05H\x03P\x00\n\x17\x12\tcolumn4_b\x18\t \x00(\x00@\x00H\x00P\x00\x1A,\x12 \x01\x1F\x00J\x00\x00\x00\x02\x00\x00\x00\x03\x00\x00\x00\x00\x00\x00\x00\x00\x00\x00\x00\x08\x00\x00\x00\x00\x00\x00\x00\x01\x1A\x08a string \x01)\x00\xF0\xE2\xC7\x06\x16uS" 00:38:53.199 [INFO - kudu-tserver:64036] (MiniKuduCluster.java:429)
I0711 00:38:53.196565 8227 log_cache.cc:391] T 13410a5b9e644e6f86b34bea173a5677 P b93116846b4a43a1a8398438c81d0239: Evicting log cache: after state: Pinned index: 49, LogCacheStats(num_ops=1, bytes=847) 00:38:53.200 [INFO - kudu-tserver:64036] (MiniKuduCluster.java:429)
I0711 00:38:53.196594 8236 consensus_queue.cc:455] T 13410a5b9e644e6f86b34bea173a5677 P b93116846b4a43a1a8398438c81d0239 [LEADER]: Updated majority_replicated watermark from 1.48 to 1.48 00:38:53.200 [INFO - kudu-tserver:64036] (MiniKuduCluster.java:429)
I0711 00:38:53.196611 8236 consensus_queue.cc:455] T 13410a5b9e644e6f86b34bea173a5677 P b93116846b4a43a1a8398438c81d0239 [LEADER]: Updated all_replicated watermark from 1.47 to 1.48 00:38:53.200 [INFO - kudu-tserver:64036] (MiniKuduCluster.java:429)
I0711 00:38:53.196621 8236 log_cache.cc:391] T 13410a5b9e644e6f86b34bea173a5677 P b93116846b4a43a1a8398438c81d0239: Evicting log cache: after state: Pinned index: 49, LogCacheStats(num_ops=1, bytes=847) 00:38:53.201 [INFO - kudu-tserver:64036] (MiniKuduCluster.java:429)
I0711 00:38:53.196651 8240 raft_consensus.cc:588] T 13410a5b9e644e6f86b34bea173a5677 P b93116846b4a43a1a8398438c81d0239 [term 1 LEADER]: Marking majority replicated up to term: 1 index: 48 00:38:53.201 [INFO - kudu-tserver:64036] (MiniKuduCluster.java:429)
I0711 00:38:53.196666 8240 raft_consensus_state.cc:578] T 13410a5b9e644e6f86b34bea173a5677 P b93116846b4a43a1a8398438c81d0239 [term 1 LEADER]: Last triggered apply was: term: 1 index: 47 Starting to apply from log index: 48 00:38:53.201 [INFO - kudu-tserver:64036] (MiniKuduCluster.java:429)
I0711 00:38:53.196856 8240 raft_consensus.cc:588] T 13410a5b9e644e6f86b34bea173a5677 P b93116846b4a43a1a8398438c81d0239 [term 1 LEADER]: Marking majority replicated up to term: 1 index: 48 00:38:53.200 [INFO - kudu-tserver:64032] (MiniKuduCluster.java:429)
I0711 00:38:53.197329 7621 raft_consensus.cc:1215] T 13410a5b9e644e6f86b34bea173a5677 P 5d244bfce7964881aa25f36d26bb9cba [term 1 FOLLOWER]: Marking committed up to term: 1 index: 48 00:38:53.201 [INFO - kudu-tserver:64032] (MiniKuduCluster.java:429)
I0711 00:38:53.197342 7621 raft_consensus_state.cc:559] T 13410a5b9e644e6f86b34bea173a5677 P 5d244bfce7964881aa25f36d26bb9cba [term 1 FOLLOWER]: Already marked ops through 1.48 as committed. Now trying to mark 1.48 which would be a no-op. 00:38:53.200 [DEBUG - New I/O worker #134] (TabletClient.java:636) [Peer b93116846b4a43a1a8398438c81d0239] [id: 0xe79a4fff, /127.0.0.1:48701 => /127.29.29.1:64036] WRITTEN_AMOUNT: 256 00:38:53.200 [INFO - kudu-tserver:64034] (MiniKuduCluster.java:429)
I0711 00:38:53.195914 7836 raft_consensus.cc:1215] T 13410a5b9e644e6f86b34bea173a5677 P 8f3a2b7e9d2f4dc392f47ead5d0f114f [term 1 FOLLOWER]: Marking committed up to term: 1 index: 47 00:38:53.201 [INFO - kudu-tserver:64034] (MiniKuduCluster.java:429)
I0711 00:38:53.195929 7836 raft_consensus_state.cc:559] T 13410a5b9e644e6f86b34bea173a5677 P 8f3a2b7e9d2f4dc392f47ead5d0f114f [term 1 FOLLOWER]: Already marked ops through 1.47 as committed. Now trying to mark 1.47 which would be a no-op. 00:38:53.201 [INFO - kudu-tserver:64034] (MiniKuduCluster.java:429)
I0711 00:38:53.195986 8216 log_cache.cc:214] T 13410a5b9e644e6f86b34bea173a5677 P 8f3a2b7e9d2f4dc392f47ead5d0f114f: Updating pinned index to 49 00:38:53.202 [INFO - kudu-tserver:64034] (MiniKuduCluster.java:429)
I0711 00:38:53.196018 8216 consensus_queue.cc:455] T 13410a5b9e644e6f86b34bea173a5677 P 8f3a2b7e9d2f4dc392f47ead5d0f114f [NON_LEADER]: Updated all_replicated watermark from 1.47 to 1.48 00:38:53.202 [INFO - kudu-tserver:64034] (MiniKuduCluster.java:429)
I0711 00:38:53.196064 8216 log_cache.cc:391] T 13410a5b9e644e6f86b34bea173a5677 P 8f3a2b7e9d2f4dc392f47ead5d0f114f: Evicting log cache: after state: Pinned index: 49, LogCacheStats(num_ops=1, bytes=871) 00:38:53.202 [INFO - kudu-tserver:64034] (MiniKuduCluster.java:429)
I0711 00:38:53.196156 7836 raft_consensus.cc:700] T 13410a5b9e644e6f86b34bea173a5677 P 8f3a2b7e9d2f4dc392f47ead5d0f114f [term 1 FOLLOWER]: Replica replied to status only request. Replica: Replica: 8f3a2b7e9d2f4dc392f47ead5d0f114f, State: 1, Role: FOLLOWER 00:38:53.202 [INFO - kudu-tserver:64034] (MiniKuduCluster.java:429) Watermarks: {Received: term: 1 index: 48 Committed: term: 1 index: 47} 00:38:53.202 [INFO - kudu-tserver:64034] (MiniKuduCluster.java:429) . Response: responder_uuid: "8f3a2b7e9d2f4dc392f47ead5d0f114f" responder_term: 1 status { last_received { term: 1 index: 48 } last_committed_idx: 47 last_received_current_leader { term: 1 index: 48 } } 00:38:53.201 [DEBUG - New I/O worker #134] (TabletClient.java:636) [Peer b93116846b4a43a1a8398438c81d0239] [id: 0xe79a4fff, /127.0.0.1:48701 => /127.29.29.1:64036] WRITTEN_AMOUNT: 267 00:38:53.201 [INFO - kudu-tserver:64032] (MiniKuduCluster.java:429)
I0711 00:38:53.197373 7621 raft_consensus.cc:700] T 13410a5b9e644e6f86b34bea173a5677 P 5d244bfce7964881aa25f36d26bb9cba [term 1 FOLLOWER]: Replica replied to status only request. Replica: Replica: 5d244bfce7964881aa25f36d26bb9cba, State: 1, Role: FOLLOWER 00:38:53.202 [INFO - kudu-tserver:64032] (MiniKuduCluster.java:429) Watermarks: {Received: term: 1 index: 48 Committed: term: 1 index: 48} 00:38:53.203 [INFO - kudu-tserver:64032] (MiniKuduCluster.java:429) . Response: responder_uuid: "5d244bfce7964881aa25f36d26bb9cba" responder_term: 1 status { last_received { term: 1 index: 48 } last_committed_idx: 48 last_received_current_leader { term: 1 index: 48 } } 00:38:53.203 [INFO - kudu-tserver:64032] (MiniKuduCluster.java:429)
I0711 00:38:53.203122 7621 raft_consensus.cc:1104] T 13410a5b9e644e6f86b34bea173a5677 P 5d244bfce7964881aa25f36d26bb9cba [term 1 FOLLOWER]: Early marking committed up to term: 0 index: 0 00:38:53.203 [INFO - kudu-tserver:64032] (MiniKuduCluster.java:429)
I0711 00:38:53.203150 7621 raft_consensus_state.cc:559] T 13410a5b9e644e6f86b34bea173a5677 P 5d244bfce7964881aa25f36d26bb9cba [term 1 FOLLOWER]: Already marked ops through 1.48 as committed. Now trying to mark 0.0 which would be a no-op. 00:38:53.203 [INFO - kudu-tserver:64032] (MiniKuduCluster.java:429)
I0711 00:38:53.203168 7621 raft_consensus.cc:728] T 13410a5b9e644e6f86b34bea173a5677 P 5d244bfce7964881aa25f36d26bb9cba [term 1 FOLLOWER]: Starting transaction: term: 1 index: 49 00:38:53.203 [INFO - kudu-tserver:64032] (MiniKuduCluster.java:429)
I0711 00:38:53.203405 7621 raft_consensus.cc:1215] T 13410a5b9e644e6f86b34bea173a5677 P 5d244bfce7964881aa25f36d26bb9cba [term 1 FOLLOWER]: Marking committed up to term: 1 index: 48 00:38:53.203 [INFO - kudu-tserver:64032] (MiniKuduCluster.java:429)
I0711 00:38:53.203429 7621 raft_consensus_state.cc:559] T 13410a5b9e644e6f86b34bea173a5677 P 5d244bfce7964881aa25f36d26bb9cba [term 1 FOLLOWER]: Already marked ops through 1.48 as committed. Now trying to mark 1.48 which would be a no-op. 00:38:53.201 [INFO - kudu-tserver:64036] (MiniKuduCluster.java:429)
I0711 00:38:53.196866 8240 raft_consensus_state.cc:559] T 13410a5b9e644e6f86b34bea173a5677 P b93116846b4a43a1a8398438c81d0239 [term 1 LEADER]: Already marked ops through 1.48 as committed. Now trying to mark 1.48 which would be a no-op. 00:38:53.203 [INFO - kudu-tserver:64036] (MiniKuduCluster.java:429)
I0711 00:38:53.197747 8236 consensus_queue.cc:455] T 13410a5b9e644e6f86b34bea173a5677 P b93116846b4a43a1a8398438c81d0239 [LEADER]: Updated majority_replicated watermark from 1.48 to 1.48 00:38:53.203 [INFO - kudu-tserver:64036] (MiniKuduCluster.java:429)
I0711 00:38:53.197763 8236 consensus_queue.cc:455] T 13410a5b9e644e6f86b34bea173a5677 P b93116846b4a43a1a8398438c81d0239 [LEADER]: Updated all_replicated watermark from 1.48 to 1.48 00:38:53.203 [INFO - kudu-tserver:64036] (MiniKuduCluster.java:429)
I0711 00:38:53.197791 8236 log_cache.cc:391] T 13410a5b9e644e6f86b34bea173a5677 P b93116846b4a43a1a8398438c81d0239: Evicting log cache: after state: Pinned index: 49, LogCacheStats(num_ops=0, bytes=0) 00:38:53.204 [INFO - kudu-tserver:64036] (MiniKuduCluster.java:429)
I0711 00:38:53.197829 8227 consensus_queue.cc:455] T 13410a5b9e644e6f86b34bea173a5677 P b93116846b4a43a1a8398438c81d0239 [LEADER]: Updated majority_replicated watermark from 1.48 to 1.48 00:38:53.204 [INFO - kudu-tserver:64036] (MiniKuduCluster.java:429)
I0711 00:38:53.197846 8227 consensus_queue.cc:455] T 13410a5b9e644e6f86b34bea173a5677 P b93116846b4a43a1a8398438c81d0239 [LEADER]: Updated all_replicated watermark from 1.48 to 1.48 00:38:53.204 [INFO - kudu-tserver:64036] (MiniKuduCluster.java:429)
I0711 00:38:53.197857 8227 log_cache.cc:391] T 13410a5b9e644e6f86b34bea173a5677 P b93116846b4a43a1a8398438c81d0239: Evicting log cache: after state: Pinned index: 49, LogCacheStats(num_ops=0, bytes=0) 00:38:53.204 [INFO - kudu-tserver:64036] (MiniKuduCluster.java:429)
I0711 00:38:53.197885 8240 raft_consensus.cc:588] T 13410a5b9e644e6f86b34bea173a5677 P b93116846b4a43a1a8398438c81d0239 [term 1 LEADER]: Marking majority replicated up to term: 1 index: 48 00:38:53.203 [INFO - kudu-tserver:64032] (MiniKuduCluster.java:429)
I0711 00:38:53.203471 8220 log_cache.cc:214] T 13410a5b9e644e6f86b34bea173a5677 P 5d244bfce7964881aa25f36d26bb9cba: Updating pinned index to 50 00:38:53.204 [INFO - kudu-tserver:64032] (MiniKuduCluster.java:429)
I0711 00:38:53.203502 8220 consensus_queue.cc:455] T 13410a5b9e644e6f86b34bea173a5677 P 5d244bfce7964881aa25f36d26bb9cba [NON_LEADER]: Updated all_replicated watermark from 1.48 to 1.49 00:38:53.202 [DEBUG - New I/O worker #134] (TabletClient.java:636) [Peer b93116846b4a43a1a8398438c81d0239] [id: 0xe79a4fff, /127.0.0.1:48701 => /127.29.29.1:64036] RECEIVED: BigEndianHeapChannelBuffer(ridx=0, widx=74, cap=74) 00:38:53.204 [DEBUG - New I/O worker #134] (TabletClient.java:359) ------------------>> ENTERING DECODE >>------------------ 00:38:53.202 [INFO - kudu-tserver:64034] (MiniKuduCluster.java:429)
I0711 00:38:53.197237 7836 raft_consensus.cc:1104] T 13410a5b9e644e6f86b34bea173a5677 P 8f3a2b7e9d2f4dc392f47ead5d0f114f [term 1 FOLLOWER]: Early marking committed up to term: 1 index: 48 00:38:53.204 [DEBUG - New I/O worker #134] (AsyncKuduScanner.java:847) AsyncKuduScanner$Response(scannerId="", data=RowResultIterator for 1 rows, more=false) 00:38:53.204 [INFO - kudu-tserver:64032] (MiniKuduCluster.java:429)
I0711 00:38:53.203541 8220 log_cache.cc:391] T 13410a5b9e644e6f86b34bea173a5677 P 5d244bfce7964881aa25f36d26bb9cba: Evicting log cache: after state: Pinned index: 50, LogCacheStats(num_ops=1, bytes=871) 00:38:53.205 [INFO - kudu-tserver:64032] (MiniKuduCluster.java:429)
I0711 00:38:53.203636 7621 raft_consensus.cc:700] T 13410a5b9e644e6f86b34bea173a5677 P 5d244bfce7964881aa25f36d26bb9cba [term 1 FOLLOWER]: Replica replied to status only request. Replica: Replica: 5d244bfce7964881aa25f36d26bb9cba, State: 1, Role: FOLLOWER 00:38:53.205 [INFO - kudu-tserver:64032] (MiniKuduCluster.java:429) Watermarks: {Received: term: 1 index: 49 Committed: term: 1 index: 48} 00:38:53.205 [INFO - kudu-tserver:64032] (MiniKuduCluster.java:429) . Response: responder_uuid: "5d244bfce7964881aa25f36d26bb9cba" responder_term: 1 status { last_received { term: 1 index: 49 } last_committed_idx: 48 last_received_current_leader { term: 1 index: 49 } } 00:38:53.204 [INFO - kudu-tserver:64036] (MiniKuduCluster.java:429)
I0711 00:38:53.197898 8240 raft_consensus_state.cc:559] T 13410a5b9e644e6f86b34bea173a5677 P b93116846b4a43a1a8398438c81d0239 [term 1 LEADER]: Already marked ops through 1.48 as committed. Now trying to mark 1.48 which would be a no-op. 00:38:53.205 [INFO - kudu-tserver:64036] (MiniKuduCluster.java:429)
I0711 00:38:53.197952 8240 raft_consensus.cc:588] T 13410a5b9e644e6f86b34bea173a5677 P b93116846b4a43a1a8398438c81d0239 [term 1 LEADER]: Marking majority replicated up to term: 1 index: 48 00:38:53.205 [INFO - kudu-tserver:64036] (MiniKuduCluster.java:429)
I0711 00:38:53.197960 8240 raft_consensus_state.cc:559] T 13410a5b9e644e6f86b34bea173a5677 P b93116846b4a43a1a8398438c81d0239 [term 1 LEADER]: Already marked ops through 1.48 as committed. Now trying to mark 1.48 which would be a no-op. 00:38:53.205 [DEBUG - New I/O worker #134] (TabletClient.java:426) [Peer b93116846b4a43a1a8398438c81d0239] rpcid=89, response size=74 bytes, 0 readable bytes left, rpc=ScanRequest(scannerId=null, tabletSlice=13410a5b9e644e6f86b34bea173a5677, attempt=1) 00:38:53.204 [INFO - kudu-tserver:64034] (MiniKuduCluster.java:429)
I0711 00:38:53.197253 7836 raft_consensus_state.cc:578] T 13410a5b9e644e6f86b34bea173a5677 P 8f3a2b7e9d2f4dc392f47ead5d0f114f [term 1 FOLLOWER]: Last triggered apply was: term: 1 index: 47 Starting to apply from log index: 48 00:38:53.206 [INFO - kudu-tserver:64034] (MiniKuduCluster.java:429)
I0711 00:38:53.197327 7836 raft_consensus.cc:1215] T 13410a5b9e644e6f86b34bea173a5677 P 8f3a2b7e9d2f4dc392f47ead5d0f114f [term 1 FOLLOWER]: Marking committed up to term: 1 index: 48 00:38:53.206 [INFO - kudu-tserver:64034] (MiniKuduCluster.java:429)
I0711 00:38:53.197340 7836 raft_consensus_state.cc:559] T 13410a5b9e644e6f86b34bea173a5677 P 8f3a2b7e9d2f4dc392f47ead5d0f114f [term 1 FOLLOWER]: Already marked ops through 1.48 as committed. Now trying to mark 1.48 which would be a no-op. 00:38:53.206 [INFO - kudu-tserver:64034] (MiniKuduCluster.java:429)
I0711 00:38:53.197391 7836 raft_consensus.cc:700] T 13410a5b9e644e6f86b34bea173a5677 P 8f3a2b7e9d2f4dc392f47ead5d0f114f [term 1 FOLLOWER]: Replica replied to status only request. Replica: Replica: 8f3a2b7e9d2f4dc392f47ead5d0f114f, State: 1, Role: FOLLOWER 00:38:53.206 [INFO - kudu-tserver:64034] (MiniKuduCluster.java:429) Watermarks: {Received: term: 1 index: 48 Committed: term: 1 index: 48} 00:38:53.206 [INFO - kudu-tserver:64034] (MiniKuduCluster.java:429) . Response: responder_uuid: "8f3a2b7e9d2f4dc392f47ead5d0f114f" responder_term: 1 status { last_received { term: 1 index: 48 } last_committed_idx: 48 last_received_current_leader { term: 1 index: 48 } } 00:38:53.205 [DEBUG - New I/O worker #134] (TabletClient.java:491) ------------------<< LEAVING DECODE <<------------------ time elapsed: 1240us 00:38:53.205 [INFO - kudu-tserver:64036] (MiniKuduCluster.java:429)
I0711 00:38:53.201114 7912 tablet_service.cc:1501] Started scanner 11b463c852f94ab0bd617f8f91ea2524: tablet iterator: Union(memrowset iterator) 00:38:53.206 [DEBUG - New I/O worker #134] (TabletClient.java:636) [Peer b93116846b4a43a1a8398438c81d0239] [id: 0xe79a4fff, /127.0.0.1:48701 => /127.29.29.1:64036] RECEIVED: BigEndianHeapChannelBuffer(ridx=0, widx=19, cap=19) 00:38:53.206 [DEBUG - New I/O worker #134] (TabletClient.java:359) ------------------>> ENTERING DECODE >>------------------ 00:38:53.206 [INFO - kudu-tserver:64034] (MiniKuduCluster.java:429)
I0711 00:38:53.203052 7836 raft_consensus.cc:1104] T 13410a5b9e644e6f86b34bea173a5677 P 8f3a2b7e9d2f4dc392f47ead5d0f114f [term 1 FOLLOWER]: Early marking committed up to term: 0 index: 0 00:38:53.207 [INFO - kudu-tserver:64034] (MiniKuduCluster.java:429)
I0711 00:38:53.203068 7836 raft_consensus_state.cc:559] T 13410a5b9e644e6f86b34bea173a5677 P 8f3a2b7e9d2f4dc392f47ead5d0f114f [term 1 FOLLOWER]: Already marked ops through 1.48 as committed. Now trying to mark 0.0 which would be a no-op. 00:38:53.207 [INFO - kudu-tserver:64034] (MiniKuduCluster.java:429)
I0711 00:38:53.203084 7836 raft_consensus.cc:728] T 13410a5b9e644e6f86b34bea173a5677 P 8f3a2b7e9d2f4dc392f47ead5d0f114f [term 1 FOLLOWER]: Starting transaction: term: 1 index: 49 00:38:53.207 [INFO - kudu-tserver:64034] (MiniKuduCluster.java:429)
I0711 00:38:53.203274 7836 raft_consensus.cc:1215] T 13410a5b9e644e6f86b34bea173a5677 P 8f3a2b7e9d2f4dc392f47ead5d0f114f [term 1 FOLLOWER]: Marking committed up to term: 1 index: 48 00:38:53.207 [INFO - kudu-tserver:64034] (MiniKuduCluster.java:429)
I0711 00:38:53.203289 7836 raft_consensus_state.cc:559] T 13410a5b9e644e6f86b34bea173a5677 P 8f3a2b7e9d2f4dc392f47ead5d0f114f [term 1 FOLLOWER]: Already marked ops through 1.48 as committed. Now trying to mark 1.48 which would be a no-op. 00:38:53.207 [INFO - kudu-tserver:64034] (MiniKuduCluster.java:429)
I0711 00:38:53.203333 8216 log_cache.cc:214] T 13410a5b9e644e6f86b34bea173a5677 P 8f3a2b7e9d2f4dc392f47ead5d0f114f: Updating pinned index to 50 00:38:53.207 [INFO - kudu-tserver:64034] (MiniKuduCluster.java:429)
I0711 00:38:53.203366 8216 consensus_queue.cc:455] T 13410a5b9e644e6f86b34bea173a5677 P 8f3a2b7e9d2f4dc392f47ead5d0f114f [NON_LEADER]: Updated all_replicated watermark from 1.48 to 1.49 00:38:53.206 [DEBUG - Thread-8] (AsyncKuduScanner.java:812) Sending scan req: new_scan_request { tablet_id: "13410a5b9e644e6f86b34bea173a5677" limit: 9223372036854775807 projected_columns { name: "key" type: INT32 is_key: true is_nullable: false encoding: AUTO_ENCODING compression: DEFAULT_COMPRESSION cfile_block_size: 0 } projected_columns { name: "column1_i" type: INT32 is_key: false is_nullable: false encoding: AUTO_ENCODING compression: DEFAULT_COMPRESSION cfile_block_size: 0 } projected_columns { name: "column2_i" type: INT32 is_key: false is_nullable: false encoding: AUTO_ENCODING compression: DEFAULT_COMPRESSION cfile_block_size: 0 } projected_columns { name: "column3_s" type: STRING is_key: false is_nullable: true encoding: DICT_ENCODING compression: LZ4 cfile_block_size: 0 } projected_columns { name: "column4_b" type: BOOL is_key: false is_nullable: false encoding: AUTO_ENCODING compression: DEFAULT_COMPRESSION cfile_block_size: 0 } read_mode: READ_LATEST propagated_timestamp: 6013737095802318848 cache_blocks: true order_mode: UNORDERED } batch_size_bytes: 1048576 00:38:53.206 [INFO - kudu-tserver:64036] (MiniKuduCluster.java:429)
I0711 00:38:53.202427 8225 log_cache.cc:214] T 13410a5b9e644e6f86b34bea173a5677 P b93116846b4a43a1a8398438c81d0239: Updating pinned index to 50 00:38:53.208 [INFO - kudu-tserver:64036] (MiniKuduCluster.java:429)
I0711 00:38:53.202466 8225 consensus_queue.cc:455] T 13410a5b9e644e6f86b34bea173a5677 P b93116846b4a43a1a8398438c81d0239 [LEADER]: Updated majority_replicated watermark from 1.48 to 1.48 00:38:53.208 [INFO - kudu-tserver:64036] (MiniKuduCluster.java:429)
I0711 00:38:53.202507 8225 consensus_queue.cc:455] T 13410a5b9e644e6f86b34bea173a5677 P b93116846b4a43a1a8398438c81d0239 [LEADER]: Updated all_replicated watermark from 1.48 to 1.48 00:38:53.208 [INFO - kudu-tserver:64036] (MiniKuduCluster.java:429)
I0711 00:38:53.202522 8225 log_cache.cc:391] T 13410a5b9e644e6f86b34bea173a5677 P b93116846b4a43a1a8398438c81d0239: Evicting log cache: after state: Pinned index: 50, LogCacheStats(num_ops=1, bytes=847) 00:38:53.208 [INFO - kudu-tserver:64036] (MiniKuduCluster.java:429)
I0711 00:38:53.202669 8240 raft_consensus.cc:588] T 13410a5b9e644e6f86b34bea173a5677 P b93116846b4a43a1a8398438c81d0239 [term 1 LEADER]: Marking majority replicated up to term: 1 index: 48 00:38:53.208 [INFO - kudu-tserver:64036] (MiniKuduCluster.java:429)
I0711 00:38:53.202682 8240 raft_consensus_state.cc:559] T 13410a5b9e644e6f86b34bea173a5677 P b93116846b4a43a1a8398438c81d0239 [term 1 LEADER]: Already marked ops through 1.48 as committed. Now trying to mark 1.48 which would be a no-op. 00:38:53.208 [INFO - kudu-tserver:64036] (MiniKuduCluster.java:429)
I0711 00:38:53.203745 8227 consensus_queue.cc:455] T 13410a5b9e644e6f86b34bea173a5677 P b93116846b4a43a1a8398438c81d0239 [LEADER]: Updated majority_replicated watermark from 1.48 to 1.49 00:38:53.208 [INFO - kudu-tserver:64036] (MiniKuduCluster.java:429)
I0711 00:38:53.203763 8227 consensus_queue.cc:455] T 13410a5b9e644e6f86b34bea173a5677 P b93116846b4a43a1a8398438c81d0239 [LEADER]: Updated all_replicated watermark from 1.48 to 1.48 00:38:53.208 [INFO - kudu-tserver:64036] (MiniKuduCluster.java:429)
I0711 00:38:53.203773 8227 log_cache.cc:391] T 13410a5b9e644e6f86b34bea173a5677 P b93116846b4a43a1a8398438c81d0239: Evicting log cache: after state: Pinned index: 50, LogCacheStats(num_ops=1, bytes=847) 00:38:53.208 [INFO - kudu-tserver:64036] (MiniKuduCluster.java:429)
I0711 00:38:53.203850 8227 consensus_queue.cc:455] T 13410a5b9e644e6f86b34bea173a5677 P b93116846b4a43a1a8398438c81d0239 [LEADER]: Updated majority_replicated watermark from 1.49 to 1.49 00:38:53.208 [INFO - kudu-tserver:64036] (MiniKuduCluster.java:429)
I0711 00:38:53.203857 8240 raft_consensus.cc:588] T 13410a5b9e644e6f86b34bea173a5677 P b93116846b4a43a1a8398438c81d0239 [term 1 LEADER]: Marking majority replicated up to term: 1 index: 49 00:38:53.208 [INFO - kudu-tserver:64036] (MiniKuduCluster.java:429)
I0711 00:38:53.203862 8227 consensus_queue.cc:455] T 13410a5b9e644e6f86b34bea173a5677 P b93116846b4a43a1a8398438c81d0239 [LEADER]: Updated all_replicated watermark from 1.48 to 1.49 00:38:53.208 [INFO - kudu-tserver:64036] (MiniKuduCluster.java:429)
I0711 00:38:53.203878 8240 raft_consensus_state.cc:578] T 13410a5b9e644e6f86b34bea173a5677 P b93116846b4a43a1a8398438c81d0239 [term 1 LEADER]: Last triggered apply was: term: 1 index: 48 Starting to apply from log index: 49 00:38:53.209 [INFO - kudu-tserver:64036] (MiniKuduCluster.java:429)
I0711 00:38:53.203882 8227 log_cache.cc:391] T 13410a5b9e644e6f86b34bea173a5677 P b93116846b4a43a1a8398438c81d0239: Evicting log cache: after state: Pinned index: 50, LogCacheStats(num_ops=1, bytes=847) 00:38:53.209 [INFO - kudu-tserver:64036] (MiniKuduCluster.java:429)
I0711 00:38:53.204018 8240 raft_consensus.cc:588] T 13410a5b9e644e6f86b34bea173a5677 P b93116846b4a43a1a8398438c81d0239 [term 1 LEADER]: Marking majority replicated up to term: 1 index: 49 00:38:53.209 [INFO - kudu-tserver:64036] (MiniKuduCluster.java:429)
I0711 00:38:53.204030 8240 raft_consensus_state.cc:559] T 13410a5b9e644e6f86b34bea173a5677 P b93116846b4a43a1a8398438c81d0239 [term 1 LEADER]: Already marked ops through 1.49 as committed. Now trying to mark 1.49 which would be a no-op. 00:38:53.209 [INFO - kudu-tserver:64036] (MiniKuduCluster.java:429)
I0711 00:38:53.204748 8236 consensus_queue.cc:455] T 13410a5b9e644e6f86b34bea173a5677 P b93116846b4a43a1a8398438c81d0239 [LEADER]: Updated majority_replicated watermark from 1.49 to 1.49 00:38:53.209 [INFO - kudu-tserver:64036] (MiniKuduCluster.java:429)
I0711 00:38:53.204766 8236 consensus_queue.cc:455] T 13410a5b9e644e6f86b34bea173a5677 P b93116846b4a43a1a8398438c81d0239 [LEADER]: Updated all_replicated watermark from 1.49 to 1.49 00:38:53.209 [INFO - kudu-tserver:64036] (MiniKuduCluster.java:429)
I0711 00:38:53.204800 8236 log_cache.cc:391] T 13410a5b9e644e6f86b34bea173a5677 P b93116846b4a43a1a8398438c81d0239: Evicting log cache: after state: Pinned index: 50, LogCacheStats(num_ops=0, bytes=0) 00:38:53.209 [INFO - kudu-tserver:64036] (MiniKuduCluster.java:429)
I0711 00:38:53.204906 8240 raft_consensus.cc:588] T 13410a5b9e644e6f86b34bea173a5677 P b93116846b4a43a1a8398438c81d0239 [term 1 LEADER]: Marking majority replicated up to term: 1 index: 49 00:38:53.209 [INFO - kudu-tserver:64036] (MiniKuduCluster.java:429)
I0711 00:38:53.204917 8240 raft_consensus_state.cc:559] T 13410a5b9e644e6f86b34bea173a5677 P b93116846b4a43a1a8398438c81d0239 [term 1 LEADER]: Already marked ops through 1.49 as committed. Now trying to mark 1.49 which would be a no-op. 00:38:53.207 [INFO - kudu-tserver:64034] (MiniKuduCluster.java:429)
I0711 00:38:53.203403 8216 log_cache.cc:391] T 13410a5b9e644e6f86b34bea173a5677 P 8f3a2b7e9d2f4dc392f47ead5d0f114f: Evicting log cache: after state: Pinned index: 50, LogCacheStats(num_ops=1, bytes=871) 00:38:53.209 [INFO - kudu-tserver:64034] (MiniKuduCluster.java:429)
I0711 00:38:53.203490 7836 raft_consensus.cc:700] T 13410a5b9e644e6f86b34bea173a5677 P 8f3a2b7e9d2f4dc392f47ead5d0f114f [term 1 FOLLOWER]: Replica replied to status only request. Replica: Replica: 8f3a2b7e9d2f4dc392f47ead5d0f114f, State: 1, Role: FOLLOWER 00:38:53.210 [INFO - kudu-tserver:64034] (MiniKuduCluster.java:429) Watermarks: {Received: term: 1 index: 49 Committed: term: 1 index: 48} 00:38:53.210 [INFO - kudu-tserver:64034] (MiniKuduCluster.java:429) . Response: responder_uuid: "8f3a2b7e9d2f4dc392f47ead5d0f114f" responder_term: 1 status { last_received { term: 1 index: 49 } last_committed_idx: 48 last_received_current_leader { term: 1 index: 49 } } 00:38:53.210 [INFO - kudu-tserver:64034] (MiniKuduCluster.java:429)
I0711 00:38:53.204342 7836 raft_consensus.cc:1104] T 13410a5b9e644e6f86b34bea173a5677 P 8f3a2b7e9d2f4dc392f47ead5d0f114f [term 1 FOLLOWER]: Early marking committed up to term: 1 index: 49 00:38:53.210 [INFO - kudu-tserver:64034] (MiniKuduCluster.java:429)
I0711 00:38:53.204360 7836 raft_consensus_state.cc:578] T 13410a5b9e644e6f86b34bea173a5677 P 8f3a2b7e9d2f4dc392f47ead5d0f114f [term 1 FOLLOWER]: Last triggered apply was: term: 1 index: 48 Starting to apply from log index: 49 00:38:53.210 [INFO - kudu-tserver:64034] (MiniKuduCluster.java:429)
I0711 00:38:53.204448 7836 raft_consensus.cc:1215] T 13410a5b9e644e6f86b34bea173a5677 P 8f3a2b7e9d2f4dc392f47ead5d0f114f [term 1 FOLLOWER]: Marking committed up to term: 1 index: 49 00:38:53.207 [DEBUG - New I/O worker #134] (TabletClient.java:426) [Peer b93116846b4a43a1a8398438c81d0239] rpcid=90, response size=19 bytes, 0 readable bytes left, rpc=KuduRpc(method=Write, tablet=13410a5b9e644e6f86b34bea173a5677, attempt=1, DeadlineTracker(timeout=30000, elapsed=7), Deferred@1475657523(state=PENDING, result=null, callback=wakeup thread Thread-7, errback=wakeup thread Thread-7)) row_key=(int32 key=74) 00:38:53.210 [INFO - kudu-tserver:64034] (MiniKuduCluster.java:429)
I0711 00:38:53.204469 7836 raft_consensus_state.cc:559] T 13410a5b9e644e6f86b34bea173a5677 P 8f3a2b7e9d2f4dc392f47ead5d0f114f [term 1 FOLLOWER]: Already marked ops through 1.49 as committed. Now trying to mark 1.49 which would be a no-op. 00:38:53.211 [INFO - kudu-tserver:64034] (MiniKuduCluster.java:429)
