I0628 23:54:47.776634 28132 ts_manager.cc:82] Registered new tablet server { permanent_uuid: "ebac69556c834c3f9c74fea0200c2193" instance_seqno: 1467158087616580 } with Master
I0628 23:54:47.876219 28284 mem_tracker.cc:138] MemTracker: hard memory limit is 11.777661 GB
I0628 23:54:47.876658 28284 mem_tracker.cc:140] MemTracker: soft memory limit is 7.066597 GB
I0628 23:54:47.889930 28284 tablet_server_main.cc:54] Initializing tablet server...
I0628 23:54:47.892643 28284 hybrid_clock.cc:178] HybridClock initialized. Resolution in nanos?: 1 Wait times tolerance adjustment: 1.0005 Current error: 129851
I0628 23:54:47.898563 28284 server_base.cc:164] Could not load existing FS layout: Not found: /tmp/kudutest-1000/delete_table-test.DeleteTableTest.TestAtomicDeleteTablet.1467158082783852-27213/minicluster-data/ts-1/instance: No such file or directory (error 2)
I0628 23:54:47.898744 28284 server_base.cc:165] Creating new FS layout
I0628 23:54:47.906391 28284 fs_manager.cc:345] Generated new instance metadata in path /tmp/kudutest-1000/delete_table-test.DeleteTableTest.TestAtomicDeleteTablet.1467158082783852-27213/minicluster-data/ts-1/instance: uuid: "06111be5a9124ccba7d1c657d1348e8d" format_stamp: "Formatted at 2016-06-28 23:54:47 on dist-test-slave-dist-test-slave-cgs5"
I0628 23:54:47.914312 28284 fs_manager.cc:242] Opened local filesystem: /tmp/kudutest-1000/delete_table-test.DeleteTableTest.TestAtomicDeleteTablet.1467158082783852-27213/minicluster-data/ts-1 uuid: "06111be5a9124ccba7d1c657d1348e8d" format_stamp: "Formatted at 2016-06-28 23:54:47 on dist-test-slave-dist-test-slave-cgs5"
I0628 23:54:47.948084 28284 tablet_server_main.cc:57] Starting tablet server...
I0628 23:54:48.070507 28284 rpc_server.cc:164] RPC server started. Bound to: 127.106.77.1:37846
I0628 23:54:48.072407 28284 webserver.cc:122] Starting webserver on 127.106.77.1:0
I0628 23:54:48.072546 28284 webserver.cc:133] Document root disabled
I0628 23:54:48.074506 28284 webserver.cc:217] Webserver started. Bound to: http://127.106.77.1:55143/
I0628 23:54:48.075757 28284 server_base.cc:234] Dumped server information to /tmp/kudutest-1000/delete_table-test.DeleteTableTest.TestAtomicDeleteTablet.1467158082783852-27213/minicluster-data/ts-1/info.pb
I0628 23:54:48.082962 27213 external_mini_cluster.cc:592] Started /tmp/run_tha_testgCg15n/build/tsan/bin/kudu-tserver as pid 28284
I0628 23:54:48.083891 27213 external_mini_cluster.cc:556] Running /tmp/run_tha_testgCg15n/build/tsan/bin/kudu-tserver kudu-tserver --fs_wal_dir=/tmp/kudutest-1000/delete_table-test.DeleteTableTest.TestAtomicDeleteTablet.1467158082783852-27213/minicluster-data/ts-2 --fs_data_dirs=/tmp/kudutest-1000/delete_table-test.DeleteTableTest.TestAtomicDeleteTablet.1467158082783852-27213/minicluster-data/ts-2 --rpc_bind_addresses=127.106.77.2:0 --local_ip_for_outbound_sockets=127.106.77.2 --webserver_interface=127.106.77.2 --webserver_port=0 --tserver_master_addrs=127.0.0.1:34905 --metrics_log_interval_ms=1000 --log_dir=/tmp/kudutest-1000/delete_table-test.DeleteTableTest.TestAtomicDeleteTablet.1467158082783852-27213/minicluster-data/ts-2 --never_fsync --server_dump_info_path=/tmp/kudutest-1000/delete_table-test.DeleteTableTest.TestAtomicDeleteTablet.1467158082783852-27213/minicluster-data/ts-2/info.pb --server_dump_info_format=pb --rpc_server_allow_ephemeral_ports --logtostderr --logbuflevel=-1
I0628 23:54:48.084169 28284 tablet_server_main.cc:60] Tablet server successfully started.
I0628 23:54:48.091707 28398 heartbeater.cc:254] Connected to a leader master server at 127.0.0.1:34905
I0628 23:54:48.092083 28398 heartbeater.cc:319] Registering TS with master...
I0628 23:54:48.092334 28398 heartbeater.cc:325] Sending a full tablet report to master...
I0628 23:54:48.093555 28132 ts_manager.cc:82] Registered new tablet server { permanent_uuid: "06111be5a9124ccba7d1c657d1348e8d" instance_seqno: 1467158088023299 } with Master
I0628 23:54:48.205535 28401 mem_tracker.cc:138] MemTracker: hard memory limit is 11.777661 GB
I0628 23:54:48.206259 28401 mem_tracker.cc:140] MemTracker: soft memory limit is 7.066597 GB
I0628 23:54:48.220016 28401 tablet_server_main.cc:54] Initializing tablet server...
I0628 23:54:48.223541 28401 hybrid_clock.cc:178] HybridClock initialized. Resolution in nanos?: 1 Wait times tolerance adjustment: 1.0005 Current error: 130351
I0628 23:54:48.231921 28401 server_base.cc:164] Could not load existing FS layout: Not found: /tmp/kudutest-1000/delete_table-test.DeleteTableTest.TestAtomicDeleteTablet.1467158082783852-27213/minicluster-data/ts-2/instance: No such file or directory (error 2)
I0628 23:54:48.232188 28401 server_base.cc:165] Creating new FS layout
I0628 23:54:48.240687 28401 fs_manager.cc:345] Generated new instance metadata in path /tmp/kudutest-1000/delete_table-test.DeleteTableTest.TestAtomicDeleteTablet.1467158082783852-27213/minicluster-data/ts-2/instance: uuid: "4ea3c3213caf4bf6b4d4b535716f5bfe" format_stamp: "Formatted at 2016-06-28 23:54:48 on dist-test-slave-dist-test-slave-cgs5"
I0628 23:54:48.248441 28401 fs_manager.cc:242] Opened local filesystem: /tmp/kudutest-1000/delete_table-test.DeleteTableTest.TestAtomicDeleteTablet.1467158082783852-27213/minicluster-data/ts-2 uuid: "4ea3c3213caf4bf6b4d4b535716f5bfe" format_stamp: "Formatted at 2016-06-28 23:54:48 on dist-test-slave-dist-test-slave-cgs5"
I0628 23:54:48.282505 28401 tablet_server_main.cc:57] Starting tablet server...
I0628 23:54:48.379510 28401 rpc_server.cc:164] RPC server started. Bound to: 127.106.77.2:38968
I0628 23:54:48.381067 28401 webserver.cc:122] Starting webserver on 127.106.77.2:0
I0628 23:54:48.381173 28401 webserver.cc:133] Document root disabled
I0628 23:54:48.382661 28401 webserver.cc:217] Webserver started. Bound to: http://127.106.77.2:43830/
I0628 23:54:48.384004 28401 server_base.cc:234] Dumped server information to /tmp/kudutest-1000/delete_table-test.DeleteTableTest.TestAtomicDeleteTablet.1467158082783852-27213/minicluster-data/ts-2/info.pb
I0628 23:54:48.386596 28401 tablet_server_main.cc:60] Tablet server successfully started.
I0628 23:54:48.391264 27213 external_mini_cluster.cc:592] Started /tmp/run_tha_testgCg15n/build/tsan/bin/kudu-tserver as pid 28401
I0628 23:54:48.397498 28515 heartbeater.cc:254] Connected to a leader master server at 127.0.0.1:34905
I0628 23:54:48.397775 28515 heartbeater.cc:319] Registering TS with master...
I0628 23:54:48.397964 28515 heartbeater.cc:325] Sending a full tablet report to master...
I0628 23:54:48.399245 28132 ts_manager.cc:82] Registered new tablet server { permanent_uuid: "4ea3c3213caf4bf6b4d4b535716f5bfe" instance_seqno: 1467158088360649 } with Master
I0628 23:54:48.401855 27213 external_mini_cluster.cc:319] 3 TS(s) registered with Master
I0628 23:54:48.426717 28132 catalog_manager.cc:772] CreateTable from {real_user=slave, eff_user=} at 127.0.0.1:34797: name: "test-workload" schema { columns { name: "key" type: INT32 is_key: true is_nullable: false encoding: AUTO_ENCODING compression: DEFAULT_COMPRESSION cfile_block_size: 0 } columns { name: "int_val" type: INT32 is_key: false is_nullable: false encoding: AUTO_ENCODING compression: DEFAULT_COMPRESSION cfile_block_size: 0 } columns { name: "string_val" type: STRING is_key: false is_nullable: true encoding: AUTO_ENCODING compression: DEFAULT_COMPRESSION cfile_block_size: 0 } } num_replicas: 3 split_rows_range_bounds { } partition_schema { range_schema { columns { name: "key" } } }
I0628 23:54:48.470780 28335 tablet_service.cc:612] Processing CreateTablet for tablet ac874b2c8f7d48ce9e41330eb236a217 (table=test-workload [id=e5aedb8559934261870dabd85a7c390c]), partition=range: [(), ())
I0628 23:54:48.489398 28335 ts_tablet_manager.cc:760] Registered tablet ac874b2c8f7d48ce9e41330eb236a217
I0628 23:54:48.490036 28217 tablet_service.cc:612] Processing CreateTablet for tablet ac874b2c8f7d48ce9e41330eb236a217 (table=test-workload [id=e5aedb8559934261870dabd85a7c390c]), partition=range: [(), ())
I0628 23:54:48.493757 28452 tablet_service.cc:612] Processing CreateTablet for tablet ac874b2c8f7d48ce9e41330eb236a217 (table=test-workload [id=e5aedb8559934261870dabd85a7c390c]), partition=range: [(), ())
I0628 23:54:48.509032 28535 ts_tablet_manager.cc:628] T ac874b2c8f7d48ce9e41330eb236a217 P 06111be5a9124ccba7d1c657d1348e8d: Bootstrapping tablet
I0628 23:54:48.512269 28535 tablet_bootstrap.cc:393] T ac874b2c8f7d48ce9e41330eb236a217 P 06111be5a9124ccba7d1c657d1348e8d: Bootstrap starting.
I0628 23:54:48.517305 28452 ts_tablet_manager.cc:760] Registered tablet ac874b2c8f7d48ce9e41330eb236a217
I0628 23:54:48.517727 28535 tablet_bootstrap.cc:553] T ac874b2c8f7d48ce9e41330eb236a217 P 06111be5a9124ccba7d1c657d1348e8d: Time spent opening tablet: real 0.001s user 0.000s sys 0.000s
I0628 23:54:48.518412 28535 tablet_bootstrap.cc:493] T ac874b2c8f7d48ce9e41330eb236a217 P 06111be5a9124ccba7d1c657d1348e8d: No blocks or log segments found. Creating new log.
I0628 23:54:48.519538 28217 ts_tablet_manager.cc:760] Registered tablet ac874b2c8f7d48ce9e41330eb236a217
I0628 23:54:48.520776 28535 log.cc:350] Log is configured to *not* fsync() on all Append() calls
I0628 23:54:48.524621 28537 ts_tablet_manager.cc:628] T ac874b2c8f7d48ce9e41330eb236a217 P 4ea3c3213caf4bf6b4d4b535716f5bfe: Bootstrapping tablet
I0628 23:54:48.526612 28538 ts_tablet_manager.cc:628] T ac874b2c8f7d48ce9e41330eb236a217 P ebac69556c834c3f9c74fea0200c2193: Bootstrapping tablet
I0628 23:54:48.528825 28537 tablet_bootstrap.cc:393] T ac874b2c8f7d48ce9e41330eb236a217 P 4ea3c3213caf4bf6b4d4b535716f5bfe: Bootstrap starting.
I0628 23:54:48.529959 28538 tablet_bootstrap.cc:393] T ac874b2c8f7d48ce9e41330eb236a217 P ebac69556c834c3f9c74fea0200c2193: Bootstrap starting.
I0628 23:54:48.534374 28537 tablet_bootstrap.cc:553] T ac874b2c8f7d48ce9e41330eb236a217 P 4ea3c3213caf4bf6b4d4b535716f5bfe: Time spent opening tablet: real 0.001s user 0.004s sys 0.000s
I0628 23:54:48.535001 28537 tablet_bootstrap.cc:493] T ac874b2c8f7d48ce9e41330eb236a217 P 4ea3c3213caf4bf6b4d4b535716f5bfe: No blocks or log segments found. Creating new log.
I0628 23:54:48.535619 28538 tablet_bootstrap.cc:553] T ac874b2c8f7d48ce9e41330eb236a217 P ebac69556c834c3f9c74fea0200c2193: Time spent opening tablet: real 0.002s user 0.000s sys 0.004s
I0628 23:54:48.536201 28538 tablet_bootstrap.cc:493] T ac874b2c8f7d48ce9e41330eb236a217 P ebac69556c834c3f9c74fea0200c2193: No blocks or log segments found. Creating new log.
I0628 23:54:48.537438 28537 log.cc:350] Log is configured to *not* fsync() on all Append() calls
I0628 23:54:48.538640 28538 log.cc:350] Log is configured to *not* fsync() on all Append() calls
I0628 23:54:48.538961 28535 tablet_bootstrap.cc:393] T ac874b2c8f7d48ce9e41330eb236a217 P 06111be5a9124ccba7d1c657d1348e8d: No bootstrap required, opened a new log
I0628 23:54:48.539317 28535 ts_tablet_manager.cc:633] T ac874b2c8f7d48ce9e41330eb236a217 P 06111be5a9124ccba7d1c657d1348e8d: Time spent bootstrapping tablet: real 0.030s user 0.020s sys 0.000s
I0628 23:54:48.543619 28538 tablet_bootstrap.cc:393] T ac874b2c8f7d48ce9e41330eb236a217 P ebac69556c834c3f9c74fea0200c2193: No bootstrap required, opened a new log
I0628 23:54:48.544080 28538 ts_tablet_manager.cc:633] T ac874b2c8f7d48ce9e41330eb236a217 P ebac69556c834c3f9c74fea0200c2193: Time spent bootstrapping tablet: real 0.017s user 0.008s sys 0.004s
I0628 23:54:48.550386 28537 tablet_bootstrap.cc:393] T ac874b2c8f7d48ce9e41330eb236a217 P 4ea3c3213caf4bf6b4d4b535716f5bfe: No bootstrap required, opened a new log
I0628 23:54:48.550756 28537 ts_tablet_manager.cc:633] T ac874b2c8f7d48ce9e41330eb236a217 P 4ea3c3213caf4bf6b4d4b535716f5bfe: Time spent bootstrapping tablet: real 0.025s user 0.012s sys 0.008s
I0628 23:54:48.551173 28538 raft_consensus.cc:269] T ac874b2c8f7d48ce9e41330eb236a217 P ebac69556c834c3f9c74fea0200c2193 [term 0 FOLLOWER]: Replica starting. Triggering 0 pending transactions. Active config: opid_index: -1 peers { permanent_uuid: "06111be5a9124ccba7d1c657d1348e8d" member_type: VOTER last_known_addr { host: "127.106.77.1" port: 37846 } } peers { permanent_uuid: "ebac69556c834c3f9c74fea0200c2193" member_type: VOTER last_known_addr { host: "127.106.77.0" port: 34927 } } peers { permanent_uuid: "4ea3c3213caf4bf6b4d4b535716f5bfe" member_type: VOTER last_known_addr { host: "127.106.77.2" port: 38968 } }
I0628 23:54:48.552866 28538 raft_consensus.cc:301] T ac874b2c8f7d48ce9e41330eb236a217 P ebac69556c834c3f9c74fea0200c2193 [term 0 FOLLOWER]: Consensus starting up: Expiring failure detector timer to make a prompt election more likely
I0628 23:54:48.553220 28538 raft_consensus.cc:499] T ac874b2c8f7d48ce9e41330eb236a217 P ebac69556c834c3f9c74fea0200c2193 [term 0 FOLLOWER]: Becoming Follower/Learner. State: Replica: ebac69556c834c3f9c74fea0200c2193, State: 1, Role: FOLLOWER Watermarks: {Received: term: 0 index: 0 Committed: term: 0 index: 0}
I0628 23:54:48.553764 28538 consensus_queue.cc:162] T ac874b2c8f7d48ce9e41330eb236a217 P ebac69556c834c3f9c74fea0200c2193 [NON_LEADER]: Queue going to NON_LEADER mode. State: All replicated op: 0.0, Majority replicated op: 0.0, Committed index: 0.0, Last appended: 0.0, Current term: 0, Majority size: -1, State: 1, Mode: NON_LEADER
I0628 23:54:48.556654 28538 ts_tablet_manager.cc:659] T ac874b2c8f7d48ce9e41330eb236a217 P ebac69556c834c3f9c74fea0200c2193: Time spent starting tablet: real 0.012s user 0.008s sys 0.000s
I0628 23:54:48.558533 28537 raft_consensus.cc:269] T ac874b2c8f7d48ce9e41330eb236a217 P 4ea3c3213caf4bf6b4d4b535716f5bfe [term 0 FOLLOWER]: Replica starting. Triggering 0 pending transactions. Active config: opid_index: -1 peers { permanent_uuid: "06111be5a9124ccba7d1c657d1348e8d" member_type: VOTER last_known_addr { host: "127.106.77.1" port: 37846 } } peers { permanent_uuid: "ebac69556c834c3f9c74fea0200c2193" member_type: VOTER last_known_addr { host: "127.106.77.0" port: 34927 } } peers { permanent_uuid: "4ea3c3213caf4bf6b4d4b535716f5bfe" member_type: VOTER last_known_addr { host: "127.106.77.2" port: 38968 } }
I0628 23:54:48.560603 28537 raft_consensus.cc:301] T ac874b2c8f7d48ce9e41330eb236a217 P 4ea3c3213caf4bf6b4d4b535716f5bfe [term 0 FOLLOWER]: Consensus starting up: Expiring failure detector timer to make a prompt election more likely
I0628 23:54:48.559957 28535 raft_consensus.cc:269] T ac874b2c8f7d48ce9e41330eb236a217 P 06111be5a9124ccba7d1c657d1348e8d [term 0 FOLLOWER]: Replica starting. Triggering 0 pending transactions. Active config: opid_index: -1 peers { permanent_uuid: "06111be5a9124ccba7d1c657d1348e8d" member_type: VOTER last_known_addr { host: "127.106.77.1" port: 37846 } } peers { permanent_uuid: "ebac69556c834c3f9c74fea0200c2193" member_type: VOTER last_known_addr { host: "127.106.77.0" port: 34927 } } peers { permanent_uuid: "4ea3c3213caf4bf6b4d4b535716f5bfe" member_type: VOTER last_known_addr { host: "127.106.77.2" port: 38968 } }
I0628 23:54:48.560992 28537 raft_consensus.cc:499] T ac874b2c8f7d48ce9e41330eb236a217 P 4ea3c3213caf4bf6b4d4b535716f5bfe [term 0 FOLLOWER]: Becoming Follower/Learner. State: Replica: 4ea3c3213caf4bf6b4d4b535716f5bfe, State: 1, Role: FOLLOWER Watermarks: {Received: term: 0 index: 0 Committed: term: 0 index: 0}
I0628 23:54:48.561594 28537 consensus_queue.cc:162] T ac874b2c8f7d48ce9e41330eb236a217 P 4ea3c3213caf4bf6b4d4b535716f5bfe [NON_LEADER]: Queue going to NON_LEADER mode. State: All replicated op: 0.0, Majority replicated op: 0.0, Committed index: 0.0, Last appended: 0.0, Current term: 0, Majority size: -1, State: 1, Mode: NON_LEADER
I0628 23:54:48.562134 28535 raft_consensus.cc:301] T ac874b2c8f7d48ce9e41330eb236a217 P 06111be5a9124ccba7d1c657d1348e8d [term 0 FOLLOWER]: Consensus starting up: Expiring failure detector timer to make a prompt election more likely
I0628 23:54:48.562439 28535 raft_consensus.cc:499] T ac874b2c8f7d48ce9e41330eb236a217 P 06111be5a9124ccba7d1c657d1348e8d [term 0 FOLLOWER]: Becoming Follower/Learner. State: Replica: 06111be5a9124ccba7d1c657d1348e8d, State: 1, Role: FOLLOWER Watermarks: {Received: term: 0 index: 0 Committed: term: 0 index: 0}
I0628 23:54:48.562980 28535 consensus_queue.cc:162] T ac874b2c8f7d48ce9e41330eb236a217 P 06111be5a9124ccba7d1c657d1348e8d [NON_LEADER]: Queue going to NON_LEADER mode. State: All replicated op: 0.0, Majority replicated op: 0.0, Committed index: 0.0, Last appended: 0.0, Current term: 0, Majority size: -1, State: 1, Mode: NON_LEADER
I0628 23:54:48.566454 28537 ts_tablet_manager.cc:659] T ac874b2c8f7d48ce9e41330eb236a217 P 4ea3c3213caf4bf6b4d4b535716f5bfe: Time spent starting tablet: real 0.016s user 0.008s sys 0.004s
I0628 23:54:48.567248 28535 ts_tablet_manager.cc:659] T ac874b2c8f7d48ce9e41330eb236a217 P 06111be5a9124ccba7d1c657d1348e8d: Time spent starting tablet: real 0.028s user 0.012s sys 0.016s
I0628 23:54:48.832445 28548 raft_consensus.cc:370] T ac874b2c8f7d48ce9e41330eb236a217 P 4ea3c3213caf4bf6b4d4b535716f5bfe [term 0 FOLLOWER]: No leader contacted us within the election timeout. Triggering leader election
I0628 23:54:48.832625 28548 raft_consensus.cc:2019] T ac874b2c8f7d48ce9e41330eb236a217 P 4ea3c3213caf4bf6b4d4b535716f5bfe [term 0 FOLLOWER]: Advancing to term 1
I0628 23:54:48.834635 28548 raft_consensus.cc:1970] T ac874b2c8f7d48ce9e41330eb236a217 P 4ea3c3213caf4bf6b4d4b535716f5bfe [term 1 FOLLOWER]: Snoozing failure detection for election timeout plus an additional 1.513s
I0628 23:54:48.834940 28548 raft_consensus.cc:386] T ac874b2c8f7d48ce9e41330eb236a217 P 4ea3c3213caf4bf6b4d4b535716f5bfe [term 1 FOLLOWER]: Starting election with config: opid_index: -1 peers { permanent_uuid: "06111be5a9124ccba7d1c657d1348e8d" member_type: VOTER last_known_addr { host: "127.106.77.1" port: 37846 } } peers { permanent_uuid: "ebac69556c834c3f9c74fea0200c2193" member_type: VOTER last_known_addr { host: "127.106.77.0" port: 34927 } } peers { permanent_uuid: "4ea3c3213caf4bf6b4d4b535716f5bfe" member_type: VOTER last_known_addr { host: "127.106.77.2" port: 38968 } }
I0628 23:54:48.838903 28548 leader_election.cc:223] T ac874b2c8f7d48ce9e41330eb236a217 P 4ea3c3213caf4bf6b4d4b535716f5bfe [CANDIDATE]: Term 1 election: Requesting vote from peer 06111be5a9124ccba7d1c657d1348e8d
I0628 23:54:48.839381 28548 leader_election.cc:223] T ac874b2c8f7d48ce9e41330eb236a217 P 4ea3c3213caf4bf6b4d4b535716f5bfe [CANDIDATE]: Term 1 election: Requesting vote from peer ebac69556c834c3f9c74fea0200c2193
I0628 23:54:48.845525 28355 raft_consensus.cc:2019] T ac874b2c8f7d48ce9e41330eb236a217 P 06111be5a9124ccba7d1c657d1348e8d [term 0 FOLLOWER]: Advancing to term 1
I0628 23:54:48.845686 28237 raft_consensus.cc:2019] T ac874b2c8f7d48ce9e41330eb236a217 P ebac69556c834c3f9c74fea0200c2193 [term 0 FOLLOWER]: Advancing to term 1
I0628 23:54:48.847348 28355 raft_consensus.cc:1970] T ac874b2c8f7d48ce9e41330eb236a217 P 06111be5a9124ccba7d1c657d1348e8d [term 1 FOLLOWER]: Snoozing failure detection for election timeout plus an additional 1.601s
I0628 23:54:48.847579 28237 raft_consensus.cc:1970] T ac874b2c8f7d48ce9e41330eb236a217 P ebac69556c834c3f9c74fea0200c2193 [term 1 FOLLOWER]: Snoozing failure detection for election timeout plus an additional 1.625s
I0628 23:54:48.849445 28355 raft_consensus.cc:1677] T ac874b2c8f7d48ce9e41330eb236a217 P 06111be5a9124ccba7d1c657d1348e8d [term 1 FOLLOWER]: Leader election vote request: Granting yes vote for candidate 4ea3c3213caf4bf6b4d4b535716f5bfe in term 1.
I0628 23:54:48.849745 28237 raft_consensus.cc:1677] T ac874b2c8f7d48ce9e41330eb236a217 P ebac69556c834c3f9c74fea0200c2193 [term 1 FOLLOWER]: Leader election vote request: Granting yes vote for candidate 4ea3c3213caf4bf6b4d4b535716f5bfe in term 1.
I0628 23:54:48.850730 28408 leader_election.cc:347] T ac874b2c8f7d48ce9e41330eb236a217 P 4ea3c3213caf4bf6b4d4b535716f5bfe [CANDIDATE]: Term 1 election: Vote granted by peer 06111be5a9124ccba7d1c657d1348e8d
I0628 23:54:48.851192 28406 leader_election.cc:347] T ac874b2c8f7d48ce9e41330eb236a217 P 4ea3c3213caf4bf6b4d4b535716f5bfe [CANDIDATE]: Term 1 election: Vote granted by peer ebac69556c834c3f9c74fea0200c2193
I0628 23:54:48.851390 28406 leader_election.cc:248] T ac874b2c8f7d48ce9e41330eb236a217 P 4ea3c3213caf4bf6b4d4b535716f5bfe [CANDIDATE]: Term 1 election: Election decided. Result: candidate won.
I0628 23:54:48.851984 28549 raft_consensus.cc:1970] T ac874b2c8f7d48ce9e41330eb236a217 P 4ea3c3213caf4bf6b4d4b535716f5bfe [term 1 FOLLOWER]: Snoozing failure detection for election timeout plus an additional 1.590s
I0628 23:54:48.852242 28549 raft_consensus.cc:1859] T ac874b2c8f7d48ce9e41330eb236a217 P 4ea3c3213caf4bf6b4d4b535716f5bfe [term 1 FOLLOWER]: Leader election won for term 1
I0628 23:54:48.853703 28549 raft_consensus.cc:464] T ac874b2c8f7d48ce9e41330eb236a217 P 4ea3c3213caf4bf6b4d4b535716f5bfe [term 1 LEADER]: Becoming Leader. State: Replica: 4ea3c3213caf4bf6b4d4b535716f5bfe, State: 1, Role: LEADER Watermarks: {Received: term: 0 index: 0 Committed: term: 0 index: 0}
I0628 23:54:48.854475 28549 consensus_queue.cc:145] T ac874b2c8f7d48ce9e41330eb236a217 P 4ea3c3213caf4bf6b4d4b535716f5bfe [LEADER]: Queue going to LEADER mode. State: All replicated op: 0.0, Majority replicated op: 0.0, Committed index: 0.0, Last appended: 0.0, Current term: 1, Majority size: 2, State: 1, Mode: LEADER, active raft config: opid_index: -1 peers { permanent_uuid: "06111be5a9124ccba7d1c657d1348e8d" member_type: VOTER last_known_addr { host: "127.106.77.1" port: 37846 } } peers { permanent_uuid: "ebac69556c834c3f9c74fea0200c2193" member_type: VOTER last_known_addr { host: "127.106.77.0" port: 34927 } } peers { permanent_uuid: "4ea3c3213caf4bf6b4d4b535716f5bfe" member_type: VOTER last_known_addr { host: "127.106.77.2" port: 38968 } }
W0628 23:54:48.880376 28555 raft_consensus_state.cc:541] T ac874b2c8f7d48ce9e41330eb236a217 P 4ea3c3213caf4bf6b4d4b535716f5bfe [term 1 LEADER]: Can't advance the committed index across term boundaries until operations from the current term are replicated. Last committed operation was: term: 0 index: 0, New majority replicated is: term: 0 index: 0, Current term is: 1
I0628 23:54:48.879899 28130 catalog_manager.cc:1673] Tablet: ac874b2c8f7d48ce9e41330eb236a217 reported consensus state change. New consensus state: current_term: 1 leader_uuid: "4ea3c3213caf4bf6b4d4b535716f5bfe" config { opid_index: -1 peers { permanent_uuid: "06111be5a9124ccba7d1c657d1348e8d" member_type: VOTER last_known_addr { host: "127.106.77.1" port: 37846 } } peers { permanent_uuid: "ebac69556c834c3f9c74fea0200c2193" member_type: VOTER last_known_addr { host: "127.106.77.0" port: 34927 } } peers { permanent_uuid: "4ea3c3213caf4bf6b4d4b535716f5bfe" member_type: VOTER last_known_addr { host: "127.106.77.2" port: 38968 } } }
I0628 23:54:48.936681 28217 tablet_service.cc:653] Processing DeleteTablet for tablet ac874b2c8f7d48ce9e41330eb236a217 with delete_type TABLET_DATA_TOMBSTONED from {real_user=slave, eff_user=} at 127.0.0.1:51567
I0628 23:54:48.938894 28217 tablet_service.cc:653] Processing DeleteTablet for tablet ac874b2c8f7d48ce9e41330eb236a217 with delete_type TABLET_DATA_TOMBSTONED from {real_user=slave, eff_user=} at 127.0.0.1:51567
I0628 23:54:48.939302 28217 tablet_peer.cc:207] Initiating TabletPeer shutdown for tablet: ac874b2c8f7d48ce9e41330eb236a217
I0628 23:54:48.939658 28217 maintenance_manager.cc:180] Unregistered op CompactRowSetsOp(ac874b2c8f7d48ce9e41330eb236a217)
I0628 23:54:48.939867 28217 maintenance_manager.cc:180] Unregistered op MinorDeltaCompactionOp(ac874b2c8f7d48ce9e41330eb236a217)
I0628 23:54:48.940109 28217 maintenance_manager.cc:180] Unregistered op MajorDeltaCompactionOp(ac874b2c8f7d48ce9e41330eb236a217)
I0628 23:54:48.940352 28217 maintenance_manager.cc:180] Unregistered op FlushMRSOp(ac874b2c8f7d48ce9e41330eb236a217)
I0628 23:54:48.940510 28217 maintenance_manager.cc:180] Unregistered op FlushDeltaMemStoresOp(ac874b2c8f7d48ce9e41330eb236a217)
I0628 23:54:48.940665 28217 maintenance_manager.cc:180] Unregistered op LogGCOp(ac874b2c8f7d48ce9e41330eb236a217)
I0628 23:54:48.940820 28217 raft_consensus.cc:1495] T ac874b2c8f7d48ce9e41330eb236a217 P ebac69556c834c3f9c74fea0200c2193 [term 1 FOLLOWER]: Raft consensus shutting down.
I0628 23:54:48.941150 28217 raft_consensus.cc:1511] T ac874b2c8f7d48ce9e41330eb236a217 P ebac69556c834c3f9c74fea0200c2193 [term 1 FOLLOWER]: Raft consensus is shut down!
I0628 23:54:48.945468 28217 ts_tablet_manager.cc:955] T ac874b2c8f7d48ce9e41330eb236a217 P ebac69556c834c3f9c74fea0200c2193: Deleting tablet data with delete state TABLET_DATA_TOMBSTONED
I0628 23:54:48.951385 28217 ts_tablet_manager.cc:965] T ac874b2c8f7d48ce9e41330eb236a217 P ebac69556c834c3f9c74fea0200c2193: Tablet deleted. Last logged OpId: 0.0
I0628 23:54:48.952330 28217 tablet_bootstrap.cc:393] T ac874b2c8f7d48ce9e41330eb236a217 P ebac69556c834c3f9c74fea0200c2193: Deleted tablet blocks from disk
I0628 23:54:48.958454 28217 tablet_service.cc:653] Processing DeleteTablet for tablet ac874b2c8f7d48ce9e41330eb236a217 with delete_type TABLET_DATA_TOMBSTONED from {real_user=slave, eff_user=} at 127.0.0.1:51567
I0628 23:54:48.958755 28217 tablet_peer.cc:207] Initiating TabletPeer shutdown for tablet: ac874b2c8f7d48ce9e41330eb236a217
I0628 23:54:48.958902 28217 ts_tablet_manager.cc:955] T ac874b2c8f7d48ce9e41330eb236a217 P ebac69556c834c3f9c74fea0200c2193: Deleting tablet data with delete state TABLET_DATA_TOMBSTONED
I0628 23:54:48.964426 28217 ts_tablet_manager.cc:965] T ac874b2c8f7d48ce9e41330eb236a217 P ebac69556c834c3f9c74fea0200c2193: Tablet deleted. Last logged OpId: 0.0
I0628 23:54:48.964747 28217 tablet_bootstrap.cc:393] T ac874b2c8f7d48ce9e41330eb236a217 P ebac69556c834c3f9c74fea0200c2193: Deleted tablet blocks from disk
I0628 23:54:48.968431 28217 tablet_service.cc:653] Processing DeleteTablet for tablet ac874b2c8f7d48ce9e41330eb236a217 with delete_type TABLET_DATA_DELETED from {real_user=slave, eff_user=} at 127.0.0.1:51567
I0628 23:54:48.968668 28217 tablet_peer.cc:207] Initiating TabletPeer shutdown for tablet: ac874b2c8f7d48ce9e41330eb236a217
I0628 23:54:48.968794 28217 ts_tablet_manager.cc:955] T ac874b2c8f7d48ce9e41330eb236a217 P ebac69556c834c3f9c74fea0200c2193: Deleting tablet data with delete state TABLET_DATA_DELETED
I0628 23:54:48.972359 28217 ts_tablet_manager.cc:965] T ac874b2c8f7d48ce9e41330eb236a217 P ebac69556c834c3f9c74fea0200c2193: Tablet deleted. Last logged OpId: 0.0
I0628 23:54:48.972960 28217 tablet_bootstrap.cc:393] T ac874b2c8f7d48ce9e41330eb236a217 P ebac69556c834c3f9c74fea0200c2193: Deleted tablet blocks from disk
I0628 23:54:48.975178 27213 external_mini_cluster.cc:658] Killing /tmp/run_tha_testgCg15n/build/tsan/bin/kudu-master with pid 28112
I0628 23:54:48.992142 27213 external_mini_cluster.cc:658] Killing /tmp/run_tha_testgCg15n/build/tsan/bin/kudu-tserver with pid 28156
I0628 23:54:49.007702 27213 external_mini_cluster.cc:658] Killing /tmp/run_tha_testgCg15n/build/tsan/bin/kudu-tserver with pid 28284
I0628 23:54:49.022162 27213 external_mini_cluster.cc:658] Killing /tmp/run_tha_testgCg15n/build/tsan/bin/kudu-tserver with pid 28401 [ OK ] DeleteTableTest.TestAtomicDeleteTablet (2199 ms) [ RUN ] DeleteTableTest.TestDeleteTableWithConcurrentWrites
I0628 23:54:49.044515 27213 external_mini_cluster.cc:556] Running /tmp/run_tha_testgCg15n/build/tsan/bin/kudu-master kudu-master --fs_wal_dir=/tmp/kudutest-1000/delete_table-test.DeleteTableTest.TestDeleteTableWithConcurrentWrites.1467158082783852-27213/minicluster-data/master --fs_data_dirs=/tmp/kudutest-1000/delete_table-test.DeleteTableTest.TestDeleteTableWithConcurrentWrites.1467158082783852-27213/minicluster-data/master --rpc_bind_addresses=127.0.0.1:0 --webserver_interface=localhost --webserver_port=0 --metrics_log_interval_ms=1000 --log_dir=/tmp/kudutest-1000/delete_table-test.DeleteTableTest.TestDeleteTableWithConcurrentWrites.1467158082783852-27213/minicluster-data/master --server_dump_info_path=/tmp/kudutest-1000/delete_table-test.DeleteTableTest.TestDeleteTableWithConcurrentWrites.1467158082783852-27213/minicluster-data/master/info.pb --server_dump_info_format=pb --rpc_server_allow_ephemeral_ports --logtostderr --logbuflevel=-1
I0628 23:54:49.156417 28558 mem_tracker.cc:138] MemTracker: hard memory limit is 11.777661 GB
I0628 23:54:49.156903 28558 mem_tracker.cc:140] MemTracker: soft memory limit is 7.066597 GB
I0628 23:54:49.168470 28558 master_main.cc:58] Initializing master server...
I0628 23:54:49.170929 28558 hybrid_clock.cc:178] HybridClock initialized. Resolution in nanos?: 1 Wait times tolerance adjustment: 1.0005 Current error: 130851
I0628 23:54:49.177326 28558 server_base.cc:164] Could not load existing FS layout: Not found: /tmp/kudutest-1000/delete_table-test.DeleteTableTest.TestDeleteTableWithConcurrentWrites.1467158082783852-27213/minicluster-data/master/instance: No such file or directory (error 2)
I0628 23:54:49.177522 28558 server_base.cc:165] Creating new FS layout
I0628 23:54:49.191422 28558 fs_manager.cc:345] Generated new instance metadata in path /tmp/kudutest-1000/delete_table-test.DeleteTableTest.TestDeleteTableWithConcurrentWrites.1467158082783852-27213/minicluster-data/master/instance: uuid: "68bd46bfcdfd456081e4d63b38403b38" format_stamp: "Formatted at 2016-06-28 23:54:49 on dist-test-slave-dist-test-slave-cgs5"
I0628 23:54:49.203770 28558 fs_manager.cc:242] Opened local filesystem: /tmp/kudutest-1000/delete_table-test.DeleteTableTest.TestDeleteTableWithConcurrentWrites.1467158082783852-27213/minicluster-data/master uuid: "68bd46bfcdfd456081e4d63b38403b38" format_stamp: "Formatted at 2016-06-28 23:54:49 on dist-test-slave-dist-test-slave-cgs5"
I0628 23:54:49.236457 28558 master_main.cc:61] Starting Master server...
I0628 23:54:49.271247 28558 rpc_server.cc:164] RPC server started. Bound to: 127.0.0.1:32880
I0628 23:54:49.272637 28558 webserver.cc:122] Starting webserver on localhost:0
I0628 23:54:49.272749 28558 webserver.cc:133] Document root disabled
I0628 23:54:49.273476 28558 net_util.cc:183] Address 127.0.0.1:0 for localhost:0 duplicates an earlier resolved entry.
I0628 23:54:49.274688 28558 webserver.cc:217] Webserver started. Bound to: http://127.0.0.1:48006/
I0628 23:54:49.275930 28558 server_base.cc:234] Dumped server information to /tmp/kudutest-1000/delete_table-test.DeleteTableTest.TestDeleteTableWithConcurrentWrites.1467158082783852-27213/minicluster-data/master/info.pb
I0628 23:54:49.280205 27213 external_mini_cluster.cc:592] Started /tmp/run_tha_testgCg15n/build/tsan/bin/kudu-master as pid 28558
I0628 23:54:49.281234 27213 external_mini_cluster.cc:556] Running /tmp/run_tha_testgCg15n/build/tsan/bin/kudu-tserver kudu-tserver --fs_wal_dir=/tmp/kudutest-1000/delete_table-test.DeleteTableTest.TestDeleteTableWithConcurrentWrites.1467158082783852-27213/minicluster-data/ts-0 --fs_data_dirs=/tmp/kudutest-1000/delete_table-test.DeleteTableTest.TestDeleteTableWithConcurrentWrites.1467158082783852-27213/minicluster-data/ts-0 --rpc_bind_addresses=127.106.77.0:0 --local_ip_for_outbound_sockets=127.106.77.0 --webserver_interface=127.106.77.0 --webserver_port=0 --tserver_master_addrs=127.0.0.1:32880 --metrics_log_interval_ms=1000 --log_dir=/tmp/kudutest-1000/delete_table-test.DeleteTableTest.TestDeleteTableWithConcurrentWrites.1467158082783852-27213/minicluster-data/ts-0 --never_fsync --server_dump_info_path=/tmp/kudutest-1000/delete_table-test.DeleteTableTest.TestDeleteTableWithConcurrentWrites.1467158082783852-27213/minicluster-data/ts-0/info.pb --server_dump_info_format=pb --rpc_server_allow_ephemeral_ports --logtostderr --logbuflevel=-1
I0628 23:54:49.303683 28601 tablet_bootstrap.cc:393] T 00000000000000000000000000000000 P 68bd46bfcdfd456081e4d63b38403b38: Bootstrap starting.
I0628 23:54:49.307510 28601 tablet_bootstrap.cc:553] T 00000000000000000000000000000000 P 68bd46bfcdfd456081e4d63b38403b38: Time spent opening tablet: real 0.001s user 0.000s sys 0.000s
I0628 23:54:49.308303 28601 tablet_bootstrap.cc:493] T 00000000000000000000000000000000 P 68bd46bfcdfd456081e4d63b38403b38: No blocks or log segments found. Creating new log.
I0628 23:54:49.309933 28601 log.cc:350] Log is configured to *not* fsync() on all Append() calls
I0628 23:54:49.336599 28601 tablet_bootstrap.cc:393] T 00000000000000000000000000000000 P 68bd46bfcdfd456081e4d63b38403b38: No bootstrap required, opened a new log
I0628 23:54:49.352771 28601 raft_consensus.cc:269] T 00000000000000000000000000000000 P 68bd46bfcdfd456081e4d63b38403b38 [term 0 FOLLOWER]: Replica starting. Triggering 0 pending transactions. Active config: opid_index: -1 peers { permanent_uuid: "68bd46bfcdfd456081e4d63b38403b38" member_type: VOTER }
I0628 23:54:49.354593 28601 raft_consensus.cc:301] T 00000000000000000000000000000000 P 68bd46bfcdfd456081e4d63b38403b38 [term 0 FOLLOWER]: Consensus starting up: Expiring failure detector timer to make a prompt election more likely
I0628 23:54:49.354857 28601 raft_consensus.cc:499] T 00000000000000000000000000000000 P 68bd46bfcdfd456081e4d63b38403b38 [term 0 FOLLOWER]: Becoming Follower/Learner. State: Replica: 68bd46bfcdfd456081e4d63b38403b38, State: 1, Role: FOLLOWER Watermarks: {Received: term: 0 index: 0 Committed: term: 0 index: 0}
I0628 23:54:49.355268 28601 consensus_queue.cc:162] T 00000000000000000000000000000000 P 68bd46bfcdfd456081e4d63b38403b38 [NON_LEADER]: Queue going to NON_LEADER mode. State: All replicated op: 0.0, Majority replicated op: 0.0, Committed index: 0.0, Last appended: 0.0, Current term: 0, Majority size: -1, State: 1, Mode: NON_LEADER
I0628 23:54:49.355588 28601 raft_consensus.cc:314] T 00000000000000000000000000000000 P 68bd46bfcdfd456081e4d63b38403b38 [term 0 FOLLOWER]: Only one voter in the Raft config. Triggering election immediately
I0628 23:54:49.355768 28601 raft_consensus.cc:370] T 00000000000000000000000000000000 P 68bd46bfcdfd456081e4d63b38403b38 [term 0 FOLLOWER]: No leader contacted us within the election timeout. Triggering leader election
I0628 23:54:49.355954 28601 raft_consensus.cc:2019] T 00000000000000000000000000000000 P 68bd46bfcdfd456081e4d63b38403b38 [term 0 FOLLOWER]: Advancing to term 1
I0628 23:54:49.358362 28601 raft_consensus.cc:1970] T 00000000000000000000000000000000 P 68bd46bfcdfd456081e4d63b38403b38 [term 1 FOLLOWER]: Snoozing failure detection for election timeout plus an additional 1.566s
I0628 23:54:49.358646 28601 raft_consensus.cc:386] T 00000000000000000000000000000000 P 68bd46bfcdfd456081e4d63b38403b38 [term 1 FOLLOWER]: Starting election with config: opid_index: -1 peers { permanent_uuid: "68bd46bfcdfd456081e4d63b38403b38" member_type: VOTER }
I0628 23:54:49.360954 28601 leader_election.cc:248] T 00000000000000000000000000000000 P 68bd46bfcdfd456081e4d63b38403b38 [CANDIDATE]: Term 1 election: Election decided. Result: candidate won.
I0628 23:54:49.372895 28607 raft_consensus.cc:1970] T 00000000000000000000000000000000 P 68bd46bfcdfd456081e4d63b38403b38 [term 1 FOLLOWER]: Snoozing failure detection for election timeout plus an additional 1.630s
I0628 23:54:49.373167 28607 raft_consensus.cc:1859] T 00000000000000000000000000000000 P 68bd46bfcdfd456081e4d63b38403b38 [term 1 FOLLOWER]: Leader election won for term 1
I0628 23:54:49.385872 28607 raft_consensus.cc:464] T 00000000000000000000000000000000 P 68bd46bfcdfd456081e4d63b38403b38 [term 1 LEADER]: Becoming Leader. State: Replica: 68bd46bfcdfd456081e4d63b38403b38, State: 1, Role: LEADER Watermarks: {Received: term: 0 index: 0 Committed: term: 0 index: 0}
I0628 23:54:49.386520 28607 consensus_queue.cc:145] T 00000000000000000000000000000000 P 68bd46bfcdfd456081e4d63b38403b38 [LEADER]: Queue going to LEADER mode. State: All replicated op: 0.0, Majority replicated op: 0.0, Committed index: 0.0, Last appended: 0.0, Current term: 1, Majority size: 1, State: 1, Mode: LEADER, active raft config: opid_index: -1 peers { permanent_uuid: "68bd46bfcdfd456081e4d63b38403b38" member_type: VOTER }
I0628 23:54:49.397065 28602 mem_tracker.cc:138] MemTracker: hard memory limit is 11.777661 GB
I0628 23:54:49.397603 28602 mem_tracker.cc:140] MemTracker: soft memory limit is 7.066597 GB
I0628 23:54:49.405946 28608 sys_catalog.cc:235] T 00000000000000000000000000000000 P 68bd46bfcdfd456081e4d63b38403b38 [sys.catalog]: SysCatalogTable state changed. Reason: New leader 68bd46bfcdfd456081e4d63b38403b38. Latest consensus state: current_term: 1 leader_uuid: "68bd46bfcdfd456081e4d63b38403b38" config { opid_index: -1 peers { permanent_uuid: "68bd46bfcdfd456081e4d63b38403b38" member_type: VOTER } }
I0628 23:54:49.406628 28608 sys_catalog.cc:238] T 00000000000000000000000000000000 P 68bd46bfcdfd456081e4d63b38403b38 [sys.catalog]: This master's current role is: LEADER
I0628 23:54:49.407614 28601 sys_catalog.cc:235] T 00000000000000000000000000000000 P 68bd46bfcdfd456081e4d63b38403b38 [sys.catalog]: SysCatalogTable state changed. Reason: Started TabletPeer. Latest consensus state: current_term: 1 leader_uuid: "68bd46bfcdfd456081e4d63b38403b38" config { opid_index: -1 peers { permanent_uuid: "68bd46bfcdfd456081e4d63b38403b38" member_type: VOTER } }
I0628 23:54:49.408601 28601 sys_catalog.cc:238] T 00000000000000000000000000000000 P 68bd46bfcdfd456081e4d63b38403b38 [sys.catalog]: This master's current role is: LEADER
I0628 23:54:49.411639 28610 raft_consensus_state.cc:534] T 00000000000000000000000000000000 P 68bd46bfcdfd456081e4d63b38403b38 [term 1 LEADER]: Advanced the committed_index across terms. Last committed operation was: term: 0 index: 0 New committed index is: term: 1 index: 1
I0628 23:54:49.408115 28609 sys_catalog.cc:235] T 00000000000000000000000000000000 P 68bd46bfcdfd456081e4d63b38403b38 [sys.catalog]: SysCatalogTable state changed. Reason: RaftConsensus started. Latest consensus state: current_term: 1 leader_uuid: "68bd46bfcdfd456081e4d63b38403b38" config { opid_index: -1 peers { permanent_uuid: "68bd46bfcdfd456081e4d63b38403b38" member_type: VOTER } }
I0628 23:54:49.412559 28609 sys_catalog.cc:238] T 00000000000000000000000000000000 P 68bd46bfcdfd456081e4d63b38403b38 [sys.catalog]: This master's current role is: LEADER
I0628 23:54:49.414515 28602 tablet_server_main.cc:54] Initializing tablet server...
I0628 23:54:49.415431 28601 sys_catalog.cc:311] T 00000000000000000000000000000000 P 68bd46bfcdfd456081e4d63b38403b38 [sys.catalog]: configured and running, proceeding with master startup.
I0628 23:54:49.416849 28558 master_main.cc:64] Master server successfully started.
I0628 23:54:49.417527 28611 catalog_manager.cc:635] Loading table and tablet metadata into memory...
I0628 23:54:49.418057 28602 hybrid_clock.cc:178] HybridClock initialized. Resolution in nanos?: 1 Wait times tolerance adjustment: 1.0005 Current error: 130851
I0628 23:54:49.427637 28602 server_base.cc:164] Could not load existing FS layout: Not found: /tmp/kudutest-1000/delete_table-test.DeleteTableTest.TestDeleteTableWithConcurrentWrites.1467158082783852-27213/minicluster-data/ts-0/instance: No such file or directory (error 2)
I0628 23:54:49.427930 28602 server_base.cc:165] Creating new FS layout
I0628 23:54:49.438580 28602 fs_manager.cc:345] Generated new instance metadata in path /tmp/kudutest-1000/delete_table-test.DeleteTableTest.TestDeleteTableWithConcurrentWrites.1467158082783852-27213/minicluster-data/ts-0/instance: uuid: "420c8e80c83b4919bd67708634ad5bd9" format_stamp: "Formatted at 2016-06-28 23:54:49 on dist-test-slave-dist-test-slave-cgs5"
I0628 23:54:49.450466 28602 fs_manager.cc:242] Opened local filesystem: /tmp/kudutest-1000/delete_table-test.DeleteTableTest.TestDeleteTableWithConcurrentWrites.1467158082783852-27213/minicluster-data/ts-0 uuid: "420c8e80c83b4919bd67708634ad5bd9" format_stamp: "Formatted at 2016-06-28 23:54:49 on dist-test-slave-dist-test-slave-cgs5"
I0628 23:54:49.512933 28602 tablet_server_main.cc:57] Starting tablet server...
I0628 23:54:49.961078 28602 rpc_server.cc:164] RPC server started. Bound to: 127.106.77.0:44123
I0628 23:54:49.962460 28602 webserver.cc:122] Starting webserver on 127.106.77.0:0
I0628 23:54:49.962609 28602 webserver.cc:133] Document root disabled
I0628 23:54:49.964285 28602 webserver.cc:217] Webserver started. Bound to: http://127.106.77.0:46976/
I0628 23:54:49.965750 28602 server_base.cc:234] Dumped server information to /tmp/kudutest-1000/delete_table-test.DeleteTableTest.TestDeleteTableWithConcurrentWrites.1467158082783852-27213/minicluster-data/ts-0/info.pb
I0628 23:54:49.972951 27213 external_mini_cluster.cc:592] Started /tmp/run_tha_testgCg15n/build/tsan/bin/kudu-tserver as pid 28602
I0628 23:54:49.974056 27213 external_mini_cluster.cc:556] Running /tmp/run_tha_testgCg15n/build/tsan/bin/kudu-tserver kudu-tserver --fs_wal_dir=/tmp/kudutest-1000/delete_table-test.DeleteTableTest.TestDeleteTableWithConcurrentWrites.1467158082783852-27213/minicluster-data/ts-1 --fs_data_dirs=/tmp/kudutest-1000/delete_table-test.DeleteTableTest.TestDeleteTableWithConcurrentWrites.1467158082783852-27213/minicluster-data/ts-1 --rpc_bind_addresses=127.106.77.1:0 --local_ip_for_outbound_sockets=127.106.77.1 --webserver_interface=127.106.77.1 --webserver_port=0 --tserver_master_addrs=127.0.0.1:32880 --metrics_log_interval_ms=1000 --log_dir=/tmp/kudutest-1000/delete_table-test.DeleteTableTest.TestDeleteTableWithConcurrentWrites.1467158082783852-27213/minicluster-data/ts-1 --never_fsync --server_dump_info_path=/tmp/kudutest-1000/delete_table-test.DeleteTableTest.TestDeleteTableWithConcurrentWrites.1467158082783852-27213/minicluster-data/ts-1/info.pb --server_dump_info_format=pb --rpc_server_allow_ephemeral_ports --logtostderr --logbuflevel=-1
I0628 23:54:49.978006 28602 tablet_server_main.cc:60] Tablet server successfully started.
I0628 23:54:49.999701 28726 heartbeater.cc:254] Connected to a leader master server at 127.0.0.1:32880
I0628 23:54:50.000066 28726 heartbeater.cc:319] Registering TS with master...
I0628 23:54:50.000308 28726 heartbeater.cc:325] Sending a full tablet report to master...
I0628 23:54:50.001935 28578 ts_manager.cc:82] Registered new tablet server { permanent_uuid: "420c8e80c83b4919bd67708634ad5bd9" instance_seqno: 1467158089937879 } with Master
I0628 23:54:50.087352 28730 mem_tracker.cc:138] MemTracker: hard memory limit is 11.777661 GB
I0628 23:54:50.087787 28730 mem_tracker.cc:140] MemTracker: soft memory limit is 7.066597 GB
I0628 23:54:50.100854 28730 tablet_server_main.cc:54] Initializing tablet server...
I0628 23:54:50.103431 28730 hybrid_clock.cc:178] HybridClock initialized. Resolution in nanos?: 1 Wait times tolerance adjustment: 1.0005 Current error: 131351
I0628 23:54:50.109195 28730 server_base.cc:164] Could not load existing FS layout: Not found: /tmp/kudutest-1000/delete_table-test.DeleteTableTest.TestDeleteTableWithConcurrentWrites.1467158082783852-27213/minicluster-data/ts-1/instance: No such file or directory (error 2)
I0628 23:54:50.109396 28730 server_base.cc:165] Creating new FS layout
I0628 23:54:50.116902 28730 fs_manager.cc:345] Generated new instance metadata in path /tmp/kudutest-1000/delete_table-test.DeleteTableTest.TestDeleteTableWithConcurrentWrites.1467158082783852-27213/minicluster-data/ts-1/instance: uuid: "a19aaebe5ce646349f024b13675e09ed" format_stamp: "Formatted at 2016-06-28 23:54:50 on dist-test-slave-dist-test-slave-cgs5"
I0628 23:54:50.124236 28730 fs_manager.cc:242] Opened local filesystem: /tmp/kudutest-1000/delete_table-test.DeleteTableTest.TestDeleteTableWithConcurrentWrites.1467158082783852-27213/minicluster-data/ts-1 uuid: "a19aaebe5ce646349f024b13675e09ed" format_stamp: "Formatted at 2016-06-28 23:54:50 on dist-test-slave-dist-test-slave-cgs5"
I0628 23:54:50.156575 28730 tablet_server_main.cc:57] Starting tablet server...
I0628 23:54:50.270926 28730 rpc_server.cc:164] RPC server started. Bound to: 127.106.77.1:38140
I0628 23:54:50.272366 28730 webserver.cc:122] Starting webserver on 127.106.77.1:0
I0628 23:54:50.272469 28730 webserver.cc:133] Document root disabled
I0628 23:54:50.274111 28730 webserver.cc:217] Webserver started. Bound to: http://127.106.77.1:47496/
I0628 23:54:50.275720 28730 server_base.cc:234] Dumped server information to /tmp/kudutest-1000/delete_table-test.DeleteTableTest.TestDeleteTableWithConcurrentWrites.1467158082783852-27213/minicluster-data/ts-1/info.pb
I0628 23:54:50.282776 27213 external_mini_cluster.cc:592] Started /tmp/run_tha_testgCg15n/build/tsan/bin/kudu-tserver as pid 28730
I0628 23:54:50.283648 27213 external_mini_cluster.cc:556] Running /tmp/run_tha_testgCg15n/build/tsan/bin/kudu-tserver kudu-tserver --fs_wal_dir=/tmp/kudutest-1000/delete_table-test.DeleteTableTest.TestDeleteTableWithConcurrentWrites.1467158082783852-27213/minicluster-data/ts-2 --fs_data_dirs=/tmp/kudutest-1000/delete_table-test.DeleteTableTest.TestDeleteTableWithConcurrentWrites.1467158082783852-27213/minicluster-data/ts-2 --rpc_bind_addresses=127.106.77.2:0 --local_ip_for_outbound_sockets=127.106.77.2 --webserver_interface=127.106.77.2 --webserver_port=0 --tserver_master_addrs=127.0.0.1:32880 --metrics_log_interval_ms=1000 --log_dir=/tmp/kudutest-1000/delete_table-test.DeleteTableTest.TestDeleteTableWithConcurrentWrites.1467158082783852-27213/minicluster-data/ts-2 --never_fsync --server_dump_info_path=/tmp/kudutest-1000/delete_table-test.DeleteTableTest.TestDeleteTableWithConcurrentWrites.1467158082783852-27213/minicluster-data/ts-2/info.pb --server_dump_info_format=pb --rpc_server_allow_ephemeral_ports --logtostderr --logbuflevel=-1
I0628 23:54:50.288396 28730 tablet_server_main.cc:60] Tablet server successfully started.
I0628 23:54:50.295183 28844 heartbeater.cc:254] Connected to a leader master server at 127.0.0.1:32880
I0628 23:54:50.295627 28844 heartbeater.cc:319] Registering TS with master...
I0628 23:54:50.295853 28844 heartbeater.cc:325] Sending a full tablet report to master...
I0628 23:54:50.297549 28578 ts_manager.cc:82] Registered new tablet server { permanent_uuid: "a19aaebe5ce646349f024b13675e09ed" instance_seqno: 1467158090232918 } with Master
I0628 23:54:50.401361 28847 mem_tracker.cc:138] MemTracker: hard memory limit is 11.777661 GB
I0628 23:54:50.401829 28847 mem_tracker.cc:140] MemTracker: soft memory limit is 7.066597 GB
I0628 23:54:50.415211 28847 tablet_server_main.cc:54] Initializing tablet server...
I0628 23:54:50.418164 28847 hybrid_clock.cc:178] HybridClock initialized. Resolution in nanos?: 1 Wait times tolerance adjustment: 1.0005 Current error: 131351
I0628 23:54:50.424031 28847 server_base.cc:164] Could not load existing FS layout: Not found: /tmp/kudutest-1000/delete_table-test.DeleteTableTest.TestDeleteTableWithConcurrentWrites.1467158082783852-27213/minicluster-data/ts-2/instance: No such file or directory (error 2)
I0628 23:54:50.424234 28847 server_base.cc:165] Creating new FS layout
I0628 23:54:50.432795 28847 fs_manager.cc:345] Generated new instance metadata in path /tmp/kudutest-1000/delete_table-test.DeleteTableTest.TestDeleteTableWithConcurrentWrites.1467158082783852-27213/minicluster-data/ts-2/instance: uuid: "7333285db9804dde9478033cabd5d781" format_stamp: "Formatted at 2016-06-28 23:54:50 on dist-test-slave-dist-test-slave-cgs5"
I0628 23:54:50.440790 28847 fs_manager.cc:242] Opened local filesystem: /tmp/kudutest-1000/delete_table-test.DeleteTableTest.TestDeleteTableWithConcurrentWrites.1467158082783852-27213/minicluster-data/ts-2 uuid: "7333285db9804dde9478033cabd5d781" format_stamp: "Formatted at 2016-06-28 23:54:50 on dist-test-slave-dist-test-slave-cgs5"
I0628 23:54:50.474212 28847 tablet_server_main.cc:57] Starting tablet server...
I0628 23:54:50.571305 28847 rpc_server.cc:164] RPC server started. Bound to: 127.106.77.2:40485
I0628 23:54:50.572700 28847 webserver.cc:122] Starting webserver on 127.106.77.2:0
I0628 23:54:50.572789 28847 webserver.cc:133] Document root disabled
I0628 23:54:50.574216 28847 webserver.cc:217] Webserver started. Bound to: http://127.106.77.2:41545/
I0628 23:54:50.575582 28847 server_base.cc:234] Dumped server information to /tmp/kudutest-1000/delete_table-test.DeleteTableTest.TestDeleteTableWithConcurrentWrites.1467158082783852-27213/minicluster-data/ts-2/info.pb
I0628 23:54:50.577787 28847 tablet_server_main.cc:60] Tablet server successfully started.
I0628 23:54:50.581324 27213 external_mini_cluster.cc:592] Started /tmp/run_tha_testgCg15n/build/tsan/bin/kudu-tserver as pid 28847
I0628 23:54:50.586136 28961 heartbeater.cc:254] Connected to a leader master server at 127.0.0.1:32880
I0628 23:54:50.586477 28961 heartbeater.cc:319] Registering TS with master...
I0628 23:54:50.586683 28961 heartbeater.cc:325] Sending a full tablet report to master...
I0628 23:54:50.588322 28578 ts_manager.cc:82] Registered new tablet server { permanent_uuid: "7333285db9804dde9478033cabd5d781" instance_seqno: 1467158090552617 } with Master
I0628 23:54:50.591871 27213 external_mini_cluster.cc:319] 3 TS(s) registered with Master
I0628 23:54:50.614846 28578 catalog_manager.cc:772] CreateTable from {real_user=slave, eff_user=} at 127.0.0.1:47355: name: "table-0" schema { columns { name: "key" type: INT32 is_key: true is_nullable: false encoding: AUTO_ENCODING compression: DEFAULT_COMPRESSION cfile_block_size: 0 } columns { name: "int_val" type: INT32 is_key: false is_nullable: false encoding: AUTO_ENCODING compression: DEFAULT_COMPRESSION cfile_block_size: 0 } columns { name: "string_val" type: STRING is_key: false is_nullable: true encoding: AUTO_ENCODING compression: DEFAULT_COMPRESSION cfile_block_size: 0 } } num_replicas: 3 split_rows_range_bounds { } partition_schema { range_schema { columns { name: "key" } } }
I0628 23:54:50.655107 28781 tablet_service.cc:612] Processing CreateTablet for tablet a16b944a988b4388b55f8396b18aa8b9 (table=table-0 [id=8e56fdabbd3145cb936ad1912202dc42]), partition=range: [(), ())
I0628 23:54:50.656972 28898 tablet_service.cc:612] Processing CreateTablet for tablet a16b944a988b4388b55f8396b18aa8b9 (table=table-0 [id=8e56fdabbd3145cb936ad1912202dc42]), partition=range: [(), ())
I0628 23:54:50.659173 28663 tablet_service.cc:612] Processing CreateTablet for tablet a16b944a988b4388b55f8396b18aa8b9 (table=table-0 [id=8e56fdabbd3145cb936ad1912202dc42]), partition=range: [(), ())
