I0628 23:55:23.753012 30423 maintenance_manager.cc:180] Unregistered op FlushDeltaMemStoresOp(81bb583ab6264dd3bed571d157bdc78e)
I0628 23:55:23.753188 30423 maintenance_manager.cc:180] Unregistered op LogGCOp(81bb583ab6264dd3bed571d157bdc78e)
I0628 23:55:23.753340 30423 raft_consensus.cc:1495] T 81bb583ab6264dd3bed571d157bdc78e P a9e0262858964a4387d95eaa285fa762 [term 2 FOLLOWER]: Raft consensus shutting down.
I0628 23:55:23.753696 30423 raft_consensus.cc:1511] T 81bb583ab6264dd3bed571d157bdc78e P a9e0262858964a4387d95eaa285fa762 [term 2 FOLLOWER]: Raft consensus is shut down!
I0628 23:55:23.783758 30423 ts_tablet_manager.cc:955] T 81bb583ab6264dd3bed571d157bdc78e P a9e0262858964a4387d95eaa285fa762: Deleting tablet data with delete state TABLET_DATA_TOMBSTONED
I0628 23:55:23.788224 30423 ts_tablet_manager.cc:965] T 81bb583ab6264dd3bed571d157bdc78e P a9e0262858964a4387d95eaa285fa762: Tablet deleted. Last logged OpId: 2.446
I0628 23:55:23.789242 30423 tablet_bootstrap.cc:393] T 81bb583ab6264dd3bed571d157bdc78e P a9e0262858964a4387d95eaa285fa762: Deleted tablet blocks from disk
I0628 23:55:24.168053 30786 consensus_peers.cc:296] T 81bb583ab6264dd3bed571d157bdc78e P 8bea06ed38f24dd3b85c977539f7d5f5 -> Peer a9e0262858964a4387d95eaa285fa762 (127.106.77.0:35960): Sending request to remotely bootstrap
I0628 23:55:24.169658 30443 ts_tablet_manager.cc:412] T 81bb583ab6264dd3bed571d157bdc78e P a9e0262858964a4387d95eaa285fa762: Initiating remote bootstrap from Peer 8bea06ed38f24dd3b85c977539f7d5f5 (127.106.77.1:40602)
I0628 23:55:24.172372 30443 remote_bootstrap_client.cc:164] T 81bb583ab6264dd3bed571d157bdc78e P a9e0262858964a4387d95eaa285fa762: Remote bootstrap client: Beginning remote bootstrap session from remote peer at address 127.106.77.1:40602
I0628 23:55:24.173506 30609 remote_bootstrap_service.cc:123] Beginning new remote bootstrap session on tablet 81bb583ab6264dd3bed571d157bdc78e from peer a9e0262858964a4387d95eaa285fa762 at {real_user=slave, eff_user=} at 127.106.77.0:34868: session id = a9e0262858964a4387d95eaa285fa762-81bb583ab6264dd3bed571d157bdc78e
I0628 23:55:24.176309 30609 remote_bootstrap_session.cc:142] T 81bb583ab6264dd3bed571d157bdc78e P 8bea06ed38f24dd3b85c977539f7d5f5: Remote bootstrap: opened 0 blocks and 2 log segments
I0628 23:55:24.180515 30443 ts_tablet_manager.cc:760] Registered tablet 81bb583ab6264dd3bed571d157bdc78e
I0628 23:55:24.180790 30443 remote_bootstrap_client.cc:387] T 81bb583ab6264dd3bed571d157bdc78e P a9e0262858964a4387d95eaa285fa762: Remote bootstrap client: Starting download of 0 data blocks...
I0628 23:55:24.181151 30443 remote_bootstrap_client.cc:352] T 81bb583ab6264dd3bed571d157bdc78e P a9e0262858964a4387d95eaa285fa762: Remote bootstrap client: Starting download of 2 WAL segments...
I0628 23:55:24.181330 30443 tablet_bootstrap.cc:393] T 81bb583ab6264dd3bed571d157bdc78e P a9e0262858964a4387d95eaa285fa762: RemoteBootstrap: Downloading WAL segment with seq. number 1 (1/2)
I0628 23:55:24.206612 30443 tablet_bootstrap.cc:393] T 81bb583ab6264dd3bed571d157bdc78e P a9e0262858964a4387d95eaa285fa762: RemoteBootstrap: Downloading WAL segment with seq. number 2 (2/2)
I0628 23:55:24.211839 30443 remote_bootstrap_client.cc:273] T 81bb583ab6264dd3bed571d157bdc78e P a9e0262858964a4387d95eaa285fa762: Remote bootstrap client: Remote bootstrap complete. Replacing tablet superblock.
I0628 23:55:24.212061 30443 tablet_bootstrap.cc:393] T 81bb583ab6264dd3bed571d157bdc78e P a9e0262858964a4387d95eaa285fa762: RemoteBootstrap: Replacing tablet superblock
I0628 23:55:24.215893 30879 ts_tablet_manager.cc:628] T 81bb583ab6264dd3bed571d157bdc78e P a9e0262858964a4387d95eaa285fa762: Bootstrapping tablet
I0628 23:55:24.216539 30609 remote_bootstrap_service.cc:242] Request end of remote bootstrap session a9e0262858964a4387d95eaa285fa762-81bb583ab6264dd3bed571d157bdc78e received from {real_user=slave, eff_user=} at 127.106.77.0:34868
I0628 23:55:24.216753 30609 remote_bootstrap_service.cc:323] Ending remote bootstrap session a9e0262858964a4387d95eaa285fa762-81bb583ab6264dd3bed571d157bdc78e on tablet 81bb583ab6264dd3bed571d157bdc78e with peer a9e0262858964a4387d95eaa285fa762
I0628 23:55:24.218289 30879 tablet_bootstrap.cc:393] T 81bb583ab6264dd3bed571d157bdc78e P a9e0262858964a4387d95eaa285fa762: Bootstrap starting.
I0628 23:55:24.220988 30879 tablet_bootstrap.cc:553] T 81bb583ab6264dd3bed571d157bdc78e P a9e0262858964a4387d95eaa285fa762: Time spent opening tablet: real 0.001s user 0.000s sys 0.000s
I0628 23:55:24.221645 30879 tablet_bootstrap.cc:609] T 81bb583ab6264dd3bed571d157bdc78e P a9e0262858964a4387d95eaa285fa762: Will attempt to recover log segment /tmp/kudutest-1000/delete_table-test.DeleteTableTest.TestAutoTombstoneAfterRemoteBootstrapRemoteFails.1467158082783852-27213/minicluster-data/ts-0/wals/81bb583ab6264dd3bed571d157bdc78e/wal-000000002 to /tmp/kudutest-1000/delete_table-test.DeleteTableTest.TestAutoTombstoneAfterRemoteBootstrapRemoteFails.1467158082783852-27213/minicluster-data/ts-0/wals/81bb583ab6264dd3bed571d157bdc78e.recovery/wal-000000002
I0628 23:55:24.221972 30879 tablet_bootstrap.cc:609] T 81bb583ab6264dd3bed571d157bdc78e P a9e0262858964a4387d95eaa285fa762: Will attempt to recover log segment /tmp/kudutest-1000/delete_table-test.DeleteTableTest.TestAutoTombstoneAfterRemoteBootstrapRemoteFails.1467158082783852-27213/minicluster-data/ts-0/wals/81bb583ab6264dd3bed571d157bdc78e/wal-000000001 to /tmp/kudutest-1000/delete_table-test.DeleteTableTest.TestAutoTombstoneAfterRemoteBootstrapRemoteFails.1467158082783852-27213/minicluster-data/ts-0/wals/81bb583ab6264dd3bed571d157bdc78e.recovery/wal-000000001
I0628 23:55:24.222131 30879 tablet_bootstrap.cc:617] T 81bb583ab6264dd3bed571d157bdc78e P a9e0262858964a4387d95eaa285fa762: Moving log directory /tmp/kudutest-1000/delete_table-test.DeleteTableTest.TestAutoTombstoneAfterRemoteBootstrapRemoteFails.1467158082783852-27213/minicluster-data/ts-0/wals/81bb583ab6264dd3bed571d157bdc78e to recovery directory /tmp/kudutest-1000/delete_table-test.DeleteTableTest.TestAutoTombstoneAfterRemoteBootstrapRemoteFails.1467158082783852-27213/minicluster-data/ts-0/wals/81bb583ab6264dd3bed571d157bdc78e.recovery in preparation for log replay
W0628 23:55:24.222934 30879 log_util.cc:311] Could not read footer for segment: /tmp/kudutest-1000/delete_table-test.DeleteTableTest.TestAutoTombstoneAfterRemoteBootstrapRemoteFails.1467158082783852-27213/minicluster-data/ts-0/wals/81bb583ab6264dd3bed571d157bdc78e.recovery/wal-000000002: Not found: Footer not found. Footer magic doesn't match
I0628 23:55:24.223111 30879 log_reader.cc:152] Log segment /tmp/kudutest-1000/delete_table-test.DeleteTableTest.TestAutoTombstoneAfterRemoteBootstrapRemoteFails.1467158082783852-27213/minicluster-data/ts-0/wals/81bb583ab6264dd3bed571d157bdc78e.recovery/wal-000000002 was likely left in-progress after a previous crash. Will try to rebuild footer by scanning data.
I0628 23:55:24.226879 30879 log_util.cc:359] Successfully rebuilt footer for segment: /tmp/kudutest-1000/delete_table-test.DeleteTableTest.TestAutoTombstoneAfterRemoteBootstrapRemoteFails.1467158082783852-27213/minicluster-data/ts-0/wals/81bb583ab6264dd3bed571d157bdc78e.recovery/wal-000000002 (valid entries through byte offset 8100)
I0628 23:55:24.227594 30879 tablet.cc:854] T 81bb583ab6264dd3bed571d157bdc78e Rewinding schema during bootstrap to Schema [ 10:key[int32 NOT NULL], 11:int_val[int32 NOT NULL], 12:string_val[string NULLABLE] ] INFO: Connected to the Master INFO: Connected to all 3 Tablet Servers WARNING: Tablet 81bb583ab6264dd3bed571d157bdc78e of table 'test-workload' has 3 instead of 2 replicas INFO: Table test-workload is HEALTHY INFO: The metadata for 1 tables is HEALTHY
W0628 23:55:24.668107 30520 consensus_peers.cc:326] T 81bb583ab6264dd3bed571d157bdc78e P 8bea06ed38f24dd3b85c977539f7d5f5 -> Peer a9e0262858964a4387d95eaa285fa762 (127.106.77.0:35960): Couldn't send request to peer a9e0262858964a4387d95eaa285fa762 for tablet 81bb583ab6264dd3bed571d157bdc78e. Error code: TABLET_NOT_RUNNING (12). Status: Illegal state: Tablet not RUNNING: BOOTSTRAPPING. Retrying in the next heartbeat period. Already tried 1 times. ----------------------- test-workload ----------------------- T 81bb583ab6264dd3bed571d157bdc78e P 8bea06ed38f24dd3b85c977539f7d5f5 (127.106.77.1:40602): Checksum: 47299235369098 T 81bb583ab6264dd3bed571d157bdc78e P c3a57434d605412c82946ec0f6f80b2a (127.106.77.2:48322): Checksum: 47299235369098 T 81bb583ab6264dd3bed571d157bdc78e P a9e0262858964a4387d95eaa285fa762 (127.106.77.0:35960): Error: Illegal state: Tablet not RUNNING: BOOTSTRAPPING
I0628 23:55:24.987141 27213 cluster_verifier.cc:72] Check not successful yet, sleeping and retrying: Aborted: 1 errors were detected INFO: Connected to the Master
W0628 23:55:25.168359 30520 consensus_peers.cc:326] T 81bb583ab6264dd3bed571d157bdc78e P 8bea06ed38f24dd3b85c977539f7d5f5 -> Peer a9e0262858964a4387d95eaa285fa762 (127.106.77.0:35960): Couldn't send request to peer a9e0262858964a4387d95eaa285fa762 for tablet 81bb583ab6264dd3bed571d157bdc78e. Error code: TABLET_NOT_RUNNING (12). Status: Illegal state: Tablet not RUNNING: BOOTSTRAPPING. Retrying in the next heartbeat period. Already tried 2 times. INFO: Connected to all 3 Tablet Servers WARNING: Tablet 81bb583ab6264dd3bed571d157bdc78e of table 'test-workload' has 3 instead of 2 replicas INFO: Table test-workload is HEALTHY INFO: The metadata for 1 tables is HEALTHY
W0628 23:55:25.668792 30520 consensus_peers.cc:326] T 81bb583ab6264dd3bed571d157bdc78e P 8bea06ed38f24dd3b85c977539f7d5f5 -> Peer a9e0262858964a4387d95eaa285fa762 (127.106.77.0:35960): Couldn't send request to peer a9e0262858964a4387d95eaa285fa762 for tablet 81bb583ab6264dd3bed571d157bdc78e. Error code: TABLET_NOT_RUNNING (12). Status: Illegal state: Tablet not RUNNING: BOOTSTRAPPING. Retrying in the next heartbeat period. Already tried 3 times. ----------------------- test-workload ----------------------- T 81bb583ab6264dd3bed571d157bdc78e P 8bea06ed38f24dd3b85c977539f7d5f5 (127.106.77.1:40602): Checksum: 47299235369098 T 81bb583ab6264dd3bed571d157bdc78e P c3a57434d605412c82946ec0f6f80b2a (127.106.77.2:48322): Checksum: 47299235369098 T 81bb583ab6264dd3bed571d157bdc78e P a9e0262858964a4387d95eaa285fa762 (127.106.77.0:35960): Error: Illegal state: Tablet not RUNNING: BOOTSTRAPPING
I0628 23:55:25.903738 27213 cluster_verifier.cc:72] Check not successful yet, sleeping and retrying: Aborted: 1 errors were detected INFO: Connected to the Master INFO: Connected to all 3 Tablet Servers WARNING: Tablet 81bb583ab6264dd3bed571d157bdc78e of table 'test-workload' has 3 instead of 2 replicas INFO: Table test-workload is HEALTHY INFO: The metadata for 1 tables is HEALTHY
W0628 23:55:26.169433 30520 consensus_peers.cc:326] T 81bb583ab6264dd3bed571d157bdc78e P 8bea06ed38f24dd3b85c977539f7d5f5 -> Peer a9e0262858964a4387d95eaa285fa762 (127.106.77.0:35960): Couldn't send request to peer a9e0262858964a4387d95eaa285fa762 for tablet 81bb583ab6264dd3bed571d157bdc78e. Error code: TABLET_NOT_RUNNING (12). Status: Illegal state: Tablet not RUNNING: BOOTSTRAPPING. Retrying in the next heartbeat period. Already tried 4 times.
W0628 23:55:26.670084 30520 consensus_peers.cc:326] T 81bb583ab6264dd3bed571d157bdc78e P 8bea06ed38f24dd3b85c977539f7d5f5 -> Peer a9e0262858964a4387d95eaa285fa762 (127.106.77.0:35960): Couldn't send request to peer a9e0262858964a4387d95eaa285fa762 for tablet 81bb583ab6264dd3bed571d157bdc78e. Error code: TABLET_NOT_RUNNING (12). Status: Illegal state: Tablet not RUNNING: BOOTSTRAPPING. Retrying in the next heartbeat period. Already tried 5 times. ----------------------- test-workload ----------------------- T 81bb583ab6264dd3bed571d157bdc78e P c3a57434d605412c82946ec0f6f80b2a (127.106.77.2:48322): Checksum: 47299235369098 T 81bb583ab6264dd3bed571d157bdc78e P 8bea06ed38f24dd3b85c977539f7d5f5 (127.106.77.1:40602): Checksum: 47299235369098 T 81bb583ab6264dd3bed571d157bdc78e P a9e0262858964a4387d95eaa285fa762 (127.106.77.0:35960): Error: Illegal state: Tablet not RUNNING: BOOTSTRAPPING
I0628 23:55:26.899420 27213 cluster_verifier.cc:72] Check not successful yet, sleeping and retrying: Aborted: 1 errors were detected
W0628 23:55:27.170027 30520 consensus_peers.cc:326] T 81bb583ab6264dd3bed571d157bdc78e P 8bea06ed38f24dd3b85c977539f7d5f5 -> Peer a9e0262858964a4387d95eaa285fa762 (127.106.77.0:35960): Couldn't send request to peer a9e0262858964a4387d95eaa285fa762 for tablet 81bb583ab6264dd3bed571d157bdc78e. Error code: TABLET_NOT_RUNNING (12). Status: Illegal state: Tablet not RUNNING: BOOTSTRAPPING. Retrying in the next heartbeat period. Already tried 6 times. INFO: Connected to the Master INFO: Connected to all 3 Tablet Servers WARNING: Tablet 81bb583ab6264dd3bed571d157bdc78e of table 'test-workload' has 3 instead of 2 replicas INFO: Table test-workload is HEALTHY INFO: The metadata for 1 tables is HEALTHY
W0628 23:55:27.670856 30520 consensus_peers.cc:326] T 81bb583ab6264dd3bed571d157bdc78e P 8bea06ed38f24dd3b85c977539f7d5f5 -> Peer a9e0262858964a4387d95eaa285fa762 (127.106.77.0:35960): Couldn't send request to peer a9e0262858964a4387d95eaa285fa762 for tablet 81bb583ab6264dd3bed571d157bdc78e. Error code: TABLET_NOT_RUNNING (12). Status: Illegal state: Tablet not RUNNING: BOOTSTRAPPING. Retrying in the next heartbeat period. Already tried 7 times. ----------------------- test-workload ----------------------- T 81bb583ab6264dd3bed571d157bdc78e P c3a57434d605412c82946ec0f6f80b2a (127.106.77.2:48322): Checksum: 47299235369098 T 81bb583ab6264dd3bed571d157bdc78e P 8bea06ed38f24dd3b85c977539f7d5f5 (127.106.77.1:40602): Checksum: 47299235369098 T 81bb583ab6264dd3bed571d157bdc78e P a9e0262858964a4387d95eaa285fa762 (127.106.77.0:35960): Error: Illegal state: Tablet not RUNNING: BOOTSTRAPPING
I0628 23:55:27.858778 27213 cluster_verifier.cc:72] Check not successful yet, sleeping and retrying: Aborted: 1 errors were detected
W0628 23:55:28.171049 30520 consensus_peers.cc:326] T 81bb583ab6264dd3bed571d157bdc78e P 8bea06ed38f24dd3b85c977539f7d5f5 -> Peer a9e0262858964a4387d95eaa285fa762 (127.106.77.0:35960): Couldn't send request to peer a9e0262858964a4387d95eaa285fa762 for tablet 81bb583ab6264dd3bed571d157bdc78e. Error code: TABLET_NOT_RUNNING (12). Status: Illegal state: Tablet not RUNNING: BOOTSTRAPPING. Retrying in the next heartbeat period. Already tried 8 times. INFO: Connected to the Master INFO: Connected to all 3 Tablet Servers WARNING: Tablet 81bb583ab6264dd3bed571d157bdc78e of table 'test-workload' has 3 instead of 2 replicas INFO: Table test-workload is HEALTHY INFO: The metadata for 1 tables is HEALTHY
W0628 23:55:28.671658 30520 consensus_peers.cc:326] T 81bb583ab6264dd3bed571d157bdc78e P 8bea06ed38f24dd3b85c977539f7d5f5 -> Peer a9e0262858964a4387d95eaa285fa762 (127.106.77.0:35960): Couldn't send request to peer a9e0262858964a4387d95eaa285fa762 for tablet 81bb583ab6264dd3bed571d157bdc78e. Error code: TABLET_NOT_RUNNING (12). Status: Illegal state: Tablet not RUNNING: BOOTSTRAPPING. Retrying in the next heartbeat period. Already tried 9 times. ----------------------- test-workload ----------------------- T 81bb583ab6264dd3bed571d157bdc78e P c3a57434d605412c82946ec0f6f80b2a (127.106.77.2:48322): Checksum: 47299235369098 T 81bb583ab6264dd3bed571d157bdc78e P 8bea06ed38f24dd3b85c977539f7d5f5 (127.106.77.1:40602): Checksum: 47299235369098 T 81bb583ab6264dd3bed571d157bdc78e P a9e0262858964a4387d95eaa285fa762 (127.106.77.0:35960): Error: Illegal state: Tablet not RUNNING: BOOTSTRAPPING
I0628 23:55:28.972892 27213 cluster_verifier.cc:72] Check not successful yet, sleeping and retrying: Aborted: 1 errors were detected
W0628 23:55:29.171638 30520 consensus_peers.cc:326] T 81bb583ab6264dd3bed571d157bdc78e P 8bea06ed38f24dd3b85c977539f7d5f5 -> Peer a9e0262858964a4387d95eaa285fa762 (127.106.77.0:35960): Couldn't send request to peer a9e0262858964a4387d95eaa285fa762 for tablet 81bb583ab6264dd3bed571d157bdc78e. Error code: TABLET_NOT_RUNNING (12). Status: Illegal state: Tablet not RUNNING: BOOTSTRAPPING. Retrying in the next heartbeat period. Already tried 10 times.
I0628 23:55:29.373352 30879 log.cc:517] Max segment size reached. Starting new segment allocation.
I0628 23:55:29.374548 30879 tablet_bootstrap.cc:393] T 81bb583ab6264dd3bed571d157bdc78e P a9e0262858964a4387d95eaa285fa762: Bootstrap replayed 1/2 log segments. Stats: ops{read=441 overwritten=0 applied=440 ignored=0} inserts{seen=21950 ignored=0} mutations{seen=0 ignored=0} orphaned_commits=0. Pending: 1 replicates
I0628 23:55:29.375632 30879 log.cc:400] Rolled over to a new segment: /tmp/kudutest-1000/delete_table-test.DeleteTableTest.TestAutoTombstoneAfterRemoteBootstrapRemoteFails.1467158082783852-27213/minicluster-data/ts-0/wals/81bb583ab6264dd3bed571d157bdc78e/wal-000000002
I0628 23:55:29.429011 30879 tablet_bootstrap.cc:393] T 81bb583ab6264dd3bed571d157bdc78e P a9e0262858964a4387d95eaa285fa762: Bootstrap replayed 2/2 log segments. Stats: ops{read=446 overwritten=0 applied=446 ignored=0} inserts{seen=22150 ignored=0} mutations{seen=0 ignored=0} orphaned_commits=0. Pending: 0 replicates
I0628 23:55:29.429203 30879 tablet_bootstrap.cc:1030] T 81bb583ab6264dd3bed571d157bdc78e P a9e0262858964a4387d95eaa285fa762: ReplayState: Previous OpId: 2.446, Committed OpId: 2.446, Pending Replicates: 0, Pending Commits: 0
I0628 23:55:29.431098 30879 tablet_bootstrap.cc:646] T 81bb583ab6264dd3bed571d157bdc78e P a9e0262858964a4387d95eaa285fa762: Preparing to delete log recovery files and directory /tmp/kudutest-1000/delete_table-test.DeleteTableTest.TestAutoTombstoneAfterRemoteBootstrapRemoteFails.1467158082783852-27213/minicluster-data/ts-0/wals/81bb583ab6264dd3bed571d157bdc78e.recovery
I0628 23:55:29.431304 30879 tablet_bootstrap.cc:649] T 81bb583ab6264dd3bed571d157bdc78e P a9e0262858964a4387d95eaa285fa762: Renaming log recovery dir from /tmp/kudutest-1000/delete_table-test.DeleteTableTest.TestAutoTombstoneAfterRemoteBootstrapRemoteFails.1467158082783852-27213/minicluster-data/ts-0/wals/81bb583ab6264dd3bed571d157bdc78e.recovery to /tmp/kudutest-1000/delete_table-test.DeleteTableTest.TestAutoTombstoneAfterRemoteBootstrapRemoteFails.1467158082783852-27213/minicluster-data/ts-0/wals/81bb583ab6264dd3bed571d157bdc78e.recovery-1467158129431250
I0628 23:55:29.431478 30879 tablet_bootstrap.cc:659] T 81bb583ab6264dd3bed571d157bdc78e P a9e0262858964a4387d95eaa285fa762: Deleting all files from renamed log recovery directory /tmp/kudutest-1000/delete_table-test.DeleteTableTest.TestAutoTombstoneAfterRemoteBootstrapRemoteFails.1467158082783852-27213/minicluster-data/ts-0/wals/81bb583ab6264dd3bed571d157bdc78e.recovery-1467158129431250
I0628 23:55:29.432005 30879 tablet_bootstrap.cc:662] T 81bb583ab6264dd3bed571d157bdc78e P a9e0262858964a4387d95eaa285fa762: Completed deletion of old log recovery files and directory /tmp/kudutest-1000/delete_table-test.DeleteTableTest.TestAutoTombstoneAfterRemoteBootstrapRemoteFails.1467158082783852-27213/minicluster-data/ts-0/wals/81bb583ab6264dd3bed571d157bdc78e.recovery-1467158129431250
I0628 23:55:29.432306 30879 tablet_bootstrap.cc:393] T 81bb583ab6264dd3bed571d157bdc78e P a9e0262858964a4387d95eaa285fa762: Bootstrap complete.
I0628 23:55:29.432817 30879 ts_tablet_manager.cc:633] T 81bb583ab6264dd3bed571d157bdc78e P a9e0262858964a4387d95eaa285fa762: Time spent bootstrapping tablet: real 5.217s user 5.152s sys 0.060s
I0628 23:55:29.435849 30879 raft_consensus.cc:269] T 81bb583ab6264dd3bed571d157bdc78e P a9e0262858964a4387d95eaa285fa762 [term 2 FOLLOWER]: Replica starting. Triggering 0 pending transactions. Active config: opid_index: 445 peers { permanent_uuid: "c3a57434d605412c82946ec0f6f80b2a" member_type: VOTER last_known_addr { host: "127.106.77.2" port: 48322 } } peers { permanent_uuid: "8bea06ed38f24dd3b85c977539f7d5f5" member_type: VOTER last_known_addr { host: "127.106.77.1" port: 40602 } } peers { permanent_uuid: "a9e0262858964a4387d95eaa285fa762" member_type: VOTER last_known_addr { host: "127.106.77.0" port: 35960 } }
I0628 23:55:29.436498 30879 raft_consensus.cc:499] T 81bb583ab6264dd3bed571d157bdc78e P a9e0262858964a4387d95eaa285fa762 [term 2 FOLLOWER]: Becoming Follower/Learner. State: Replica: a9e0262858964a4387d95eaa285fa762, State: 1, Role: FOLLOWER Watermarks: {Received: term: 2 index: 446 Committed: term: 2 index: 446}
I0628 23:55:29.436904 30879 consensus_queue.cc:162] T 81bb583ab6264dd3bed571d157bdc78e P a9e0262858964a4387d95eaa285fa762 [NON_LEADER]: Queue going to NON_LEADER mode. State: All replicated op: 0.0, Majority replicated op: 0.0, Committed index: 0.0, Last appended: 2.446, Current term: 0, Majority size: -1, State: 1, Mode: NON_LEADER
I0628 23:55:29.438953 30879 ts_tablet_manager.cc:659] T 81bb583ab6264dd3bed571d157bdc78e P a9e0262858964a4387d95eaa285fa762: Time spent starting tablet: real 0.006s user 0.008s sys 0.000s INFO: Connected to the Master INFO: Connected to all 3 Tablet Servers WARNING: Tablet 81bb583ab6264dd3bed571d157bdc78e of table 'test-workload' has 3 instead of 2 replicas INFO: Table test-workload is HEALTHY INFO: The metadata for 1 tables is HEALTHY ----------------------- test-workload ----------------------- T 81bb583ab6264dd3bed571d157bdc78e P a9e0262858964a4387d95eaa285fa762 (127.106.77.0:35960): Checksum: 47299235369098 T 81bb583ab6264dd3bed571d157bdc78e P c3a57434d605412c82946ec0f6f80b2a (127.106.77.2:48322): Checksum: 47299235369098 T 81bb583ab6264dd3bed571d157bdc78e P 8bea06ed38f24dd3b85c977539f7d5f5 (127.106.77.1:40602): Checksum: 47299235369098
I0628 23:55:30.460386 27213 external_mini_cluster.cc:658] Killing /tmp/run_tha_testgCg15n/build/tsan/bin/kudu-master with pid 30266
I0628 23:55:30.486788 27213 external_mini_cluster.cc:658] Killing /tmp/run_tha_testgCg15n/build/tsan/bin/kudu-tserver with pid 30372
I0628 23:55:30.521714 27213 external_mini_cluster.cc:658] Killing /tmp/run_tha_testgCg15n/build/tsan/bin/kudu-tserver with pid 30515
I0628 23:55:30.556313 27213 external_mini_cluster.cc:658] Killing /tmp/run_tha_testgCg15n/build/tsan/bin/kudu-tserver with pid 30634 [ OK ] DeleteTableTest.TestAutoTombstoneAfterRemoteBootstrapRemoteFails (34807 ms) [ RUN ] DeleteTableTest.TestMergeConsensusMetadata
I0628 23:55:30.590682 27213 external_mini_cluster.cc:556] Running /tmp/run_tha_testgCg15n/build/tsan/bin/kudu-master kudu-master --fs_wal_dir=/tmp/kudutest-1000/delete_table-test.DeleteTableTest.TestMergeConsensusMetadata.1467158082783852-27213/minicluster-data/master --fs_data_dirs=/tmp/kudutest-1000/delete_table-test.DeleteTableTest.TestMergeConsensusMetadata.1467158082783852-27213/minicluster-data/master --rpc_bind_addresses=127.0.0.1:0 --webserver_interface=localhost --webserver_port=0 --metrics_log_interval_ms=1000 --log_dir=/tmp/kudutest-1000/delete_table-test.DeleteTableTest.TestMergeConsensusMetadata.1467158082783852-27213/minicluster-data/master --catalog_manager_wait_for_new_tablets_to_elect_leader=false --server_dump_info_path=/tmp/kudutest-1000/delete_table-test.DeleteTableTest.TestMergeConsensusMetadata.1467158082783852-27213/minicluster-data/master/info.pb --server_dump_info_format=pb --rpc_server_allow_ephemeral_ports --logtostderr --logbuflevel=-1
I0628 23:55:30.703812 30956 mem_tracker.cc:138] MemTracker: hard memory limit is 11.777661 GB
I0628 23:55:30.704279 30956 mem_tracker.cc:140] MemTracker: soft memory limit is 7.066597 GB
I0628 23:55:30.716707 30956 master_main.cc:58] Initializing master server...
I0628 23:55:30.718869 30956 hybrid_clock.cc:178] HybridClock initialized. Resolution in nanos?: 1 Wait times tolerance adjustment: 1.0005 Current error: 151351
I0628 23:55:30.725805 30956 server_base.cc:164] Could not load existing FS layout: Not found: /tmp/kudutest-1000/delete_table-test.DeleteTableTest.TestMergeConsensusMetadata.1467158082783852-27213/minicluster-data/master/instance: No such file or directory (error 2)
I0628 23:55:30.726001 30956 server_base.cc:165] Creating new FS layout
I0628 23:55:30.739128 30956 fs_manager.cc:345] Generated new instance metadata in path /tmp/kudutest-1000/delete_table-test.DeleteTableTest.TestMergeConsensusMetadata.1467158082783852-27213/minicluster-data/master/instance: uuid: "b53a2beb89fb4a26b19af3ba50b2228b" format_stamp: "Formatted at 2016-06-28 23:55:30 on dist-test-slave-dist-test-slave-cgs5"
I0628 23:55:30.751901 30956 fs_manager.cc:242] Opened local filesystem: /tmp/kudutest-1000/delete_table-test.DeleteTableTest.TestMergeConsensusMetadata.1467158082783852-27213/minicluster-data/master uuid: "b53a2beb89fb4a26b19af3ba50b2228b" format_stamp: "Formatted at 2016-06-28 23:55:30 on dist-test-slave-dist-test-slave-cgs5"
I0628 23:55:30.785532 30956 master_main.cc:61] Starting Master server...
I0628 23:55:30.820389 30956 rpc_server.cc:164] RPC server started. Bound to: 127.0.0.1:43578
I0628 23:55:30.822013 30956 webserver.cc:122] Starting webserver on localhost:0
I0628 23:55:30.822134 30956 webserver.cc:133] Document root disabled
I0628 23:55:30.822906 30956 net_util.cc:183] Address 127.0.0.1:0 for localhost:0 duplicates an earlier resolved entry.
I0628 23:55:30.824172 30956 webserver.cc:217] Webserver started. Bound to: http://127.0.0.1:47554/
I0628 23:55:30.825453 30956 server_base.cc:234] Dumped server information to /tmp/kudutest-1000/delete_table-test.DeleteTableTest.TestMergeConsensusMetadata.1467158082783852-27213/minicluster-data/master/info.pb
I0628 23:55:30.828055 27213 external_mini_cluster.cc:592] Started /tmp/run_tha_testgCg15n/build/tsan/bin/kudu-master as pid 30956
I0628 23:55:30.828888 27213 external_mini_cluster.cc:556] Running /tmp/run_tha_testgCg15n/build/tsan/bin/kudu-tserver kudu-tserver --fs_wal_dir=/tmp/kudutest-1000/delete_table-test.DeleteTableTest.TestMergeConsensusMetadata.1467158082783852-27213/minicluster-data/ts-0 --fs_data_dirs=/tmp/kudutest-1000/delete_table-test.DeleteTableTest.TestMergeConsensusMetadata.1467158082783852-27213/minicluster-data/ts-0 --rpc_bind_addresses=127.106.77.0:0 --local_ip_for_outbound_sockets=127.106.77.0 --webserver_interface=127.106.77.0 --webserver_port=0 --tserver_master_addrs=127.0.0.1:43578 --metrics_log_interval_ms=1000 --log_dir=/tmp/kudutest-1000/delete_table-test.DeleteTableTest.TestMergeConsensusMetadata.1467158082783852-27213/minicluster-data/ts-0 --enable_leader_failure_detection=false --never_fsync --server_dump_info_path=/tmp/kudutest-1000/delete_table-test.DeleteTableTest.TestMergeConsensusMetadata.1467158082783852-27213/minicluster-data/ts-0/info.pb --server_dump_info_format=pb --rpc_server_allow_ephemeral_ports --logtostderr --logbuflevel=-1
I0628 23:55:30.850769 30999 tablet_bootstrap.cc:393] T 00000000000000000000000000000000 P b53a2beb89fb4a26b19af3ba50b2228b: Bootstrap starting.
I0628 23:55:30.854594 30999 tablet_bootstrap.cc:553] T 00000000000000000000000000000000 P b53a2beb89fb4a26b19af3ba50b2228b: Time spent opening tablet: real 0.001s user 0.000s sys 0.000s
I0628 23:55:30.855234 30999 tablet_bootstrap.cc:493] T 00000000000000000000000000000000 P b53a2beb89fb4a26b19af3ba50b2228b: No blocks or log segments found. Creating new log.
I0628 23:55:30.857280 30999 log.cc:350] Log is configured to *not* fsync() on all Append() calls
I0628 23:55:30.862309 30999 tablet_bootstrap.cc:393] T 00000000000000000000000000000000 P b53a2beb89fb4a26b19af3ba50b2228b: No bootstrap required, opened a new log
I0628 23:55:30.869086 30999 raft_consensus.cc:269] T 00000000000000000000000000000000 P b53a2beb89fb4a26b19af3ba50b2228b [term 0 FOLLOWER]: Replica starting. Triggering 0 pending transactions. Active config: opid_index: -1 peers { permanent_uuid: "b53a2beb89fb4a26b19af3ba50b2228b" member_type: VOTER }
I0628 23:55:30.870645 30999 raft_consensus.cc:301] T 00000000000000000000000000000000 P b53a2beb89fb4a26b19af3ba50b2228b [term 0 FOLLOWER]: Consensus starting up: Expiring failure detector timer to make a prompt election more likely
I0628 23:55:30.870997 30999 raft_consensus.cc:499] T 00000000000000000000000000000000 P b53a2beb89fb4a26b19af3ba50b2228b [term 0 FOLLOWER]: Becoming Follower/Learner. State: Replica: b53a2beb89fb4a26b19af3ba50b2228b, State: 1, Role: FOLLOWER Watermarks: {Received: term: 0 index: 0 Committed: term: 0 index: 0}
I0628 23:55:30.871618 30999 consensus_queue.cc:162] T 00000000000000000000000000000000 P b53a2beb89fb4a26b19af3ba50b2228b [NON_LEADER]: Queue going to NON_LEADER mode. State: All replicated op: 0.0, Majority replicated op: 0.0, Committed index: 0.0, Last appended: 0.0, Current term: 0, Majority size: -1, State: 1, Mode: NON_LEADER
I0628 23:55:30.872089 30999 raft_consensus.cc:314] T 00000000000000000000000000000000 P b53a2beb89fb4a26b19af3ba50b2228b [term 0 FOLLOWER]: Only one voter in the Raft config. Triggering election immediately
I0628 23:55:30.872386 30999 raft_consensus.cc:370] T 00000000000000000000000000000000 P b53a2beb89fb4a26b19af3ba50b2228b [term 0 FOLLOWER]: No leader contacted us within the election timeout. Triggering leader election
I0628 23:55:30.872586 30999 raft_consensus.cc:2019] T 00000000000000000000000000000000 P b53a2beb89fb4a26b19af3ba50b2228b [term 0 FOLLOWER]: Advancing to term 1
I0628 23:55:30.875164 30999 raft_consensus.cc:1970] T 00000000000000000000000000000000 P b53a2beb89fb4a26b19af3ba50b2228b [term 1 FOLLOWER]: Snoozing failure detection for election timeout plus an additional 1.541s
I0628 23:55:30.875419 30999 raft_consensus.cc:386] T 00000000000000000000000000000000 P b53a2beb89fb4a26b19af3ba50b2228b [term 1 FOLLOWER]: Starting election with config: opid_index: -1 peers { permanent_uuid: "b53a2beb89fb4a26b19af3ba50b2228b" member_type: VOTER }
I0628 23:55:30.878322 30999 leader_election.cc:248] T 00000000000000000000000000000000 P b53a2beb89fb4a26b19af3ba50b2228b [CANDIDATE]: Term 1 election: Election decided. Result: candidate won.
I0628 23:55:30.880277 31004 raft_consensus.cc:1970] T 00000000000000000000000000000000 P b53a2beb89fb4a26b19af3ba50b2228b [term 1 FOLLOWER]: Snoozing failure detection for election timeout plus an additional 1.563s
I0628 23:55:30.880524 31004 raft_consensus.cc:1859] T 00000000000000000000000000000000 P b53a2beb89fb4a26b19af3ba50b2228b [term 1 FOLLOWER]: Leader election won for term 1
I0628 23:55:30.883186 31004 raft_consensus.cc:464] T 00000000000000000000000000000000 P b53a2beb89fb4a26b19af3ba50b2228b [term 1 LEADER]: Becoming Leader. State: Replica: b53a2beb89fb4a26b19af3ba50b2228b, State: 1, Role: LEADER Watermarks: {Received: term: 0 index: 0 Committed: term: 0 index: 0}
I0628 23:55:30.884114 31004 consensus_queue.cc:145] T 00000000000000000000000000000000 P b53a2beb89fb4a26b19af3ba50b2228b [LEADER]: Queue going to LEADER mode. State: All replicated op: 0.0, Majority replicated op: 0.0, Committed index: 0.0, Last appended: 0.0, Current term: 1, Majority size: 1, State: 1, Mode: LEADER, active raft config: opid_index: -1 peers { permanent_uuid: "b53a2beb89fb4a26b19af3ba50b2228b" member_type: VOTER }
I0628 23:55:30.904640 31005 sys_catalog.cc:235] T 00000000000000000000000000000000 P b53a2beb89fb4a26b19af3ba50b2228b [sys.catalog]: SysCatalogTable state changed. Reason: RaftConsensus started. Latest consensus state: current_term: 1 leader_uuid: "b53a2beb89fb4a26b19af3ba50b2228b" config { opid_index: -1 peers { permanent_uuid: "b53a2beb89fb4a26b19af3ba50b2228b" member_type: VOTER } }
I0628 23:55:30.905030 30999 sys_catalog.cc:235] T 00000000000000000000000000000000 P b53a2beb89fb4a26b19af3ba50b2228b [sys.catalog]: SysCatalogTable state changed. Reason: Started TabletPeer. Latest consensus state: current_term: 1 leader_uuid: "b53a2beb89fb4a26b19af3ba50b2228b" config { opid_index: -1 peers { permanent_uuid: "b53a2beb89fb4a26b19af3ba50b2228b" member_type: VOTER } }
I0628 23:55:30.905757 31005 sys_catalog.cc:238] T 00000000000000000000000000000000 P b53a2beb89fb4a26b19af3ba50b2228b [sys.catalog]: This master's current role is: LEADER
I0628 23:55:30.905886 30999 sys_catalog.cc:238] T 00000000000000000000000000000000 P b53a2beb89fb4a26b19af3ba50b2228b [sys.catalog]: This master's current role is: LEADER
I0628 23:55:30.909020 31008 catalog_manager.cc:635] Loading table and tablet metadata into memory...
I0628 23:55:30.911005 31009 raft_consensus_state.cc:534] T 00000000000000000000000000000000 P b53a2beb89fb4a26b19af3ba50b2228b [term 1 LEADER]: Advanced the committed_index across terms. Last committed operation was: term: 0 index: 0 New committed index is: term: 1 index: 1
I0628 23:55:30.912029 30999 sys_catalog.cc:311] T 00000000000000000000000000000000 P b53a2beb89fb4a26b19af3ba50b2228b [sys.catalog]: configured and running, proceeding with master startup.
I0628 23:55:30.906749 31006 sys_catalog.cc:235] T 00000000000000000000000000000000 P b53a2beb89fb4a26b19af3ba50b2228b [sys.catalog]: SysCatalogTable state changed. Reason: New leader b53a2beb89fb4a26b19af3ba50b2228b. Latest consensus state: current_term: 1 leader_uuid: "b53a2beb89fb4a26b19af3ba50b2228b" config { opid_index: -1 peers { permanent_uuid: "b53a2beb89fb4a26b19af3ba50b2228b" member_type: VOTER } }
I0628 23:55:30.912364 31006 sys_catalog.cc:238] T 00000000000000000000000000000000 P b53a2beb89fb4a26b19af3ba50b2228b [sys.catalog]: This master's current role is: LEADER
I0628 23:55:30.923316 30956 master_main.cc:64] Master server successfully started.
I0628 23:55:30.959897 31000 mem_tracker.cc:138] MemTracker: hard memory limit is 11.777661 GB
I0628 23:55:30.960391 31000 mem_tracker.cc:140] MemTracker: soft memory limit is 7.066597 GB
I0628 23:55:30.978878 31000 tablet_server_main.cc:54] Initializing tablet server...
I0628 23:55:30.981945 31000 hybrid_clock.cc:178] HybridClock initialized. Resolution in nanos?: 1 Wait times tolerance adjustment: 1.0005 Current error: 151351
I0628 23:55:30.988306 31000 server_base.cc:164] Could not load existing FS layout: Not found: /tmp/kudutest-1000/delete_table-test.DeleteTableTest.TestMergeConsensusMetadata.1467158082783852-27213/minicluster-data/ts-0/instance: No such file or directory (error 2)
I0628 23:55:30.988539 31000 server_base.cc:165] Creating new FS layout
I0628 23:55:30.997550 31000 fs_manager.cc:345] Generated new instance metadata in path /tmp/kudutest-1000/delete_table-test.DeleteTableTest.TestMergeConsensusMetadata.1467158082783852-27213/minicluster-data/ts-0/instance: uuid: "13048edf8677461fad00fc37acf1aeb7" format_stamp: "Formatted at 2016-06-28 23:55:30 on dist-test-slave-dist-test-slave-cgs5"
I0628 23:55:31.014730 31000 fs_manager.cc:242] Opened local filesystem: /tmp/kudutest-1000/delete_table-test.DeleteTableTest.TestMergeConsensusMetadata.1467158082783852-27213/minicluster-data/ts-0 uuid: "13048edf8677461fad00fc37acf1aeb7" format_stamp: "Formatted at 2016-06-28 23:55:30 on dist-test-slave-dist-test-slave-cgs5"
I0628 23:55:31.091428 31000 tablet_server_main.cc:57] Starting tablet server...
I0628 23:55:31.435732 31000 rpc_server.cc:164] RPC server started. Bound to: 127.106.77.0:57634
I0628 23:55:31.437160 31000 webserver.cc:122] Starting webserver on 127.106.77.0:0
I0628 23:55:31.437270 31000 webserver.cc:133] Document root disabled
I0628 23:55:31.438993 31000 webserver.cc:217] Webserver started. Bound to: http://127.106.77.0:53688/
I0628 23:55:31.440495 31000 server_base.cc:234] Dumped server information to /tmp/kudutest-1000/delete_table-test.DeleteTableTest.TestMergeConsensusMetadata.1467158082783852-27213/minicluster-data/ts-0/info.pb
I0628 23:55:31.441381 27213 external_mini_cluster.cc:592] Started /tmp/run_tha_testgCg15n/build/tsan/bin/kudu-tserver as pid 31000
I0628 23:55:31.442546 27213 external_mini_cluster.cc:556] Running /tmp/run_tha_testgCg15n/build/tsan/bin/kudu-tserver kudu-tserver --fs_wal_dir=/tmp/kudutest-1000/delete_table-test.DeleteTableTest.TestMergeConsensusMetadata.1467158082783852-27213/minicluster-data/ts-1 --fs_data_dirs=/tmp/kudutest-1000/delete_table-test.DeleteTableTest.TestMergeConsensusMetadata.1467158082783852-27213/minicluster-data/ts-1 --rpc_bind_addresses=127.106.77.1:0 --local_ip_for_outbound_sockets=127.106.77.1 --webserver_interface=127.106.77.1 --webserver_port=0 --tserver_master_addrs=127.0.0.1:43578 --metrics_log_interval_ms=1000 --log_dir=/tmp/kudutest-1000/delete_table-test.DeleteTableTest.TestMergeConsensusMetadata.1467158082783852-27213/minicluster-data/ts-1 --enable_leader_failure_detection=false --never_fsync --server_dump_info_path=/tmp/kudutest-1000/delete_table-test.DeleteTableTest.TestMergeConsensusMetadata.1467158082783852-27213/minicluster-data/ts-1/info.pb --server_dump_info_format=pb --rpc_server_allow_ephemeral_ports --logtostderr --logbuflevel=-1
I0628 23:55:31.453232 31000 tablet_server_main.cc:60] Tablet server successfully started.
I0628 23:55:31.470464 31124 heartbeater.cc:254] Connected to a leader master server at 127.0.0.1:43578
I0628 23:55:31.470907 31124 heartbeater.cc:319] Registering TS with master...
I0628 23:55:31.471151 31124 heartbeater.cc:325] Sending a full tablet report to master...
I0628 23:55:31.472980 30976 ts_manager.cc:82] Registered new tablet server { permanent_uuid: "13048edf8677461fad00fc37acf1aeb7" instance_seqno: 1467158131398418 } with Master
I0628 23:55:31.584919 31127 mem_tracker.cc:138] MemTracker: hard memory limit is 11.777661 GB
I0628 23:55:31.585521 31127 mem_tracker.cc:140] MemTracker: soft memory limit is 7.066597 GB
I0628 23:55:31.600213 31127 tablet_server_main.cc:54] Initializing tablet server...
I0628 23:55:31.603085 31127 hybrid_clock.cc:178] HybridClock initialized. Resolution in nanos?: 1 Wait times tolerance adjustment: 1.0005 Current error: 151851
I0628 23:55:31.609308 31127 server_base.cc:164] Could not load existing FS layout: Not found: /tmp/kudutest-1000/delete_table-test.DeleteTableTest.TestMergeConsensusMetadata.1467158082783852-27213/minicluster-data/ts-1/instance: No such file or directory (error 2)
I0628 23:55:31.609561 31127 server_base.cc:165] Creating new FS layout
I0628 23:55:31.618373 31127 fs_manager.cc:345] Generated new instance metadata in path /tmp/kudutest-1000/delete_table-test.DeleteTableTest.TestMergeConsensusMetadata.1467158082783852-27213/minicluster-data/ts-1/instance: uuid: "40e545c6b6c540f5b91a210d27d04982" format_stamp: "Formatted at 2016-06-28 23:55:31 on dist-test-slave-dist-test-slave-cgs5"
I0628 23:55:31.626669 31127 fs_manager.cc:242] Opened local filesystem: /tmp/kudutest-1000/delete_table-test.DeleteTableTest.TestMergeConsensusMetadata.1467158082783852-27213/minicluster-data/ts-1 uuid: "40e545c6b6c540f5b91a210d27d04982" format_stamp: "Formatted at 2016-06-28 23:55:31 on dist-test-slave-dist-test-slave-cgs5"
I0628 23:55:31.662695 31127 tablet_server_main.cc:57] Starting tablet server...
I0628 23:55:31.755040 31127 rpc_server.cc:164] RPC server started. Bound to: 127.106.77.1:38052
I0628 23:55:31.756556 31127 webserver.cc:122] Starting webserver on 127.106.77.1:0
I0628 23:55:31.756647 31127 webserver.cc:133] Document root disabled
I0628 23:55:31.758296 31127 webserver.cc:217] Webserver started. Bound to: http://127.106.77.1:43953/
I0628 23:55:31.759580 31127 server_base.cc:234] Dumped server information to /tmp/kudutest-1000/delete_table-test.DeleteTableTest.TestMergeConsensusMetadata.1467158082783852-27213/minicluster-data/ts-1/info.pb
I0628 23:55:31.762058 31127 tablet_server_main.cc:60] Tablet server successfully started.
I0628 23:55:31.763742 27213 external_mini_cluster.cc:592] Started /tmp/run_tha_testgCg15n/build/tsan/bin/kudu-tserver as pid 31127
I0628 23:55:31.764598 27213 external_mini_cluster.cc:556] Running /tmp/run_tha_testgCg15n/build/tsan/bin/kudu-tserver kudu-tserver --fs_wal_dir=/tmp/kudutest-1000/delete_table-test.DeleteTableTest.TestMergeConsensusMetadata.1467158082783852-27213/minicluster-data/ts-2 --fs_data_dirs=/tmp/kudutest-1000/delete_table-test.DeleteTableTest.TestMergeConsensusMetadata.1467158082783852-27213/minicluster-data/ts-2 --rpc_bind_addresses=127.106.77.2:0 --local_ip_for_outbound_sockets=127.106.77.2 --webserver_interface=127.106.77.2 --webserver_port=0 --tserver_master_addrs=127.0.0.1:43578 --metrics_log_interval_ms=1000 --log_dir=/tmp/kudutest-1000/delete_table-test.DeleteTableTest.TestMergeConsensusMetadata.1467158082783852-27213/minicluster-data/ts-2 --enable_leader_failure_detection=false --never_fsync --server_dump_info_path=/tmp/kudutest-1000/delete_table-test.DeleteTableTest.TestMergeConsensusMetadata.1467158082783852-27213/minicluster-data/ts-2/info.pb --server_dump_info_format=pb --rpc_server_allow_ephemeral_ports --logtostderr --logbuflevel=-1
I0628 23:55:31.771595 31242 heartbeater.cc:254] Connected to a leader master server at 127.0.0.1:43578
I0628 23:55:31.771925 31242 heartbeater.cc:319] Registering TS with master...
I0628 23:55:31.772153 31242 heartbeater.cc:325] Sending a full tablet report to master...
I0628 23:55:31.773318 30976 ts_manager.cc:82] Registered new tablet server { permanent_uuid: "40e545c6b6c540f5b91a210d27d04982" instance_seqno: 1467158131736148 } with Master
I0628 23:55:31.882704 31245 mem_tracker.cc:138] MemTracker: hard memory limit is 11.777661 GB
I0628 23:55:31.883159 31245 mem_tracker.cc:140] MemTracker: soft memory limit is 7.066597 GB
I0628 23:55:31.897150 31245 tablet_server_main.cc:54] Initializing tablet server...
I0628 23:55:31.899907 31245 hybrid_clock.cc:178] HybridClock initialized. Resolution in nanos?: 1 Wait times tolerance adjustment: 1.0005 Current error: 151851
I0628 23:55:31.905735 31245 server_base.cc:164] Could not load existing FS layout: Not found: /tmp/kudutest-1000/delete_table-test.DeleteTableTest.TestMergeConsensusMetadata.1467158082783852-27213/minicluster-data/ts-2/instance: No such file or directory (error 2)
I0628 23:55:31.905927 31245 server_base.cc:165] Creating new FS layout
I0628 23:55:31.913955 31245 fs_manager.cc:345] Generated new instance metadata in path /tmp/kudutest-1000/delete_table-test.DeleteTableTest.TestMergeConsensusMetadata.1467158082783852-27213/minicluster-data/ts-2/instance: uuid: "f0f910d23820467fa1cca6dff8ad5c0c" format_stamp: "Formatted at 2016-06-28 23:55:31 on dist-test-slave-dist-test-slave-cgs5"
I0628 23:55:31.921618 31245 fs_manager.cc:242] Opened local filesystem: /tmp/kudutest-1000/delete_table-test.DeleteTableTest.TestMergeConsensusMetadata.1467158082783852-27213/minicluster-data/ts-2 uuid: "f0f910d23820467fa1cca6dff8ad5c0c" format_stamp: "Formatted at 2016-06-28 23:55:31 on dist-test-slave-dist-test-slave-cgs5"
I0628 23:55:31.956967 31245 tablet_server_main.cc:57] Starting tablet server...
I0628 23:55:32.049810 31245 rpc_server.cc:164] RPC server started. Bound to: 127.106.77.2:35961
I0628 23:55:32.051136 31245 webserver.cc:122] Starting webserver on 127.106.77.2:0
I0628 23:55:32.051223 31245 webserver.cc:133] Document root disabled
I0628 23:55:32.052587 31245 webserver.cc:217] Webserver started. Bound to: http://127.106.77.2:43897/
I0628 23:55:32.054033 31245 server_base.cc:234] Dumped server information to /tmp/kudutest-1000/delete_table-test.DeleteTableTest.TestMergeConsensusMetadata.1467158082783852-27213/minicluster-data/ts-2/info.pb
I0628 23:55:32.056458 31245 tablet_server_main.cc:60] Tablet server successfully started.
I0628 23:55:32.064167 27213 external_mini_cluster.cc:592] Started /tmp/run_tha_testgCg15n/build/tsan/bin/kudu-tserver as pid 31245
I0628 23:55:32.064729 31359 heartbeater.cc:254] Connected to a leader master server at 127.0.0.1:43578
I0628 23:55:32.065218 31359 heartbeater.cc:319] Registering TS with master...
I0628 23:55:32.065439 31359 heartbeater.cc:325] Sending a full tablet report to master...
I0628 23:55:32.066817 30976 ts_manager.cc:82] Registered new tablet server { permanent_uuid: "f0f910d23820467fa1cca6dff8ad5c0c" instance_seqno: 1467158132030776 } with Master
I0628 23:55:32.071575 27213 external_mini_cluster.cc:319] 3 TS(s) registered with Master
I0628 23:55:32.122683 30976 catalog_manager.cc:772] CreateTable from {real_user=slave, eff_user=} at 127.0.0.1:41294: name: "test-workload" schema { columns { name: "key" type: INT32 is_key: true is_nullable: false encoding: AUTO_ENCODING compression: DEFAULT_COMPRESSION cfile_block_size: 0 } columns { name: "int_val" type: INT32 is_key: false is_nullable: false encoding: AUTO_ENCODING compression: DEFAULT_COMPRESSION cfile_block_size: 0 } columns { name: "string_val" type: STRING is_key: false is_nullable: true encoding: AUTO_ENCODING compression: DEFAULT_COMPRESSION cfile_block_size: 0 } } num_replicas: 3 split_rows_range_bounds { } partition_schema { range_schema { columns { name: "key" } } }
I0628 23:55:32.170733 31061 tablet_service.cc:612] Processing CreateTablet for tablet de15e82351f348c0b54b3c21a2cc9c78 (table=test-workload [id=962c80acd3a0462493761f77658afdaf]), partition=range: [(), ())
I0628 23:55:32.172897 31296 tablet_service.cc:612] Processing CreateTablet for tablet de15e82351f348c0b54b3c21a2cc9c78 (table=test-workload [id=962c80acd3a0462493761f77658afdaf]), partition=range: [(), ())
I0628 23:55:32.173362 31179 tablet_service.cc:612] Processing CreateTablet for tablet de15e82351f348c0b54b3c21a2cc9c78 (table=test-workload [id=962c80acd3a0462493761f77658afdaf]), partition=range: [(), ())
I0628 23:55:32.191185 31061 ts_tablet_manager.cc:760] Registered tablet de15e82351f348c0b54b3c21a2cc9c78
I0628 23:55:32.193838 31179 ts_tablet_manager.cc:760] Registered tablet de15e82351f348c0b54b3c21a2cc9c78
I0628 23:55:32.195543 31379 ts_tablet_manager.cc:628] T de15e82351f348c0b54b3c21a2cc9c78 P 13048edf8677461fad00fc37acf1aeb7: Bootstrapping tablet
I0628 23:55:32.199220 31379 tablet_bootstrap.cc:393] T de15e82351f348c0b54b3c21a2cc9c78 P 13048edf8677461fad00fc37acf1aeb7: Bootstrap starting.
I0628 23:55:32.201308 31296 ts_tablet_manager.cc:760] Registered tablet de15e82351f348c0b54b3c21a2cc9c78
I0628 23:55:32.202620 31380 ts_tablet_manager.cc:628] T de15e82351f348c0b54b3c21a2cc9c78 P 40e545c6b6c540f5b91a210d27d04982: Bootstrapping tablet
I0628 23:55:32.205426 31380 tablet_bootstrap.cc:393] T de15e82351f348c0b54b3c21a2cc9c78 P 40e545c6b6c540f5b91a210d27d04982: Bootstrap starting.
I0628 23:55:32.207942 31379 tablet_bootstrap.cc:553] T de15e82351f348c0b54b3c21a2cc9c78 P 13048edf8677461fad00fc37acf1aeb7: Time spent opening tablet: real 0.001s user 0.000s sys 0.000s
I0628 23:55:32.209014 31382 ts_tablet_manager.cc:628] T de15e82351f348c0b54b3c21a2cc9c78 P f0f910d23820467fa1cca6dff8ad5c0c: Bootstrapping tablet
I0628 23:55:32.209913 31379 tablet_bootstrap.cc:493] T de15e82351f348c0b54b3c21a2cc9c78 P 13048edf8677461fad00fc37acf1aeb7: No blocks or log segments found. Creating new log.
I0628 23:55:32.211236 31380 tablet_bootstrap.cc:553] T de15e82351f348c0b54b3c21a2cc9c78 P 40e545c6b6c540f5b91a210d27d04982: Time spent opening tablet: real 0.001s user 0.000s sys 0.000s
I0628 23:55:32.211814 31380 tablet_bootstrap.cc:493] T de15e82351f348c0b54b3c21a2cc9c78 P 40e545c6b6c540f5b91a210d27d04982: No blocks or log segments found. Creating new log.
I0628 23:55:32.213327 31379 log.cc:350] Log is configured to *not* fsync() on all Append() calls
I0628 23:55:32.213620 31380 log.cc:350] Log is configured to *not* fsync() on all Append() calls
I0628 23:55:32.216064 31382 tablet_bootstrap.cc:393] T de15e82351f348c0b54b3c21a2cc9c78 P f0f910d23820467fa1cca6dff8ad5c0c: Bootstrap starting.
I0628 23:55:32.218505 31380 tablet_bootstrap.cc:393] T de15e82351f348c0b54b3c21a2cc9c78 P 40e545c6b6c540f5b91a210d27d04982: No bootstrap required, opened a new log
I0628 23:55:32.219003 31380 ts_tablet_manager.cc:633] T de15e82351f348c0b54b3c21a2cc9c78 P 40e545c6b6c540f5b91a210d27d04982: Time spent bootstrapping tablet: real 0.016s user 0.012s sys 0.000s
I0628 23:55:32.220655 31382 tablet_bootstrap.cc:553] T de15e82351f348c0b54b3c21a2cc9c78 P f0f910d23820467fa1cca6dff8ad5c0c: Time spent opening tablet: real 0.001s user 0.004s sys 0.000s
I0628 23:55:32.221365 31382 tablet_bootstrap.cc:493] T de15e82351f348c0b54b3c21a2cc9c78 P f0f910d23820467fa1cca6dff8ad5c0c: No blocks or log segments found. Creating new log.
I0628 23:55:32.223211 31382 log.cc:350] Log is configured to *not* fsync() on all Append() calls
I0628 23:55:32.226686 31380 raft_consensus.cc:269] T de15e82351f348c0b54b3c21a2cc9c78 P 40e545c6b6c540f5b91a210d27d04982 [term 0 FOLLOWER]: Replica starting. Triggering 0 pending transactions. Active config: opid_index: -1 peers { permanent_uuid: "f0f910d23820467fa1cca6dff8ad5c0c" member_type: VOTER last_known_addr { host: "127.106.77.2" port: 35961 } } peers { permanent_uuid: "13048edf8677461fad00fc37acf1aeb7" member_type: VOTER last_known_addr { host: "127.106.77.0" port: 57634 } } peers { permanent_uuid: "40e545c6b6c540f5b91a210d27d04982" member_type: VOTER last_known_addr { host: "127.106.77.1" port: 38052 } }
I0628 23:55:32.228060 31379 tablet_bootstrap.cc:393] T de15e82351f348c0b54b3c21a2cc9c78 P 13048edf8677461fad00fc37acf1aeb7: No bootstrap required, opened a new log
I0628 23:55:32.228466 31382 tablet_bootstrap.cc:393] T de15e82351f348c0b54b3c21a2cc9c78 P f0f910d23820467fa1cca6dff8ad5c0c: No bootstrap required, opened a new log
I0628 23:55:32.228165 31380 raft_consensus.cc:499] T de15e82351f348c0b54b3c21a2cc9c78 P 40e545c6b6c540f5b91a210d27d04982 [term 0 FOLLOWER]: Becoming Follower/Learner. State: Replica: 40e545c6b6c540f5b91a210d27d04982, State: 1, Role: FOLLOWER Watermarks: {Received: term: 0 index: 0 Committed: term: 0 index: 0}
I0628 23:55:32.228580 31379 ts_tablet_manager.cc:633] T de15e82351f348c0b54b3c21a2cc9c78 P 13048edf8677461fad00fc37acf1aeb7: Time spent bootstrapping tablet: real 0.033s user 0.012s sys 0.000s
I0628 23:55:32.228831 31382 ts_tablet_manager.cc:633] T de15e82351f348c0b54b3c21a2cc9c78 P f0f910d23820467fa1cca6dff8ad5c0c: Time spent bootstrapping tablet: real 0.019s user 0.008s sys 0.004s
I0628 23:55:32.228775 31380 consensus_queue.cc:162] T de15e82351f348c0b54b3c21a2cc9c78 P 40e545c6b6c540f5b91a210d27d04982 [NON_LEADER]: Queue going to NON_LEADER mode. State: All replicated op: 0.0, Majority replicated op: 0.0, Committed index: 0.0, Last appended: 0.0, Current term: 0, Majority size: -1, State: 1, Mode: NON_LEADER
