I0628 23:55:08.214825 27213 external_mini_cluster.cc:556] Running /tmp/run_tha_testgCg15n/build/tsan/bin/kudu-tserver kudu-tserver --fs_wal_dir=/tmp/kudutest-1000/delete_table-test.DeleteTableTest.TestAutoTombstoneAfterRemoteBootstrapRemoteFails.1467158082783852-27213/minicluster-data/ts-2 --fs_data_dirs=/tmp/kudutest-1000/delete_table-test.DeleteTableTest.TestAutoTombstoneAfterRemoteBootstrapRemoteFails.1467158082783852-27213/minicluster-data/ts-2 --rpc_bind_addresses=127.106.77.2:48322 --local_ip_for_outbound_sockets=127.106.77.2 --webserver_port=46741 --webserver_interface=127.106.77.2 --tserver_master_addrs=127.0.0.1:48620 --metrics_log_interval_ms=1000 --log_dir=/tmp/kudutest-1000/delete_table-test.DeleteTableTest.TestAutoTombstoneAfterRemoteBootstrapRemoteFails.1467158082783852-27213/minicluster-data/ts-2 --enable_leader_failure_detection=false --log_segment_size_mb=1 --never_fsync --server_dump_info_path=/tmp/kudutest-1000/delete_table-test.DeleteTableTest.TestAutoTombstoneAfterRemoteBootstrapRemoteFails.1467158082783852-27213/minicluster-data/ts-2/info.pb --server_dump_info_format=pb --rpc_server_allow_ephemeral_ports --logtostderr --logbuflevel=-1
I0628 23:55:08.241899 30632 heartbeater.cc:254] Connected to a leader master server at 127.0.0.1:48620
I0628 23:55:08.242331 30632 heartbeater.cc:319] Registering TS with master...
I0628 23:55:08.242604 30632 heartbeater.cc:325] Sending a full tablet report to master...
I0628 23:55:08.244905 30285 ts_manager.cc:87] Re-registered known tablet server { permanent_uuid: "8bea06ed38f24dd3b85c977539f7d5f5" instance_seqno: 1467158108153687 } with Master
I0628 23:55:08.336496 30634 mem_tracker.cc:138] MemTracker: hard memory limit is 11.777661 GB
I0628 23:55:08.336967 30634 mem_tracker.cc:140] MemTracker: soft memory limit is 7.066597 GB
I0628 23:55:08.360363 30634 tablet_server_main.cc:54] Initializing tablet server...
I0628 23:55:08.363008 30634 hybrid_clock.cc:178] HybridClock initialized. Resolution in nanos?: 1 Wait times tolerance adjustment: 1.0005 Current error: 140351
I0628 23:55:08.383307 30634 fs_manager.cc:242] Opened local filesystem: /tmp/kudutest-1000/delete_table-test.DeleteTableTest.TestAutoTombstoneAfterRemoteBootstrapRemoteFails.1467158082783852-27213/minicluster-data/ts-2 uuid: "c3a57434d605412c82946ec0f6f80b2a" format_stamp: "Formatted at 2016-06-28 23:54:57 on dist-test-slave-dist-test-slave-cgs5"
I0628 23:55:08.458458 30634 ts_tablet_manager.cc:604] Loading metadata for tablet 81bb583ab6264dd3bed571d157bdc78e
I0628 23:55:08.466346 30634 ts_tablet_manager.cc:760] Registered tablet 81bb583ab6264dd3bed571d157bdc78e
I0628 23:55:08.485957 30649 ts_tablet_manager.cc:628] T 81bb583ab6264dd3bed571d157bdc78e P c3a57434d605412c82946ec0f6f80b2a: Bootstrapping tablet
I0628 23:55:08.486886 30634 tablet_server_main.cc:57] Starting tablet server...
I0628 23:55:08.491492 30649 tablet_bootstrap.cc:393] T 81bb583ab6264dd3bed571d157bdc78e P c3a57434d605412c82946ec0f6f80b2a: Bootstrap starting.
I0628 23:55:08.507436 30649 tablet_bootstrap.cc:553] T 81bb583ab6264dd3bed571d157bdc78e P c3a57434d605412c82946ec0f6f80b2a: Time spent opening tablet: real 0.002s user 0.000s sys 0.000s
I0628 23:55:08.510116 30649 tablet_bootstrap.cc:609] T 81bb583ab6264dd3bed571d157bdc78e P c3a57434d605412c82946ec0f6f80b2a: Will attempt to recover log segment /tmp/kudutest-1000/delete_table-test.DeleteTableTest.TestAutoTombstoneAfterRemoteBootstrapRemoteFails.1467158082783852-27213/minicluster-data/ts-2/wals/81bb583ab6264dd3bed571d157bdc78e/wal-000000002 to /tmp/kudutest-1000/delete_table-test.DeleteTableTest.TestAutoTombstoneAfterRemoteBootstrapRemoteFails.1467158082783852-27213/minicluster-data/ts-2/wals/81bb583ab6264dd3bed571d157bdc78e.recovery/wal-000000002
I0628 23:55:08.511939 30649 tablet_bootstrap.cc:609] T 81bb583ab6264dd3bed571d157bdc78e P c3a57434d605412c82946ec0f6f80b2a: Will attempt to recover log segment /tmp/kudutest-1000/delete_table-test.DeleteTableTest.TestAutoTombstoneAfterRemoteBootstrapRemoteFails.1467158082783852-27213/minicluster-data/ts-2/wals/81bb583ab6264dd3bed571d157bdc78e/wal-000000001 to /tmp/kudutest-1000/delete_table-test.DeleteTableTest.TestAutoTombstoneAfterRemoteBootstrapRemoteFails.1467158082783852-27213/minicluster-data/ts-2/wals/81bb583ab6264dd3bed571d157bdc78e.recovery/wal-000000001
I0628 23:55:08.514178 30649 tablet_bootstrap.cc:617] T 81bb583ab6264dd3bed571d157bdc78e P c3a57434d605412c82946ec0f6f80b2a: Moving log directory /tmp/kudutest-1000/delete_table-test.DeleteTableTest.TestAutoTombstoneAfterRemoteBootstrapRemoteFails.1467158082783852-27213/minicluster-data/ts-2/wals/81bb583ab6264dd3bed571d157bdc78e to recovery directory /tmp/kudutest-1000/delete_table-test.DeleteTableTest.TestAutoTombstoneAfterRemoteBootstrapRemoteFails.1467158082783852-27213/minicluster-data/ts-2/wals/81bb583ab6264dd3bed571d157bdc78e.recovery in preparation for log replay
W0628 23:55:08.516247 30649 log_util.cc:311] Could not read footer for segment: /tmp/kudutest-1000/delete_table-test.DeleteTableTest.TestAutoTombstoneAfterRemoteBootstrapRemoteFails.1467158082783852-27213/minicluster-data/ts-2/wals/81bb583ab6264dd3bed571d157bdc78e.recovery/wal-000000002: Not found: Footer not found. Footer magic doesn't match
I0628 23:55:08.516544 30649 log_reader.cc:152] Log segment /tmp/kudutest-1000/delete_table-test.DeleteTableTest.TestAutoTombstoneAfterRemoteBootstrapRemoteFails.1467158082783852-27213/minicluster-data/ts-2/wals/81bb583ab6264dd3bed571d157bdc78e.recovery/wal-000000002 was likely left in-progress after a previous crash. Will try to rebuild footer by scanning data.
I0628 23:55:08.569735 30649 log_util.cc:569] Scanning /tmp/kudutest-1000/delete_table-test.DeleteTableTest.TestAutoTombstoneAfterRemoteBootstrapRemoteFails.1467158082783852-27213/minicluster-data/ts-2/wals/81bb583ab6264dd3bed571d157bdc78e.recovery/wal-000000002 for valid entry headers following offset 8683...
I0628 23:55:08.578604 30649 log_util.cc:606] Found no log entry headers
I0628 23:55:08.579744 30649 log_util.cc:215] Ignoring log segment corruption in /tmp/kudutest-1000/delete_table-test.DeleteTableTest.TestAutoTombstoneAfterRemoteBootstrapRemoteFails.1467158082783852-27213/minicluster-data/ts-2/wals/81bb583ab6264dd3bed571d157bdc78e.recovery/wal-000000002 because there are no log entries following the corrupted one. The server probably crashed in the middle of writing an entry to the write-ahead log or downloaded an active log via remote bootstrap. Error detail: Corruption: CRC mismatch in log entry header: Log file corruption detected. Failed trying to read batch #0 at offset 8671 for log segment /tmp/kudutest-1000/delete_table-test.DeleteTableTest.TestAutoTombstoneAfterRemoteBootstrapRemoteFails.1467158082783852-27213/minicluster-data/ts-2/wals/81bb583ab6264dd3bed571d157bdc78e.recovery/wal-000000002: Prior entries: [off=7626 COMMIT (1.442)] [off=7958 COMMIT (1.444)] [off=8290 COMMIT (1.441)] [off=8671 REPLICATE (1.445)]
I0628 23:55:08.580080 30649 log_util.cc:359] Successfully rebuilt footer for segment: /tmp/kudutest-1000/delete_table-test.DeleteTableTest.TestAutoTombstoneAfterRemoteBootstrapRemoteFails.1467158082783852-27213/minicluster-data/ts-2/wals/81bb583ab6264dd3bed571d157bdc78e.recovery/wal-000000002 (valid entries through byte offset 8671)
I0628 23:55:08.581681 30649 tablet.cc:854] T 81bb583ab6264dd3bed571d157bdc78e Rewinding schema during bootstrap to Schema [ 10:key[int32 NOT NULL], 11:int_val[int32 NOT NULL], 12:string_val[string NULLABLE] ]
I0628 23:55:08.586258 30649 log.cc:350] Log is configured to *not* fsync() on all Append() calls
I0628 23:55:08.858700 30634 rpc_server.cc:164] RPC server started. Bound to: 127.106.77.2:48322
I0628 23:55:08.860180 30634 webserver.cc:122] Starting webserver on 127.106.77.2:46741
I0628 23:55:08.860388 30634 webserver.cc:133] Document root disabled
I0628 23:55:08.872390 30634 webserver.cc:217] Webserver started. Bound to: http://127.106.77.2:46741/
I0628 23:55:08.873793 30634 server_base.cc:234] Dumped server information to /tmp/kudutest-1000/delete_table-test.DeleteTableTest.TestAutoTombstoneAfterRemoteBootstrapRemoteFails.1467158082783852-27213/minicluster-data/ts-2/info.pb
I0628 23:55:08.880663 30634 tablet_server_main.cc:60] Tablet server successfully started.
I0628 23:55:08.880986 27213 external_mini_cluster.cc:592] Started /tmp/run_tha_testgCg15n/build/tsan/bin/kudu-tserver as pid 30634
I0628 23:55:08.914249 30756 heartbeater.cc:254] Connected to a leader master server at 127.0.0.1:48620
I0628 23:55:08.914665 30756 heartbeater.cc:319] Registering TS with master...
I0628 23:55:08.914949 30756 heartbeater.cc:325] Sending a full tablet report to master...
I0628 23:55:08.916776 30285 ts_manager.cc:87] Re-registered known tablet server { permanent_uuid: "c3a57434d605412c82946ec0f6f80b2a" instance_seqno: 1467158108825495 } with Master
I0628 23:55:13.414813 30525 log.cc:517] Max segment size reached. Starting new segment allocation.
I0628 23:55:13.416471 30525 tablet_bootstrap.cc:393] T 81bb583ab6264dd3bed571d157bdc78e P 8bea06ed38f24dd3b85c977539f7d5f5: Bootstrap replayed 1/2 log segments. Stats: ops{read=441 overwritten=0 applied=440 ignored=0} inserts{seen=21950 ignored=0} mutations{seen=0 ignored=0} orphaned_commits=0. Pending: 1 replicates
I0628 23:55:13.417875 30525 log.cc:400] Rolled over to a new segment: /tmp/kudutest-1000/delete_table-test.DeleteTableTest.TestAutoTombstoneAfterRemoteBootstrapRemoteFails.1467158082783852-27213/minicluster-data/ts-1/wals/81bb583ab6264dd3bed571d157bdc78e/wal-000000002
I0628 23:55:13.484220 30525 tablet_bootstrap.cc:393] T 81bb583ab6264dd3bed571d157bdc78e P 8bea06ed38f24dd3b85c977539f7d5f5: Bootstrap replayed 2/2 log segments. Stats: ops{read=445 overwritten=0 applied=445 ignored=0} inserts{seen=22150 ignored=0} mutations{seen=0 ignored=0} orphaned_commits=0. Pending: 0 replicates
I0628 23:55:13.484573 30525 tablet_bootstrap.cc:1030] T 81bb583ab6264dd3bed571d157bdc78e P 8bea06ed38f24dd3b85c977539f7d5f5: ReplayState: Previous OpId: 1.445, Committed OpId: 1.445, Pending Replicates: 0, Pending Commits: 0
I0628 23:55:13.490082 30525 tablet_bootstrap.cc:646] T 81bb583ab6264dd3bed571d157bdc78e P 8bea06ed38f24dd3b85c977539f7d5f5: Preparing to delete log recovery files and directory /tmp/kudutest-1000/delete_table-test.DeleteTableTest.TestAutoTombstoneAfterRemoteBootstrapRemoteFails.1467158082783852-27213/minicluster-data/ts-1/wals/81bb583ab6264dd3bed571d157bdc78e.recovery
I0628 23:55:13.490447 30525 tablet_bootstrap.cc:649] T 81bb583ab6264dd3bed571d157bdc78e P 8bea06ed38f24dd3b85c977539f7d5f5: Renaming log recovery dir from /tmp/kudutest-1000/delete_table-test.DeleteTableTest.TestAutoTombstoneAfterRemoteBootstrapRemoteFails.1467158082783852-27213/minicluster-data/ts-1/wals/81bb583ab6264dd3bed571d157bdc78e.recovery to /tmp/kudutest-1000/delete_table-test.DeleteTableTest.TestAutoTombstoneAfterRemoteBootstrapRemoteFails.1467158082783852-27213/minicluster-data/ts-1/wals/81bb583ab6264dd3bed571d157bdc78e.recovery-1467158113490313
I0628 23:55:13.490742 30525 tablet_bootstrap.cc:659] T 81bb583ab6264dd3bed571d157bdc78e P 8bea06ed38f24dd3b85c977539f7d5f5: Deleting all files from renamed log recovery directory /tmp/kudutest-1000/delete_table-test.DeleteTableTest.TestAutoTombstoneAfterRemoteBootstrapRemoteFails.1467158082783852-27213/minicluster-data/ts-1/wals/81bb583ab6264dd3bed571d157bdc78e.recovery-1467158113490313
I0628 23:55:13.491652 30525 tablet_bootstrap.cc:662] T 81bb583ab6264dd3bed571d157bdc78e P 8bea06ed38f24dd3b85c977539f7d5f5: Completed deletion of old log recovery files and directory /tmp/kudutest-1000/delete_table-test.DeleteTableTest.TestAutoTombstoneAfterRemoteBootstrapRemoteFails.1467158082783852-27213/minicluster-data/ts-1/wals/81bb583ab6264dd3bed571d157bdc78e.recovery-1467158113490313
I0628 23:55:13.491986 30525 tablet_bootstrap.cc:393] T 81bb583ab6264dd3bed571d157bdc78e P 8bea06ed38f24dd3b85c977539f7d5f5: Bootstrap complete.
I0628 23:55:13.492954 30525 ts_tablet_manager.cc:633] T 81bb583ab6264dd3bed571d157bdc78e P 8bea06ed38f24dd3b85c977539f7d5f5: Time spent bootstrapping tablet: real 5.451s user 5.344s sys 0.056s
I0628 23:55:13.499785 30525 raft_consensus.cc:269] T 81bb583ab6264dd3bed571d157bdc78e P 8bea06ed38f24dd3b85c977539f7d5f5 [term 1 FOLLOWER]: Replica starting. Triggering 0 pending transactions. Active config: opid_index: 445 peers { permanent_uuid: "c3a57434d605412c82946ec0f6f80b2a" member_type: VOTER last_known_addr { host: "127.106.77.2" port: 48322 } } peers { permanent_uuid: "8bea06ed38f24dd3b85c977539f7d5f5" member_type: VOTER last_known_addr { host: "127.106.77.1" port: 40602 } } peers { permanent_uuid: "a9e0262858964a4387d95eaa285fa762" member_type: VOTER last_known_addr { host: "127.106.77.0" port: 35960 } }
I0628 23:55:13.501412 30525 raft_consensus.cc:499] T 81bb583ab6264dd3bed571d157bdc78e P 8bea06ed38f24dd3b85c977539f7d5f5 [term 1 FOLLOWER]: Becoming Follower/Learner. State: Replica: 8bea06ed38f24dd3b85c977539f7d5f5, State: 1, Role: FOLLOWER Watermarks: {Received: term: 1 index: 445 Committed: term: 1 index: 445}
I0628 23:55:13.501991 30525 consensus_queue.cc:162] T 81bb583ab6264dd3bed571d157bdc78e P 8bea06ed38f24dd3b85c977539f7d5f5 [NON_LEADER]: Queue going to NON_LEADER mode. State: All replicated op: 0.0, Majority replicated op: 0.0, Committed index: 0.0, Last appended: 1.445, Current term: 0, Majority size: -1, State: 1, Mode: NON_LEADER
I0628 23:55:13.505043 30525 ts_tablet_manager.cc:659] T 81bb583ab6264dd3bed571d157bdc78e P 8bea06ed38f24dd3b85c977539f7d5f5: Time spent starting tablet: real 0.012s user 0.012s sys 0.000s
I0628 23:55:14.182651 30649 log.cc:517] Max segment size reached. Starting new segment allocation.
I0628 23:55:14.184521 30649 tablet_bootstrap.cc:393] T 81bb583ab6264dd3bed571d157bdc78e P c3a57434d605412c82946ec0f6f80b2a: Bootstrap replayed 1/2 log segments. Stats: ops{read=441 overwritten=0 applied=438 ignored=0} inserts{seen=21850 ignored=0} mutations{seen=0 ignored=0} orphaned_commits=0. Pending: 3 replicates
I0628 23:55:14.195935 30649 log.cc:400] Rolled over to a new segment: /tmp/kudutest-1000/delete_table-test.DeleteTableTest.TestAutoTombstoneAfterRemoteBootstrapRemoteFails.1467158082783852-27213/minicluster-data/ts-2/wals/81bb583ab6264dd3bed571d157bdc78e/wal-000000002
I0628 23:55:14.266217 30649 tablet_bootstrap.cc:393] T 81bb583ab6264dd3bed571d157bdc78e P c3a57434d605412c82946ec0f6f80b2a: Bootstrap replayed 2/2 log segments. Stats: ops{read=445 overwritten=0 applied=444 ignored=0} inserts{seen=22150 ignored=0} mutations{seen=0 ignored=0} orphaned_commits=0. Pending: 1 replicates
I0628 23:55:14.267779 30649 tablet_bootstrap.cc:1030] T 81bb583ab6264dd3bed571d157bdc78e P c3a57434d605412c82946ec0f6f80b2a: ReplayState: Previous OpId: 1.445, Committed OpId: 1.444, Pending Replicates: 1, Pending Commits: 0
I0628 23:55:14.267902 30649 tablet_bootstrap.cc:1030] T 81bb583ab6264dd3bed571d157bdc78e P c3a57434d605412c82946ec0f6f80b2a: Dumping REPLICATES:
I0628 23:55:14.268005 30649 tablet_bootstrap.cc:1030] T 81bb583ab6264dd3bed571d157bdc78e P c3a57434d605412c82946ec0f6f80b2a: type: REPLICATE replicate { id { term: 1 index: 445 } timestamp: 6009479608924172288 op_type: CHANGE_CONFIG_OP change_config_record { tablet_id: "81bb583ab6264dd3bed571d157bdc78e" old_config { opid_index: -1 peers { permanent_uuid: "c3a57434d605412c82946ec0f6f80b2a" member_type: VOTER last_known_addr { host: "127.106.77.2" port: 48322 } } peers { permanent_uuid: "8bea06ed38f24dd3b85c977539f7d5f5" member_type: VOTER last_known_addr { host: "127.106.77.1" port: 40602 } } } new_config { peers { permanent_uuid: "c3a57434d605412c82946ec0f6f80b2a" member_type: VOTER last_known_addr { host: "127.106.77.2" port: 48322 } } peers { permanent_uuid: "8bea06ed38f24dd3b85c977539f7d5f5" member_type: VOTER last_known_addr { host: "127.106.77.1" port: 40602 } } peers { permanent_uuid: "a9e0262858964a4387d95eaa285fa762" member_type: VOTER last_known_addr { host: "127.106.77.0" port: 35960 } } } } }
I0628 23:55:14.271895 30649 tablet_bootstrap.cc:646] T 81bb583ab6264dd3bed571d157bdc78e P c3a57434d605412c82946ec0f6f80b2a: Preparing to delete log recovery files and directory /tmp/kudutest-1000/delete_table-test.DeleteTableTest.TestAutoTombstoneAfterRemoteBootstrapRemoteFails.1467158082783852-27213/minicluster-data/ts-2/wals/81bb583ab6264dd3bed571d157bdc78e.recovery
I0628 23:55:14.272052 30649 tablet_bootstrap.cc:649] T 81bb583ab6264dd3bed571d157bdc78e P c3a57434d605412c82946ec0f6f80b2a: Renaming log recovery dir from /tmp/kudutest-1000/delete_table-test.DeleteTableTest.TestAutoTombstoneAfterRemoteBootstrapRemoteFails.1467158082783852-27213/minicluster-data/ts-2/wals/81bb583ab6264dd3bed571d157bdc78e.recovery to /tmp/kudutest-1000/delete_table-test.DeleteTableTest.TestAutoTombstoneAfterRemoteBootstrapRemoteFails.1467158082783852-27213/minicluster-data/ts-2/wals/81bb583ab6264dd3bed571d157bdc78e.recovery-1467158114271995
I0628 23:55:14.272277 30649 tablet_bootstrap.cc:659] T 81bb583ab6264dd3bed571d157bdc78e P c3a57434d605412c82946ec0f6f80b2a: Deleting all files from renamed log recovery directory /tmp/kudutest-1000/delete_table-test.DeleteTableTest.TestAutoTombstoneAfterRemoteBootstrapRemoteFails.1467158082783852-27213/minicluster-data/ts-2/wals/81bb583ab6264dd3bed571d157bdc78e.recovery-1467158114271995
I0628 23:55:14.273021 30649 tablet_bootstrap.cc:662] T 81bb583ab6264dd3bed571d157bdc78e P c3a57434d605412c82946ec0f6f80b2a: Completed deletion of old log recovery files and directory /tmp/kudutest-1000/delete_table-test.DeleteTableTest.TestAutoTombstoneAfterRemoteBootstrapRemoteFails.1467158082783852-27213/minicluster-data/ts-2/wals/81bb583ab6264dd3bed571d157bdc78e.recovery-1467158114271995
I0628 23:55:14.273267 30649 tablet_bootstrap.cc:393] T 81bb583ab6264dd3bed571d157bdc78e P c3a57434d605412c82946ec0f6f80b2a: Bootstrap complete.
I0628 23:55:14.273970 30649 ts_tablet_manager.cc:633] T 81bb583ab6264dd3bed571d157bdc78e P c3a57434d605412c82946ec0f6f80b2a: Time spent bootstrapping tablet: real 5.786s user 5.320s sys 0.084s
I0628 23:55:14.278717 30649 raft_consensus.cc:269] T 81bb583ab6264dd3bed571d157bdc78e P c3a57434d605412c82946ec0f6f80b2a [term 1 FOLLOWER]: Replica starting. Triggering 1 pending transactions. Active config: opid_index: -1 peers { permanent_uuid: "c3a57434d605412c82946ec0f6f80b2a" member_type: VOTER last_known_addr { host: "127.106.77.2" port: 48322 } } peers { permanent_uuid: "8bea06ed38f24dd3b85c977539f7d5f5" member_type: VOTER last_known_addr { host: "127.106.77.1" port: 40602 } }
I0628 23:55:14.280285 30649 raft_consensus.cc:499] T 81bb583ab6264dd3bed571d157bdc78e P c3a57434d605412c82946ec0f6f80b2a [term 1 FOLLOWER]: Becoming Follower/Learner. State: Replica: c3a57434d605412c82946ec0f6f80b2a, State: 1, Role: FOLLOWER Watermarks: {Received: term: 1 index: 445 Committed: term: 1 index: 444}
I0628 23:55:14.280668 30649 consensus_queue.cc:162] T 81bb583ab6264dd3bed571d157bdc78e P c3a57434d605412c82946ec0f6f80b2a [NON_LEADER]: Queue going to NON_LEADER mode. State: All replicated op: 0.0, Majority replicated op: 0.0, Committed index: 0.0, Last appended: 1.445, Current term: 0, Majority size: -1, State: 1, Mode: NON_LEADER
I0628 23:55:14.283871 30649 ts_tablet_manager.cc:659] T 81bb583ab6264dd3bed571d157bdc78e P c3a57434d605412c82946ec0f6f80b2a: Time spent starting tablet: real 0.010s user 0.008s sys 0.000s
I0628 23:55:14.284627 30589 raft_consensus.cc:370] T 81bb583ab6264dd3bed571d157bdc78e P 8bea06ed38f24dd3b85c977539f7d5f5 [term 1 FOLLOWER]: No leader contacted us within the election timeout. Triggering leader election
I0628 23:55:14.284818 30589 raft_consensus.cc:2019] T 81bb583ab6264dd3bed571d157bdc78e P 8bea06ed38f24dd3b85c977539f7d5f5 [term 1 FOLLOWER]: Advancing to term 2
I0628 23:55:14.287104 30589 raft_consensus.cc:386] T 81bb583ab6264dd3bed571d157bdc78e P 8bea06ed38f24dd3b85c977539f7d5f5 [term 2 FOLLOWER]: Starting election with config: opid_index: 445 peers { permanent_uuid: "c3a57434d605412c82946ec0f6f80b2a" member_type: VOTER last_known_addr { host: "127.106.77.2" port: 48322 } } peers { permanent_uuid: "8bea06ed38f24dd3b85c977539f7d5f5" member_type: VOTER last_known_addr { host: "127.106.77.1" port: 40602 } } peers { permanent_uuid: "a9e0262858964a4387d95eaa285fa762" member_type: VOTER last_known_addr { host: "127.106.77.0" port: 35960 } }
I0628 23:55:14.291234 30589 leader_election.cc:223] T 81bb583ab6264dd3bed571d157bdc78e P 8bea06ed38f24dd3b85c977539f7d5f5 [CANDIDATE]: Term 2 election: Requesting vote from peer c3a57434d605412c82946ec0f6f80b2a
I0628 23:55:14.291719 30589 leader_election.cc:223] T 81bb583ab6264dd3bed571d157bdc78e P 8bea06ed38f24dd3b85c977539f7d5f5 [CANDIDATE]: Term 2 election: Requesting vote from peer a9e0262858964a4387d95eaa285fa762
W0628 23:55:14.303766 30520 leader_election.cc:281] T 81bb583ab6264dd3bed571d157bdc78e P 8bea06ed38f24dd3b85c977539f7d5f5 [CANDIDATE]: Term 2 election: Tablet error from VoteRequest() call to peer a9e0262858964a4387d95eaa285fa762: Not found: Tablet not found
I0628 23:55:14.305227 30713 raft_consensus.cc:2019] T 81bb583ab6264dd3bed571d157bdc78e P c3a57434d605412c82946ec0f6f80b2a [term 1 FOLLOWER]: Advancing to term 2
I0628 23:55:14.308876 30713 raft_consensus.cc:1677] T 81bb583ab6264dd3bed571d157bdc78e P c3a57434d605412c82946ec0f6f80b2a [term 2 FOLLOWER]: Leader election vote request: Granting yes vote for candidate 8bea06ed38f24dd3b85c977539f7d5f5 in term 2.
I0628 23:55:14.309587 30520 leader_election.cc:347] T 81bb583ab6264dd3bed571d157bdc78e P 8bea06ed38f24dd3b85c977539f7d5f5 [CANDIDATE]: Term 2 election: Vote granted by peer c3a57434d605412c82946ec0f6f80b2a
I0628 23:55:14.309767 30520 leader_election.cc:248] T 81bb583ab6264dd3bed571d157bdc78e P 8bea06ed38f24dd3b85c977539f7d5f5 [CANDIDATE]: Term 2 election: Election decided. Result: candidate won.
I0628 23:55:14.311048 30781 raft_consensus.cc:1859] T 81bb583ab6264dd3bed571d157bdc78e P 8bea06ed38f24dd3b85c977539f7d5f5 [term 2 FOLLOWER]: Leader election won for term 2
I0628 23:55:14.312355 30781 raft_consensus.cc:464] T 81bb583ab6264dd3bed571d157bdc78e P 8bea06ed38f24dd3b85c977539f7d5f5 [term 2 LEADER]: Becoming Leader. State: Replica: 8bea06ed38f24dd3b85c977539f7d5f5, State: 1, Role: LEADER Watermarks: {Received: term: 1 index: 445 Committed: term: 1 index: 445}
I0628 23:55:14.312827 30781 consensus_queue.cc:145] T 81bb583ab6264dd3bed571d157bdc78e P 8bea06ed38f24dd3b85c977539f7d5f5 [LEADER]: Queue going to LEADER mode. State: All replicated op: 0.0, Majority replicated op: 1.445, Committed index: 1.445, Last appended: 1.445, Current term: 2, Majority size: 2, State: 1, Mode: LEADER, active raft config: opid_index: 445 peers { permanent_uuid: "c3a57434d605412c82946ec0f6f80b2a" member_type: VOTER last_known_addr { host: "127.106.77.2" port: 48322 } } peers { permanent_uuid: "8bea06ed38f24dd3b85c977539f7d5f5" member_type: VOTER last_known_addr { host: "127.106.77.1" port: 40602 } } peers { permanent_uuid: "a9e0262858964a4387d95eaa285fa762" member_type: VOTER last_known_addr { host: "127.106.77.0" port: 35960 } }
I0628 23:55:14.320024 30285 catalog_manager.cc:1673] Tablet: 81bb583ab6264dd3bed571d157bdc78e reported consensus state change. New consensus state: current_term: 2 leader_uuid: "8bea06ed38f24dd3b85c977539f7d5f5" config { opid_index: 445 peers { permanent_uuid: "c3a57434d605412c82946ec0f6f80b2a" member_type: VOTER last_known_addr { host: "127.106.77.2" port: 48322 } } peers { permanent_uuid: "8bea06ed38f24dd3b85c977539f7d5f5" member_type: VOTER last_known_addr { host: "127.106.77.1" port: 40602 } } peers { permanent_uuid: "a9e0262858964a4387d95eaa285fa762" member_type: VOTER last_known_addr { host: "127.106.77.0" port: 35960 } } }
W0628 23:55:14.322834 30785 raft_consensus_state.cc:541] T 81bb583ab6264dd3bed571d157bdc78e P 8bea06ed38f24dd3b85c977539f7d5f5 [term 2 LEADER]: Can't advance the committed index across term boundaries until operations from the current term are replicated. Last committed operation was: term: 1 index: 445, New majority replicated is: term: 1 index: 445, Current term is: 2
I0628 23:55:14.819249 30713 raft_consensus.cc:869] T 81bb583ab6264dd3bed571d157bdc78e P c3a57434d605412c82946ec0f6f80b2a [term 2 FOLLOWER]: Refusing update from remote peer 8bea06ed38f24dd3b85c977539f7d5f5: Log matching property violated. Preceding OpId in replica: term: 1 index: 445. Preceding OpId from leader: term: 2 index: 446. (index mismatch)
I0628 23:55:14.820667 30781 consensus_peers.cc:296] T 81bb583ab6264dd3bed571d157bdc78e P 8bea06ed38f24dd3b85c977539f7d5f5 -> Peer a9e0262858964a4387d95eaa285fa762 (127.106.77.0:35960): Sending request to remotely bootstrap
I0628 23:55:14.821177 30786 consensus_queue.cc:578] T 81bb583ab6264dd3bed571d157bdc78e P 8bea06ed38f24dd3b85c977539f7d5f5 [LEADER]: Connected to new peer: Peer: c3a57434d605412c82946ec0f6f80b2a, Is new: false, Last received: 1.445, Next index: 446, Last known committed idx: 444, Last exchange result: ERROR, Needs remote bootstrap: false
I0628 23:55:14.822115 30443 ts_tablet_manager.cc:412] T 81bb583ab6264dd3bed571d157bdc78e P a9e0262858964a4387d95eaa285fa762: Initiating remote bootstrap from Peer 8bea06ed38f24dd3b85c977539f7d5f5 (127.106.77.1:40602)
I0628 23:55:14.822623 30443 remote_bootstrap_client.cc:164] T 81bb583ab6264dd3bed571d157bdc78e P a9e0262858964a4387d95eaa285fa762: Remote bootstrap client: Beginning remote bootstrap session from remote peer at address 127.106.77.1:40602
I0628 23:55:14.827000 30713 raft_consensus_state.cc:609] T 81bb583ab6264dd3bed571d157bdc78e P c3a57434d605412c82946ec0f6f80b2a [term 2 FOLLOWER]: Committing config change with OpId 1.445. Old config: { opid_index: -1 peers { permanent_uuid: "c3a57434d605412c82946ec0f6f80b2a" member_type: VOTER last_known_addr { host: "127.106.77.2" port: 48322 } } peers { permanent_uuid: "8bea06ed38f24dd3b85c977539f7d5f5" member_type: VOTER last_known_addr { host: "127.106.77.1" port: 40602 } } }. New config: { opid_index: 445 peers { permanent_uuid: "c3a57434d605412c82946ec0f6f80b2a" member_type: VOTER last_known_addr { host: "127.106.77.2" port: 48322 } } peers { permanent_uuid: "8bea06ed38f24dd3b85c977539f7d5f5" member_type: VOTER last_known_addr { host: "127.106.77.1" port: 40602 } } peers { permanent_uuid: "a9e0262858964a4387d95eaa285fa762" member_type: VOTER last_known_addr { host: "127.106.77.0" port: 35960 } } }
I0628 23:55:14.830153 30609 remote_bootstrap_service.cc:123] Beginning new remote bootstrap session on tablet 81bb583ab6264dd3bed571d157bdc78e from peer a9e0262858964a4387d95eaa285fa762 at {real_user=slave, eff_user=} at 127.106.77.0:34868: session id = a9e0262858964a4387d95eaa285fa762-81bb583ab6264dd3bed571d157bdc78e
I0628 23:55:14.833500 30609 remote_bootstrap_session.cc:142] T 81bb583ab6264dd3bed571d157bdc78e P 8bea06ed38f24dd3b85c977539f7d5f5: Remote bootstrap: opened 0 blocks and 2 log segments
I0628 23:55:14.839754 30443 ts_tablet_manager.cc:760] Registered tablet 81bb583ab6264dd3bed571d157bdc78e
I0628 23:55:14.840070 30443 remote_bootstrap_client.cc:387] T 81bb583ab6264dd3bed571d157bdc78e P a9e0262858964a4387d95eaa285fa762: Remote bootstrap client: Starting download of 0 data blocks...
I0628 23:55:14.840391 30443 remote_bootstrap_client.cc:352] T 81bb583ab6264dd3bed571d157bdc78e P a9e0262858964a4387d95eaa285fa762: Remote bootstrap client: Starting download of 2 WAL segments...
I0628 23:55:14.840596 30443 tablet_bootstrap.cc:393] T 81bb583ab6264dd3bed571d157bdc78e P a9e0262858964a4387d95eaa285fa762: RemoteBootstrap: Downloading WAL segment with seq. number 1 (1/2)
I0628 23:55:14.849869 30790 raft_consensus_state.cc:534] T 81bb583ab6264dd3bed571d157bdc78e P 8bea06ed38f24dd3b85c977539f7d5f5 [term 2 LEADER]: Advanced the committed_index across terms. Last committed operation was: term: 1 index: 445 New committed index is: term: 2 index: 446
I0628 23:55:14.872025 30443 tablet_bootstrap.cc:393] T 81bb583ab6264dd3bed571d157bdc78e P a9e0262858964a4387d95eaa285fa762: RemoteBootstrap: Downloading WAL segment with seq. number 2 (2/2)
I0628 23:55:14.877550 30443 remote_bootstrap_client.cc:273] T 81bb583ab6264dd3bed571d157bdc78e P a9e0262858964a4387d95eaa285fa762: Remote bootstrap client: Remote bootstrap complete. Replacing tablet superblock.
I0628 23:55:14.877678 30443 tablet_bootstrap.cc:393] T 81bb583ab6264dd3bed571d157bdc78e P a9e0262858964a4387d95eaa285fa762: RemoteBootstrap: Replacing tablet superblock
I0628 23:55:14.881811 30794 ts_tablet_manager.cc:628] T 81bb583ab6264dd3bed571d157bdc78e P a9e0262858964a4387d95eaa285fa762: Bootstrapping tablet
I0628 23:55:14.882457 30609 remote_bootstrap_service.cc:242] Request end of remote bootstrap session a9e0262858964a4387d95eaa285fa762-81bb583ab6264dd3bed571d157bdc78e received from {real_user=slave, eff_user=} at 127.106.77.0:34868
I0628 23:55:14.882625 30609 remote_bootstrap_service.cc:323] Ending remote bootstrap session a9e0262858964a4387d95eaa285fa762-81bb583ab6264dd3bed571d157bdc78e on tablet 81bb583ab6264dd3bed571d157bdc78e with peer a9e0262858964a4387d95eaa285fa762
I0628 23:55:14.883942 30794 tablet_bootstrap.cc:393] T 81bb583ab6264dd3bed571d157bdc78e P a9e0262858964a4387d95eaa285fa762: Bootstrap starting.
I0628 23:55:14.888182 30794 tablet_bootstrap.cc:553] T 81bb583ab6264dd3bed571d157bdc78e P a9e0262858964a4387d95eaa285fa762: Time spent opening tablet: real 0.001s user 0.004s sys 0.000s
I0628 23:55:14.888761 30794 tablet_bootstrap.cc:609] T 81bb583ab6264dd3bed571d157bdc78e P a9e0262858964a4387d95eaa285fa762: Will attempt to recover log segment /tmp/kudutest-1000/delete_table-test.DeleteTableTest.TestAutoTombstoneAfterRemoteBootstrapRemoteFails.1467158082783852-27213/minicluster-data/ts-0/wals/81bb583ab6264dd3bed571d157bdc78e/wal-000000002 to /tmp/kudutest-1000/delete_table-test.DeleteTableTest.TestAutoTombstoneAfterRemoteBootstrapRemoteFails.1467158082783852-27213/minicluster-data/ts-0/wals/81bb583ab6264dd3bed571d157bdc78e.recovery/wal-000000002
I0628 23:55:14.889014 30794 tablet_bootstrap.cc:609] T 81bb583ab6264dd3bed571d157bdc78e P a9e0262858964a4387d95eaa285fa762: Will attempt to recover log segment /tmp/kudutest-1000/delete_table-test.DeleteTableTest.TestAutoTombstoneAfterRemoteBootstrapRemoteFails.1467158082783852-27213/minicluster-data/ts-0/wals/81bb583ab6264dd3bed571d157bdc78e/wal-000000001 to /tmp/kudutest-1000/delete_table-test.DeleteTableTest.TestAutoTombstoneAfterRemoteBootstrapRemoteFails.1467158082783852-27213/minicluster-data/ts-0/wals/81bb583ab6264dd3bed571d157bdc78e.recovery/wal-000000001
I0628 23:55:14.889173 30794 tablet_bootstrap.cc:617] T 81bb583ab6264dd3bed571d157bdc78e P a9e0262858964a4387d95eaa285fa762: Moving log directory /tmp/kudutest-1000/delete_table-test.DeleteTableTest.TestAutoTombstoneAfterRemoteBootstrapRemoteFails.1467158082783852-27213/minicluster-data/ts-0/wals/81bb583ab6264dd3bed571d157bdc78e to recovery directory /tmp/kudutest-1000/delete_table-test.DeleteTableTest.TestAutoTombstoneAfterRemoteBootstrapRemoteFails.1467158082783852-27213/minicluster-data/ts-0/wals/81bb583ab6264dd3bed571d157bdc78e.recovery in preparation for log replay
W0628 23:55:14.890369 30794 log_util.cc:311] Could not read footer for segment: /tmp/kudutest-1000/delete_table-test.DeleteTableTest.TestAutoTombstoneAfterRemoteBootstrapRemoteFails.1467158082783852-27213/minicluster-data/ts-0/wals/81bb583ab6264dd3bed571d157bdc78e.recovery/wal-000000002: Not found: Footer not found. Footer magic doesn't match
I0628 23:55:14.890576 30794 log_reader.cc:152] Log segment /tmp/kudutest-1000/delete_table-test.DeleteTableTest.TestAutoTombstoneAfterRemoteBootstrapRemoteFails.1467158082783852-27213/minicluster-data/ts-0/wals/81bb583ab6264dd3bed571d157bdc78e.recovery/wal-000000002 was likely left in-progress after a previous crash. Will try to rebuild footer by scanning data.
I0628 23:55:14.893806 30794 log_util.cc:359] Successfully rebuilt footer for segment: /tmp/kudutest-1000/delete_table-test.DeleteTableTest.TestAutoTombstoneAfterRemoteBootstrapRemoteFails.1467158082783852-27213/minicluster-data/ts-0/wals/81bb583ab6264dd3bed571d157bdc78e.recovery/wal-000000002 (valid entries through byte offset 8073)
I0628 23:55:14.894812 30794 tablet.cc:854] T 81bb583ab6264dd3bed571d157bdc78e Rewinding schema during bootstrap to Schema [ 10:key[int32 NOT NULL], 11:int_val[int32 NOT NULL], 12:string_val[string NULLABLE] ]
I0628 23:55:14.897333 30794 log.cc:350] Log is configured to *not* fsync() on all Append() calls INFO: Connected to the Master INFO: Connected to all 3 Tablet Servers WARNING: Tablet 81bb583ab6264dd3bed571d157bdc78e of table 'test-workload' has 3 instead of 2 replicas INFO: Table test-workload is HEALTHY INFO: The metadata for 1 tables is HEALTHY
W0628 23:55:15.316601 30520 consensus_peers.cc:326] T 81bb583ab6264dd3bed571d157bdc78e P 8bea06ed38f24dd3b85c977539f7d5f5 -> Peer a9e0262858964a4387d95eaa285fa762 (127.106.77.0:35960): Couldn't send request to peer a9e0262858964a4387d95eaa285fa762 for tablet 81bb583ab6264dd3bed571d157bdc78e. Error code: TABLET_NOT_RUNNING (12). Status: Illegal state: Tablet not RUNNING: BOOTSTRAPPING. Retrying in the next heartbeat period. Already tried 1 times.
W0628 23:55:15.659734 30520 consensus_peers.cc:326] T 81bb583ab6264dd3bed571d157bdc78e P 8bea06ed38f24dd3b85c977539f7d5f5 -> Peer a9e0262858964a4387d95eaa285fa762 (127.106.77.0:35960): Couldn't send request to peer a9e0262858964a4387d95eaa285fa762 for tablet 81bb583ab6264dd3bed571d157bdc78e. Error code: TABLET_NOT_RUNNING (12). Status: Illegal state: Tablet not RUNNING: BOOTSTRAPPING. Retrying in the next heartbeat period. Already tried 2 times.
W0628 23:55:16.160401 30520 consensus_peers.cc:326] T 81bb583ab6264dd3bed571d157bdc78e P 8bea06ed38f24dd3b85c977539f7d5f5 -> Peer a9e0262858964a4387d95eaa285fa762 (127.106.77.0:35960): Couldn't send request to peer a9e0262858964a4387d95eaa285fa762 for tablet 81bb583ab6264dd3bed571d157bdc78e. Error code: TABLET_NOT_RUNNING (12). Status: Illegal state: Tablet not RUNNING: BOOTSTRAPPING. Retrying in the next heartbeat period. Already tried 3 times. ----------------------- test-workload ----------------------- T 81bb583ab6264dd3bed571d157bdc78e P 8bea06ed38f24dd3b85c977539f7d5f5 (127.106.77.1:40602): Checksum: 47299235369098 T 81bb583ab6264dd3bed571d157bdc78e P c3a57434d605412c82946ec0f6f80b2a (127.106.77.2:48322): Checksum: 47299235369098 T 81bb583ab6264dd3bed571d157bdc78e P a9e0262858964a4387d95eaa285fa762 (127.106.77.0:35960): Error: Illegal state: Tablet not RUNNING: BOOTSTRAPPING
I0628 23:55:16.586205 27213 cluster_verifier.cc:72] Check not successful yet, sleeping and retrying: Aborted: 1 errors were detected
W0628 23:55:16.660214 30520 consensus_peers.cc:326] T 81bb583ab6264dd3bed571d157bdc78e P 8bea06ed38f24dd3b85c977539f7d5f5 -> Peer a9e0262858964a4387d95eaa285fa762 (127.106.77.0:35960): Couldn't send request to peer a9e0262858964a4387d95eaa285fa762 for tablet 81bb583ab6264dd3bed571d157bdc78e. Error code: TABLET_NOT_RUNNING (12). Status: Illegal state: Tablet not RUNNING: BOOTSTRAPPING. Retrying in the next heartbeat period. Already tried 4 times. INFO: Connected to the Master INFO: Connected to all 3 Tablet Servers WARNING: Tablet 81bb583ab6264dd3bed571d157bdc78e of table 'test-workload' has 3 instead of 2 replicas INFO: Table test-workload is HEALTHY INFO: The metadata for 1 tables is HEALTHY
W0628 23:55:17.161092 30520 consensus_peers.cc:326] T 81bb583ab6264dd3bed571d157bdc78e P 8bea06ed38f24dd3b85c977539f7d5f5 -> Peer a9e0262858964a4387d95eaa285fa762 (127.106.77.0:35960): Couldn't send request to peer a9e0262858964a4387d95eaa285fa762 for tablet 81bb583ab6264dd3bed571d157bdc78e. Error code: TABLET_NOT_RUNNING (12). Status: Illegal state: Tablet not RUNNING: BOOTSTRAPPING. Retrying in the next heartbeat period. Already tried 5 times. ----------------------- test-workload ----------------------- T 81bb583ab6264dd3bed571d157bdc78e P 8bea06ed38f24dd3b85c977539f7d5f5 (127.106.77.1:40602): Checksum: 47299235369098 T 81bb583ab6264dd3bed571d157bdc78e P c3a57434d605412c82946ec0f6f80b2a (127.106.77.2:48322): Checksum: 47299235369098 T 81bb583ab6264dd3bed571d157bdc78e P a9e0262858964a4387d95eaa285fa762 (127.106.77.0:35960): Error: Illegal state: Tablet not RUNNING: BOOTSTRAPPING
I0628 23:55:17.300277 27213 cluster_verifier.cc:72] Check not successful yet, sleeping and retrying: Aborted: 1 errors were detected INFO: Connected to the Master INFO: Connected to all 3 Tablet Servers WARNING: Tablet 81bb583ab6264dd3bed571d157bdc78e of table 'test-workload' has 3 instead of 2 replicas INFO: Table test-workload is HEALTHY INFO: The metadata for 1 tables is HEALTHY
W0628 23:55:17.661545 30520 consensus_peers.cc:326] T 81bb583ab6264dd3bed571d157bdc78e P 8bea06ed38f24dd3b85c977539f7d5f5 -> Peer a9e0262858964a4387d95eaa285fa762 (127.106.77.0:35960): Couldn't send request to peer a9e0262858964a4387d95eaa285fa762 for tablet 81bb583ab6264dd3bed571d157bdc78e. Error code: TABLET_NOT_RUNNING (12). Status: Illegal state: Tablet not RUNNING: BOOTSTRAPPING. Retrying in the next heartbeat period. Already tried 6 times. ----------------------- test-workload ----------------------- T 81bb583ab6264dd3bed571d157bdc78e P c3a57434d605412c82946ec0f6f80b2a (127.106.77.2:48322): Checksum: 47299235369098 T 81bb583ab6264dd3bed571d157bdc78e P 8bea06ed38f24dd3b85c977539f7d5f5 (127.106.77.1:40602): Checksum: 47299235369098 T 81bb583ab6264dd3bed571d157bdc78e P a9e0262858964a4387d95eaa285fa762 (127.106.77.0:35960): Error: Illegal state: Tablet not RUNNING: BOOTSTRAPPING
I0628 23:55:18.147919 27213 cluster_verifier.cc:72] Check not successful yet, sleeping and retrying: Aborted: 1 errors were detected
W0628 23:55:18.161392 30520 consensus_peers.cc:326] T 81bb583ab6264dd3bed571d157bdc78e P 8bea06ed38f24dd3b85c977539f7d5f5 -> Peer a9e0262858964a4387d95eaa285fa762 (127.106.77.0:35960): Couldn't send request to peer a9e0262858964a4387d95eaa285fa762 for tablet 81bb583ab6264dd3bed571d157bdc78e. Error code: TABLET_NOT_RUNNING (12). Status: Illegal state: Tablet not RUNNING: BOOTSTRAPPING. Retrying in the next heartbeat period. Already tried 7 times. INFO: Connected to the Master INFO: Connected to all 3 Tablet Servers WARNING: Tablet 81bb583ab6264dd3bed571d157bdc78e of table 'test-workload' has 3 instead of 2 replicas INFO: Table test-workload is HEALTHY INFO: The metadata for 1 tables is HEALTHY
W0628 23:55:18.662328 30520 consensus_peers.cc:326] T 81bb583ab6264dd3bed571d157bdc78e P 8bea06ed38f24dd3b85c977539f7d5f5 -> Peer a9e0262858964a4387d95eaa285fa762 (127.106.77.0:35960): Couldn't send request to peer a9e0262858964a4387d95eaa285fa762 for tablet 81bb583ab6264dd3bed571d157bdc78e. Error code: TABLET_NOT_RUNNING (12). Status: Illegal state: Tablet not RUNNING: BOOTSTRAPPING. Retrying in the next heartbeat period. Already tried 8 times. ----------------------- test-workload ----------------------- T 81bb583ab6264dd3bed571d157bdc78e P c3a57434d605412c82946ec0f6f80b2a (127.106.77.2:48322): Checksum: 47299235369098 T 81bb583ab6264dd3bed571d157bdc78e P 8bea06ed38f24dd3b85c977539f7d5f5 (127.106.77.1:40602): Checksum: 47299235369098 T 81bb583ab6264dd3bed571d157bdc78e P a9e0262858964a4387d95eaa285fa762 (127.106.77.0:35960): Error: Illegal state: Tablet not RUNNING: BOOTSTRAPPING
I0628 23:55:19.106706 27213 cluster_verifier.cc:72] Check not successful yet, sleeping and retrying: Aborted: 1 errors were detected
W0628 23:55:19.162309 30520 consensus_peers.cc:326] T 81bb583ab6264dd3bed571d157bdc78e P 8bea06ed38f24dd3b85c977539f7d5f5 -> Peer a9e0262858964a4387d95eaa285fa762 (127.106.77.0:35960): Couldn't send request to peer a9e0262858964a4387d95eaa285fa762 for tablet 81bb583ab6264dd3bed571d157bdc78e. Error code: TABLET_NOT_RUNNING (12). Status: Illegal state: Tablet not RUNNING: BOOTSTRAPPING. Retrying in the next heartbeat period. Already tried 9 times. INFO: Connected to the Master INFO: Connected to all 3 Tablet Servers WARNING: Tablet 81bb583ab6264dd3bed571d157bdc78e of table 'test-workload' has 3 instead of 2 replicas INFO: Table test-workload is HEALTHY INFO: The metadata for 1 tables is HEALTHY
W0628 23:55:19.663769 30520 consensus_peers.cc:326] T 81bb583ab6264dd3bed571d157bdc78e P 8bea06ed38f24dd3b85c977539f7d5f5 -> Peer a9e0262858964a4387d95eaa285fa762 (127.106.77.0:35960): Couldn't send request to peer a9e0262858964a4387d95eaa285fa762 for tablet 81bb583ab6264dd3bed571d157bdc78e. Error code: TABLET_NOT_RUNNING (12). Status: Illegal state: Tablet not RUNNING: BOOTSTRAPPING. Retrying in the next heartbeat period. Already tried 10 times.
W0628 23:55:20.163889 30520 consensus_peers.cc:326] T 81bb583ab6264dd3bed571d157bdc78e P 8bea06ed38f24dd3b85c977539f7d5f5 -> Peer a9e0262858964a4387d95eaa285fa762 (127.106.77.0:35960): Couldn't send request to peer a9e0262858964a4387d95eaa285fa762 for tablet 81bb583ab6264dd3bed571d157bdc78e. Error code: TABLET_NOT_RUNNING (12). Status: Illegal state: Tablet not RUNNING: BOOTSTRAPPING. Retrying in the next heartbeat period. Already tried 11 times. ----------------------- test-workload ----------------------- T 81bb583ab6264dd3bed571d157bdc78e P c3a57434d605412c82946ec0f6f80b2a (127.106.77.2:48322): Checksum: 47299235369098 T 81bb583ab6264dd3bed571d157bdc78e P 8bea06ed38f24dd3b85c977539f7d5f5 (127.106.77.1:40602): Checksum: 47299235369098 T 81bb583ab6264dd3bed571d157bdc78e P a9e0262858964a4387d95eaa285fa762 (127.106.77.0:35960): Error: Illegal state: Tablet not RUNNING: BOOTSTRAPPING
I0628 23:55:20.212990 27213 cluster_verifier.cc:72] Check not successful yet, sleeping and retrying: Aborted: 1 errors were detected
W0628 23:55:20.664422 30520 consensus_peers.cc:326] T 81bb583ab6264dd3bed571d157bdc78e P 8bea06ed38f24dd3b85c977539f7d5f5 -> Peer a9e0262858964a4387d95eaa285fa762 (127.106.77.0:35960): Couldn't send request to peer a9e0262858964a4387d95eaa285fa762 for tablet 81bb583ab6264dd3bed571d157bdc78e. Error code: TABLET_NOT_RUNNING (12). Status: Illegal state: Tablet not RUNNING: BOOTSTRAPPING. Retrying in the next heartbeat period. Already tried 12 times. INFO: Connected to the Master INFO: Connected to all 3 Tablet Servers WARNING: Tablet 81bb583ab6264dd3bed571d157bdc78e of table 'test-workload' has 3 instead of 2 replicas INFO: Table test-workload is HEALTHY INFO: The metadata for 1 tables is HEALTHY
I0628 23:55:21.061913 30794 log.cc:517] Max segment size reached. Starting new segment allocation.
I0628 23:55:21.072978 30794 tablet_bootstrap.cc:393] T 81bb583ab6264dd3bed571d157bdc78e P a9e0262858964a4387d95eaa285fa762: Bootstrap replayed 1/2 log segments. Stats: ops{read=441 overwritten=0 applied=440 ignored=0} inserts{seen=21950 ignored=0} mutations{seen=0 ignored=0} orphaned_commits=0. Pending: 1 replicates
I0628 23:55:21.074271 30794 log.cc:400] Rolled over to a new segment: /tmp/kudutest-1000/delete_table-test.DeleteTableTest.TestAutoTombstoneAfterRemoteBootstrapRemoteFails.1467158082783852-27213/minicluster-data/ts-0/wals/81bb583ab6264dd3bed571d157bdc78e/wal-000000002
I0628 23:55:21.155814 30794 tablet_bootstrap.cc:393] T 81bb583ab6264dd3bed571d157bdc78e P a9e0262858964a4387d95eaa285fa762: Bootstrap replayed 2/2 log segments. Stats: ops{read=446 overwritten=0 applied=445 ignored=0} inserts{seen=22150 ignored=0} mutations{seen=0 ignored=0} orphaned_commits=0. Pending: 1 replicates
W0628 23:55:21.165734 30520 consensus_peers.cc:326] T 81bb583ab6264dd3bed571d157bdc78e P 8bea06ed38f24dd3b85c977539f7d5f5 -> Peer a9e0262858964a4387d95eaa285fa762 (127.106.77.0:35960): Couldn't send request to peer a9e0262858964a4387d95eaa285fa762 for tablet 81bb583ab6264dd3bed571d157bdc78e. Error code: TABLET_NOT_RUNNING (12). Status: Illegal state: Tablet not RUNNING: BOOTSTRAPPING. Retrying in the next heartbeat period. Already tried 13 times.
I0628 23:55:21.190120 30794 tablet_bootstrap.cc:1030] T 81bb583ab6264dd3bed571d157bdc78e P a9e0262858964a4387d95eaa285fa762: ReplayState: Previous OpId: 2.446, Committed OpId: 1.445, Pending Replicates: 1, Pending Commits: 0
I0628 23:55:21.190354 30794 tablet_bootstrap.cc:1030] T 81bb583ab6264dd3bed571d157bdc78e P a9e0262858964a4387d95eaa285fa762: Dumping REPLICATES:
I0628 23:55:21.190551 30794 tablet_bootstrap.cc:1030] T 81bb583ab6264dd3bed571d157bdc78e P a9e0262858964a4387d95eaa285fa762: type: REPLICATE replicate { id { term: 2 index: 446 } timestamp: 6009479636242034688 op_type: NO_OP noop_request { } }
I0628 23:55:21.193514 30794 tablet_bootstrap.cc:646] T 81bb583ab6264dd3bed571d157bdc78e P a9e0262858964a4387d95eaa285fa762: Preparing to delete log recovery files and directory /tmp/kudutest-1000/delete_table-test.DeleteTableTest.TestAutoTombstoneAfterRemoteBootstrapRemoteFails.1467158082783852-27213/minicluster-data/ts-0/wals/81bb583ab6264dd3bed571d157bdc78e.recovery
I0628 23:55:21.193763 30794 tablet_bootstrap.cc:649] T 81bb583ab6264dd3bed571d157bdc78e P a9e0262858964a4387d95eaa285fa762: Renaming log recovery dir from /tmp/kudutest-1000/delete_table-test.DeleteTableTest.TestAutoTombstoneAfterRemoteBootstrapRemoteFails.1467158082783852-27213/minicluster-data/ts-0/wals/81bb583ab6264dd3bed571d157bdc78e.recovery to /tmp/kudutest-1000/delete_table-test.DeleteTableTest.TestAutoTombstoneAfterRemoteBootstrapRemoteFails.1467158082783852-27213/minicluster-data/ts-0/wals/81bb583ab6264dd3bed571d157bdc78e.recovery-1467158121193698
I0628 23:55:21.194059 30794 tablet_bootstrap.cc:659] T 81bb583ab6264dd3bed571d157bdc78e P a9e0262858964a4387d95eaa285fa762: Deleting all files from renamed log recovery directory /tmp/kudutest-1000/delete_table-test.DeleteTableTest.TestAutoTombstoneAfterRemoteBootstrapRemoteFails.1467158082783852-27213/minicluster-data/ts-0/wals/81bb583ab6264dd3bed571d157bdc78e.recovery-1467158121193698
I0628 23:55:21.194830 30794 tablet_bootstrap.cc:662] T 81bb583ab6264dd3bed571d157bdc78e P a9e0262858964a4387d95eaa285fa762: Completed deletion of old log recovery files and directory /tmp/kudutest-1000/delete_table-test.DeleteTableTest.TestAutoTombstoneAfterRemoteBootstrapRemoteFails.1467158082783852-27213/minicluster-data/ts-0/wals/81bb583ab6264dd3bed571d157bdc78e.recovery-1467158121193698
I0628 23:55:21.195183 30794 tablet_bootstrap.cc:393] T 81bb583ab6264dd3bed571d157bdc78e P a9e0262858964a4387d95eaa285fa762: Bootstrap complete.
I0628 23:55:21.196027 30794 ts_tablet_manager.cc:633] T 81bb583ab6264dd3bed571d157bdc78e P a9e0262858964a4387d95eaa285fa762: Time spent bootstrapping tablet: real 6.314s user 5.968s sys 0.056s
I0628 23:55:21.203263 30794 raft_consensus.cc:269] T 81bb583ab6264dd3bed571d157bdc78e P a9e0262858964a4387d95eaa285fa762 [term 2 FOLLOWER]: Replica starting. Triggering 1 pending transactions. Active config: opid_index: 445 peers { permanent_uuid: "c3a57434d605412c82946ec0f6f80b2a" member_type: VOTER last_known_addr { host: "127.106.77.2" port: 48322 } } peers { permanent_uuid: "8bea06ed38f24dd3b85c977539f7d5f5" member_type: VOTER last_known_addr { host: "127.106.77.1" port: 40602 } } peers { permanent_uuid: "a9e0262858964a4387d95eaa285fa762" member_type: VOTER last_known_addr { host: "127.106.77.0" port: 35960 } }
I0628 23:55:21.205314 30794 raft_consensus.cc:499] T 81bb583ab6264dd3bed571d157bdc78e P a9e0262858964a4387d95eaa285fa762 [term 2 FOLLOWER]: Becoming Follower/Learner. State: Replica: a9e0262858964a4387d95eaa285fa762, State: 1, Role: FOLLOWER Watermarks: {Received: term: 2 index: 446 Committed: term: 1 index: 445}
I0628 23:55:21.205860 30794 consensus_queue.cc:162] T 81bb583ab6264dd3bed571d157bdc78e P a9e0262858964a4387d95eaa285fa762 [NON_LEADER]: Queue going to NON_LEADER mode. State: All replicated op: 0.0, Majority replicated op: 0.0, Committed index: 0.0, Last appended: 2.446, Current term: 0, Majority size: -1, State: 1, Mode: NON_LEADER
I0628 23:55:21.224498 30794 ts_tablet_manager.cc:659] T 81bb583ab6264dd3bed571d157bdc78e P a9e0262858964a4387d95eaa285fa762: Time spent starting tablet: real 0.028s user 0.004s sys 0.020s ----------------------- test-workload ----------------------- T 81bb583ab6264dd3bed571d157bdc78e P c3a57434d605412c82946ec0f6f80b2a (127.106.77.2:48322): Checksum: 47299235369098 T 81bb583ab6264dd3bed571d157bdc78e P 8bea06ed38f24dd3b85c977539f7d5f5 (127.106.77.1:40602): Checksum: 47299235369098 T 81bb583ab6264dd3bed571d157bdc78e P a9e0262858964a4387d95eaa285fa762 (127.106.77.0:35960): Error: Illegal state: Tablet not RUNNING: BOOTSTRAPPING
I0628 23:55:21.502645 27213 cluster_verifier.cc:72] Check not successful yet, sleeping and retrying: Aborted: 1 errors were detected INFO: Connected to the Master INFO: Connected to all 3 Tablet Servers WARNING: Tablet 81bb583ab6264dd3bed571d157bdc78e of table 'test-workload' has 3 instead of 2 replicas INFO: Table test-workload is HEALTHY INFO: The metadata for 1 tables is HEALTHY ----------------------- test-workload ----------------------- T 81bb583ab6264dd3bed571d157bdc78e P a9e0262858964a4387d95eaa285fa762 (127.106.77.0:35960): Checksum: 47299235369098 T 81bb583ab6264dd3bed571d157bdc78e P 8bea06ed38f24dd3b85c977539f7d5f5 (127.106.77.1:40602): Checksum: 47299235369098 T 81bb583ab6264dd3bed571d157bdc78e P c3a57434d605412c82946ec0f6f80b2a (127.106.77.2:48322): Checksum: 47299235369098
I0628 23:55:23.751534 30423 tablet_service.cc:653] Processing DeleteTablet for tablet 81bb583ab6264dd3bed571d157bdc78e with delete_type TABLET_DATA_TOMBSTONED from {real_user=slave, eff_user=} at 127.0.0.1:44874
I0628 23:55:23.751854 30423 tablet_peer.cc:207] Initiating TabletPeer shutdown for tablet: 81bb583ab6264dd3bed571d157bdc78e
I0628 23:55:23.752187 30423 maintenance_manager.cc:180] Unregistered op CompactRowSetsOp(81bb583ab6264dd3bed571d157bdc78e)
I0628 23:55:23.752413 30423 maintenance_manager.cc:180] Unregistered op MinorDeltaCompactionOp(81bb583ab6264dd3bed571d157bdc78e)
I0628 23:55:23.752599 30423 maintenance_manager.cc:180] Unregistered op MajorDeltaCompactionOp(81bb583ab6264dd3bed571d157bdc78e)
I0628 23:55:23.752840 30423 maintenance_manager.cc:180] Unregistered op FlushMRSOp(81bb583ab6264dd3bed571d157bdc78e)
