F0628 23:54:55.278825 29661 fault_injection.cc:74] Injected fault: FLAGS_fault_crash_after_rb_files_fetched *** Check failure stack trace: *** @ 0x7f3b22f02304 google::LogMessage::SendToLog() at ??:0 @ 0x7f3b22f02800 google::LogMessage::Flush() at ??:0 @ 0x7f3b22f06432 google::LogMessageFatal::~LogMessageFatal() at ??:0 @ 0x7f3b23bcde42 kudu::fault_injection::DoMaybeFault() at ??:0 @ 0x7f3b2aa89e6e kudu::fault_injection::MaybeFault() at ??:0 @ 0x7f3b2aad0b69 kudu::tserver::TSTabletManager::StartRemoteBootstrap() at ??:0 @ 0x7f3b2aab5360 kudu::tserver::ConsensusServiceImpl::StartRemoteBootstrap() at ??:0 @ 0x7f3b288ec9f5 kudu::consensus::ConsensusServiceIf::ConsensusServiceIf()::$_8::operator()() at ??:0 @ 0x7f3b288ec80f std::_Function_handler<>::_M_invoke() at ??:0 @ 0x7f3b2819ed49 std::function<>::operator()() at ??:0 @ 0x7f3b2819e949 kudu::rpc::GeneratedServiceIf::Handle() at ??:0 @ 0x7f3b281a069e kudu::rpc::ServicePool::RunThread() at ??:0 @ 0x7f3b281a2477 boost::_mfi::mf0<>::operator()() at ??:0 @ 0x7f3b281a23db boost::_bi::list1<>::operator()<>() at ??:0 @ 0x7f3b281a2384 boost::_bi::bind_t<>::operator()() at ??:0 @ 0x7f3b281a21aa boost::detail::function::void_function_obj_invoker0<>::invoke() at ??:0 @ 0x7f3b28149e72 boost::function0<>::operator()() at ??:0 @ 0x7f3b23c38560 kudu::Thread::SuperviseThread() at ??:0 @ 0x42182a __tsan_thread_start_func at ??:0 @ 0x7f3b25677182 start_thread at ??:0 @ 0x7f3b2120647d clone at ??:0 @ (nil) (unknown)
I0628 23:54:55.407421 27213 external_mini_cluster.cc:658] Killing /tmp/run_tha_testgCg15n/build/tsan/bin/kudu-tserver with pid 29244
I0628 23:54:55.424828 27213 external_mini_cluster.cc:658] Killing /tmp/run_tha_testgCg15n/build/tsan/bin/kudu-tserver with pid 29361
I0628 23:54:55.440815 27213 external_mini_cluster.cc:556] Running /tmp/run_tha_testgCg15n/build/tsan/bin/kudu-tserver kudu-tserver --fs_wal_dir=/tmp/kudutest-1000/delete_table-test.DeleteTableTest.TestAutoTombstoneAfterCrashDuringRemoteBootstrap.1467158082783852-27213/minicluster-data/ts-0 --fs_data_dirs=/tmp/kudutest-1000/delete_table-test.DeleteTableTest.TestAutoTombstoneAfterCrashDuringRemoteBootstrap.1467158082783852-27213/minicluster-data/ts-0 --rpc_bind_addresses=127.106.77.0:47992 --local_ip_for_outbound_sockets=127.106.77.0 --webserver_port=60859 --webserver_interface=127.106.77.0 --tserver_master_addrs=127.0.0.1:53705 --metrics_log_interval_ms=1000 --log_dir=/tmp/kudutest-1000/delete_table-test.DeleteTableTest.TestAutoTombstoneAfterCrashDuringRemoteBootstrap.1467158082783852-27213/minicluster-data/ts-0 --never_fsync --server_dump_info_path=/tmp/kudutest-1000/delete_table-test.DeleteTableTest.TestAutoTombstoneAfterCrashDuringRemoteBootstrap.1467158082783852-27213/minicluster-data/ts-0/info.pb --server_dump_info_format=pb --rpc_server_allow_ephemeral_ports --logtostderr --logbuflevel=-1
I0628 23:54:55.554997 29734 mem_tracker.cc:138] MemTracker: hard memory limit is 11.777661 GB
I0628 23:54:55.555480 29734 mem_tracker.cc:140] MemTracker: soft memory limit is 7.066597 GB
I0628 23:54:55.569499 29734 tablet_server_main.cc:54] Initializing tablet server...
I0628 23:54:55.572376 29734 hybrid_clock.cc:178] HybridClock initialized. Resolution in nanos?: 1 Wait times tolerance adjustment: 1.0005 Current error: 133851
I0628 23:54:55.584152 29734 fs_manager.cc:242] Opened local filesystem: /tmp/kudutest-1000/delete_table-test.DeleteTableTest.TestAutoTombstoneAfterCrashDuringRemoteBootstrap.1467158082783852-27213/minicluster-data/ts-0 uuid: "9da6f1b0065f4a26bba4b834eae6672b" format_stamp: "Formatted at 2016-06-28 23:54:52 on dist-test-slave-dist-test-slave-cgs5"
I0628 23:54:55.621062 29734 ts_tablet_manager.cc:604] Loading metadata for tablet dbdf7f1d38274f1ba048492cfc62819e
I0628 23:54:55.626381 29734 ts_tablet_manager.cc:936] T dbdf7f1d38274f1ba048492cfc62819e P 9da6f1b0065f4a26bba4b834eae6672b: Tablet Manager startup: Rolling forward tablet deletion of type TABLET_DATA_TOMBSTONED
I0628 23:54:55.632462 29734 ts_tablet_manager.cc:955] T dbdf7f1d38274f1ba048492cfc62819e P 9da6f1b0065f4a26bba4b834eae6672b: Deleting tablet data with delete state TABLET_DATA_TOMBSTONED
I0628 23:54:55.638361 29734 ts_tablet_manager.cc:965] T dbdf7f1d38274f1ba048492cfc62819e P 9da6f1b0065f4a26bba4b834eae6672b: Tablet deleted. Last logged OpId: 0.0
I0628 23:54:55.639364 29734 ts_tablet_manager.cc:760] Registered tablet dbdf7f1d38274f1ba048492cfc62819e
I0628 23:54:55.640365 29734 tablet_server_main.cc:57] Starting tablet server...
I0628 23:54:55.728694 29734 rpc_server.cc:164] RPC server started. Bound to: 127.106.77.0:47992
I0628 23:54:55.730043 29734 webserver.cc:122] Starting webserver on 127.106.77.0:60859
I0628 23:54:55.730149 29734 webserver.cc:133] Document root disabled
I0628 23:54:55.731633 29734 webserver.cc:217] Webserver started. Bound to: http://127.106.77.0:60859/
I0628 23:54:55.733197 29734 server_base.cc:234] Dumped server information to /tmp/kudutest-1000/delete_table-test.DeleteTableTest.TestAutoTombstoneAfterCrashDuringRemoteBootstrap.1467158082783852-27213/minicluster-data/ts-0/info.pb
I0628 23:54:55.735605 29734 tablet_server_main.cc:60] Tablet server successfully started.
I0628 23:54:55.738420 27213 external_mini_cluster.cc:592] Started /tmp/run_tha_testgCg15n/build/tsan/bin/kudu-tserver as pid 29734
I0628 23:54:55.744451 29848 heartbeater.cc:254] Connected to a leader master server at 127.0.0.1:53705
I0628 23:54:55.744771 29848 heartbeater.cc:319] Registering TS with master...
I0628 23:54:55.744968 29848 heartbeater.cc:325] Sending a full tablet report to master...
I0628 23:54:55.745110 27213 external_mini_cluster.cc:658] Killing /tmp/run_tha_testgCg15n/build/tsan/bin/kudu-master with pid 29485
I0628 23:54:55.762595 27213 external_mini_cluster.cc:658] Killing /tmp/run_tha_testgCg15n/build/tsan/bin/kudu-tserver with pid 29734 [ OK ] DeleteTableTest.TestAutoTombstoneAfterCrashDuringRemoteBootstrap (3881 ms) [ RUN ] DeleteTableTest.TestAutoTombstoneAfterRemoteBootstrapRemoteFails
I0628 23:54:55.783756 27213 external_mini_cluster.cc:556] Running /tmp/run_tha_testgCg15n/build/tsan/bin/kudu-master kudu-master --fs_wal_dir=/tmp/kudutest-1000/delete_table-test.DeleteTableTest.TestAutoTombstoneAfterRemoteBootstrapRemoteFails.1467158082783852-27213/minicluster-data/master --fs_data_dirs=/tmp/kudutest-1000/delete_table-test.DeleteTableTest.TestAutoTombstoneAfterRemoteBootstrapRemoteFails.1467158082783852-27213/minicluster-data/master --rpc_bind_addresses=127.0.0.1:0 --webserver_interface=localhost --webserver_port=0 --metrics_log_interval_ms=1000 --log_dir=/tmp/kudutest-1000/delete_table-test.DeleteTableTest.TestAutoTombstoneAfterRemoteBootstrapRemoteFails.1467158082783852-27213/minicluster-data/master --catalog_manager_wait_for_new_tablets_to_elect_leader=false --server_dump_info_path=/tmp/kudutest-1000/delete_table-test.DeleteTableTest.TestAutoTombstoneAfterRemoteBootstrapRemoteFails.1467158082783852-27213/minicluster-data/master/info.pb --server_dump_info_format=pb --rpc_server_allow_ephemeral_ports --logtostderr --logbuflevel=-1
I0628 23:54:55.897367 29853 mem_tracker.cc:138] MemTracker: hard memory limit is 11.777661 GB
I0628 23:54:55.897781 29853 mem_tracker.cc:140] MemTracker: soft memory limit is 7.066597 GB
I0628 23:54:55.909947 29853 master_main.cc:58] Initializing master server...
I0628 23:54:55.912590 29853 hybrid_clock.cc:178] HybridClock initialized. Resolution in nanos?: 1 Wait times tolerance adjustment: 1.0005 Current error: 133851
I0628 23:54:55.919448 29853 server_base.cc:164] Could not load existing FS layout: Not found: /tmp/kudutest-1000/delete_table-test.DeleteTableTest.TestAutoTombstoneAfterRemoteBootstrapRemoteFails.1467158082783852-27213/minicluster-data/master/instance: No such file or directory (error 2)
I0628 23:54:55.919664 29853 server_base.cc:165] Creating new FS layout
I0628 23:54:55.933547 29853 fs_manager.cc:345] Generated new instance metadata in path /tmp/kudutest-1000/delete_table-test.DeleteTableTest.TestAutoTombstoneAfterRemoteBootstrapRemoteFails.1467158082783852-27213/minicluster-data/master/instance: uuid: "02903583b1a046dd8d37b22ec88ce12f" format_stamp: "Formatted at 2016-06-28 23:54:55 on dist-test-slave-dist-test-slave-cgs5"
I0628 23:54:55.946472 29853 fs_manager.cc:242] Opened local filesystem: /tmp/kudutest-1000/delete_table-test.DeleteTableTest.TestAutoTombstoneAfterRemoteBootstrapRemoteFails.1467158082783852-27213/minicluster-data/master uuid: "02903583b1a046dd8d37b22ec88ce12f" format_stamp: "Formatted at 2016-06-28 23:54:55 on dist-test-slave-dist-test-slave-cgs5"
I0628 23:54:55.978449 29853 master_main.cc:61] Starting Master server...
I0628 23:54:56.012811 29853 rpc_server.cc:164] RPC server started. Bound to: 127.0.0.1:48620
I0628 23:54:56.014219 29853 webserver.cc:122] Starting webserver on localhost:0
I0628 23:54:56.014313 29853 webserver.cc:133] Document root disabled
I0628 23:54:56.015012 29853 net_util.cc:183] Address 127.0.0.1:0 for localhost:0 duplicates an earlier resolved entry.
I0628 23:54:56.016204 29853 webserver.cc:217] Webserver started. Bound to: http://127.0.0.1:60679/
I0628 23:54:56.017565 29853 server_base.cc:234] Dumped server information to /tmp/kudutest-1000/delete_table-test.DeleteTableTest.TestAutoTombstoneAfterRemoteBootstrapRemoteFails.1467158082783852-27213/minicluster-data/master/info.pb
I0628 23:54:56.020045 27213 external_mini_cluster.cc:592] Started /tmp/run_tha_testgCg15n/build/tsan/bin/kudu-master as pid 29853
I0628 23:54:56.020944 27213 external_mini_cluster.cc:556] Running /tmp/run_tha_testgCg15n/build/tsan/bin/kudu-tserver kudu-tserver --fs_wal_dir=/tmp/kudutest-1000/delete_table-test.DeleteTableTest.TestAutoTombstoneAfterRemoteBootstrapRemoteFails.1467158082783852-27213/minicluster-data/ts-0 --fs_data_dirs=/tmp/kudutest-1000/delete_table-test.DeleteTableTest.TestAutoTombstoneAfterRemoteBootstrapRemoteFails.1467158082783852-27213/minicluster-data/ts-0 --rpc_bind_addresses=127.106.77.0:0 --local_ip_for_outbound_sockets=127.106.77.0 --webserver_interface=127.106.77.0 --webserver_port=0 --tserver_master_addrs=127.0.0.1:48620 --metrics_log_interval_ms=1000 --log_dir=/tmp/kudutest-1000/delete_table-test.DeleteTableTest.TestAutoTombstoneAfterRemoteBootstrapRemoteFails.1467158082783852-27213/minicluster-data/ts-0 --enable_leader_failure_detection=false --log_segment_size_mb=1 --never_fsync --server_dump_info_path=/tmp/kudutest-1000/delete_table-test.DeleteTableTest.TestAutoTombstoneAfterRemoteBootstrapRemoteFails.1467158082783852-27213/minicluster-data/ts-0/info.pb --server_dump_info_format=pb --rpc_server_allow_ephemeral_ports --logtostderr --logbuflevel=-1
I0628 23:54:56.041784 29896 tablet_bootstrap.cc:393] T 00000000000000000000000000000000 P 02903583b1a046dd8d37b22ec88ce12f: Bootstrap starting.
I0628 23:54:56.045549 29896 tablet_bootstrap.cc:553] T 00000000000000000000000000000000 P 02903583b1a046dd8d37b22ec88ce12f: Time spent opening tablet: real 0.001s user 0.000s sys 0.000s
I0628 23:54:56.046033 29896 tablet_bootstrap.cc:493] T 00000000000000000000000000000000 P 02903583b1a046dd8d37b22ec88ce12f: No blocks or log segments found. Creating new log.
I0628 23:54:56.047652 29896 log.cc:350] Log is configured to *not* fsync() on all Append() calls
I0628 23:54:56.051695 29896 tablet_bootstrap.cc:393] T 00000000000000000000000000000000 P 02903583b1a046dd8d37b22ec88ce12f: No bootstrap required, opened a new log
I0628 23:54:56.057289 29896 raft_consensus.cc:269] T 00000000000000000000000000000000 P 02903583b1a046dd8d37b22ec88ce12f [term 0 FOLLOWER]: Replica starting. Triggering 0 pending transactions. Active config: opid_index: -1 peers { permanent_uuid: "02903583b1a046dd8d37b22ec88ce12f" member_type: VOTER }
I0628 23:54:56.058387 29896 raft_consensus.cc:301] T 00000000000000000000000000000000 P 02903583b1a046dd8d37b22ec88ce12f [term 0 FOLLOWER]: Consensus starting up: Expiring failure detector timer to make a prompt election more likely
I0628 23:54:56.058639 29896 raft_consensus.cc:499] T 00000000000000000000000000000000 P 02903583b1a046dd8d37b22ec88ce12f [term 0 FOLLOWER]: Becoming Follower/Learner. State: Replica: 02903583b1a046dd8d37b22ec88ce12f, State: 1, Role: FOLLOWER Watermarks: {Received: term: 0 index: 0 Committed: term: 0 index: 0}
I0628 23:54:56.058975 29896 consensus_queue.cc:162] T 00000000000000000000000000000000 P 02903583b1a046dd8d37b22ec88ce12f [NON_LEADER]: Queue going to NON_LEADER mode. State: All replicated op: 0.0, Majority replicated op: 0.0, Committed index: 0.0, Last appended: 0.0, Current term: 0, Majority size: -1, State: 1, Mode: NON_LEADER
I0628 23:54:56.059267 29896 raft_consensus.cc:314] T 00000000000000000000000000000000 P 02903583b1a046dd8d37b22ec88ce12f [term 0 FOLLOWER]: Only one voter in the Raft config. Triggering election immediately
I0628 23:54:56.059434 29896 raft_consensus.cc:370] T 00000000000000000000000000000000 P 02903583b1a046dd8d37b22ec88ce12f [term 0 FOLLOWER]: No leader contacted us within the election timeout. Triggering leader election
I0628 23:54:56.059576 29896 raft_consensus.cc:2019] T 00000000000000000000000000000000 P 02903583b1a046dd8d37b22ec88ce12f [term 0 FOLLOWER]: Advancing to term 1
I0628 23:54:56.061125 29896 raft_consensus.cc:1970] T 00000000000000000000000000000000 P 02903583b1a046dd8d37b22ec88ce12f [term 1 FOLLOWER]: Snoozing failure detection for election timeout plus an additional 1.567s
I0628 23:54:56.061298 29896 raft_consensus.cc:386] T 00000000000000000000000000000000 P 02903583b1a046dd8d37b22ec88ce12f [term 1 FOLLOWER]: Starting election with config: opid_index: -1 peers { permanent_uuid: "02903583b1a046dd8d37b22ec88ce12f" member_type: VOTER }
I0628 23:54:56.063222 29896 leader_election.cc:248] T 00000000000000000000000000000000 P 02903583b1a046dd8d37b22ec88ce12f [CANDIDATE]: Term 1 election: Election decided. Result: candidate won.
I0628 23:54:56.064723 29901 raft_consensus.cc:1970] T 00000000000000000000000000000000 P 02903583b1a046dd8d37b22ec88ce12f [term 1 FOLLOWER]: Snoozing failure detection for election timeout plus an additional 1.551s
I0628 23:54:56.064972 29901 raft_consensus.cc:1859] T 00000000000000000000000000000000 P 02903583b1a046dd8d37b22ec88ce12f [term 1 FOLLOWER]: Leader election won for term 1
I0628 23:54:56.077611 29901 raft_consensus.cc:464] T 00000000000000000000000000000000 P 02903583b1a046dd8d37b22ec88ce12f [term 1 LEADER]: Becoming Leader. State: Replica: 02903583b1a046dd8d37b22ec88ce12f, State: 1, Role: LEADER Watermarks: {Received: term: 0 index: 0 Committed: term: 0 index: 0}
I0628 23:54:56.078148 29901 consensus_queue.cc:145] T 00000000000000000000000000000000 P 02903583b1a046dd8d37b22ec88ce12f [LEADER]: Queue going to LEADER mode. State: All replicated op: 0.0, Majority replicated op: 0.0, Committed index: 0.0, Last appended: 0.0, Current term: 1, Majority size: 1, State: 1, Mode: LEADER, active raft config: opid_index: -1 peers { permanent_uuid: "02903583b1a046dd8d37b22ec88ce12f" member_type: VOTER }
I0628 23:54:56.096734 29902 sys_catalog.cc:235] T 00000000000000000000000000000000 P 02903583b1a046dd8d37b22ec88ce12f [sys.catalog]: SysCatalogTable state changed. Reason: RaftConsensus started. Latest consensus state: current_term: 1 leader_uuid: "02903583b1a046dd8d37b22ec88ce12f" config { opid_index: -1 peers { permanent_uuid: "02903583b1a046dd8d37b22ec88ce12f" member_type: VOTER } }
I0628 23:54:56.097286 29902 sys_catalog.cc:238] T 00000000000000000000000000000000 P 02903583b1a046dd8d37b22ec88ce12f [sys.catalog]: This master's current role is: LEADER
I0628 23:54:56.097200 29896 sys_catalog.cc:235] T 00000000000000000000000000000000 P 02903583b1a046dd8d37b22ec88ce12f [sys.catalog]: SysCatalogTable state changed. Reason: Started TabletPeer. Latest consensus state: current_term: 1 leader_uuid: "02903583b1a046dd8d37b22ec88ce12f" config { opid_index: -1 peers { permanent_uuid: "02903583b1a046dd8d37b22ec88ce12f" member_type: VOTER } }
I0628 23:54:56.097537 29896 sys_catalog.cc:238] T 00000000000000000000000000000000 P 02903583b1a046dd8d37b22ec88ce12f [sys.catalog]: This master's current role is: LEADER
I0628 23:54:56.098301 29903 sys_catalog.cc:235] T 00000000000000000000000000000000 P 02903583b1a046dd8d37b22ec88ce12f [sys.catalog]: SysCatalogTable state changed. Reason: New leader 02903583b1a046dd8d37b22ec88ce12f. Latest consensus state: current_term: 1 leader_uuid: "02903583b1a046dd8d37b22ec88ce12f" config { opid_index: -1 peers { permanent_uuid: "02903583b1a046dd8d37b22ec88ce12f" member_type: VOTER } }
I0628 23:54:56.098870 29903 sys_catalog.cc:238] T 00000000000000000000000000000000 P 02903583b1a046dd8d37b22ec88ce12f [sys.catalog]: This master's current role is: LEADER
I0628 23:54:56.100709 29905 catalog_manager.cc:635] Loading table and tablet metadata into memory...
I0628 23:54:56.101279 29896 sys_catalog.cc:311] T 00000000000000000000000000000000 P 02903583b1a046dd8d37b22ec88ce12f [sys.catalog]: configured and running, proceeding with master startup.
I0628 23:54:56.106662 29906 raft_consensus_state.cc:534] T 00000000000000000000000000000000 P 02903583b1a046dd8d37b22ec88ce12f [term 1 LEADER]: Advanced the committed_index across terms. Last committed operation was: term: 0 index: 0 New committed index is: term: 1 index: 1
I0628 23:54:56.120739 29853 master_main.cc:64] Master server successfully started.
I0628 23:54:56.134068 29897 mem_tracker.cc:138] MemTracker: hard memory limit is 11.777661 GB
I0628 23:54:56.134508 29897 mem_tracker.cc:140] MemTracker: soft memory limit is 7.066597 GB
I0628 23:54:56.147557 29897 tablet_server_main.cc:54] Initializing tablet server...
I0628 23:54:56.150279 29897 hybrid_clock.cc:178] HybridClock initialized. Resolution in nanos?: 1 Wait times tolerance adjustment: 1.0005 Current error: 134351
I0628 23:54:56.156029 29897 server_base.cc:164] Could not load existing FS layout: Not found: /tmp/kudutest-1000/delete_table-test.DeleteTableTest.TestAutoTombstoneAfterRemoteBootstrapRemoteFails.1467158082783852-27213/minicluster-data/ts-0/instance: No such file or directory (error 2)
I0628 23:54:56.156309 29897 server_base.cc:165] Creating new FS layout
I0628 23:54:56.164561 29897 fs_manager.cc:345] Generated new instance metadata in path /tmp/kudutest-1000/delete_table-test.DeleteTableTest.TestAutoTombstoneAfterRemoteBootstrapRemoteFails.1467158082783852-27213/minicluster-data/ts-0/instance: uuid: "a9e0262858964a4387d95eaa285fa762" format_stamp: "Formatted at 2016-06-28 23:54:56 on dist-test-slave-dist-test-slave-cgs5"
I0628 23:54:56.172754 29897 fs_manager.cc:242] Opened local filesystem: /tmp/kudutest-1000/delete_table-test.DeleteTableTest.TestAutoTombstoneAfterRemoteBootstrapRemoteFails.1467158082783852-27213/minicluster-data/ts-0 uuid: "a9e0262858964a4387d95eaa285fa762" format_stamp: "Formatted at 2016-06-28 23:54:56 on dist-test-slave-dist-test-slave-cgs5"
I0628 23:54:56.216550 29897 tablet_server_main.cc:57] Starting tablet server...
I0628 23:54:56.631188 29897 rpc_server.cc:164] RPC server started. Bound to: 127.106.77.0:35960
I0628 23:54:56.632611 29897 webserver.cc:122] Starting webserver on 127.106.77.0:0
I0628 23:54:56.632699 29897 webserver.cc:133] Document root disabled
I0628 23:54:56.634357 29897 webserver.cc:217] Webserver started. Bound to: http://127.106.77.0:37992/
I0628 23:54:56.635733 29897 server_base.cc:234] Dumped server information to /tmp/kudutest-1000/delete_table-test.DeleteTableTest.TestAutoTombstoneAfterRemoteBootstrapRemoteFails.1467158082783852-27213/minicluster-data/ts-0/info.pb
I0628 23:54:56.641973 27213 external_mini_cluster.cc:592] Started /tmp/run_tha_testgCg15n/build/tsan/bin/kudu-tserver as pid 29897
I0628 23:54:56.642695 27213 external_mini_cluster.cc:556] Running /tmp/run_tha_testgCg15n/build/tsan/bin/kudu-tserver kudu-tserver --fs_wal_dir=/tmp/kudutest-1000/delete_table-test.DeleteTableTest.TestAutoTombstoneAfterRemoteBootstrapRemoteFails.1467158082783852-27213/minicluster-data/ts-1 --fs_data_dirs=/tmp/kudutest-1000/delete_table-test.DeleteTableTest.TestAutoTombstoneAfterRemoteBootstrapRemoteFails.1467158082783852-27213/minicluster-data/ts-1 --rpc_bind_addresses=127.106.77.1:0 --local_ip_for_outbound_sockets=127.106.77.1 --webserver_interface=127.106.77.1 --webserver_port=0 --tserver_master_addrs=127.0.0.1:48620 --metrics_log_interval_ms=1000 --log_dir=/tmp/kudutest-1000/delete_table-test.DeleteTableTest.TestAutoTombstoneAfterRemoteBootstrapRemoteFails.1467158082783852-27213/minicluster-data/ts-1 --enable_leader_failure_detection=false --log_segment_size_mb=1 --never_fsync --server_dump_info_path=/tmp/kudutest-1000/delete_table-test.DeleteTableTest.TestAutoTombstoneAfterRemoteBootstrapRemoteFails.1467158082783852-27213/minicluster-data/ts-1/info.pb --server_dump_info_format=pb --rpc_server_allow_ephemeral_ports --logtostderr --logbuflevel=-1
I0628 23:54:56.654366 29897 tablet_server_main.cc:60] Tablet server successfully started.
I0628 23:54:56.664535 30021 heartbeater.cc:254] Connected to a leader master server at 127.0.0.1:48620
I0628 23:54:56.664875 30021 heartbeater.cc:319] Registering TS with master...
I0628 23:54:56.665103 30021 heartbeater.cc:325] Sending a full tablet report to master...
I0628 23:54:56.666774 29873 ts_manager.cc:82] Registered new tablet server { permanent_uuid: "a9e0262858964a4387d95eaa285fa762" instance_seqno: 1467158096580711 } with Master
I0628 23:54:56.758994 30025 mem_tracker.cc:138] MemTracker: hard memory limit is 11.777661 GB
I0628 23:54:56.759451 30025 mem_tracker.cc:140] MemTracker: soft memory limit is 7.066597 GB
I0628 23:54:56.773027 30025 tablet_server_main.cc:54] Initializing tablet server...
I0628 23:54:56.775964 30025 hybrid_clock.cc:178] HybridClock initialized. Resolution in nanos?: 1 Wait times tolerance adjustment: 1.0005 Current error: 134351
I0628 23:54:56.782064 30025 server_base.cc:164] Could not load existing FS layout: Not found: /tmp/kudutest-1000/delete_table-test.DeleteTableTest.TestAutoTombstoneAfterRemoteBootstrapRemoteFails.1467158082783852-27213/minicluster-data/ts-1/instance: No such file or directory (error 2)
I0628 23:54:56.782239 30025 server_base.cc:165] Creating new FS layout
I0628 23:54:56.790500 30025 fs_manager.cc:345] Generated new instance metadata in path /tmp/kudutest-1000/delete_table-test.DeleteTableTest.TestAutoTombstoneAfterRemoteBootstrapRemoteFails.1467158082783852-27213/minicluster-data/ts-1/instance: uuid: "8bea06ed38f24dd3b85c977539f7d5f5" format_stamp: "Formatted at 2016-06-28 23:54:56 on dist-test-slave-dist-test-slave-cgs5"
I0628 23:54:56.798630 30025 fs_manager.cc:242] Opened local filesystem: /tmp/kudutest-1000/delete_table-test.DeleteTableTest.TestAutoTombstoneAfterRemoteBootstrapRemoteFails.1467158082783852-27213/minicluster-data/ts-1 uuid: "8bea06ed38f24dd3b85c977539f7d5f5" format_stamp: "Formatted at 2016-06-28 23:54:56 on dist-test-slave-dist-test-slave-cgs5"
I0628 23:54:56.830310 30025 tablet_server_main.cc:57] Starting tablet server...
I0628 23:54:56.920050 30025 rpc_server.cc:164] RPC server started. Bound to: 127.106.77.1:40602
I0628 23:54:56.921439 30025 webserver.cc:122] Starting webserver on 127.106.77.1:0
I0628 23:54:56.921536 30025 webserver.cc:133] Document root disabled
I0628 23:54:56.922991 30025 webserver.cc:217] Webserver started. Bound to: http://127.106.77.1:48507/
I0628 23:54:56.924381 30025 server_base.cc:234] Dumped server information to /tmp/kudutest-1000/delete_table-test.DeleteTableTest.TestAutoTombstoneAfterRemoteBootstrapRemoteFails.1467158082783852-27213/minicluster-data/ts-1/info.pb
I0628 23:54:56.926781 30025 tablet_server_main.cc:60] Tablet server successfully started.
I0628 23:54:56.929807 27213 external_mini_cluster.cc:592] Started /tmp/run_tha_testgCg15n/build/tsan/bin/kudu-tserver as pid 30025
I0628 23:54:56.930733 27213 external_mini_cluster.cc:556] Running /tmp/run_tha_testgCg15n/build/tsan/bin/kudu-tserver kudu-tserver --fs_wal_dir=/tmp/kudutest-1000/delete_table-test.DeleteTableTest.TestAutoTombstoneAfterRemoteBootstrapRemoteFails.1467158082783852-27213/minicluster-data/ts-2 --fs_data_dirs=/tmp/kudutest-1000/delete_table-test.DeleteTableTest.TestAutoTombstoneAfterRemoteBootstrapRemoteFails.1467158082783852-27213/minicluster-data/ts-2 --rpc_bind_addresses=127.106.77.2:0 --local_ip_for_outbound_sockets=127.106.77.2 --webserver_interface=127.106.77.2 --webserver_port=0 --tserver_master_addrs=127.0.0.1:48620 --metrics_log_interval_ms=1000 --log_dir=/tmp/kudutest-1000/delete_table-test.DeleteTableTest.TestAutoTombstoneAfterRemoteBootstrapRemoteFails.1467158082783852-27213/minicluster-data/ts-2 --enable_leader_failure_detection=false --log_segment_size_mb=1 --never_fsync --server_dump_info_path=/tmp/kudutest-1000/delete_table-test.DeleteTableTest.TestAutoTombstoneAfterRemoteBootstrapRemoteFails.1467158082783852-27213/minicluster-data/ts-2/info.pb --server_dump_info_format=pb --rpc_server_allow_ephemeral_ports --logtostderr --logbuflevel=-1
I0628 23:54:56.936046 30139 heartbeater.cc:254] Connected to a leader master server at 127.0.0.1:48620
I0628 23:54:56.936472 30139 heartbeater.cc:319] Registering TS with master...
I0628 23:54:56.936697 30139 heartbeater.cc:325] Sending a full tablet report to master...
I0628 23:54:56.937997 29873 ts_manager.cc:82] Registered new tablet server { permanent_uuid: "8bea06ed38f24dd3b85c977539f7d5f5" instance_seqno: 1467158096901961 } with Master
I0628 23:54:57.044536 30142 mem_tracker.cc:138] MemTracker: hard memory limit is 11.777661 GB
I0628 23:54:57.045001 30142 mem_tracker.cc:140] MemTracker: soft memory limit is 7.066597 GB
I0628 23:54:57.057672 30142 tablet_server_main.cc:54] Initializing tablet server...
I0628 23:54:57.060688 30142 hybrid_clock.cc:178] HybridClock initialized. Resolution in nanos?: 1 Wait times tolerance adjustment: 1.0005 Current error: 134851
I0628 23:54:57.066315 30142 server_base.cc:164] Could not load existing FS layout: Not found: /tmp/kudutest-1000/delete_table-test.DeleteTableTest.TestAutoTombstoneAfterRemoteBootstrapRemoteFails.1467158082783852-27213/minicluster-data/ts-2/instance: No such file or directory (error 2)
I0628 23:54:57.066521 30142 server_base.cc:165] Creating new FS layout
I0628 23:54:57.074417 30142 fs_manager.cc:345] Generated new instance metadata in path /tmp/kudutest-1000/delete_table-test.DeleteTableTest.TestAutoTombstoneAfterRemoteBootstrapRemoteFails.1467158082783852-27213/minicluster-data/ts-2/instance: uuid: "c3a57434d605412c82946ec0f6f80b2a" format_stamp: "Formatted at 2016-06-28 23:54:57 on dist-test-slave-dist-test-slave-cgs5"
I0628 23:54:57.082249 30142 fs_manager.cc:242] Opened local filesystem: /tmp/kudutest-1000/delete_table-test.DeleteTableTest.TestAutoTombstoneAfterRemoteBootstrapRemoteFails.1467158082783852-27213/minicluster-data/ts-2 uuid: "c3a57434d605412c82946ec0f6f80b2a" format_stamp: "Formatted at 2016-06-28 23:54:57 on dist-test-slave-dist-test-slave-cgs5"
I0628 23:54:57.116616 30142 tablet_server_main.cc:57] Starting tablet server...
I0628 23:54:57.209504 30142 rpc_server.cc:164] RPC server started. Bound to: 127.106.77.2:48322
I0628 23:54:57.210965 30142 webserver.cc:122] Starting webserver on 127.106.77.2:0
I0628 23:54:57.211052 30142 webserver.cc:133] Document root disabled
I0628 23:54:57.212604 30142 webserver.cc:217] Webserver started. Bound to: http://127.106.77.2:46741/
I0628 23:54:57.214004 30142 server_base.cc:234] Dumped server information to /tmp/kudutest-1000/delete_table-test.DeleteTableTest.TestAutoTombstoneAfterRemoteBootstrapRemoteFails.1467158082783852-27213/minicluster-data/ts-2/info.pb
I0628 23:54:57.217362 30142 tablet_server_main.cc:60] Tablet server successfully started.
I0628 23:54:57.220818 27213 external_mini_cluster.cc:592] Started /tmp/run_tha_testgCg15n/build/tsan/bin/kudu-tserver as pid 30142
I0628 23:54:57.230345 30256 heartbeater.cc:254] Connected to a leader master server at 127.0.0.1:48620
I0628 23:54:57.230726 30256 heartbeater.cc:319] Registering TS with master...
I0628 23:54:57.230988 30256 heartbeater.cc:325] Sending a full tablet report to master...
I0628 23:54:57.232270 29873 ts_manager.cc:82] Registered new tablet server { permanent_uuid: "c3a57434d605412c82946ec0f6f80b2a" instance_seqno: 1467158097189824 } with Master
I0628 23:54:57.233808 27213 external_mini_cluster.cc:319] 3 TS(s) registered with Master
I0628 23:54:57.245990 27213 delete_table-test.cc:490] Shutting down TS a9e0262858964a4387d95eaa285fa762
I0628 23:54:57.246098 27213 external_mini_cluster.cc:658] Killing /tmp/run_tha_testgCg15n/build/tsan/bin/kudu-tserver with pid 29897
I0628 23:54:57.260195 27213 external_mini_cluster.cc:658] Killing /tmp/run_tha_testgCg15n/build/tsan/bin/kudu-master with pid 29853
I0628 23:54:57.274595 27213 external_mini_cluster.cc:556] Running /tmp/run_tha_testgCg15n/build/tsan/bin/kudu-master kudu-master --fs_wal_dir=/tmp/kudutest-1000/delete_table-test.DeleteTableTest.TestAutoTombstoneAfterRemoteBootstrapRemoteFails.1467158082783852-27213/minicluster-data/master --fs_data_dirs=/tmp/kudutest-1000/delete_table-test.DeleteTableTest.TestAutoTombstoneAfterRemoteBootstrapRemoteFails.1467158082783852-27213/minicluster-data/master --rpc_bind_addresses=127.0.0.1:48620 --webserver_interface=localhost --webserver_port=60679 --metrics_log_interval_ms=1000 --log_dir=/tmp/kudutest-1000/delete_table-test.DeleteTableTest.TestAutoTombstoneAfterRemoteBootstrapRemoteFails.1467158082783852-27213/minicluster-data/master --catalog_manager_wait_for_new_tablets_to_elect_leader=false --server_dump_info_path=/tmp/kudutest-1000/delete_table-test.DeleteTableTest.TestAutoTombstoneAfterRemoteBootstrapRemoteFails.1467158082783852-27213/minicluster-data/master/info.pb --server_dump_info_format=pb --rpc_server_allow_ephemeral_ports --logtostderr --logbuflevel=-1
I0628 23:54:57.384709 30266 mem_tracker.cc:138] MemTracker: hard memory limit is 11.777661 GB
I0628 23:54:57.385179 30266 mem_tracker.cc:140] MemTracker: soft memory limit is 7.066597 GB
I0628 23:54:57.396875 30266 master_main.cc:58] Initializing master server...
I0628 23:54:57.398869 30266 hybrid_clock.cc:178] HybridClock initialized. Resolution in nanos?: 1 Wait times tolerance adjustment: 1.0005 Current error: 134851
I0628 23:54:57.411350 30266 fs_manager.cc:242] Opened local filesystem: /tmp/kudutest-1000/delete_table-test.DeleteTableTest.TestAutoTombstoneAfterRemoteBootstrapRemoteFails.1467158082783852-27213/minicluster-data/master uuid: "02903583b1a046dd8d37b22ec88ce12f" format_stamp: "Formatted at 2016-06-28 23:54:55 on dist-test-slave-dist-test-slave-cgs5"
I0628 23:54:57.444732 30266 master_main.cc:61] Starting Master server...
I0628 23:54:57.479607 30266 rpc_server.cc:164] RPC server started. Bound to: 127.0.0.1:48620
I0628 23:54:57.481024 30266 webserver.cc:122] Starting webserver on localhost:60679
I0628 23:54:57.481117 30266 webserver.cc:133] Document root disabled
I0628 23:54:57.481796 30266 net_util.cc:183] Address 127.0.0.1:60679 for localhost:60679 duplicates an earlier resolved entry.
I0628 23:54:57.483079 30266 webserver.cc:217] Webserver started. Bound to: http://127.0.0.1:60679/
I0628 23:54:57.484688 30266 server_base.cc:234] Dumped server information to /tmp/kudutest-1000/delete_table-test.DeleteTableTest.TestAutoTombstoneAfterRemoteBootstrapRemoteFails.1467158082783852-27213/minicluster-data/master/info.pb
I0628 23:54:57.490855 27213 external_mini_cluster.cc:592] Started /tmp/run_tha_testgCg15n/build/tsan/bin/kudu-master as pid 30266
I0628 23:54:57.496963 30309 tablet_bootstrap.cc:393] T 00000000000000000000000000000000 P 02903583b1a046dd8d37b22ec88ce12f: Bootstrap starting.
I0628 23:54:57.502611 30309 tablet_bootstrap.cc:553] T 00000000000000000000000000000000 P 02903583b1a046dd8d37b22ec88ce12f: Time spent opening tablet: real 0.001s user 0.000s sys 0.000s
I0628 23:54:57.503408 30309 tablet_bootstrap.cc:609] T 00000000000000000000000000000000 P 02903583b1a046dd8d37b22ec88ce12f: Will attempt to recover log segment /tmp/kudutest-1000/delete_table-test.DeleteTableTest.TestAutoTombstoneAfterRemoteBootstrapRemoteFails.1467158082783852-27213/minicluster-data/master/wals/00000000000000000000000000000000/wal-000000001 to /tmp/kudutest-1000/delete_table-test.DeleteTableTest.TestAutoTombstoneAfterRemoteBootstrapRemoteFails.1467158082783852-27213/minicluster-data/master/wals/00000000000000000000000000000000.recovery/wal-000000001
I0628 23:54:57.503553 30309 tablet_bootstrap.cc:617] T 00000000000000000000000000000000 P 02903583b1a046dd8d37b22ec88ce12f: Moving log directory /tmp/kudutest-1000/delete_table-test.DeleteTableTest.TestAutoTombstoneAfterRemoteBootstrapRemoteFails.1467158082783852-27213/minicluster-data/master/wals/00000000000000000000000000000000 to recovery directory /tmp/kudutest-1000/delete_table-test.DeleteTableTest.TestAutoTombstoneAfterRemoteBootstrapRemoteFails.1467158082783852-27213/minicluster-data/master/wals/00000000000000000000000000000000.recovery in preparation for log replay
W0628 23:54:57.505378 30309 log_util.cc:311] Could not read footer for segment: /tmp/kudutest-1000/delete_table-test.DeleteTableTest.TestAutoTombstoneAfterRemoteBootstrapRemoteFails.1467158082783852-27213/minicluster-data/master/wals/00000000000000000000000000000000.recovery/wal-000000001: Not found: Footer not found. Footer magic doesn't match
I0628 23:54:57.505568 30309 log_reader.cc:152] Log segment /tmp/kudutest-1000/delete_table-test.DeleteTableTest.TestAutoTombstoneAfterRemoteBootstrapRemoteFails.1467158082783852-27213/minicluster-data/master/wals/00000000000000000000000000000000.recovery/wal-000000001 was likely left in-progress after a previous crash. Will try to rebuild footer by scanning data.
I0628 23:54:57.531191 30309 log_util.cc:569] Scanning /tmp/kudutest-1000/delete_table-test.DeleteTableTest.TestAutoTombstoneAfterRemoteBootstrapRemoteFails.1467158082783852-27213/minicluster-data/master/wals/00000000000000000000000000000000.recovery/wal-000000001 for valid entry headers following offset 212...
I0628 23:54:57.636723 30309 log_util.cc:606] Found no log entry headers
I0628 23:54:57.637547 30309 log_util.cc:215] Ignoring log segment corruption in /tmp/kudutest-1000/delete_table-test.DeleteTableTest.TestAutoTombstoneAfterRemoteBootstrapRemoteFails.1467158082783852-27213/minicluster-data/master/wals/00000000000000000000000000000000.recovery/wal-000000001 because there are no log entries following the corrupted one. The server probably crashed in the middle of writing an entry to the write-ahead log or downloaded an active log via remote bootstrap. Error detail: Corruption: CRC mismatch in log entry header: Log file corruption detected. Failed trying to read batch #0 at offset 200 for log segment /tmp/kudutest-1000/delete_table-test.DeleteTableTest.TestAutoTombstoneAfterRemoteBootstrapRemoteFails.1467158082783852-27213/minicluster-data/master/wals/00000000000000000000000000000000.recovery/wal-000000001: Prior entries: [off=174 REPLICATE (1.1)] [off=200 COMMIT (1.1)]
I0628 23:54:57.637784 30309 log_util.cc:359] Successfully rebuilt footer for segment: /tmp/kudutest-1000/delete_table-test.DeleteTableTest.TestAutoTombstoneAfterRemoteBootstrapRemoteFails.1467158082783852-27213/minicluster-data/master/wals/00000000000000000000000000000000.recovery/wal-000000001 (valid entries through byte offset 200)
I0628 23:54:57.638670 30309 tablet.cc:854] T 00000000000000000000000000000000 Rewinding schema during bootstrap to Schema [ 10:entry_type[int8 NOT NULL], 11:entry_id[string NOT NULL], 12:metadata[string NOT NULL] ]
I0628 23:54:57.642037 30309 log.cc:350] Log is configured to *not* fsync() on all Append() calls
I0628 23:54:57.647837 30309 tablet_bootstrap.cc:393] T 00000000000000000000000000000000 P 02903583b1a046dd8d37b22ec88ce12f: Bootstrap replayed 1/1 log segments. Stats: ops{read=1 overwritten=0 applied=1 ignored=0} inserts{seen=0 ignored=0} mutations{seen=0 ignored=0} orphaned_commits=0. Pending: 0 replicates
I0628 23:54:57.648067 30309 tablet_bootstrap.cc:1030] T 00000000000000000000000000000000 P 02903583b1a046dd8d37b22ec88ce12f: ReplayState: Previous OpId: 1.1, Committed OpId: 1.1, Pending Replicates: 0, Pending Commits: 0
I0628 23:54:57.651368 30309 tablet_bootstrap.cc:646] T 00000000000000000000000000000000 P 02903583b1a046dd8d37b22ec88ce12f: Preparing to delete log recovery files and directory /tmp/kudutest-1000/delete_table-test.DeleteTableTest.TestAutoTombstoneAfterRemoteBootstrapRemoteFails.1467158082783852-27213/minicluster-data/master/wals/00000000000000000000000000000000.recovery
I0628 23:54:57.651497 30309 tablet_bootstrap.cc:649] T 00000000000000000000000000000000 P 02903583b1a046dd8d37b22ec88ce12f: Renaming log recovery dir from /tmp/kudutest-1000/delete_table-test.DeleteTableTest.TestAutoTombstoneAfterRemoteBootstrapRemoteFails.1467158082783852-27213/minicluster-data/master/wals/00000000000000000000000000000000.recovery to /tmp/kudutest-1000/delete_table-test.DeleteTableTest.TestAutoTombstoneAfterRemoteBootstrapRemoteFails.1467158082783852-27213/minicluster-data/master/wals/00000000000000000000000000000000.recovery-1467158097651459
I0628 23:54:57.651638 30309 tablet_bootstrap.cc:659] T 00000000000000000000000000000000 P 02903583b1a046dd8d37b22ec88ce12f: Deleting all files from renamed log recovery directory /tmp/kudutest-1000/delete_table-test.DeleteTableTest.TestAutoTombstoneAfterRemoteBootstrapRemoteFails.1467158082783852-27213/minicluster-data/master/wals/00000000000000000000000000000000.recovery-1467158097651459
I0628 23:54:57.652231 30309 tablet_bootstrap.cc:662] T 00000000000000000000000000000000 P 02903583b1a046dd8d37b22ec88ce12f: Completed deletion of old log recovery files and directory /tmp/kudutest-1000/delete_table-test.DeleteTableTest.TestAutoTombstoneAfterRemoteBootstrapRemoteFails.1467158082783852-27213/minicluster-data/master/wals/00000000000000000000000000000000.recovery-1467158097651459
I0628 23:54:57.652454 30309 tablet_bootstrap.cc:393] T 00000000000000000000000000000000 P 02903583b1a046dd8d37b22ec88ce12f: Bootstrap complete.
I0628 23:54:57.662832 30309 raft_consensus.cc:269] T 00000000000000000000000000000000 P 02903583b1a046dd8d37b22ec88ce12f [term 1 FOLLOWER]: Replica starting. Triggering 0 pending transactions. Active config: opid_index: -1 peers { permanent_uuid: "02903583b1a046dd8d37b22ec88ce12f" member_type: VOTER }
I0628 23:54:57.663903 30309 raft_consensus.cc:499] T 00000000000000000000000000000000 P 02903583b1a046dd8d37b22ec88ce12f [term 1 FOLLOWER]: Becoming Follower/Learner. State: Replica: 02903583b1a046dd8d37b22ec88ce12f, State: 1, Role: FOLLOWER Watermarks: {Received: term: 1 index: 1 Committed: term: 1 index: 1}
I0628 23:54:57.664342 30309 consensus_queue.cc:162] T 00000000000000000000000000000000 P 02903583b1a046dd8d37b22ec88ce12f [NON_LEADER]: Queue going to NON_LEADER mode. State: All replicated op: 0.0, Majority replicated op: 0.0, Committed index: 0.0, Last appended: 1.1, Current term: 0, Majority size: -1, State: 1, Mode: NON_LEADER
I0628 23:54:57.664600 30309 raft_consensus.cc:314] T 00000000000000000000000000000000 P 02903583b1a046dd8d37b22ec88ce12f [term 1 FOLLOWER]: Only one voter in the Raft config. Triggering election immediately
I0628 23:54:57.664736 30309 raft_consensus.cc:370] T 00000000000000000000000000000000 P 02903583b1a046dd8d37b22ec88ce12f [term 1 FOLLOWER]: No leader contacted us within the election timeout. Triggering leader election
I0628 23:54:57.664872 30309 raft_consensus.cc:2019] T 00000000000000000000000000000000 P 02903583b1a046dd8d37b22ec88ce12f [term 1 FOLLOWER]: Advancing to term 2
I0628 23:54:57.666472 30309 raft_consensus.cc:1970] T 00000000000000000000000000000000 P 02903583b1a046dd8d37b22ec88ce12f [term 2 FOLLOWER]: Snoozing failure detection for election timeout plus an additional 1.606s
I0628 23:54:57.666791 30309 raft_consensus.cc:386] T 00000000000000000000000000000000 P 02903583b1a046dd8d37b22ec88ce12f [term 2 FOLLOWER]: Starting election with config: opid_index: -1 peers { permanent_uuid: "02903583b1a046dd8d37b22ec88ce12f" member_type: VOTER }
I0628 23:54:57.668701 30309 leader_election.cc:248] T 00000000000000000000000000000000 P 02903583b1a046dd8d37b22ec88ce12f [CANDIDATE]: Term 2 election: Election decided. Result: candidate won.
I0628 23:54:57.670063 30314 raft_consensus.cc:1970] T 00000000000000000000000000000000 P 02903583b1a046dd8d37b22ec88ce12f [term 2 FOLLOWER]: Snoozing failure detection for election timeout plus an additional 1.605s
I0628 23:54:57.670433 30314 raft_consensus.cc:1859] T 00000000000000000000000000000000 P 02903583b1a046dd8d37b22ec88ce12f [term 2 FOLLOWER]: Leader election won for term 2
I0628 23:54:57.672565 30314 raft_consensus.cc:464] T 00000000000000000000000000000000 P 02903583b1a046dd8d37b22ec88ce12f [term 2 LEADER]: Becoming Leader. State: Replica: 02903583b1a046dd8d37b22ec88ce12f, State: 1, Role: LEADER Watermarks: {Received: term: 1 index: 1 Committed: term: 1 index: 1}
I0628 23:54:57.673434 30314 consensus_queue.cc:145] T 00000000000000000000000000000000 P 02903583b1a046dd8d37b22ec88ce12f [LEADER]: Queue going to LEADER mode. State: All replicated op: 0.0, Majority replicated op: 1.1, Committed index: 1.1, Last appended: 1.1, Current term: 2, Majority size: 1, State: 1, Mode: LEADER, active raft config: opid_index: -1 peers { permanent_uuid: "02903583b1a046dd8d37b22ec88ce12f" member_type: VOTER }
I0628 23:54:57.675658 30309 sys_catalog.cc:235] T 00000000000000000000000000000000 P 02903583b1a046dd8d37b22ec88ce12f [sys.catalog]: SysCatalogTable state changed. Reason: Started TabletPeer. Latest consensus state: current_term: 2 leader_uuid: "02903583b1a046dd8d37b22ec88ce12f" config { opid_index: -1 peers { permanent_uuid: "02903583b1a046dd8d37b22ec88ce12f" member_type: VOTER } }
I0628 23:54:57.676074 30309 sys_catalog.cc:238] T 00000000000000000000000000000000 P 02903583b1a046dd8d37b22ec88ce12f [sys.catalog]: This master's current role is: LEADER
I0628 23:54:57.677079 30315 sys_catalog.cc:235] T 00000000000000000000000000000000 P 02903583b1a046dd8d37b22ec88ce12f [sys.catalog]: SysCatalogTable state changed. Reason: RaftConsensus started. Latest consensus state: current_term: 2 leader_uuid: "02903583b1a046dd8d37b22ec88ce12f" config { opid_index: -1 peers { permanent_uuid: "02903583b1a046dd8d37b22ec88ce12f" member_type: VOTER } }
I0628 23:54:57.676951 30316 sys_catalog.cc:235] T 00000000000000000000000000000000 P 02903583b1a046dd8d37b22ec88ce12f [sys.catalog]: SysCatalogTable state changed. Reason: New leader 02903583b1a046dd8d37b22ec88ce12f. Latest consensus state: current_term: 2 leader_uuid: "02903583b1a046dd8d37b22ec88ce12f" config { opid_index: -1 peers { permanent_uuid: "02903583b1a046dd8d37b22ec88ce12f" member_type: VOTER } }
I0628 23:54:57.678791 30315 sys_catalog.cc:238] T 00000000000000000000000000000000 P 02903583b1a046dd8d37b22ec88ce12f [sys.catalog]: This master's current role is: LEADER
I0628 23:54:57.678858 30316 sys_catalog.cc:238] T 00000000000000000000000000000000 P 02903583b1a046dd8d37b22ec88ce12f [sys.catalog]: This master's current role is: LEADER
I0628 23:54:57.679272 30317 raft_consensus_state.cc:534] T 00000000000000000000000000000000 P 02903583b1a046dd8d37b22ec88ce12f [term 2 LEADER]: Advanced the committed_index across terms. Last committed operation was: term: 1 index: 1 New committed index is: term: 2 index: 2
I0628 23:54:57.680223 30318 catalog_manager.cc:635] Loading table and tablet metadata into memory...
I0628 23:54:57.681213 30309 sys_catalog.cc:311] T 00000000000000000000000000000000 P 02903583b1a046dd8d37b22ec88ce12f [sys.catalog]: configured and running, proceeding with master startup.
I0628 23:54:57.692894 30266 master_main.cc:64] Master server successfully started.
I0628 23:54:57.946158 30286 master_service.cc:172] Got heartbeat from unknown tablet server { permanent_uuid: "8bea06ed38f24dd3b85c977539f7d5f5" instance_seqno: 1467158096901961 } as {real_user=slave, eff_user=} at 127.106.77.1:58088; Asking this server to re-register.
I0628 23:54:57.947264 30139 heartbeater.cc:319] Registering TS with master...
I0628 23:54:57.947417 30139 heartbeater.cc:325] Sending a full tablet report to master...
I0628 23:54:57.948885 30286 ts_manager.cc:82] Registered new tablet server { permanent_uuid: "8bea06ed38f24dd3b85c977539f7d5f5" instance_seqno: 1467158096901961 } with Master
I0628 23:54:58.238018 30286 master_service.cc:172] Got heartbeat from unknown tablet server { permanent_uuid: "c3a57434d605412c82946ec0f6f80b2a" instance_seqno: 1467158097189824 } as {real_user=slave, eff_user=} at 127.106.77.2:49882; Asking this server to re-register.
I0628 23:54:58.239220 30256 heartbeater.cc:319] Registering TS with master...
I0628 23:54:58.239457 30256 heartbeater.cc:325] Sending a full tablet report to master...
I0628 23:54:58.240733 30286 ts_manager.cc:82] Registered new tablet server { permanent_uuid: "c3a57434d605412c82946ec0f6f80b2a" instance_seqno: 1467158097189824 } with Master
I0628 23:54:58.242463 27213 external_mini_cluster.cc:319] 2 TS(s) registered with Master
I0628 23:54:58.255050 30286 catalog_manager.cc:772] CreateTable from {real_user=slave, eff_user=} at 127.0.0.1:49883: name: "test-workload" schema { columns { name: "key" type: INT32 is_key: true is_nullable: false encoding: AUTO_ENCODING compression: DEFAULT_COMPRESSION cfile_block_size: 0 } columns { name: "int_val" type: INT32 is_key: false is_nullable: false encoding: AUTO_ENCODING compression: DEFAULT_COMPRESSION cfile_block_size: 0 } columns { name: "string_val" type: STRING is_key: false is_nullable: true encoding: AUTO_ENCODING compression: DEFAULT_COMPRESSION cfile_block_size: 0 } } num_replicas: 2 split_rows_range_bounds { } partition_schema { range_schema { columns { name: "key" } } }
I0628 23:54:58.298899 30193 tablet_service.cc:612] Processing CreateTablet for tablet 81bb583ab6264dd3bed571d157bdc78e (table=test-workload [id=80dde25440d24e9ca8b305595e464336]), partition=range: [(), ())
I0628 23:54:58.300338 30076 tablet_service.cc:612] Processing CreateTablet for tablet 81bb583ab6264dd3bed571d157bdc78e (table=test-workload [id=80dde25440d24e9ca8b305595e464336]), partition=range: [(), ())
I0628 23:54:58.314657 30193 ts_tablet_manager.cc:760] Registered tablet 81bb583ab6264dd3bed571d157bdc78e
I0628 23:54:58.315201 30076 ts_tablet_manager.cc:760] Registered tablet 81bb583ab6264dd3bed571d157bdc78e
I0628 23:54:58.316615 30333 ts_tablet_manager.cc:628] T 81bb583ab6264dd3bed571d157bdc78e P 8bea06ed38f24dd3b85c977539f7d5f5: Bootstrapping tablet
I0628 23:54:58.318961 30332 ts_tablet_manager.cc:628] T 81bb583ab6264dd3bed571d157bdc78e P c3a57434d605412c82946ec0f6f80b2a: Bootstrapping tablet
I0628 23:54:58.319480 30333 tablet_bootstrap.cc:393] T 81bb583ab6264dd3bed571d157bdc78e P 8bea06ed38f24dd3b85c977539f7d5f5: Bootstrap starting.
I0628 23:54:58.321077 30332 tablet_bootstrap.cc:393] T 81bb583ab6264dd3bed571d157bdc78e P c3a57434d605412c82946ec0f6f80b2a: Bootstrap starting.
I0628 23:54:58.323027 30333 tablet_bootstrap.cc:553] T 81bb583ab6264dd3bed571d157bdc78e P 8bea06ed38f24dd3b85c977539f7d5f5: Time spent opening tablet: real 0.001s user 0.000s sys 0.000s
I0628 23:54:58.323570 30333 tablet_bootstrap.cc:493] T 81bb583ab6264dd3bed571d157bdc78e P 8bea06ed38f24dd3b85c977539f7d5f5: No blocks or log segments found. Creating new log.
I0628 23:54:58.324513 30332 tablet_bootstrap.cc:553] T 81bb583ab6264dd3bed571d157bdc78e P c3a57434d605412c82946ec0f6f80b2a: Time spent opening tablet: real 0.001s user 0.004s sys 0.000s
I0628 23:54:58.324995 30332 tablet_bootstrap.cc:493] T 81bb583ab6264dd3bed571d157bdc78e P c3a57434d605412c82946ec0f6f80b2a: No blocks or log segments found. Creating new log.
I0628 23:54:58.325279 30333 log.cc:350] Log is configured to *not* fsync() on all Append() calls
I0628 23:54:58.326622 30332 log.cc:350] Log is configured to *not* fsync() on all Append() calls
I0628 23:54:58.329875 30333 tablet_bootstrap.cc:393] T 81bb583ab6264dd3bed571d157bdc78e P 8bea06ed38f24dd3b85c977539f7d5f5: No bootstrap required, opened a new log
I0628 23:54:58.330211 30333 ts_tablet_manager.cc:633] T 81bb583ab6264dd3bed571d157bdc78e P 8bea06ed38f24dd3b85c977539f7d5f5: Time spent bootstrapping tablet: real 0.013s user 0.012s sys 0.000s
I0628 23:54:58.330857 30332 tablet_bootstrap.cc:393] T 81bb583ab6264dd3bed571d157bdc78e P c3a57434d605412c82946ec0f6f80b2a: No bootstrap required, opened a new log
I0628 23:54:58.331285 30332 ts_tablet_manager.cc:633] T 81bb583ab6264dd3bed571d157bdc78e P c3a57434d605412c82946ec0f6f80b2a: Time spent bootstrapping tablet: real 0.012s user 0.008s sys 0.000s
I0628 23:54:58.335188 30333 raft_consensus.cc:269] T 81bb583ab6264dd3bed571d157bdc78e P 8bea06ed38f24dd3b85c977539f7d5f5 [term 0 FOLLOWER]: Replica starting. Triggering 0 pending transactions. Active config: opid_index: -1 peers { permanent_uuid: "c3a57434d605412c82946ec0f6f80b2a" member_type: VOTER last_known_addr { host: "127.106.77.2" port: 48322 } } peers { permanent_uuid: "8bea06ed38f24dd3b85c977539f7d5f5" member_type: VOTER last_known_addr { host: "127.106.77.1" port: 40602 } }
I0628 23:54:58.336387 30333 raft_consensus.cc:499] T 81bb583ab6264dd3bed571d157bdc78e P 8bea06ed38f24dd3b85c977539f7d5f5 [term 0 FOLLOWER]: Becoming Follower/Learner. State: Replica: 8bea06ed38f24dd3b85c977539f7d5f5, State: 1, Role: FOLLOWER Watermarks: {Received: term: 0 index: 0 Committed: term: 0 index: 0}
I0628 23:54:58.335800 30332 raft_consensus.cc:269] T 81bb583ab6264dd3bed571d157bdc78e P c3a57434d605412c82946ec0f6f80b2a [term 0 FOLLOWER]: Replica starting. Triggering 0 pending transactions. Active config: opid_index: -1 peers { permanent_uuid: "c3a57434d605412c82946ec0f6f80b2a" member_type: VOTER last_known_addr { host: "127.106.77.2" port: 48322 } } peers { permanent_uuid: "8bea06ed38f24dd3b85c977539f7d5f5" member_type: VOTER last_known_addr { host: "127.106.77.1" port: 40602 } }
