I0628 23:55:36.225267 32115 raft_consensus.cc:1970] T 00000000000000000000000000000000 P 38fae6210e3b43d19d7e0c21fa9a9984 [term 1 FOLLOWER]: Snoozing failure detection for election timeout plus an additional 1.567s
I0628 23:55:36.225564 32115 raft_consensus.cc:1859] T 00000000000000000000000000000000 P 38fae6210e3b43d19d7e0c21fa9a9984 [term 1 FOLLOWER]: Leader election won for term 1
I0628 23:55:36.228034 32115 raft_consensus.cc:464] T 00000000000000000000000000000000 P 38fae6210e3b43d19d7e0c21fa9a9984 [term 1 LEADER]: Becoming Leader. State: Replica: 38fae6210e3b43d19d7e0c21fa9a9984, State: 1, Role: LEADER Watermarks: {Received: term: 0 index: 0 Committed: term: 0 index: 0}
I0628 23:55:36.228869 32115 consensus_queue.cc:145] T 00000000000000000000000000000000 P 38fae6210e3b43d19d7e0c21fa9a9984 [LEADER]: Queue going to LEADER mode. State: All replicated op: 0.0, Majority replicated op: 0.0, Committed index: 0.0, Last appended: 0.0, Current term: 1, Majority size: 1, State: 1, Mode: LEADER, active raft config: opid_index: -1 peers { permanent_uuid: "38fae6210e3b43d19d7e0c21fa9a9984" member_type: VOTER }
I0628 23:55:36.248992 32110 sys_catalog.cc:235] T 00000000000000000000000000000000 P 38fae6210e3b43d19d7e0c21fa9a9984 [sys.catalog]: SysCatalogTable state changed. Reason: Started TabletPeer. Latest consensus state: current_term: 1 leader_uuid: "38fae6210e3b43d19d7e0c21fa9a9984" config { opid_index: -1 peers { permanent_uuid: "38fae6210e3b43d19d7e0c21fa9a9984" member_type: VOTER } }
I0628 23:55:36.249186 32116 sys_catalog.cc:235] T 00000000000000000000000000000000 P 38fae6210e3b43d19d7e0c21fa9a9984 [sys.catalog]: SysCatalogTable state changed. Reason: New leader 38fae6210e3b43d19d7e0c21fa9a9984. Latest consensus state: current_term: 1 leader_uuid: "38fae6210e3b43d19d7e0c21fa9a9984" config { opid_index: -1 peers { permanent_uuid: "38fae6210e3b43d19d7e0c21fa9a9984" member_type: VOTER } }
I0628 23:55:36.250151 32116 sys_catalog.cc:238] T 00000000000000000000000000000000 P 38fae6210e3b43d19d7e0c21fa9a9984 [sys.catalog]: This master's current role is: LEADER
I0628 23:55:36.250548 32110 sys_catalog.cc:238] T 00000000000000000000000000000000 P 38fae6210e3b43d19d7e0c21fa9a9984 [sys.catalog]: This master's current role is: LEADER
I0628 23:55:36.254218 32119 raft_consensus_state.cc:534] T 00000000000000000000000000000000 P 38fae6210e3b43d19d7e0c21fa9a9984 [term 1 LEADER]: Advanced the committed_index across terms. Last committed operation was: term: 0 index: 0 New committed index is: term: 1 index: 1
I0628 23:55:36.254839 32110 sys_catalog.cc:311] T 00000000000000000000000000000000 P 38fae6210e3b43d19d7e0c21fa9a9984 [sys.catalog]: configured and running, proceeding with master startup.
I0628 23:55:36.255645 32118 catalog_manager.cc:635] Loading table and tablet metadata into memory...
I0628 23:55:36.250972 32117 sys_catalog.cc:235] T 00000000000000000000000000000000 P 38fae6210e3b43d19d7e0c21fa9a9984 [sys.catalog]: SysCatalogTable state changed. Reason: RaftConsensus started. Latest consensus state: current_term: 1 leader_uuid: "38fae6210e3b43d19d7e0c21fa9a9984" config { opid_index: -1 peers { permanent_uuid: "38fae6210e3b43d19d7e0c21fa9a9984" member_type: VOTER } }
I0628 23:55:36.256085 32117 sys_catalog.cc:238] T 00000000000000000000000000000000 P 38fae6210e3b43d19d7e0c21fa9a9984 [sys.catalog]: This master's current role is: LEADER
I0628 23:55:36.256404 32067 master_main.cc:64] Master server successfully started.
I0628 23:55:36.308732 32111 mem_tracker.cc:138] MemTracker: hard memory limit is 11.777661 GB
I0628 23:55:36.309248 32111 mem_tracker.cc:140] MemTracker: soft memory limit is 7.066597 GB
I0628 23:55:36.326611 32111 tablet_server_main.cc:54] Initializing tablet server...
I0628 23:55:36.329609 32111 hybrid_clock.cc:178] HybridClock initialized. Resolution in nanos?: 1 Wait times tolerance adjustment: 1.0005 Current error: 154351
I0628 23:55:36.336226 32111 server_base.cc:164] Could not load existing FS layout: Not found: /tmp/kudutest-1000/delete_table-test.DeleteTableTest.TestOrphanedBlocksClearedOnDelete.1467158082783852-27213/minicluster-data/ts-0/instance: No such file or directory (error 2)
I0628 23:55:36.336452 32111 server_base.cc:165] Creating new FS layout
I0628 23:55:36.345525 32111 fs_manager.cc:345] Generated new instance metadata in path /tmp/kudutest-1000/delete_table-test.DeleteTableTest.TestOrphanedBlocksClearedOnDelete.1467158082783852-27213/minicluster-data/ts-0/instance: uuid: "cae3c5da9948493a92c33eee962172af" format_stamp: "Formatted at 2016-06-28 23:55:36 on dist-test-slave-dist-test-slave-cgs5"
I0628 23:55:36.362515 32111 fs_manager.cc:242] Opened local filesystem: /tmp/kudutest-1000/delete_table-test.DeleteTableTest.TestOrphanedBlocksClearedOnDelete.1467158082783852-27213/minicluster-data/ts-0 uuid: "cae3c5da9948493a92c33eee962172af" format_stamp: "Formatted at 2016-06-28 23:55:36 on dist-test-slave-dist-test-slave-cgs5"
I0628 23:55:36.440871 32111 tablet_server_main.cc:57] Starting tablet server...
I0628 23:55:36.772825 32111 rpc_server.cc:164] RPC server started. Bound to: 127.106.77.0:42671
I0628 23:55:36.774356 32111 webserver.cc:122] Starting webserver on 127.106.77.0:0
I0628 23:55:36.774471 32111 webserver.cc:133] Document root disabled
I0628 23:55:36.775985 32111 webserver.cc:217] Webserver started. Bound to: http://127.106.77.0:53143/
I0628 23:55:36.777330 32111 server_base.cc:234] Dumped server information to /tmp/kudutest-1000/delete_table-test.DeleteTableTest.TestOrphanedBlocksClearedOnDelete.1467158082783852-27213/minicluster-data/ts-0/info.pb
I0628 23:55:36.780061 32111 tablet_server_main.cc:60] Tablet server successfully started.
I0628 23:55:36.781008 27213 external_mini_cluster.cc:592] Started /tmp/run_tha_testgCg15n/build/tsan/bin/kudu-tserver as pid 32111
I0628 23:55:36.781919 27213 external_mini_cluster.cc:556] Running /tmp/run_tha_testgCg15n/build/tsan/bin/kudu-tserver kudu-tserver --fs_wal_dir=/tmp/kudutest-1000/delete_table-test.DeleteTableTest.TestOrphanedBlocksClearedOnDelete.1467158082783852-27213/minicluster-data/ts-1 --fs_data_dirs=/tmp/kudutest-1000/delete_table-test.DeleteTableTest.TestOrphanedBlocksClearedOnDelete.1467158082783852-27213/minicluster-data/ts-1 --rpc_bind_addresses=127.106.77.1:0 --local_ip_for_outbound_sockets=127.106.77.1 --webserver_interface=127.106.77.1 --webserver_port=0 --tserver_master_addrs=127.0.0.1:56838 --metrics_log_interval_ms=1000 --log_dir=/tmp/kudutest-1000/delete_table-test.DeleteTableTest.TestOrphanedBlocksClearedOnDelete.1467158082783852-27213/minicluster-data/ts-1 --enable_leader_failure_detection=false --flush_threshold_mb=0 --maintenance_manager_polling_interval_ms=100 --never_fsync --server_dump_info_path=/tmp/kudutest-1000/delete_table-test.DeleteTableTest.TestOrphanedBlocksClearedOnDelete.1467158082783852-27213/minicluster-data/ts-1/info.pb --server_dump_info_format=pb --rpc_server_allow_ephemeral_ports --logtostderr --logbuflevel=-1
I0628 23:55:36.798966 32235 heartbeater.cc:254] Connected to a leader master server at 127.0.0.1:56838
I0628 23:55:36.799507 32235 heartbeater.cc:319] Registering TS with master...
I0628 23:55:36.799831 32235 heartbeater.cc:325] Sending a full tablet report to master...
I0628 23:55:36.802170 32087 ts_manager.cc:82] Registered new tablet server { permanent_uuid: "cae3c5da9948493a92c33eee962172af" instance_seqno: 1467158136750157 } with Master
I0628 23:55:36.910645 32239 mem_tracker.cc:138] MemTracker: hard memory limit is 11.777661 GB
I0628 23:55:36.911157 32239 mem_tracker.cc:140] MemTracker: soft memory limit is 7.066597 GB
I0628 23:55:36.925123 32239 tablet_server_main.cc:54] Initializing tablet server...
I0628 23:55:36.928081 32239 hybrid_clock.cc:178] HybridClock initialized. Resolution in nanos?: 1 Wait times tolerance adjustment: 1.0005 Current error: 154351
I0628 23:55:36.934278 32239 server_base.cc:164] Could not load existing FS layout: Not found: /tmp/kudutest-1000/delete_table-test.DeleteTableTest.TestOrphanedBlocksClearedOnDelete.1467158082783852-27213/minicluster-data/ts-1/instance: No such file or directory (error 2)
I0628 23:55:36.934535 32239 server_base.cc:165] Creating new FS layout
I0628 23:55:36.943137 32239 fs_manager.cc:345] Generated new instance metadata in path /tmp/kudutest-1000/delete_table-test.DeleteTableTest.TestOrphanedBlocksClearedOnDelete.1467158082783852-27213/minicluster-data/ts-1/instance: uuid: "1edad4aefcff40b38e3ae1170d2d724c" format_stamp: "Formatted at 2016-06-28 23:55:36 on dist-test-slave-dist-test-slave-cgs5"
I0628 23:55:36.952024 32239 fs_manager.cc:242] Opened local filesystem: /tmp/kudutest-1000/delete_table-test.DeleteTableTest.TestOrphanedBlocksClearedOnDelete.1467158082783852-27213/minicluster-data/ts-1 uuid: "1edad4aefcff40b38e3ae1170d2d724c" format_stamp: "Formatted at 2016-06-28 23:55:36 on dist-test-slave-dist-test-slave-cgs5"
I0628 23:55:36.988135 32239 tablet_server_main.cc:57] Starting tablet server...
I0628 23:55:37.084997 32239 rpc_server.cc:164] RPC server started. Bound to: 127.106.77.1:48364
I0628 23:55:37.086449 32239 webserver.cc:122] Starting webserver on 127.106.77.1:0
I0628 23:55:37.086560 32239 webserver.cc:133] Document root disabled
I0628 23:55:37.088048 32239 webserver.cc:217] Webserver started. Bound to: http://127.106.77.1:50595/
I0628 23:55:37.089349 32239 server_base.cc:234] Dumped server information to /tmp/kudutest-1000/delete_table-test.DeleteTableTest.TestOrphanedBlocksClearedOnDelete.1467158082783852-27213/minicluster-data/ts-1/info.pb
I0628 23:55:37.091960 32239 tablet_server_main.cc:60] Tablet server successfully started.
I0628 23:55:37.092891 27213 external_mini_cluster.cc:592] Started /tmp/run_tha_testgCg15n/build/tsan/bin/kudu-tserver as pid 32239
I0628 23:55:37.094244 27213 external_mini_cluster.cc:556] Running /tmp/run_tha_testgCg15n/build/tsan/bin/kudu-tserver kudu-tserver --fs_wal_dir=/tmp/kudutest-1000/delete_table-test.DeleteTableTest.TestOrphanedBlocksClearedOnDelete.1467158082783852-27213/minicluster-data/ts-2 --fs_data_dirs=/tmp/kudutest-1000/delete_table-test.DeleteTableTest.TestOrphanedBlocksClearedOnDelete.1467158082783852-27213/minicluster-data/ts-2 --rpc_bind_addresses=127.106.77.2:0 --local_ip_for_outbound_sockets=127.106.77.2 --webserver_interface=127.106.77.2 --webserver_port=0 --tserver_master_addrs=127.0.0.1:56838 --metrics_log_interval_ms=1000 --log_dir=/tmp/kudutest-1000/delete_table-test.DeleteTableTest.TestOrphanedBlocksClearedOnDelete.1467158082783852-27213/minicluster-data/ts-2 --enable_leader_failure_detection=false --flush_threshold_mb=0 --maintenance_manager_polling_interval_ms=100 --never_fsync --server_dump_info_path=/tmp/kudutest-1000/delete_table-test.DeleteTableTest.TestOrphanedBlocksClearedOnDelete.1467158082783852-27213/minicluster-data/ts-2/info.pb --server_dump_info_format=pb --rpc_server_allow_ephemeral_ports --logtostderr --logbuflevel=-1
I0628 23:55:37.102326 32353 heartbeater.cc:254] Connected to a leader master server at 127.0.0.1:56838
I0628 23:55:37.102840 32353 heartbeater.cc:319] Registering TS with master...
I0628 23:55:37.103168 32353 heartbeater.cc:325] Sending a full tablet report to master...
I0628 23:55:37.104684 32087 ts_manager.cc:82] Registered new tablet server { permanent_uuid: "1edad4aefcff40b38e3ae1170d2d724c" instance_seqno: 1467158137065508 } with Master
I0628 23:55:37.214205 32356 mem_tracker.cc:138] MemTracker: hard memory limit is 11.777661 GB
I0628 23:55:37.214968 32356 mem_tracker.cc:140] MemTracker: soft memory limit is 7.066597 GB
I0628 23:55:37.229107 32356 tablet_server_main.cc:54] Initializing tablet server...
I0628 23:55:37.232347 32356 hybrid_clock.cc:178] HybridClock initialized. Resolution in nanos?: 1 Wait times tolerance adjustment: 1.0005 Current error: 154851
I0628 23:55:37.238306 32356 server_base.cc:164] Could not load existing FS layout: Not found: /tmp/kudutest-1000/delete_table-test.DeleteTableTest.TestOrphanedBlocksClearedOnDelete.1467158082783852-27213/minicluster-data/ts-2/instance: No such file or directory (error 2)
I0628 23:55:37.238494 32356 server_base.cc:165] Creating new FS layout
I0628 23:55:37.247294 32356 fs_manager.cc:345] Generated new instance metadata in path /tmp/kudutest-1000/delete_table-test.DeleteTableTest.TestOrphanedBlocksClearedOnDelete.1467158082783852-27213/minicluster-data/ts-2/instance: uuid: "a48b3d8066e2410bb967d2167f2dbdb4" format_stamp: "Formatted at 2016-06-28 23:55:37 on dist-test-slave-dist-test-slave-cgs5"
I0628 23:55:37.255452 32356 fs_manager.cc:242] Opened local filesystem: /tmp/kudutest-1000/delete_table-test.DeleteTableTest.TestOrphanedBlocksClearedOnDelete.1467158082783852-27213/minicluster-data/ts-2 uuid: "a48b3d8066e2410bb967d2167f2dbdb4" format_stamp: "Formatted at 2016-06-28 23:55:37 on dist-test-slave-dist-test-slave-cgs5"
I0628 23:55:37.291142 32356 tablet_server_main.cc:57] Starting tablet server...
I0628 23:55:37.388571 32356 rpc_server.cc:164] RPC server started. Bound to: 127.106.77.2:34011
I0628 23:55:37.390025 32356 webserver.cc:122] Starting webserver on 127.106.77.2:0
I0628 23:55:37.390167 32356 webserver.cc:133] Document root disabled
I0628 23:55:37.391641 32356 webserver.cc:217] Webserver started. Bound to: http://127.106.77.2:50717/
I0628 23:55:37.393003 32356 server_base.cc:234] Dumped server information to /tmp/kudutest-1000/delete_table-test.DeleteTableTest.TestOrphanedBlocksClearedOnDelete.1467158082783852-27213/minicluster-data/ts-2/info.pb
I0628 23:55:37.394410 27213 external_mini_cluster.cc:592] Started /tmp/run_tha_testgCg15n/build/tsan/bin/kudu-tserver as pid 32356
I0628 23:55:37.395576 32356 tablet_server_main.cc:60] Tablet server successfully started.
I0628 23:55:37.406765 32470 heartbeater.cc:254] Connected to a leader master server at 127.0.0.1:56838
I0628 23:55:37.407240 32470 heartbeater.cc:319] Registering TS with master...
I0628 23:55:37.407531 32470 heartbeater.cc:325] Sending a full tablet report to master...
I0628 23:55:37.408954 32086 ts_manager.cc:82] Registered new tablet server { permanent_uuid: "a48b3d8066e2410bb967d2167f2dbdb4" instance_seqno: 1467158137369197 } with Master
I0628 23:55:37.411924 27213 external_mini_cluster.cc:319] 3 TS(s) registered with Master
I0628 23:55:37.437597 32086 catalog_manager.cc:772] CreateTable from {real_user=slave, eff_user=} at 127.0.0.1:44333: name: "test-workload" schema { columns { name: "key" type: INT32 is_key: true is_nullable: false encoding: AUTO_ENCODING compression: DEFAULT_COMPRESSION cfile_block_size: 0 } columns { name: "int_val" type: INT32 is_key: false is_nullable: false encoding: AUTO_ENCODING compression: DEFAULT_COMPRESSION cfile_block_size: 0 } columns { name: "string_val" type: STRING is_key: false is_nullable: true encoding: AUTO_ENCODING compression: DEFAULT_COMPRESSION cfile_block_size: 0 } } num_replicas: 3 split_rows_range_bounds { } partition_schema { range_schema { columns { name: "key" } } }
I0628 23:55:37.486969 32290 tablet_service.cc:612] Processing CreateTablet for tablet 4815feb633554bff9c217d459d84e0a4 (table=test-workload [id=e3a94186bb2a4a7d8dbcbe69f8678bac]), partition=range: [(), ())
I0628 23:55:37.488797 32407 tablet_service.cc:612] Processing CreateTablet for tablet 4815feb633554bff9c217d459d84e0a4 (table=test-workload [id=e3a94186bb2a4a7d8dbcbe69f8678bac]), partition=range: [(), ())
I0628 23:55:37.490721 32172 tablet_service.cc:612] Processing CreateTablet for tablet 4815feb633554bff9c217d459d84e0a4 (table=test-workload [id=e3a94186bb2a4a7d8dbcbe69f8678bac]), partition=range: [(), ())
I0628 23:55:37.504957 32290 ts_tablet_manager.cc:760] Registered tablet 4815feb633554bff9c217d459d84e0a4
I0628 23:55:37.506897 32490 ts_tablet_manager.cc:628] T 4815feb633554bff9c217d459d84e0a4 P 1edad4aefcff40b38e3ae1170d2d724c: Bootstrapping tablet
I0628 23:55:37.511703 32407 ts_tablet_manager.cc:760] Registered tablet 4815feb633554bff9c217d459d84e0a4
I0628 23:55:37.512142 32490 tablet_bootstrap.cc:393] T 4815feb633554bff9c217d459d84e0a4 P 1edad4aefcff40b38e3ae1170d2d724c: Bootstrap starting.
I0628 23:55:37.513387 32172 ts_tablet_manager.cc:760] Registered tablet 4815feb633554bff9c217d459d84e0a4
I0628 23:55:37.517607 32490 tablet_bootstrap.cc:553] T 4815feb633554bff9c217d459d84e0a4 P 1edad4aefcff40b38e3ae1170d2d724c: Time spent opening tablet: real 0.001s user 0.004s sys 0.000s
I0628 23:55:37.518736 32490 tablet_bootstrap.cc:493] T 4815feb633554bff9c217d459d84e0a4 P 1edad4aefcff40b38e3ae1170d2d724c: No blocks or log segments found. Creating new log.
I0628 23:55:37.522200 32490 log.cc:350] Log is configured to *not* fsync() on all Append() calls
I0628 23:55:37.522390 32493 ts_tablet_manager.cc:628] T 4815feb633554bff9c217d459d84e0a4 P cae3c5da9948493a92c33eee962172af: Bootstrapping tablet
I0628 23:55:37.523875 32492 ts_tablet_manager.cc:628] T 4815feb633554bff9c217d459d84e0a4 P a48b3d8066e2410bb967d2167f2dbdb4: Bootstrapping tablet
I0628 23:55:37.525552 32493 tablet_bootstrap.cc:393] T 4815feb633554bff9c217d459d84e0a4 P cae3c5da9948493a92c33eee962172af: Bootstrap starting.
I0628 23:55:37.527290 32492 tablet_bootstrap.cc:393] T 4815feb633554bff9c217d459d84e0a4 P a48b3d8066e2410bb967d2167f2dbdb4: Bootstrap starting.
I0628 23:55:37.529355 32493 tablet_bootstrap.cc:553] T 4815feb633554bff9c217d459d84e0a4 P cae3c5da9948493a92c33eee962172af: Time spent opening tablet: real 0.001s user 0.000s sys 0.000s
I0628 23:55:37.529883 32493 tablet_bootstrap.cc:493] T 4815feb633554bff9c217d459d84e0a4 P cae3c5da9948493a92c33eee962172af: No blocks or log segments found. Creating new log.
I0628 23:55:37.532276 32493 log.cc:350] Log is configured to *not* fsync() on all Append() calls
I0628 23:55:37.533234 32492 tablet_bootstrap.cc:553] T 4815feb633554bff9c217d459d84e0a4 P a48b3d8066e2410bb967d2167f2dbdb4: Time spent opening tablet: real 0.001s user 0.004s sys 0.000s
I0628 23:55:37.534114 32492 tablet_bootstrap.cc:493] T 4815feb633554bff9c217d459d84e0a4 P a48b3d8066e2410bb967d2167f2dbdb4: No blocks or log segments found. Creating new log.
I0628 23:55:37.536685 32492 log.cc:350] Log is configured to *not* fsync() on all Append() calls
I0628 23:55:37.539446 32490 tablet_bootstrap.cc:393] T 4815feb633554bff9c217d459d84e0a4 P 1edad4aefcff40b38e3ae1170d2d724c: No bootstrap required, opened a new log
I0628 23:55:37.539916 32490 ts_tablet_manager.cc:633] T 4815feb633554bff9c217d459d84e0a4 P 1edad4aefcff40b38e3ae1170d2d724c: Time spent bootstrapping tablet: real 0.033s user 0.016s sys 0.000s
I0628 23:55:37.543274 32492 tablet_bootstrap.cc:393] T 4815feb633554bff9c217d459d84e0a4 P a48b3d8066e2410bb967d2167f2dbdb4: No bootstrap required, opened a new log
I0628 23:55:37.543702 32492 ts_tablet_manager.cc:633] T 4815feb633554bff9c217d459d84e0a4 P a48b3d8066e2410bb967d2167f2dbdb4: Time spent bootstrapping tablet: real 0.019s user 0.016s sys 0.000s
I0628 23:55:37.544087 32493 tablet_bootstrap.cc:393] T 4815feb633554bff9c217d459d84e0a4 P cae3c5da9948493a92c33eee962172af: No bootstrap required, opened a new log
I0628 23:55:37.544567 32493 ts_tablet_manager.cc:633] T 4815feb633554bff9c217d459d84e0a4 P cae3c5da9948493a92c33eee962172af: Time spent bootstrapping tablet: real 0.022s user 0.012s sys 0.008s
I0628 23:55:37.547391 32490 raft_consensus.cc:269] T 4815feb633554bff9c217d459d84e0a4 P 1edad4aefcff40b38e3ae1170d2d724c [term 0 FOLLOWER]: Replica starting. Triggering 0 pending transactions. Active config: opid_index: -1 peers { permanent_uuid: "cae3c5da9948493a92c33eee962172af" member_type: VOTER last_known_addr { host: "127.106.77.0" port: 42671 } } peers { permanent_uuid: "1edad4aefcff40b38e3ae1170d2d724c" member_type: VOTER last_known_addr { host: "127.106.77.1" port: 48364 } } peers { permanent_uuid: "a48b3d8066e2410bb967d2167f2dbdb4" member_type: VOTER last_known_addr { host: "127.106.77.2" port: 34011 } }
I0628 23:55:37.548352 32492 raft_consensus.cc:269] T 4815feb633554bff9c217d459d84e0a4 P a48b3d8066e2410bb967d2167f2dbdb4 [term 0 FOLLOWER]: Replica starting. Triggering 0 pending transactions. Active config: opid_index: -1 peers { permanent_uuid: "cae3c5da9948493a92c33eee962172af" member_type: VOTER last_known_addr { host: "127.106.77.0" port: 42671 } } peers { permanent_uuid: "1edad4aefcff40b38e3ae1170d2d724c" member_type: VOTER last_known_addr { host: "127.106.77.1" port: 48364 } } peers { permanent_uuid: "a48b3d8066e2410bb967d2167f2dbdb4" member_type: VOTER last_known_addr { host: "127.106.77.2" port: 34011 } }
I0628 23:55:37.549235 32490 raft_consensus.cc:499] T 4815feb633554bff9c217d459d84e0a4 P 1edad4aefcff40b38e3ae1170d2d724c [term 0 FOLLOWER]: Becoming Follower/Learner. State: Replica: 1edad4aefcff40b38e3ae1170d2d724c, State: 1, Role: FOLLOWER Watermarks: {Received: term: 0 index: 0 Committed: term: 0 index: 0}
I0628 23:55:37.549484 32492 raft_consensus.cc:499] T 4815feb633554bff9c217d459d84e0a4 P a48b3d8066e2410bb967d2167f2dbdb4 [term 0 FOLLOWER]: Becoming Follower/Learner. State: Replica: a48b3d8066e2410bb967d2167f2dbdb4, State: 1, Role: FOLLOWER Watermarks: {Received: term: 0 index: 0 Committed: term: 0 index: 0}
I0628 23:55:37.549837 32492 consensus_queue.cc:162] T 4815feb633554bff9c217d459d84e0a4 P a48b3d8066e2410bb967d2167f2dbdb4 [NON_LEADER]: Queue going to NON_LEADER mode. State: All replicated op: 0.0, Majority replicated op: 0.0, Committed index: 0.0, Last appended: 0.0, Current term: 0, Majority size: -1, State: 1, Mode: NON_LEADER
I0628 23:55:37.549929 32490 consensus_queue.cc:162] T 4815feb633554bff9c217d459d84e0a4 P 1edad4aefcff40b38e3ae1170d2d724c [NON_LEADER]: Queue going to NON_LEADER mode. State: All replicated op: 0.0, Majority replicated op: 0.0, Committed index: 0.0, Last appended: 0.0, Current term: 0, Majority size: -1, State: 1, Mode: NON_LEADER
I0628 23:55:37.551596 32493 raft_consensus.cc:269] T 4815feb633554bff9c217d459d84e0a4 P cae3c5da9948493a92c33eee962172af [term 0 FOLLOWER]: Replica starting. Triggering 0 pending transactions. Active config: opid_index: -1 peers { permanent_uuid: "cae3c5da9948493a92c33eee962172af" member_type: VOTER last_known_addr { host: "127.106.77.0" port: 42671 } } peers { permanent_uuid: "1edad4aefcff40b38e3ae1170d2d724c" member_type: VOTER last_known_addr { host: "127.106.77.1" port: 48364 } } peers { permanent_uuid: "a48b3d8066e2410bb967d2167f2dbdb4" member_type: VOTER last_known_addr { host: "127.106.77.2" port: 34011 } }
I0628 23:55:37.553436 32493 raft_consensus.cc:499] T 4815feb633554bff9c217d459d84e0a4 P cae3c5da9948493a92c33eee962172af [term 0 FOLLOWER]: Becoming Follower/Learner. State: Replica: cae3c5da9948493a92c33eee962172af, State: 1, Role: FOLLOWER Watermarks: {Received: term: 0 index: 0 Committed: term: 0 index: 0}
I0628 23:55:37.554003 32493 consensus_queue.cc:162] T 4815feb633554bff9c217d459d84e0a4 P cae3c5da9948493a92c33eee962172af [NON_LEADER]: Queue going to NON_LEADER mode. State: All replicated op: 0.0, Majority replicated op: 0.0, Committed index: 0.0, Last appended: 0.0, Current term: 0, Majority size: -1, State: 1, Mode: NON_LEADER
I0628 23:55:37.554605 32492 ts_tablet_manager.cc:659] T 4815feb633554bff9c217d459d84e0a4 P a48b3d8066e2410bb967d2167f2dbdb4: Time spent starting tablet: real 0.011s user 0.008s sys 0.000s
I0628 23:55:37.557207 32490 ts_tablet_manager.cc:659] T 4815feb633554bff9c217d459d84e0a4 P 1edad4aefcff40b38e3ae1170d2d724c: Time spent starting tablet: real 0.017s user 0.008s sys 0.008s
I0628 23:55:37.559559 32493 ts_tablet_manager.cc:659] T 4815feb633554bff9c217d459d84e0a4 P cae3c5da9948493a92c33eee962172af: Time spent starting tablet: real 0.015s user 0.012s sys 0.000s
I0628 23:55:37.592838 32310 raft_consensus.cc:370] T 4815feb633554bff9c217d459d84e0a4 P 1edad4aefcff40b38e3ae1170d2d724c [term 0 FOLLOWER]: No leader contacted us within the election timeout. Triggering leader election
I0628 23:55:37.593055 32310 raft_consensus.cc:2019] T 4815feb633554bff9c217d459d84e0a4 P 1edad4aefcff40b38e3ae1170d2d724c [term 0 FOLLOWER]: Advancing to term 1
I0628 23:55:37.595255 32310 raft_consensus.cc:386] T 4815feb633554bff9c217d459d84e0a4 P 1edad4aefcff40b38e3ae1170d2d724c [term 1 FOLLOWER]: Starting election with config: opid_index: -1 peers { permanent_uuid: "cae3c5da9948493a92c33eee962172af" member_type: VOTER last_known_addr { host: "127.106.77.0" port: 42671 } } peers { permanent_uuid: "1edad4aefcff40b38e3ae1170d2d724c" member_type: VOTER last_known_addr { host: "127.106.77.1" port: 48364 } } peers { permanent_uuid: "a48b3d8066e2410bb967d2167f2dbdb4" member_type: VOTER last_known_addr { host: "127.106.77.2" port: 34011 } }
I0628 23:55:37.598902 32310 leader_election.cc:223] T 4815feb633554bff9c217d459d84e0a4 P 1edad4aefcff40b38e3ae1170d2d724c [CANDIDATE]: Term 1 election: Requesting vote from peer cae3c5da9948493a92c33eee962172af
I0628 23:55:37.599431 32310 leader_election.cc:223] T 4815feb633554bff9c217d459d84e0a4 P 1edad4aefcff40b38e3ae1170d2d724c [CANDIDATE]: Term 1 election: Requesting vote from peer a48b3d8066e2410bb967d2167f2dbdb4
I0628 23:55:37.605262 32192 raft_consensus.cc:2019] T 4815feb633554bff9c217d459d84e0a4 P cae3c5da9948493a92c33eee962172af [term 0 FOLLOWER]: Advancing to term 1
I0628 23:55:37.606534 32427 raft_consensus.cc:2019] T 4815feb633554bff9c217d459d84e0a4 P a48b3d8066e2410bb967d2167f2dbdb4 [term 0 FOLLOWER]: Advancing to term 1
I0628 23:55:37.609439 32192 raft_consensus.cc:1677] T 4815feb633554bff9c217d459d84e0a4 P cae3c5da9948493a92c33eee962172af [term 1 FOLLOWER]: Leader election vote request: Granting yes vote for candidate 1edad4aefcff40b38e3ae1170d2d724c in term 1.
I0628 23:55:37.610231 32427 raft_consensus.cc:1677] T 4815feb633554bff9c217d459d84e0a4 P a48b3d8066e2410bb967d2167f2dbdb4 [term 1 FOLLOWER]: Leader election vote request: Granting yes vote for candidate 1edad4aefcff40b38e3ae1170d2d724c in term 1.
I0628 23:55:37.610498 32246 leader_election.cc:347] T 4815feb633554bff9c217d459d84e0a4 P 1edad4aefcff40b38e3ae1170d2d724c [CANDIDATE]: Term 1 election: Vote granted by peer cae3c5da9948493a92c33eee962172af
I0628 23:55:37.610816 32246 leader_election.cc:248] T 4815feb633554bff9c217d459d84e0a4 P 1edad4aefcff40b38e3ae1170d2d724c [CANDIDATE]: Term 1 election: Election decided. Result: candidate won.
I0628 23:55:37.611507 32246 leader_election.cc:347] T 4815feb633554bff9c217d459d84e0a4 P 1edad4aefcff40b38e3ae1170d2d724c [CANDIDATE]: Term 1 election: Vote granted by peer a48b3d8066e2410bb967d2167f2dbdb4
I0628 23:55:37.611533 32501 raft_consensus.cc:1859] T 4815feb633554bff9c217d459d84e0a4 P 1edad4aefcff40b38e3ae1170d2d724c [term 1 FOLLOWER]: Leader election won for term 1
I0628 23:55:37.611186 27213 cluster_itest_util.cc:187] Not converged past 1 yet: 0.0 0.0 0.0
I0628 23:55:37.613174 32501 raft_consensus.cc:464] T 4815feb633554bff9c217d459d84e0a4 P 1edad4aefcff40b38e3ae1170d2d724c [term 1 LEADER]: Becoming Leader. State: Replica: 1edad4aefcff40b38e3ae1170d2d724c, State: 1, Role: LEADER Watermarks: {Received: term: 0 index: 0 Committed: term: 0 index: 0}
I0628 23:55:37.613894 32501 consensus_queue.cc:145] T 4815feb633554bff9c217d459d84e0a4 P 1edad4aefcff40b38e3ae1170d2d724c [LEADER]: Queue going to LEADER mode. State: All replicated op: 0.0, Majority replicated op: 0.0, Committed index: 0.0, Last appended: 0.0, Current term: 1, Majority size: 2, State: 1, Mode: LEADER, active raft config: opid_index: -1 peers { permanent_uuid: "cae3c5da9948493a92c33eee962172af" member_type: VOTER last_known_addr { host: "127.106.77.0" port: 42671 } } peers { permanent_uuid: "1edad4aefcff40b38e3ae1170d2d724c" member_type: VOTER last_known_addr { host: "127.106.77.1" port: 48364 } } peers { permanent_uuid: "a48b3d8066e2410bb967d2167f2dbdb4" member_type: VOTER last_known_addr { host: "127.106.77.2" port: 34011 } }
I0628 23:55:37.640081 32085 catalog_manager.cc:1673] Tablet: 4815feb633554bff9c217d459d84e0a4 reported consensus state change. New consensus state: current_term: 1 leader_uuid: "1edad4aefcff40b38e3ae1170d2d724c" config { opid_index: -1 peers { permanent_uuid: "cae3c5da9948493a92c33eee962172af" member_type: VOTER last_known_addr { host: "127.106.77.0" port: 42671 } } peers { permanent_uuid: "1edad4aefcff40b38e3ae1170d2d724c" member_type: VOTER last_known_addr { host: "127.106.77.1" port: 48364 } } peers { permanent_uuid: "a48b3d8066e2410bb967d2167f2dbdb4" member_type: VOTER last_known_addr { host: "127.106.77.2" port: 34011 } } }
W0628 23:55:37.640874 32507 raft_consensus_state.cc:541] T 4815feb633554bff9c217d459d84e0a4 P 1edad4aefcff40b38e3ae1170d2d724c [term 1 LEADER]: Can't advance the committed index across term boundaries until operations from the current term are replicated. Last committed operation was: term: 0 index: 0, New majority replicated is: term: 0 index: 0, Current term is: 1
I0628 23:55:37.716519 27213 cluster_itest_util.cc:187] Not converged past 1 yet: 0.0 1.1 0.0
I0628 23:55:37.921975 27213 cluster_itest_util.cc:187] Not converged past 1 yet: 0.0 1.1 0.0
I0628 23:55:38.119673 32192 raft_consensus.cc:869] T 4815feb633554bff9c217d459d84e0a4 P cae3c5da9948493a92c33eee962172af [term 1 FOLLOWER]: Refusing update from remote peer 1edad4aefcff40b38e3ae1170d2d724c: Log matching property violated. Preceding OpId in replica: term: 0 index: 0. Preceding OpId from leader: term: 1 index: 1. (index mismatch)
I0628 23:55:38.120730 32427 raft_consensus.cc:869] T 4815feb633554bff9c217d459d84e0a4 P a48b3d8066e2410bb967d2167f2dbdb4 [term 1 FOLLOWER]: Refusing update from remote peer 1edad4aefcff40b38e3ae1170d2d724c: Log matching property violated. Preceding OpId in replica: term: 0 index: 0. Preceding OpId from leader: term: 1 index: 1. (index mismatch)
I0628 23:55:38.121659 32501 consensus_queue.cc:578] T 4815feb633554bff9c217d459d84e0a4 P 1edad4aefcff40b38e3ae1170d2d724c [LEADER]: Connected to new peer: Peer: cae3c5da9948493a92c33eee962172af, Is new: false, Last received: 0.0, Next index: 1, Last known committed idx: 0, Last exchange result: ERROR, Needs remote bootstrap: false
I0628 23:55:38.122920 32508 consensus_queue.cc:578] T 4815feb633554bff9c217d459d84e0a4 P 1edad4aefcff40b38e3ae1170d2d724c [LEADER]: Connected to new peer: Peer: a48b3d8066e2410bb967d2167f2dbdb4, Is new: false, Last received: 0.0, Next index: 1, Last known committed idx: 0, Last exchange result: ERROR, Needs remote bootstrap: false
