[==========] Running 15 tests from 3 test cases. [----------] Global test environment set-up. [----------] 10 tests from DeleteTableTest [ RUN ] DeleteTableTest.TestDeleteEmptyTable
I0628 23:54:42.822856 27213 external_mini_cluster.cc:556] Running /tmp/run_tha_testgCg15n/build/tsan/bin/kudu-master kudu-master --fs_wal_dir=/tmp/kudutest-1000/delete_table-test.DeleteTableTest.TestDeleteEmptyTable.1467158082783852-27213/minicluster-data/master --fs_data_dirs=/tmp/kudutest-1000/delete_table-test.DeleteTableTest.TestDeleteEmptyTable.1467158082783852-27213/minicluster-data/master --rpc_bind_addresses=127.0.0.1:0 --webserver_interface=localhost --webserver_port=0 --metrics_log_interval_ms=1000 --log_dir=/tmp/kudutest-1000/delete_table-test.DeleteTableTest.TestDeleteEmptyTable.1467158082783852-27213/minicluster-data/master --server_dump_info_path=/tmp/kudutest-1000/delete_table-test.DeleteTableTest.TestDeleteEmptyTable.1467158082783852-27213/minicluster-data/master/info.pb --server_dump_info_format=pb --rpc_server_allow_ephemeral_ports --logtostderr --logbuflevel=-1
I0628 23:54:42.928077 27219 mem_tracker.cc:138] MemTracker: hard memory limit is 11.777661 GB
I0628 23:54:42.928555 27219 mem_tracker.cc:140] MemTracker: soft memory limit is 7.066597 GB
I0628 23:54:42.940600 27219 master_main.cc:58] Initializing master server...
I0628 23:54:42.942675 27219 hybrid_clock.cc:178] HybridClock initialized. Resolution in nanos?: 1 Wait times tolerance adjustment: 1.0005 Current error: 127351
I0628 23:54:42.949270 27219 server_base.cc:164] Could not load existing FS layout: Not found: /tmp/kudutest-1000/delete_table-test.DeleteTableTest.TestDeleteEmptyTable.1467158082783852-27213/minicluster-data/master/instance: No such file or directory (error 2)
I0628 23:54:42.949518 27219 server_base.cc:165] Creating new FS layout
I0628 23:54:42.964187 27219 fs_manager.cc:345] Generated new instance metadata in path /tmp/kudutest-1000/delete_table-test.DeleteTableTest.TestDeleteEmptyTable.1467158082783852-27213/minicluster-data/master/instance: uuid: "b92e763b8ad549259a2b5be232a28a83" format_stamp: "Formatted at 2016-06-28 23:54:42 on dist-test-slave-dist-test-slave-cgs5"
I0628 23:54:42.977125 27219 fs_manager.cc:242] Opened local filesystem: /tmp/kudutest-1000/delete_table-test.DeleteTableTest.TestDeleteEmptyTable.1467158082783852-27213/minicluster-data/master uuid: "b92e763b8ad549259a2b5be232a28a83" format_stamp: "Formatted at 2016-06-28 23:54:42 on dist-test-slave-dist-test-slave-cgs5"
I0628 23:54:43.011714 27219 master_main.cc:61] Starting Master server...
I0628 23:54:43.047626 27219 rpc_server.cc:164] RPC server started. Bound to: 127.0.0.1:43411
I0628 23:54:43.049201 27219 webserver.cc:122] Starting webserver on localhost:0
I0628 23:54:43.049331 27219 webserver.cc:133] Document root disabled
I0628 23:54:43.050302 27219 net_util.cc:183] Address 127.0.0.1:0 for localhost:0 duplicates an earlier resolved entry.
I0628 23:54:43.051671 27219 webserver.cc:217] Webserver started. Bound to: http://127.0.0.1:33323/
I0628 23:54:43.053272 27219 server_base.cc:234] Dumped server information to /tmp/kudutest-1000/delete_table-test.DeleteTableTest.TestDeleteEmptyTable.1467158082783852-27213/minicluster-data/master/info.pb
I0628 23:54:43.059732 27213 external_mini_cluster.cc:592] Started /tmp/run_tha_testgCg15n/build/tsan/bin/kudu-master as pid 27219
I0628 23:54:43.060807 27213 external_mini_cluster.cc:556] Running /tmp/run_tha_testgCg15n/build/tsan/bin/kudu-tserver kudu-tserver --fs_wal_dir=/tmp/kudutest-1000/delete_table-test.DeleteTableTest.TestDeleteEmptyTable.1467158082783852-27213/minicluster-data/ts-0 --fs_data_dirs=/tmp/kudutest-1000/delete_table-test.DeleteTableTest.TestDeleteEmptyTable.1467158082783852-27213/minicluster-data/ts-0 --rpc_bind_addresses=127.106.77.0:0 --local_ip_for_outbound_sockets=127.106.77.0 --webserver_interface=127.106.77.0 --webserver_port=0 --tserver_master_addrs=127.0.0.1:43411 --metrics_log_interval_ms=1000 --log_dir=/tmp/kudutest-1000/delete_table-test.DeleteTableTest.TestDeleteEmptyTable.1467158082783852-27213/minicluster-data/ts-0 --never_fsync --server_dump_info_path=/tmp/kudutest-1000/delete_table-test.DeleteTableTest.TestDeleteEmptyTable.1467158082783852-27213/minicluster-data/ts-0/info.pb --server_dump_info_format=pb --rpc_server_allow_ephemeral_ports --logtostderr --logbuflevel=-1
I0628 23:54:43.079949 27262 tablet_bootstrap.cc:393] T 00000000000000000000000000000000 P b92e763b8ad549259a2b5be232a28a83: Bootstrap starting.
I0628 23:54:43.083894 27262 tablet_bootstrap.cc:553] T 00000000000000000000000000000000 P b92e763b8ad549259a2b5be232a28a83: Time spent opening tablet: real 0.001s user 0.000s sys 0.000s
I0628 23:54:43.084554 27262 tablet_bootstrap.cc:493] T 00000000000000000000000000000000 P b92e763b8ad549259a2b5be232a28a83: No blocks or log segments found. Creating new log.
I0628 23:54:43.086367 27262 log.cc:350] Log is configured to *not* fsync() on all Append() calls
I0628 23:54:43.090981 27262 tablet_bootstrap.cc:393] T 00000000000000000000000000000000 P b92e763b8ad549259a2b5be232a28a83: No bootstrap required, opened a new log
I0628 23:54:43.097115 27262 raft_consensus.cc:269] T 00000000000000000000000000000000 P b92e763b8ad549259a2b5be232a28a83 [term 0 FOLLOWER]: Replica starting. Triggering 0 pending transactions. Active config: opid_index: -1 peers { permanent_uuid: "b92e763b8ad549259a2b5be232a28a83" member_type: VOTER }
I0628 23:54:43.098104 27262 raft_consensus.cc:301] T 00000000000000000000000000000000 P b92e763b8ad549259a2b5be232a28a83 [term 0 FOLLOWER]: Consensus starting up: Expiring failure detector timer to make a prompt election more likely
I0628 23:54:43.098363 27262 raft_consensus.cc:499] T 00000000000000000000000000000000 P b92e763b8ad549259a2b5be232a28a83 [term 0 FOLLOWER]: Becoming Follower/Learner. State: Replica: b92e763b8ad549259a2b5be232a28a83, State: 1, Role: FOLLOWER Watermarks: {Received: term: 0 index: 0 Committed: term: 0 index: 0}
I0628 23:54:43.098742 27262 consensus_queue.cc:162] T 00000000000000000000000000000000 P b92e763b8ad549259a2b5be232a28a83 [NON_LEADER]: Queue going to NON_LEADER mode. State: All replicated op: 0.0, Majority replicated op: 0.0, Committed index: 0.0, Last appended: 0.0, Current term: 0, Majority size: -1, State: 1, Mode: NON_LEADER
I0628 23:54:43.099066 27262 raft_consensus.cc:314] T 00000000000000000000000000000000 P b92e763b8ad549259a2b5be232a28a83 [term 0 FOLLOWER]: Only one voter in the Raft config. Triggering election immediately
I0628 23:54:43.099243 27262 raft_consensus.cc:370] T 00000000000000000000000000000000 P b92e763b8ad549259a2b5be232a28a83 [term 0 FOLLOWER]: No leader contacted us within the election timeout. Triggering leader election
I0628 23:54:43.099400 27262 raft_consensus.cc:2019] T 00000000000000000000000000000000 P b92e763b8ad549259a2b5be232a28a83 [term 0 FOLLOWER]: Advancing to term 1
I0628 23:54:43.100983 27262 raft_consensus.cc:1970] T 00000000000000000000000000000000 P b92e763b8ad549259a2b5be232a28a83 [term 1 FOLLOWER]: Snoozing failure detection for election timeout plus an additional 1.612s
I0628 23:54:43.101212 27262 raft_consensus.cc:386] T 00000000000000000000000000000000 P b92e763b8ad549259a2b5be232a28a83 [term 1 FOLLOWER]: Starting election with config: opid_index: -1 peers { permanent_uuid: "b92e763b8ad549259a2b5be232a28a83" member_type: VOTER }
I0628 23:54:43.103126 27262 leader_election.cc:248] T 00000000000000000000000000000000 P b92e763b8ad549259a2b5be232a28a83 [CANDIDATE]: Term 1 election: Election decided. Result: candidate won.
I0628 23:54:43.104876 27267 raft_consensus.cc:1970] T 00000000000000000000000000000000 P b92e763b8ad549259a2b5be232a28a83 [term 1 FOLLOWER]: Snoozing failure detection for election timeout plus an additional 1.632s
I0628 23:54:43.105149 27267 raft_consensus.cc:1859] T 00000000000000000000000000000000 P b92e763b8ad549259a2b5be232a28a83 [term 1 FOLLOWER]: Leader election won for term 1
I0628 23:54:43.107600 27267 raft_consensus.cc:464] T 00000000000000000000000000000000 P b92e763b8ad549259a2b5be232a28a83 [term 1 LEADER]: Becoming Leader. State: Replica: b92e763b8ad549259a2b5be232a28a83, State: 1, Role: LEADER Watermarks: {Received: term: 0 index: 0 Committed: term: 0 index: 0}
I0628 23:54:43.108363 27267 consensus_queue.cc:145] T 00000000000000000000000000000000 P b92e763b8ad549259a2b5be232a28a83 [LEADER]: Queue going to LEADER mode. State: All replicated op: 0.0, Majority replicated op: 0.0, Committed index: 0.0, Last appended: 0.0, Current term: 1, Majority size: 1, State: 1, Mode: LEADER, active raft config: opid_index: -1 peers { permanent_uuid: "b92e763b8ad549259a2b5be232a28a83" member_type: VOTER }
I0628 23:54:43.127616 27262 sys_catalog.cc:235] T 00000000000000000000000000000000 P b92e763b8ad549259a2b5be232a28a83 [sys.catalog]: SysCatalogTable state changed. Reason: Started TabletPeer. Latest consensus state: current_term: 1 leader_uuid: "b92e763b8ad549259a2b5be232a28a83" config { opid_index: -1 peers { permanent_uuid: "b92e763b8ad549259a2b5be232a28a83" member_type: VOTER } }
I0628 23:54:43.134421 27262 sys_catalog.cc:238] T 00000000000000000000000000000000 P b92e763b8ad549259a2b5be232a28a83 [sys.catalog]: This master's current role is: LEADER
I0628 23:54:43.127039 27268 sys_catalog.cc:235] T 00000000000000000000000000000000 P b92e763b8ad549259a2b5be232a28a83 [sys.catalog]: SysCatalogTable state changed. Reason: RaftConsensus started. Latest consensus state: current_term: 1 leader_uuid: "b92e763b8ad549259a2b5be232a28a83" config { opid_index: -1 peers { permanent_uuid: "b92e763b8ad549259a2b5be232a28a83" member_type: VOTER } }
I0628 23:54:43.128170 27269 sys_catalog.cc:235] T 00000000000000000000000000000000 P b92e763b8ad549259a2b5be232a28a83 [sys.catalog]: SysCatalogTable state changed. Reason: New leader b92e763b8ad549259a2b5be232a28a83. Latest consensus state: current_term: 1 leader_uuid: "b92e763b8ad549259a2b5be232a28a83" config { opid_index: -1 peers { permanent_uuid: "b92e763b8ad549259a2b5be232a28a83" member_type: VOTER } }
I0628 23:54:43.135188 27269 sys_catalog.cc:238] T 00000000000000000000000000000000 P b92e763b8ad549259a2b5be232a28a83 [sys.catalog]: This master's current role is: LEADER
I0628 23:54:43.135170 27268 sys_catalog.cc:238] T 00000000000000000000000000000000 P b92e763b8ad549259a2b5be232a28a83 [sys.catalog]: This master's current role is: LEADER
I0628 23:54:43.137589 27271 raft_consensus_state.cc:534] T 00000000000000000000000000000000 P b92e763b8ad549259a2b5be232a28a83 [term 1 LEADER]: Advanced the committed_index across terms. Last committed operation was: term: 0 index: 0 New committed index is: term: 1 index: 1
I0628 23:54:43.139611 27272 catalog_manager.cc:635] Loading table and tablet metadata into memory...
I0628 23:54:43.140940 27262 sys_catalog.cc:311] T 00000000000000000000000000000000 P b92e763b8ad549259a2b5be232a28a83 [sys.catalog]: configured and running, proceeding with master startup.
I0628 23:54:43.151973 27219 master_main.cc:64] Master server successfully started.
I0628 23:54:43.185910 27263 mem_tracker.cc:138] MemTracker: hard memory limit is 11.777661 GB
I0628 23:54:43.186386 27263 mem_tracker.cc:140] MemTracker: soft memory limit is 7.066597 GB
I0628 23:54:43.200816 27263 tablet_server_main.cc:54] Initializing tablet server...
I0628 23:54:43.203637 27263 hybrid_clock.cc:178] HybridClock initialized. Resolution in nanos?: 1 Wait times tolerance adjustment: 1.0005 Current error: 127851
I0628 23:54:43.210717 27263 server_base.cc:164] Could not load existing FS layout: Not found: /tmp/kudutest-1000/delete_table-test.DeleteTableTest.TestDeleteEmptyTable.1467158082783852-27213/minicluster-data/ts-0/instance: No such file or directory (error 2)
I0628 23:54:43.210979 27263 server_base.cc:165] Creating new FS layout
I0628 23:54:43.220293 27263 fs_manager.cc:345] Generated new instance metadata in path /tmp/kudutest-1000/delete_table-test.DeleteTableTest.TestDeleteEmptyTable.1467158082783852-27213/minicluster-data/ts-0/instance: uuid: "0e646222110f4bcc80e1f455170d0646" format_stamp: "Formatted at 2016-06-28 23:54:43 on dist-test-slave-dist-test-slave-cgs5"
I0628 23:54:43.239449 27263 fs_manager.cc:242] Opened local filesystem: /tmp/kudutest-1000/delete_table-test.DeleteTableTest.TestDeleteEmptyTable.1467158082783852-27213/minicluster-data/ts-0 uuid: "0e646222110f4bcc80e1f455170d0646" format_stamp: "Formatted at 2016-06-28 23:54:43 on dist-test-slave-dist-test-slave-cgs5"
I0628 23:54:43.292366 27263 tablet_server_main.cc:57] Starting tablet server...
I0628 23:54:43.403220 27263 rpc_server.cc:164] RPC server started. Bound to: 127.106.77.0:47545
I0628 23:54:43.404718 27263 webserver.cc:122] Starting webserver on 127.106.77.0:0
I0628 23:54:43.404805 27263 webserver.cc:133] Document root disabled
I0628 23:54:43.406576 27263 webserver.cc:217] Webserver started. Bound to: http://127.106.77.0:51566/
I0628 23:54:43.407934 27263 server_base.cc:234] Dumped server information to /tmp/kudutest-1000/delete_table-test.DeleteTableTest.TestDeleteEmptyTable.1467158082783852-27213/minicluster-data/ts-0/info.pb
I0628 23:54:43.410365 27263 tablet_server_main.cc:60] Tablet server successfully started.
I0628 23:54:43.418285 27213 external_mini_cluster.cc:592] Started /tmp/run_tha_testgCg15n/build/tsan/bin/kudu-tserver as pid 27263
I0628 23:54:43.419148 27213 external_mini_cluster.cc:556] Running /tmp/run_tha_testgCg15n/build/tsan/bin/kudu-tserver kudu-tserver --fs_wal_dir=/tmp/kudutest-1000/delete_table-test.DeleteTableTest.TestDeleteEmptyTable.1467158082783852-27213/minicluster-data/ts-1 --fs_data_dirs=/tmp/kudutest-1000/delete_table-test.DeleteTableTest.TestDeleteEmptyTable.1467158082783852-27213/minicluster-data/ts-1 --rpc_bind_addresses=127.106.77.1:0 --local_ip_for_outbound_sockets=127.106.77.1 --webserver_interface=127.106.77.1 --webserver_port=0 --tserver_master_addrs=127.0.0.1:43411 --metrics_log_interval_ms=1000 --log_dir=/tmp/kudutest-1000/delete_table-test.DeleteTableTest.TestDeleteEmptyTable.1467158082783852-27213/minicluster-data/ts-1 --never_fsync --server_dump_info_path=/tmp/kudutest-1000/delete_table-test.DeleteTableTest.TestDeleteEmptyTable.1467158082783852-27213/minicluster-data/ts-1/info.pb --server_dump_info_format=pb --rpc_server_allow_ephemeral_ports --logtostderr --logbuflevel=-1
I0628 23:54:43.425637 27387 heartbeater.cc:254] Connected to a leader master server at 127.0.0.1:43411
I0628 23:54:43.426034 27387 heartbeater.cc:319] Registering TS with master...
I0628 23:54:43.426306 27387 heartbeater.cc:325] Sending a full tablet report to master...
I0628 23:54:43.427952 27239 ts_manager.cc:82] Registered new tablet server { permanent_uuid: "0e646222110f4bcc80e1f455170d0646" instance_seqno: 1467158083383073 } with Master
I0628 23:54:43.534024 27391 mem_tracker.cc:138] MemTracker: hard memory limit is 11.777661 GB
I0628 23:54:43.534512 27391 mem_tracker.cc:140] MemTracker: soft memory limit is 7.066597 GB
I0628 23:54:43.548382 27391 tablet_server_main.cc:54] Initializing tablet server...
I0628 23:54:43.551187 27391 hybrid_clock.cc:178] HybridClock initialized. Resolution in nanos?: 1 Wait times tolerance adjustment: 1.0005 Current error: 127851
I0628 23:54:43.557363 27391 server_base.cc:164] Could not load existing FS layout: Not found: /tmp/kudutest-1000/delete_table-test.DeleteTableTest.TestDeleteEmptyTable.1467158082783852-27213/minicluster-data/ts-1/instance: No such file or directory (error 2)
I0628 23:54:43.557612 27391 server_base.cc:165] Creating new FS layout
I0628 23:54:43.565876 27391 fs_manager.cc:345] Generated new instance metadata in path /tmp/kudutest-1000/delete_table-test.DeleteTableTest.TestDeleteEmptyTable.1467158082783852-27213/minicluster-data/ts-1/instance: uuid: "e77f738d190d43c6879ecc54f0fa8773" format_stamp: "Formatted at 2016-06-28 23:54:43 on dist-test-slave-dist-test-slave-cgs5"
I0628 23:54:43.574367 27391 fs_manager.cc:242] Opened local filesystem: /tmp/kudutest-1000/delete_table-test.DeleteTableTest.TestDeleteEmptyTable.1467158082783852-27213/minicluster-data/ts-1 uuid: "e77f738d190d43c6879ecc54f0fa8773" format_stamp: "Formatted at 2016-06-28 23:54:43 on dist-test-slave-dist-test-slave-cgs5"
I0628 23:54:43.610429 27391 tablet_server_main.cc:57] Starting tablet server...
I0628 23:54:43.713567 27391 rpc_server.cc:164] RPC server started. Bound to: 127.106.77.1:58300
I0628 23:54:43.715066 27391 webserver.cc:122] Starting webserver on 127.106.77.1:0
I0628 23:54:43.715180 27391 webserver.cc:133] Document root disabled
I0628 23:54:43.716776 27391 webserver.cc:217] Webserver started. Bound to: http://127.106.77.1:45711/
I0628 23:54:43.718327 27391 server_base.cc:234] Dumped server information to /tmp/kudutest-1000/delete_table-test.DeleteTableTest.TestDeleteEmptyTable.1467158082783852-27213/minicluster-data/ts-1/info.pb
I0628 23:54:43.721006 27391 tablet_server_main.cc:60] Tablet server successfully started.
I0628 23:54:43.725872 27213 external_mini_cluster.cc:592] Started /tmp/run_tha_testgCg15n/build/tsan/bin/kudu-tserver as pid 27391
I0628 23:54:43.726451 27213 external_mini_cluster.cc:556] Running /tmp/run_tha_testgCg15n/build/tsan/bin/kudu-tserver kudu-tserver --fs_wal_dir=/tmp/kudutest-1000/delete_table-test.DeleteTableTest.TestDeleteEmptyTable.1467158082783852-27213/minicluster-data/ts-2 --fs_data_dirs=/tmp/kudutest-1000/delete_table-test.DeleteTableTest.TestDeleteEmptyTable.1467158082783852-27213/minicluster-data/ts-2 --rpc_bind_addresses=127.106.77.2:0 --local_ip_for_outbound_sockets=127.106.77.2 --webserver_interface=127.106.77.2 --webserver_port=0 --tserver_master_addrs=127.0.0.1:43411 --metrics_log_interval_ms=1000 --log_dir=/tmp/kudutest-1000/delete_table-test.DeleteTableTest.TestDeleteEmptyTable.1467158082783852-27213/minicluster-data/ts-2 --never_fsync --server_dump_info_path=/tmp/kudutest-1000/delete_table-test.DeleteTableTest.TestDeleteEmptyTable.1467158082783852-27213/minicluster-data/ts-2/info.pb --server_dump_info_format=pb --rpc_server_allow_ephemeral_ports --logtostderr --logbuflevel=-1
I0628 23:54:43.732699 27505 heartbeater.cc:254] Connected to a leader master server at 127.0.0.1:43411
I0628 23:54:43.733124 27505 heartbeater.cc:319] Registering TS with master...
I0628 23:54:43.733417 27505 heartbeater.cc:325] Sending a full tablet report to master...
I0628 23:54:43.734926 27239 ts_manager.cc:82] Registered new tablet server { permanent_uuid: "e77f738d190d43c6879ecc54f0fa8773" instance_seqno: 1467158083692467 } with Master
I0628 23:54:43.839365 27508 mem_tracker.cc:138] MemTracker: hard memory limit is 11.777661 GB
I0628 23:54:43.839799 27508 mem_tracker.cc:140] MemTracker: soft memory limit is 7.066597 GB
I0628 23:54:43.852597 27508 tablet_server_main.cc:54] Initializing tablet server...
I0628 23:54:43.855350 27508 hybrid_clock.cc:178] HybridClock initialized. Resolution in nanos?: 1 Wait times tolerance adjustment: 1.0005 Current error: 127851
I0628 23:54:43.861112 27508 server_base.cc:164] Could not load existing FS layout: Not found: /tmp/kudutest-1000/delete_table-test.DeleteTableTest.TestDeleteEmptyTable.1467158082783852-27213/minicluster-data/ts-2/instance: No such file or directory (error 2)
I0628 23:54:43.861354 27508 server_base.cc:165] Creating new FS layout
I0628 23:54:43.868921 27508 fs_manager.cc:345] Generated new instance metadata in path /tmp/kudutest-1000/delete_table-test.DeleteTableTest.TestDeleteEmptyTable.1467158082783852-27213/minicluster-data/ts-2/instance: uuid: "69c1c022bd0f4d5688848e82b8419a79" format_stamp: "Formatted at 2016-06-28 23:54:43 on dist-test-slave-dist-test-slave-cgs5"
I0628 23:54:43.877081 27508 fs_manager.cc:242] Opened local filesystem: /tmp/kudutest-1000/delete_table-test.DeleteTableTest.TestDeleteEmptyTable.1467158082783852-27213/minicluster-data/ts-2 uuid: "69c1c022bd0f4d5688848e82b8419a79" format_stamp: "Formatted at 2016-06-28 23:54:43 on dist-test-slave-dist-test-slave-cgs5"
I0628 23:54:43.909934 27508 tablet_server_main.cc:57] Starting tablet server...
I0628 23:54:44.001554 27508 rpc_server.cc:164] RPC server started. Bound to: 127.106.77.2:37344
I0628 23:54:44.003413 27508 webserver.cc:122] Starting webserver on 127.106.77.2:0
I0628 23:54:44.003509 27508 webserver.cc:133] Document root disabled
I0628 23:54:44.005362 27508 webserver.cc:217] Webserver started. Bound to: http://127.106.77.2:58343/
I0628 23:54:44.006690 27508 server_base.cc:234] Dumped server information to /tmp/kudutest-1000/delete_table-test.DeleteTableTest.TestDeleteEmptyTable.1467158082783852-27213/minicluster-data/ts-2/info.pb
I0628 23:54:44.009464 27508 tablet_server_main.cc:60] Tablet server successfully started.
I0628 23:54:44.012404 27213 external_mini_cluster.cc:592] Started /tmp/run_tha_testgCg15n/build/tsan/bin/kudu-tserver as pid 27508
I0628 23:54:44.034543 27622 heartbeater.cc:254] Connected to a leader master server at 127.0.0.1:43411
I0628 23:54:44.034837 27622 heartbeater.cc:319] Registering TS with master...
I0628 23:54:44.035117 27622 heartbeater.cc:325] Sending a full tablet report to master...
I0628 23:54:44.036764 27239 ts_manager.cc:82] Registered new tablet server { permanent_uuid: "69c1c022bd0f4d5688848e82b8419a79" instance_seqno: 1467158083982542 } with Master
I0628 23:54:44.041939 27213 external_mini_cluster.cc:319] 3 TS(s) registered with Master
I0628 23:54:44.097106 27239 catalog_manager.cc:772] CreateTable from {real_user=slave, eff_user=} at 127.0.0.1:54258: name: "test-workload" schema { columns { name: "key" type: INT32 is_key: true is_nullable: false encoding: AUTO_ENCODING compression: DEFAULT_COMPRESSION cfile_block_size: 0 } columns { name: "int_val" type: INT32 is_key: false is_nullable: false encoding: AUTO_ENCODING compression: DEFAULT_COMPRESSION cfile_block_size: 0 } columns { name: "string_val" type: STRING is_key: false is_nullable: true encoding: AUTO_ENCODING compression: DEFAULT_COMPRESSION cfile_block_size: 0 } } num_replicas: 3 split_rows_range_bounds { } partition_schema { range_schema { columns { name: "key" } } }
I0628 23:54:44.140476 27559 tablet_service.cc:612] Processing CreateTablet for tablet 9eb415a9935543e783ff9e9d0e0676be (table=test-workload [id=9ee66f95ad494f0bbf0c092cae84a52d]), partition=range: [(), ())
I0628 23:54:44.143543 27442 tablet_service.cc:612] Processing CreateTablet for tablet 9eb415a9935543e783ff9e9d0e0676be (table=test-workload [id=9ee66f95ad494f0bbf0c092cae84a52d]), partition=range: [(), ())
I0628 23:54:44.146322 27324 tablet_service.cc:612] Processing CreateTablet for tablet 9eb415a9935543e783ff9e9d0e0676be (table=test-workload [id=9ee66f95ad494f0bbf0c092cae84a52d]), partition=range: [(), ())
I0628 23:54:44.158188 27559 ts_tablet_manager.cc:760] Registered tablet 9eb415a9935543e783ff9e9d0e0676be
I0628 23:54:44.166532 27442 ts_tablet_manager.cc:760] Registered tablet 9eb415a9935543e783ff9e9d0e0676be
I0628 23:54:44.168501 27643 ts_tablet_manager.cc:628] T 9eb415a9935543e783ff9e9d0e0676be P e77f738d190d43c6879ecc54f0fa8773: Bootstrapping tablet
I0628 23:54:44.168671 27324 ts_tablet_manager.cc:760] Registered tablet 9eb415a9935543e783ff9e9d0e0676be
I0628 23:54:44.170048 27642 ts_tablet_manager.cc:628] T 9eb415a9935543e783ff9e9d0e0676be P 69c1c022bd0f4d5688848e82b8419a79: Bootstrapping tablet
I0628 23:54:44.173458 27642 tablet_bootstrap.cc:393] T 9eb415a9935543e783ff9e9d0e0676be P 69c1c022bd0f4d5688848e82b8419a79: Bootstrap starting.
I0628 23:54:44.174289 27643 tablet_bootstrap.cc:393] T 9eb415a9935543e783ff9e9d0e0676be P e77f738d190d43c6879ecc54f0fa8773: Bootstrap starting.
I0628 23:54:44.178762 27642 tablet_bootstrap.cc:553] T 9eb415a9935543e783ff9e9d0e0676be P 69c1c022bd0f4d5688848e82b8419a79: Time spent opening tablet: real 0.001s user 0.000s sys 0.000s
I0628 23:54:44.179857 27643 tablet_bootstrap.cc:553] T 9eb415a9935543e783ff9e9d0e0676be P e77f738d190d43c6879ecc54f0fa8773: Time spent opening tablet: real 0.002s user 0.004s sys 0.000s
I0628 23:54:44.180438 27642 tablet_bootstrap.cc:493] T 9eb415a9935543e783ff9e9d0e0676be P 69c1c022bd0f4d5688848e82b8419a79: No blocks or log segments found. Creating new log.
I0628 23:54:44.180631 27643 tablet_bootstrap.cc:493] T 9eb415a9935543e783ff9e9d0e0676be P e77f738d190d43c6879ecc54f0fa8773: No blocks or log segments found. Creating new log.
I0628 23:54:44.181576 27644 ts_tablet_manager.cc:628] T 9eb415a9935543e783ff9e9d0e0676be P 0e646222110f4bcc80e1f455170d0646: Bootstrapping tablet
I0628 23:54:44.182873 27642 log.cc:350] Log is configured to *not* fsync() on all Append() calls
I0628 23:54:44.183763 27643 log.cc:350] Log is configured to *not* fsync() on all Append() calls
I0628 23:54:44.184788 27644 tablet_bootstrap.cc:393] T 9eb415a9935543e783ff9e9d0e0676be P 0e646222110f4bcc80e1f455170d0646: Bootstrap starting.
I0628 23:54:44.192325 27644 tablet_bootstrap.cc:553] T 9eb415a9935543e783ff9e9d0e0676be P 0e646222110f4bcc80e1f455170d0646: Time spent opening tablet: real 0.001s user 0.004s sys 0.000s
I0628 23:54:44.192898 27644 tablet_bootstrap.cc:493] T 9eb415a9935543e783ff9e9d0e0676be P 0e646222110f4bcc80e1f455170d0646: No blocks or log segments found. Creating new log.
I0628 23:54:44.195104 27644 log.cc:350] Log is configured to *not* fsync() on all Append() calls
I0628 23:54:44.203428 27643 tablet_bootstrap.cc:393] T 9eb415a9935543e783ff9e9d0e0676be P e77f738d190d43c6879ecc54f0fa8773: No bootstrap required, opened a new log
I0628 23:54:44.203835 27643 ts_tablet_manager.cc:633] T 9eb415a9935543e783ff9e9d0e0676be P e77f738d190d43c6879ecc54f0fa8773: Time spent bootstrapping tablet: real 0.033s user 0.016s sys 0.012s
I0628 23:54:44.204219 27642 tablet_bootstrap.cc:393] T 9eb415a9935543e783ff9e9d0e0676be P 69c1c022bd0f4d5688848e82b8419a79: No bootstrap required, opened a new log
I0628 23:54:44.204759 27642 ts_tablet_manager.cc:633] T 9eb415a9935543e783ff9e9d0e0676be P 69c1c022bd0f4d5688848e82b8419a79: Time spent bootstrapping tablet: real 0.034s user 0.016s sys 0.012s
I0628 23:54:44.215020 27644 tablet_bootstrap.cc:393] T 9eb415a9935543e783ff9e9d0e0676be P 0e646222110f4bcc80e1f455170d0646: No bootstrap required, opened a new log
I0628 23:54:44.214038 27642 raft_consensus.cc:269] T 9eb415a9935543e783ff9e9d0e0676be P 69c1c022bd0f4d5688848e82b8419a79 [term 0 FOLLOWER]: Replica starting. Triggering 0 pending transactions. Active config: opid_index: -1 peers { permanent_uuid: "69c1c022bd0f4d5688848e82b8419a79" member_type: VOTER last_known_addr { host: "127.106.77.2" port: 37344 } } peers { permanent_uuid: "0e646222110f4bcc80e1f455170d0646" member_type: VOTER last_known_addr { host: "127.106.77.0" port: 47545 } } peers { permanent_uuid: "e77f738d190d43c6879ecc54f0fa8773" member_type: VOTER last_known_addr { host: "127.106.77.1" port: 58300 } }
I0628 23:54:44.215484 27644 ts_tablet_manager.cc:633] T 9eb415a9935543e783ff9e9d0e0676be P 0e646222110f4bcc80e1f455170d0646: Time spent bootstrapping tablet: real 0.034s user 0.008s sys 0.016s
I0628 23:54:44.216536 27642 raft_consensus.cc:301] T 9eb415a9935543e783ff9e9d0e0676be P 69c1c022bd0f4d5688848e82b8419a79 [term 0 FOLLOWER]: Consensus starting up: Expiring failure detector timer to make a prompt election more likely
I0628 23:54:44.215874 27643 raft_consensus.cc:269] T 9eb415a9935543e783ff9e9d0e0676be P e77f738d190d43c6879ecc54f0fa8773 [term 0 FOLLOWER]: Replica starting. Triggering 0 pending transactions. Active config: opid_index: -1 peers { permanent_uuid: "69c1c022bd0f4d5688848e82b8419a79" member_type: VOTER last_known_addr { host: "127.106.77.2" port: 37344 } } peers { permanent_uuid: "0e646222110f4bcc80e1f455170d0646" member_type: VOTER last_known_addr { host: "127.106.77.0" port: 47545 } } peers { permanent_uuid: "e77f738d190d43c6879ecc54f0fa8773" member_type: VOTER last_known_addr { host: "127.106.77.1" port: 58300 } }
I0628 23:54:44.216922 27642 raft_consensus.cc:499] T 9eb415a9935543e783ff9e9d0e0676be P 69c1c022bd0f4d5688848e82b8419a79 [term 0 FOLLOWER]: Becoming Follower/Learner. State: Replica: 69c1c022bd0f4d5688848e82b8419a79, State: 1, Role: FOLLOWER Watermarks: {Received: term: 0 index: 0 Committed: term: 0 index: 0}
I0628 23:54:44.217550 27642 consensus_queue.cc:162] T 9eb415a9935543e783ff9e9d0e0676be P 69c1c022bd0f4d5688848e82b8419a79 [NON_LEADER]: Queue going to NON_LEADER mode. State: All replicated op: 0.0, Majority replicated op: 0.0, Committed index: 0.0, Last appended: 0.0, Current term: 0, Majority size: -1, State: 1, Mode: NON_LEADER
I0628 23:54:44.218003 27643 raft_consensus.cc:301] T 9eb415a9935543e783ff9e9d0e0676be P e77f738d190d43c6879ecc54f0fa8773 [term 0 FOLLOWER]: Consensus starting up: Expiring failure detector timer to make a prompt election more likely
I0628 23:54:44.218329 27643 raft_consensus.cc:499] T 9eb415a9935543e783ff9e9d0e0676be P e77f738d190d43c6879ecc54f0fa8773 [term 0 FOLLOWER]: Becoming Follower/Learner. State: Replica: e77f738d190d43c6879ecc54f0fa8773, State: 1, Role: FOLLOWER Watermarks: {Received: term: 0 index: 0 Committed: term: 0 index: 0}
I0628 23:54:44.218955 27643 consensus_queue.cc:162] T 9eb415a9935543e783ff9e9d0e0676be P e77f738d190d43c6879ecc54f0fa8773 [NON_LEADER]: Queue going to NON_LEADER mode. State: All replicated op: 0.0, Majority replicated op: 0.0, Committed index: 0.0, Last appended: 0.0, Current term: 0, Majority size: -1, State: 1, Mode: NON_LEADER
I0628 23:54:44.227584 27643 ts_tablet_manager.cc:659] T 9eb415a9935543e783ff9e9d0e0676be P e77f738d190d43c6879ecc54f0fa8773: Time spent starting tablet: real 0.023s user 0.012s sys 0.004s
I0628 23:54:44.229120 27644 raft_consensus.cc:269] T 9eb415a9935543e783ff9e9d0e0676be P 0e646222110f4bcc80e1f455170d0646 [term 0 FOLLOWER]: Replica starting. Triggering 0 pending transactions. Active config: opid_index: -1 peers { permanent_uuid: "69c1c022bd0f4d5688848e82b8419a79" member_type: VOTER last_known_addr { host: "127.106.77.2" port: 37344 } } peers { permanent_uuid: "0e646222110f4bcc80e1f455170d0646" member_type: VOTER last_known_addr { host: "127.106.77.0" port: 47545 } } peers { permanent_uuid: "e77f738d190d43c6879ecc54f0fa8773" member_type: VOTER last_known_addr { host: "127.106.77.1" port: 58300 } }
I0628 23:54:44.230058 27642 ts_tablet_manager.cc:659] T 9eb415a9935543e783ff9e9d0e0676be P 69c1c022bd0f4d5688848e82b8419a79: Time spent starting tablet: real 0.025s user 0.016s sys 0.000s
I0628 23:54:44.230794 27644 raft_consensus.cc:301] T 9eb415a9935543e783ff9e9d0e0676be P 0e646222110f4bcc80e1f455170d0646 [term 0 FOLLOWER]: Consensus starting up: Expiring failure detector timer to make a prompt election more likely
I0628 23:54:44.231060 27644 raft_consensus.cc:499] T 9eb415a9935543e783ff9e9d0e0676be P 0e646222110f4bcc80e1f455170d0646 [term 0 FOLLOWER]: Becoming Follower/Learner. State: Replica: 0e646222110f4bcc80e1f455170d0646, State: 1, Role: FOLLOWER Watermarks: {Received: term: 0 index: 0 Committed: term: 0 index: 0}
I0628 23:54:44.231562 27644 consensus_queue.cc:162] T 9eb415a9935543e783ff9e9d0e0676be P 0e646222110f4bcc80e1f455170d0646 [NON_LEADER]: Queue going to NON_LEADER mode. State: All replicated op: 0.0, Majority replicated op: 0.0, Committed index: 0.0, Last appended: 0.0, Current term: 0, Majority size: -1, State: 1, Mode: NON_LEADER
I0628 23:54:44.234757 27644 ts_tablet_manager.cc:659] T 9eb415a9935543e783ff9e9d0e0676be P 0e646222110f4bcc80e1f455170d0646: Time spent starting tablet: real 0.019s user 0.012s sys 0.004s
I0628 23:54:44.417616 27652 raft_consensus.cc:370] T 9eb415a9935543e783ff9e9d0e0676be P 69c1c022bd0f4d5688848e82b8419a79 [term 0 FOLLOWER]: No leader contacted us within the election timeout. Triggering leader election
I0628 23:54:44.417789 27652 raft_consensus.cc:2019] T 9eb415a9935543e783ff9e9d0e0676be P 69c1c022bd0f4d5688848e82b8419a79 [term 0 FOLLOWER]: Advancing to term 1
I0628 23:54:44.419977 27652 raft_consensus.cc:1970] T 9eb415a9935543e783ff9e9d0e0676be P 69c1c022bd0f4d5688848e82b8419a79 [term 1 FOLLOWER]: Snoozing failure detection for election timeout plus an additional 1.590s
I0628 23:54:44.420300 27652 raft_consensus.cc:386] T 9eb415a9935543e783ff9e9d0e0676be P 69c1c022bd0f4d5688848e82b8419a79 [term 1 FOLLOWER]: Starting election with config: opid_index: -1 peers { permanent_uuid: "69c1c022bd0f4d5688848e82b8419a79" member_type: VOTER last_known_addr { host: "127.106.77.2" port: 37344 } } peers { permanent_uuid: "0e646222110f4bcc80e1f455170d0646" member_type: VOTER last_known_addr { host: "127.106.77.0" port: 47545 } } peers { permanent_uuid: "e77f738d190d43c6879ecc54f0fa8773" member_type: VOTER last_known_addr { host: "127.106.77.1" port: 58300 } }
I0628 23:54:44.423856 27652 leader_election.cc:223] T 9eb415a9935543e783ff9e9d0e0676be P 69c1c022bd0f4d5688848e82b8419a79 [CANDIDATE]: Term 1 election: Requesting vote from peer 0e646222110f4bcc80e1f455170d0646
I0628 23:54:44.424325 27652 leader_election.cc:223] T 9eb415a9935543e783ff9e9d0e0676be P 69c1c022bd0f4d5688848e82b8419a79 [CANDIDATE]: Term 1 election: Requesting vote from peer e77f738d190d43c6879ecc54f0fa8773
I0628 23:54:44.429757 27344 raft_consensus.cc:2019] T 9eb415a9935543e783ff9e9d0e0676be P 0e646222110f4bcc80e1f455170d0646 [term 0 FOLLOWER]: Advancing to term 1
I0628 23:54:44.431547 27462 raft_consensus.cc:2019] T 9eb415a9935543e783ff9e9d0e0676be P e77f738d190d43c6879ecc54f0fa8773 [term 0 FOLLOWER]: Advancing to term 1
I0628 23:54:44.431677 27344 raft_consensus.cc:1970] T 9eb415a9935543e783ff9e9d0e0676be P 0e646222110f4bcc80e1f455170d0646 [term 1 FOLLOWER]: Snoozing failure detection for election timeout plus an additional 1.569s
I0628 23:54:44.433281 27344 raft_consensus.cc:1677] T 9eb415a9935543e783ff9e9d0e0676be P 0e646222110f4bcc80e1f455170d0646 [term 1 FOLLOWER]: Leader election vote request: Granting yes vote for candidate 69c1c022bd0f4d5688848e82b8419a79 in term 1.
I0628 23:54:44.433797 27462 raft_consensus.cc:1970] T 9eb415a9935543e783ff9e9d0e0676be P e77f738d190d43c6879ecc54f0fa8773 [term 1 FOLLOWER]: Snoozing failure detection for election timeout plus an additional 1.559s
I0628 23:54:44.434339 27515 leader_election.cc:347] T 9eb415a9935543e783ff9e9d0e0676be P 69c1c022bd0f4d5688848e82b8419a79 [CANDIDATE]: Term 1 election: Vote granted by peer 0e646222110f4bcc80e1f455170d0646
I0628 23:54:44.434542 27515 leader_election.cc:248] T 9eb415a9935543e783ff9e9d0e0676be P 69c1c022bd0f4d5688848e82b8419a79 [CANDIDATE]: Term 1 election: Election decided. Result: candidate won.
I0628 23:54:44.435060 27654 raft_consensus.cc:1970] T 9eb415a9935543e783ff9e9d0e0676be P 69c1c022bd0f4d5688848e82b8419a79 [term 1 FOLLOWER]: Snoozing failure detection for election timeout plus an additional 1.626s
I0628 23:54:44.435287 27654 raft_consensus.cc:1859] T 9eb415a9935543e783ff9e9d0e0676be P 69c1c022bd0f4d5688848e82b8419a79 [term 1 FOLLOWER]: Leader election won for term 1
I0628 23:54:44.435397 27462 raft_consensus.cc:1677] T 9eb415a9935543e783ff9e9d0e0676be P e77f738d190d43c6879ecc54f0fa8773 [term 1 FOLLOWER]: Leader election vote request: Granting yes vote for candidate 69c1c022bd0f4d5688848e82b8419a79 in term 1.
I0628 23:54:44.436197 27515 leader_election.cc:347] T 9eb415a9935543e783ff9e9d0e0676be P 69c1c022bd0f4d5688848e82b8419a79 [CANDIDATE]: Term 1 election: Vote granted by peer e77f738d190d43c6879ecc54f0fa8773
I0628 23:54:44.436890 27654 raft_consensus.cc:464] T 9eb415a9935543e783ff9e9d0e0676be P 69c1c022bd0f4d5688848e82b8419a79 [term 1 LEADER]: Becoming Leader. State: Replica: 69c1c022bd0f4d5688848e82b8419a79, State: 1, Role: LEADER Watermarks: {Received: term: 0 index: 0 Committed: term: 0 index: 0}
I0628 23:54:44.437623 27654 consensus_queue.cc:145] T 9eb415a9935543e783ff9e9d0e0676be P 69c1c022bd0f4d5688848e82b8419a79 [LEADER]: Queue going to LEADER mode. State: All replicated op: 0.0, Majority replicated op: 0.0, Committed index: 0.0, Last appended: 0.0, Current term: 1, Majority size: 2, State: 1, Mode: LEADER, active raft config: opid_index: -1 peers { permanent_uuid: "69c1c022bd0f4d5688848e82b8419a79" member_type: VOTER last_known_addr { host: "127.106.77.2" port: 37344 } } peers { permanent_uuid: "0e646222110f4bcc80e1f455170d0646" member_type: VOTER last_known_addr { host: "127.106.77.0" port: 47545 } } peers { permanent_uuid: "e77f738d190d43c6879ecc54f0fa8773" member_type: VOTER last_known_addr { host: "127.106.77.1" port: 58300 } }
I0628 23:54:44.461850 27237 catalog_manager.cc:1673] Tablet: 9eb415a9935543e783ff9e9d0e0676be reported consensus state change. New consensus state: current_term: 1 leader_uuid: "69c1c022bd0f4d5688848e82b8419a79" config { opid_index: -1 peers { permanent_uuid: "69c1c022bd0f4d5688848e82b8419a79" member_type: VOTER last_known_addr { host: "127.106.77.2" port: 37344 } } peers { permanent_uuid: "0e646222110f4bcc80e1f455170d0646" member_type: VOTER last_known_addr { host: "127.106.77.0" port: 47545 } } peers { permanent_uuid: "e77f738d190d43c6879ecc54f0fa8773" member_type: VOTER last_known_addr { host: "127.106.77.1" port: 58300 } } }
W0628 23:54:44.462579 27662 raft_consensus_state.cc:541] T 9eb415a9935543e783ff9e9d0e0676be P 69c1c022bd0f4d5688848e82b8419a79 [term 1 LEADER]: Can't advance the committed index across term boundaries until operations from the current term are replicated. Last committed operation was: term: 0 index: 0, New majority replicated is: term: 0 index: 0, Current term is: 1
I0628 23:54:44.534827 27237 catalog_manager.cc:1036] Servicing DeleteTable request from {real_user=slave, eff_user=} at 127.0.0.1:54257: table { table_name: "test-workload" }
I0628 23:54:44.541127 27237 catalog_manager.cc:2531] Sending DeleteTablet for 3 replicas of tablet 9eb415a9935543e783ff9e9d0e0676be
I0628 23:54:44.541242 27237 catalog_manager.cc:2547] T 00000000000000000000000000000000 P b92e763b8ad549259a2b5be232a28a83: Deleting tablet 9eb415a9935543e783ff9e9d0e0676be on peer 69c1c022bd0f4d5688848e82b8419a79 with delete type TABLET_DATA_DELETED (Table deleted at 2016-06-28 23:54:44 UTC)
I0628 23:54:44.541679 27237 catalog_manager.cc:2547] T 00000000000000000000000000000000 P b92e763b8ad549259a2b5be232a28a83: Deleting tablet 9eb415a9935543e783ff9e9d0e0676be on peer 0e646222110f4bcc80e1f455170d0646 with delete type TABLET_DATA_DELETED (Table deleted at 2016-06-28 23:54:44 UTC)
I0628 23:54:44.542120 27237 catalog_manager.cc:2547] T 00000000000000000000000000000000 P b92e763b8ad549259a2b5be232a28a83: Deleting tablet 9eb415a9935543e783ff9e9d0e0676be on peer e77f738d190d43c6879ecc54f0fa8773 with delete type TABLET_DATA_DELETED (Table deleted at 2016-06-28 23:54:44 UTC)
I0628 23:54:44.542675 27559 tablet_service.cc:653] Processing DeleteTablet for tablet 9eb415a9935543e783ff9e9d0e0676be with delete_type TABLET_DATA_DELETED (Table deleted at 2016-06-28 23:54:44 UTC) from {real_user=slave, eff_user=} at 127.0.0.1:57036
I0628 23:54:44.543121 27559 tablet_peer.cc:207] Initiating TabletPeer shutdown for tablet: 9eb415a9935543e783ff9e9d0e0676be
I0628 23:54:44.543200 27324 tablet_service.cc:653] Processing DeleteTablet for tablet 9eb415a9935543e783ff9e9d0e0676be with delete_type TABLET_DATA_DELETED (Table deleted at 2016-06-28 23:54:44 UTC) from {real_user=slave, eff_user=} at 127.0.0.1:44281
I0628 23:54:44.543593 27559 maintenance_manager.cc:180] Unregistered op CompactRowSetsOp(9eb415a9935543e783ff9e9d0e0676be)
I0628 23:54:44.543550 27442 tablet_service.cc:653] Processing DeleteTablet for tablet 9eb415a9935543e783ff9e9d0e0676be with delete_type TABLET_DATA_DELETED (Table deleted at 2016-06-28 23:54:44 UTC) from {real_user=slave, eff_user=} at 127.0.0.1:57443
I0628 23:54:44.543664 27324 tablet_peer.cc:207] Initiating TabletPeer shutdown for tablet: 9eb415a9935543e783ff9e9d0e0676be
I0628 23:54:44.543912 27442 tablet_peer.cc:207] Initiating TabletPeer shutdown for tablet: 9eb415a9935543e783ff9e9d0e0676be
I0628 23:54:44.543917 27559 maintenance_manager.cc:180] Unregistered op MinorDeltaCompactionOp(9eb415a9935543e783ff9e9d0e0676be)
I0628 23:54:44.544103 27324 maintenance_manager.cc:180] Unregistered op CompactRowSetsOp(9eb415a9935543e783ff9e9d0e0676be)
I0628 23:54:44.544176 27559 maintenance_manager.cc:180] Unregistered op MajorDeltaCompactionOp(9eb415a9935543e783ff9e9d0e0676be)
I0628 23:54:44.544276 27442 maintenance_manager.cc:180] Unregistered op CompactRowSetsOp(9eb415a9935543e783ff9e9d0e0676be)
I0628 23:54:44.544441 27324 maintenance_manager.cc:180] Unregistered op MinorDeltaCompactionOp(9eb415a9935543e783ff9e9d0e0676be)
I0628 23:54:44.544453 27559 maintenance_manager.cc:180] Unregistered op FlushMRSOp(9eb415a9935543e783ff9e9d0e0676be)
I0628 23:54:44.544517 27442 maintenance_manager.cc:180] Unregistered op MinorDeltaCompactionOp(9eb415a9935543e783ff9e9d0e0676be)
I0628 23:54:44.544649 27559 maintenance_manager.cc:180] Unregistered op FlushDeltaMemStoresOp(9eb415a9935543e783ff9e9d0e0676be)
I0628 23:54:44.544683 27324 maintenance_manager.cc:180] Unregistered op MajorDeltaCompactionOp(9eb415a9935543e783ff9e9d0e0676be)
I0628 23:54:44.544735 27442 maintenance_manager.cc:180] Unregistered op MajorDeltaCompactionOp(9eb415a9935543e783ff9e9d0e0676be)
I0628 23:54:44.544848 27559 maintenance_manager.cc:180] Unregistered op LogGCOp(9eb415a9935543e783ff9e9d0e0676be)
I0628 23:54:44.544955 27324 maintenance_manager.cc:180] Unregistered op FlushMRSOp(9eb415a9935543e783ff9e9d0e0676be)
I0628 23:54:44.545002 27442 maintenance_manager.cc:180] Unregistered op FlushMRSOp(9eb415a9935543e783ff9e9d0e0676be)
I0628 23:54:44.545088 27559 raft_consensus.cc:1495] T 9eb415a9935543e783ff9e9d0e0676be P 69c1c022bd0f4d5688848e82b8419a79 [term 1 LEADER]: Raft consensus shutting down.
I0628 23:54:44.545200 27442 maintenance_manager.cc:180] Unregistered op FlushDeltaMemStoresOp(9eb415a9935543e783ff9e9d0e0676be)
I0628 23:54:44.545207 27324 maintenance_manager.cc:180] Unregistered op FlushDeltaMemStoresOp(9eb415a9935543e783ff9e9d0e0676be)
I0628 23:54:44.545372 27442 maintenance_manager.cc:180] Unregistered op LogGCOp(9eb415a9935543e783ff9e9d0e0676be)
I0628 23:54:44.545383 27324 maintenance_manager.cc:180] Unregistered op LogGCOp(9eb415a9935543e783ff9e9d0e0676be)
I0628 23:54:44.545562 27442 raft_consensus.cc:1495] T 9eb415a9935543e783ff9e9d0e0676be P e77f738d190d43c6879ecc54f0fa8773 [term 1 FOLLOWER]: Raft consensus shutting down.
I0628 23:54:44.545581 27324 raft_consensus.cc:1495] T 9eb415a9935543e783ff9e9d0e0676be P 0e646222110f4bcc80e1f455170d0646 [term 1 FOLLOWER]: Raft consensus shutting down.
I0628 23:54:44.545929 27442 raft_consensus.cc:1511] T 9eb415a9935543e783ff9e9d0e0676be P e77f738d190d43c6879ecc54f0fa8773 [term 1 FOLLOWER]: Raft consensus is shut down!
I0628 23:54:44.546185 27324 raft_consensus.cc:1511] T 9eb415a9935543e783ff9e9d0e0676be P 0e646222110f4bcc80e1f455170d0646 [term 1 FOLLOWER]: Raft consensus is shut down!
I0628 23:54:44.546391 27559 consensus_peers.cc:351] T 9eb415a9935543e783ff9e9d0e0676be P 69c1c022bd0f4d5688848e82b8419a79 -> Peer e77f738d190d43c6879ecc54f0fa8773 (127.106.77.1:58300): Closing peer: e77f738d190d43c6879ecc54f0fa8773
I0628 23:54:44.546972 27559 consensus_peers.cc:351] T 9eb415a9935543e783ff9e9d0e0676be P 69c1c022bd0f4d5688848e82b8419a79 -> Peer 0e646222110f4bcc80e1f455170d0646 (127.106.77.0:47545): Closing peer: 0e646222110f4bcc80e1f455170d0646
I0628 23:54:44.547891 27559 raft_consensus_state.cc:377] T 9eb415a9935543e783ff9e9d0e0676be P 69c1c022bd0f4d5688848e82b8419a79 [term 1 LEADER]: Trying to abort 1 pending transactions.
I0628 23:54:44.548101 27559 raft_consensus_state.cc:382] T 9eb415a9935543e783ff9e9d0e0676be P 69c1c022bd0f4d5688848e82b8419a79 [term 1 LEADER]: Aborting transaction as it isn't in flight: id { term: 1 index: 1 } timestamp: 6009479513871589376 op_type: NO_OP noop_request { }
I0628 23:54:44.548619 27559 raft_consensus.cc:1906] T 9eb415a9935543e783ff9e9d0e0676be P 69c1c022bd0f4d5688848e82b8419a79: NO_OP replication failed: Aborted: Transaction aborted
I0628 23:54:44.548785 27559 raft_consensus.cc:1511] T 9eb415a9935543e783ff9e9d0e0676be P 69c1c022bd0f4d5688848e82b8419a79 [term 1 LEADER]: Raft consensus is shut down!
I0628 23:54:44.552497 27442 ts_tablet_manager.cc:955] T 9eb415a9935543e783ff9e9d0e0676be P e77f738d190d43c6879ecc54f0fa8773: Deleting tablet data with delete state TABLET_DATA_DELETED
I0628 23:54:44.552673 27324 ts_tablet_manager.cc:955] T 9eb415a9935543e783ff9e9d0e0676be P 0e646222110f4bcc80e1f455170d0646: Deleting tablet data with delete state TABLET_DATA_DELETED
I0628 23:54:44.555652 27559 ts_tablet_manager.cc:955] T 9eb415a9935543e783ff9e9d0e0676be P 69c1c022bd0f4d5688848e82b8419a79: Deleting tablet data with delete state TABLET_DATA_DELETED
I0628 23:54:44.556152 27237 catalog_manager.cc:1119] Successfully deleted table test-workload [id=9ee66f95ad494f0bbf0c092cae84a52d] per request from {real_user=slave, eff_user=} at 127.0.0.1:54257
I0628 23:54:44.557070 27324 ts_tablet_manager.cc:965] T 9eb415a9935543e783ff9e9d0e0676be P 0e646222110f4bcc80e1f455170d0646: Tablet deleted. Last logged OpId: 0.0
I0628 23:54:44.558416 27324 tablet_bootstrap.cc:393] T 9eb415a9935543e783ff9e9d0e0676be P 0e646222110f4bcc80e1f455170d0646: Deleted tablet blocks from disk
I0628 23:54:44.560065 27442 ts_tablet_manager.cc:965] T 9eb415a9935543e783ff9e9d0e0676be P e77f738d190d43c6879ecc54f0fa8773: Tablet deleted. Last logged OpId: 0.0
I0628 23:54:44.560389 27645 catalog_manager.cc:2226] TS 0e646222110f4bcc80e1f455170d0646: tablet 9eb415a9935543e783ff9e9d0e0676be (table test-workload [id=9ee66f95ad494f0bbf0c092cae84a52d]) successfully deleted
I0628 23:54:44.561383 27442 tablet_bootstrap.cc:393] T 9eb415a9935543e783ff9e9d0e0676be P e77f738d190d43c6879ecc54f0fa8773: Deleted tablet blocks from disk
I0628 23:54:44.562479 27559 ts_tablet_manager.cc:965] T 9eb415a9935543e783ff9e9d0e0676be P 69c1c022bd0f4d5688848e82b8419a79: Tablet deleted. Last logged OpId: 1.1
I0628 23:54:44.563611 27559 tablet_bootstrap.cc:393] T 9eb415a9935543e783ff9e9d0e0676be P 69c1c022bd0f4d5688848e82b8419a79: Deleted tablet blocks from disk
I0628 23:54:44.563572 27645 catalog_manager.cc:2226] TS e77f738d190d43c6879ecc54f0fa8773: tablet 9eb415a9935543e783ff9e9d0e0676be (table test-workload [id=9ee66f95ad494f0bbf0c092cae84a52d]) successfully deleted
I0628 23:54:44.565294 27645 catalog_manager.cc:2226] TS 69c1c022bd0f4d5688848e82b8419a79: tablet 9eb415a9935543e783ff9e9d0e0676be (table test-workload [id=9ee66f95ad494f0bbf0c092cae84a52d]) successfully deleted
W0628 23:54:44.573061 27629 client-internal.cc:743] GetTableSchemaRpc(table_name: test-workload, num_attempts: 1) failed: Not found: The table does not exist: table_name: "test-workload"
I0628 23:54:44.603359 27213 external_mini_cluster.cc:658] Killing /tmp/run_tha_testgCg15n/build/tsan/bin/kudu-master with pid 27219
I0628 23:54:44.619459 27213 external_mini_cluster.cc:658] Killing /tmp/run_tha_testgCg15n/build/tsan/bin/kudu-tserver with pid 27263
I0628 23:54:44.634227 27213 external_mini_cluster.cc:658] Killing /tmp/run_tha_testgCg15n/build/tsan/bin/kudu-tserver with pid 27391
I0628 23:54:44.648423 27213 external_mini_cluster.cc:658] Killing /tmp/run_tha_testgCg15n/build/tsan/bin/kudu-tserver with pid 27508 [ OK ] DeleteTableTest.TestDeleteEmptyTable (1882 ms) [ RUN ] DeleteTableTest.TestDeleteTableDestUuidValidation
I0628 23:54:44.672302 27213 external_mini_cluster.cc:556] Running /tmp/run_tha_testgCg15n/build/tsan/bin/kudu-master kudu-master --fs_wal_dir=/tmp/kudutest-1000/delete_table-test.DeleteTableTest.TestDeleteTableDestUuidValidation.1467158082783852-27213/minicluster-data/master --fs_data_dirs=/tmp/kudutest-1000/delete_table-test.DeleteTableTest.TestDeleteTableDestUuidValidation.1467158082783852-27213/minicluster-data/master --rpc_bind_addresses=127.0.0.1:0 --webserver_interface=localhost --webserver_port=0 --metrics_log_interval_ms=1000 --log_dir=/tmp/kudutest-1000/delete_table-test.DeleteTableTest.TestDeleteTableDestUuidValidation.1467158082783852-27213/minicluster-data/master --server_dump_info_path=/tmp/kudutest-1000/delete_table-test.DeleteTableTest.TestDeleteTableDestUuidValidation.1467158082783852-27213/minicluster-data/master/info.pb --server_dump_info_format=pb --rpc_server_allow_ephemeral_ports --logtostderr --logbuflevel=-1
I0628 23:54:44.782877 27665 mem_tracker.cc:138] MemTracker: hard memory limit is 11.777661 GB
I0628 23:54:44.783432 27665 mem_tracker.cc:140] MemTracker: soft memory limit is 7.066597 GB
I0628 23:54:44.795411 27665 master_main.cc:58] Initializing master server...
I0628 23:54:44.797449 27665 hybrid_clock.cc:178] HybridClock initialized. Resolution in nanos?: 1 Wait times tolerance adjustment: 1.0005 Current error: 128351
I0628 23:54:44.804200 27665 server_base.cc:164] Could not load existing FS layout: Not found: /tmp/kudutest-1000/delete_table-test.DeleteTableTest.TestDeleteTableDestUuidValidation.1467158082783852-27213/minicluster-data/master/instance: No such file or directory (error 2)
I0628 23:54:44.804411 27665 server_base.cc:165] Creating new FS layout
I0628 23:54:44.817229 27665 fs_manager.cc:345] Generated new instance metadata in path /tmp/kudutest-1000/delete_table-test.DeleteTableTest.TestDeleteTableDestUuidValidation.1467158082783852-27213/minicluster-data/master/instance: uuid: "b06d8ce417fb408f8c07252e9a5533b0" format_stamp: "Formatted at 2016-06-28 23:54:44 on dist-test-slave-dist-test-slave-cgs5"
I0628 23:54:44.830453 27665 fs_manager.cc:242] Opened local filesystem: /tmp/kudutest-1000/delete_table-test.DeleteTableTest.TestDeleteTableDestUuidValidation.1467158082783852-27213/minicluster-data/master uuid: "b06d8ce417fb408f8c07252e9a5533b0" format_stamp: "Formatted at 2016-06-28 23:54:44 on dist-test-slave-dist-test-slave-cgs5"
I0628 23:54:44.863059 27665 master_main.cc:61] Starting Master server...
I0628 23:54:44.897107 27665 rpc_server.cc:164] RPC server started. Bound to: 127.0.0.1:39993
I0628 23:54:44.898417 27665 webserver.cc:122] Starting webserver on localhost:0
I0628 23:54:44.898521 27665 webserver.cc:133] Document root disabled
I0628 23:54:44.899238 27665 net_util.cc:183] Address 127.0.0.1:0 for localhost:0 duplicates an earlier resolved entry.
I0628 23:54:44.900475 27665 webserver.cc:217] Webserver started. Bound to: http://127.0.0.1:35242/
