I0628 23:54:44.901991 27665 server_base.cc:234] Dumped server information to /tmp/kudutest-1000/delete_table-test.DeleteTableTest.TestDeleteTableDestUuidValidation.1467158082783852-27213/minicluster-data/master/info.pb
I0628 23:54:44.908619 27213 external_mini_cluster.cc:592] Started /tmp/run_tha_testgCg15n/build/tsan/bin/kudu-master as pid 27665
I0628 23:54:44.909435 27213 external_mini_cluster.cc:556] Running /tmp/run_tha_testgCg15n/build/tsan/bin/kudu-tserver kudu-tserver --fs_wal_dir=/tmp/kudutest-1000/delete_table-test.DeleteTableTest.TestDeleteTableDestUuidValidation.1467158082783852-27213/minicluster-data/ts-0 --fs_data_dirs=/tmp/kudutest-1000/delete_table-test.DeleteTableTest.TestDeleteTableDestUuidValidation.1467158082783852-27213/minicluster-data/ts-0 --rpc_bind_addresses=127.106.77.0:0 --local_ip_for_outbound_sockets=127.106.77.0 --webserver_interface=127.106.77.0 --webserver_port=0 --tserver_master_addrs=127.0.0.1:39993 --metrics_log_interval_ms=1000 --log_dir=/tmp/kudutest-1000/delete_table-test.DeleteTableTest.TestDeleteTableDestUuidValidation.1467158082783852-27213/minicluster-data/ts-0 --never_fsync --server_dump_info_path=/tmp/kudutest-1000/delete_table-test.DeleteTableTest.TestDeleteTableDestUuidValidation.1467158082783852-27213/minicluster-data/ts-0/info.pb --server_dump_info_format=pb --rpc_server_allow_ephemeral_ports --logtostderr --logbuflevel=-1
I0628 23:54:44.928091 27708 tablet_bootstrap.cc:393] T 00000000000000000000000000000000 P b06d8ce417fb408f8c07252e9a5533b0: Bootstrap starting.
I0628 23:54:44.931893 27708 tablet_bootstrap.cc:553] T 00000000000000000000000000000000 P b06d8ce417fb408f8c07252e9a5533b0: Time spent opening tablet: real 0.001s user 0.000s sys 0.000s
I0628 23:54:44.932504 27708 tablet_bootstrap.cc:493] T 00000000000000000000000000000000 P b06d8ce417fb408f8c07252e9a5533b0: No blocks or log segments found. Creating new log.
I0628 23:54:44.934116 27708 log.cc:350] Log is configured to *not* fsync() on all Append() calls
I0628 23:54:44.938772 27708 tablet_bootstrap.cc:393] T 00000000000000000000000000000000 P b06d8ce417fb408f8c07252e9a5533b0: No bootstrap required, opened a new log
I0628 23:54:44.944299 27708 raft_consensus.cc:269] T 00000000000000000000000000000000 P b06d8ce417fb408f8c07252e9a5533b0 [term 0 FOLLOWER]: Replica starting. Triggering 0 pending transactions. Active config: opid_index: -1 peers { permanent_uuid: "b06d8ce417fb408f8c07252e9a5533b0" member_type: VOTER }
I0628 23:54:44.945236 27708 raft_consensus.cc:301] T 00000000000000000000000000000000 P b06d8ce417fb408f8c07252e9a5533b0 [term 0 FOLLOWER]: Consensus starting up: Expiring failure detector timer to make a prompt election more likely
I0628 23:54:44.945479 27708 raft_consensus.cc:499] T 00000000000000000000000000000000 P b06d8ce417fb408f8c07252e9a5533b0 [term 0 FOLLOWER]: Becoming Follower/Learner. State: Replica: b06d8ce417fb408f8c07252e9a5533b0, State: 1, Role: FOLLOWER Watermarks: {Received: term: 0 index: 0 Committed: term: 0 index: 0}
I0628 23:54:44.945837 27708 consensus_queue.cc:162] T 00000000000000000000000000000000 P b06d8ce417fb408f8c07252e9a5533b0 [NON_LEADER]: Queue going to NON_LEADER mode. State: All replicated op: 0.0, Majority replicated op: 0.0, Committed index: 0.0, Last appended: 0.0, Current term: 0, Majority size: -1, State: 1, Mode: NON_LEADER
I0628 23:54:44.946123 27708 raft_consensus.cc:314] T 00000000000000000000000000000000 P b06d8ce417fb408f8c07252e9a5533b0 [term 0 FOLLOWER]: Only one voter in the Raft config. Triggering election immediately
I0628 23:54:44.946281 27708 raft_consensus.cc:370] T 00000000000000000000000000000000 P b06d8ce417fb408f8c07252e9a5533b0 [term 0 FOLLOWER]: No leader contacted us within the election timeout. Triggering leader election
I0628 23:54:44.946411 27708 raft_consensus.cc:2019] T 00000000000000000000000000000000 P b06d8ce417fb408f8c07252e9a5533b0 [term 0 FOLLOWER]: Advancing to term 1
I0628 23:54:44.947978 27708 raft_consensus.cc:1970] T 00000000000000000000000000000000 P b06d8ce417fb408f8c07252e9a5533b0 [term 1 FOLLOWER]: Snoozing failure detection for election timeout plus an additional 1.628s
I0628 23:54:44.948220 27708 raft_consensus.cc:386] T 00000000000000000000000000000000 P b06d8ce417fb408f8c07252e9a5533b0 [term 1 FOLLOWER]: Starting election with config: opid_index: -1 peers { permanent_uuid: "b06d8ce417fb408f8c07252e9a5533b0" member_type: VOTER }
I0628 23:54:44.950350 27708 leader_election.cc:248] T 00000000000000000000000000000000 P b06d8ce417fb408f8c07252e9a5533b0 [CANDIDATE]: Term 1 election: Election decided. Result: candidate won.
I0628 23:54:44.952013 27713 raft_consensus.cc:1970] T 00000000000000000000000000000000 P b06d8ce417fb408f8c07252e9a5533b0 [term 1 FOLLOWER]: Snoozing failure detection for election timeout plus an additional 1.587s
I0628 23:54:44.952332 27713 raft_consensus.cc:1859] T 00000000000000000000000000000000 P b06d8ce417fb408f8c07252e9a5533b0 [term 1 FOLLOWER]: Leader election won for term 1
I0628 23:54:44.954645 27713 raft_consensus.cc:464] T 00000000000000000000000000000000 P b06d8ce417fb408f8c07252e9a5533b0 [term 1 LEADER]: Becoming Leader. State: Replica: b06d8ce417fb408f8c07252e9a5533b0, State: 1, Role: LEADER Watermarks: {Received: term: 0 index: 0 Committed: term: 0 index: 0}
I0628 23:54:44.955474 27713 consensus_queue.cc:145] T 00000000000000000000000000000000 P b06d8ce417fb408f8c07252e9a5533b0 [LEADER]: Queue going to LEADER mode. State: All replicated op: 0.0, Majority replicated op: 0.0, Committed index: 0.0, Last appended: 0.0, Current term: 1, Majority size: 1, State: 1, Mode: LEADER, active raft config: opid_index: -1 peers { permanent_uuid: "b06d8ce417fb408f8c07252e9a5533b0" member_type: VOTER }
I0628 23:54:44.974272 27708 sys_catalog.cc:235] T 00000000000000000000000000000000 P b06d8ce417fb408f8c07252e9a5533b0 [sys.catalog]: SysCatalogTable state changed. Reason: Started TabletPeer. Latest consensus state: current_term: 1 leader_uuid: "b06d8ce417fb408f8c07252e9a5533b0" config { opid_index: -1 peers { permanent_uuid: "b06d8ce417fb408f8c07252e9a5533b0" member_type: VOTER } }
I0628 23:54:44.974690 27708 sys_catalog.cc:238] T 00000000000000000000000000000000 P b06d8ce417fb408f8c07252e9a5533b0 [sys.catalog]: This master's current role is: LEADER
I0628 23:54:44.976141 27715 sys_catalog.cc:235] T 00000000000000000000000000000000 P b06d8ce417fb408f8c07252e9a5533b0 [sys.catalog]: SysCatalogTable state changed. Reason: New leader b06d8ce417fb408f8c07252e9a5533b0. Latest consensus state: current_term: 1 leader_uuid: "b06d8ce417fb408f8c07252e9a5533b0" config { opid_index: -1 peers { permanent_uuid: "b06d8ce417fb408f8c07252e9a5533b0" member_type: VOTER } }
I0628 23:54:44.976785 27715 sys_catalog.cc:238] T 00000000000000000000000000000000 P b06d8ce417fb408f8c07252e9a5533b0 [sys.catalog]: This master's current role is: LEADER
I0628 23:54:44.976099 27714 sys_catalog.cc:235] T 00000000000000000000000000000000 P b06d8ce417fb408f8c07252e9a5533b0 [sys.catalog]: SysCatalogTable state changed. Reason: RaftConsensus started. Latest consensus state: current_term: 1 leader_uuid: "b06d8ce417fb408f8c07252e9a5533b0" config { opid_index: -1 peers { permanent_uuid: "b06d8ce417fb408f8c07252e9a5533b0" member_type: VOTER } }
I0628 23:54:44.980568 27714 sys_catalog.cc:238] T 00000000000000000000000000000000 P b06d8ce417fb408f8c07252e9a5533b0 [sys.catalog]: This master's current role is: LEADER
I0628 23:54:44.981675 27708 sys_catalog.cc:311] T 00000000000000000000000000000000 P b06d8ce417fb408f8c07252e9a5533b0 [sys.catalog]: configured and running, proceeding with master startup.
I0628 23:54:44.983155 27665 master_main.cc:64] Master server successfully started.
I0628 23:54:44.984041 27717 catalog_manager.cc:635] Loading table and tablet metadata into memory...
I0628 23:54:44.985314 27718 raft_consensus_state.cc:534] T 00000000000000000000000000000000 P b06d8ce417fb408f8c07252e9a5533b0 [term 1 LEADER]: Advanced the committed_index across terms. Last committed operation was: term: 0 index: 0 New committed index is: term: 1 index: 1
I0628 23:54:45.023820 27709 mem_tracker.cc:138] MemTracker: hard memory limit is 11.777661 GB
I0628 23:54:45.024401 27709 mem_tracker.cc:140] MemTracker: soft memory limit is 7.066597 GB
I0628 23:54:45.038002 27709 tablet_server_main.cc:54] Initializing tablet server...
I0628 23:54:45.040796 27709 hybrid_clock.cc:178] HybridClock initialized. Resolution in nanos?: 1 Wait times tolerance adjustment: 1.0005 Current error: 128851
I0628 23:54:45.046720 27709 server_base.cc:164] Could not load existing FS layout: Not found: /tmp/kudutest-1000/delete_table-test.DeleteTableTest.TestDeleteTableDestUuidValidation.1467158082783852-27213/minicluster-data/ts-0/instance: No such file or directory (error 2)
I0628 23:54:45.047134 27709 server_base.cc:165] Creating new FS layout
I0628 23:54:45.055166 27709 fs_manager.cc:345] Generated new instance metadata in path /tmp/kudutest-1000/delete_table-test.DeleteTableTest.TestDeleteTableDestUuidValidation.1467158082783852-27213/minicluster-data/ts-0/instance: uuid: "fad53de7daf340bdbf96055a00e70a52" format_stamp: "Formatted at 2016-06-28 23:54:45 on dist-test-slave-dist-test-slave-cgs5"
I0628 23:54:45.063449 27709 fs_manager.cc:242] Opened local filesystem: /tmp/kudutest-1000/delete_table-test.DeleteTableTest.TestDeleteTableDestUuidValidation.1467158082783852-27213/minicluster-data/ts-0 uuid: "fad53de7daf340bdbf96055a00e70a52" format_stamp: "Formatted at 2016-06-28 23:54:45 on dist-test-slave-dist-test-slave-cgs5"
I0628 23:54:45.108536 27709 tablet_server_main.cc:57] Starting tablet server...
I0628 23:54:45.475262 27709 rpc_server.cc:164] RPC server started. Bound to: 127.106.77.0:52855
I0628 23:54:45.477473 27709 webserver.cc:122] Starting webserver on 127.106.77.0:0
I0628 23:54:45.477596 27709 webserver.cc:133] Document root disabled
I0628 23:54:45.479166 27709 webserver.cc:217] Webserver started. Bound to: http://127.106.77.0:46435/
I0628 23:54:45.480654 27709 server_base.cc:234] Dumped server information to /tmp/kudutest-1000/delete_table-test.DeleteTableTest.TestDeleteTableDestUuidValidation.1467158082783852-27213/minicluster-data/ts-0/info.pb
I0628 23:54:45.483280 27709 tablet_server_main.cc:60] Tablet server successfully started.
I0628 23:54:45.489672 27213 external_mini_cluster.cc:592] Started /tmp/run_tha_testgCg15n/build/tsan/bin/kudu-tserver as pid 27709
I0628 23:54:45.490731 27213 external_mini_cluster.cc:556] Running /tmp/run_tha_testgCg15n/build/tsan/bin/kudu-tserver kudu-tserver --fs_wal_dir=/tmp/kudutest-1000/delete_table-test.DeleteTableTest.TestDeleteTableDestUuidValidation.1467158082783852-27213/minicluster-data/ts-1 --fs_data_dirs=/tmp/kudutest-1000/delete_table-test.DeleteTableTest.TestDeleteTableDestUuidValidation.1467158082783852-27213/minicluster-data/ts-1 --rpc_bind_addresses=127.106.77.1:0 --local_ip_for_outbound_sockets=127.106.77.1 --webserver_interface=127.106.77.1 --webserver_port=0 --tserver_master_addrs=127.0.0.1:39993 --metrics_log_interval_ms=1000 --log_dir=/tmp/kudutest-1000/delete_table-test.DeleteTableTest.TestDeleteTableDestUuidValidation.1467158082783852-27213/minicluster-data/ts-1 --never_fsync --server_dump_info_path=/tmp/kudutest-1000/delete_table-test.DeleteTableTest.TestDeleteTableDestUuidValidation.1467158082783852-27213/minicluster-data/ts-1/info.pb --server_dump_info_format=pb --rpc_server_allow_ephemeral_ports --logtostderr --logbuflevel=-1
I0628 23:54:45.499011 27833 heartbeater.cc:254] Connected to a leader master server at 127.0.0.1:39993
I0628 23:54:45.499433 27833 heartbeater.cc:319] Registering TS with master...
I0628 23:54:45.499696 27833 heartbeater.cc:325] Sending a full tablet report to master...
I0628 23:54:45.501428 27685 ts_manager.cc:82] Registered new tablet server { permanent_uuid: "fad53de7daf340bdbf96055a00e70a52" instance_seqno: 1467158085453877 } with Master
I0628 23:54:45.607674 27837 mem_tracker.cc:138] MemTracker: hard memory limit is 11.777661 GB
I0628 23:54:45.608136 27837 mem_tracker.cc:140] MemTracker: soft memory limit is 7.066597 GB
I0628 23:54:45.622234 27837 tablet_server_main.cc:54] Initializing tablet server...
I0628 23:54:45.625047 27837 hybrid_clock.cc:178] HybridClock initialized. Resolution in nanos?: 1 Wait times tolerance adjustment: 1.0005 Current error: 128851
I0628 23:54:45.631096 27837 server_base.cc:164] Could not load existing FS layout: Not found: /tmp/kudutest-1000/delete_table-test.DeleteTableTest.TestDeleteTableDestUuidValidation.1467158082783852-27213/minicluster-data/ts-1/instance: No such file or directory (error 2)
I0628 23:54:45.631289 27837 server_base.cc:165] Creating new FS layout
I0628 23:54:45.639395 27837 fs_manager.cc:345] Generated new instance metadata in path /tmp/kudutest-1000/delete_table-test.DeleteTableTest.TestDeleteTableDestUuidValidation.1467158082783852-27213/minicluster-data/ts-1/instance: uuid: "60ef03f1cf2e47f49194d736f48965bd" format_stamp: "Formatted at 2016-06-28 23:54:45 on dist-test-slave-dist-test-slave-cgs5"
I0628 23:54:45.647253 27837 fs_manager.cc:242] Opened local filesystem: /tmp/kudutest-1000/delete_table-test.DeleteTableTest.TestDeleteTableDestUuidValidation.1467158082783852-27213/minicluster-data/ts-1 uuid: "60ef03f1cf2e47f49194d736f48965bd" format_stamp: "Formatted at 2016-06-28 23:54:45 on dist-test-slave-dist-test-slave-cgs5"
I0628 23:54:45.680567 27837 tablet_server_main.cc:57] Starting tablet server...
I0628 23:54:45.773677 27837 rpc_server.cc:164] RPC server started. Bound to: 127.106.77.1:44250
I0628 23:54:45.775123 27837 webserver.cc:122] Starting webserver on 127.106.77.1:0
I0628 23:54:45.775219 27837 webserver.cc:133] Document root disabled
I0628 23:54:45.776671 27837 webserver.cc:217] Webserver started. Bound to: http://127.106.77.1:36820/
I0628 23:54:45.778270 27837 server_base.cc:234] Dumped server information to /tmp/kudutest-1000/delete_table-test.DeleteTableTest.TestDeleteTableDestUuidValidation.1467158082783852-27213/minicluster-data/ts-1/info.pb
I0628 23:54:45.780652 27837 tablet_server_main.cc:60] Tablet server successfully started.
I0628 23:54:45.788048 27213 external_mini_cluster.cc:592] Started /tmp/run_tha_testgCg15n/build/tsan/bin/kudu-tserver as pid 27837
I0628 23:54:45.788830 27213 external_mini_cluster.cc:556] Running /tmp/run_tha_testgCg15n/build/tsan/bin/kudu-tserver kudu-tserver --fs_wal_dir=/tmp/kudutest-1000/delete_table-test.DeleteTableTest.TestDeleteTableDestUuidValidation.1467158082783852-27213/minicluster-data/ts-2 --fs_data_dirs=/tmp/kudutest-1000/delete_table-test.DeleteTableTest.TestDeleteTableDestUuidValidation.1467158082783852-27213/minicluster-data/ts-2 --rpc_bind_addresses=127.106.77.2:0 --local_ip_for_outbound_sockets=127.106.77.2 --webserver_interface=127.106.77.2 --webserver_port=0 --tserver_master_addrs=127.0.0.1:39993 --metrics_log_interval_ms=1000 --log_dir=/tmp/kudutest-1000/delete_table-test.DeleteTableTest.TestDeleteTableDestUuidValidation.1467158082783852-27213/minicluster-data/ts-2 --never_fsync --server_dump_info_path=/tmp/kudutest-1000/delete_table-test.DeleteTableTest.TestDeleteTableDestUuidValidation.1467158082783852-27213/minicluster-data/ts-2/info.pb --server_dump_info_format=pb --rpc_server_allow_ephemeral_ports --logtostderr --logbuflevel=-1
I0628 23:54:45.789527 27951 heartbeater.cc:254] Connected to a leader master server at 127.0.0.1:39993
I0628 23:54:45.789868 27951 heartbeater.cc:319] Registering TS with master...
I0628 23:54:45.790061 27951 heartbeater.cc:325] Sending a full tablet report to master...
I0628 23:54:45.791360 27685 ts_manager.cc:82] Registered new tablet server { permanent_uuid: "60ef03f1cf2e47f49194d736f48965bd" instance_seqno: 1467158085755172 } with Master
I0628 23:54:45.896284 27954 mem_tracker.cc:138] MemTracker: hard memory limit is 11.777661 GB
I0628 23:54:45.896733 27954 mem_tracker.cc:140] MemTracker: soft memory limit is 7.066597 GB
I0628 23:54:45.910089 27954 tablet_server_main.cc:54] Initializing tablet server...
I0628 23:54:45.912834 27954 hybrid_clock.cc:178] HybridClock initialized. Resolution in nanos?: 1 Wait times tolerance adjustment: 1.0005 Current error: 128851
I0628 23:54:45.918493 27954 server_base.cc:164] Could not load existing FS layout: Not found: /tmp/kudutest-1000/delete_table-test.DeleteTableTest.TestDeleteTableDestUuidValidation.1467158082783852-27213/minicluster-data/ts-2/instance: No such file or directory (error 2)
I0628 23:54:45.918675 27954 server_base.cc:165] Creating new FS layout
I0628 23:54:45.926298 27954 fs_manager.cc:345] Generated new instance metadata in path /tmp/kudutest-1000/delete_table-test.DeleteTableTest.TestDeleteTableDestUuidValidation.1467158082783852-27213/minicluster-data/ts-2/instance: uuid: "3a00359c210041bd86f5da4c403ed2af" format_stamp: "Formatted at 2016-06-28 23:54:45 on dist-test-slave-dist-test-slave-cgs5"
I0628 23:54:45.934259 27954 fs_manager.cc:242] Opened local filesystem: /tmp/kudutest-1000/delete_table-test.DeleteTableTest.TestDeleteTableDestUuidValidation.1467158082783852-27213/minicluster-data/ts-2 uuid: "3a00359c210041bd86f5da4c403ed2af" format_stamp: "Formatted at 2016-06-28 23:54:45 on dist-test-slave-dist-test-slave-cgs5"
I0628 23:54:45.968627 27954 tablet_server_main.cc:57] Starting tablet server...
I0628 23:54:46.058722 27954 rpc_server.cc:164] RPC server started. Bound to: 127.106.77.2:37991
I0628 23:54:46.060714 27954 webserver.cc:122] Starting webserver on 127.106.77.2:0
I0628 23:54:46.060822 27954 webserver.cc:133] Document root disabled
I0628 23:54:46.062445 27954 webserver.cc:217] Webserver started. Bound to: http://127.106.77.2:51458/
I0628 23:54:46.063951 27954 server_base.cc:234] Dumped server information to /tmp/kudutest-1000/delete_table-test.DeleteTableTest.TestDeleteTableDestUuidValidation.1467158082783852-27213/minicluster-data/ts-2/info.pb
I0628 23:54:46.065095 27213 external_mini_cluster.cc:592] Started /tmp/run_tha_testgCg15n/build/tsan/bin/kudu-tserver as pid 27954
I0628 23:54:46.066529 27954 tablet_server_main.cc:60] Tablet server successfully started.
I0628 23:54:46.077755 28068 heartbeater.cc:254] Connected to a leader master server at 127.0.0.1:39993
I0628 23:54:46.078174 28068 heartbeater.cc:319] Registering TS with master...
I0628 23:54:46.078454 28068 heartbeater.cc:325] Sending a full tablet report to master...
I0628 23:54:46.079687 27685 ts_manager.cc:82] Registered new tablet server { permanent_uuid: "3a00359c210041bd86f5da4c403ed2af" instance_seqno: 1467158086040089 } with Master
I0628 23:54:46.081732 27213 external_mini_cluster.cc:319] 3 TS(s) registered with Master
I0628 23:54:46.129351 27685 catalog_manager.cc:772] CreateTable from {real_user=slave, eff_user=} at 127.0.0.1:43649: name: "test-workload" schema { columns { name: "key" type: INT32 is_key: true is_nullable: false encoding: AUTO_ENCODING compression: DEFAULT_COMPRESSION cfile_block_size: 0 } columns { name: "int_val" type: INT32 is_key: false is_nullable: false encoding: AUTO_ENCODING compression: DEFAULT_COMPRESSION cfile_block_size: 0 } columns { name: "string_val" type: STRING is_key: false is_nullable: true encoding: AUTO_ENCODING compression: DEFAULT_COMPRESSION cfile_block_size: 0 } } num_replicas: 3 split_rows_range_bounds { } partition_schema { range_schema { columns { name: "key" } } }
I0628 23:54:46.172883 27888 tablet_service.cc:612] Processing CreateTablet for tablet fa5f39316f3a4636b5ca8390b94b8183 (table=test-workload [id=53a1f725371e4fc08adc753b8cb4442f]), partition=range: [(), ())
I0628 23:54:46.174875 27770 tablet_service.cc:612] Processing CreateTablet for tablet fa5f39316f3a4636b5ca8390b94b8183 (table=test-workload [id=53a1f725371e4fc08adc753b8cb4442f]), partition=range: [(), ())
I0628 23:54:46.184384 28005 tablet_service.cc:612] Processing CreateTablet for tablet fa5f39316f3a4636b5ca8390b94b8183 (table=test-workload [id=53a1f725371e4fc08adc753b8cb4442f]), partition=range: [(), ())
I0628 23:54:46.189843 27888 ts_tablet_manager.cc:760] Registered tablet fa5f39316f3a4636b5ca8390b94b8183
I0628 23:54:46.191539 28087 ts_tablet_manager.cc:628] T fa5f39316f3a4636b5ca8390b94b8183 P 60ef03f1cf2e47f49194d736f48965bd: Bootstrapping tablet
I0628 23:54:46.194741 28087 tablet_bootstrap.cc:393] T fa5f39316f3a4636b5ca8390b94b8183 P 60ef03f1cf2e47f49194d736f48965bd: Bootstrap starting.
I0628 23:54:46.199780 28087 tablet_bootstrap.cc:553] T fa5f39316f3a4636b5ca8390b94b8183 P 60ef03f1cf2e47f49194d736f48965bd: Time spent opening tablet: real 0.001s user 0.000s sys 0.000s
I0628 23:54:46.200393 28087 tablet_bootstrap.cc:493] T fa5f39316f3a4636b5ca8390b94b8183 P 60ef03f1cf2e47f49194d736f48965bd: No blocks or log segments found. Creating new log.
I0628 23:54:46.202647 28087 log.cc:350] Log is configured to *not* fsync() on all Append() calls
I0628 23:54:46.213058 27770 ts_tablet_manager.cc:760] Registered tablet fa5f39316f3a4636b5ca8390b94b8183
I0628 23:54:46.214851 28005 ts_tablet_manager.cc:760] Registered tablet fa5f39316f3a4636b5ca8390b94b8183
I0628 23:54:46.219769 28091 ts_tablet_manager.cc:628] T fa5f39316f3a4636b5ca8390b94b8183 P 3a00359c210041bd86f5da4c403ed2af: Bootstrapping tablet
I0628 23:54:46.221587 28087 tablet_bootstrap.cc:393] T fa5f39316f3a4636b5ca8390b94b8183 P 60ef03f1cf2e47f49194d736f48965bd: No bootstrap required, opened a new log
I0628 23:54:46.222285 28087 ts_tablet_manager.cc:633] T fa5f39316f3a4636b5ca8390b94b8183 P 60ef03f1cf2e47f49194d736f48965bd: Time spent bootstrapping tablet: real 0.030s user 0.012s sys 0.016s
I0628 23:54:46.222689 28090 ts_tablet_manager.cc:628] T fa5f39316f3a4636b5ca8390b94b8183 P fad53de7daf340bdbf96055a00e70a52: Bootstrapping tablet
I0628 23:54:46.223580 28091 tablet_bootstrap.cc:393] T fa5f39316f3a4636b5ca8390b94b8183 P 3a00359c210041bd86f5da4c403ed2af: Bootstrap starting.
I0628 23:54:46.225100 28090 tablet_bootstrap.cc:393] T fa5f39316f3a4636b5ca8390b94b8183 P fad53de7daf340bdbf96055a00e70a52: Bootstrap starting.
I0628 23:54:46.228888 28091 tablet_bootstrap.cc:553] T fa5f39316f3a4636b5ca8390b94b8183 P 3a00359c210041bd86f5da4c403ed2af: Time spent opening tablet: real 0.001s user 0.004s sys 0.000s
I0628 23:54:46.229610 28091 tablet_bootstrap.cc:493] T fa5f39316f3a4636b5ca8390b94b8183 P 3a00359c210041bd86f5da4c403ed2af: No blocks or log segments found. Creating new log.
I0628 23:54:46.230140 28090 tablet_bootstrap.cc:553] T fa5f39316f3a4636b5ca8390b94b8183 P fad53de7daf340bdbf96055a00e70a52: Time spent opening tablet: real 0.003s user 0.004s sys 0.000s
I0628 23:54:46.230854 28090 tablet_bootstrap.cc:493] T fa5f39316f3a4636b5ca8390b94b8183 P fad53de7daf340bdbf96055a00e70a52: No blocks or log segments found. Creating new log.
I0628 23:54:46.232244 28091 log.cc:350] Log is configured to *not* fsync() on all Append() calls
I0628 23:54:46.231245 28087 raft_consensus.cc:269] T fa5f39316f3a4636b5ca8390b94b8183 P 60ef03f1cf2e47f49194d736f48965bd [term 0 FOLLOWER]: Replica starting. Triggering 0 pending transactions. Active config: opid_index: -1 peers { permanent_uuid: "60ef03f1cf2e47f49194d736f48965bd" member_type: VOTER last_known_addr { host: "127.106.77.1" port: 44250 } } peers { permanent_uuid: "fad53de7daf340bdbf96055a00e70a52" member_type: VOTER last_known_addr { host: "127.106.77.0" port: 52855 } } peers { permanent_uuid: "3a00359c210041bd86f5da4c403ed2af" member_type: VOTER last_known_addr { host: "127.106.77.2" port: 37991 } }
I0628 23:54:46.232995 28090 log.cc:350] Log is configured to *not* fsync() on all Append() calls
I0628 23:54:46.233667 28087 raft_consensus.cc:301] T fa5f39316f3a4636b5ca8390b94b8183 P 60ef03f1cf2e47f49194d736f48965bd [term 0 FOLLOWER]: Consensus starting up: Expiring failure detector timer to make a prompt election more likely
I0628 23:54:46.234019 28087 raft_consensus.cc:499] T fa5f39316f3a4636b5ca8390b94b8183 P 60ef03f1cf2e47f49194d736f48965bd [term 0 FOLLOWER]: Becoming Follower/Learner. State: Replica: 60ef03f1cf2e47f49194d736f48965bd, State: 1, Role: FOLLOWER Watermarks: {Received: term: 0 index: 0 Committed: term: 0 index: 0}
I0628 23:54:46.234628 28087 consensus_queue.cc:162] T fa5f39316f3a4636b5ca8390b94b8183 P 60ef03f1cf2e47f49194d736f48965bd [NON_LEADER]: Queue going to NON_LEADER mode. State: All replicated op: 0.0, Majority replicated op: 0.0, Committed index: 0.0, Last appended: 0.0, Current term: 0, Majority size: -1, State: 1, Mode: NON_LEADER
I0628 23:54:46.237994 28090 tablet_bootstrap.cc:393] T fa5f39316f3a4636b5ca8390b94b8183 P fad53de7daf340bdbf96055a00e70a52: No bootstrap required, opened a new log
I0628 23:54:46.238373 28090 ts_tablet_manager.cc:633] T fa5f39316f3a4636b5ca8390b94b8183 P fad53de7daf340bdbf96055a00e70a52: Time spent bootstrapping tablet: real 0.015s user 0.008s sys 0.004s
I0628 23:54:46.246029 28087 ts_tablet_manager.cc:659] T fa5f39316f3a4636b5ca8390b94b8183 P 60ef03f1cf2e47f49194d736f48965bd: Time spent starting tablet: real 0.023s user 0.016s sys 0.000s
I0628 23:54:46.248615 28090 raft_consensus.cc:269] T fa5f39316f3a4636b5ca8390b94b8183 P fad53de7daf340bdbf96055a00e70a52 [term 0 FOLLOWER]: Replica starting. Triggering 0 pending transactions. Active config: opid_index: -1 peers { permanent_uuid: "60ef03f1cf2e47f49194d736f48965bd" member_type: VOTER last_known_addr { host: "127.106.77.1" port: 44250 } } peers { permanent_uuid: "fad53de7daf340bdbf96055a00e70a52" member_type: VOTER last_known_addr { host: "127.106.77.0" port: 52855 } } peers { permanent_uuid: "3a00359c210041bd86f5da4c403ed2af" member_type: VOTER last_known_addr { host: "127.106.77.2" port: 37991 } }
I0628 23:54:46.250401 28090 raft_consensus.cc:301] T fa5f39316f3a4636b5ca8390b94b8183 P fad53de7daf340bdbf96055a00e70a52 [term 0 FOLLOWER]: Consensus starting up: Expiring failure detector timer to make a prompt election more likely
I0628 23:54:46.250705 28090 raft_consensus.cc:499] T fa5f39316f3a4636b5ca8390b94b8183 P fad53de7daf340bdbf96055a00e70a52 [term 0 FOLLOWER]: Becoming Follower/Learner. State: Replica: fad53de7daf340bdbf96055a00e70a52, State: 1, Role: FOLLOWER Watermarks: {Received: term: 0 index: 0 Committed: term: 0 index: 0}
I0628 23:54:46.251123 28090 consensus_queue.cc:162] T fa5f39316f3a4636b5ca8390b94b8183 P fad53de7daf340bdbf96055a00e70a52 [NON_LEADER]: Queue going to NON_LEADER mode. State: All replicated op: 0.0, Majority replicated op: 0.0, Committed index: 0.0, Last appended: 0.0, Current term: 0, Majority size: -1, State: 1, Mode: NON_LEADER
I0628 23:54:46.256413 28090 ts_tablet_manager.cc:659] T fa5f39316f3a4636b5ca8390b94b8183 P fad53de7daf340bdbf96055a00e70a52: Time spent starting tablet: real 0.018s user 0.016s sys 0.000s
I0628 23:54:46.257264 28091 tablet_bootstrap.cc:393] T fa5f39316f3a4636b5ca8390b94b8183 P 3a00359c210041bd86f5da4c403ed2af: No bootstrap required, opened a new log
I0628 23:54:46.257724 28091 ts_tablet_manager.cc:633] T fa5f39316f3a4636b5ca8390b94b8183 P 3a00359c210041bd86f5da4c403ed2af: Time spent bootstrapping tablet: real 0.037s user 0.012s sys 0.024s
I0628 23:54:46.265264 28091 raft_consensus.cc:269] T fa5f39316f3a4636b5ca8390b94b8183 P 3a00359c210041bd86f5da4c403ed2af [term 0 FOLLOWER]: Replica starting. Triggering 0 pending transactions. Active config: opid_index: -1 peers { permanent_uuid: "60ef03f1cf2e47f49194d736f48965bd" member_type: VOTER last_known_addr { host: "127.106.77.1" port: 44250 } } peers { permanent_uuid: "fad53de7daf340bdbf96055a00e70a52" member_type: VOTER last_known_addr { host: "127.106.77.0" port: 52855 } } peers { permanent_uuid: "3a00359c210041bd86f5da4c403ed2af" member_type: VOTER last_known_addr { host: "127.106.77.2" port: 37991 } }
I0628 23:54:46.266647 28091 raft_consensus.cc:301] T fa5f39316f3a4636b5ca8390b94b8183 P 3a00359c210041bd86f5da4c403ed2af [term 0 FOLLOWER]: Consensus starting up: Expiring failure detector timer to make a prompt election more likely
I0628 23:54:46.266890 28091 raft_consensus.cc:499] T fa5f39316f3a4636b5ca8390b94b8183 P 3a00359c210041bd86f5da4c403ed2af [term 0 FOLLOWER]: Becoming Follower/Learner. State: Replica: 3a00359c210041bd86f5da4c403ed2af, State: 1, Role: FOLLOWER Watermarks: {Received: term: 0 index: 0 Committed: term: 0 index: 0}
I0628 23:54:46.267336 28091 consensus_queue.cc:162] T fa5f39316f3a4636b5ca8390b94b8183 P 3a00359c210041bd86f5da4c403ed2af [NON_LEADER]: Queue going to NON_LEADER mode. State: All replicated op: 0.0, Majority replicated op: 0.0, Committed index: 0.0, Last appended: 0.0, Current term: 0, Majority size: -1, State: 1, Mode: NON_LEADER
I0628 23:54:46.270359 28091 ts_tablet_manager.cc:659] T fa5f39316f3a4636b5ca8390b94b8183 P 3a00359c210041bd86f5da4c403ed2af: Time spent starting tablet: real 0.012s user 0.004s sys 0.008s
I0628 23:54:46.666218 28093 raft_consensus.cc:370] T fa5f39316f3a4636b5ca8390b94b8183 P 60ef03f1cf2e47f49194d736f48965bd [term 0 FOLLOWER]: No leader contacted us within the election timeout. Triggering leader election
I0628 23:54:46.666442 28093 raft_consensus.cc:2019] T fa5f39316f3a4636b5ca8390b94b8183 P 60ef03f1cf2e47f49194d736f48965bd [term 0 FOLLOWER]: Advancing to term 1
I0628 23:54:46.668663 28093 raft_consensus.cc:1970] T fa5f39316f3a4636b5ca8390b94b8183 P 60ef03f1cf2e47f49194d736f48965bd [term 1 FOLLOWER]: Snoozing failure detection for election timeout plus an additional 1.594s
I0628 23:54:46.668864 28093 raft_consensus.cc:386] T fa5f39316f3a4636b5ca8390b94b8183 P 60ef03f1cf2e47f49194d736f48965bd [term 1 FOLLOWER]: Starting election with config: opid_index: -1 peers { permanent_uuid: "60ef03f1cf2e47f49194d736f48965bd" member_type: VOTER last_known_addr { host: "127.106.77.1" port: 44250 } } peers { permanent_uuid: "fad53de7daf340bdbf96055a00e70a52" member_type: VOTER last_known_addr { host: "127.106.77.0" port: 52855 } } peers { permanent_uuid: "3a00359c210041bd86f5da4c403ed2af" member_type: VOTER last_known_addr { host: "127.106.77.2" port: 37991 } }
I0628 23:54:46.672171 28093 leader_election.cc:223] T fa5f39316f3a4636b5ca8390b94b8183 P 60ef03f1cf2e47f49194d736f48965bd [CANDIDATE]: Term 1 election: Requesting vote from peer fad53de7daf340bdbf96055a00e70a52
I0628 23:54:46.672709 28093 leader_election.cc:223] T fa5f39316f3a4636b5ca8390b94b8183 P 60ef03f1cf2e47f49194d736f48965bd [CANDIDATE]: Term 1 election: Requesting vote from peer 3a00359c210041bd86f5da4c403ed2af
I0628 23:54:46.678725 27790 raft_consensus.cc:2019] T fa5f39316f3a4636b5ca8390b94b8183 P fad53de7daf340bdbf96055a00e70a52 [term 0 FOLLOWER]: Advancing to term 1
I0628 23:54:46.681321 28025 raft_consensus.cc:2019] T fa5f39316f3a4636b5ca8390b94b8183 P 3a00359c210041bd86f5da4c403ed2af [term 0 FOLLOWER]: Advancing to term 1
I0628 23:54:46.681818 27790 raft_consensus.cc:1970] T fa5f39316f3a4636b5ca8390b94b8183 P fad53de7daf340bdbf96055a00e70a52 [term 1 FOLLOWER]: Snoozing failure detection for election timeout plus an additional 1.617s
I0628 23:54:46.684324 28025 raft_consensus.cc:1970] T fa5f39316f3a4636b5ca8390b94b8183 P 3a00359c210041bd86f5da4c403ed2af [term 1 FOLLOWER]: Snoozing failure detection for election timeout plus an additional 1.595s
I0628 23:54:46.684458 27790 raft_consensus.cc:1677] T fa5f39316f3a4636b5ca8390b94b8183 P fad53de7daf340bdbf96055a00e70a52 [term 1 FOLLOWER]: Leader election vote request: Granting yes vote for candidate 60ef03f1cf2e47f49194d736f48965bd in term 1.
I0628 23:54:46.685765 27842 leader_election.cc:347] T fa5f39316f3a4636b5ca8390b94b8183 P 60ef03f1cf2e47f49194d736f48965bd [CANDIDATE]: Term 1 election: Vote granted by peer fad53de7daf340bdbf96055a00e70a52
I0628 23:54:46.686115 27842 leader_election.cc:248] T fa5f39316f3a4636b5ca8390b94b8183 P 60ef03f1cf2e47f49194d736f48965bd [CANDIDATE]: Term 1 election: Election decided. Result: candidate won.
I0628 23:54:46.686550 28025 raft_consensus.cc:1677] T fa5f39316f3a4636b5ca8390b94b8183 P 3a00359c210041bd86f5da4c403ed2af [term 1 FOLLOWER]: Leader election vote request: Granting yes vote for candidate 60ef03f1cf2e47f49194d736f48965bd in term 1.
I0628 23:54:46.686894 28096 raft_consensus.cc:1970] T fa5f39316f3a4636b5ca8390b94b8183 P 60ef03f1cf2e47f49194d736f48965bd [term 1 FOLLOWER]: Snoozing failure detection for election timeout plus an additional 1.643s
I0628 23:54:46.687188 28096 raft_consensus.cc:1859] T fa5f39316f3a4636b5ca8390b94b8183 P 60ef03f1cf2e47f49194d736f48965bd [term 1 FOLLOWER]: Leader election won for term 1
I0628 23:54:46.687497 27842 leader_election.cc:347] T fa5f39316f3a4636b5ca8390b94b8183 P 60ef03f1cf2e47f49194d736f48965bd [CANDIDATE]: Term 1 election: Vote granted by peer 3a00359c210041bd86f5da4c403ed2af
I0628 23:54:46.688935 28096 raft_consensus.cc:464] T fa5f39316f3a4636b5ca8390b94b8183 P 60ef03f1cf2e47f49194d736f48965bd [term 1 LEADER]: Becoming Leader. State: Replica: 60ef03f1cf2e47f49194d736f48965bd, State: 1, Role: LEADER Watermarks: {Received: term: 0 index: 0 Committed: term: 0 index: 0}
I0628 23:54:46.689923 28096 consensus_queue.cc:145] T fa5f39316f3a4636b5ca8390b94b8183 P 60ef03f1cf2e47f49194d736f48965bd [LEADER]: Queue going to LEADER mode. State: All replicated op: 0.0, Majority replicated op: 0.0, Committed index: 0.0, Last appended: 0.0, Current term: 1, Majority size: 2, State: 1, Mode: LEADER, active raft config: opid_index: -1 peers { permanent_uuid: "60ef03f1cf2e47f49194d736f48965bd" member_type: VOTER last_known_addr { host: "127.106.77.1" port: 44250 } } peers { permanent_uuid: "fad53de7daf340bdbf96055a00e70a52" member_type: VOTER last_known_addr { host: "127.106.77.0" port: 52855 } } peers { permanent_uuid: "3a00359c210041bd86f5da4c403ed2af" member_type: VOTER last_known_addr { host: "127.106.77.2" port: 37991 } }
I0628 23:54:46.715431 27684 catalog_manager.cc:1673] Tablet: fa5f39316f3a4636b5ca8390b94b8183 reported consensus state change. New consensus state: current_term: 1 leader_uuid: "60ef03f1cf2e47f49194d736f48965bd" config { opid_index: -1 peers { permanent_uuid: "60ef03f1cf2e47f49194d736f48965bd" member_type: VOTER last_known_addr { host: "127.106.77.1" port: 44250 } } peers { permanent_uuid: "fad53de7daf340bdbf96055a00e70a52" member_type: VOTER last_known_addr { host: "127.106.77.0" port: 52855 } } peers { permanent_uuid: "3a00359c210041bd86f5da4c403ed2af" member_type: VOTER last_known_addr { host: "127.106.77.2" port: 37991 } } }
W0628 23:54:46.724874 28109 raft_consensus_state.cc:541] T fa5f39316f3a4636b5ca8390b94b8183 P 60ef03f1cf2e47f49194d736f48965bd [term 1 LEADER]: Can't advance the committed index across term boundaries until operations from the current term are replicated. Last committed operation was: term: 0 index: 0, New majority replicated is: term: 0 index: 0, Current term is: 1
W0628 23:54:46.763515 27770 tablet_service.cc:186] Invalid argument: DeleteTablet: Wrong destination UUID requested. Local UUID: fad53de7daf340bdbf96055a00e70a52. Requested UUID: fake-uuid: from {real_user=slave, eff_user=} at 127.0.0.1:44030: tablet_id: "fa5f39316f3a4636b5ca8390b94b8183" delete_type: TABLET_DATA_TOMBSTONED dest_uuid: "fake-uuid"
I0628 23:54:46.776685 27213 external_mini_cluster.cc:658] Killing /tmp/run_tha_testgCg15n/build/tsan/bin/kudu-master with pid 27665
I0628 23:54:46.793792 27213 external_mini_cluster.cc:658] Killing /tmp/run_tha_testgCg15n/build/tsan/bin/kudu-tserver with pid 27709
I0628 23:54:46.808145 27213 external_mini_cluster.cc:658] Killing /tmp/run_tha_testgCg15n/build/tsan/bin/kudu-tserver with pid 27837
I0628 23:54:46.822830 27213 external_mini_cluster.cc:658] Killing /tmp/run_tha_testgCg15n/build/tsan/bin/kudu-tserver with pid 27954 [ OK ] DeleteTableTest.TestDeleteTableDestUuidValidation (2174 ms) [ RUN ] DeleteTableTest.TestAtomicDeleteTablet
I0628 23:54:46.845762 27213 external_mini_cluster.cc:556] Running /tmp/run_tha_testgCg15n/build/tsan/bin/kudu-master kudu-master --fs_wal_dir=/tmp/kudutest-1000/delete_table-test.DeleteTableTest.TestAtomicDeleteTablet.1467158082783852-27213/minicluster-data/master --fs_data_dirs=/tmp/kudutest-1000/delete_table-test.DeleteTableTest.TestAtomicDeleteTablet.1467158082783852-27213/minicluster-data/master --rpc_bind_addresses=127.0.0.1:0 --webserver_interface=localhost --webserver_port=0 --metrics_log_interval_ms=1000 --log_dir=/tmp/kudutest-1000/delete_table-test.DeleteTableTest.TestAtomicDeleteTablet.1467158082783852-27213/minicluster-data/master --server_dump_info_path=/tmp/kudutest-1000/delete_table-test.DeleteTableTest.TestAtomicDeleteTablet.1467158082783852-27213/minicluster-data/master/info.pb --server_dump_info_format=pb --rpc_server_allow_ephemeral_ports --logtostderr --logbuflevel=-1
I0628 23:54:46.953415 28112 mem_tracker.cc:138] MemTracker: hard memory limit is 11.777661 GB
I0628 23:54:46.954046 28112 mem_tracker.cc:140] MemTracker: soft memory limit is 7.066597 GB
I0628 23:54:46.965816 28112 master_main.cc:58] Initializing master server...
I0628 23:54:46.967955 28112 hybrid_clock.cc:178] HybridClock initialized. Resolution in nanos?: 1 Wait times tolerance adjustment: 1.0005 Current error: 129351
I0628 23:54:46.974216 28112 server_base.cc:164] Could not load existing FS layout: Not found: /tmp/kudutest-1000/delete_table-test.DeleteTableTest.TestAtomicDeleteTablet.1467158082783852-27213/minicluster-data/master/instance: No such file or directory (error 2)
I0628 23:54:46.974412 28112 server_base.cc:165] Creating new FS layout
I0628 23:54:46.987270 28112 fs_manager.cc:345] Generated new instance metadata in path /tmp/kudutest-1000/delete_table-test.DeleteTableTest.TestAtomicDeleteTablet.1467158082783852-27213/minicluster-data/master/instance: uuid: "1ad263b475ad4ea38c9d39c30907abcb" format_stamp: "Formatted at 2016-06-28 23:54:46 on dist-test-slave-dist-test-slave-cgs5"
I0628 23:54:46.999713 28112 fs_manager.cc:242] Opened local filesystem: /tmp/kudutest-1000/delete_table-test.DeleteTableTest.TestAtomicDeleteTablet.1467158082783852-27213/minicluster-data/master uuid: "1ad263b475ad4ea38c9d39c30907abcb" format_stamp: "Formatted at 2016-06-28 23:54:46 on dist-test-slave-dist-test-slave-cgs5"
I0628 23:54:47.030423 28112 master_main.cc:61] Starting Master server...
I0628 23:54:47.063930 28112 rpc_server.cc:164] RPC server started. Bound to: 127.0.0.1:34905
I0628 23:54:47.065335 28112 webserver.cc:122] Starting webserver on localhost:0
I0628 23:54:47.065434 28112 webserver.cc:133] Document root disabled
I0628 23:54:47.066154 28112 net_util.cc:183] Address 127.0.0.1:0 for localhost:0 duplicates an earlier resolved entry.
I0628 23:54:47.067431 28112 webserver.cc:217] Webserver started. Bound to: http://127.0.0.1:50998/
I0628 23:54:47.068681 28112 server_base.cc:234] Dumped server information to /tmp/kudutest-1000/delete_table-test.DeleteTableTest.TestAtomicDeleteTablet.1467158082783852-27213/minicluster-data/master/info.pb
I0628 23:54:47.071315 27213 external_mini_cluster.cc:592] Started /tmp/run_tha_testgCg15n/build/tsan/bin/kudu-master as pid 28112
I0628 23:54:47.072348 27213 external_mini_cluster.cc:556] Running /tmp/run_tha_testgCg15n/build/tsan/bin/kudu-tserver kudu-tserver --fs_wal_dir=/tmp/kudutest-1000/delete_table-test.DeleteTableTest.TestAtomicDeleteTablet.1467158082783852-27213/minicluster-data/ts-0 --fs_data_dirs=/tmp/kudutest-1000/delete_table-test.DeleteTableTest.TestAtomicDeleteTablet.1467158082783852-27213/minicluster-data/ts-0 --rpc_bind_addresses=127.106.77.0:0 --local_ip_for_outbound_sockets=127.106.77.0 --webserver_interface=127.106.77.0 --webserver_port=0 --tserver_master_addrs=127.0.0.1:34905 --metrics_log_interval_ms=1000 --log_dir=/tmp/kudutest-1000/delete_table-test.DeleteTableTest.TestAtomicDeleteTablet.1467158082783852-27213/minicluster-data/ts-0 --never_fsync --server_dump_info_path=/tmp/kudutest-1000/delete_table-test.DeleteTableTest.TestAtomicDeleteTablet.1467158082783852-27213/minicluster-data/ts-0/info.pb --server_dump_info_format=pb --rpc_server_allow_ephemeral_ports --logtostderr --logbuflevel=-1
I0628 23:54:47.094969 28155 tablet_bootstrap.cc:393] T 00000000000000000000000000000000 P 1ad263b475ad4ea38c9d39c30907abcb: Bootstrap starting.
I0628 23:54:47.098515 28155 tablet_bootstrap.cc:553] T 00000000000000000000000000000000 P 1ad263b475ad4ea38c9d39c30907abcb: Time spent opening tablet: real 0.001s user 0.000s sys 0.000s
I0628 23:54:47.099175 28155 tablet_bootstrap.cc:493] T 00000000000000000000000000000000 P 1ad263b475ad4ea38c9d39c30907abcb: No blocks or log segments found. Creating new log.
I0628 23:54:47.100946 28155 log.cc:350] Log is configured to *not* fsync() on all Append() calls
I0628 23:54:47.105341 28155 tablet_bootstrap.cc:393] T 00000000000000000000000000000000 P 1ad263b475ad4ea38c9d39c30907abcb: No bootstrap required, opened a new log
I0628 23:54:47.111212 28155 raft_consensus.cc:269] T 00000000000000000000000000000000 P 1ad263b475ad4ea38c9d39c30907abcb [term 0 FOLLOWER]: Replica starting. Triggering 0 pending transactions. Active config: opid_index: -1 peers { permanent_uuid: "1ad263b475ad4ea38c9d39c30907abcb" member_type: VOTER }
I0628 23:54:47.112222 28155 raft_consensus.cc:301] T 00000000000000000000000000000000 P 1ad263b475ad4ea38c9d39c30907abcb [term 0 FOLLOWER]: Consensus starting up: Expiring failure detector timer to make a prompt election more likely
I0628 23:54:47.112520 28155 raft_consensus.cc:499] T 00000000000000000000000000000000 P 1ad263b475ad4ea38c9d39c30907abcb [term 0 FOLLOWER]: Becoming Follower/Learner. State: Replica: 1ad263b475ad4ea38c9d39c30907abcb, State: 1, Role: FOLLOWER Watermarks: {Received: term: 0 index: 0 Committed: term: 0 index: 0}
I0628 23:54:47.112928 28155 consensus_queue.cc:162] T 00000000000000000000000000000000 P 1ad263b475ad4ea38c9d39c30907abcb [NON_LEADER]: Queue going to NON_LEADER mode. State: All replicated op: 0.0, Majority replicated op: 0.0, Committed index: 0.0, Last appended: 0.0, Current term: 0, Majority size: -1, State: 1, Mode: NON_LEADER
I0628 23:54:47.113211 28155 raft_consensus.cc:314] T 00000000000000000000000000000000 P 1ad263b475ad4ea38c9d39c30907abcb [term 0 FOLLOWER]: Only one voter in the Raft config. Triggering election immediately
I0628 23:54:47.113379 28155 raft_consensus.cc:370] T 00000000000000000000000000000000 P 1ad263b475ad4ea38c9d39c30907abcb [term 0 FOLLOWER]: No leader contacted us within the election timeout. Triggering leader election
I0628 23:54:47.113514 28155 raft_consensus.cc:2019] T 00000000000000000000000000000000 P 1ad263b475ad4ea38c9d39c30907abcb [term 0 FOLLOWER]: Advancing to term 1
I0628 23:54:47.115017 28155 raft_consensus.cc:1970] T 00000000000000000000000000000000 P 1ad263b475ad4ea38c9d39c30907abcb [term 1 FOLLOWER]: Snoozing failure detection for election timeout plus an additional 1.501s
I0628 23:54:47.115260 28155 raft_consensus.cc:386] T 00000000000000000000000000000000 P 1ad263b475ad4ea38c9d39c30907abcb [term 1 FOLLOWER]: Starting election with config: opid_index: -1 peers { permanent_uuid: "1ad263b475ad4ea38c9d39c30907abcb" member_type: VOTER }
I0628 23:54:47.117518 28155 leader_election.cc:248] T 00000000000000000000000000000000 P 1ad263b475ad4ea38c9d39c30907abcb [CANDIDATE]: Term 1 election: Election decided. Result: candidate won.
I0628 23:54:47.119129 28160 raft_consensus.cc:1970] T 00000000000000000000000000000000 P 1ad263b475ad4ea38c9d39c30907abcb [term 1 FOLLOWER]: Snoozing failure detection for election timeout plus an additional 1.558s
I0628 23:54:47.119436 28160 raft_consensus.cc:1859] T 00000000000000000000000000000000 P 1ad263b475ad4ea38c9d39c30907abcb [term 1 FOLLOWER]: Leader election won for term 1
I0628 23:54:47.121829 28160 raft_consensus.cc:464] T 00000000000000000000000000000000 P 1ad263b475ad4ea38c9d39c30907abcb [term 1 LEADER]: Becoming Leader. State: Replica: 1ad263b475ad4ea38c9d39c30907abcb, State: 1, Role: LEADER Watermarks: {Received: term: 0 index: 0 Committed: term: 0 index: 0}
I0628 23:54:47.122469 28160 consensus_queue.cc:145] T 00000000000000000000000000000000 P 1ad263b475ad4ea38c9d39c30907abcb [LEADER]: Queue going to LEADER mode. State: All replicated op: 0.0, Majority replicated op: 0.0, Committed index: 0.0, Last appended: 0.0, Current term: 1, Majority size: 1, State: 1, Mode: LEADER, active raft config: opid_index: -1 peers { permanent_uuid: "1ad263b475ad4ea38c9d39c30907abcb" member_type: VOTER }
I0628 23:54:47.140797 28155 sys_catalog.cc:235] T 00000000000000000000000000000000 P 1ad263b475ad4ea38c9d39c30907abcb [sys.catalog]: SysCatalogTable state changed. Reason: Started TabletPeer. Latest consensus state: current_term: 1 leader_uuid: "1ad263b475ad4ea38c9d39c30907abcb" config { opid_index: -1 peers { permanent_uuid: "1ad263b475ad4ea38c9d39c30907abcb" member_type: VOTER } }
I0628 23:54:47.141219 28155 sys_catalog.cc:238] T 00000000000000000000000000000000 P 1ad263b475ad4ea38c9d39c30907abcb [sys.catalog]: This master's current role is: LEADER
I0628 23:54:47.143661 28164 catalog_manager.cc:635] Loading table and tablet metadata into memory...
I0628 23:54:47.142590 28161 sys_catalog.cc:235] T 00000000000000000000000000000000 P 1ad263b475ad4ea38c9d39c30907abcb [sys.catalog]: SysCatalogTable state changed. Reason: RaftConsensus started. Latest consensus state: current_term: 1 leader_uuid: "1ad263b475ad4ea38c9d39c30907abcb" config { opid_index: -1 peers { permanent_uuid: "1ad263b475ad4ea38c9d39c30907abcb" member_type: VOTER } }
I0628 23:54:47.147219 28155 sys_catalog.cc:311] T 00000000000000000000000000000000 P 1ad263b475ad4ea38c9d39c30907abcb [sys.catalog]: configured and running, proceeding with master startup.
I0628 23:54:47.147182 28162 sys_catalog.cc:235] T 00000000000000000000000000000000 P 1ad263b475ad4ea38c9d39c30907abcb [sys.catalog]: SysCatalogTable state changed. Reason: New leader 1ad263b475ad4ea38c9d39c30907abcb. Latest consensus state: current_term: 1 leader_uuid: "1ad263b475ad4ea38c9d39c30907abcb" config { opid_index: -1 peers { permanent_uuid: "1ad263b475ad4ea38c9d39c30907abcb" member_type: VOTER } }
I0628 23:54:47.148108 28162 sys_catalog.cc:238] T 00000000000000000000000000000000 P 1ad263b475ad4ea38c9d39c30907abcb [sys.catalog]: This master's current role is: LEADER
I0628 23:54:47.148037 28161 sys_catalog.cc:238] T 00000000000000000000000000000000 P 1ad263b475ad4ea38c9d39c30907abcb [sys.catalog]: This master's current role is: LEADER
I0628 23:54:47.150809 28165 raft_consensus_state.cc:534] T 00000000000000000000000000000000 P 1ad263b475ad4ea38c9d39c30907abcb [term 1 LEADER]: Advanced the committed_index across terms. Last committed operation was: term: 0 index: 0 New committed index is: term: 1 index: 1
I0628 23:54:47.157829 28112 master_main.cc:64] Master server successfully started.
I0628 23:54:47.189060 28156 mem_tracker.cc:138] MemTracker: hard memory limit is 11.777661 GB
I0628 23:54:47.189563 28156 mem_tracker.cc:140] MemTracker: soft memory limit is 7.066597 GB
I0628 23:54:47.213006 28156 tablet_server_main.cc:54] Initializing tablet server...
I0628 23:54:47.216158 28156 hybrid_clock.cc:178] HybridClock initialized. Resolution in nanos?: 1 Wait times tolerance adjustment: 1.0005 Current error: 129851
I0628 23:54:47.223158 28156 server_base.cc:164] Could not load existing FS layout: Not found: /tmp/kudutest-1000/delete_table-test.DeleteTableTest.TestAtomicDeleteTablet.1467158082783852-27213/minicluster-data/ts-0/instance: No such file or directory (error 2)
I0628 23:54:47.223367 28156 server_base.cc:165] Creating new FS layout
I0628 23:54:47.232213 28156 fs_manager.cc:345] Generated new instance metadata in path /tmp/kudutest-1000/delete_table-test.DeleteTableTest.TestAtomicDeleteTablet.1467158082783852-27213/minicluster-data/ts-0/instance: uuid: "ebac69556c834c3f9c74fea0200c2193" format_stamp: "Formatted at 2016-06-28 23:54:47 on dist-test-slave-dist-test-slave-cgs5"
I0628 23:54:47.240901 28156 fs_manager.cc:242] Opened local filesystem: /tmp/kudutest-1000/delete_table-test.DeleteTableTest.TestAtomicDeleteTablet.1467158082783852-27213/minicluster-data/ts-0 uuid: "ebac69556c834c3f9c74fea0200c2193" format_stamp: "Formatted at 2016-06-28 23:54:47 on dist-test-slave-dist-test-slave-cgs5"
I0628 23:54:47.276633 28156 tablet_server_main.cc:57] Starting tablet server...
I0628 23:54:47.754279 28156 rpc_server.cc:164] RPC server started. Bound to: 127.106.77.0:34927
I0628 23:54:47.755646 28156 webserver.cc:122] Starting webserver on 127.106.77.0:0
I0628 23:54:47.755754 28156 webserver.cc:133] Document root disabled
I0628 23:54:47.757333 28156 webserver.cc:217] Webserver started. Bound to: http://127.106.77.0:34884/
I0628 23:54:47.758594 28156 server_base.cc:234] Dumped server information to /tmp/kudutest-1000/delete_table-test.DeleteTableTest.TestAtomicDeleteTablet.1467158082783852-27213/minicluster-data/ts-0/info.pb
I0628 23:54:47.760846 28156 tablet_server_main.cc:60] Tablet server successfully started.
I0628 23:54:47.764701 27213 external_mini_cluster.cc:592] Started /tmp/run_tha_testgCg15n/build/tsan/bin/kudu-tserver as pid 28156
I0628 23:54:47.765720 27213 external_mini_cluster.cc:556] Running /tmp/run_tha_testgCg15n/build/tsan/bin/kudu-tserver kudu-tserver --fs_wal_dir=/tmp/kudutest-1000/delete_table-test.DeleteTableTest.TestAtomicDeleteTablet.1467158082783852-27213/minicluster-data/ts-1 --fs_data_dirs=/tmp/kudutest-1000/delete_table-test.DeleteTableTest.TestAtomicDeleteTablet.1467158082783852-27213/minicluster-data/ts-1 --rpc_bind_addresses=127.106.77.1:0 --local_ip_for_outbound_sockets=127.106.77.1 --webserver_interface=127.106.77.1 --webserver_port=0 --tserver_master_addrs=127.0.0.1:34905 --metrics_log_interval_ms=1000 --log_dir=/tmp/kudutest-1000/delete_table-test.DeleteTableTest.TestAtomicDeleteTablet.1467158082783852-27213/minicluster-data/ts-1 --never_fsync --server_dump_info_path=/tmp/kudutest-1000/delete_table-test.DeleteTableTest.TestAtomicDeleteTablet.1467158082783852-27213/minicluster-data/ts-1/info.pb --server_dump_info_format=pb --rpc_server_allow_ephemeral_ports --logtostderr --logbuflevel=-1
I0628 23:54:47.774391 28280 heartbeater.cc:254] Connected to a leader master server at 127.0.0.1:34905
I0628 23:54:47.774760 28280 heartbeater.cc:319] Registering TS with master...
I0628 23:54:47.774968 28280 heartbeater.cc:325] Sending a full tablet report to master...
