W0225 21:50:40.769250 1425 raft_consensus_state.cc:524] T 00000000000000000000000000000000 P 7d1972008325413a943c1ee4f140ee66 [term 1 LEADER]: Can't advance the committed index across term boundaries until operations from the current term are replicated. Last committed operation was: term: 0 index: 0, New majority replicated is: term: 0 index: 0, Current term is: 1
I0225 21:50:40.770012 1411 heartbeater.cc:258] Connected to a leader master server at 127.0.0.1:11010
I0225 21:50:40.770390 1411 heartbeater.cc:328] Registering TS with master...
I0225 21:50:40.770689 1411 heartbeater.cc:334] Sending a full tablet report to master...
W0225 21:50:40.772280 1166 master_service.cc:142] Received a heartbeat, but this Master instance is not a leader or a single Master: Service unavailable: Leader not yet ready to serve requests
W0225 21:50:40.773232 1411 heartbeater.cc:411] Failed to heartbeat to 127.0.0.1:11010: Service unavailable: master is no longer the leader
W0225 21:50:40.773357 1411 heartbeater.cc:287] Failed 1 heartbeats in a row: no longer allowing fast heartbeat attempts.
I0225 21:50:40.776064 1421 sys_catalog.cc:227] T 00000000000000000000000000000000 P 4c72ab184ce64d999dd3ebf9e3720cd4 [sys.catalog]: SysCatalogTable state changed. Reason: New leader 4c72ab184ce64d999dd3ebf9e3720cd4. Latest consensus state: current_term: 2 leader_uuid: "4c72ab184ce64d999dd3ebf9e3720cd4" config { opid_index: -1 local: false peers { permanent_uuid: "7d1972008325413a943c1ee4f140ee66" member_type: VOTER last_known_addr { host: "127.0.0.1" port: 11010 } } peers { permanent_uuid: "5cbd1640a4934d2e9bbf6d3a52aeba70" member_type: VOTER last_known_addr { host: "127.0.0.1" port: 11011 } } peers { permanent_uuid: "4c72ab184ce64d999dd3ebf9e3720cd4" member_type: VOTER last_known_addr { host: "127.0.0.1" port: 11012 } } }
I0225 21:50:40.776386 1421 sys_catalog.cc:230] T 00000000000000000000000000000000 P 4c72ab184ce64d999dd3ebf9e3720cd4 [sys.catalog]: This master's current role is: LEADER, previous role was: FOLLOWER
I0225 21:50:40.776952 1411 heartbeater.cc:258] Connected to a leader master server at 127.0.0.1:11010
I0225 21:50:40.777045 1411 heartbeater.cc:328] Registering TS with master...
I0225 21:50:40.777144 1411 heartbeater.cc:334] Sending a full tablet report to master...
I0225 21:50:40.777802 1427 catalog_manager.cc:520] Loading table and tablet metadata into memory...
W0225 21:50:40.777907 1428 raft_consensus_state.cc:524] T 00000000000000000000000000000000 P 4c72ab184ce64d999dd3ebf9e3720cd4 [term 2 LEADER]: Can't advance the committed index across term boundaries until operations from the current term are replicated. Last committed operation was: term: 0 index: 0, New majority replicated is: term: 0 index: 0, Current term is: 2
I0225 21:50:40.778889 1159 ts_manager.cc:82] Registered new tablet server { permanent_uuid: "5a9fdcf0227045cf9f868590152defd9" instance_seqno: 1456465840685239 } with Master
I0225 21:50:40.965801 1417 mem_tracker.cc:137] MemTracker: hard memory limit is 75.496170 GB
I0225 21:50:40.966141 1417 mem_tracker.cc:139] MemTracker: soft memory limit is 45.297703 GB
I0225 21:50:40.974256 1417 tablet_server_main.cc:54] Initializing tablet server...
I0225 21:50:40.976405 1417 hybrid_clock.cc:178] HybridClock initialized. Resolution in nanos?: 1 Wait times tolerance adjustment: 1.0005 Current error: 284448
I0225 21:50:40.980372 1417 server_base.cc:164] Could not load existing FS layout: Not found: /tmp/kudutest-4282/master_failover-itest.MasterFailoverTest.TestRenameTableSync.1456460284463433-26122/minicluster-data/ts-1/instance: No such file or directory (error 2)
I0225 21:50:40.980455 1417 server_base.cc:165] Creating new FS layout
I0225 21:50:40.987660 1417 fs_manager.cc:345] Generated new instance metadata in path /tmp/kudutest-4282/master_failover-itest.MasterFailoverTest.TestRenameTableSync.1456460284463433-26122/minicluster-data/ts-1/instance: uuid: "7628b292019d4388b096a4f96b2283eb" format_stamp: "Formatted at 2016-02-26 05:50:40 on ve0518.halxg.cloudera.com"
I0225 21:50:40.997555 1417 fs_manager.cc:242] Opened local filesystem: /tmp/kudutest-4282/master_failover-itest.MasterFailoverTest.TestRenameTableSync.1456460284463433-26122/minicluster-data/ts-1 uuid: "7628b292019d4388b096a4f96b2283eb" format_stamp: "Formatted at 2016-02-26 05:50:40 on ve0518.halxg.cloudera.com"
I0225 21:50:41.010951 1417 tablet_server_main.cc:57] Starting tablet server...
I0225 21:50:41.040797 1417 rpc_server.cc:164] RPC server started. Bound to: 127.102.10.1:36483
I0225 21:50:41.041478 1417 webserver.cc:135] Starting webserver on 127.102.10.1:0
I0225 21:50:41.041522 1417 webserver.cc:146] Document root disabled
I0225 21:50:41.042407 1417 webserver.cc:229] Webserver started. Bound to: http://127.102.10.1:36445/
I0225 21:50:41.043351 1417 server_base.cc:234] Dumped server information to /tmp/kudutest-4282/master_failover-itest.MasterFailoverTest.TestRenameTableSync.1456460284463433-26122/minicluster-data/ts-1/info.pb
I0225 21:50:41.044315 1417 tablet_server_main.cc:60] Tablet server successfully started.
I0225 21:50:41.049928 26122 external_mini_cluster.cc:582] Started /home/adar/kudu/build/asan/bin/kudu-tserver as pid 1417
I0225 21:50:41.050712 26122 external_mini_cluster.cc:546] Running /home/adar/kudu/build/asan/bin/kudu-tserver kudu-tserver --fs_wal_dir=/tmp/kudutest-4282/master_failover-itest.MasterFailoverTest.TestRenameTableSync.1456460284463433-26122/minicluster-data/ts-2 --fs_data_dirs=/tmp/kudutest-4282/master_failover-itest.MasterFailoverTest.TestRenameTableSync.1456460284463433-26122/minicluster-data/ts-2 --rpc_bind_addresses=127.102.10.2:0 --local_ip_for_outbound_sockets=127.102.10.2 --webserver_interface=127.102.10.2 --webserver_port=0 --tserver_master_addrs=127.0.0.1:11010,127.0.0.1:11011,127.0.0.1:11012 --metrics_log_interval_ms=1000 --log_dir=/tmp/kudutest-4282/master_failover-itest.MasterFailoverTest.TestRenameTableSync.1456460284463433-26122/minicluster-data/ts-2 --heartbeat_rpc_timeout_ms=1000 --heartbeat_max_failures_before_backoff=1 --heartbeat_interval_ms=500 --server_dump_info_path=/tmp/kudutest-4282/master_failover-itest.MasterFailoverTest.TestRenameTableSync.1456460284463433-26122/minicluster-data/ts-2/info.pb --server_dump_info_format=pb --rpc_server_allow_ephemeral_ports --logtostderr --logbuflevel=-1
I0225 21:50:41.059325 1541 heartbeater.cc:258] Connected to a leader master server at 127.0.0.1:11010
I0225 21:50:41.059535 1541 heartbeater.cc:328] Registering TS with master...
I0225 21:50:41.059696 1541 heartbeater.cc:334] Sending a full tablet report to master...
I0225 21:50:41.060894 1162 ts_manager.cc:82] Registered new tablet server { permanent_uuid: "7628b292019d4388b096a4f96b2283eb" instance_seqno: 1456465841035103 } with Master
I0225 21:50:41.261396 1262 raft_consensus.cc:799] T 00000000000000000000000000000000 P 4c72ab184ce64d999dd3ebf9e3720cd4 [term 2 LEADER]: Rejecting Update request from peer 7d1972008325413a943c1ee4f140ee66 for earlier term 1. Current term is 2. Ops: []
I0225 21:50:41.261461 1218 raft_consensus.cc:799] T 00000000000000000000000000000000 P 5cbd1640a4934d2e9bbf6d3a52aeba70 [term 2 FOLLOWER]: Rejecting Update request from peer 7d1972008325413a943c1ee4f140ee66 for earlier term 1. Current term is 2. Ops: []
I0225 21:50:41.263535 1288 consensus_queue.cc:582] T 00000000000000000000000000000000 P 7d1972008325413a943c1ee4f140ee66 [LEADER]: Peer responded invalid term: Peer: 4c72ab184ce64d999dd3ebf9e3720cd4, Is new: false, Last received: 2.1, Next index: 2, Last known committed idx: 0, Last exchange result: ERROR, Needs remote bootstrap: false
I0225 21:50:41.264027 1418 consensus_queue.cc:582] T 00000000000000000000000000000000 P 7d1972008325413a943c1ee4f140ee66 [LEADER]: Peer responded invalid term: Peer: 5cbd1640a4934d2e9bbf6d3a52aeba70, Is new: false, Last received: 0.0, Next index: 1, Last known committed idx: 0, Last exchange result: ERROR, Needs remote bootstrap: false
I0225 21:50:41.264369 1425 raft_consensus.cc:1983] T 00000000000000000000000000000000 P 7d1972008325413a943c1ee4f140ee66 [term 1 LEADER]: Stepping down as leader of term 1
I0225 21:50:41.264482 1425 raft_consensus.cc:477] T 00000000000000000000000000000000 P 7d1972008325413a943c1ee4f140ee66 [term 1 LEADER]: Becoming Follower/Learner. State: Replica: 7d1972008325413a943c1ee4f140ee66, State: 1, Role: LEADER Watermarks: {Received: term: 1 index: 1 Committed: term: 0 index: 0}
I0225 21:50:41.264950 1425 consensus_queue.cc:162] T 00000000000000000000000000000000 P 7d1972008325413a943c1ee4f140ee66 [NON_LEADER]: Queue going to NON_LEADER mode. State: All replicated op: 0.0, Majority replicated op: 0.0, Committed index: 0.0, Last appended: 1.1, Current term: 1, Majority size: -1, State: 1, Mode: NON_LEADER
I0225 21:50:41.265669 1425 consensus_peers.cc:342] T 00000000000000000000000000000000 P 7d1972008325413a943c1ee4f140ee66 -> Peer 4c72ab184ce64d999dd3ebf9e3720cd4 (127.0.0.1:11012): Closing peer: 4c72ab184ce64d999dd3ebf9e3720cd4
I0225 21:50:41.266325 1425 consensus_peers.cc:342] T 00000000000000000000000000000000 P 7d1972008325413a943c1ee4f140ee66 -> Peer 5cbd1640a4934d2e9bbf6d3a52aeba70 (127.0.0.1:11011): Closing peer: 5cbd1640a4934d2e9bbf6d3a52aeba70
I0225 21:50:41.266906 1425 raft_consensus.cc:1988] T 00000000000000000000000000000000 P 7d1972008325413a943c1ee4f140ee66 [term 1 FOLLOWER]: Advancing to term 2
I0225 21:50:41.268551 1219 raft_consensus.cc:831] T 00000000000000000000000000000000 P 5cbd1640a4934d2e9bbf6d3a52aeba70 [term 2 FOLLOWER]: Refusing update from remote peer 4c72ab184ce64d999dd3ebf9e3720cd4: Log matching property violated. Preceding OpId in replica: term: 0 index: 0. Preceding OpId from leader: term: 2 index: 1. (index mismatch)
I0225 21:50:41.269493 1172 raft_consensus.cc:831] T 00000000000000000000000000000000 P 7d1972008325413a943c1ee4f140ee66 [term 2 FOLLOWER]: Refusing update from remote peer 4c72ab184ce64d999dd3ebf9e3720cd4: Log matching property violated. Preceding OpId in replica: term: 1 index: 1. Preceding OpId from leader: term: 2 index: 1. (term mismatch)
I0225 21:50:41.269649 1172 raft_consensus_state.cc:397] T 00000000000000000000000000000000 P 7d1972008325413a943c1ee4f140ee66 [term 2 FOLLOWER]: Aborting all transactions after (but not including): 0. Current State: Replica: 7d1972008325413a943c1ee4f140ee66, State: 1, Role: FOLLOWER Watermarks: {Received: term: 1 index: 1 Committed: term: 0 index: 0}
I0225 21:50:41.269670 1293 consensus_queue.cc:572] T 00000000000000000000000000000000 P 4c72ab184ce64d999dd3ebf9e3720cd4 [LEADER]: Connected to new peer: Peer: 5cbd1640a4934d2e9bbf6d3a52aeba70, Is new: false, Last received: 0.0, Next index: 1, Last known committed idx: 0, Last exchange result: ERROR, Needs remote bootstrap: false
I0225 21:50:41.269825 1172 raft_consensus_state.cc:423] T 00000000000000000000000000000000 P 7d1972008325413a943c1ee4f140ee66 [term 2 FOLLOWER]: Aborting uncommitted operation due to leader change: 1.1
I0225 21:50:41.270074 1172 raft_consensus.cc:1877] T 00000000000000000000000000000000 P 7d1972008325413a943c1ee4f140ee66: NO_OP replication failed: Aborted: Transaction aborted by new leader
I0225 21:50:41.271257 1421 consensus_queue.cc:572] T 00000000000000000000000000000000 P 4c72ab184ce64d999dd3ebf9e3720cd4 [LEADER]: Connected to new peer: Peer: 7d1972008325413a943c1ee4f140ee66, Is new: false, Last received: 0.0, Next index: 1, Last known committed idx: 0, Last exchange result: ERROR, Needs remote bootstrap: false
I0225 21:50:41.275373 1288 sys_catalog.cc:227] T 00000000000000000000000000000000 P 7d1972008325413a943c1ee4f140ee66 [sys.catalog]: SysCatalogTable state changed. Reason: New leader 4c72ab184ce64d999dd3ebf9e3720cd4. Latest consensus state: current_term: 2 leader_uuid: "4c72ab184ce64d999dd3ebf9e3720cd4" config { opid_index: -1 local: false peers { permanent_uuid: "7d1972008325413a943c1ee4f140ee66" member_type: VOTER last_known_addr { host: "127.0.0.1" port: 11010 } } peers { permanent_uuid: "5cbd1640a4934d2e9bbf6d3a52aeba70" member_type: VOTER last_known_addr { host: "127.0.0.1" port: 11011 } } peers { permanent_uuid: "4c72ab184ce64d999dd3ebf9e3720cd4" member_type: VOTER last_known_addr { host: "127.0.0.1" port: 11012 } } }
I0225 21:50:41.275853 1288 sys_catalog.cc:230] T 00000000000000000000000000000000 P 7d1972008325413a943c1ee4f140ee66 [sys.catalog]: This master's current role is: FOLLOWER, previous role was: FOLLOWER
I0225 21:50:41.278293 1428 raft_consensus_state.cc:517] T 00000000000000000000000000000000 P 4c72ab184ce64d999dd3ebf9e3720cd4 [term 2 LEADER]: Advanced the committed_index across terms. Last committed operation was: term: 0 index: 0 New committed index is: term: 2 index: 1
I0225 21:50:41.280992 1418 sys_catalog.cc:227] T 00000000000000000000000000000000 P 7d1972008325413a943c1ee4f140ee66 [sys.catalog]: SysCatalogTable state changed. Reason: Replicated consensus-only round. Latest consensus state: current_term: 2 leader_uuid: "4c72ab184ce64d999dd3ebf9e3720cd4" config { opid_index: -1 local: false peers { permanent_uuid: "7d1972008325413a943c1ee4f140ee66" member_type: VOTER last_known_addr { host: "127.0.0.1" port: 11010 } } peers { permanent_uuid: "5cbd1640a4934d2e9bbf6d3a52aeba70" member_type: VOTER last_known_addr { host: "127.0.0.1" port: 11011 } } peers { permanent_uuid: "4c72ab184ce64d999dd3ebf9e3720cd4" member_type: VOTER last_known_addr { host: "127.0.0.1" port: 11012 } } }
I0225 21:50:41.281375 1418 sys_catalog.cc:230] T 00000000000000000000000000000000 P 7d1972008325413a943c1ee4f140ee66 [sys.catalog]: This master's current role is: FOLLOWER, previous role was: FOLLOWER
W0225 21:50:41.282291 1163 master_service.cc:142] Received a heartbeat, but this Master instance is not a leader or a single Master: Illegal state: Not the leader. Local UUID: 7d1972008325413a943c1ee4f140ee66, Consensus state: current_term: 2 leader_uuid: "4c72ab184ce64d999dd3ebf9e3720cd4" config { opid_index: -1 local: false peers { permanent_uuid: "7d1972008325413a943c1ee4f140ee66" member_type: VOTER last_known_addr { host: "127.0.0.1" port: 11010 } } peers { permanent_uuid: "5cbd1640a4934d2e9bbf6d3a52aeba70" member_type: VOTER last_known_addr { host: "127.0.0.1" port: 11011 } } peers { permanent_uuid: "4c72ab184ce64d999dd3ebf9e3720cd4" member_type: VOTER last_known_addr { host: "127.0.0.1" port: 11012 } } }
W0225 21:50:41.283093 1411 heartbeater.cc:411] Failed to heartbeat to 127.0.0.1:11010: Service unavailable: master is no longer the leader
I0225 21:50:41.284059 1548 sys_catalog.cc:227] T 00000000000000000000000000000000 P 5cbd1640a4934d2e9bbf6d3a52aeba70 [sys.catalog]: SysCatalogTable state changed. Reason: New leader 4c72ab184ce64d999dd3ebf9e3720cd4. Latest consensus state: current_term: 2 leader_uuid: "4c72ab184ce64d999dd3ebf9e3720cd4" config { opid_index: -1 local: false peers { permanent_uuid: "7d1972008325413a943c1ee4f140ee66" member_type: VOTER last_known_addr { host: "127.0.0.1" port: 11010 } } peers { permanent_uuid: "5cbd1640a4934d2e9bbf6d3a52aeba70" member_type: VOTER last_known_addr { host: "127.0.0.1" port: 11011 } } peers { permanent_uuid: "4c72ab184ce64d999dd3ebf9e3720cd4" member_type: VOTER last_known_addr { host: "127.0.0.1" port: 11012 } } }
I0225 21:50:41.284414 1548 sys_catalog.cc:230] T 00000000000000000000000000000000 P 5cbd1640a4934d2e9bbf6d3a52aeba70 [sys.catalog]: This master's current role is: FOLLOWER, previous role was: FOLLOWER
I0225 21:50:41.289101 1548 sys_catalog.cc:227] T 00000000000000000000000000000000 P 5cbd1640a4934d2e9bbf6d3a52aeba70 [sys.catalog]: SysCatalogTable state changed. Reason: Replicated consensus-only round. Latest consensus state: current_term: 2 leader_uuid: "4c72ab184ce64d999dd3ebf9e3720cd4" config { opid_index: -1 local: false peers { permanent_uuid: "7d1972008325413a943c1ee4f140ee66" member_type: VOTER last_known_addr { host: "127.0.0.1" port: 11010 } } peers { permanent_uuid: "5cbd1640a4934d2e9bbf6d3a52aeba70" member_type: VOTER last_known_addr { host: "127.0.0.1" port: 11011 } } peers { permanent_uuid: "4c72ab184ce64d999dd3ebf9e3720cd4" member_type: VOTER last_known_addr { host: "127.0.0.1" port: 11012 } } }
I0225 21:50:41.289398 1548 sys_catalog.cc:230] T 00000000000000000000000000000000 P 5cbd1640a4934d2e9bbf6d3a52aeba70 [sys.catalog]: This master's current role is: FOLLOWER, previous role was: FOLLOWER
I0225 21:50:41.382838 1547 mem_tracker.cc:137] MemTracker: hard memory limit is 75.496170 GB
I0225 21:50:41.383180 1547 mem_tracker.cc:139] MemTracker: soft memory limit is 45.297703 GB
I0225 21:50:41.393101 1547 tablet_server_main.cc:54] Initializing tablet server...
I0225 21:50:41.395814 1547 hybrid_clock.cc:178] HybridClock initialized. Resolution in nanos?: 1 Wait times tolerance adjustment: 1.0005 Current error: 284948
I0225 21:50:41.400815 1547 server_base.cc:164] Could not load existing FS layout: Not found: /tmp/kudutest-4282/master_failover-itest.MasterFailoverTest.TestRenameTableSync.1456460284463433-26122/minicluster-data/ts-2/instance: No such file or directory (error 2)
I0225 21:50:41.400931 1547 server_base.cc:165] Creating new FS layout
I0225 21:50:41.409461 1547 fs_manager.cc:345] Generated new instance metadata in path /tmp/kudutest-4282/master_failover-itest.MasterFailoverTest.TestRenameTableSync.1456460284463433-26122/minicluster-data/ts-2/instance: uuid: "abbe08b58a6b4e30b0250bd1288a9f32" format_stamp: "Formatted at 2016-02-26 05:50:41 on ve0518.halxg.cloudera.com"
I0225 21:50:41.424156 1547 fs_manager.cc:242] Opened local filesystem: /tmp/kudutest-4282/master_failover-itest.MasterFailoverTest.TestRenameTableSync.1456460284463433-26122/minicluster-data/ts-2 uuid: "abbe08b58a6b4e30b0250bd1288a9f32" format_stamp: "Formatted at 2016-02-26 05:50:41 on ve0518.halxg.cloudera.com"
I0225 21:50:41.444057 1547 tablet_server_main.cc:57] Starting tablet server...
I0225 21:50:41.480437 1547 rpc_server.cc:164] RPC server started. Bound to: 127.102.10.2:49416
I0225 21:50:41.481381 1547 webserver.cc:135] Starting webserver on 127.102.10.2:0
I0225 21:50:41.481431 1547 webserver.cc:146] Document root disabled
I0225 21:50:41.482575 1547 webserver.cc:229] Webserver started. Bound to: http://127.102.10.2:36626/
I0225 21:50:41.483790 1547 server_base.cc:234] Dumped server information to /tmp/kudutest-4282/master_failover-itest.MasterFailoverTest.TestRenameTableSync.1456460284463433-26122/minicluster-data/ts-2/info.pb
I0225 21:50:41.485038 1547 tablet_server_main.cc:60] Tablet server successfully started.
I0225 21:50:41.490203 26122 external_mini_cluster.cc:582] Started /home/adar/kudu/build/asan/bin/kudu-tserver as pid 1547
I0225 21:50:41.501610 1663 heartbeater.cc:258] Connected to a leader master server at 127.0.0.1:11012
I0225 21:50:41.501855 1663 heartbeater.cc:328] Registering TS with master...
I0225 21:50:41.502053 1663 heartbeater.cc:334] Sending a full tablet report to master...
I0225 21:50:41.504115 1249 ts_manager.cc:82] Registered new tablet server { permanent_uuid: "abbe08b58a6b4e30b0250bd1288a9f32" instance_seqno: 1456465841472939 } with Master
W0225 21:50:41.563549 1165 master_service.cc:142] Received a heartbeat, but this Master instance is not a leader or a single Master: Illegal state: Not the leader. Local UUID: 7d1972008325413a943c1ee4f140ee66, Consensus state: current_term: 2 leader_uuid: "4c72ab184ce64d999dd3ebf9e3720cd4" config { opid_index: -1 local: false peers { permanent_uuid: "7d1972008325413a943c1ee4f140ee66" member_type: VOTER last_known_addr { host: "127.0.0.1" port: 11010 } } peers { permanent_uuid: "5cbd1640a4934d2e9bbf6d3a52aeba70" member_type: VOTER last_known_addr { host: "127.0.0.1" port: 11011 } } peers { permanent_uuid: "4c72ab184ce64d999dd3ebf9e3720cd4" member_type: VOTER last_known_addr { host: "127.0.0.1" port: 11012 } } }
W0225 21:50:41.564479 1541 heartbeater.cc:411] Failed to heartbeat to 127.0.0.1:11010: Service unavailable: master is no longer the leader
I0225 21:50:41.788573 1411 heartbeater.cc:258] Connected to a leader master server at 127.0.0.1:11012
I0225 21:50:41.790033 1252 master_service.cc:172] Got heartbeat from unknown tablet server { permanent_uuid: "5a9fdcf0227045cf9f868590152defd9" instance_seqno: 1456465840685239 } as {real_user=adar, eff_user=} at 127.102.10.0:44682; Asking this server to re-register.
I0225 21:50:41.790983 1411 heartbeater.cc:328] Registering TS with master...
I0225 21:50:41.791165 1411 heartbeater.cc:334] Sending a full tablet report to master...
I0225 21:50:41.792407 1254 ts_manager.cc:82] Registered new tablet server { permanent_uuid: "5a9fdcf0227045cf9f868590152defd9" instance_seqno: 1456465840685239 } with Master
I0225 21:50:42.069000 1541 heartbeater.cc:258] Connected to a leader master server at 127.0.0.1:11012
I0225 21:50:42.070344 1257 master_service.cc:172] Got heartbeat from unknown tablet server { permanent_uuid: "7628b292019d4388b096a4f96b2283eb" instance_seqno: 1456465841035103 } as {real_user=adar, eff_user=} at 127.102.10.1:47953; Asking this server to re-register.
I0225 21:50:42.071209 1541 heartbeater.cc:328] Registering TS with master...
I0225 21:50:42.071378 1541 heartbeater.cc:334] Sending a full tablet report to master...
I0225 21:50:42.072691 1248 ts_manager.cc:82] Registered new tablet server { permanent_uuid: "7628b292019d4388b096a4f96b2283eb" instance_seqno: 1456465841035103 } with Master
I0225 21:50:42.076535 26122 external_mini_cluster.cc:318] 3 TS(s) registered with Master
I0225 21:50:42.094878 1252 catalog_manager.cc:678] CreateTable from {real_user=adar, eff_user=} at 127.0.0.1:57125: name: "testAlterTableSync" schema { columns { name: "key" type: INT32 is_key: true is_nullable: false encoding: AUTO_ENCODING compression: DEFAULT_COMPRESSION cfile_block_size: 0 } columns { name: "int_val" type: INT32 is_key: false is_nullable: false encoding: AUTO_ENCODING compression: DEFAULT_COMPRESSION cfile_block_size: 0 } columns { name: "string_val" type: STRING is_key: false is_nullable: false encoding: AUTO_ENCODING compression: DEFAULT_COMPRESSION cfile_block_size: 0 } } split_rows { } partition_schema { }
I0225 21:50:42.157717 1459 tablet_service.cc:602] Processing CreateTablet for tablet a4730e4d785a49069ba2bb382ede3f9e (table=testAlterTableSync [id=93c0db77fc8447458439412b937c94d3]), partition=range: [(), ())
I0225 21:50:42.157979 1329 tablet_service.cc:602] Processing CreateTablet for tablet a4730e4d785a49069ba2bb382ede3f9e (table=testAlterTableSync [id=93c0db77fc8447458439412b937c94d3]), partition=range: [(), ())
I0225 21:50:42.158257 1580 tablet_service.cc:602] Processing CreateTablet for tablet a4730e4d785a49069ba2bb382ede3f9e (table=testAlterTableSync [id=93c0db77fc8447458439412b937c94d3]), partition=range: [(), ())
I0225 21:50:42.170214 1459 ts_tablet_manager.cc:744] Registered tablet a4730e4d785a49069ba2bb382ede3f9e
I0225 21:50:42.170817 1691 ts_tablet_manager.cc:616] T a4730e4d785a49069ba2bb382ede3f9e P 7628b292019d4388b096a4f96b2283eb: Bootstrapping tablet
I0225 21:50:42.172603 1691 tablet_bootstrap.cc:363] T a4730e4d785a49069ba2bb382ede3f9e P 7628b292019d4388b096a4f96b2283eb: Bootstrap starting.
I0225 21:50:42.173172 1329 ts_tablet_manager.cc:744] Registered tablet a4730e4d785a49069ba2bb382ede3f9e
I0225 21:50:42.174093 1693 ts_tablet_manager.cc:616] T a4730e4d785a49069ba2bb382ede3f9e P 5a9fdcf0227045cf9f868590152defd9: Bootstrapping tablet
I0225 21:50:42.174309 1580 ts_tablet_manager.cc:744] Registered tablet a4730e4d785a49069ba2bb382ede3f9e
I0225 21:50:42.175199 1694 ts_tablet_manager.cc:616] T a4730e4d785a49069ba2bb382ede3f9e P abbe08b58a6b4e30b0250bd1288a9f32: Bootstrapping tablet
I0225 21:50:42.176941 1691 tablet_bootstrap.cc:524] T a4730e4d785a49069ba2bb382ede3f9e P 7628b292019d4388b096a4f96b2283eb: Time spent opening tablet: real 0.001s user 0.002s sys 0.000s
I0225 21:50:42.176939 1693 tablet_bootstrap.cc:363] T a4730e4d785a49069ba2bb382ede3f9e P 5a9fdcf0227045cf9f868590152defd9: Bootstrap starting.
I0225 21:50:42.177381 1691 tablet_bootstrap.cc:464] T a4730e4d785a49069ba2bb382ede3f9e P 7628b292019d4388b096a4f96b2283eb: No blocks or log segments found. Creating new log.
I0225 21:50:42.177924 1694 tablet_bootstrap.cc:363] T a4730e4d785a49069ba2bb382ede3f9e P abbe08b58a6b4e30b0250bd1288a9f32: Bootstrap starting.
I0225 21:50:42.178932 1691 log.cc:332] Log is configured to *not* fsync() on all Append() calls
I0225 21:50:42.181608 1693 tablet_bootstrap.cc:524] T a4730e4d785a49069ba2bb382ede3f9e P 5a9fdcf0227045cf9f868590152defd9: Time spent opening tablet: real 0.001s user 0.001s sys 0.000s
I0225 21:50:42.182186 1693 tablet_bootstrap.cc:464] T a4730e4d785a49069ba2bb382ede3f9e P 5a9fdcf0227045cf9f868590152defd9: No blocks or log segments found. Creating new log.
I0225 21:50:42.182533 1691 tablet_bootstrap.cc:363] T a4730e4d785a49069ba2bb382ede3f9e P 7628b292019d4388b096a4f96b2283eb: No bootstrap required, opened a new log
I0225 21:50:42.182867 1694 tablet_bootstrap.cc:524] T a4730e4d785a49069ba2bb382ede3f9e P abbe08b58a6b4e30b0250bd1288a9f32: Time spent opening tablet: real 0.002s user 0.002s sys 0.000s
I0225 21:50:42.182971 1691 ts_tablet_manager.cc:621] T a4730e4d785a49069ba2bb382ede3f9e P 7628b292019d4388b096a4f96b2283eb: Time spent bootstrapping tablet: real 0.012s user 0.009s sys 0.002s
I0225 21:50:42.183364 1694 tablet_bootstrap.cc:464] T a4730e4d785a49069ba2bb382ede3f9e P abbe08b58a6b4e30b0250bd1288a9f32: No blocks or log segments found. Creating new log.
I0225 21:50:42.184109 1693 log.cc:332] Log is configured to *not* fsync() on all Append() calls
I0225 21:50:42.184607 1694 log.cc:332] Log is configured to *not* fsync() on all Append() calls
I0225 21:50:42.187731 1694 tablet_bootstrap.cc:363] T a4730e4d785a49069ba2bb382ede3f9e P abbe08b58a6b4e30b0250bd1288a9f32: No bootstrap required, opened a new log
I0225 21:50:42.187958 1693 tablet_bootstrap.cc:363] T a4730e4d785a49069ba2bb382ede3f9e P 5a9fdcf0227045cf9f868590152defd9: No bootstrap required, opened a new log
I0225 21:50:42.188077 1694 ts_tablet_manager.cc:621] T a4730e4d785a49069ba2bb382ede3f9e P abbe08b58a6b4e30b0250bd1288a9f32: Time spent bootstrapping tablet: real 0.013s user 0.010s sys 0.002s
I0225 21:50:42.188393 1693 ts_tablet_manager.cc:621] T a4730e4d785a49069ba2bb382ede3f9e P 5a9fdcf0227045cf9f868590152defd9: Time spent bootstrapping tablet: real 0.014s user 0.013s sys 0.000s
I0225 21:50:42.188343 1691 raft_consensus.cc:268] T a4730e4d785a49069ba2bb382ede3f9e P 7628b292019d4388b096a4f96b2283eb [term 0 FOLLOWER]: Replica starting. Triggering 0 pending transactions. Active config: opid_index: -1 local: false peers { permanent_uuid: "7628b292019d4388b096a4f96b2283eb" member_type: VOTER last_known_addr { host: "127.102.10.1" port: 36483 } } peers { permanent_uuid: "abbe08b58a6b4e30b0250bd1288a9f32" member_type: VOTER last_known_addr { host: "127.102.10.2" port: 49416 } } peers { permanent_uuid: "5a9fdcf0227045cf9f868590152defd9" member_type: VOTER last_known_addr { host: "127.102.10.0" port: 41575 } }
I0225 21:50:42.190151 1691 raft_consensus.cc:300] T a4730e4d785a49069ba2bb382ede3f9e P 7628b292019d4388b096a4f96b2283eb [term 0 FOLLOWER]: Consensus starting up: Expiring failure detector timer to make a prompt election more likely
I0225 21:50:42.190412 1691 raft_consensus.cc:477] T a4730e4d785a49069ba2bb382ede3f9e P 7628b292019d4388b096a4f96b2283eb [term 0 FOLLOWER]: Becoming Follower/Learner. State: Replica: 7628b292019d4388b096a4f96b2283eb, State: 1, Role: FOLLOWER Watermarks: {Received: term: 0 index: 0 Committed: term: 0 index: 0}
I0225 21:50:42.190721 1691 consensus_queue.cc:162] T a4730e4d785a49069ba2bb382ede3f9e P 7628b292019d4388b096a4f96b2283eb [NON_LEADER]: Queue going to NON_LEADER mode. State: All replicated op: 0.0, Majority replicated op: 0.0, Committed index: 0.0, Last appended: 0.0, Current term: 0, Majority size: -1, State: 1, Mode: NON_LEADER
I0225 21:50:42.192845 1691 ts_tablet_manager.cc:643] T a4730e4d785a49069ba2bb382ede3f9e P 7628b292019d4388b096a4f96b2283eb: Time spent starting tablet: real 0.010s user 0.009s sys 0.001s
I0225 21:50:42.192476 1694 raft_consensus.cc:268] T a4730e4d785a49069ba2bb382ede3f9e P abbe08b58a6b4e30b0250bd1288a9f32 [term 0 FOLLOWER]: Replica starting. Triggering 0 pending transactions. Active config: opid_index: -1 local: false peers { permanent_uuid: "7628b292019d4388b096a4f96b2283eb" member_type: VOTER last_known_addr { host: "127.102.10.1" port: 36483 } } peers { permanent_uuid: "abbe08b58a6b4e30b0250bd1288a9f32" member_type: VOTER last_known_addr { host: "127.102.10.2" port: 49416 } } peers { permanent_uuid: "5a9fdcf0227045cf9f868590152defd9" member_type: VOTER last_known_addr { host: "127.102.10.0" port: 41575 } }
I0225 21:50:42.193980 1694 raft_consensus.cc:300] T a4730e4d785a49069ba2bb382ede3f9e P abbe08b58a6b4e30b0250bd1288a9f32 [term 0 FOLLOWER]: Consensus starting up: Expiring failure detector timer to make a prompt election more likely
I0225 21:50:42.194193 1694 raft_consensus.cc:477] T a4730e4d785a49069ba2bb382ede3f9e P abbe08b58a6b4e30b0250bd1288a9f32 [term 0 FOLLOWER]: Becoming Follower/Learner. State: Replica: abbe08b58a6b4e30b0250bd1288a9f32, State: 1, Role: FOLLOWER Watermarks: {Received: term: 0 index: 0 Committed: term: 0 index: 0}
I0225 21:50:42.194456 1694 consensus_queue.cc:162] T a4730e4d785a49069ba2bb382ede3f9e P abbe08b58a6b4e30b0250bd1288a9f32 [NON_LEADER]: Queue going to NON_LEADER mode. State: All replicated op: 0.0, Majority replicated op: 0.0, Committed index: 0.0, Last appended: 0.0, Current term: 0, Majority size: -1, State: 1, Mode: NON_LEADER
I0225 21:50:42.194581 1693 raft_consensus.cc:268] T a4730e4d785a49069ba2bb382ede3f9e P 5a9fdcf0227045cf9f868590152defd9 [term 0 FOLLOWER]: Replica starting. Triggering 0 pending transactions. Active config: opid_index: -1 local: false peers { permanent_uuid: "7628b292019d4388b096a4f96b2283eb" member_type: VOTER last_known_addr { host: "127.102.10.1" port: 36483 } } peers { permanent_uuid: "abbe08b58a6b4e30b0250bd1288a9f32" member_type: VOTER last_known_addr { host: "127.102.10.2" port: 49416 } } peers { permanent_uuid: "5a9fdcf0227045cf9f868590152defd9" member_type: VOTER last_known_addr { host: "127.102.10.0" port: 41575 } }
I0225 21:50:42.196193 1694 ts_tablet_manager.cc:643] T a4730e4d785a49069ba2bb382ede3f9e P abbe08b58a6b4e30b0250bd1288a9f32: Time spent starting tablet: real 0.008s user 0.008s sys 0.000s
I0225 21:50:42.196689 1693 raft_consensus.cc:300] T a4730e4d785a49069ba2bb382ede3f9e P 5a9fdcf0227045cf9f868590152defd9 [term 0 FOLLOWER]: Consensus starting up: Expiring failure detector timer to make a prompt election more likely
I0225 21:50:42.196993 1693 raft_consensus.cc:477] T a4730e4d785a49069ba2bb382ede3f9e P 5a9fdcf0227045cf9f868590152defd9 [term 0 FOLLOWER]: Becoming Follower/Learner. State: Replica: 5a9fdcf0227045cf9f868590152defd9, State: 1, Role: FOLLOWER Watermarks: {Received: term: 0 index: 0 Committed: term: 0 index: 0}
I0225 21:50:42.197347 1693 consensus_queue.cc:162] T a4730e4d785a49069ba2bb382ede3f9e P 5a9fdcf0227045cf9f868590152defd9 [NON_LEADER]: Queue going to NON_LEADER mode. State: All replicated op: 0.0, Majority replicated op: 0.0, Committed index: 0.0, Last appended: 0.0, Current term: 0, Majority size: -1, State: 1, Mode: NON_LEADER
I0225 21:50:42.200031 1693 ts_tablet_manager.cc:643] T a4730e4d785a49069ba2bb382ede3f9e P 5a9fdcf0227045cf9f868590152defd9: Time spent starting tablet: real 0.012s user 0.012s sys 0.000s
I0225 21:50:42.464124 1704 raft_consensus.cc:362] T a4730e4d785a49069ba2bb382ede3f9e P 5a9fdcf0227045cf9f868590152defd9 [term 0 FOLLOWER]: No leader contacted us within the election timeout. Triggering leader election
I0225 21:50:42.464357 1704 raft_consensus.cc:1988] T a4730e4d785a49069ba2bb382ede3f9e P 5a9fdcf0227045cf9f868590152defd9 [term 0 FOLLOWER]: Advancing to term 1
I0225 21:50:42.466421 1704 raft_consensus.cc:1939] T a4730e4d785a49069ba2bb382ede3f9e P 5a9fdcf0227045cf9f868590152defd9 [term 1 FOLLOWER]: Snoozing failure detection for election timeout plus an additional 1.540s
I0225 21:50:42.466603 1704 raft_consensus.cc:378] T a4730e4d785a49069ba2bb382ede3f9e P 5a9fdcf0227045cf9f868590152defd9 [term 1 FOLLOWER]: Starting election with config: opid_index: -1 local: false peers { permanent_uuid: "7628b292019d4388b096a4f96b2283eb" member_type: VOTER last_known_addr { host: "127.102.10.1" port: 36483 } } peers { permanent_uuid: "abbe08b58a6b4e30b0250bd1288a9f32" member_type: VOTER last_known_addr { host: "127.102.10.2" port: 49416 } } peers { permanent_uuid: "5a9fdcf0227045cf9f868590152defd9" member_type: VOTER last_known_addr { host: "127.102.10.0" port: 41575 } }
I0225 21:50:42.470563 1704 leader_election.cc:222] T a4730e4d785a49069ba2bb382ede3f9e P 5a9fdcf0227045cf9f868590152defd9 [CANDIDATE]: Term 1 election: Requesting vote from peer 7628b292019d4388b096a4f96b2283eb
I0225 21:50:42.471213 1704 leader_election.cc:222] T a4730e4d785a49069ba2bb382ede3f9e P 5a9fdcf0227045cf9f868590152defd9 [CANDIDATE]: Term 1 election: Requesting vote from peer abbe08b58a6b4e30b0250bd1288a9f32
I0225 21:50:42.475834 1479 raft_consensus.cc:1988] T a4730e4d785a49069ba2bb382ede3f9e P 7628b292019d4388b096a4f96b2283eb [term 0 FOLLOWER]: Advancing to term 1
I0225 21:50:42.476604 1600 raft_consensus.cc:1988] T a4730e4d785a49069ba2bb382ede3f9e P abbe08b58a6b4e30b0250bd1288a9f32 [term 0 FOLLOWER]: Advancing to term 1
I0225 21:50:42.477881 1479 raft_consensus.cc:1939] T a4730e4d785a49069ba2bb382ede3f9e P 7628b292019d4388b096a4f96b2283eb [term 1 FOLLOWER]: Snoozing failure detection for election timeout plus an additional 1.592s
I0225 21:50:42.478664 1600 raft_consensus.cc:1939] T a4730e4d785a49069ba2bb382ede3f9e P abbe08b58a6b4e30b0250bd1288a9f32 [term 1 FOLLOWER]: Snoozing failure detection for election timeout plus an additional 1.592s
I0225 21:50:42.479521 1479 raft_consensus.cc:1649] T a4730e4d785a49069ba2bb382ede3f9e P 7628b292019d4388b096a4f96b2283eb [term 1 FOLLOWER]: Leader election vote request: Granting yes vote for candidate 5a9fdcf0227045cf9f868590152defd9 in term 1.
I0225 21:50:42.480214 1600 raft_consensus.cc:1649] T a4730e4d785a49069ba2bb382ede3f9e P abbe08b58a6b4e30b0250bd1288a9f32 [term 1 FOLLOWER]: Leader election vote request: Granting yes vote for candidate 5a9fdcf0227045cf9f868590152defd9 in term 1.
I0225 21:50:42.480916 1303 leader_election.cc:346] T a4730e4d785a49069ba2bb382ede3f9e P 5a9fdcf0227045cf9f868590152defd9 [CANDIDATE]: Term 1 election: Vote granted by peer 7628b292019d4388b096a4f96b2283eb
I0225 21:50:42.481209 1302 leader_election.cc:346] T a4730e4d785a49069ba2bb382ede3f9e P 5a9fdcf0227045cf9f868590152defd9 [CANDIDATE]: Term 1 election: Vote granted by peer abbe08b58a6b4e30b0250bd1288a9f32
I0225 21:50:42.481319 1302 leader_election.cc:247] T a4730e4d785a49069ba2bb382ede3f9e P 5a9fdcf0227045cf9f868590152defd9 [CANDIDATE]: Term 1 election: Election decided. Result: candidate won.
I0225 21:50:42.481784 1706 raft_consensus.cc:1939] T a4730e4d785a49069ba2bb382ede3f9e P 5a9fdcf0227045cf9f868590152defd9 [term 1 FOLLOWER]: Snoozing failure detection for election timeout plus an additional 1.569s
I0225 21:50:42.482058 1706 raft_consensus.cc:1831] T a4730e4d785a49069ba2bb382ede3f9e P 5a9fdcf0227045cf9f868590152defd9 [term 1 FOLLOWER]: Leader election won for term 1
I0225 21:50:42.483196 1706 raft_consensus.cc:442] T a4730e4d785a49069ba2bb382ede3f9e P 5a9fdcf0227045cf9f868590152defd9 [term 1 LEADER]: Becoming Leader. State: Replica: 5a9fdcf0227045cf9f868590152defd9, State: 1, Role: LEADER Watermarks: {Received: term: 0 index: 0 Committed: term: 0 index: 0}
I0225 21:50:42.484052 1706 consensus_queue.cc:145] T a4730e4d785a49069ba2bb382ede3f9e P 5a9fdcf0227045cf9f868590152defd9 [LEADER]: Queue going to LEADER mode. State: All replicated op: 0.0, Majority replicated op: 0.0, Committed index: 0.0, Last appended: 0.0, Current term: 1, Majority size: 2, State: 1, Mode: LEADER, active raft config: opid_index: -1 local: false peers { permanent_uuid: "7628b292019d4388b096a4f96b2283eb" member_type: VOTER last_known_addr { host: "127.102.10.1" port: 36483 } } peers { permanent_uuid: "abbe08b58a6b4e30b0250bd1288a9f32" member_type: VOTER last_known_addr { host: "127.102.10.2" port: 49416 } } peers { permanent_uuid: "5a9fdcf0227045cf9f868590152defd9" member_type: VOTER last_known_addr { host: "127.102.10.0" port: 41575 } }
I0225 21:50:42.495075 1249 catalog_manager.cc:1558] Tablet: a4730e4d785a49069ba2bb382ede3f9e reported consensus state change. New consensus state: current_term: 1 leader_uuid: "5a9fdcf0227045cf9f868590152defd9" config { opid_index: -1 local: false peers { permanent_uuid: "7628b292019d4388b096a4f96b2283eb" member_type: VOTER last_known_addr { host: "127.102.10.1" port: 36483 } } peers { permanent_uuid: "abbe08b58a6b4e30b0250bd1288a9f32" member_type: VOTER last_known_addr { host: "127.102.10.2" port: 49416 } } peers { permanent_uuid: "5a9fdcf0227045cf9f868590152defd9" member_type: VOTER last_known_addr { host: "127.102.10.0" port: 41575 } } }
W0225 21:50:42.496995 1711 raft_consensus_state.cc:524] T a4730e4d785a49069ba2bb382ede3f9e P 5a9fdcf0227045cf9f868590152defd9 [term 1 LEADER]: Can't advance the committed index across term boundaries until operations from the current term are replicated. Last committed operation was: term: 0 index: 0, New majority replicated is: term: 0 index: 0, Current term is: 1
I0225 21:50:42.516047 26122 master_failover-itest.cc:250] Pausing leader master
I0225 21:50:42.989564 1480 raft_consensus.cc:831] T a4730e4d785a49069ba2bb382ede3f9e P 7628b292019d4388b096a4f96b2283eb [term 1 FOLLOWER]: Refusing update from remote peer 5a9fdcf0227045cf9f868590152defd9: Log matching property violated. Preceding OpId in replica: term: 0 index: 0. Preceding OpId from leader: term: 1 index: 1. (index mismatch)
I0225 21:50:42.989781 1601 raft_consensus.cc:831] T a4730e4d785a49069ba2bb382ede3f9e P abbe08b58a6b4e30b0250bd1288a9f32 [term 1 FOLLOWER]: Refusing update from remote peer 5a9fdcf0227045cf9f868590152defd9: Log matching property violated. Preceding OpId in replica: term: 0 index: 0. Preceding OpId from leader: term: 1 index: 1. (index mismatch)
I0225 21:50:42.991610 1712 consensus_queue.cc:572] T a4730e4d785a49069ba2bb382ede3f9e P 5a9fdcf0227045cf9f868590152defd9 [LEADER]: Connected to new peer: Peer: abbe08b58a6b4e30b0250bd1288a9f32, Is new: false, Last received: 0.0, Next index: 1, Last known committed idx: 0, Last exchange result: ERROR, Needs remote bootstrap: false
I0225 21:50:42.991889 1706 consensus_queue.cc:572] T a4730e4d785a49069ba2bb382ede3f9e P 5a9fdcf0227045cf9f868590152defd9 [LEADER]: Connected to new peer: Peer: 7628b292019d4388b096a4f96b2283eb, Is new: false, Last received: 0.0, Next index: 1, Last known committed idx: 0, Last exchange result: ERROR, Needs remote bootstrap: false
I0225 21:50:43.010790 1715 raft_consensus_state.cc:517] T a4730e4d785a49069ba2bb382ede3f9e P 5a9fdcf0227045cf9f868590152defd9 [term 1 LEADER]: Advanced the committed_index across terms. Last committed operation was: term: 0 index: 0 New committed index is: term: 1 index: 1
I0225 21:50:43.190038 1287 raft_consensus.cc:358] T 00000000000000000000000000000000 P 7d1972008325413a943c1ee4f140ee66 [term 2 FOLLOWER]: Failure of leader 4c72ab184ce64d999dd3ebf9e3720cd4 detected. Triggering leader election
I0225 21:50:43.190172 1287 raft_consensus.cc:1988] T 00000000000000000000000000000000 P 7d1972008325413a943c1ee4f140ee66 [term 2 FOLLOWER]: Advancing to term 3
I0225 21:50:43.191946 1287 raft_consensus.cc:1939] T 00000000000000000000000000000000 P 7d1972008325413a943c1ee4f140ee66 [term 3 FOLLOWER]: Snoozing failure detection for election timeout plus an additional 0.542s
I0225 21:50:43.192100 1287 raft_consensus.cc:378] T 00000000000000000000000000000000 P 7d1972008325413a943c1ee4f140ee66 [term 3 FOLLOWER]: Starting election with config: opid_index: -1 local: false peers { permanent_uuid: "7d1972008325413a943c1ee4f140ee66" member_type: VOTER last_known_addr { host: "127.0.0.1" port: 11010 } } peers { permanent_uuid: "5cbd1640a4934d2e9bbf6d3a52aeba70" member_type: VOTER last_known_addr { host: "127.0.0.1" port: 11011 } } peers { permanent_uuid: "4c72ab184ce64d999dd3ebf9e3720cd4" member_type: VOTER last_known_addr { host: "127.0.0.1" port: 11012 } }
I0225 21:50:43.194339 1287 leader_election.cc:222] T 00000000000000000000000000000000 P 7d1972008325413a943c1ee4f140ee66 [CANDIDATE]: Term 3 election: Requesting vote from peer 5cbd1640a4934d2e9bbf6d3a52aeba70
I0225 21:50:43.194732 1287 leader_election.cc:222] T 00000000000000000000000000000000 P 7d1972008325413a943c1ee4f140ee66 [CANDIDATE]: Term 3 election: Requesting vote from peer 4c72ab184ce64d999dd3ebf9e3720cd4
I0225 21:50:43.196138 1222 raft_consensus.cc:1988] T 00000000000000000000000000000000 P 5cbd1640a4934d2e9bbf6d3a52aeba70 [term 2 FOLLOWER]: Advancing to term 3
I0225 21:50:43.197844 1222 raft_consensus.cc:1939] T 00000000000000000000000000000000 P 5cbd1640a4934d2e9bbf6d3a52aeba70 [term 3 FOLLOWER]: Snoozing failure detection for election timeout plus an additional 0.511s
I0225 21:50:43.199264 1222 raft_consensus.cc:1649] T 00000000000000000000000000000000 P 5cbd1640a4934d2e9bbf6d3a52aeba70 [term 3 FOLLOWER]: Leader election vote request: Granting yes vote for candidate 7d1972008325413a943c1ee4f140ee66 in term 3.
I0225 21:50:43.199983 1154 leader_election.cc:346] T 00000000000000000000000000000000 P 7d1972008325413a943c1ee4f140ee66 [CANDIDATE]: Term 3 election: Vote granted by peer 5cbd1640a4934d2e9bbf6d3a52aeba70
I0225 21:50:43.200134 1154 leader_election.cc:247] T 00000000000000000000000000000000 P 7d1972008325413a943c1ee4f140ee66 [CANDIDATE]: Term 3 election: Election decided. Result: candidate won.
I0225 21:50:43.201022 1716 raft_consensus.cc:1939] T 00000000000000000000000000000000 P 7d1972008325413a943c1ee4f140ee66 [term 3 FOLLOWER]: Snoozing failure detection for election timeout plus an additional 0.511s
I0225 21:50:43.201274 1716 raft_consensus.cc:1831] T 00000000000000000000000000000000 P 7d1972008325413a943c1ee4f140ee66 [term 3 FOLLOWER]: Leader election won for term 3
I0225 21:50:43.202087 1716 raft_consensus.cc:442] T 00000000000000000000000000000000 P 7d1972008325413a943c1ee4f140ee66 [term 3 LEADER]: Becoming Leader. State: Replica: 7d1972008325413a943c1ee4f140ee66, State: 1, Role: LEADER Watermarks: {Received: term: 2 index: 8 Committed: term: 2 index: 8}
I0225 21:50:43.202435 1716 consensus_queue.cc:145] T 00000000000000000000000000000000 P 7d1972008325413a943c1ee4f140ee66 [LEADER]: Queue going to LEADER mode. State: All replicated op: 2.8, Majority replicated op: 2.8, Committed index: 2.8, Last appended: 2.8, Current term: 3, Majority size: 2, State: 1, Mode: LEADER, active raft config: opid_index: -1 local: false peers { permanent_uuid: "7d1972008325413a943c1ee4f140ee66" member_type: VOTER last_known_addr { host: "127.0.0.1" port: 11010 } } peers { permanent_uuid: "5cbd1640a4934d2e9bbf6d3a52aeba70" member_type: VOTER last_known_addr { host: "127.0.0.1" port: 11011 } } peers { permanent_uuid: "4c72ab184ce64d999dd3ebf9e3720cd4" member_type: VOTER last_known_addr { host: "127.0.0.1" port: 11012 } }
I0225 21:50:43.204773 1717 sys_catalog.cc:227] T 00000000000000000000000000000000 P 7d1972008325413a943c1ee4f140ee66 [sys.catalog]: SysCatalogTable state changed. Reason: New leader 7d1972008325413a943c1ee4f140ee66. Latest consensus state: current_term: 3 leader_uuid: "7d1972008325413a943c1ee4f140ee66" config { opid_index: -1 local: false peers { permanent_uuid: "7d1972008325413a943c1ee4f140ee66" member_type: VOTER last_known_addr { host: "127.0.0.1" port: 11010 } } peers { permanent_uuid: "5cbd1640a4934d2e9bbf6d3a52aeba70" member_type: VOTER last_known_addr { host: "127.0.0.1" port: 11011 } } peers { permanent_uuid: "4c72ab184ce64d999dd3ebf9e3720cd4" member_type: VOTER last_known_addr { host: "127.0.0.1" port: 11012 } } }
I0225 21:50:43.205152 1717 sys_catalog.cc:230] T 00000000000000000000000000000000 P 7d1972008325413a943c1ee4f140ee66 [sys.catalog]: This master's current role is: LEADER, previous role was: FOLLOWER
W0225 21:50:43.206110 1720 raft_consensus_state.cc:524] T 00000000000000000000000000000000 P 7d1972008325413a943c1ee4f140ee66 [term 3 LEADER]: Can't advance the committed index across term boundaries until operations from the current term are replicated. Last committed operation was: term: 2 index: 8, New majority replicated is: term: 2 index: 8, Current term is: 3
I0225 21:50:43.206511 1721 catalog_manager.cc:520] Loading table and tablet metadata into memory...
I0225 21:50:43.211338 1721 catalog_manager.cc:202] Loaded metadata for table [id=93c0db77fc8447458439412b937c94d3]
I0225 21:50:43.215600 1721 catalog_manager.cc:266] Loaded metadata for tablet a4730e4d785a49069ba2bb382ede3f9e (table testAlterTableSync [id=93c0db77fc8447458439412b937c94d3])
I0225 21:50:43.705875 1213 raft_consensus.cc:831] T 00000000000000000000000000000000 P 5cbd1640a4934d2e9bbf6d3a52aeba70 [term 3 FOLLOWER]: Refusing update from remote peer 7d1972008325413a943c1ee4f140ee66: Log matching property violated. Preceding OpId in replica: term: 2 index: 8. Preceding OpId from leader: term: 3 index: 9. (index mismatch)
I0225 21:50:43.707128 1716 consensus_queue.cc:572] T 00000000000000000000000000000000 P 7d1972008325413a943c1ee4f140ee66 [LEADER]: Connected to new peer: Peer: 5cbd1640a4934d2e9bbf6d3a52aeba70, Is new: false, Last received: 2.8, Next index: 9, Last known committed idx: 7, Last exchange result: ERROR, Needs remote bootstrap: false
I0225 21:50:43.711757 1722 sys_catalog.cc:227] T 00000000000000000000000000000000 P 5cbd1640a4934d2e9bbf6d3a52aeba70 [sys.catalog]: SysCatalogTable state changed. Reason: New leader 7d1972008325413a943c1ee4f140ee66. Latest consensus state: current_term: 3 leader_uuid: "7d1972008325413a943c1ee4f140ee66" config { opid_index: -1 local: false peers { permanent_uuid: "7d1972008325413a943c1ee4f140ee66" member_type: VOTER last_known_addr { host: "127.0.0.1" port: 11010 } } peers { permanent_uuid: "5cbd1640a4934d2e9bbf6d3a52aeba70" member_type: VOTER last_known_addr { host: "127.0.0.1" port: 11011 } } peers { permanent_uuid: "4c72ab184ce64d999dd3ebf9e3720cd4" member_type: VOTER last_known_addr { host: "127.0.0.1" port: 11012 } } }
I0225 21:50:43.712179 1722 sys_catalog.cc:230] T 00000000000000000000000000000000 P 5cbd1640a4934d2e9bbf6d3a52aeba70 [sys.catalog]: This master's current role is: FOLLOWER, previous role was: FOLLOWER
I0225 21:50:43.714573 1724 raft_consensus_state.cc:517] T 00000000000000000000000000000000 P 7d1972008325413a943c1ee4f140ee66 [term 3 LEADER]: Advanced the committed_index across terms. Last committed operation was: term: 2 index: 8 New committed index is: term: 3 index: 9
I0225 21:50:43.717097 1722 sys_catalog.cc:227] T 00000000000000000000000000000000 P 5cbd1640a4934d2e9bbf6d3a52aeba70 [sys.catalog]: SysCatalogTable state changed. Reason: Replicated consensus-only round. Latest consensus state: current_term: 3 leader_uuid: "7d1972008325413a943c1ee4f140ee66" config { opid_index: -1 local: false peers { permanent_uuid: "7d1972008325413a943c1ee4f140ee66" member_type: VOTER last_known_addr { host: "127.0.0.1" port: 11010 } } peers { permanent_uuid: "5cbd1640a4934d2e9bbf6d3a52aeba70" member_type: VOTER last_known_addr { host: "127.0.0.1" port: 11011 } } peers { permanent_uuid: "4c72ab184ce64d999dd3ebf9e3720cd4" member_type: VOTER last_known_addr { host: "127.0.0.1" port: 11012 } } }
I0225 21:50:43.717396 1722 sys_catalog.cc:230] T 00000000000000000000000000000000 P 5cbd1640a4934d2e9bbf6d3a52aeba70 [sys.catalog]: This master's current role is: FOLLOWER, previous role was: FOLLOWER
W0225 21:50:43.738008 1154 leader_election.cc:274] T 00000000000000000000000000000000 P 7d1972008325413a943c1ee4f140ee66 [CANDIDATE]: Term 3 election: RPC error from VoteRequest() call to peer 4c72ab184ce64d999dd3ebf9e3720cd4: Timed out: RequestConsensusVote RPC to 127.0.0.1:11012 timed out after 0.542s
W0225 21:50:44.705926 1154 consensus_peers.cc:319] T 00000000000000000000000000000000 P 7d1972008325413a943c1ee4f140ee66 -> Peer 4c72ab184ce64d999dd3ebf9e3720cd4 (127.0.0.1:11012): Couldn't send request to peer 4c72ab184ce64d999dd3ebf9e3720cd4 for tablet 00000000000000000000000000000000 Status: Timed out: UpdateConsensus RPC to 127.0.0.1:11012 timed out after 1.000s. Retrying in the next heartbeat period. Already tried 1 times.
W0225 21:50:46.143729 1154 consensus_peers.cc:319] T 00000000000000000000000000000000 P 7d1972008325413a943c1ee4f140ee66 -> Peer 4c72ab184ce64d999dd3ebf9e3720cd4 (127.0.0.1:11012): Couldn't send request to peer 4c72ab184ce64d999dd3ebf9e3720cd4 for tablet 00000000000000000000000000000000 Status: Timed out: UpdateConsensus RPC to 127.0.0.1:11012 timed out after 1.000s. Retrying in the next heartbeat period. Already tried 2 times.
W0225 21:50:47.516702 1154 consensus_peers.cc:319] T 00000000000000000000000000000000 P 7d1972008325413a943c1ee4f140ee66 -> Peer 4c72ab184ce64d999dd3ebf9e3720cd4 (127.0.0.1:11012): Couldn't send request to peer 4c72ab184ce64d999dd3ebf9e3720cd4 for tablet 00000000000000000000000000000000 Status: Timed out: UpdateConsensus RPC to 127.0.0.1:11012 timed out after 1.000s. Retrying in the next heartbeat period. Already tried 3 times.
W0225 21:50:47.517638 26122 client-internal.cc:178] Unable to send the request (table { table_name: "testAlterTableSync" } new_table_name: "testAlterTableSyncRenamed") to leader Master (127.0.0.1:11012): Timed out: AlterTable RPC to 127.0.0.1:11012 timed out after 5.000s
I0225 21:50:47.517909 26122 client-internal.cc:182] Determining the new leader Master and retrying...
I0225 21:50:47.523695 1162 catalog_manager.cc:1083] Servicing AlterTable request from {real_user=adar, eff_user=} at 127.0.0.1:55718: table { table_name: "testAlterTableSync" } new_table_name: "testAlterTableSyncRenamed"
W0225 21:50:47.542672 1162 catalog_manager.cc:1805] Unable to reset TS proxy: Not found: no leader
W0225 21:50:47.542961 1162 catalog_manager.cc:2421] Failed to send alter table request: Not found: Failed to reset TS proxy: no leader
