[ RUN ] MasterFailoverTest.TestRenameTableSync
I0225 21:50:39.039475 26122 external_mini_cluster.cc:546] Running /home/adar/kudu/build/asan/bin/kudu-master kudu-master --fs_wal_dir=/tmp/kudutest-4282/master_failover-itest.MasterFailoverTest.TestRenameTableSync.1456460284463433-26122/minicluster-data/master-0 --fs_data_dirs=/tmp/kudutest-4282/master_failover-itest.MasterFailoverTest.TestRenameTableSync.1456460284463433-26122/minicluster-data/master-0 --rpc_bind_addresses=127.0.0.1:11010 --webserver_interface=localhost --webserver_port=0 --metrics_log_interval_ms=1000 --log_dir=/tmp/kudutest-4282/master_failover-itest.MasterFailoverTest.TestRenameTableSync.1456460284463433-26122/minicluster-data/master-0 --leader_failure_max_missed_heartbeat_periods=1.0 --master_addresses=127.0.0.1:11010,127.0.0.1:11011,127.0.0.1:11012 --enable_leader_failure_detection=true --server_dump_info_path=/tmp/kudutest-4282/master_failover-itest.MasterFailoverTest.TestRenameTableSync.1456460284463433-26122/minicluster-data/master-0/info.pb --server_dump_info_format=pb --rpc_server_allow_ephemeral_ports --logtostderr --logbuflevel=-1
I0225 21:50:39.343858 1149 mem_tracker.cc:137] MemTracker: hard memory limit is 75.496170 GB
I0225 21:50:39.344655 1149 mem_tracker.cc:139] MemTracker: soft memory limit is 45.297703 GB
I0225 21:50:39.354418 1149 master_main.cc:58] Initializing master server...
I0225 21:50:39.355356 1149 hybrid_clock.cc:178] HybridClock initialized. Resolution in nanos?: 1 Wait times tolerance adjustment: 1.0005 Current error: 283948
I0225 21:50:39.361176 1149 server_base.cc:164] Could not load existing FS layout: Not found: /tmp/kudutest-4282/master_failover-itest.MasterFailoverTest.TestRenameTableSync.1456460284463433-26122/minicluster-data/master-0/instance: No such file or directory (error 2)
I0225 21:50:39.361260 1149 server_base.cc:165] Creating new FS layout
I0225 21:50:39.377742 1149 fs_manager.cc:345] Generated new instance metadata in path /tmp/kudutest-4282/master_failover-itest.MasterFailoverTest.TestRenameTableSync.1456460284463433-26122/minicluster-data/master-0/instance: uuid: "7d1972008325413a943c1ee4f140ee66" format_stamp: "Formatted at 2016-02-26 05:50:39 on ve0518.halxg.cloudera.com"
I0225 21:50:39.390677 1149 fs_manager.cc:242] Opened local filesystem: /tmp/kudutest-4282/master_failover-itest.MasterFailoverTest.TestRenameTableSync.1456460284463433-26122/minicluster-data/master-0 uuid: "7d1972008325413a943c1ee4f140ee66" format_stamp: "Formatted at 2016-02-26 05:50:39 on ve0518.halxg.cloudera.com"
I0225 21:50:39.415994 1149 master_main.cc:61] Starting Master server...
I0225 21:50:39.453559 1149 rpc_server.cc:164] RPC server started. Bound to: 127.0.0.1:11010
I0225 21:50:39.454601 1149 webserver.cc:135] Starting webserver on localhost:0
I0225 21:50:39.454655 1149 webserver.cc:146] Document root disabled
I0225 21:50:39.455515 1149 net_util.cc:175] Address 127.0.0.1:0 for localhost:0 duplicates an earlier resolved entry.
I0225 21:50:39.457451 1149 webserver.cc:229] Webserver started. Bound to: http://127.0.0.1:59454/
I0225 21:50:39.458875 1149 server_base.cc:234] Dumped server information to /tmp/kudutest-4282/master_failover-itest.MasterFailoverTest.TestRenameTableSync.1456460284463433-26122/minicluster-data/master-0/info.pb
I0225 21:50:39.466436 26122 external_mini_cluster.cc:582] Started /home/adar/kudu/build/asan/bin/kudu-master as pid 1149
I0225 21:50:39.467022 26122 external_mini_cluster.cc:546] Running /home/adar/kudu/build/asan/bin/kudu-master kudu-master --fs_wal_dir=/tmp/kudutest-4282/master_failover-itest.MasterFailoverTest.TestRenameTableSync.1456460284463433-26122/minicluster-data/master-1 --fs_data_dirs=/tmp/kudutest-4282/master_failover-itest.MasterFailoverTest.TestRenameTableSync.1456460284463433-26122/minicluster-data/master-1 --rpc_bind_addresses=127.0.0.1:11011 --webserver_interface=localhost --webserver_port=0 --metrics_log_interval_ms=1000 --log_dir=/tmp/kudutest-4282/master_failover-itest.MasterFailoverTest.TestRenameTableSync.1456460284463433-26122/minicluster-data/master-1 --leader_failure_max_missed_heartbeat_periods=1.0 --master_addresses=127.0.0.1:11010,127.0.0.1:11011,127.0.0.1:11012 --enable_leader_failure_detection=true --server_dump_info_path=/tmp/kudutest-4282/master_failover-itest.MasterFailoverTest.TestRenameTableSync.1456460284463433-26122/minicluster-data/master-1/info.pb --server_dump_info_format=pb --rpc_server_allow_ephemeral_ports --logtostderr --logbuflevel=-1
I0225 21:50:39.479771 1190 sys_catalog.cc:196] member_type: VOTER last_known_addr { host: "127.0.0.1" port: 11010 } has no permanent_uuid. Determining permanent_uuid...
W0225 21:50:39.483392 1154 reactor.cc:227] Client call kudu.consensus.ConsensusService.GetNodeInstance has no timeout set for connection id: {remote=127.0.0.1:11010, user_credentials={real_user=adar, eff_user=}}
I0225 21:50:39.506592 1190 sys_catalog.cc:196] member_type: VOTER last_known_addr { host: "127.0.0.1" port: 11011 } has no permanent_uuid. Determining permanent_uuid...
W0225 21:50:39.507064 1154 reactor.cc:227] Client call kudu.consensus.ConsensusService.GetNodeInstance has no timeout set for connection id: {remote=127.0.0.1:11011, user_credentials={real_user=adar, eff_user=}}
W0225 21:50:39.509080 1190 consensus_peers.cc:450] Error getting permanent uuid from config peer 127.0.0.1:11011: Network error: Client connection negotiation failed: client connection to 127.0.0.1:11011: connect: Connection refused (error 111)
I0225 21:50:39.569576 1190 consensus_peers.cc:460] Retrying to get permanent uuid for remote peer: member_type: VOTER last_known_addr { host: "127.0.0.1" port: 11011 } attempt: 1
W0225 21:50:39.569964 1154 reactor.cc:227] Client call kudu.consensus.ConsensusService.GetNodeInstance has no timeout set for connection id: {remote=127.0.0.1:11011, user_credentials={real_user=adar, eff_user=}}
W0225 21:50:39.571132 1190 consensus_peers.cc:450] Error getting permanent uuid from config peer 127.0.0.1:11011: Network error: Client connection negotiation failed: client connection to 127.0.0.1:11011: connect: Connection refused (error 111)
I0225 21:50:39.622349 1190 consensus_peers.cc:460] Retrying to get permanent uuid for remote peer: member_type: VOTER last_known_addr { host: "127.0.0.1" port: 11011 } attempt: 2
W0225 21:50:39.622730 1154 reactor.cc:227] Client call kudu.consensus.ConsensusService.GetNodeInstance has no timeout set for connection id: {remote=127.0.0.1:11011, user_credentials={real_user=adar, eff_user=}}
W0225 21:50:39.623719 1190 consensus_peers.cc:450] Error getting permanent uuid from config peer 127.0.0.1:11011: Network error: Client connection negotiation failed: client connection to 127.0.0.1:11011: connect: Connection refused (error 111)
I0225 21:50:39.725991 1190 consensus_peers.cc:460] Retrying to get permanent uuid for remote peer: member_type: VOTER last_known_addr { host: "127.0.0.1" port: 11011 } attempt: 3
W0225 21:50:39.726284 1154 reactor.cc:227] Client call kudu.consensus.ConsensusService.GetNodeInstance has no timeout set for connection id: {remote=127.0.0.1:11011, user_credentials={real_user=adar, eff_user=}}
W0225 21:50:39.727452 1190 consensus_peers.cc:450] Error getting permanent uuid from config peer 127.0.0.1:11011: Network error: Client connection negotiation failed: client connection to 127.0.0.1:11011: connect: Connection refused (error 111)
I0225 21:50:39.782444 1191 mem_tracker.cc:137] MemTracker: hard memory limit is 75.496170 GB
I0225 21:50:39.783257 1191 mem_tracker.cc:139] MemTracker: soft memory limit is 45.297703 GB
I0225 21:50:39.794684 1191 master_main.cc:58] Initializing master server...
I0225 21:50:39.795666 1191 hybrid_clock.cc:178] HybridClock initialized. Resolution in nanos?: 1 Wait times tolerance adjustment: 1.0005 Current error: 283948
I0225 21:50:39.801725 1191 server_base.cc:164] Could not load existing FS layout: Not found: /tmp/kudutest-4282/master_failover-itest.MasterFailoverTest.TestRenameTableSync.1456460284463433-26122/minicluster-data/master-1/instance: No such file or directory (error 2)
I0225 21:50:39.801834 1191 server_base.cc:165] Creating new FS layout
I0225 21:50:39.810678 1191 fs_manager.cc:345] Generated new instance metadata in path /tmp/kudutest-4282/master_failover-itest.MasterFailoverTest.TestRenameTableSync.1456460284463433-26122/minicluster-data/master-1/instance: uuid: "5cbd1640a4934d2e9bbf6d3a52aeba70" format_stamp: "Formatted at 2016-02-26 05:50:39 on ve0518.halxg.cloudera.com"
I0225 21:50:39.823899 1191 fs_manager.cc:242] Opened local filesystem: /tmp/kudutest-4282/master_failover-itest.MasterFailoverTest.TestRenameTableSync.1456460284463433-26122/minicluster-data/master-1 uuid: "5cbd1640a4934d2e9bbf6d3a52aeba70" format_stamp: "Formatted at 2016-02-26 05:50:39 on ve0518.halxg.cloudera.com"
I0225 21:50:39.851778 1191 master_main.cc:61] Starting Master server...
I0225 21:50:39.856672 1190 consensus_peers.cc:460] Retrying to get permanent uuid for remote peer: member_type: VOTER last_known_addr { host: "127.0.0.1" port: 11011 } attempt: 4
W0225 21:50:39.857030 1154 reactor.cc:227] Client call kudu.consensus.ConsensusService.GetNodeInstance has no timeout set for connection id: {remote=127.0.0.1:11011, user_credentials={real_user=adar, eff_user=}}
W0225 21:50:39.858119 1190 consensus_peers.cc:450] Error getting permanent uuid from config peer 127.0.0.1:11011: Network error: Client connection negotiation failed: client connection to 127.0.0.1:11011: connect: Connection refused (error 111)
I0225 21:50:39.890036 1191 rpc_server.cc:164] RPC server started. Bound to: 127.0.0.1:11011
I0225 21:50:39.891088 1191 webserver.cc:135] Starting webserver on localhost:0
I0225 21:50:39.891132 1191 webserver.cc:146] Document root disabled
I0225 21:50:39.892251 1191 net_util.cc:175] Address 127.0.0.1:0 for localhost:0 duplicates an earlier resolved entry.
I0225 21:50:39.893800 1191 webserver.cc:229] Webserver started. Bound to: http://127.0.0.1:50573/
I0225 21:50:39.895916 1191 server_base.cc:234] Dumped server information to /tmp/kudutest-4282/master_failover-itest.MasterFailoverTest.TestRenameTableSync.1456460284463433-26122/minicluster-data/master-1/info.pb
I0225 21:50:39.897377 26122 external_mini_cluster.cc:582] Started /home/adar/kudu/build/asan/bin/kudu-master as pid 1191
I0225 21:50:39.897965 26122 external_mini_cluster.cc:546] Running /home/adar/kudu/build/asan/bin/kudu-master kudu-master --fs_wal_dir=/tmp/kudutest-4282/master_failover-itest.MasterFailoverTest.TestRenameTableSync.1456460284463433-26122/minicluster-data/master-2 --fs_data_dirs=/tmp/kudutest-4282/master_failover-itest.MasterFailoverTest.TestRenameTableSync.1456460284463433-26122/minicluster-data/master-2 --rpc_bind_addresses=127.0.0.1:11012 --webserver_interface=localhost --webserver_port=0 --metrics_log_interval_ms=1000 --log_dir=/tmp/kudutest-4282/master_failover-itest.MasterFailoverTest.TestRenameTableSync.1456460284463433-26122/minicluster-data/master-2 --leader_failure_max_missed_heartbeat_periods=1.0 --master_addresses=127.0.0.1:11010,127.0.0.1:11011,127.0.0.1:11012 --enable_leader_failure_detection=true --server_dump_info_path=/tmp/kudutest-4282/master_failover-itest.MasterFailoverTest.TestRenameTableSync.1456460284463433-26122/minicluster-data/master-2/info.pb --server_dump_info_format=pb --rpc_server_allow_ephemeral_ports --logtostderr --logbuflevel=-1
I0225 21:50:39.917078 1235 sys_catalog.cc:196] member_type: VOTER last_known_addr { host: "127.0.0.1" port: 11010 } has no permanent_uuid. Determining permanent_uuid...
W0225 21:50:39.920383 1199 reactor.cc:227] Client call kudu.consensus.ConsensusService.GetNodeInstance has no timeout set for connection id: {remote=127.0.0.1:11010, user_credentials={real_user=adar, eff_user=}}
I0225 21:50:39.936769 1235 sys_catalog.cc:196] member_type: VOTER last_known_addr { host: "127.0.0.1" port: 11011 } has no permanent_uuid. Determining permanent_uuid...
W0225 21:50:39.937206 1199 reactor.cc:227] Client call kudu.consensus.ConsensusService.GetNodeInstance has no timeout set for connection id: {remote=127.0.0.1:11011, user_credentials={real_user=adar, eff_user=}}
I0225 21:50:39.947391 1235 sys_catalog.cc:196] member_type: VOTER last_known_addr { host: "127.0.0.1" port: 11012 } has no permanent_uuid. Determining permanent_uuid...
W0225 21:50:39.947840 1199 reactor.cc:227] Client call kudu.consensus.ConsensusService.GetNodeInstance has no timeout set for connection id: {remote=127.0.0.1:11012, user_credentials={real_user=adar, eff_user=}}
W0225 21:50:39.949671 1235 consensus_peers.cc:450] Error getting permanent uuid from config peer 127.0.0.1:11012: Network error: Client connection negotiation failed: client connection to 127.0.0.1:11012: connect: Connection refused (error 111)
I0225 21:50:40.010136 1235 consensus_peers.cc:460] Retrying to get permanent uuid for remote peer: member_type: VOTER last_known_addr { host: "127.0.0.1" port: 11012 } attempt: 1
W0225 21:50:40.010546 1199 reactor.cc:227] Client call kudu.consensus.ConsensusService.GetNodeInstance has no timeout set for connection id: {remote=127.0.0.1:11012, user_credentials={real_user=adar, eff_user=}}
W0225 21:50:40.011765 1235 consensus_peers.cc:450] Error getting permanent uuid from config peer 127.0.0.1:11012: Network error: Client connection negotiation failed: client connection to 127.0.0.1:11012: connect: Connection refused (error 111)
I0225 21:50:40.063012 1235 consensus_peers.cc:460] Retrying to get permanent uuid for remote peer: member_type: VOTER last_known_addr { host: "127.0.0.1" port: 11012 } attempt: 2
W0225 21:50:40.063354 1199 reactor.cc:227] Client call kudu.consensus.ConsensusService.GetNodeInstance has no timeout set for connection id: {remote=127.0.0.1:11012, user_credentials={real_user=adar, eff_user=}}
W0225 21:50:40.064599 1235 consensus_peers.cc:450] Error getting permanent uuid from config peer 127.0.0.1:11012: Network error: Client connection negotiation failed: client connection to 127.0.0.1:11012: connect: Connection refused (error 111)
I0225 21:50:40.140446 1190 consensus_peers.cc:460] Retrying to get permanent uuid for remote peer: member_type: VOTER last_known_addr { host: "127.0.0.1" port: 11011 } attempt: 5
W0225 21:50:40.140975 1154 reactor.cc:227] Client call kudu.consensus.ConsensusService.GetNodeInstance has no timeout set for connection id: {remote=127.0.0.1:11011, user_credentials={real_user=adar, eff_user=}}
I0225 21:50:40.145071 1190 sys_catalog.cc:196] member_type: VOTER last_known_addr { host: "127.0.0.1" port: 11012 } has no permanent_uuid. Determining permanent_uuid...
W0225 21:50:40.145567 1154 reactor.cc:227] Client call kudu.consensus.ConsensusService.GetNodeInstance has no timeout set for connection id: {remote=127.0.0.1:11012, user_credentials={real_user=adar, eff_user=}}
W0225 21:50:40.146522 1190 consensus_peers.cc:450] Error getting permanent uuid from config peer 127.0.0.1:11012: Network error: Client connection negotiation failed: client connection to 127.0.0.1:11012: connect: Connection refused (error 111)
I0225 21:50:40.166864 1235 consensus_peers.cc:460] Retrying to get permanent uuid for remote peer: member_type: VOTER last_known_addr { host: "127.0.0.1" port: 11012 } attempt: 3
W0225 21:50:40.167189 1199 reactor.cc:227] Client call kudu.consensus.ConsensusService.GetNodeInstance has no timeout set for connection id: {remote=127.0.0.1:11012, user_credentials={real_user=adar, eff_user=}}
W0225 21:50:40.168445 1235 consensus_peers.cc:450] Error getting permanent uuid from config peer 127.0.0.1:11012: Network error: Client connection negotiation failed: client connection to 127.0.0.1:11012: connect: Connection refused (error 111)
I0225 21:50:40.195816 1190 consensus_peers.cc:460] Retrying to get permanent uuid for remote peer: member_type: VOTER last_known_addr { host: "127.0.0.1" port: 11012 } attempt: 1
W0225 21:50:40.196358 1154 reactor.cc:227] Client call kudu.consensus.ConsensusService.GetNodeInstance has no timeout set for connection id: {remote=127.0.0.1:11012, user_credentials={real_user=adar, eff_user=}}
W0225 21:50:40.197634 1190 consensus_peers.cc:450] Error getting permanent uuid from config peer 127.0.0.1:11012: Network error: Client connection negotiation failed: client connection to 127.0.0.1:11012: connect: Connection refused (error 111)
I0225 21:50:40.234908 1236 mem_tracker.cc:137] MemTracker: hard memory limit is 75.496170 GB
I0225 21:50:40.235812 1236 mem_tracker.cc:139] MemTracker: soft memory limit is 45.297703 GB
I0225 21:50:40.245848 1236 master_main.cc:58] Initializing master server...
I0225 21:50:40.246851 1236 hybrid_clock.cc:178] HybridClock initialized. Resolution in nanos?: 1 Wait times tolerance adjustment: 1.0005 Current error: 284448
I0225 21:50:40.248963 1190 consensus_peers.cc:460] Retrying to get permanent uuid for remote peer: member_type: VOTER last_known_addr { host: "127.0.0.1" port: 11012 } attempt: 2
W0225 21:50:40.249462 1154 reactor.cc:227] Client call kudu.consensus.ConsensusService.GetNodeInstance has no timeout set for connection id: {remote=127.0.0.1:11012, user_credentials={real_user=adar, eff_user=}}
W0225 21:50:40.250795 1190 consensus_peers.cc:450] Error getting permanent uuid from config peer 127.0.0.1:11012: Network error: Client connection negotiation failed: client connection to 127.0.0.1:11012: connect: Connection refused (error 111)
I0225 21:50:40.253115 1236 server_base.cc:164] Could not load existing FS layout: Not found: /tmp/kudutest-4282/master_failover-itest.MasterFailoverTest.TestRenameTableSync.1456460284463433-26122/minicluster-data/master-2/instance: No such file or directory (error 2)
I0225 21:50:40.253203 1236 server_base.cc:165] Creating new FS layout
I0225 21:50:40.261927 1236 fs_manager.cc:345] Generated new instance metadata in path /tmp/kudutest-4282/master_failover-itest.MasterFailoverTest.TestRenameTableSync.1456460284463433-26122/minicluster-data/master-2/instance: uuid: "4c72ab184ce64d999dd3ebf9e3720cd4" format_stamp: "Formatted at 2016-02-26 05:50:40 on ve0518.halxg.cloudera.com"
I0225 21:50:40.275166 1236 fs_manager.cc:242] Opened local filesystem: /tmp/kudutest-4282/master_failover-itest.MasterFailoverTest.TestRenameTableSync.1456460284463433-26122/minicluster-data/master-2 uuid: "4c72ab184ce64d999dd3ebf9e3720cd4" format_stamp: "Formatted at 2016-02-26 05:50:40 on ve0518.halxg.cloudera.com"
I0225 21:50:40.297657 1235 consensus_peers.cc:460] Retrying to get permanent uuid for remote peer: member_type: VOTER last_known_addr { host: "127.0.0.1" port: 11012 } attempt: 4
W0225 21:50:40.297991 1199 reactor.cc:227] Client call kudu.consensus.ConsensusService.GetNodeInstance has no timeout set for connection id: {remote=127.0.0.1:11012, user_credentials={real_user=adar, eff_user=}}
W0225 21:50:40.299134 1235 consensus_peers.cc:450] Error getting permanent uuid from config peer 127.0.0.1:11012: Network error: Client connection negotiation failed: client connection to 127.0.0.1:11012: connect: Connection refused (error 111)
I0225 21:50:40.302072 1236 master_main.cc:61] Starting Master server...
I0225 21:50:40.316622 1236 rpc_server.cc:164] RPC server started. Bound to: 127.0.0.1:11012
I0225 21:50:40.317458 1236 webserver.cc:135] Starting webserver on localhost:0
I0225 21:50:40.317507 1236 webserver.cc:146] Document root disabled
I0225 21:50:40.318229 1236 net_util.cc:175] Address 127.0.0.1:0 for localhost:0 duplicates an earlier resolved entry.
I0225 21:50:40.319051 1236 webserver.cc:229] Webserver started. Bound to: http://127.0.0.1:41241/
I0225 21:50:40.320194 1236 server_base.cc:234] Dumped server information to /tmp/kudutest-4282/master_failover-itest.MasterFailoverTest.TestRenameTableSync.1456460284463433-26122/minicluster-data/master-2/info.pb
I0225 21:50:40.328477 26122 external_mini_cluster.cc:582] Started /home/adar/kudu/build/asan/bin/kudu-master as pid 1236
I0225 21:50:40.329296 26122 external_mini_cluster.cc:546] Running /home/adar/kudu/build/asan/bin/kudu-tserver kudu-tserver --fs_wal_dir=/tmp/kudutest-4282/master_failover-itest.MasterFailoverTest.TestRenameTableSync.1456460284463433-26122/minicluster-data/ts-0 --fs_data_dirs=/tmp/kudutest-4282/master_failover-itest.MasterFailoverTest.TestRenameTableSync.1456460284463433-26122/minicluster-data/ts-0 --rpc_bind_addresses=127.102.10.0:0 --local_ip_for_outbound_sockets=127.102.10.0 --webserver_interface=127.102.10.0 --webserver_port=0 --tserver_master_addrs=127.0.0.1:11010,127.0.0.1:11011,127.0.0.1:11012 --metrics_log_interval_ms=1000 --log_dir=/tmp/kudutest-4282/master_failover-itest.MasterFailoverTest.TestRenameTableSync.1456460284463433-26122/minicluster-data/ts-0 --heartbeat_rpc_timeout_ms=1000 --heartbeat_max_failures_before_backoff=1 --heartbeat_interval_ms=500 --server_dump_info_path=/tmp/kudutest-4282/master_failover-itest.MasterFailoverTest.TestRenameTableSync.1456460284463433-26122/minicluster-data/ts-0/info.pb --server_dump_info_format=pb --rpc_server_allow_ephemeral_ports --logtostderr --logbuflevel=-1
I0225 21:50:40.336346 1280 sys_catalog.cc:196] member_type: VOTER last_known_addr { host: "127.0.0.1" port: 11010 } has no permanent_uuid. Determining permanent_uuid...
W0225 21:50:40.339689 1244 reactor.cc:227] Client call kudu.consensus.ConsensusService.GetNodeInstance has no timeout set for connection id: {remote=127.0.0.1:11010, user_credentials={real_user=adar, eff_user=}}
I0225 21:50:40.348063 1190 consensus_peers.cc:460] Retrying to get permanent uuid for remote peer: member_type: VOTER last_known_addr { host: "127.0.0.1" port: 11012 } attempt: 3
W0225 21:50:40.348438 1154 reactor.cc:227] Client call kudu.consensus.ConsensusService.GetNodeInstance has no timeout set for connection id: {remote=127.0.0.1:11012, user_credentials={real_user=adar, eff_user=}}
I0225 21:50:40.354152 1280 sys_catalog.cc:196] member_type: VOTER last_known_addr { host: "127.0.0.1" port: 11011 } has no permanent_uuid. Determining permanent_uuid...
W0225 21:50:40.355485 1244 reactor.cc:227] Client call kudu.consensus.ConsensusService.GetNodeInstance has no timeout set for connection id: {remote=127.0.0.1:11011, user_credentials={real_user=adar, eff_user=}}
I0225 21:50:40.358572 1280 sys_catalog.cc:196] member_type: VOTER last_known_addr { host: "127.0.0.1" port: 11012 } has no permanent_uuid. Determining permanent_uuid...
W0225 21:50:40.358976 1244 reactor.cc:227] Client call kudu.consensus.ConsensusService.GetNodeInstance has no timeout set for connection id: {remote=127.0.0.1:11012, user_credentials={real_user=adar, eff_user=}}
I0225 21:50:40.363456 1190 tablet_bootstrap.cc:363] T 00000000000000000000000000000000 P 7d1972008325413a943c1ee4f140ee66: Bootstrap starting.
I0225 21:50:40.366338 1190 tablet_bootstrap.cc:524] T 00000000000000000000000000000000 P 7d1972008325413a943c1ee4f140ee66: Time spent opening tablet: real 0.001s user 0.001s sys 0.000s
I0225 21:50:40.366646 1190 tablet_bootstrap.cc:464] T 00000000000000000000000000000000 P 7d1972008325413a943c1ee4f140ee66: No blocks or log segments found. Creating new log.
I0225 21:50:40.367517 1190 log.cc:332] Log is configured to *not* fsync() on all Append() calls
I0225 21:50:40.368610 1280 tablet_bootstrap.cc:363] T 00000000000000000000000000000000 P 4c72ab184ce64d999dd3ebf9e3720cd4: Bootstrap starting.
I0225 21:50:40.370098 1190 tablet_bootstrap.cc:363] T 00000000000000000000000000000000 P 7d1972008325413a943c1ee4f140ee66: No bootstrap required, opened a new log
I0225 21:50:40.373117 1280 tablet_bootstrap.cc:524] T 00000000000000000000000000000000 P 4c72ab184ce64d999dd3ebf9e3720cd4: Time spent opening tablet: real 0.001s user 0.001s sys 0.000s
I0225 21:50:40.373391 1190 raft_consensus.cc:268] T 00000000000000000000000000000000 P 7d1972008325413a943c1ee4f140ee66 [term 0 FOLLOWER]: Replica starting. Triggering 0 pending transactions. Active config: opid_index: -1 local: false peers { permanent_uuid: "7d1972008325413a943c1ee4f140ee66" member_type: VOTER last_known_addr { host: "127.0.0.1" port: 11010 } } peers { permanent_uuid: "5cbd1640a4934d2e9bbf6d3a52aeba70" member_type: VOTER last_known_addr { host: "127.0.0.1" port: 11011 } } peers { permanent_uuid: "4c72ab184ce64d999dd3ebf9e3720cd4" member_type: VOTER last_known_addr { host: "127.0.0.1" port: 11012 } }
I0225 21:50:40.373677 1280 tablet_bootstrap.cc:464] T 00000000000000000000000000000000 P 4c72ab184ce64d999dd3ebf9e3720cd4: No blocks or log segments found. Creating new log.
I0225 21:50:40.374250 1190 raft_consensus.cc:300] T 00000000000000000000000000000000 P 7d1972008325413a943c1ee4f140ee66 [term 0 FOLLOWER]: Consensus starting up: Expiring failure detector timer to make a prompt election more likely
I0225 21:50:40.374409 1190 raft_consensus.cc:477] T 00000000000000000000000000000000 P 7d1972008325413a943c1ee4f140ee66 [term 0 FOLLOWER]: Becoming Follower/Learner. State: Replica: 7d1972008325413a943c1ee4f140ee66, State: 1, Role: FOLLOWER Watermarks: {Received: term: 0 index: 0 Committed: term: 0 index: 0}
I0225 21:50:40.374584 1190 consensus_queue.cc:162] T 00000000000000000000000000000000 P 7d1972008325413a943c1ee4f140ee66 [NON_LEADER]: Queue going to NON_LEADER mode. State: All replicated op: 0.0, Majority replicated op: 0.0, Committed index: 0.0, Last appended: 0.0, Current term: 0, Majority size: -1, State: 1, Mode: NON_LEADER
I0225 21:50:40.375191 1190 sys_catalog.cc:227] T 00000000000000000000000000000000 P 7d1972008325413a943c1ee4f140ee66 [sys.catalog]: SysCatalogTable state changed. Reason: Started TabletPeer. Latest consensus state: current_term: 0 config { opid_index: -1 local: false peers { permanent_uuid: "7d1972008325413a943c1ee4f140ee66" member_type: VOTER last_known_addr { host: "127.0.0.1" port: 11010 } } peers { permanent_uuid: "5cbd1640a4934d2e9bbf6d3a52aeba70" member_type: VOTER last_known_addr { host: "127.0.0.1" port: 11011 } } peers { permanent_uuid: "4c72ab184ce64d999dd3ebf9e3720cd4" member_type: VOTER last_known_addr { host: "127.0.0.1" port: 11012 } } }
I0225 21:50:40.375322 1190 sys_catalog.cc:230] T 00000000000000000000000000000000 P 7d1972008325413a943c1ee4f140ee66 [sys.catalog]: This master's current role is: FOLLOWER, previous role was: FOLLOWER
I0225 21:50:40.375545 1280 log.cc:332] Log is configured to *not* fsync() on all Append() calls
I0225 21:50:40.375412 1288 sys_catalog.cc:227] T 00000000000000000000000000000000 P 7d1972008325413a943c1ee4f140ee66 [sys.catalog]: SysCatalogTable state changed. Reason: RaftConsensus started. Latest consensus state: current_term: 0 config { opid_index: -1 local: false peers { permanent_uuid: "7d1972008325413a943c1ee4f140ee66" member_type: VOTER last_known_addr { host: "127.0.0.1" port: 11010 } } peers { permanent_uuid: "5cbd1640a4934d2e9bbf6d3a52aeba70" member_type: VOTER last_known_addr { host: "127.0.0.1" port: 11011 } } peers { permanent_uuid: "4c72ab184ce64d999dd3ebf9e3720cd4" member_type: VOTER last_known_addr { host: "127.0.0.1" port: 11012 } } }
I0225 21:50:40.375768 1288 sys_catalog.cc:230] T 00000000000000000000000000000000 P 7d1972008325413a943c1ee4f140ee66 [sys.catalog]: This master's current role is: FOLLOWER, previous role was: FOLLOWER
I0225 21:50:40.376571 1190 sys_catalog.cc:299] T 00000000000000000000000000000000 P 7d1972008325413a943c1ee4f140ee66 [sys.catalog]: configured and running, proceeding with master startup.
I0225 21:50:40.377085 1149 master_main.cc:64] Master server successfully started.
I0225 21:50:40.379340 1280 tablet_bootstrap.cc:363] T 00000000000000000000000000000000 P 4c72ab184ce64d999dd3ebf9e3720cd4: No bootstrap required, opened a new log
I0225 21:50:40.385623 1280 raft_consensus.cc:268] T 00000000000000000000000000000000 P 4c72ab184ce64d999dd3ebf9e3720cd4 [term 0 FOLLOWER]: Replica starting. Triggering 0 pending transactions. Active config: opid_index: -1 local: false peers { permanent_uuid: "7d1972008325413a943c1ee4f140ee66" member_type: VOTER last_known_addr { host: "127.0.0.1" port: 11010 } } peers { permanent_uuid: "5cbd1640a4934d2e9bbf6d3a52aeba70" member_type: VOTER last_known_addr { host: "127.0.0.1" port: 11011 } } peers { permanent_uuid: "4c72ab184ce64d999dd3ebf9e3720cd4" member_type: VOTER last_known_addr { host: "127.0.0.1" port: 11012 } }
I0225 21:50:40.387241 1280 raft_consensus.cc:300] T 00000000000000000000000000000000 P 4c72ab184ce64d999dd3ebf9e3720cd4 [term 0 FOLLOWER]: Consensus starting up: Expiring failure detector timer to make a prompt election more likely
I0225 21:50:40.387523 1280 raft_consensus.cc:477] T 00000000000000000000000000000000 P 4c72ab184ce64d999dd3ebf9e3720cd4 [term 0 FOLLOWER]: Becoming Follower/Learner. State: Replica: 4c72ab184ce64d999dd3ebf9e3720cd4, State: 1, Role: FOLLOWER Watermarks: {Received: term: 0 index: 0 Committed: term: 0 index: 0}
I0225 21:50:40.387897 1280 consensus_queue.cc:162] T 00000000000000000000000000000000 P 4c72ab184ce64d999dd3ebf9e3720cd4 [NON_LEADER]: Queue going to NON_LEADER mode. State: All replicated op: 0.0, Majority replicated op: 0.0, Committed index: 0.0, Last appended: 0.0, Current term: 0, Majority size: -1, State: 1, Mode: NON_LEADER
I0225 21:50:40.388876 1280 sys_catalog.cc:227] T 00000000000000000000000000000000 P 4c72ab184ce64d999dd3ebf9e3720cd4 [sys.catalog]: SysCatalogTable state changed. Reason: Started TabletPeer. Latest consensus state: current_term: 0 config { opid_index: -1 local: false peers { permanent_uuid: "7d1972008325413a943c1ee4f140ee66" member_type: VOTER last_known_addr { host: "127.0.0.1" port: 11010 } } peers { permanent_uuid: "5cbd1640a4934d2e9bbf6d3a52aeba70" member_type: VOTER last_known_addr { host: "127.0.0.1" port: 11011 } } peers { permanent_uuid: "4c72ab184ce64d999dd3ebf9e3720cd4" member_type: VOTER last_known_addr { host: "127.0.0.1" port: 11012 } } }
I0225 21:50:40.389255 1280 sys_catalog.cc:230] T 00000000000000000000000000000000 P 4c72ab184ce64d999dd3ebf9e3720cd4 [sys.catalog]: This master's current role is: FOLLOWER, previous role was: FOLLOWER
I0225 21:50:40.389000 1293 sys_catalog.cc:227] T 00000000000000000000000000000000 P 4c72ab184ce64d999dd3ebf9e3720cd4 [sys.catalog]: SysCatalogTable state changed. Reason: RaftConsensus started. Latest consensus state: current_term: 0 config { opid_index: -1 local: false peers { permanent_uuid: "7d1972008325413a943c1ee4f140ee66" member_type: VOTER last_known_addr { host: "127.0.0.1" port: 11010 } } peers { permanent_uuid: "5cbd1640a4934d2e9bbf6d3a52aeba70" member_type: VOTER last_known_addr { host: "127.0.0.1" port: 11011 } } peers { permanent_uuid: "4c72ab184ce64d999dd3ebf9e3720cd4" member_type: VOTER last_known_addr { host: "127.0.0.1" port: 11012 } } }
I0225 21:50:40.389463 1293 sys_catalog.cc:230] T 00000000000000000000000000000000 P 4c72ab184ce64d999dd3ebf9e3720cd4 [sys.catalog]: This master's current role is: FOLLOWER, previous role was: FOLLOWER
I0225 21:50:40.391613 1280 sys_catalog.cc:299] T 00000000000000000000000000000000 P 4c72ab184ce64d999dd3ebf9e3720cd4 [sys.catalog]: configured and running, proceeding with master startup.
I0225 21:50:40.392431 1236 master_main.cc:64] Master server successfully started.
I0225 21:50:40.581331 1235 consensus_peers.cc:460] Retrying to get permanent uuid for remote peer: member_type: VOTER last_known_addr { host: "127.0.0.1" port: 11012 } attempt: 5
W0225 21:50:40.581712 1199 reactor.cc:227] Client call kudu.consensus.ConsensusService.GetNodeInstance has no timeout set for connection id: {remote=127.0.0.1:11012, user_credentials={real_user=adar, eff_user=}}
I0225 21:50:40.589882 1235 tablet_bootstrap.cc:363] T 00000000000000000000000000000000 P 5cbd1640a4934d2e9bbf6d3a52aeba70: Bootstrap starting.
I0225 21:50:40.593801 1235 tablet_bootstrap.cc:524] T 00000000000000000000000000000000 P 5cbd1640a4934d2e9bbf6d3a52aeba70: Time spent opening tablet: real 0.001s user 0.002s sys 0.000s
I0225 21:50:40.594307 1235 tablet_bootstrap.cc:464] T 00000000000000000000000000000000 P 5cbd1640a4934d2e9bbf6d3a52aeba70: No blocks or log segments found. Creating new log.
I0225 21:50:40.595957 1235 log.cc:332] Log is configured to *not* fsync() on all Append() calls
I0225 21:50:40.599844 1235 tablet_bootstrap.cc:363] T 00000000000000000000000000000000 P 5cbd1640a4934d2e9bbf6d3a52aeba70: No bootstrap required, opened a new log
I0225 21:50:40.605901 1235 raft_consensus.cc:268] T 00000000000000000000000000000000 P 5cbd1640a4934d2e9bbf6d3a52aeba70 [term 0 FOLLOWER]: Replica starting. Triggering 0 pending transactions. Active config: opid_index: -1 local: false peers { permanent_uuid: "7d1972008325413a943c1ee4f140ee66" member_type: VOTER last_known_addr { host: "127.0.0.1" port: 11010 } } peers { permanent_uuid: "5cbd1640a4934d2e9bbf6d3a52aeba70" member_type: VOTER last_known_addr { host: "127.0.0.1" port: 11011 } } peers { permanent_uuid: "4c72ab184ce64d999dd3ebf9e3720cd4" member_type: VOTER last_known_addr { host: "127.0.0.1" port: 11012 } }
I0225 21:50:40.607437 1235 raft_consensus.cc:300] T 00000000000000000000000000000000 P 5cbd1640a4934d2e9bbf6d3a52aeba70 [term 0 FOLLOWER]: Consensus starting up: Expiring failure detector timer to make a prompt election more likely
I0225 21:50:40.607715 1235 raft_consensus.cc:477] T 00000000000000000000000000000000 P 5cbd1640a4934d2e9bbf6d3a52aeba70 [term 0 FOLLOWER]: Becoming Follower/Learner. State: Replica: 5cbd1640a4934d2e9bbf6d3a52aeba70, State: 1, Role: FOLLOWER Watermarks: {Received: term: 0 index: 0 Committed: term: 0 index: 0}
I0225 21:50:40.608064 1235 consensus_queue.cc:162] T 00000000000000000000000000000000 P 5cbd1640a4934d2e9bbf6d3a52aeba70 [NON_LEADER]: Queue going to NON_LEADER mode. State: All replicated op: 0.0, Majority replicated op: 0.0, Committed index: 0.0, Last appended: 0.0, Current term: 0, Majority size: -1, State: 1, Mode: NON_LEADER
I0225 21:50:40.609097 1235 sys_catalog.cc:227] T 00000000000000000000000000000000 P 5cbd1640a4934d2e9bbf6d3a52aeba70 [sys.catalog]: SysCatalogTable state changed. Reason: Started TabletPeer. Latest consensus state: current_term: 0 config { opid_index: -1 local: false peers { permanent_uuid: "7d1972008325413a943c1ee4f140ee66" member_type: VOTER last_known_addr { host: "127.0.0.1" port: 11010 } } peers { permanent_uuid: "5cbd1640a4934d2e9bbf6d3a52aeba70" member_type: VOTER last_known_addr { host: "127.0.0.1" port: 11011 } } peers { permanent_uuid: "4c72ab184ce64d999dd3ebf9e3720cd4" member_type: VOTER last_known_addr { host: "127.0.0.1" port: 11012 } } }
I0225 21:50:40.609411 1235 sys_catalog.cc:230] T 00000000000000000000000000000000 P 5cbd1640a4934d2e9bbf6d3a52aeba70 [sys.catalog]: This master's current role is: FOLLOWER, previous role was: FOLLOWER
I0225 21:50:40.609261 1298 sys_catalog.cc:227] T 00000000000000000000000000000000 P 5cbd1640a4934d2e9bbf6d3a52aeba70 [sys.catalog]: SysCatalogTable state changed. Reason: RaftConsensus started. Latest consensus state: current_term: 0 config { opid_index: -1 local: false peers { permanent_uuid: "7d1972008325413a943c1ee4f140ee66" member_type: VOTER last_known_addr { host: "127.0.0.1" port: 11010 } } peers { permanent_uuid: "5cbd1640a4934d2e9bbf6d3a52aeba70" member_type: VOTER last_known_addr { host: "127.0.0.1" port: 11011 } } peers { permanent_uuid: "4c72ab184ce64d999dd3ebf9e3720cd4" member_type: VOTER last_known_addr { host: "127.0.0.1" port: 11012 } } }
I0225 21:50:40.609658 1298 sys_catalog.cc:230] T 00000000000000000000000000000000 P 5cbd1640a4934d2e9bbf6d3a52aeba70 [sys.catalog]: This master's current role is: FOLLOWER, previous role was: FOLLOWER
I0225 21:50:40.611614 1235 sys_catalog.cc:299] T 00000000000000000000000000000000 P 5cbd1640a4934d2e9bbf6d3a52aeba70 [sys.catalog]: configured and running, proceeding with master startup.
I0225 21:50:40.612509 1191 master_main.cc:64] Master server successfully started.
I0225 21:50:40.615839 1282 mem_tracker.cc:137] MemTracker: hard memory limit is 75.496170 GB
I0225 21:50:40.616168 1282 mem_tracker.cc:139] MemTracker: soft memory limit is 45.297703 GB
I0225 21:50:40.623818 1282 tablet_server_main.cc:54] Initializing tablet server...
I0225 21:50:40.626015 1282 hybrid_clock.cc:178] HybridClock initialized. Resolution in nanos?: 1 Wait times tolerance adjustment: 1.0005 Current error: 284448
I0225 21:50:40.629705 1282 server_base.cc:164] Could not load existing FS layout: Not found: /tmp/kudutest-4282/master_failover-itest.MasterFailoverTest.TestRenameTableSync.1456460284463433-26122/minicluster-data/ts-0/instance: No such file or directory (error 2)
I0225 21:50:40.629808 1282 server_base.cc:165] Creating new FS layout
I0225 21:50:40.636783 1282 fs_manager.cc:345] Generated new instance metadata in path /tmp/kudutest-4282/master_failover-itest.MasterFailoverTest.TestRenameTableSync.1456460284463433-26122/minicluster-data/ts-0/instance: uuid: "5a9fdcf0227045cf9f868590152defd9" format_stamp: "Formatted at 2016-02-26 05:50:40 on ve0518.halxg.cloudera.com"
I0225 21:50:40.645699 1282 fs_manager.cc:242] Opened local filesystem: /tmp/kudutest-4282/master_failover-itest.MasterFailoverTest.TestRenameTableSync.1456460284463433-26122/minicluster-data/ts-0 uuid: "5a9fdcf0227045cf9f868590152defd9" format_stamp: "Formatted at 2016-02-26 05:50:40 on ve0518.halxg.cloudera.com"
I0225 21:50:40.658444 1282 tablet_server_main.cc:57] Starting tablet server...
I0225 21:50:40.691444 1282 rpc_server.cc:164] RPC server started. Bound to: 127.102.10.0:41575
I0225 21:50:40.692068 1282 webserver.cc:135] Starting webserver on 127.102.10.0:0
I0225 21:50:40.692101 1282 webserver.cc:146] Document root disabled
I0225 21:50:40.692939 1282 webserver.cc:229] Webserver started. Bound to: http://127.102.10.0:53752/
I0225 21:50:40.693727 1282 server_base.cc:234] Dumped server information to /tmp/kudutest-4282/master_failover-itest.MasterFailoverTest.TestRenameTableSync.1456460284463433-26122/minicluster-data/ts-0/info.pb
I0225 21:50:40.694653 1282 tablet_server_main.cc:60] Tablet server successfully started.
I0225 21:50:40.700120 26122 external_mini_cluster.cc:582] Started /home/adar/kudu/build/asan/bin/kudu-tserver as pid 1282
I0225 21:50:40.700906 26122 external_mini_cluster.cc:546] Running /home/adar/kudu/build/asan/bin/kudu-tserver kudu-tserver --fs_wal_dir=/tmp/kudutest-4282/master_failover-itest.MasterFailoverTest.TestRenameTableSync.1456460284463433-26122/minicluster-data/ts-1 --fs_data_dirs=/tmp/kudutest-4282/master_failover-itest.MasterFailoverTest.TestRenameTableSync.1456460284463433-26122/minicluster-data/ts-1 --rpc_bind_addresses=127.102.10.1:0 --local_ip_for_outbound_sockets=127.102.10.1 --webserver_interface=127.102.10.1 --webserver_port=0 --tserver_master_addrs=127.0.0.1:11010,127.0.0.1:11011,127.0.0.1:11012 --metrics_log_interval_ms=1000 --log_dir=/tmp/kudutest-4282/master_failover-itest.MasterFailoverTest.TestRenameTableSync.1456460284463433-26122/minicluster-data/ts-1 --heartbeat_rpc_timeout_ms=1000 --heartbeat_max_failures_before_backoff=1 --heartbeat_interval_ms=500 --server_dump_info_path=/tmp/kudutest-4282/master_failover-itest.MasterFailoverTest.TestRenameTableSync.1456460284463433-26122/minicluster-data/ts-1/info.pb --server_dump_info_format=pb --rpc_server_allow_ephemeral_ports --logtostderr --logbuflevel=-1
I0225 21:50:40.740005 1287 raft_consensus.cc:362] T 00000000000000000000000000000000 P 7d1972008325413a943c1ee4f140ee66 [term 0 FOLLOWER]: No leader contacted us within the election timeout. Triggering leader election
I0225 21:50:40.740176 1287 raft_consensus.cc:1988] T 00000000000000000000000000000000 P 7d1972008325413a943c1ee4f140ee66 [term 0 FOLLOWER]: Advancing to term 1
I0225 21:50:40.742012 1287 raft_consensus.cc:1939] T 00000000000000000000000000000000 P 7d1972008325413a943c1ee4f140ee66 [term 1 FOLLOWER]: Snoozing failure detection for election timeout plus an additional 0.506s
I0225 21:50:40.742163 1287 raft_consensus.cc:378] T 00000000000000000000000000000000 P 7d1972008325413a943c1ee4f140ee66 [term 1 FOLLOWER]: Starting election with config: opid_index: -1 local: false peers { permanent_uuid: "7d1972008325413a943c1ee4f140ee66" member_type: VOTER last_known_addr { host: "127.0.0.1" port: 11010 } } peers { permanent_uuid: "5cbd1640a4934d2e9bbf6d3a52aeba70" member_type: VOTER last_known_addr { host: "127.0.0.1" port: 11011 } } peers { permanent_uuid: "4c72ab184ce64d999dd3ebf9e3720cd4" member_type: VOTER last_known_addr { host: "127.0.0.1" port: 11012 } }
I0225 21:50:40.745829 1287 leader_election.cc:222] T 00000000000000000000000000000000 P 7d1972008325413a943c1ee4f140ee66 [CANDIDATE]: Term 1 election: Requesting vote from peer 5cbd1640a4934d2e9bbf6d3a52aeba70
I0225 21:50:40.746448 1287 leader_election.cc:222] T 00000000000000000000000000000000 P 7d1972008325413a943c1ee4f140ee66 [CANDIDATE]: Term 1 election: Requesting vote from peer 4c72ab184ce64d999dd3ebf9e3720cd4
I0225 21:50:40.748194 1261 raft_consensus.cc:1988] T 00000000000000000000000000000000 P 4c72ab184ce64d999dd3ebf9e3720cd4 [term 0 FOLLOWER]: Advancing to term 1
I0225 21:50:40.748213 1216 raft_consensus.cc:1988] T 00000000000000000000000000000000 P 5cbd1640a4934d2e9bbf6d3a52aeba70 [term 0 FOLLOWER]: Advancing to term 1
I0225 21:50:40.750000 1261 raft_consensus.cc:1939] T 00000000000000000000000000000000 P 4c72ab184ce64d999dd3ebf9e3720cd4 [term 1 FOLLOWER]: Snoozing failure detection for election timeout plus an additional 0.519s
I0225 21:50:40.750237 1216 raft_consensus.cc:1939] T 00000000000000000000000000000000 P 5cbd1640a4934d2e9bbf6d3a52aeba70 [term 1 FOLLOWER]: Snoozing failure detection for election timeout plus an additional 0.529s
I0225 21:50:40.751902 1216 raft_consensus.cc:1649] T 00000000000000000000000000000000 P 5cbd1640a4934d2e9bbf6d3a52aeba70 [term 1 FOLLOWER]: Leader election vote request: Granting yes vote for candidate 7d1972008325413a943c1ee4f140ee66 in term 1.
I0225 21:50:40.752008 1261 raft_consensus.cc:1649] T 00000000000000000000000000000000 P 4c72ab184ce64d999dd3ebf9e3720cd4 [term 1 FOLLOWER]: Leader election vote request: Granting yes vote for candidate 7d1972008325413a943c1ee4f140ee66 in term 1.
I0225 21:50:40.752303 1292 raft_consensus.cc:362] T 00000000000000000000000000000000 P 4c72ab184ce64d999dd3ebf9e3720cd4 [term 1 FOLLOWER]: No leader contacted us within the election timeout. Triggering leader election
I0225 21:50:40.752475 1292 raft_consensus.cc:1988] T 00000000000000000000000000000000 P 4c72ab184ce64d999dd3ebf9e3720cd4 [term 1 FOLLOWER]: Advancing to term 2
I0225 21:50:40.752817 1154 leader_election.cc:346] T 00000000000000000000000000000000 P 7d1972008325413a943c1ee4f140ee66 [CANDIDATE]: Term 1 election: Vote granted by peer 5cbd1640a4934d2e9bbf6d3a52aeba70
I0225 21:50:40.752995 1154 leader_election.cc:247] T 00000000000000000000000000000000 P 7d1972008325413a943c1ee4f140ee66 [CANDIDATE]: Term 1 election: Election decided. Result: candidate won.
I0225 21:50:40.753490 1154 leader_election.cc:346] T 00000000000000000000000000000000 P 7d1972008325413a943c1ee4f140ee66 [CANDIDATE]: Term 1 election: Vote granted by peer 4c72ab184ce64d999dd3ebf9e3720cd4
I0225 21:50:40.753489 1288 raft_consensus.cc:1939] T 00000000000000000000000000000000 P 7d1972008325413a943c1ee4f140ee66 [term 1 FOLLOWER]: Snoozing failure detection for election timeout plus an additional 0.515s
I0225 21:50:40.753712 1288 raft_consensus.cc:1831] T 00000000000000000000000000000000 P 7d1972008325413a943c1ee4f140ee66 [term 1 FOLLOWER]: Leader election won for term 1
I0225 21:50:40.754395 1292 raft_consensus.cc:1939] T 00000000000000000000000000000000 P 4c72ab184ce64d999dd3ebf9e3720cd4 [term 2 FOLLOWER]: Snoozing failure detection for election timeout plus an additional 0.567s
I0225 21:50:40.754470 1292 raft_consensus.cc:378] T 00000000000000000000000000000000 P 4c72ab184ce64d999dd3ebf9e3720cd4 [term 2 FOLLOWER]: Starting election with config: opid_index: -1 local: false peers { permanent_uuid: "7d1972008325413a943c1ee4f140ee66" member_type: VOTER last_known_addr { host: "127.0.0.1" port: 11010 } } peers { permanent_uuid: "5cbd1640a4934d2e9bbf6d3a52aeba70" member_type: VOTER last_known_addr { host: "127.0.0.1" port: 11011 } } peers { permanent_uuid: "4c72ab184ce64d999dd3ebf9e3720cd4" member_type: VOTER last_known_addr { host: "127.0.0.1" port: 11012 } }
I0225 21:50:40.754657 1288 raft_consensus.cc:442] T 00000000000000000000000000000000 P 7d1972008325413a943c1ee4f140ee66 [term 1 LEADER]: Becoming Leader. State: Replica: 7d1972008325413a943c1ee4f140ee66, State: 1, Role: LEADER Watermarks: {Received: term: 0 index: 0 Committed: term: 0 index: 0}
I0225 21:50:40.755425 1288 consensus_queue.cc:145] T 00000000000000000000000000000000 P 7d1972008325413a943c1ee4f140ee66 [LEADER]: Queue going to LEADER mode. State: All replicated op: 0.0, Majority replicated op: 0.0, Committed index: 0.0, Last appended: 0.0, Current term: 1, Majority size: 2, State: 1, Mode: LEADER, active raft config: opid_index: -1 local: false peers { permanent_uuid: "7d1972008325413a943c1ee4f140ee66" member_type: VOTER last_known_addr { host: "127.0.0.1" port: 11010 } } peers { permanent_uuid: "5cbd1640a4934d2e9bbf6d3a52aeba70" member_type: VOTER last_known_addr { host: "127.0.0.1" port: 11011 } } peers { permanent_uuid: "4c72ab184ce64d999dd3ebf9e3720cd4" member_type: VOTER last_known_addr { host: "127.0.0.1" port: 11012 } }
I0225 21:50:40.756641 1292 leader_election.cc:222] T 00000000000000000000000000000000 P 4c72ab184ce64d999dd3ebf9e3720cd4 [CANDIDATE]: Term 2 election: Requesting vote from peer 7d1972008325413a943c1ee4f140ee66
I0225 21:50:40.756989 1292 leader_election.cc:222] T 00000000000000000000000000000000 P 4c72ab184ce64d999dd3ebf9e3720cd4 [CANDIDATE]: Term 2 election: Requesting vote from peer 5cbd1640a4934d2e9bbf6d3a52aeba70
I0225 21:50:40.758179 1217 raft_consensus.cc:1988] T 00000000000000000000000000000000 P 5cbd1640a4934d2e9bbf6d3a52aeba70 [term 1 FOLLOWER]: Advancing to term 2
I0225 21:50:40.759774 1217 raft_consensus.cc:1939] T 00000000000000000000000000000000 P 5cbd1640a4934d2e9bbf6d3a52aeba70 [term 2 FOLLOWER]: Snoozing failure detection for election timeout plus an additional 0.545s
I0225 21:50:40.760959 1217 raft_consensus.cc:1649] T 00000000000000000000000000000000 P 5cbd1640a4934d2e9bbf6d3a52aeba70 [term 2 FOLLOWER]: Leader election vote request: Granting yes vote for candidate 4c72ab184ce64d999dd3ebf9e3720cd4 in term 2.
I0225 21:50:40.761456 1244 leader_election.cc:346] T 00000000000000000000000000000000 P 4c72ab184ce64d999dd3ebf9e3720cd4 [CANDIDATE]: Term 2 election: Vote granted by peer 5cbd1640a4934d2e9bbf6d3a52aeba70
I0225 21:50:40.761617 1244 leader_election.cc:247] T 00000000000000000000000000000000 P 4c72ab184ce64d999dd3ebf9e3720cd4 [CANDIDATE]: Term 2 election: Election decided. Result: candidate won.
I0225 21:50:40.762054 1293 raft_consensus.cc:1939] T 00000000000000000000000000000000 P 4c72ab184ce64d999dd3ebf9e3720cd4 [term 2 FOLLOWER]: Snoozing failure detection for election timeout plus an additional 0.598s
I0225 21:50:40.762289 1293 raft_consensus.cc:1831] T 00000000000000000000000000000000 P 4c72ab184ce64d999dd3ebf9e3720cd4 [term 2 FOLLOWER]: Leader election won for term 2
I0225 21:50:40.763198 1293 raft_consensus.cc:442] T 00000000000000000000000000000000 P 4c72ab184ce64d999dd3ebf9e3720cd4 [term 2 LEADER]: Becoming Leader. State: Replica: 4c72ab184ce64d999dd3ebf9e3720cd4, State: 1, Role: LEADER Watermarks: {Received: term: 0 index: 0 Committed: term: 0 index: 0}
I0225 21:50:40.763921 1293 consensus_queue.cc:145] T 00000000000000000000000000000000 P 4c72ab184ce64d999dd3ebf9e3720cd4 [LEADER]: Queue going to LEADER mode. State: All replicated op: 0.0, Majority replicated op: 0.0, Committed index: 0.0, Last appended: 0.0, Current term: 2, Majority size: 2, State: 1, Mode: LEADER, active raft config: opid_index: -1 local: false peers { permanent_uuid: "7d1972008325413a943c1ee4f140ee66" member_type: VOTER last_known_addr { host: "127.0.0.1" port: 11010 } } peers { permanent_uuid: "5cbd1640a4934d2e9bbf6d3a52aeba70" member_type: VOTER last_known_addr { host: "127.0.0.1" port: 11011 } } peers { permanent_uuid: "4c72ab184ce64d999dd3ebf9e3720cd4" member_type: VOTER last_known_addr { host: "127.0.0.1" port: 11012 } }
I0225 21:50:40.767066 1171 raft_consensus.cc:1612] T 00000000000000000000000000000000 P 7d1972008325413a943c1ee4f140ee66 [term 1 LEADER]: Leader election vote request: Denying vote to candidate 4c72ab184ce64d999dd3ebf9e3720cd4 for term 2 because replica is either leader or believes a valid leader to be alive.
I0225 21:50:40.766782 1418 sys_catalog.cc:227] T 00000000000000000000000000000000 P 7d1972008325413a943c1ee4f140ee66 [sys.catalog]: SysCatalogTable state changed. Reason: New leader 7d1972008325413a943c1ee4f140ee66. Latest consensus state: current_term: 1 leader_uuid: "7d1972008325413a943c1ee4f140ee66" config { opid_index: -1 local: false peers { permanent_uuid: "7d1972008325413a943c1ee4f140ee66" member_type: VOTER last_known_addr { host: "127.0.0.1" port: 11010 } } peers { permanent_uuid: "5cbd1640a4934d2e9bbf6d3a52aeba70" member_type: VOTER last_known_addr { host: "127.0.0.1" port: 11011 } } peers { permanent_uuid: "4c72ab184ce64d999dd3ebf9e3720cd4" member_type: VOTER last_known_addr { host: "127.0.0.1" port: 11012 } } }
I0225 21:50:40.767283 1418 sys_catalog.cc:230] T 00000000000000000000000000000000 P 7d1972008325413a943c1ee4f140ee66 [sys.catalog]: This master's current role is: LEADER, previous role was: FOLLOWER
I0225 21:50:40.768642 1424 catalog_manager.cc:520] Loading table and tablet metadata into memory...
I0225 21:50:40.768553 1244 leader_election.cc:360] T 00000000000000000000000000000000 P 4c72ab184ce64d999dd3ebf9e3720cd4 [CANDIDATE]: Term 2 election: Vote denied by peer 7d1972008325413a943c1ee4f140ee66. Message: Invalid argument: T 00000000000000000000000000000000 P 7d1972008325413a943c1ee4f140ee66 [term 1 LEADER]: Leader election vote request: Denying vote to candidate 4c72ab184ce64d999dd3ebf9e3720cd4 for term 2 because replica is either leader or believes a valid leader to be alive.
