I0225 14:50:48.993728 27958 external_mini_cluster.cc:546] Running /home/adar/kudu/build/asan/bin/kudu-tserver kudu-tserver --fs_wal_dir=/tmp/kudutest-4282/master_failover-itest.MasterFailoverTest.TestRenameTableSync.1456437842167089-27958/minicluster-data/ts-2 --fs_data_dirs=/tmp/kudutest-4282/master_failover-itest.MasterFailoverTest.TestRenameTableSync.1456437842167089-27958/minicluster-data/ts-2 --rpc_bind_addresses=127.109.54.2:0 --local_ip_for_outbound_sockets=127.109.54.2 --webserver_interface=127.109.54.2 --webserver_port=0 --tserver_master_addrs=127.0.0.1:11010,127.0.0.1:11011,127.0.0.1:11012 --metrics_log_interval_ms=1000 --log_dir=/tmp/kudutest-4282/master_failover-itest.MasterFailoverTest.TestRenameTableSync.1456437842167089-27958/minicluster-data/ts-2 --heartbeat_rpc_timeout_ms=1000 --heartbeat_max_failures_before_backoff=1 --heartbeat_interval_ms=500 --server_dump_info_path=/tmp/kudutest-4282/master_failover-itest.MasterFailoverTest.TestRenameTableSync.1456437842167089-27958/minicluster-data/ts-2/info.pb --server_dump_info_format=pb --rpc_server_allow_ephemeral_ports --logtostderr --logbuflevel=-1
I0225 14:50:49.001199 18457 heartbeater.cc:258] Connected to a leader master server at 127.0.0.1:11010
I0225 14:50:49.001514 18457 heartbeater.cc:328] Registering TS with master...
I0225 14:50:49.001790 18457 heartbeater.cc:334] Sending a full tablet report to master...
I0225 14:50:49.003512 18082 ts_manager.cc:82] Registered new tablet server { permanent_uuid: "c30b588e10004dcdb01341ed61765099" instance_seqno: 1456440648977430 } with Master
I0225 14:50:49.143570 18139 raft_consensus.cc:831] T 00000000000000000000000000000000 P af53ee3fc638416993de9457afc302c5 [term 1 FOLLOWER]: Refusing update from remote peer 3e305ed53fac466ba564ca1e7586e84a: Log matching property violated. Preceding OpId in replica: term: 0 index: 0. Preceding OpId from leader: term: 1 index: 1. (index mismatch)
I0225 14:50:49.143802 18184 raft_consensus.cc:831] T 00000000000000000000000000000000 P f9bc2ec9795e45f99414d3460b8af958 [term 1 FOLLOWER]: Refusing update from remote peer 3e305ed53fac466ba564ca1e7586e84a: Log matching property violated. Preceding OpId in replica: term: 0 index: 0. Preceding OpId from leader: term: 1 index: 1. (index mismatch)
I0225 14:50:49.145714 18210 consensus_queue.cc:572] T 00000000000000000000000000000000 P 3e305ed53fac466ba564ca1e7586e84a [LEADER]: Connected to new peer: Peer: af53ee3fc638416993de9457afc302c5, Is new: false, Last received: 0.0, Next index: 1, Last known committed idx: 0, Last exchange result: ERROR, Needs remote bootstrap: false
I0225 14:50:49.145977 18340 consensus_queue.cc:572] T 00000000000000000000000000000000 P 3e305ed53fac466ba564ca1e7586e84a [LEADER]: Connected to new peer: Peer: f9bc2ec9795e45f99414d3460b8af958, Is new: false, Last received: 0.0, Next index: 1, Last known committed idx: 0, Last exchange result: ERROR, Needs remote bootstrap: false
I0225 14:50:49.156102 18465 sys_catalog.cc:227] T 00000000000000000000000000000000 P f9bc2ec9795e45f99414d3460b8af958 [sys.catalog]: SysCatalogTable state changed. Reason: New leader 3e305ed53fac466ba564ca1e7586e84a. Latest consensus state: current_term: 1 leader_uuid: "3e305ed53fac466ba564ca1e7586e84a" config { opid_index: -1 local: false peers { permanent_uuid: "3e305ed53fac466ba564ca1e7586e84a" member_type: VOTER last_known_addr { host: "127.0.0.1" port: 11010 } } peers { permanent_uuid: "af53ee3fc638416993de9457afc302c5" member_type: VOTER last_known_addr { host: "127.0.0.1" port: 11011 } } peers { permanent_uuid: "f9bc2ec9795e45f99414d3460b8af958" member_type: VOTER last_known_addr { host: "127.0.0.1" port: 11012 } } }
I0225 14:50:49.156442 18465 sys_catalog.cc:230] T 00000000000000000000000000000000 P f9bc2ec9795e45f99414d3460b8af958 [sys.catalog]: This master's current role is: FOLLOWER, previous role was: FOLLOWER
I0225 14:50:49.160413 18464 sys_catalog.cc:227] T 00000000000000000000000000000000 P af53ee3fc638416993de9457afc302c5 [sys.catalog]: SysCatalogTable state changed. Reason: New leader 3e305ed53fac466ba564ca1e7586e84a. Latest consensus state: current_term: 1 leader_uuid: "3e305ed53fac466ba564ca1e7586e84a" config { opid_index: -1 local: false peers { permanent_uuid: "3e305ed53fac466ba564ca1e7586e84a" member_type: VOTER last_known_addr { host: "127.0.0.1" port: 11010 } } peers { permanent_uuid: "af53ee3fc638416993de9457afc302c5" member_type: VOTER last_known_addr { host: "127.0.0.1" port: 11011 } } peers { permanent_uuid: "f9bc2ec9795e45f99414d3460b8af958" member_type: VOTER last_known_addr { host: "127.0.0.1" port: 11012 } } }
I0225 14:50:49.160946 18464 sys_catalog.cc:230] T 00000000000000000000000000000000 P af53ee3fc638416993de9457afc302c5 [sys.catalog]: This master's current role is: FOLLOWER, previous role was: FOLLOWER
I0225 14:50:49.161336 18466 raft_consensus_state.cc:517] T 00000000000000000000000000000000 P 3e305ed53fac466ba564ca1e7586e84a [term 1 LEADER]: Advanced the committed_index across terms. Last committed operation was: term: 0 index: 0 New committed index is: term: 1 index: 1
I0225 14:50:49.162603 18333 heartbeater.cc:258] Connected to a leader master server at 127.0.0.1:11010
I0225 14:50:49.162780 18333 heartbeater.cc:328] Registering TS with master...
I0225 14:50:49.162989 18333 heartbeater.cc:334] Sending a full tablet report to master...
I0225 14:50:49.163980 18085 ts_manager.cc:82] Registered new tablet server { permanent_uuid: "713690c2ff104bd6a70fbfa8303fbe61" instance_seqno: 1456440648596239 } with Master
I0225 14:50:49.164479 18465 sys_catalog.cc:227] T 00000000000000000000000000000000 P f9bc2ec9795e45f99414d3460b8af958 [sys.catalog]: SysCatalogTable state changed. Reason: Replicated consensus-only round. Latest consensus state: current_term: 1 leader_uuid: "3e305ed53fac466ba564ca1e7586e84a" config { opid_index: -1 local: false peers { permanent_uuid: "3e305ed53fac466ba564ca1e7586e84a" member_type: VOTER last_known_addr { host: "127.0.0.1" port: 11010 } } peers { permanent_uuid: "af53ee3fc638416993de9457afc302c5" member_type: VOTER last_known_addr { host: "127.0.0.1" port: 11011 } } peers { permanent_uuid: "f9bc2ec9795e45f99414d3460b8af958" member_type: VOTER last_known_addr { host: "127.0.0.1" port: 11012 } } }
I0225 14:50:49.164764 18465 sys_catalog.cc:230] T 00000000000000000000000000000000 P f9bc2ec9795e45f99414d3460b8af958 [sys.catalog]: This master's current role is: FOLLOWER, previous role was: FOLLOWER
I0225 14:50:49.166574 18464 sys_catalog.cc:227] T 00000000000000000000000000000000 P af53ee3fc638416993de9457afc302c5 [sys.catalog]: SysCatalogTable state changed. Reason: Replicated consensus-only round. Latest consensus state: current_term: 1 leader_uuid: "3e305ed53fac466ba564ca1e7586e84a" config { opid_index: -1 local: false peers { permanent_uuid: "3e305ed53fac466ba564ca1e7586e84a" member_type: VOTER last_known_addr { host: "127.0.0.1" port: 11010 } } peers { permanent_uuid: "af53ee3fc638416993de9457afc302c5" member_type: VOTER last_known_addr { host: "127.0.0.1" port: 11011 } } peers { permanent_uuid: "f9bc2ec9795e45f99414d3460b8af958" member_type: VOTER last_known_addr { host: "127.0.0.1" port: 11012 } } }
I0225 14:50:49.166909 18464 sys_catalog.cc:230] T 00000000000000000000000000000000 P af53ee3fc638416993de9457afc302c5 [sys.catalog]: This master's current role is: FOLLOWER, previous role was: FOLLOWER
I0225 14:50:49.311900 18463 mem_tracker.cc:137] MemTracker: hard memory limit is 75.496170 GB
I0225 14:50:49.312233 18463 mem_tracker.cc:139] MemTracker: soft memory limit is 45.297703 GB
I0225 14:50:49.321192 18463 tablet_server_main.cc:54] Initializing tablet server...
I0225 14:50:49.323751 18463 hybrid_clock.cc:178] HybridClock initialized. Resolution in nanos?: 1 Wait times tolerance adjustment: 1.0005 Current error: 935896
I0225 14:50:49.328498 18463 server_base.cc:164] Could not load existing FS layout: Not found: /tmp/kudutest-4282/master_failover-itest.MasterFailoverTest.TestRenameTableSync.1456437842167089-27958/minicluster-data/ts-2/instance: No such file or directory (error 2)
I0225 14:50:49.328613 18463 server_base.cc:165] Creating new FS layout
I0225 14:50:49.336992 18463 fs_manager.cc:345] Generated new instance metadata in path /tmp/kudutest-4282/master_failover-itest.MasterFailoverTest.TestRenameTableSync.1456437842167089-27958/minicluster-data/ts-2/instance: uuid: "0d18db0d3e6e410a9310469fb6927391" format_stamp: "Formatted at 2016-02-25 22:50:49 on ve0518.halxg.cloudera.com"
I0225 14:50:49.350350 18463 fs_manager.cc:242] Opened local filesystem: /tmp/kudutest-4282/master_failover-itest.MasterFailoverTest.TestRenameTableSync.1456437842167089-27958/minicluster-data/ts-2 uuid: "0d18db0d3e6e410a9310469fb6927391" format_stamp: "Formatted at 2016-02-25 22:50:49 on ve0518.halxg.cloudera.com"
I0225 14:50:49.371366 18463 tablet_server_main.cc:57] Starting tablet server...
I0225 14:50:49.408696 18463 rpc_server.cc:164] RPC server started. Bound to: 127.109.54.2:59678
I0225 14:50:49.409647 18463 webserver.cc:135] Starting webserver on 127.109.54.2:0
I0225 14:50:49.409711 18463 webserver.cc:146] Document root disabled
I0225 14:50:49.410923 18463 webserver.cc:229] Webserver started. Bound to: http://127.109.54.2:56140/
I0225 14:50:49.412127 18463 server_base.cc:234] Dumped server information to /tmp/kudutest-4282/master_failover-itest.MasterFailoverTest.TestRenameTableSync.1456437842167089-27958/minicluster-data/ts-2/info.pb
I0225 14:50:49.412570 27958 external_mini_cluster.cc:582] Started /home/adar/kudu/build/asan/bin/kudu-tserver as pid 18463
I0225 14:50:49.413338 18463 tablet_server_main.cc:60] Tablet server successfully started.
I0225 14:50:49.431352 18578 heartbeater.cc:258] Connected to a leader master server at 127.0.0.1:11010
I0225 14:50:49.431706 18578 heartbeater.cc:328] Registering TS with master...
I0225 14:50:49.431965 18578 heartbeater.cc:334] Sending a full tablet report to master...
I0225 14:50:49.433498 18080 ts_manager.cc:82] Registered new tablet server { permanent_uuid: "0d18db0d3e6e410a9310469fb6927391" instance_seqno: 1456440649401216 } with Master
I0225 14:50:49.441040 27958 external_mini_cluster.cc:318] 3 TS(s) registered with Master
I0225 14:50:49.455847 18084 catalog_manager.cc:678] CreateTable from {real_user=adar, eff_user=} at 127.0.0.1:42062: name: "testAlterTableSync" schema { columns { name: "key" type: INT32 is_key: true is_nullable: false encoding: AUTO_ENCODING compression: DEFAULT_COMPRESSION cfile_block_size: 0 } columns { name: "int_val" type: INT32 is_key: false is_nullable: false encoding: AUTO_ENCODING compression: DEFAULT_COMPRESSION cfile_block_size: 0 } columns { name: "string_val" type: STRING is_key: false is_nullable: false encoding: AUTO_ENCODING compression: DEFAULT_COMPRESSION cfile_block_size: 0 } } split_rows { } partition_schema { }
I0225 14:50:49.521358 18496 tablet_service.cc:602] Processing CreateTablet for tablet 5057465b8ee44d26ad2df63c369fbff3 (table=testAlterTableSync [id=07c5ef70986145e9ab072daea8b0cf20]), partition=range: [(), ())
I0225 14:50:49.521340 18251 tablet_service.cc:602] Processing CreateTablet for tablet 5057465b8ee44d26ad2df63c369fbff3 (table=testAlterTableSync [id=07c5ef70986145e9ab072daea8b0cf20]), partition=range: [(), ())
I0225 14:50:49.522204 18375 tablet_service.cc:602] Processing CreateTablet for tablet 5057465b8ee44d26ad2df63c369fbff3 (table=testAlterTableSync [id=07c5ef70986145e9ab072daea8b0cf20]), partition=range: [(), ())
I0225 14:50:49.536790 18375 ts_tablet_manager.cc:744] Registered tablet 5057465b8ee44d26ad2df63c369fbff3
I0225 14:50:49.537545 18496 ts_tablet_manager.cc:744] Registered tablet 5057465b8ee44d26ad2df63c369fbff3
I0225 14:50:49.537798 18603 ts_tablet_manager.cc:616] T 5057465b8ee44d26ad2df63c369fbff3 P c30b588e10004dcdb01341ed61765099: Bootstrapping tablet
I0225 14:50:49.538239 18251 ts_tablet_manager.cc:744] Registered tablet 5057465b8ee44d26ad2df63c369fbff3
I0225 14:50:49.538581 18604 ts_tablet_manager.cc:616] T 5057465b8ee44d26ad2df63c369fbff3 P 0d18db0d3e6e410a9310469fb6927391: Bootstrapping tablet
I0225 14:50:49.539075 18606 ts_tablet_manager.cc:616] T 5057465b8ee44d26ad2df63c369fbff3 P 713690c2ff104bd6a70fbfa8303fbe61: Bootstrapping tablet
I0225 14:50:49.540776 18606 tablet_bootstrap.cc:363] T 5057465b8ee44d26ad2df63c369fbff3 P 713690c2ff104bd6a70fbfa8303fbe61: Bootstrap starting.
I0225 14:50:49.540750 18603 tablet_bootstrap.cc:363] T 5057465b8ee44d26ad2df63c369fbff3 P c30b588e10004dcdb01341ed61765099: Bootstrap starting.
I0225 14:50:49.541247 18604 tablet_bootstrap.cc:363] T 5057465b8ee44d26ad2df63c369fbff3 P 0d18db0d3e6e410a9310469fb6927391: Bootstrap starting.
I0225 14:50:49.544137 18606 tablet_bootstrap.cc:524] T 5057465b8ee44d26ad2df63c369fbff3 P 713690c2ff104bd6a70fbfa8303fbe61: Time spent opening tablet: real 0.001s user 0.000s sys 0.001s
I0225 14:50:49.544534 18606 tablet_bootstrap.cc:464] T 5057465b8ee44d26ad2df63c369fbff3 P 713690c2ff104bd6a70fbfa8303fbe61: No blocks or log segments found. Creating new log.
I0225 14:50:49.545424 18603 tablet_bootstrap.cc:524] T 5057465b8ee44d26ad2df63c369fbff3 P c30b588e10004dcdb01341ed61765099: Time spent opening tablet: real 0.001s user 0.001s sys 0.000s
I0225 14:50:49.545452 18604 tablet_bootstrap.cc:524] T 5057465b8ee44d26ad2df63c369fbff3 P 0d18db0d3e6e410a9310469fb6927391: Time spent opening tablet: real 0.001s user 0.001s sys 0.000s
I0225 14:50:49.545807 18604 tablet_bootstrap.cc:464] T 5057465b8ee44d26ad2df63c369fbff3 P 0d18db0d3e6e410a9310469fb6927391: No blocks or log segments found. Creating new log.
I0225 14:50:49.545809 18603 tablet_bootstrap.cc:464] T 5057465b8ee44d26ad2df63c369fbff3 P c30b588e10004dcdb01341ed61765099: No blocks or log segments found. Creating new log.
I0225 14:50:49.545820 18606 log.cc:332] Log is configured to *not* fsync() on all Append() calls
I0225 14:50:49.547039 18604 log.cc:332] Log is configured to *not* fsync() on all Append() calls
I0225 14:50:49.547042 18603 log.cc:332] Log is configured to *not* fsync() on all Append() calls
I0225 14:50:49.549036 18606 tablet_bootstrap.cc:363] T 5057465b8ee44d26ad2df63c369fbff3 P 713690c2ff104bd6a70fbfa8303fbe61: No bootstrap required, opened a new log
I0225 14:50:49.549371 18606 ts_tablet_manager.cc:621] T 5057465b8ee44d26ad2df63c369fbff3 P 713690c2ff104bd6a70fbfa8303fbe61: Time spent bootstrapping tablet: real 0.010s user 0.007s sys 0.002s
I0225 14:50:49.550282 18604 tablet_bootstrap.cc:363] T 5057465b8ee44d26ad2df63c369fbff3 P 0d18db0d3e6e410a9310469fb6927391: No bootstrap required, opened a new log
I0225 14:50:49.550304 18603 tablet_bootstrap.cc:363] T 5057465b8ee44d26ad2df63c369fbff3 P c30b588e10004dcdb01341ed61765099: No bootstrap required, opened a new log
I0225 14:50:49.550631 18603 ts_tablet_manager.cc:621] T 5057465b8ee44d26ad2df63c369fbff3 P c30b588e10004dcdb01341ed61765099: Time spent bootstrapping tablet: real 0.013s user 0.008s sys 0.004s
I0225 14:50:49.550645 18604 ts_tablet_manager.cc:621] T 5057465b8ee44d26ad2df63c369fbff3 P 0d18db0d3e6e410a9310469fb6927391: Time spent bootstrapping tablet: real 0.012s user 0.010s sys 0.001s
I0225 14:50:49.553658 18606 raft_consensus.cc:268] T 5057465b8ee44d26ad2df63c369fbff3 P 713690c2ff104bd6a70fbfa8303fbe61 [term 0 FOLLOWER]: Replica starting. Triggering 0 pending transactions. Active config: opid_index: -1 local: false peers { permanent_uuid: "713690c2ff104bd6a70fbfa8303fbe61" member_type: VOTER last_known_addr { host: "127.109.54.0" port: 33864 } } peers { permanent_uuid: "0d18db0d3e6e410a9310469fb6927391" member_type: VOTER last_known_addr { host: "127.109.54.2" port: 59678 } } peers { permanent_uuid: "c30b588e10004dcdb01341ed61765099" member_type: VOTER last_known_addr { host: "127.109.54.1" port: 44997 } }
I0225 14:50:49.555071 18606 raft_consensus.cc:300] T 5057465b8ee44d26ad2df63c369fbff3 P 713690c2ff104bd6a70fbfa8303fbe61 [term 0 FOLLOWER]: Consensus starting up: Expiring failure detector timer to make a prompt election more likely
I0225 14:50:49.555299 18606 raft_consensus.cc:477] T 5057465b8ee44d26ad2df63c369fbff3 P 713690c2ff104bd6a70fbfa8303fbe61 [term 0 FOLLOWER]: Becoming Follower/Learner. State: Replica: 713690c2ff104bd6a70fbfa8303fbe61, State: 1, Role: FOLLOWER Watermarks: {Received: term: 0 index: 0 Committed: term: 0 index: 0}
I0225 14:50:49.554937 18604 raft_consensus.cc:268] T 5057465b8ee44d26ad2df63c369fbff3 P 0d18db0d3e6e410a9310469fb6927391 [term 0 FOLLOWER]: Replica starting. Triggering 0 pending transactions. Active config: opid_index: -1 local: false peers { permanent_uuid: "713690c2ff104bd6a70fbfa8303fbe61" member_type: VOTER last_known_addr { host: "127.109.54.0" port: 33864 } } peers { permanent_uuid: "0d18db0d3e6e410a9310469fb6927391" member_type: VOTER last_known_addr { host: "127.109.54.2" port: 59678 } } peers { permanent_uuid: "c30b588e10004dcdb01341ed61765099" member_type: VOTER last_known_addr { host: "127.109.54.1" port: 44997 } }
I0225 14:50:49.554941 18603 raft_consensus.cc:268] T 5057465b8ee44d26ad2df63c369fbff3 P c30b588e10004dcdb01341ed61765099 [term 0 FOLLOWER]: Replica starting. Triggering 0 pending transactions. Active config: opid_index: -1 local: false peers { permanent_uuid: "713690c2ff104bd6a70fbfa8303fbe61" member_type: VOTER last_known_addr { host: "127.109.54.0" port: 33864 } } peers { permanent_uuid: "0d18db0d3e6e410a9310469fb6927391" member_type: VOTER last_known_addr { host: "127.109.54.2" port: 59678 } } peers { permanent_uuid: "c30b588e10004dcdb01341ed61765099" member_type: VOTER last_known_addr { host: "127.109.54.1" port: 44997 } }
I0225 14:50:49.555541 18606 consensus_queue.cc:162] T 5057465b8ee44d26ad2df63c369fbff3 P 713690c2ff104bd6a70fbfa8303fbe61 [NON_LEADER]: Queue going to NON_LEADER mode. State: All replicated op: 0.0, Majority replicated op: 0.0, Committed index: 0.0, Last appended: 0.0, Current term: 0, Majority size: -1, State: 1, Mode: NON_LEADER
I0225 14:50:49.556407 18603 raft_consensus.cc:300] T 5057465b8ee44d26ad2df63c369fbff3 P c30b588e10004dcdb01341ed61765099 [term 0 FOLLOWER]: Consensus starting up: Expiring failure detector timer to make a prompt election more likely
I0225 14:50:49.556406 18604 raft_consensus.cc:300] T 5057465b8ee44d26ad2df63c369fbff3 P 0d18db0d3e6e410a9310469fb6927391 [term 0 FOLLOWER]: Consensus starting up: Expiring failure detector timer to make a prompt election more likely
I0225 14:50:49.556617 18603 raft_consensus.cc:477] T 5057465b8ee44d26ad2df63c369fbff3 P c30b588e10004dcdb01341ed61765099 [term 0 FOLLOWER]: Becoming Follower/Learner. State: Replica: c30b588e10004dcdb01341ed61765099, State: 1, Role: FOLLOWER Watermarks: {Received: term: 0 index: 0 Committed: term: 0 index: 0}
I0225 14:50:49.556617 18604 raft_consensus.cc:477] T 5057465b8ee44d26ad2df63c369fbff3 P 0d18db0d3e6e410a9310469fb6927391 [term 0 FOLLOWER]: Becoming Follower/Learner. State: Replica: 0d18db0d3e6e410a9310469fb6927391, State: 1, Role: FOLLOWER Watermarks: {Received: term: 0 index: 0 Committed: term: 0 index: 0}
I0225 14:50:49.556888 18603 consensus_queue.cc:162] T 5057465b8ee44d26ad2df63c369fbff3 P c30b588e10004dcdb01341ed61765099 [NON_LEADER]: Queue going to NON_LEADER mode. State: All replicated op: 0.0, Majority replicated op: 0.0, Committed index: 0.0, Last appended: 0.0, Current term: 0, Majority size: -1, State: 1, Mode: NON_LEADER
I0225 14:50:49.556891 18604 consensus_queue.cc:162] T 5057465b8ee44d26ad2df63c369fbff3 P 0d18db0d3e6e410a9310469fb6927391 [NON_LEADER]: Queue going to NON_LEADER mode. State: All replicated op: 0.0, Majority replicated op: 0.0, Committed index: 0.0, Last appended: 0.0, Current term: 0, Majority size: -1, State: 1, Mode: NON_LEADER
I0225 14:50:49.557271 18606 ts_tablet_manager.cc:643] T 5057465b8ee44d26ad2df63c369fbff3 P 713690c2ff104bd6a70fbfa8303fbe61: Time spent starting tablet: real 0.008s user 0.008s sys 0.000s
I0225 14:50:49.558663 18604 ts_tablet_manager.cc:643] T 5057465b8ee44d26ad2df63c369fbff3 P 0d18db0d3e6e410a9310469fb6927391: Time spent starting tablet: real 0.008s user 0.005s sys 0.002s
I0225 14:50:49.558908 18603 ts_tablet_manager.cc:643] T 5057465b8ee44d26ad2df63c369fbff3 P c30b588e10004dcdb01341ed61765099: Time spent starting tablet: real 0.008s user 0.007s sys 0.001s
I0225 14:50:50.005580 18613 raft_consensus.cc:362] T 5057465b8ee44d26ad2df63c369fbff3 P 713690c2ff104bd6a70fbfa8303fbe61 [term 0 FOLLOWER]: No leader contacted us within the election timeout. Triggering leader election
I0225 14:50:50.005800 18613 raft_consensus.cc:1988] T 5057465b8ee44d26ad2df63c369fbff3 P 713690c2ff104bd6a70fbfa8303fbe61 [term 0 FOLLOWER]: Advancing to term 1
I0225 14:50:50.007899 18613 raft_consensus.cc:1939] T 5057465b8ee44d26ad2df63c369fbff3 P 713690c2ff104bd6a70fbfa8303fbe61 [term 1 FOLLOWER]: Snoozing failure detection for election timeout plus an additional 1.633s
I0225 14:50:50.008082 18613 raft_consensus.cc:378] T 5057465b8ee44d26ad2df63c369fbff3 P 713690c2ff104bd6a70fbfa8303fbe61 [term 1 FOLLOWER]: Starting election with config: opid_index: -1 local: false peers { permanent_uuid: "713690c2ff104bd6a70fbfa8303fbe61" member_type: VOTER last_known_addr { host: "127.109.54.0" port: 33864 } } peers { permanent_uuid: "0d18db0d3e6e410a9310469fb6927391" member_type: VOTER last_known_addr { host: "127.109.54.2" port: 59678 } } peers { permanent_uuid: "c30b588e10004dcdb01341ed61765099" member_type: VOTER last_known_addr { host: "127.109.54.1" port: 44997 } }
I0225 14:50:50.012079 18613 leader_election.cc:222] T 5057465b8ee44d26ad2df63c369fbff3 P 713690c2ff104bd6a70fbfa8303fbe61 [CANDIDATE]: Term 1 election: Requesting vote from peer 0d18db0d3e6e410a9310469fb6927391
I0225 14:50:50.012758 18613 leader_election.cc:222] T 5057465b8ee44d26ad2df63c369fbff3 P 713690c2ff104bd6a70fbfa8303fbe61 [CANDIDATE]: Term 1 election: Requesting vote from peer c30b588e10004dcdb01341ed61765099
I0225 14:50:50.018353 18395 raft_consensus.cc:1988] T 5057465b8ee44d26ad2df63c369fbff3 P c30b588e10004dcdb01341ed61765099 [term 0 FOLLOWER]: Advancing to term 1
I0225 14:50:50.018339 18516 raft_consensus.cc:1988] T 5057465b8ee44d26ad2df63c369fbff3 P 0d18db0d3e6e410a9310469fb6927391 [term 0 FOLLOWER]: Advancing to term 1
I0225 14:50:50.020423 18516 raft_consensus.cc:1939] T 5057465b8ee44d26ad2df63c369fbff3 P 0d18db0d3e6e410a9310469fb6927391 [term 1 FOLLOWER]: Snoozing failure detection for election timeout plus an additional 1.554s
I0225 14:50:50.020488 18395 raft_consensus.cc:1939] T 5057465b8ee44d26ad2df63c369fbff3 P c30b588e10004dcdb01341ed61765099 [term 1 FOLLOWER]: Snoozing failure detection for election timeout plus an additional 1.559s
I0225 14:50:50.022032 18395 raft_consensus.cc:1649] T 5057465b8ee44d26ad2df63c369fbff3 P c30b588e10004dcdb01341ed61765099 [term 1 FOLLOWER]: Leader election vote request: Granting yes vote for candidate 713690c2ff104bd6a70fbfa8303fbe61 in term 1.
I0225 14:50:50.022066 18516 raft_consensus.cc:1649] T 5057465b8ee44d26ad2df63c369fbff3 P 0d18db0d3e6e410a9310469fb6927391 [term 1 FOLLOWER]: Leader election vote request: Granting yes vote for candidate 713690c2ff104bd6a70fbfa8303fbe61 in term 1.
I0225 14:50:50.023109 18226 leader_election.cc:346] T 5057465b8ee44d26ad2df63c369fbff3 P 713690c2ff104bd6a70fbfa8303fbe61 [CANDIDATE]: Term 1 election: Vote granted by peer c30b588e10004dcdb01341ed61765099
I0225 14:50:50.023396 18224 leader_election.cc:346] T 5057465b8ee44d26ad2df63c369fbff3 P 713690c2ff104bd6a70fbfa8303fbe61 [CANDIDATE]: Term 1 election: Vote granted by peer 0d18db0d3e6e410a9310469fb6927391
I0225 14:50:50.023564 18224 leader_election.cc:247] T 5057465b8ee44d26ad2df63c369fbff3 P 713690c2ff104bd6a70fbfa8303fbe61 [CANDIDATE]: Term 1 election: Election decided. Result: candidate won.
I0225 14:50:50.024081 18616 raft_consensus.cc:1939] T 5057465b8ee44d26ad2df63c369fbff3 P 713690c2ff104bd6a70fbfa8303fbe61 [term 1 FOLLOWER]: Snoozing failure detection for election timeout plus an additional 1.642s
I0225 14:50:50.024310 18616 raft_consensus.cc:1831] T 5057465b8ee44d26ad2df63c369fbff3 P 713690c2ff104bd6a70fbfa8303fbe61 [term 1 FOLLOWER]: Leader election won for term 1
I0225 14:50:50.025372 18616 raft_consensus.cc:442] T 5057465b8ee44d26ad2df63c369fbff3 P 713690c2ff104bd6a70fbfa8303fbe61 [term 1 LEADER]: Becoming Leader. State: Replica: 713690c2ff104bd6a70fbfa8303fbe61, State: 1, Role: LEADER Watermarks: {Received: term: 0 index: 0 Committed: term: 0 index: 0}
I0225 14:50:50.026321 18616 consensus_queue.cc:145] T 5057465b8ee44d26ad2df63c369fbff3 P 713690c2ff104bd6a70fbfa8303fbe61 [LEADER]: Queue going to LEADER mode. State: All replicated op: 0.0, Majority replicated op: 0.0, Committed index: 0.0, Last appended: 0.0, Current term: 1, Majority size: 2, State: 1, Mode: LEADER, active raft config: opid_index: -1 local: false peers { permanent_uuid: "713690c2ff104bd6a70fbfa8303fbe61" member_type: VOTER last_known_addr { host: "127.109.54.0" port: 33864 } } peers { permanent_uuid: "0d18db0d3e6e410a9310469fb6927391" member_type: VOTER last_known_addr { host: "127.109.54.2" port: 59678 } } peers { permanent_uuid: "c30b588e10004dcdb01341ed61765099" member_type: VOTER last_known_addr { host: "127.109.54.1" port: 44997 } }
I0225 14:50:50.043742 18083 catalog_manager.cc:1554] Tablet: 5057465b8ee44d26ad2df63c369fbff3 reported consensus state change. New consensus state: current_term: 1 leader_uuid: "713690c2ff104bd6a70fbfa8303fbe61" config { opid_index: -1 local: false peers { permanent_uuid: "713690c2ff104bd6a70fbfa8303fbe61" member_type: VOTER last_known_addr { host: "127.109.54.0" port: 33864 } } peers { permanent_uuid: "0d18db0d3e6e410a9310469fb6927391" member_type: VOTER last_known_addr { host: "127.109.54.2" port: 59678 } } peers { permanent_uuid: "c30b588e10004dcdb01341ed61765099" member_type: VOTER last_known_addr { host: "127.109.54.1" port: 44997 } } }
W0225 14:50:50.044764 18625 raft_consensus_state.cc:524] T 5057465b8ee44d26ad2df63c369fbff3 P 713690c2ff104bd6a70fbfa8303fbe61 [term 1 LEADER]: Can't advance the committed index across term boundaries until operations from the current term are replicated. Last committed operation was: term: 0 index: 0, New majority replicated is: term: 0 index: 0, Current term is: 1
I0225 14:50:50.081324 27958 master_failover-itest.cc:250] Pausing leader master
I0225 14:50:50.532618 18517 raft_consensus.cc:831] T 5057465b8ee44d26ad2df63c369fbff3 P 0d18db0d3e6e410a9310469fb6927391 [term 1 FOLLOWER]: Refusing update from remote peer 713690c2ff104bd6a70fbfa8303fbe61: Log matching property violated. Preceding OpId in replica: term: 0 index: 0. Preceding OpId from leader: term: 1 index: 1. (index mismatch)
I0225 14:50:50.533186 18396 raft_consensus.cc:831] T 5057465b8ee44d26ad2df63c369fbff3 P c30b588e10004dcdb01341ed61765099 [term 1 FOLLOWER]: Refusing update from remote peer 713690c2ff104bd6a70fbfa8303fbe61: Log matching property violated. Preceding OpId in replica: term: 0 index: 0. Preceding OpId from leader: term: 1 index: 1. (index mismatch)
I0225 14:50:50.534813 18626 consensus_queue.cc:572] T 5057465b8ee44d26ad2df63c369fbff3 P 713690c2ff104bd6a70fbfa8303fbe61 [LEADER]: Connected to new peer: Peer: 0d18db0d3e6e410a9310469fb6927391, Is new: false, Last received: 0.0, Next index: 1, Last known committed idx: 0, Last exchange result: ERROR, Needs remote bootstrap: false
I0225 14:50:50.535089 18616 consensus_queue.cc:572] T 5057465b8ee44d26ad2df63c369fbff3 P 713690c2ff104bd6a70fbfa8303fbe61 [LEADER]: Connected to new peer: Peer: c30b588e10004dcdb01341ed61765099, Is new: false, Last received: 0.0, Next index: 1, Last known committed idx: 0, Last exchange result: ERROR, Needs remote bootstrap: false
I0225 14:50:50.554569 18629 raft_consensus_state.cc:517] T 5057465b8ee44d26ad2df63c369fbff3 P 713690c2ff104bd6a70fbfa8303fbe61 [term 1 LEADER]: Advanced the committed_index across terms. Last committed operation was: term: 0 index: 0 New committed index is: term: 1 index: 1
I0225 14:50:50.562244 18219 raft_consensus.cc:358] T 00000000000000000000000000000000 P af53ee3fc638416993de9457afc302c5 [term 1 FOLLOWER]: Failure of leader 3e305ed53fac466ba564ca1e7586e84a detected. Triggering leader election
I0225 14:50:50.562414 18219 raft_consensus.cc:1988] T 00000000000000000000000000000000 P af53ee3fc638416993de9457afc302c5 [term 1 FOLLOWER]: Advancing to term 2
I0225 14:50:50.564147 18219 raft_consensus.cc:1939] T 00000000000000000000000000000000 P af53ee3fc638416993de9457afc302c5 [term 2 FOLLOWER]: Snoozing failure detection for election timeout plus an additional 0.513s
I0225 14:50:50.564288 18219 raft_consensus.cc:378] T 00000000000000000000000000000000 P af53ee3fc638416993de9457afc302c5 [term 2 FOLLOWER]: Starting election with config: opid_index: -1 local: false peers { permanent_uuid: "3e305ed53fac466ba564ca1e7586e84a" member_type: VOTER last_known_addr { host: "127.0.0.1" port: 11010 } } peers { permanent_uuid: "af53ee3fc638416993de9457afc302c5" member_type: VOTER last_known_addr { host: "127.0.0.1" port: 11011 } } peers { permanent_uuid: "f9bc2ec9795e45f99414d3460b8af958" member_type: VOTER last_known_addr { host: "127.0.0.1" port: 11012 } }
I0225 14:50:50.567947 18219 leader_election.cc:222] T 00000000000000000000000000000000 P af53ee3fc638416993de9457afc302c5 [CANDIDATE]: Term 2 election: Requesting vote from peer 3e305ed53fac466ba564ca1e7586e84a
I0225 14:50:50.568414 18219 leader_election.cc:222] T 00000000000000000000000000000000 P af53ee3fc638416993de9457afc302c5 [CANDIDATE]: Term 2 election: Requesting vote from peer f9bc2ec9795e45f99414d3460b8af958
I0225 14:50:50.569885 18185 raft_consensus.cc:1988] T 00000000000000000000000000000000 P f9bc2ec9795e45f99414d3460b8af958 [term 1 FOLLOWER]: Advancing to term 2
I0225 14:50:50.571604 18185 raft_consensus.cc:1939] T 00000000000000000000000000000000 P f9bc2ec9795e45f99414d3460b8af958 [term 2 FOLLOWER]: Snoozing failure detection for election timeout plus an additional 0.503s
I0225 14:50:50.573035 18185 raft_consensus.cc:1649] T 00000000000000000000000000000000 P f9bc2ec9795e45f99414d3460b8af958 [term 2 FOLLOWER]: Leader election vote request: Granting yes vote for candidate af53ee3fc638416993de9457afc302c5 in term 2.
I0225 14:50:50.573817 18121 leader_election.cc:346] T 00000000000000000000000000000000 P af53ee3fc638416993de9457afc302c5 [CANDIDATE]: Term 2 election: Vote granted by peer f9bc2ec9795e45f99414d3460b8af958
I0225 14:50:50.574025 18121 leader_election.cc:247] T 00000000000000000000000000000000 P af53ee3fc638416993de9457afc302c5 [CANDIDATE]: Term 2 election: Election decided. Result: candidate won.
I0225 14:50:50.575026 18630 raft_consensus.cc:1939] T 00000000000000000000000000000000 P af53ee3fc638416993de9457afc302c5 [term 2 FOLLOWER]: Snoozing failure detection for election timeout plus an additional 0.531s
I0225 14:50:50.575302 18630 raft_consensus.cc:1831] T 00000000000000000000000000000000 P af53ee3fc638416993de9457afc302c5 [term 2 FOLLOWER]: Leader election won for term 2
I0225 14:50:50.576081 18630 raft_consensus.cc:442] T 00000000000000000000000000000000 P af53ee3fc638416993de9457afc302c5 [term 2 LEADER]: Becoming Leader. State: Replica: af53ee3fc638416993de9457afc302c5, State: 1, Role: LEADER Watermarks: {Received: term: 1 index: 8 Committed: term: 1 index: 8}
I0225 14:50:50.576967 18630 consensus_queue.cc:145] T 00000000000000000000000000000000 P af53ee3fc638416993de9457afc302c5 [LEADER]: Queue going to LEADER mode. State: All replicated op: 1.8, Majority replicated op: 1.8, Committed index: 1.8, Last appended: 1.8, Current term: 2, Majority size: 2, State: 1, Mode: LEADER, active raft config: opid_index: -1 local: false peers { permanent_uuid: "3e305ed53fac466ba564ca1e7586e84a" member_type: VOTER last_known_addr { host: "127.0.0.1" port: 11010 } } peers { permanent_uuid: "af53ee3fc638416993de9457afc302c5" member_type: VOTER last_known_addr { host: "127.0.0.1" port: 11011 } } peers { permanent_uuid: "f9bc2ec9795e45f99414d3460b8af958" member_type: VOTER last_known_addr { host: "127.0.0.1" port: 11012 } }
I0225 14:50:50.581223 18631 sys_catalog.cc:227] T 00000000000000000000000000000000 P af53ee3fc638416993de9457afc302c5 [sys.catalog]: SysCatalogTable state changed. Reason: New leader af53ee3fc638416993de9457afc302c5. Latest consensus state: current_term: 2 leader_uuid: "af53ee3fc638416993de9457afc302c5" config { opid_index: -1 local: false peers { permanent_uuid: "3e305ed53fac466ba564ca1e7586e84a" member_type: VOTER last_known_addr { host: "127.0.0.1" port: 11010 } } peers { permanent_uuid: "af53ee3fc638416993de9457afc302c5" member_type: VOTER last_known_addr { host: "127.0.0.1" port: 11011 } } peers { permanent_uuid: "f9bc2ec9795e45f99414d3460b8af958" member_type: VOTER last_known_addr { host: "127.0.0.1" port: 11012 } } }
I0225 14:50:50.581599 18631 sys_catalog.cc:230] T 00000000000000000000000000000000 P af53ee3fc638416993de9457afc302c5 [sys.catalog]: This master's current role is: LEADER, previous role was: FOLLOWER
W0225 14:50:50.582800 18634 raft_consensus_state.cc:524] T 00000000000000000000000000000000 P af53ee3fc638416993de9457afc302c5 [term 2 LEADER]: Can't advance the committed index across term boundaries until operations from the current term are replicated. Last committed operation was: term: 1 index: 8, New majority replicated is: term: 1 index: 8, Current term is: 2
I0225 14:50:50.583351 18635 catalog_manager.cc:520] Loading table and tablet metadata into memory...
I0225 14:50:50.590898 18635 catalog_manager.cc:202] Loaded metadata for table [id=07c5ef70986145e9ab072daea8b0cf20]
I0225 14:50:50.594540 18635 catalog_manager.cc:266] Loaded metadata for tablet 5057465b8ee44d26ad2df63c369fbff3 (table testAlterTableSync [id=07c5ef70986145e9ab072daea8b0cf20])
W0225 14:50:51.082420 18121 leader_election.cc:274] T 00000000000000000000000000000000 P af53ee3fc638416993de9457afc302c5 [CANDIDATE]: Term 2 election: RPC error from VoteRequest() call to peer 3e305ed53fac466ba564ca1e7586e84a: Timed out: RequestConsensusVote RPC to 127.0.0.1:11010 timed out after 0.513s
I0225 14:50:51.082451 18186 raft_consensus.cc:831] T 00000000000000000000000000000000 P f9bc2ec9795e45f99414d3460b8af958 [term 2 FOLLOWER]: Refusing update from remote peer af53ee3fc638416993de9457afc302c5: Log matching property violated. Preceding OpId in replica: term: 1 index: 8. Preceding OpId from leader: term: 2 index: 9. (index mismatch)
I0225 14:50:51.084071 18630 consensus_queue.cc:572] T 00000000000000000000000000000000 P af53ee3fc638416993de9457afc302c5 [LEADER]: Connected to new peer: Peer: f9bc2ec9795e45f99414d3460b8af958, Is new: false, Last received: 1.8, Next index: 9, Last known committed idx: 7, Last exchange result: ERROR, Needs remote bootstrap: false
I0225 14:50:51.088793 18637 sys_catalog.cc:227] T 00000000000000000000000000000000 P f9bc2ec9795e45f99414d3460b8af958 [sys.catalog]: SysCatalogTable state changed. Reason: New leader af53ee3fc638416993de9457afc302c5. Latest consensus state: current_term: 2 leader_uuid: "af53ee3fc638416993de9457afc302c5" config { opid_index: -1 local: false peers { permanent_uuid: "3e305ed53fac466ba564ca1e7586e84a" member_type: VOTER last_known_addr { host: "127.0.0.1" port: 11010 } } peers { permanent_uuid: "af53ee3fc638416993de9457afc302c5" member_type: VOTER last_known_addr { host: "127.0.0.1" port: 11011 } } peers { permanent_uuid: "f9bc2ec9795e45f99414d3460b8af958" member_type: VOTER last_known_addr { host: "127.0.0.1" port: 11012 } } }
I0225 14:50:51.089311 18637 sys_catalog.cc:230] T 00000000000000000000000000000000 P f9bc2ec9795e45f99414d3460b8af958 [sys.catalog]: This master's current role is: FOLLOWER, previous role was: FOLLOWER
I0225 14:50:51.091425 18639 raft_consensus_state.cc:517] T 00000000000000000000000000000000 P af53ee3fc638416993de9457afc302c5 [term 2 LEADER]: Advanced the committed_index across terms. Last committed operation was: term: 1 index: 8 New committed index is: term: 2 index: 9
I0225 14:50:51.094362 18637 sys_catalog.cc:227] T 00000000000000000000000000000000 P f9bc2ec9795e45f99414d3460b8af958 [sys.catalog]: SysCatalogTable state changed. Reason: Replicated consensus-only round. Latest consensus state: current_term: 2 leader_uuid: "af53ee3fc638416993de9457afc302c5" config { opid_index: -1 local: false peers { permanent_uuid: "3e305ed53fac466ba564ca1e7586e84a" member_type: VOTER last_known_addr { host: "127.0.0.1" port: 11010 } } peers { permanent_uuid: "af53ee3fc638416993de9457afc302c5" member_type: VOTER last_known_addr { host: "127.0.0.1" port: 11011 } } peers { permanent_uuid: "f9bc2ec9795e45f99414d3460b8af958" member_type: VOTER last_known_addr { host: "127.0.0.1" port: 11012 } } }
I0225 14:50:51.094677 18637 sys_catalog.cc:230] T 00000000000000000000000000000000 P f9bc2ec9795e45f99414d3460b8af958 [sys.catalog]: This master's current role is: FOLLOWER, previous role was: FOLLOWER
W0225 14:50:52.081794 18121 consensus_peers.cc:319] T 00000000000000000000000000000000 P af53ee3fc638416993de9457afc302c5 -> Peer 3e305ed53fac466ba564ca1e7586e84a (127.0.0.1:11010): Couldn't send request to peer 3e305ed53fac466ba564ca1e7586e84a for tablet 00000000000000000000000000000000 Status: Timed out: UpdateConsensus RPC to 127.0.0.1:11010 timed out after 1.000s. Retrying in the next heartbeat period. Already tried 1 times.
W0225 14:50:53.385056 18121 consensus_peers.cc:319] T 00000000000000000000000000000000 P af53ee3fc638416993de9457afc302c5 -> Peer 3e305ed53fac466ba564ca1e7586e84a (127.0.0.1:11010): Couldn't send request to peer 3e305ed53fac466ba564ca1e7586e84a for tablet 00000000000000000000000000000000 Status: Timed out: UpdateConsensus RPC to 127.0.0.1:11010 timed out after 1.000s. Retrying in the next heartbeat period. Already tried 2 times.
W0225 14:50:54.805938 18121 consensus_peers.cc:319] T 00000000000000000000000000000000 P af53ee3fc638416993de9457afc302c5 -> Peer 3e305ed53fac466ba564ca1e7586e84a (127.0.0.1:11010): Couldn't send request to peer 3e305ed53fac466ba564ca1e7586e84a for tablet 00000000000000000000000000000000 Status: Timed out: UpdateConsensus RPC to 127.0.0.1:11010 timed out after 1.000s. Retrying in the next heartbeat period. Already tried 3 times.
W0225 14:50:55.083163 27958 client-internal.cc:178] Unable to send the request (table { table_name: "testAlterTableSync" } new_table_name: "testAlterTableSyncRenamed") to leader Master (127.0.0.1:11010): Timed out: AlterTable RPC to 127.0.0.1:11010 timed out after 5.000s
I0225 14:50:55.083379 27958 client-internal.cc:182] Determining the new leader Master and retrying...
I0225 14:50:55.089372 18129 catalog_manager.cc:1083] Servicing AlterTable request from {real_user=adar, eff_user=} at 127.0.0.1:35640: table { table_name: "testAlterTableSync" } new_table_name: "testAlterTableSyncRenamed"
W0225 14:50:55.108788 18129 catalog_manager.cc:1801] Unable to reset TS proxy: Not found: no leader
W0225 14:50:55.109128 18129 catalog_manager.cc:2417] Failed to send alter table request: Not found: Failed to reset TS proxy: no leader
W0225 14:50:56.306329 18121 consensus_peers.cc:319] T 00000000000000000000000000000000 P af53ee3fc638416993de9457afc302c5 -> Peer 3e305ed53fac466ba564ca1e7586e84a (127.0.0.1:11010): Couldn't send request to peer 3e305ed53fac466ba564ca1e7586e84a for tablet 00000000000000000000000000000000 Status: Timed out: UpdateConsensus RPC to 127.0.0.1:11010 timed out after 1.000s. Retrying in the next heartbeat period. Already tried 4 times.
W0225 14:50:57.614930 18121 consensus_peers.cc:319] T 00000000000000000000000000000000 P af53ee3fc638416993de9457afc302c5 -> Peer 3e305ed53fac466ba564ca1e7586e84a (127.0.0.1:11010): Couldn't send request to peer 3e305ed53fac466ba564ca1e7586e84a for tablet 00000000000000000000000000000000 Status: Timed out: UpdateConsensus RPC to 127.0.0.1:11010 timed out after 1.000s. Retrying in the next heartbeat period. Already tried 5 times.
W0225 14:50:59.116283 18121 consensus_peers.cc:319] T 00000000000000000000000000000000 P af53ee3fc638416993de9457afc302c5 -> Peer 3e305ed53fac466ba564ca1e7586e84a (127.0.0.1:11010): Couldn't send request to peer 3e305ed53fac466ba564ca1e7586e84a for tablet 00000000000000000000000000000000 Status: Timed out: UpdateConsensus RPC to 127.0.0.1:11010 timed out after 1.000s. Retrying in the next heartbeat period. Already tried 6 times.
W0225 14:51:00.083171 18457 heartbeater.cc:411] Failed to heartbeat to 127.0.0.1:11010: Timed out: Failed to send heartbeat: TSHeartbeat RPC to 127.0.0.1:11010 timed out after 10.000s
I0225 14:51:00.088479 18457 heartbeater.cc:258] Connected to a leader master server at 127.0.0.1:11011
I0225 14:51:00.090798 18133 master_service.cc:172] Got heartbeat from unknown tablet server { permanent_uuid: "c30b588e10004dcdb01341ed61765099" instance_seqno: 1456440648977430 } as {real_user=adar, eff_user=} at 127.109.54.1:50279; Asking this server to re-register.
I0225 14:51:00.091871 18457 heartbeater.cc:328] Registering TS with master...
I0225 14:51:00.092036 18457 heartbeater.cc:334] Sending a full tablet report to master...
W0225 14:51:00.092464 18578 heartbeater.cc:411] Failed to heartbeat to 127.0.0.1:11010: Timed out: Failed to send heartbeat: TSHeartbeat RPC to 127.0.0.1:11010 timed out after 10.000s
I0225 14:51:00.094135 18134 ts_manager.cc:82] Registered new tablet server { permanent_uuid: "c30b588e10004dcdb01341ed61765099" instance_seqno: 1456440648977430 } with Master
I0225 14:51:00.095101 18134 catalog_manager.cc:1453] TS c30b588e10004dcdb01341ed61765099 does not have the latest schema for tablet 5057465b8ee44d26ad2df63c369fbff3 (table testAlterTableSyncRenamed [id=07c5ef70986145e9ab072daea8b0cf20]). Expected version 1 got 0
I0225 14:51:00.097049 18578 heartbeater.cc:258] Connected to a leader master server at 127.0.0.1:11011
I0225 14:51:00.098794 18127 master_service.cc:172] Got heartbeat from unknown tablet server { permanent_uuid: "0d18db0d3e6e410a9310469fb6927391" instance_seqno: 1456440649401216 } as {real_user=adar, eff_user=} at 127.109.54.2:46583; Asking this server to re-register.
I0225 14:51:00.099711 18578 heartbeater.cc:328] Registering TS with master...
I0225 14:51:00.099912 18578 heartbeater.cc:334] Sending a full tablet report to master...
I0225 14:51:00.101845 18128 ts_manager.cc:82] Registered new tablet server { permanent_uuid: "0d18db0d3e6e410a9310469fb6927391" instance_seqno: 1456440649401216 } with Master
W0225 14:51:00.108217 18134 catalog_manager.cc:1801] Unable to reset TS proxy: Not found: no leader
W0225 14:51:00.108340 18134 catalog_manager.cc:2417] Failed to send alter table request: Not found: Failed to reset TS proxy: no leader
I0225 14:51:00.108381 18128 catalog_manager.cc:1453] TS 0d18db0d3e6e410a9310469fb6927391 does not have the latest schema for tablet 5057465b8ee44d26ad2df63c369fbff3 (table testAlterTableSyncRenamed [id=07c5ef70986145e9ab072daea8b0cf20]). Expected version 1 got 0
W0225 14:51:00.117671 18128 catalog_manager.cc:1801] Unable to reset TS proxy: Not found: no leader
W0225 14:51:00.117789 18128 catalog_manager.cc:2417] Failed to send alter table request: Not found: Failed to reset TS proxy: no leader
W0225 14:51:00.558116 18333 heartbeater.cc:411] Failed to heartbeat to 127.0.0.1:11010: Timed out: Failed to send heartbeat: TSHeartbeat RPC to 127.0.0.1:11010 timed out after 10.000s
W0225 14:51:00.617267 18121 consensus_peers.cc:319] T 00000000000000000000000000000000 P af53ee3fc638416993de9457afc302c5 -> Peer 3e305ed53fac466ba564ca1e7586e84a (127.0.0.1:11010): Couldn't send request to peer 3e305ed53fac466ba564ca1e7586e84a for tablet 00000000000000000000000000000000 Status: Timed out: UpdateConsensus RPC to 127.0.0.1:11010 timed out after 1.000s. Retrying in the next heartbeat period. Already tried 7 times.
I0225 14:51:00.875164 18214 raft_consensus.cc:358] T 00000000000000000000000000000000 P f9bc2ec9795e45f99414d3460b8af958 [term 2 FOLLOWER]: Failure of leader af53ee3fc638416993de9457afc302c5 detected. Triggering leader election
I0225 14:51:00.875401 18214 raft_consensus.cc:1988] T 00000000000000000000000000000000 P f9bc2ec9795e45f99414d3460b8af958 [term 2 FOLLOWER]: Advancing to term 3
I0225 14:51:00.877303 18214 raft_consensus.cc:1939] T 00000000000000000000000000000000 P f9bc2ec9795e45f99414d3460b8af958 [term 3 FOLLOWER]: Snoozing failure detection for election timeout plus an additional 0.514s
I0225 14:51:00.877419 18214 raft_consensus.cc:378] T 00000000000000000000000000000000 P f9bc2ec9795e45f99414d3460b8af958 [term 3 FOLLOWER]: Starting election with config: opid_index: -1 local: false peers { permanent_uuid: "3e305ed53fac466ba564ca1e7586e84a" member_type: VOTER last_known_addr { host: "127.0.0.1" port: 11010 } } peers { permanent_uuid: "af53ee3fc638416993de9457afc302c5" member_type: VOTER last_known_addr { host: "127.0.0.1" port: 11011 } } peers { permanent_uuid: "f9bc2ec9795e45f99414d3460b8af958" member_type: VOTER last_known_addr { host: "127.0.0.1" port: 11012 } }
I0225 14:51:00.881008 18214 leader_election.cc:222] T 00000000000000000000000000000000 P f9bc2ec9795e45f99414d3460b8af958 [CANDIDATE]: Term 3 election: Requesting vote from peer 3e305ed53fac466ba564ca1e7586e84a
I0225 14:51:00.881446 18214 leader_election.cc:222] T 00000000000000000000000000000000 P f9bc2ec9795e45f99414d3460b8af958 [CANDIDATE]: Term 3 election: Requesting vote from peer af53ee3fc638416993de9457afc302c5
I0225 14:51:00.883083 18137 raft_consensus.cc:1612] T 00000000000000000000000000000000 P af53ee3fc638416993de9457afc302c5 [term 2 LEADER]: Leader election vote request: Denying vote to candidate f9bc2ec9795e45f99414d3460b8af958 for term 3 because replica is either leader or believes a valid leader to be alive.
I0225 14:51:00.884174 18166 leader_election.cc:360] T 00000000000000000000000000000000 P f9bc2ec9795e45f99414d3460b8af958 [CANDIDATE]: Term 3 election: Vote denied by peer af53ee3fc638416993de9457afc302c5. Message: Invalid argument: T 00000000000000000000000000000000 P af53ee3fc638416993de9457afc302c5 [term 2 LEADER]: Leader election vote request: Denying vote to candidate f9bc2ec9795e45f99414d3460b8af958 for term 3 because replica is either leader or believes a valid leader to be alive.
I0225 14:51:01.063299 18333 heartbeater.cc:258] Connected to a leader master server at 127.0.0.1:11011
I0225 14:51:01.064728 18125 master_service.cc:172] Got heartbeat from unknown tablet server { permanent_uuid: "713690c2ff104bd6a70fbfa8303fbe61" instance_seqno: 1456440648596239 } as {real_user=adar, eff_user=} at 127.109.54.0:34007; Asking this server to re-register.
I0225 14:51:01.065603 18333 heartbeater.cc:328] Registering TS with master...
I0225 14:51:01.065831 18333 heartbeater.cc:334] Sending a full tablet report to master...
I0225 14:51:01.067625 18126 ts_manager.cc:82] Registered new tablet server { permanent_uuid: "713690c2ff104bd6a70fbfa8303fbe61" instance_seqno: 1456440648596239 } with Master
I0225 14:51:01.068325 18126 catalog_manager.cc:1453] TS 713690c2ff104bd6a70fbfa8303fbe61 does not have the latest schema for tablet 5057465b8ee44d26ad2df63c369fbff3 (table testAlterTableSyncRenamed [id=07c5ef70986145e9ab072daea8b0cf20]). Expected version 1 got 0
I0225 14:51:01.073870 18185 raft_consensus.cc:799] T 00000000000000000000000000000000 P f9bc2ec9795e45f99414d3460b8af958 [term 3 FOLLOWER]: Rejecting Update request from peer af53ee3fc638416993de9457afc302c5 for earlier term 2. Current term is 3. Ops: []
I0225 14:51:01.075086 18631 consensus_queue.cc:582] T 00000000000000000000000000000000 P af53ee3fc638416993de9457afc302c5 [LEADER]: Peer responded invalid term: Peer: f9bc2ec9795e45f99414d3460b8af958, Is new: false, Last received: 2.12, Next index: 13, Last known committed idx: 12, Last exchange result: ERROR, Needs remote bootstrap: false
I0225 14:51:01.075562 18654 raft_consensus.cc:1983] T 00000000000000000000000000000000 P af53ee3fc638416993de9457afc302c5 [term 2 LEADER]: Stepping down as leader of term 2
I0225 14:51:01.075758 18654 raft_consensus.cc:477] T 00000000000000000000000000000000 P af53ee3fc638416993de9457afc302c5 [term 2 LEADER]: Becoming Follower/Learner. State: Replica: af53ee3fc638416993de9457afc302c5, State: 1, Role: LEADER Watermarks: {Received: term: 2 index: 13 Committed: term: 2 index: 12}
I0225 14:51:01.076253 18654 consensus_queue.cc:162] T 00000000000000000000000000000000 P af53ee3fc638416993de9457afc302c5 [NON_LEADER]: Queue going to NON_LEADER mode. State: All replicated op: 0.0, Majority replicated op: 2.12, Committed index: 2.12, Last appended: 2.13, Current term: 2, Majority size: -1, State: 1, Mode: NON_LEADER
I0225 14:51:01.076927 18654 consensus_peers.cc:342] T 00000000000000000000000000000000 P af53ee3fc638416993de9457afc302c5 -> Peer f9bc2ec9795e45f99414d3460b8af958 (127.0.0.1:11012): Closing peer: f9bc2ec9795e45f99414d3460b8af958
I0225 14:51:01.077549 18654 consensus_peers.cc:342] T 00000000000000000000000000000000 P af53ee3fc638416993de9457afc302c5 -> Peer 3e305ed53fac466ba564ca1e7586e84a (127.0.0.1:11010): Closing peer: 3e305ed53fac466ba564ca1e7586e84a
I0225 14:51:01.078145 18654 raft_consensus.cc:1988] T 00000000000000000000000000000000 P af53ee3fc638416993de9457afc302c5 [term 2 FOLLOWER]: Advancing to term 3
W0225 14:51:01.113323 18127 master_service.cc:142] Received a heartbeat, but this Master instance is not a leader or a single Master: Illegal state: Not the leader. Local UUID: af53ee3fc638416993de9457afc302c5, Consensus state: current_term: 3 config { opid_index: -1 local: false peers { permanent_uuid: "3e305ed53fac466ba564ca1e7586e84a" member_type: VOTER last_known_addr { host: "127.0.0.1" port: 11010 } } peers { permanent_uuid: "af53ee3fc638416993de9457afc302c5" member_type: VOTER last_known_addr { host: "127.0.0.1" port: 11011 } } peers { permanent_uuid: "f9bc2ec9795e45f99414d3460b8af958" member_type: VOTER last_known_addr { host: "127.0.0.1" port: 11012 } } }
W0225 14:51:01.114078 18457 heartbeater.cc:411] Failed to heartbeat to 127.0.0.1:11011: Service unavailable: master is no longer the leader
