[ RUN ] MasterFailoverTest.TestRenameTableSync
I0225 14:50:46.900344 27958 external_mini_cluster.cc:546] Running /home/adar/kudu/build/asan/bin/kudu-master kudu-master --fs_wal_dir=/tmp/kudutest-4282/master_failover-itest.MasterFailoverTest.TestRenameTableSync.1456437842167089-27958/minicluster-data/master-0 --fs_data_dirs=/tmp/kudutest-4282/master_failover-itest.MasterFailoverTest.TestRenameTableSync.1456437842167089-27958/minicluster-data/master-0 --rpc_bind_addresses=127.0.0.1:11010 --webserver_interface=localhost --webserver_port=0 --metrics_log_interval_ms=1000 --log_dir=/tmp/kudutest-4282/master_failover-itest.MasterFailoverTest.TestRenameTableSync.1456437842167089-27958/minicluster-data/master-0 --leader_failure_max_missed_heartbeat_periods=1.0 --master_addresses=127.0.0.1:11010,127.0.0.1:11011,127.0.0.1:11012 --enable_leader_failure_detection=true --server_dump_info_path=/tmp/kudutest-4282/master_failover-itest.MasterFailoverTest.TestRenameTableSync.1456437842167089-27958/minicluster-data/master-0/info.pb --server_dump_info_format=pb --rpc_server_allow_ephemeral_ports --logtostderr --logbuflevel=-1
I0225 14:50:47.233867 18071 mem_tracker.cc:137] MemTracker: hard memory limit is 75.496170 GB
I0225 14:50:47.234663 18071 mem_tracker.cc:139] MemTracker: soft memory limit is 45.297703 GB
I0225 14:50:47.244170 18071 master_main.cc:58] Initializing master server...
I0225 14:50:47.245123 18071 hybrid_clock.cc:178] HybridClock initialized. Resolution in nanos?: 1 Wait times tolerance adjustment: 1.0005 Current error: 934896
I0225 14:50:47.250963 18071 server_base.cc:164] Could not load existing FS layout: Not found: /tmp/kudutest-4282/master_failover-itest.MasterFailoverTest.TestRenameTableSync.1456437842167089-27958/minicluster-data/master-0/instance: No such file or directory (error 2)
I0225 14:50:47.251055 18071 server_base.cc:165] Creating new FS layout
I0225 14:50:47.267750 18071 fs_manager.cc:345] Generated new instance metadata in path /tmp/kudutest-4282/master_failover-itest.MasterFailoverTest.TestRenameTableSync.1456437842167089-27958/minicluster-data/master-0/instance: uuid: "3e305ed53fac466ba564ca1e7586e84a" format_stamp: "Formatted at 2016-02-25 22:50:47 on ve0518.halxg.cloudera.com"
I0225 14:50:47.279964 18071 fs_manager.cc:242] Opened local filesystem: /tmp/kudutest-4282/master_failover-itest.MasterFailoverTest.TestRenameTableSync.1456437842167089-27958/minicluster-data/master-0 uuid: "3e305ed53fac466ba564ca1e7586e84a" format_stamp: "Formatted at 2016-02-25 22:50:47 on ve0518.halxg.cloudera.com"
I0225 14:50:47.306082 18071 master_main.cc:61] Starting Master server...
I0225 14:50:47.346119 18071 rpc_server.cc:164] RPC server started. Bound to: 127.0.0.1:11010
I0225 14:50:47.347170 18071 webserver.cc:135] Starting webserver on localhost:0
I0225 14:50:47.347224 18071 webserver.cc:146] Document root disabled
I0225 14:50:47.348369 18071 net_util.cc:175] Address 127.0.0.1:0 for localhost:0 duplicates an earlier resolved entry.
I0225 14:50:47.350095 18071 webserver.cc:229] Webserver started. Bound to: http://127.0.0.1:41592/
I0225 14:50:47.352422 18071 server_base.cc:234] Dumped server information to /tmp/kudutest-4282/master_failover-itest.MasterFailoverTest.TestRenameTableSync.1456437842167089-27958/minicluster-data/master-0/info.pb
I0225 14:50:47.359802 27958 external_mini_cluster.cc:582] Started /home/adar/kudu/build/asan/bin/kudu-master as pid 18071
I0225 14:50:47.360307 27958 external_mini_cluster.cc:546] Running /home/adar/kudu/build/asan/bin/kudu-master kudu-master --fs_wal_dir=/tmp/kudutest-4282/master_failover-itest.MasterFailoverTest.TestRenameTableSync.1456437842167089-27958/minicluster-data/master-1 --fs_data_dirs=/tmp/kudutest-4282/master_failover-itest.MasterFailoverTest.TestRenameTableSync.1456437842167089-27958/minicluster-data/master-1 --rpc_bind_addresses=127.0.0.1:11011 --webserver_interface=localhost --webserver_port=0 --metrics_log_interval_ms=1000 --log_dir=/tmp/kudutest-4282/master_failover-itest.MasterFailoverTest.TestRenameTableSync.1456437842167089-27958/minicluster-data/master-1 --leader_failure_max_missed_heartbeat_periods=1.0 --master_addresses=127.0.0.1:11010,127.0.0.1:11011,127.0.0.1:11012 --enable_leader_failure_detection=true --server_dump_info_path=/tmp/kudutest-4282/master_failover-itest.MasterFailoverTest.TestRenameTableSync.1456437842167089-27958/minicluster-data/master-1/info.pb --server_dump_info_format=pb --rpc_server_allow_ephemeral_ports --logtostderr --logbuflevel=-1
I0225 14:50:47.374673 18112 sys_catalog.cc:196] member_type: VOTER last_known_addr { host: "127.0.0.1" port: 11010 } has no permanent_uuid. Determining permanent_uuid...
W0225 14:50:47.378059 18076 reactor.cc:227] Client call kudu.consensus.ConsensusService.GetNodeInstance has no timeout set for connection id: {remote=127.0.0.1:11010, user_credentials={real_user=adar, eff_user=}}
I0225 14:50:47.400357 18112 sys_catalog.cc:196] member_type: VOTER last_known_addr { host: "127.0.0.1" port: 11011 } has no permanent_uuid. Determining permanent_uuid...
W0225 14:50:47.400806 18076 reactor.cc:227] Client call kudu.consensus.ConsensusService.GetNodeInstance has no timeout set for connection id: {remote=127.0.0.1:11011, user_credentials={real_user=adar, eff_user=}}
W0225 14:50:47.402771 18112 consensus_peers.cc:450] Error getting permanent uuid from config peer 127.0.0.1:11011: Network error: Client connection negotiation failed: client connection to 127.0.0.1:11011: connect: Connection refused (error 111)
I0225 14:50:47.463212 18112 consensus_peers.cc:460] Retrying to get permanent uuid for remote peer: member_type: VOTER last_known_addr { host: "127.0.0.1" port: 11011 } attempt: 1
W0225 14:50:47.463634 18076 reactor.cc:227] Client call kudu.consensus.ConsensusService.GetNodeInstance has no timeout set for connection id: {remote=127.0.0.1:11011, user_credentials={real_user=adar, eff_user=}}
W0225 14:50:47.465044 18112 consensus_peers.cc:450] Error getting permanent uuid from config peer 127.0.0.1:11011: Network error: Client connection negotiation failed: client connection to 127.0.0.1:11011: connect: Connection refused (error 111)
I0225 14:50:47.516257 18112 consensus_peers.cc:460] Retrying to get permanent uuid for remote peer: member_type: VOTER last_known_addr { host: "127.0.0.1" port: 11011 } attempt: 2
W0225 14:50:47.516623 18076 reactor.cc:227] Client call kudu.consensus.ConsensusService.GetNodeInstance has no timeout set for connection id: {remote=127.0.0.1:11011, user_credentials={real_user=adar, eff_user=}}
W0225 14:50:47.517812 18112 consensus_peers.cc:450] Error getting permanent uuid from config peer 127.0.0.1:11011: Network error: Client connection negotiation failed: client connection to 127.0.0.1:11011: connect: Connection refused (error 111)
I0225 14:50:47.620050 18112 consensus_peers.cc:460] Retrying to get permanent uuid for remote peer: member_type: VOTER last_known_addr { host: "127.0.0.1" port: 11011 } attempt: 3
W0225 14:50:47.620412 18076 reactor.cc:227] Client call kudu.consensus.ConsensusService.GetNodeInstance has no timeout set for connection id: {remote=127.0.0.1:11011, user_credentials={real_user=adar, eff_user=}}
W0225 14:50:47.621814 18112 consensus_peers.cc:450] Error getting permanent uuid from config peer 127.0.0.1:11011: Network error: Client connection negotiation failed: client connection to 127.0.0.1:11011: connect: Connection refused (error 111)
I0225 14:50:47.692313 18113 mem_tracker.cc:137] MemTracker: hard memory limit is 75.496170 GB
I0225 14:50:47.693225 18113 mem_tracker.cc:139] MemTracker: soft memory limit is 45.297703 GB
I0225 14:50:47.703357 18113 master_main.cc:58] Initializing master server...
I0225 14:50:47.704324 18113 hybrid_clock.cc:178] HybridClock initialized. Resolution in nanos?: 1 Wait times tolerance adjustment: 1.0005 Current error: 934896
I0225 14:50:47.710350 18113 server_base.cc:164] Could not load existing FS layout: Not found: /tmp/kudutest-4282/master_failover-itest.MasterFailoverTest.TestRenameTableSync.1456437842167089-27958/minicluster-data/master-1/instance: No such file or directory (error 2)
I0225 14:50:47.710455 18113 server_base.cc:165] Creating new FS layout
I0225 14:50:47.719384 18113 fs_manager.cc:345] Generated new instance metadata in path /tmp/kudutest-4282/master_failover-itest.MasterFailoverTest.TestRenameTableSync.1456437842167089-27958/minicluster-data/master-1/instance: uuid: "af53ee3fc638416993de9457afc302c5" format_stamp: "Formatted at 2016-02-25 22:50:47 on ve0518.halxg.cloudera.com"
I0225 14:50:47.732414 18113 fs_manager.cc:242] Opened local filesystem: /tmp/kudutest-4282/master_failover-itest.MasterFailoverTest.TestRenameTableSync.1456437842167089-27958/minicluster-data/master-1 uuid: "af53ee3fc638416993de9457afc302c5" format_stamp: "Formatted at 2016-02-25 22:50:47 on ve0518.halxg.cloudera.com"
I0225 14:50:47.751032 18112 consensus_peers.cc:460] Retrying to get permanent uuid for remote peer: member_type: VOTER last_known_addr { host: "127.0.0.1" port: 11011 } attempt: 4
W0225 14:50:47.751360 18076 reactor.cc:227] Client call kudu.consensus.ConsensusService.GetNodeInstance has no timeout set for connection id: {remote=127.0.0.1:11011, user_credentials={real_user=adar, eff_user=}}
W0225 14:50:47.752558 18112 consensus_peers.cc:450] Error getting permanent uuid from config peer 127.0.0.1:11011: Network error: Client connection negotiation failed: client connection to 127.0.0.1:11011: connect: Connection refused (error 111)
I0225 14:50:47.757042 18113 master_main.cc:61] Starting Master server...
I0225 14:50:47.799902 18113 rpc_server.cc:164] RPC server started. Bound to: 127.0.0.1:11011
I0225 14:50:47.800881 18113 webserver.cc:135] Starting webserver on localhost:0
I0225 14:50:47.800931 18113 webserver.cc:146] Document root disabled
I0225 14:50:47.802032 18113 net_util.cc:175] Address 127.0.0.1:0 for localhost:0 duplicates an earlier resolved entry.
I0225 14:50:47.803731 18113 webserver.cc:229] Webserver started. Bound to: http://127.0.0.1:39738/
I0225 14:50:47.805397 18113 server_base.cc:234] Dumped server information to /tmp/kudutest-4282/master_failover-itest.MasterFailoverTest.TestRenameTableSync.1456437842167089-27958/minicluster-data/master-1/info.pb
I0225 14:50:47.811048 27958 external_mini_cluster.cc:582] Started /home/adar/kudu/build/asan/bin/kudu-master as pid 18113
I0225 14:50:47.811581 27958 external_mini_cluster.cc:546] Running /home/adar/kudu/build/asan/bin/kudu-master kudu-master --fs_wal_dir=/tmp/kudutest-4282/master_failover-itest.MasterFailoverTest.TestRenameTableSync.1456437842167089-27958/minicluster-data/master-2 --fs_data_dirs=/tmp/kudutest-4282/master_failover-itest.MasterFailoverTest.TestRenameTableSync.1456437842167089-27958/minicluster-data/master-2 --rpc_bind_addresses=127.0.0.1:11012 --webserver_interface=localhost --webserver_port=0 --metrics_log_interval_ms=1000 --log_dir=/tmp/kudutest-4282/master_failover-itest.MasterFailoverTest.TestRenameTableSync.1456437842167089-27958/minicluster-data/master-2 --leader_failure_max_missed_heartbeat_periods=1.0 --master_addresses=127.0.0.1:11010,127.0.0.1:11011,127.0.0.1:11012 --enable_leader_failure_detection=true --server_dump_info_path=/tmp/kudutest-4282/master_failover-itest.MasterFailoverTest.TestRenameTableSync.1456437842167089-27958/minicluster-data/master-2/info.pb --server_dump_info_format=pb --rpc_server_allow_ephemeral_ports --logtostderr --logbuflevel=-1
I0225 14:50:47.826354 18157 sys_catalog.cc:196] member_type: VOTER last_known_addr { host: "127.0.0.1" port: 11010 } has no permanent_uuid. Determining permanent_uuid...
W0225 14:50:47.829653 18121 reactor.cc:227] Client call kudu.consensus.ConsensusService.GetNodeInstance has no timeout set for connection id: {remote=127.0.0.1:11010, user_credentials={real_user=adar, eff_user=}}
I0225 14:50:47.843147 18157 sys_catalog.cc:196] member_type: VOTER last_known_addr { host: "127.0.0.1" port: 11011 } has no permanent_uuid. Determining permanent_uuid...
W0225 14:50:47.843569 18121 reactor.cc:227] Client call kudu.consensus.ConsensusService.GetNodeInstance has no timeout set for connection id: {remote=127.0.0.1:11011, user_credentials={real_user=adar, eff_user=}}
I0225 14:50:47.854439 18157 sys_catalog.cc:196] member_type: VOTER last_known_addr { host: "127.0.0.1" port: 11012 } has no permanent_uuid. Determining permanent_uuid...
W0225 14:50:47.854948 18121 reactor.cc:227] Client call kudu.consensus.ConsensusService.GetNodeInstance has no timeout set for connection id: {remote=127.0.0.1:11012, user_credentials={real_user=adar, eff_user=}}
W0225 14:50:47.856894 18157 consensus_peers.cc:450] Error getting permanent uuid from config peer 127.0.0.1:11012: Network error: Client connection negotiation failed: client connection to 127.0.0.1:11012: connect: Connection refused (error 111)
I0225 14:50:47.917342 18157 consensus_peers.cc:460] Retrying to get permanent uuid for remote peer: member_type: VOTER last_known_addr { host: "127.0.0.1" port: 11012 } attempt: 1
W0225 14:50:47.917783 18121 reactor.cc:227] Client call kudu.consensus.ConsensusService.GetNodeInstance has no timeout set for connection id: {remote=127.0.0.1:11012, user_credentials={real_user=adar, eff_user=}}
W0225 14:50:47.919150 18157 consensus_peers.cc:450] Error getting permanent uuid from config peer 127.0.0.1:11012: Network error: Client connection negotiation failed: client connection to 127.0.0.1:11012: connect: Connection refused (error 111)
I0225 14:50:47.970409 18157 consensus_peers.cc:460] Retrying to get permanent uuid for remote peer: member_type: VOTER last_known_addr { host: "127.0.0.1" port: 11012 } attempt: 2
W0225 14:50:47.970779 18121 reactor.cc:227] Client call kudu.consensus.ConsensusService.GetNodeInstance has no timeout set for connection id: {remote=127.0.0.1:11012, user_credentials={real_user=adar, eff_user=}}
W0225 14:50:47.972043 18157 consensus_peers.cc:450] Error getting permanent uuid from config peer 127.0.0.1:11012: Network error: Client connection negotiation failed: client connection to 127.0.0.1:11012: connect: Connection refused (error 111)
I0225 14:50:48.034853 18112 consensus_peers.cc:460] Retrying to get permanent uuid for remote peer: member_type: VOTER last_known_addr { host: "127.0.0.1" port: 11011 } attempt: 5
W0225 14:50:48.035298 18076 reactor.cc:227] Client call kudu.consensus.ConsensusService.GetNodeInstance has no timeout set for connection id: {remote=127.0.0.1:11011, user_credentials={real_user=adar, eff_user=}}
I0225 14:50:48.039424 18112 sys_catalog.cc:196] member_type: VOTER last_known_addr { host: "127.0.0.1" port: 11012 } has no permanent_uuid. Determining permanent_uuid...
W0225 14:50:48.039913 18076 reactor.cc:227] Client call kudu.consensus.ConsensusService.GetNodeInstance has no timeout set for connection id: {remote=127.0.0.1:11012, user_credentials={real_user=adar, eff_user=}}
W0225 14:50:48.040787 18112 consensus_peers.cc:450] Error getting permanent uuid from config peer 127.0.0.1:11012: Network error: Client connection negotiation failed: client connection to 127.0.0.1:11012: connect: Connection refused (error 111)
I0225 14:50:48.074280 18157 consensus_peers.cc:460] Retrying to get permanent uuid for remote peer: member_type: VOTER last_known_addr { host: "127.0.0.1" port: 11012 } attempt: 3
W0225 14:50:48.074676 18121 reactor.cc:227] Client call kudu.consensus.ConsensusService.GetNodeInstance has no timeout set for connection id: {remote=127.0.0.1:11012, user_credentials={real_user=adar, eff_user=}}
W0225 14:50:48.075976 18157 consensus_peers.cc:450] Error getting permanent uuid from config peer 127.0.0.1:11012: Network error: Client connection negotiation failed: client connection to 127.0.0.1:11012: connect: Connection refused (error 111)
I0225 14:50:48.089993 18112 consensus_peers.cc:460] Retrying to get permanent uuid for remote peer: member_type: VOTER last_known_addr { host: "127.0.0.1" port: 11012 } attempt: 1
W0225 14:50:48.090409 18076 reactor.cc:227] Client call kudu.consensus.ConsensusService.GetNodeInstance has no timeout set for connection id: {remote=127.0.0.1:11012, user_credentials={real_user=adar, eff_user=}}
W0225 14:50:48.091511 18112 consensus_peers.cc:450] Error getting permanent uuid from config peer 127.0.0.1:11012: Network error: Client connection negotiation failed: client connection to 127.0.0.1:11012: connect: Connection refused (error 111)
I0225 14:50:48.142752 18112 consensus_peers.cc:460] Retrying to get permanent uuid for remote peer: member_type: VOTER last_known_addr { host: "127.0.0.1" port: 11012 } attempt: 2
W0225 14:50:48.143224 18076 reactor.cc:227] Client call kudu.consensus.ConsensusService.GetNodeInstance has no timeout set for connection id: {remote=127.0.0.1:11012, user_credentials={real_user=adar, eff_user=}}
W0225 14:50:48.144285 18112 consensus_peers.cc:450] Error getting permanent uuid from config peer 127.0.0.1:11012: Network error: Client connection negotiation failed: client connection to 127.0.0.1:11012: connect: Connection refused (error 111)
I0225 14:50:48.156507 18158 mem_tracker.cc:137] MemTracker: hard memory limit is 75.496170 GB
I0225 14:50:48.157443 18158 mem_tracker.cc:139] MemTracker: soft memory limit is 45.297703 GB
I0225 14:50:48.169255 18158 master_main.cc:58] Initializing master server...
I0225 14:50:48.170397 18158 hybrid_clock.cc:178] HybridClock initialized. Resolution in nanos?: 1 Wait times tolerance adjustment: 1.0005 Current error: 935396
I0225 14:50:48.177702 18158 server_base.cc:164] Could not load existing FS layout: Not found: /tmp/kudutest-4282/master_failover-itest.MasterFailoverTest.TestRenameTableSync.1456437842167089-27958/minicluster-data/master-2/instance: No such file or directory (error 2)
I0225 14:50:48.177829 18158 server_base.cc:165] Creating new FS layout
I0225 14:50:48.186868 18158 fs_manager.cc:345] Generated new instance metadata in path /tmp/kudutest-4282/master_failover-itest.MasterFailoverTest.TestRenameTableSync.1456437842167089-27958/minicluster-data/master-2/instance: uuid: "f9bc2ec9795e45f99414d3460b8af958" format_stamp: "Formatted at 2016-02-25 22:50:48 on ve0518.halxg.cloudera.com"
I0225 14:50:48.199940 18158 fs_manager.cc:242] Opened local filesystem: /tmp/kudutest-4282/master_failover-itest.MasterFailoverTest.TestRenameTableSync.1456437842167089-27958/minicluster-data/master-2 uuid: "f9bc2ec9795e45f99414d3460b8af958" format_stamp: "Formatted at 2016-02-25 22:50:48 on ve0518.halxg.cloudera.com"
I0225 14:50:48.205202 18157 consensus_peers.cc:460] Retrying to get permanent uuid for remote peer: member_type: VOTER last_known_addr { host: "127.0.0.1" port: 11012 } attempt: 4
W0225 14:50:48.205565 18121 reactor.cc:227] Client call kudu.consensus.ConsensusService.GetNodeInstance has no timeout set for connection id: {remote=127.0.0.1:11012, user_credentials={real_user=adar, eff_user=}}
W0225 14:50:48.206701 18157 consensus_peers.cc:450] Error getting permanent uuid from config peer 127.0.0.1:11012: Network error: Client connection negotiation failed: client connection to 127.0.0.1:11012: connect: Connection refused (error 111)
I0225 14:50:48.222259 18158 master_main.cc:61] Starting Master server...
I0225 14:50:48.236975 18158 rpc_server.cc:164] RPC server started. Bound to: 127.0.0.1:11012
I0225 14:50:48.237802 18158 webserver.cc:135] Starting webserver on localhost:0
I0225 14:50:48.237841 18158 webserver.cc:146] Document root disabled
I0225 14:50:48.238559 18158 net_util.cc:175] Address 127.0.0.1:0 for localhost:0 duplicates an earlier resolved entry.
I0225 14:50:48.239382 18158 webserver.cc:229] Webserver started. Bound to: http://127.0.0.1:60490/
I0225 14:50:48.240442 18158 server_base.cc:234] Dumped server information to /tmp/kudutest-4282/master_failover-itest.MasterFailoverTest.TestRenameTableSync.1456437842167089-27958/minicluster-data/master-2/info.pb
I0225 14:50:48.241461 18112 consensus_peers.cc:460] Retrying to get permanent uuid for remote peer: member_type: VOTER last_known_addr { host: "127.0.0.1" port: 11012 } attempt: 3
W0225 14:50:48.241839 18076 reactor.cc:227] Client call kudu.consensus.ConsensusService.GetNodeInstance has no timeout set for connection id: {remote=127.0.0.1:11012, user_credentials={real_user=adar, eff_user=}}
I0225 14:50:48.243330 27958 external_mini_cluster.cc:582] Started /home/adar/kudu/build/asan/bin/kudu-master as pid 18158
I0225 14:50:48.244048 27958 external_mini_cluster.cc:546] Running /home/adar/kudu/build/asan/bin/kudu-tserver kudu-tserver --fs_wal_dir=/tmp/kudutest-4282/master_failover-itest.MasterFailoverTest.TestRenameTableSync.1456437842167089-27958/minicluster-data/ts-0 --fs_data_dirs=/tmp/kudutest-4282/master_failover-itest.MasterFailoverTest.TestRenameTableSync.1456437842167089-27958/minicluster-data/ts-0 --rpc_bind_addresses=127.109.54.0:0 --local_ip_for_outbound_sockets=127.109.54.0 --webserver_interface=127.109.54.0 --webserver_port=0 --tserver_master_addrs=127.0.0.1:11010,127.0.0.1:11011,127.0.0.1:11012 --metrics_log_interval_ms=1000 --log_dir=/tmp/kudutest-4282/master_failover-itest.MasterFailoverTest.TestRenameTableSync.1456437842167089-27958/minicluster-data/ts-0 --heartbeat_rpc_timeout_ms=1000 --heartbeat_max_failures_before_backoff=1 --heartbeat_interval_ms=500 --server_dump_info_path=/tmp/kudutest-4282/master_failover-itest.MasterFailoverTest.TestRenameTableSync.1456437842167089-27958/minicluster-data/ts-0/info.pb --server_dump_info_format=pb --rpc_server_allow_ephemeral_ports --logtostderr --logbuflevel=-1
I0225 14:50:48.258622 18202 sys_catalog.cc:196] member_type: VOTER last_known_addr { host: "127.0.0.1" port: 11010 } has no permanent_uuid. Determining permanent_uuid...
I0225 14:50:48.260283 18112 tablet_bootstrap.cc:363] T 00000000000000000000000000000000 P 3e305ed53fac466ba564ca1e7586e84a: Bootstrap starting.
W0225 14:50:48.261477 18166 reactor.cc:227] Client call kudu.consensus.ConsensusService.GetNodeInstance has no timeout set for connection id: {remote=127.0.0.1:11010, user_credentials={real_user=adar, eff_user=}}
I0225 14:50:48.264873 18112 tablet_bootstrap.cc:524] T 00000000000000000000000000000000 P 3e305ed53fac466ba564ca1e7586e84a: Time spent opening tablet: real 0.001s user 0.002s sys 0.000s
I0225 14:50:48.265374 18112 tablet_bootstrap.cc:464] T 00000000000000000000000000000000 P 3e305ed53fac466ba564ca1e7586e84a: No blocks or log segments found. Creating new log.
I0225 14:50:48.267079 18112 log.cc:332] Log is configured to *not* fsync() on all Append() calls
I0225 14:50:48.269148 18202 sys_catalog.cc:196] member_type: VOTER last_known_addr { host: "127.0.0.1" port: 11011 } has no permanent_uuid. Determining permanent_uuid...
W0225 14:50:48.269570 18166 reactor.cc:227] Client call kudu.consensus.ConsensusService.GetNodeInstance has no timeout set for connection id: {remote=127.0.0.1:11011, user_credentials={real_user=adar, eff_user=}}
I0225 14:50:48.270787 18112 tablet_bootstrap.cc:363] T 00000000000000000000000000000000 P 3e305ed53fac466ba564ca1e7586e84a: No bootstrap required, opened a new log
I0225 14:50:48.273089 18202 sys_catalog.cc:196] member_type: VOTER last_known_addr { host: "127.0.0.1" port: 11012 } has no permanent_uuid. Determining permanent_uuid...
W0225 14:50:48.273550 18166 reactor.cc:227] Client call kudu.consensus.ConsensusService.GetNodeInstance has no timeout set for connection id: {remote=127.0.0.1:11012, user_credentials={real_user=adar, eff_user=}}
I0225 14:50:48.276969 18112 raft_consensus.cc:268] T 00000000000000000000000000000000 P 3e305ed53fac466ba564ca1e7586e84a [term 0 FOLLOWER]: Replica starting. Triggering 0 pending transactions. Active config: opid_index: -1 local: false peers { permanent_uuid: "3e305ed53fac466ba564ca1e7586e84a" member_type: VOTER last_known_addr { host: "127.0.0.1" port: 11010 } } peers { permanent_uuid: "af53ee3fc638416993de9457afc302c5" member_type: VOTER last_known_addr { host: "127.0.0.1" port: 11011 } } peers { permanent_uuid: "f9bc2ec9795e45f99414d3460b8af958" member_type: VOTER last_known_addr { host: "127.0.0.1" port: 11012 } }
I0225 14:50:48.278558 18112 raft_consensus.cc:300] T 00000000000000000000000000000000 P 3e305ed53fac466ba564ca1e7586e84a [term 0 FOLLOWER]: Consensus starting up: Expiring failure detector timer to make a prompt election more likely
I0225 14:50:48.278873 18112 raft_consensus.cc:477] T 00000000000000000000000000000000 P 3e305ed53fac466ba564ca1e7586e84a [term 0 FOLLOWER]: Becoming Follower/Learner. State: Replica: 3e305ed53fac466ba564ca1e7586e84a, State: 1, Role: FOLLOWER Watermarks: {Received: term: 0 index: 0 Committed: term: 0 index: 0}
I0225 14:50:48.279211 18112 consensus_queue.cc:162] T 00000000000000000000000000000000 P 3e305ed53fac466ba564ca1e7586e84a [NON_LEADER]: Queue going to NON_LEADER mode. State: All replicated op: 0.0, Majority replicated op: 0.0, Committed index: 0.0, Last appended: 0.0, Current term: 0, Majority size: -1, State: 1, Mode: NON_LEADER
I0225 14:50:48.280174 18112 sys_catalog.cc:227] T 00000000000000000000000000000000 P 3e305ed53fac466ba564ca1e7586e84a [sys.catalog]: SysCatalogTable state changed. Reason: Started TabletPeer. Latest consensus state: current_term: 0 config { opid_index: -1 local: false peers { permanent_uuid: "3e305ed53fac466ba564ca1e7586e84a" member_type: VOTER last_known_addr { host: "127.0.0.1" port: 11010 } } peers { permanent_uuid: "af53ee3fc638416993de9457afc302c5" member_type: VOTER last_known_addr { host: "127.0.0.1" port: 11011 } } peers { permanent_uuid: "f9bc2ec9795e45f99414d3460b8af958" member_type: VOTER last_known_addr { host: "127.0.0.1" port: 11012 } } }
I0225 14:50:48.280472 18112 sys_catalog.cc:230] T 00000000000000000000000000000000 P 3e305ed53fac466ba564ca1e7586e84a [sys.catalog]: This master's current role is: FOLLOWER, previous role was: FOLLOWER
I0225 14:50:48.280246 18210 sys_catalog.cc:227] T 00000000000000000000000000000000 P 3e305ed53fac466ba564ca1e7586e84a [sys.catalog]: SysCatalogTable state changed. Reason: RaftConsensus started. Latest consensus state: current_term: 0 config { opid_index: -1 local: false peers { permanent_uuid: "3e305ed53fac466ba564ca1e7586e84a" member_type: VOTER last_known_addr { host: "127.0.0.1" port: 11010 } } peers { permanent_uuid: "af53ee3fc638416993de9457afc302c5" member_type: VOTER last_known_addr { host: "127.0.0.1" port: 11011 } } peers { permanent_uuid: "f9bc2ec9795e45f99414d3460b8af958" member_type: VOTER last_known_addr { host: "127.0.0.1" port: 11012 } } }
I0225 14:50:48.280591 18210 sys_catalog.cc:230] T 00000000000000000000000000000000 P 3e305ed53fac466ba564ca1e7586e84a [sys.catalog]: This master's current role is: FOLLOWER, previous role was: FOLLOWER
I0225 14:50:48.282711 18112 sys_catalog.cc:299] T 00000000000000000000000000000000 P 3e305ed53fac466ba564ca1e7586e84a [sys.catalog]: configured and running, proceeding with master startup.
I0225 14:50:48.283464 18071 master_main.cc:64] Master server successfully started.
I0225 14:50:48.283377 18202 tablet_bootstrap.cc:363] T 00000000000000000000000000000000 P f9bc2ec9795e45f99414d3460b8af958: Bootstrap starting.
I0225 14:50:48.288065 18202 tablet_bootstrap.cc:524] T 00000000000000000000000000000000 P f9bc2ec9795e45f99414d3460b8af958: Time spent opening tablet: real 0.001s user 0.001s sys 0.000s
I0225 14:50:48.288599 18202 tablet_bootstrap.cc:464] T 00000000000000000000000000000000 P f9bc2ec9795e45f99414d3460b8af958: No blocks or log segments found. Creating new log.
I0225 14:50:48.290413 18202 log.cc:332] Log is configured to *not* fsync() on all Append() calls
I0225 14:50:48.294034 18202 tablet_bootstrap.cc:363] T 00000000000000000000000000000000 P f9bc2ec9795e45f99414d3460b8af958: No bootstrap required, opened a new log
I0225 14:50:48.300420 18202 raft_consensus.cc:268] T 00000000000000000000000000000000 P f9bc2ec9795e45f99414d3460b8af958 [term 0 FOLLOWER]: Replica starting. Triggering 0 pending transactions. Active config: opid_index: -1 local: false peers { permanent_uuid: "3e305ed53fac466ba564ca1e7586e84a" member_type: VOTER last_known_addr { host: "127.0.0.1" port: 11010 } } peers { permanent_uuid: "af53ee3fc638416993de9457afc302c5" member_type: VOTER last_known_addr { host: "127.0.0.1" port: 11011 } } peers { permanent_uuid: "f9bc2ec9795e45f99414d3460b8af958" member_type: VOTER last_known_addr { host: "127.0.0.1" port: 11012 } }
I0225 14:50:48.302047 18202 raft_consensus.cc:300] T 00000000000000000000000000000000 P f9bc2ec9795e45f99414d3460b8af958 [term 0 FOLLOWER]: Consensus starting up: Expiring failure detector timer to make a prompt election more likely
I0225 14:50:48.302364 18202 raft_consensus.cc:477] T 00000000000000000000000000000000 P f9bc2ec9795e45f99414d3460b8af958 [term 0 FOLLOWER]: Becoming Follower/Learner. State: Replica: f9bc2ec9795e45f99414d3460b8af958, State: 1, Role: FOLLOWER Watermarks: {Received: term: 0 index: 0 Committed: term: 0 index: 0}
I0225 14:50:48.302772 18202 consensus_queue.cc:162] T 00000000000000000000000000000000 P f9bc2ec9795e45f99414d3460b8af958 [NON_LEADER]: Queue going to NON_LEADER mode. State: All replicated op: 0.0, Majority replicated op: 0.0, Committed index: 0.0, Last appended: 0.0, Current term: 0, Majority size: -1, State: 1, Mode: NON_LEADER
I0225 14:50:48.303675 18202 sys_catalog.cc:227] T 00000000000000000000000000000000 P f9bc2ec9795e45f99414d3460b8af958 [sys.catalog]: SysCatalogTable state changed. Reason: Started TabletPeer. Latest consensus state: current_term: 0 config { opid_index: -1 local: false peers { permanent_uuid: "3e305ed53fac466ba564ca1e7586e84a" member_type: VOTER last_known_addr { host: "127.0.0.1" port: 11010 } } peers { permanent_uuid: "af53ee3fc638416993de9457afc302c5" member_type: VOTER last_known_addr { host: "127.0.0.1" port: 11011 } } peers { permanent_uuid: "f9bc2ec9795e45f99414d3460b8af958" member_type: VOTER last_known_addr { host: "127.0.0.1" port: 11012 } } }
I0225 14:50:48.303952 18202 sys_catalog.cc:230] T 00000000000000000000000000000000 P f9bc2ec9795e45f99414d3460b8af958 [sys.catalog]: This master's current role is: FOLLOWER, previous role was: FOLLOWER
I0225 14:50:48.303957 18215 sys_catalog.cc:227] T 00000000000000000000000000000000 P f9bc2ec9795e45f99414d3460b8af958 [sys.catalog]: SysCatalogTable state changed. Reason: RaftConsensus started. Latest consensus state: current_term: 0 config { opid_index: -1 local: false peers { permanent_uuid: "3e305ed53fac466ba564ca1e7586e84a" member_type: VOTER last_known_addr { host: "127.0.0.1" port: 11010 } } peers { permanent_uuid: "af53ee3fc638416993de9457afc302c5" member_type: VOTER last_known_addr { host: "127.0.0.1" port: 11011 } } peers { permanent_uuid: "f9bc2ec9795e45f99414d3460b8af958" member_type: VOTER last_known_addr { host: "127.0.0.1" port: 11012 } } }
I0225 14:50:48.304384 18215 sys_catalog.cc:230] T 00000000000000000000000000000000 P f9bc2ec9795e45f99414d3460b8af958 [sys.catalog]: This master's current role is: FOLLOWER, previous role was: FOLLOWER
I0225 14:50:48.305461 18202 sys_catalog.cc:299] T 00000000000000000000000000000000 P f9bc2ec9795e45f99414d3460b8af958 [sys.catalog]: configured and running, proceeding with master startup.
I0225 14:50:48.306103 18158 master_main.cc:64] Master server successfully started.
I0225 14:50:48.488952 18157 consensus_peers.cc:460] Retrying to get permanent uuid for remote peer: member_type: VOTER last_known_addr { host: "127.0.0.1" port: 11012 } attempt: 5
W0225 14:50:48.489312 18121 reactor.cc:227] Client call kudu.consensus.ConsensusService.GetNodeInstance has no timeout set for connection id: {remote=127.0.0.1:11012, user_credentials={real_user=adar, eff_user=}}
I0225 14:50:48.497159 18157 tablet_bootstrap.cc:363] T 00000000000000000000000000000000 P af53ee3fc638416993de9457afc302c5: Bootstrap starting.
I0225 14:50:48.500010 18157 tablet_bootstrap.cc:524] T 00000000000000000000000000000000 P af53ee3fc638416993de9457afc302c5: Time spent opening tablet: real 0.001s user 0.001s sys 0.000s
I0225 14:50:48.500329 18157 tablet_bootstrap.cc:464] T 00000000000000000000000000000000 P af53ee3fc638416993de9457afc302c5: No blocks or log segments found. Creating new log.
I0225 14:50:48.501258 18157 log.cc:332] Log is configured to *not* fsync() on all Append() calls
I0225 14:50:48.504976 18157 tablet_bootstrap.cc:363] T 00000000000000000000000000000000 P af53ee3fc638416993de9457afc302c5: No bootstrap required, opened a new log
I0225 14:50:48.511200 18157 raft_consensus.cc:268] T 00000000000000000000000000000000 P af53ee3fc638416993de9457afc302c5 [term 0 FOLLOWER]: Replica starting. Triggering 0 pending transactions. Active config: opid_index: -1 local: false peers { permanent_uuid: "3e305ed53fac466ba564ca1e7586e84a" member_type: VOTER last_known_addr { host: "127.0.0.1" port: 11010 } } peers { permanent_uuid: "af53ee3fc638416993de9457afc302c5" member_type: VOTER last_known_addr { host: "127.0.0.1" port: 11011 } } peers { permanent_uuid: "f9bc2ec9795e45f99414d3460b8af958" member_type: VOTER last_known_addr { host: "127.0.0.1" port: 11012 } }
I0225 14:50:48.512812 18157 raft_consensus.cc:300] T 00000000000000000000000000000000 P af53ee3fc638416993de9457afc302c5 [term 0 FOLLOWER]: Consensus starting up: Expiring failure detector timer to make a prompt election more likely
I0225 14:50:48.513103 18157 raft_consensus.cc:477] T 00000000000000000000000000000000 P af53ee3fc638416993de9457afc302c5 [term 0 FOLLOWER]: Becoming Follower/Learner. State: Replica: af53ee3fc638416993de9457afc302c5, State: 1, Role: FOLLOWER Watermarks: {Received: term: 0 index: 0 Committed: term: 0 index: 0}
I0225 14:50:48.513067 18204 mem_tracker.cc:137] MemTracker: hard memory limit is 75.496170 GB
I0225 14:50:48.513357 18204 mem_tracker.cc:139] MemTracker: soft memory limit is 45.297703 GB
I0225 14:50:48.513485 18157 consensus_queue.cc:162] T 00000000000000000000000000000000 P af53ee3fc638416993de9457afc302c5 [NON_LEADER]: Queue going to NON_LEADER mode. State: All replicated op: 0.0, Majority replicated op: 0.0, Committed index: 0.0, Last appended: 0.0, Current term: 0, Majority size: -1, State: 1, Mode: NON_LEADER
I0225 14:50:48.514397 18157 sys_catalog.cc:227] T 00000000000000000000000000000000 P af53ee3fc638416993de9457afc302c5 [sys.catalog]: SysCatalogTable state changed. Reason: Started TabletPeer. Latest consensus state: current_term: 0 config { opid_index: -1 local: false peers { permanent_uuid: "3e305ed53fac466ba564ca1e7586e84a" member_type: VOTER last_known_addr { host: "127.0.0.1" port: 11010 } } peers { permanent_uuid: "af53ee3fc638416993de9457afc302c5" member_type: VOTER last_known_addr { host: "127.0.0.1" port: 11011 } } peers { permanent_uuid: "f9bc2ec9795e45f99414d3460b8af958" member_type: VOTER last_known_addr { host: "127.0.0.1" port: 11012 } } }
I0225 14:50:48.514590 18157 sys_catalog.cc:230] T 00000000000000000000000000000000 P af53ee3fc638416993de9457afc302c5 [sys.catalog]: This master's current role is: FOLLOWER, previous role was: FOLLOWER
I0225 14:50:48.514617 18220 sys_catalog.cc:227] T 00000000000000000000000000000000 P af53ee3fc638416993de9457afc302c5 [sys.catalog]: SysCatalogTable state changed. Reason: RaftConsensus started. Latest consensus state: current_term: 0 config { opid_index: -1 local: false peers { permanent_uuid: "3e305ed53fac466ba564ca1e7586e84a" member_type: VOTER last_known_addr { host: "127.0.0.1" port: 11010 } } peers { permanent_uuid: "af53ee3fc638416993de9457afc302c5" member_type: VOTER last_known_addr { host: "127.0.0.1" port: 11011 } } peers { permanent_uuid: "f9bc2ec9795e45f99414d3460b8af958" member_type: VOTER last_known_addr { host: "127.0.0.1" port: 11012 } } }
I0225 14:50:48.515009 18220 sys_catalog.cc:230] T 00000000000000000000000000000000 P af53ee3fc638416993de9457afc302c5 [sys.catalog]: This master's current role is: FOLLOWER, previous role was: FOLLOWER
I0225 14:50:48.515969 18157 sys_catalog.cc:299] T 00000000000000000000000000000000 P af53ee3fc638416993de9457afc302c5 [sys.catalog]: configured and running, proceeding with master startup.
I0225 14:50:48.516677 18113 master_main.cc:64] Master server successfully started.
I0225 14:50:48.520771 18204 tablet_server_main.cc:54] Initializing tablet server...
I0225 14:50:48.522869 18204 hybrid_clock.cc:178] HybridClock initialized. Resolution in nanos?: 1 Wait times tolerance adjustment: 1.0005 Current error: 935396
I0225 14:50:48.526619 18204 server_base.cc:164] Could not load existing FS layout: Not found: /tmp/kudutest-4282/master_failover-itest.MasterFailoverTest.TestRenameTableSync.1456437842167089-27958/minicluster-data/ts-0/instance: No such file or directory (error 2)
I0225 14:50:48.526701 18204 server_base.cc:165] Creating new FS layout
I0225 14:50:48.533690 18204 fs_manager.cc:345] Generated new instance metadata in path /tmp/kudutest-4282/master_failover-itest.MasterFailoverTest.TestRenameTableSync.1456437842167089-27958/minicluster-data/ts-0/instance: uuid: "713690c2ff104bd6a70fbfa8303fbe61" format_stamp: "Formatted at 2016-02-25 22:50:48 on ve0518.halxg.cloudera.com"
I0225 14:50:48.546452 18204 fs_manager.cc:242] Opened local filesystem: /tmp/kudutest-4282/master_failover-itest.MasterFailoverTest.TestRenameTableSync.1456437842167089-27958/minicluster-data/ts-0 uuid: "713690c2ff104bd6a70fbfa8303fbe61" format_stamp: "Formatted at 2016-02-25 22:50:48 on ve0518.halxg.cloudera.com"
I0225 14:50:48.568605 18204 tablet_server_main.cc:57] Starting tablet server...
I0225 14:50:48.602779 18204 rpc_server.cc:164] RPC server started. Bound to: 127.109.54.0:33864
I0225 14:50:48.603749 18204 webserver.cc:135] Starting webserver on 127.109.54.0:0
I0225 14:50:48.603811 18204 webserver.cc:146] Document root disabled
I0225 14:50:48.604996 18204 webserver.cc:229] Webserver started. Bound to: http://127.109.54.0:53669/
I0225 14:50:48.606194 18204 server_base.cc:234] Dumped server information to /tmp/kudutest-4282/master_failover-itest.MasterFailoverTest.TestRenameTableSync.1456437842167089-27958/minicluster-data/ts-0/info.pb
I0225 14:50:48.607379 18204 tablet_server_main.cc:60] Tablet server successfully started.
I0225 14:50:48.612149 27958 external_mini_cluster.cc:582] Started /home/adar/kudu/build/asan/bin/kudu-tserver as pid 18204
I0225 14:50:48.612867 27958 external_mini_cluster.cc:546] Running /home/adar/kudu/build/asan/bin/kudu-tserver kudu-tserver --fs_wal_dir=/tmp/kudutest-4282/master_failover-itest.MasterFailoverTest.TestRenameTableSync.1456437842167089-27958/minicluster-data/ts-1 --fs_data_dirs=/tmp/kudutest-4282/master_failover-itest.MasterFailoverTest.TestRenameTableSync.1456437842167089-27958/minicluster-data/ts-1 --rpc_bind_addresses=127.109.54.1:0 --local_ip_for_outbound_sockets=127.109.54.1 --webserver_interface=127.109.54.1 --webserver_port=0 --tserver_master_addrs=127.0.0.1:11010,127.0.0.1:11011,127.0.0.1:11012 --metrics_log_interval_ms=1000 --log_dir=/tmp/kudutest-4282/master_failover-itest.MasterFailoverTest.TestRenameTableSync.1456437842167089-27958/minicluster-data/ts-1 --heartbeat_rpc_timeout_ms=1000 --heartbeat_max_failures_before_backoff=1 --heartbeat_interval_ms=500 --server_dump_info_path=/tmp/kudutest-4282/master_failover-itest.MasterFailoverTest.TestRenameTableSync.1456437842167089-27958/minicluster-data/ts-1/info.pb --server_dump_info_format=pb --rpc_server_allow_ephemeral_ports --logtostderr --logbuflevel=-1
I0225 14:50:48.622298 18209 raft_consensus.cc:362] T 00000000000000000000000000000000 P 3e305ed53fac466ba564ca1e7586e84a [term 0 FOLLOWER]: No leader contacted us within the election timeout. Triggering leader election
I0225 14:50:48.622505 18209 raft_consensus.cc:1988] T 00000000000000000000000000000000 P 3e305ed53fac466ba564ca1e7586e84a [term 0 FOLLOWER]: Advancing to term 1
I0225 14:50:48.624332 18209 raft_consensus.cc:1939] T 00000000000000000000000000000000 P 3e305ed53fac466ba564ca1e7586e84a [term 1 FOLLOWER]: Snoozing failure detection for election timeout plus an additional 0.531s
I0225 14:50:48.624467 18209 raft_consensus.cc:378] T 00000000000000000000000000000000 P 3e305ed53fac466ba564ca1e7586e84a [term 1 FOLLOWER]: Starting election with config: opid_index: -1 local: false peers { permanent_uuid: "3e305ed53fac466ba564ca1e7586e84a" member_type: VOTER last_known_addr { host: "127.0.0.1" port: 11010 } } peers { permanent_uuid: "af53ee3fc638416993de9457afc302c5" member_type: VOTER last_known_addr { host: "127.0.0.1" port: 11011 } } peers { permanent_uuid: "f9bc2ec9795e45f99414d3460b8af958" member_type: VOTER last_known_addr { host: "127.0.0.1" port: 11012 } }
I0225 14:50:48.627936 18209 leader_election.cc:222] T 00000000000000000000000000000000 P 3e305ed53fac466ba564ca1e7586e84a [CANDIDATE]: Term 1 election: Requesting vote from peer af53ee3fc638416993de9457afc302c5
I0225 14:50:48.628510 18209 leader_election.cc:222] T 00000000000000000000000000000000 P 3e305ed53fac466ba564ca1e7586e84a [CANDIDATE]: Term 1 election: Requesting vote from peer f9bc2ec9795e45f99414d3460b8af958
I0225 14:50:48.630309 18138 raft_consensus.cc:1988] T 00000000000000000000000000000000 P af53ee3fc638416993de9457afc302c5 [term 0 FOLLOWER]: Advancing to term 1
I0225 14:50:48.630384 18183 raft_consensus.cc:1988] T 00000000000000000000000000000000 P f9bc2ec9795e45f99414d3460b8af958 [term 0 FOLLOWER]: Advancing to term 1
I0225 14:50:48.632311 18138 raft_consensus.cc:1939] T 00000000000000000000000000000000 P af53ee3fc638416993de9457afc302c5 [term 1 FOLLOWER]: Snoozing failure detection for election timeout plus an additional 0.517s
I0225 14:50:48.632624 18183 raft_consensus.cc:1939] T 00000000000000000000000000000000 P f9bc2ec9795e45f99414d3460b8af958 [term 1 FOLLOWER]: Snoozing failure detection for election timeout plus an additional 0.547s
I0225 14:50:48.633790 18138 raft_consensus.cc:1649] T 00000000000000000000000000000000 P af53ee3fc638416993de9457afc302c5 [term 1 FOLLOWER]: Leader election vote request: Granting yes vote for candidate 3e305ed53fac466ba564ca1e7586e84a in term 1.
I0225 14:50:48.633949 18183 raft_consensus.cc:1649] T 00000000000000000000000000000000 P f9bc2ec9795e45f99414d3460b8af958 [term 1 FOLLOWER]: Leader election vote request: Granting yes vote for candidate 3e305ed53fac466ba564ca1e7586e84a in term 1.
I0225 14:50:48.634693 18076 leader_election.cc:346] T 00000000000000000000000000000000 P 3e305ed53fac466ba564ca1e7586e84a [CANDIDATE]: Term 1 election: Vote granted by peer af53ee3fc638416993de9457afc302c5
I0225 14:50:48.634877 18076 leader_election.cc:247] T 00000000000000000000000000000000 P 3e305ed53fac466ba564ca1e7586e84a [CANDIDATE]: Term 1 election: Election decided. Result: candidate won.
I0225 14:50:48.635395 18076 leader_election.cc:346] T 00000000000000000000000000000000 P 3e305ed53fac466ba564ca1e7586e84a [CANDIDATE]: Term 1 election: Vote granted by peer f9bc2ec9795e45f99414d3460b8af958
I0225 14:50:48.635393 18210 raft_consensus.cc:1939] T 00000000000000000000000000000000 P 3e305ed53fac466ba564ca1e7586e84a [term 1 FOLLOWER]: Snoozing failure detection for election timeout plus an additional 0.517s
I0225 14:50:48.635722 18210 raft_consensus.cc:1831] T 00000000000000000000000000000000 P 3e305ed53fac466ba564ca1e7586e84a [term 1 FOLLOWER]: Leader election won for term 1
I0225 14:50:48.636800 18210 raft_consensus.cc:442] T 00000000000000000000000000000000 P 3e305ed53fac466ba564ca1e7586e84a [term 1 LEADER]: Becoming Leader. State: Replica: 3e305ed53fac466ba564ca1e7586e84a, State: 1, Role: LEADER Watermarks: {Received: term: 0 index: 0 Committed: term: 0 index: 0}
I0225 14:50:48.637586 18210 consensus_queue.cc:145] T 00000000000000000000000000000000 P 3e305ed53fac466ba564ca1e7586e84a [LEADER]: Queue going to LEADER mode. State: All replicated op: 0.0, Majority replicated op: 0.0, Committed index: 0.0, Last appended: 0.0, Current term: 1, Majority size: 2, State: 1, Mode: LEADER, active raft config: opid_index: -1 local: false peers { permanent_uuid: "3e305ed53fac466ba564ca1e7586e84a" member_type: VOTER last_known_addr { host: "127.0.0.1" port: 11010 } } peers { permanent_uuid: "af53ee3fc638416993de9457afc302c5" member_type: VOTER last_known_addr { host: "127.0.0.1" port: 11011 } } peers { permanent_uuid: "f9bc2ec9795e45f99414d3460b8af958" member_type: VOTER last_known_addr { host: "127.0.0.1" port: 11012 } }
I0225 14:50:48.647150 18340 sys_catalog.cc:227] T 00000000000000000000000000000000 P 3e305ed53fac466ba564ca1e7586e84a [sys.catalog]: SysCatalogTable state changed. Reason: New leader 3e305ed53fac466ba564ca1e7586e84a. Latest consensus state: current_term: 1 leader_uuid: "3e305ed53fac466ba564ca1e7586e84a" config { opid_index: -1 local: false peers { permanent_uuid: "3e305ed53fac466ba564ca1e7586e84a" member_type: VOTER last_known_addr { host: "127.0.0.1" port: 11010 } } peers { permanent_uuid: "af53ee3fc638416993de9457afc302c5" member_type: VOTER last_known_addr { host: "127.0.0.1" port: 11011 } } peers { permanent_uuid: "f9bc2ec9795e45f99414d3460b8af958" member_type: VOTER last_known_addr { host: "127.0.0.1" port: 11012 } } }
I0225 14:50:48.647589 18340 sys_catalog.cc:230] T 00000000000000000000000000000000 P 3e305ed53fac466ba564ca1e7586e84a [sys.catalog]: This master's current role is: LEADER, previous role was: FOLLOWER
I0225 14:50:48.649224 18343 catalog_manager.cc:520] Loading table and tablet metadata into memory...
I0225 14:50:48.649657 18333 heartbeater.cc:258] Connected to a leader master server at 127.0.0.1:11010
I0225 14:50:48.649893 18333 heartbeater.cc:328] Registering TS with master...
I0225 14:50:48.650066 18333 heartbeater.cc:334] Sending a full tablet report to master...
W0225 14:50:48.650471 18344 raft_consensus_state.cc:524] T 00000000000000000000000000000000 P 3e305ed53fac466ba564ca1e7586e84a [term 1 LEADER]: Can't advance the committed index across term boundaries until operations from the current term are replicated. Last committed operation was: term: 0 index: 0, New majority replicated is: term: 0 index: 0, Current term is: 1
W0225 14:50:48.651444 18086 master_service.cc:142] Received a heartbeat, but this Master instance is not a leader or a single Master: Service unavailable: Leader not yet ready to serve requests
W0225 14:50:48.652184 18333 heartbeater.cc:411] Failed to heartbeat to 127.0.0.1:11010: Service unavailable: master is no longer the leader
W0225 14:50:48.652251 18333 heartbeater.cc:287] Failed 1 heartbeats in a row: no longer allowing fast heartbeat attempts.
I0225 14:50:48.655786 18333 heartbeater.cc:258] Connected to a leader master server at 127.0.0.1:11010
I0225 14:50:48.655860 18333 heartbeater.cc:328] Registering TS with master...
I0225 14:50:48.655948 18333 heartbeater.cc:334] Sending a full tablet report to master...
W0225 14:50:48.656973 18089 master_service.cc:142] Received a heartbeat, but this Master instance is not a leader or a single Master: Service unavailable: Leader not yet ready to serve requests
W0225 14:50:48.657564 18333 heartbeater.cc:411] Failed to heartbeat to 127.0.0.1:11010: Service unavailable: master is no longer the leader
I0225 14:50:48.898996 18339 mem_tracker.cc:137] MemTracker: hard memory limit is 75.496170 GB
I0225 14:50:48.899312 18339 mem_tracker.cc:139] MemTracker: soft memory limit is 45.297703 GB
I0225 14:50:48.906615 18339 tablet_server_main.cc:54] Initializing tablet server...
I0225 14:50:48.908815 18339 hybrid_clock.cc:178] HybridClock initialized. Resolution in nanos?: 1 Wait times tolerance adjustment: 1.0005 Current error: 935396
I0225 14:50:48.912642 18339 server_base.cc:164] Could not load existing FS layout: Not found: /tmp/kudutest-4282/master_failover-itest.MasterFailoverTest.TestRenameTableSync.1456437842167089-27958/minicluster-data/ts-1/instance: No such file or directory (error 2)
I0225 14:50:48.912749 18339 server_base.cc:165] Creating new FS layout
I0225 14:50:48.919929 18339 fs_manager.cc:345] Generated new instance metadata in path /tmp/kudutest-4282/master_failover-itest.MasterFailoverTest.TestRenameTableSync.1456437842167089-27958/minicluster-data/ts-1/instance: uuid: "c30b588e10004dcdb01341ed61765099" format_stamp: "Formatted at 2016-02-25 22:50:48 on ve0518.halxg.cloudera.com"
I0225 14:50:48.932456 18339 fs_manager.cc:242] Opened local filesystem: /tmp/kudutest-4282/master_failover-itest.MasterFailoverTest.TestRenameTableSync.1456437842167089-27958/minicluster-data/ts-1 uuid: "c30b588e10004dcdb01341ed61765099" format_stamp: "Formatted at 2016-02-25 22:50:48 on ve0518.halxg.cloudera.com"
I0225 14:50:48.951527 18339 tablet_server_main.cc:57] Starting tablet server...
I0225 14:50:48.983415 18339 rpc_server.cc:164] RPC server started. Bound to: 127.109.54.1:44997
I0225 14:50:48.984241 18339 webserver.cc:135] Starting webserver on 127.109.54.1:0
I0225 14:50:48.984289 18339 webserver.cc:146] Document root disabled
I0225 14:50:48.985301 18339 webserver.cc:229] Webserver started. Bound to: http://127.109.54.1:35485/
I0225 14:50:48.986405 18339 server_base.cc:234] Dumped server information to /tmp/kudutest-4282/master_failover-itest.MasterFailoverTest.TestRenameTableSync.1456437842167089-27958/minicluster-data/ts-1/info.pb
I0225 14:50:48.987471 18339 tablet_server_main.cc:60] Tablet server successfully started.
I0225 14:50:48.993098 27958 external_mini_cluster.cc:582] Started /home/adar/kudu/build/asan/bin/kudu-tserver as pid 18339
