I0226 14:14:15.757555 31780 linked_list-test-util.h:410] 45: 17146129845061382701
I0226 14:14:15.757582 31780 linked_list-test-util.h:410] 46: 7910983386314883374
I0226 14:14:15.757609 31780 linked_list-test-util.h:410] 47: 917449179131135535
I0226 14:14:15.757637 31780 linked_list-test-util.h:410] 48: 10129046794094187824
I0226 14:14:15.757665 31780 linked_list-test-util.h:410] 49: 893900885103502641
I0226 14:14:15.761988 32021 linked_list-test-util.h:284] Curling URL http://127.0.0.1:33148/jsonmetricz
I0226 14:14:15.804016 31868 tablet.cc:573] Flush: entering stage 1 (old memrowset already frozen for inserts)
I0226 14:14:15.804049 31868 compaction.cc:552] Selected 1 rowsets to compact:
I0226 14:14:15.804062 31868 compaction.cc:555] memrowset(current size on disk: ~0 bytes)
I0226 14:14:15.804075 31868 tablet.cc:575] Memstore in-memory size: 4079383 bytes
I0226 14:14:15.804090 31868 tablet.cc:878] Flush: entering phase 1 (flushing snapshot). Phase 1 snapshot: MvccSnapshot[committed={T|T < 53784 or (T in {53784})}]
I0226 14:14:15.804466 31868 multi_column_writer.cc:71] Opened CFile writer for column rand_key[uint64 NOT NULL]
I0226 14:14:15.804713 31868 multi_column_writer.cc:71] Opened CFile writer for column link_to[uint64 NOT NULL]
I0226 14:14:15.804965 31868 multi_column_writer.cc:71] Opened CFile writer for column insert_ts[uint64 NOT NULL]
I0226 14:14:15.805229 31868 multi_column_writer.cc:71] Opened CFile writer for column updated[bool NOT NULL]
I0226 14:14:15.839973 31868 delta_tracker.cc:69] Successfully opened UNDO delta file 4754873a7c8b4233aef228379ecd4cb8eb38ba01cc6a4b53b834c47f77080268
I0226 14:14:15.840039 31868 tablet.cc:964] Flush: entering phase 2 (starting to duplicate updates in new rowsets)
I0226 14:14:15.840090 31868 tablet.cc:1026] Flush Phase 2: carrying over any updates which arrived during Phase 1
I0226 14:14:15.840117 31868 tablet.cc:1027] Phase 2 snapshot: MvccSnapshot[committed={T|T < 53784 or (T in {53784})}]
I0226 14:14:15.843405 31868 tablet.cc:1059] Flush successful on 26551 rows (670410 bytes)
I0226 14:14:15.843539 31868 maintenance_manager.cc:316] Time spent running FlushMRSOp(4f7cfc512add4259954702588be078ee): real 0.040s user 0.021s sys 0.006s
I0226 14:14:15.850179 31780 linked_list-test-util.h:656] Done collecting results (901566 rows in 84.4603ms)
I0226 14:14:15.955983 31780 linked_list-test-util.h:571] Table not yet ready: 901566/901600 rows (status: Illegal state: Missing rows, but with no broken link in the chain. This means that a suffix of the inserted rows went missing. Expected=901600, seen=901566.)
I0226 14:14:16.042945 31780 linked_list-test-util.h:656] Done collecting results (901550 rows in 63.1152ms)
I0226 14:14:16.148440 31780 linked_list-test-util.h:571] Table not yet ready: 901550/901600 rows (status: Illegal state: Missing rows, but with no broken link in the chain. This means that a suffix of the inserted rows went missing. Expected=901600, seen=901550.)
I0226 14:14:16.230073 31780 linked_list-test-util.h:656] Done collecting results (901550 rows in 57.7312ms)
I0226 14:14:16.255542 31911 tablet.cc:573] Flush: entering stage 1 (old memrowset already frozen for inserts)
I0226 14:14:16.255560 31911 compaction.cc:552] Selected 1 rowsets to compact:
I0226 14:14:16.255569 31911 compaction.cc:555] memrowset(current size on disk: ~0 bytes)
I0226 14:14:16.255576 31911 tablet.cc:575] Memstore in-memory size: 4079383 bytes
I0226 14:14:16.255586 31911 tablet.cc:878] Flush: entering phase 1 (flushing snapshot). Phase 1 snapshot: MvccSnapshot[committed={T|T < 53740 or (T in {53740})}]
I0226 14:14:16.255617 31868 tablet.cc:573] Flush: entering stage 1 (old memrowset already frozen for inserts)
I0226 14:14:16.255641 31868 compaction.cc:552] Selected 1 rowsets to compact:
I0226 14:14:16.255653 31868 compaction.cc:555] memrowset(current size on disk: ~0 bytes)
I0226 14:14:16.255664 31868 tablet.cc:575] Memstore in-memory size: 4079383 bytes
I0226 14:14:16.255678 31868 tablet.cc:878] Flush: entering phase 1 (flushing snapshot). Phase 1 snapshot: MvccSnapshot[committed={T|T < 53785 or (T in {53785})}]
I0226 14:14:16.255920 31824 tablet.cc:573] Flush: entering stage 1 (old memrowset already frozen for inserts)
I0226 14:14:16.255935 31911 multi_column_writer.cc:71] Opened CFile writer for column rand_key[uint64 NOT NULL]
I0226 14:14:16.255939 31824 compaction.cc:552] Selected 1 rowsets to compact:
I0226 14:14:16.255954 31824 compaction.cc:555] memrowset(current size on disk: ~0 bytes)
I0226 14:14:16.255954 31868 multi_column_writer.cc:71] Opened CFile writer for column rand_key[uint64 NOT NULL]
I0226 14:14:16.255965 31824 tablet.cc:575] Memstore in-memory size: 4079383 bytes
I0226 14:14:16.255983 31824 tablet.cc:878] Flush: entering phase 1 (flushing snapshot). Phase 1 snapshot: MvccSnapshot[committed={T|T < 53754 or (T in {53754})}]
I0226 14:14:16.256127 31911 multi_column_writer.cc:71] Opened CFile writer for column link_to[uint64 NOT NULL]
I0226 14:14:16.256131 31868 multi_column_writer.cc:71] Opened CFile writer for column link_to[uint64 NOT NULL]
I0226 14:14:16.256206 31824 multi_column_writer.cc:71] Opened CFile writer for column rand_key[uint64 NOT NULL]
I0226 14:14:16.256331 31868 multi_column_writer.cc:71] Opened CFile writer for column insert_ts[uint64 NOT NULL]
I0226 14:14:16.256333 31911 multi_column_writer.cc:71] Opened CFile writer for column insert_ts[uint64 NOT NULL]
I0226 14:14:16.256446 31824 multi_column_writer.cc:71] Opened CFile writer for column link_to[uint64 NOT NULL]
I0226 14:14:16.256503 31911 multi_column_writer.cc:71] Opened CFile writer for column updated[bool NOT NULL]
I0226 14:14:16.256525 31868 multi_column_writer.cc:71] Opened CFile writer for column updated[bool NOT NULL]
I0226 14:14:16.256609 31824 multi_column_writer.cc:71] Opened CFile writer for column insert_ts[uint64 NOT NULL]
I0226 14:14:16.256781 31824 multi_column_writer.cc:71] Opened CFile writer for column updated[bool NOT NULL]
I0226 14:14:16.291021 31868 delta_tracker.cc:69] Successfully opened UNDO delta file 4754873a7c8b4233aef228379ecd4cb8cfc6d57d2f0e40918659e79cea7431d3
I0226 14:14:16.291055 31868 tablet.cc:964] Flush: entering phase 2 (starting to duplicate updates in new rowsets)
I0226 14:14:16.291091 31868 tablet.cc:1026] Flush Phase 2: carrying over any updates which arrived during Phase 1
I0226 14:14:16.291105 31868 tablet.cc:1027] Phase 2 snapshot: MvccSnapshot[committed={T|T < 53785 or (T in {53785})}]
I0226 14:14:16.301995 31911 delta_tracker.cc:69] Successfully opened UNDO delta file c022822f1b8842609cd6b5085a865f0769c1b82e802d4f479c814d92931ecc8f
I0226 14:14:16.302026 31911 tablet.cc:964] Flush: entering phase 2 (starting to duplicate updates in new rowsets)
I0226 14:14:16.302057 31911 tablet.cc:1026] Flush Phase 2: carrying over any updates which arrived during Phase 1
I0226 14:14:16.302072 31911 tablet.cc:1027] Phase 2 snapshot: MvccSnapshot[committed={T|T < 53740 or (T in {53740})}]
I0226 14:14:16.302065 31868 tablet.cc:1059] Flush successful on 23895 rows (602546 bytes)
I0226 14:14:16.302199 31868 maintenance_manager.cc:316] Time spent running FlushMRSOp(526e30884b1c484baad63449aba3cf31): real 0.248s user 0.013s sys 0.005s
I0226 14:14:16.304210 31868 tablet.cc:1081] Compaction: stage 1 complete, picked 4 rowsets to compact
I0226 14:14:16.304240 31868 compaction.cc:552] Selected 4 rowsets to compact:
I0226 14:14:16.304265 31868 compaction.cc:555] RowSet(19)(current size on disk: ~5456650 bytes)
I0226 14:14:16.304287 31868 compaction.cc:555] RowSet(20)(current size on disk: ~530985 bytes)
I0226 14:14:16.304311 31868 compaction.cc:555] RowSet(21)(current size on disk: ~528633 bytes)
I0226 14:14:16.304332 31868 compaction.cc:555] RowSet(22)(current size on disk: ~644337 bytes)
I0226 14:14:16.304357 31868 tablet.cc:878] Compaction: entering phase 1 (flushing snapshot). Phase 1 snapshot: MvccSnapshot[committed={T|T < 53783 or (T in {53783})}]
I0226 14:14:16.304633 31868 multi_column_writer.cc:71] Opened CFile writer for column rand_key[uint64 NOT NULL]
I0226 14:14:16.304821 31868 multi_column_writer.cc:71] Opened CFile writer for column link_to[uint64 NOT NULL]
I0226 14:14:16.304999 31868 multi_column_writer.cc:71] Opened CFile writer for column insert_ts[uint64 NOT NULL]
I0226 14:14:16.305183 31868 multi_column_writer.cc:71] Opened CFile writer for column updated[bool NOT NULL]
I0226 14:14:16.307863 31911 tablet.cc:1059] Flush successful on 25971 rows (656490 bytes)
I0226 14:14:16.308022 31911 maintenance_manager.cc:316] Time spent running FlushMRSOp(526e30884b1c484baad63449aba3cf31): real 0.464s user 0.014s sys 0.007s
I0226 14:14:16.309227 31824 delta_tracker.cc:69] Successfully opened UNDO delta file bb69a63fdcda45859fccd098bf46f03d2757e04f11c4440a86062ea8f19d713c
I0226 14:14:16.309275 31824 tablet.cc:964] Flush: entering phase 2 (starting to duplicate updates in new rowsets)
I0226 14:14:16.309319 31824 tablet.cc:1026] Flush Phase 2: carrying over any updates which arrived during Phase 1
I0226 14:14:16.309346 31824 tablet.cc:1027] Phase 2 snapshot: MvccSnapshot[committed={T|T < 53754 or (T in {53754})}]
I0226 14:14:16.312350 31824 tablet.cc:1059] Flush successful on 26933 rows (679578 bytes)
I0226 14:14:16.312518 31824 maintenance_manager.cc:316] Time spent running FlushMRSOp(4f7cfc512add4259954702588be078ee): real 0.548s user 0.025s sys 0.005s
I0226 14:14:16.343796 31911 tablet.cc:1081] Compaction: stage 1 complete, picked 4 rowsets to compact
I0226 14:14:16.343827 31911 compaction.cc:552] Selected 4 rowsets to compact:
I0226 14:14:16.343852 31911 compaction.cc:555] RowSet(14)(current size on disk: ~5407786 bytes)
I0226 14:14:16.343874 31911 compaction.cc:555] RowSet(15)(current size on disk: ~653937 bytes)
I0226 14:14:16.343897 31911 compaction.cc:555] RowSet(16)(current size on disk: ~530649 bytes)
I0226 14:14:16.343919 31911 compaction.cc:555] RowSet(17)(current size on disk: ~623697 bytes)
I0226 14:14:16.343945 31911 tablet.cc:878] Compaction: entering phase 1 (flushing snapshot). Phase 1 snapshot: MvccSnapshot[committed={T|T < 53740 or (T in {53740})}]
I0226 14:14:16.344900 31911 multi_column_writer.cc:71] Opened CFile writer for column rand_key[uint64 NOT NULL]
I0226 14:14:16.345140 31911 multi_column_writer.cc:71] Opened CFile writer for column link_to[uint64 NOT NULL]
I0226 14:14:16.345371 31911 multi_column_writer.cc:71] Opened CFile writer for column insert_ts[uint64 NOT NULL]
I0226 14:14:16.345679 31911 multi_column_writer.cc:71] Opened CFile writer for column updated[bool NOT NULL]
I0226 14:14:16.380892 31780 linked_list-test-util.h:571] Table not yet ready: 901550/901600 rows (status: Illegal state: Missing rows, but with no broken link in the chain. This means that a suffix of the inserted rows went missing. Expected=901600, seen=901550.)
I0226 14:14:16.474428 31780 linked_list-test-util.h:656] Done collecting results (901600 rows in 70.5656ms)
I0226 14:14:16.515328 31824 tablet.cc:573] Flush: entering stage 1 (old memrowset already frozen for inserts)
I0226 14:14:16.515352 31824 compaction.cc:552] Selected 1 rowsets to compact:
I0226 14:14:16.515362 31824 compaction.cc:555] memrowset(current size on disk: ~0 bytes)
I0226 14:14:16.515369 31824 tablet.cc:575] Memstore in-memory size: 4079383 bytes
I0226 14:14:16.515379 31824 tablet.cc:878] Flush: entering phase 1 (flushing snapshot). Phase 1 snapshot: MvccSnapshot[committed={T|T < 53752 or (T in {53752})}]
I0226 14:14:16.515681 31824 multi_column_writer.cc:71] Opened CFile writer for column rand_key[uint64 NOT NULL]
I0226 14:14:16.515852 31824 multi_column_writer.cc:71] Opened CFile writer for column link_to[uint64 NOT NULL]
I0226 14:14:16.516015 31824 multi_column_writer.cc:71] Opened CFile writer for column insert_ts[uint64 NOT NULL]
I0226 14:14:16.516180 31824 multi_column_writer.cc:71] Opened CFile writer for column updated[bool NOT NULL]
I0226 14:14:16.587874 31824 delta_tracker.cc:69] Successfully opened UNDO delta file bb69a63fdcda45859fccd098bf46f03de76aea31601243709d48c80351c5d769
I0226 14:14:16.587949 31824 tablet.cc:964] Flush: entering phase 2 (starting to duplicate updates in new rowsets)
I0226 14:14:16.588004 31824 tablet.cc:1026] Flush Phase 2: carrying over any updates which arrived during Phase 1
I0226 14:14:16.588047 31824 tablet.cc:1027] Phase 2 snapshot: MvccSnapshot[committed={T|T < 53752 or (T in {53752})}]
I0226 14:14:16.628505 31780 linked_list-test-util.h:585] Successfully verified 901600 rows
I0226 14:14:16.630925 31780 linked_list-test.cc:147] Successfully verified 901600 rows before killing any servers.
I0226 14:14:16.632330 31780 linked_list-test.cc:154] Killing TS: 9a3f54fa8ebc45cb931c90febb31872c, leader of tablet: 526e30884b1c484baad63449aba3cf31 and verifying that we can still read all results
I0226 14:14:16.632362 31780 external_mini_cluster.cc:446] Killing /data1/jenkins-workspace/kudu-gerrit/BUILD_TYPE/RELEASE/label/kudu-gerrit-slaves/build/release/kudu-tablet_server with pid 31815
I0226 14:14:16.696261 31868 delta_tracker.cc:69] Successfully opened UNDO delta file 4754873a7c8b4233aef228379ecd4cb8013f000809de4e20a962e4d780237ff0
I0226 14:14:16.696298 31868 tablet.cc:964] Compaction: entering phase 2 (starting to duplicate updates in new rowsets)
I0226 14:14:16.696364 31868 tablet.cc:1026] Compaction Phase 2: carrying over any updates which arrived during Phase 1
I0226 14:14:16.696393 31868 tablet.cc:1027] Phase 2 snapshot: MvccSnapshot[committed={T|T < 53783 or (T in {53783})}]
W0226 14:14:16.731163 31780 meta_cache.cc:164] Tablet 526e30884b1c484baad63449aba3cf31: Replica 9a3f54fa8ebc45cb931c90febb31872c has failed: Network error: TS failed: Client connection negotiation failed: client Connection to 127.0.0.1:7050: connect: Connection refused (error 111)
W0226 14:14:16.731211 31780 meta_cache.cc:164] Tablet 4f7cfc512add4259954702588be078ee: Replica 9a3f54fa8ebc45cb931c90febb31872c has failed: Network error: TS failed: Client connection negotiation failed: client Connection to 127.0.0.1:7050: connect: Connection refused (error 111)
W0226 14:14:16.731236 31780 meta_cache.cc:164] Tablet 45b6ce48ba2f45c29e584a7aa3583646: Replica 9a3f54fa8ebc45cb931c90febb31872c has failed: Network error: TS failed: Client connection negotiation failed: client Connection to 127.0.0.1:7050: connect: Connection refused (error 111)
I0226 14:14:16.738937 31868 tablet.cc:1059] Compaction successful on 298271 rows (7522090 bytes)
I0226 14:14:16.744928 31868 maintenance_manager.cc:316] Time spent running CompactRowSetsOp(45b6ce48ba2f45c29e584a7aa3583646): real 0.441s user 0.198s sys 0.040s
W0226 14:14:16.755283 31871 consensus_peers.cc:189] T 4f7cfc512add4259954702588be078ee P 07dc68eb3e0f4e3da156e9d7f73d04ba: Couldn't send request to peer 9a3f54fa8ebc45cb931c90febb31872c for tablet 4f7cfc512add4259954702588be078ee Status: Network error: Client connection negotiation failed: client Connection to 127.0.0.1:7050: connect: Connection refused (error 111). Retrying in the next heartbeat period. Already tried 1 times.
W0226 14:14:16.755303 31871 consensus_peers.cc:189] T 45b6ce48ba2f45c29e584a7aa3583646 P 07dc68eb3e0f4e3da156e9d7f73d04ba: Couldn't send request to peer 9a3f54fa8ebc45cb931c90febb31872c for tablet 45b6ce48ba2f45c29e584a7aa3583646 Status: Network error: Client connection negotiation failed: client Connection to 127.0.0.1:7050: connect: Connection refused (error 111). Retrying in the next heartbeat period. Already tried 1 times.
I0226 14:14:16.762131 32021 linked_list-test-util.h:284] Curling URL http://127.0.0.1:33148/masterz
I0226 14:14:16.768043 31780 linked_list-test-util.h:656] Done collecting results (901600 rows in 53.4699ms)
I0226 14:14:16.802373 31911 delta_tracker.cc:69] Successfully opened UNDO delta file c022822f1b8842609cd6b5085a865f077f3c929b000442c6a49213ab5e8e1a3d
I0226 14:14:16.802424 31911 tablet.cc:964] Compaction: entering phase 2 (starting to duplicate updates in new rowsets)
I0226 14:14:16.802534 31911 tablet.cc:1026] Compaction Phase 2: carrying over any updates which arrived during Phase 1
I0226 14:14:16.802562 31911 tablet.cc:1027] Phase 2 snapshot: MvccSnapshot[committed={T|T < 53740 or (T in {53740})}]
I0226 14:14:16.804481 31868 tablet.cc:1081] Compaction: stage 1 complete, picked 3 rowsets to compact
I0226 14:14:16.804523 31868 compaction.cc:552] Selected 3 rowsets to compact:
I0226 14:14:16.804558 31868 compaction.cc:555] RowSet(18)(current size on disk: ~6110546 bytes)
I0226 14:14:16.804589 31868 compaction.cc:555] RowSet(19)(current size on disk: ~531345 bytes)
I0226 14:14:16.804620 31868 compaction.cc:555] RowSet(20)(current size on disk: ~573873 bytes)
I0226 14:14:16.804654 31868 tablet.cc:878] Compaction: entering phase 1 (flushing snapshot). Phase 1 snapshot: MvccSnapshot[committed={T|T < 53785 or (T in {53785})}]
I0226 14:14:16.805027 31868 multi_column_writer.cc:71] Opened CFile writer for column rand_key[uint64 NOT NULL]
I0226 14:14:16.805268 31868 multi_column_writer.cc:71] Opened CFile writer for column link_to[uint64 NOT NULL]
I0226 14:14:16.805512 31868 multi_column_writer.cc:71] Opened CFile writer for column insert_ts[uint64 NOT NULL]
I0226 14:14:16.805754 31868 multi_column_writer.cc:71] Opened CFile writer for column updated[bool NOT NULL]
I0226 14:14:16.843718 31911 tablet.cc:1059] Compaction successful on 300582 rows (7577554 bytes)
I0226 14:14:16.849719 31911 maintenance_manager.cc:316] Time spent running CompactRowSetsOp(526e30884b1c484baad63449aba3cf31): real 0.506s user 0.262s sys 0.048s
I0226 14:14:16.899915 31780 linked_list-test-util.h:585] Successfully verified 901600 rows
I0226 14:14:16.900624 31780 external_mini_cluster.cc:446] Killing /data1/jenkins-workspace/kudu-gerrit/BUILD_TYPE/RELEASE/label/kudu-gerrit-slaves/build/release/kudu-tablet_server with pid 31864
I0226 14:14:16.913482 31780 external_mini_cluster.cc:446] Killing /data1/jenkins-workspace/kudu-gerrit/BUILD_TYPE/RELEASE/label/kudu-gerrit-slaves/build/release/kudu-tablet_server with pid 31910
I0226 14:14:16.925812 31780 external_mini_cluster.cc:382] Running /data1/jenkins-workspace/kudu-gerrit/BUILD_TYPE/RELEASE/label/kudu-gerrit-slaves/build/release/kudu-tablet_server kudu-tablet_server --tablet_server_wal_dir=/data1/test-tmp/linked_list-test.LinkedListTest.TestLoadAndVerify.1424988823668568-31780/linked-list-cluster/ts-0 --tablet_server_data_dirs=/data1/test-tmp/linked_list-test.LinkedListTest.TestLoadAndVerify.1424988823668568-31780/linked-list-cluster/ts-0 --tablet_server_rpc_bind_addresses=127.0.0.1:7050 --tablet_server_web_port=32999 --tablet_server_master_addrs=127.0.0.1:59367 --skip_remove_old_recovery_dir --enable_leader_failure_detection=true --tablet_server_rpc_bind_addresses=127.0.0.1:7050 --flush_threshold_mb=1 --log_segment_size_mb=1 --server_dump_info_path=/data1/test-tmp/linked_list-test.LinkedListTest.TestLoadAndVerify.1424988823668568-31780/linked-list-cluster/ts-0/info.pb --server_dump_info_format=pb --logtostderr --logbuflevel=-1 --webserver_interface=localhost
I0226 14:14:16.947981 32193 tablet_server_main.cc:38] Initializing tablet server...
I0226 14:14:16.949782 32193 fs_manager.cc:132] Opened local filesystem: /data1/test-tmp/linked_list-test.LinkedListTest.TestLoadAndVerify.1424988823668568-31780/linked-list-cluster/ts-0 uuid: "9a3f54fa8ebc45cb931c90febb31872c" format_stamp: "Formatted at 2015-02-26 22:13:43 on boost-static-burst-slave-dfa.vpc.cloudera.com"
I0226 14:14:16.952373 32193 ts_tablet_manager.cc:285] Loading master block 4f7cfc512add4259954702588be078ee
I0226 14:14:16.952937 32193 ts_tablet_manager.cc:449] Registered tablet 4f7cfc512add4259954702588be078ee
I0226 14:14:16.953037 32193 ts_tablet_manager.cc:285] Loading master block 45b6ce48ba2f45c29e584a7aa3583646
I0226 14:14:16.953049 32199 ts_tablet_manager.cc:314] Bootstrapping tablet: 4f7cfc512add4259954702588be078ee
I0226 14:14:16.953397 32193 ts_tablet_manager.cc:449] Registered tablet 45b6ce48ba2f45c29e584a7aa3583646
I0226 14:14:16.953563 32199 tablet_bootstrap.cc:290] Tablet 4f7cfc512add4259954702588be078ee: Bootstrap starting.
I0226 14:14:16.953678 32193 ts_tablet_manager.cc:285] Loading master block 526e30884b1c484baad63449aba3cf31
I0226 14:14:16.953692 32200 ts_tablet_manager.cc:314] Bootstrapping tablet: 45b6ce48ba2f45c29e584a7aa3583646
I0226 14:14:16.954094 32193 ts_tablet_manager.cc:449] Registered tablet 526e30884b1c484baad63449aba3cf31
I0226 14:14:16.954136 32200 tablet_bootstrap.cc:290] Tablet 45b6ce48ba2f45c29e584a7aa3583646: Bootstrap starting.
I0226 14:14:16.954471 32199 delta_tracker.cc:69] Successfully opened UNDO delta file bb69a63fdcda45859fccd098bf46f03d830b02f0c6cf4d948883abe3a8a8fc40
I0226 14:14:16.954896 32199 delta_tracker.cc:69] Successfully opened UNDO delta file bb69a63fdcda45859fccd098bf46f03d2757e04f11c4440a86062ea8f19d713c
I0226 14:14:16.954942 32201 ts_tablet_manager.cc:314] Bootstrapping tablet: 526e30884b1c484baad63449aba3cf31
I0226 14:14:16.955016 32193 tablet_server_main.cc:41] Starting tablet server...
I0226 14:14:16.955121 32199 tablet_bootstrap.cc:509] Will attempt to recover log segment: /data1/test-tmp/linked_list-test.LinkedListTest.TestLoadAndVerify.1424988823668568-31780/linked-list-cluster/ts-0/wals/4f7cfc512add4259954702588be078ee/wal-000000012 to: /data1/test-tmp/linked_list-test.LinkedListTest.TestLoadAndVerify.1424988823668568-31780/linked-list-cluster/ts-0/wals/4f7cfc512add4259954702588be078ee.recovery/wal-000000012
I0226 14:14:16.955157 32199 tablet_bootstrap.cc:509] Will attempt to recover log segment: /data1/test-tmp/linked_list-test.LinkedListTest.TestLoadAndVerify.1424988823668568-31780/linked-list-cluster/ts-0/wals/4f7cfc512add4259954702588be078ee/wal-000000013 to: /data1/test-tmp/linked_list-test.LinkedListTest.TestLoadAndVerify.1424988823668568-31780/linked-list-cluster/ts-0/wals/4f7cfc512add4259954702588be078ee.recovery/wal-000000013
I0226 14:14:16.955288 32199 tablet_bootstrap.cc:519] Moved log directory: /data1/test-tmp/linked_list-test.LinkedListTest.TestLoadAndVerify.1424988823668568-31780/linked-list-cluster/ts-0/wals/4f7cfc512add4259954702588be078ee to recovery directory: /data1/test-tmp/linked_list-test.LinkedListTest.TestLoadAndVerify.1424988823668568-31780/linked-list-cluster/ts-0/wals/4f7cfc512add4259954702588be078ee.recovery
I0226 14:14:16.955308 32200 delta_tracker.cc:69] Successfully opened UNDO delta file bb69a63fdcda45859fccd098bf46f03dae0c69a0e5a34ef5a4cdac72d837667c
I0226 14:14:16.955382 32201 tablet_bootstrap.cc:290] Tablet 526e30884b1c484baad63449aba3cf31: Bootstrap starting.
I0226 14:14:16.955679 32200 delta_tracker.cc:69] Successfully opened UNDO delta file bb69a63fdcda45859fccd098bf46f03db9074d64f352480da5581f3985e2b008
I0226 14:14:16.955771 32200 tablet_bootstrap.cc:509] Will attempt to recover log segment: /data1/test-tmp/linked_list-test.LinkedListTest.TestLoadAndVerify.1424988823668568-31780/linked-list-cluster/ts-0/wals/45b6ce48ba2f45c29e584a7aa3583646/wal-000000012 to: /data1/test-tmp/linked_list-test.LinkedListTest.TestLoadAndVerify.1424988823668568-31780/linked-list-cluster/ts-0/wals/45b6ce48ba2f45c29e584a7aa3583646.recovery/wal-000000012
I0226 14:14:16.955802 32200 tablet_bootstrap.cc:509] Will attempt to recover log segment: /data1/test-tmp/linked_list-test.LinkedListTest.TestLoadAndVerify.1424988823668568-31780/linked-list-cluster/ts-0/wals/45b6ce48ba2f45c29e584a7aa3583646/wal-000000013 to: /data1/test-tmp/linked_list-test.LinkedListTest.TestLoadAndVerify.1424988823668568-31780/linked-list-cluster/ts-0/wals/45b6ce48ba2f45c29e584a7aa3583646.recovery/wal-000000013
I0226 14:14:16.955857 32200 tablet_bootstrap.cc:519] Moved log directory: /data1/test-tmp/linked_list-test.LinkedListTest.TestLoadAndVerify.1424988823668568-31780/linked-list-cluster/ts-0/wals/45b6ce48ba2f45c29e584a7aa3583646 to recovery directory: /data1/test-tmp/linked_list-test.LinkedListTest.TestLoadAndVerify.1424988823668568-31780/linked-list-cluster/ts-0/wals/45b6ce48ba2f45c29e584a7aa3583646.recovery
W0226 14:14:16.955955 32199 log_util.cc:147] Could not read footer for segment: /data1/test-tmp/linked_list-test.LinkedListTest.TestLoadAndVerify.1424988823668568-31780/linked-list-cluster/ts-0/wals/4f7cfc512add4259954702588be078ee.recovery/wal-000000013. Status: Not found: Footer not found. Footer magic doesn't match
W0226 14:14:16.955987 32199 log_reader.cc:136] Segment: /data1/test-tmp/linked_list-test.LinkedListTest.TestLoadAndVerify.1424988823668568-31780/linked-list-cluster/ts-0/wals/4f7cfc512add4259954702588be078ee.recovery/wal-000000013 was likely left in-progress after a previous crash. Will try to rebuild footer by scanning data
W0226 14:14:16.956468 32200 log_util.cc:147] Could not read footer for segment: /data1/test-tmp/linked_list-test.LinkedListTest.TestLoadAndVerify.1424988823668568-31780/linked-list-cluster/ts-0/wals/45b6ce48ba2f45c29e584a7aa3583646.recovery/wal-000000013. Status: Not found: Footer not found. Footer magic doesn't match
W0226 14:14:16.956497 32200 log_reader.cc:136] Segment: /data1/test-tmp/linked_list-test.LinkedListTest.TestLoadAndVerify.1424988823668568-31780/linked-list-cluster/ts-0/wals/45b6ce48ba2f45c29e584a7aa3583646.recovery/wal-000000013 was likely left in-progress after a previous crash. Will try to rebuild footer by scanning data
I0226 14:14:16.957010 32201 delta_tracker.cc:69] Successfully opened UNDO delta file bb69a63fdcda45859fccd098bf46f03d45c2e7e506d74e9592f62d42228d7ed6
I0226 14:14:16.957403 32201 delta_tracker.cc:69] Successfully opened UNDO delta file bb69a63fdcda45859fccd098bf46f03d839ba1780c5040d580488287ad04b016
I0226 14:14:16.957506 32201 tablet_bootstrap.cc:509] Will attempt to recover log segment: /data1/test-tmp/linked_list-test.LinkedListTest.TestLoadAndVerify.1424988823668568-31780/linked-list-cluster/ts-0/wals/526e30884b1c484baad63449aba3cf31/wal-000000012 to: /data1/test-tmp/linked_list-test.LinkedListTest.TestLoadAndVerify.1424988823668568-31780/linked-list-cluster/ts-0/wals/526e30884b1c484baad63449aba3cf31.recovery/wal-000000012
I0226 14:14:16.957542 32201 tablet_bootstrap.cc:509] Will attempt to recover log segment: /data1/test-tmp/linked_list-test.LinkedListTest.TestLoadAndVerify.1424988823668568-31780/linked-list-cluster/ts-0/wals/526e30884b1c484baad63449aba3cf31/wal-000000013 to: /data1/test-tmp/linked_list-test.LinkedListTest.TestLoadAndVerify.1424988823668568-31780/linked-list-cluster/ts-0/wals/526e30884b1c484baad63449aba3cf31.recovery/wal-000000013
I0226 14:14:16.957597 32201 tablet_bootstrap.cc:519] Moved log directory: /data1/test-tmp/linked_list-test.LinkedListTest.TestLoadAndVerify.1424988823668568-31780/linked-list-cluster/ts-0/wals/526e30884b1c484baad63449aba3cf31 to recovery directory: /data1/test-tmp/linked_list-test.LinkedListTest.TestLoadAndVerify.1424988823668568-31780/linked-list-cluster/ts-0/wals/526e30884b1c484baad63449aba3cf31.recovery
W0226 14:14:16.958022 32201 log_util.cc:147] Could not read footer for segment: /data1/test-tmp/linked_list-test.LinkedListTest.TestLoadAndVerify.1424988823668568-31780/linked-list-cluster/ts-0/wals/526e30884b1c484baad63449aba3cf31.recovery/wal-000000013. Status: Not found: Footer not found. Footer magic doesn't match
W0226 14:14:16.958052 32201 log_reader.cc:136] Segment: /data1/test-tmp/linked_list-test.LinkedListTest.TestLoadAndVerify.1424988823668568-31780/linked-list-cluster/ts-0/wals/526e30884b1c484baad63449aba3cf31.recovery/wal-000000013 was likely left in-progress after a previous crash. Will try to rebuild footer by scanning data
I0226 14:14:16.967294 32193 rpc_server.cc:110] RPC server started. Bound to: 127.0.0.1:7050
I0226 14:14:16.967386 32193 webserver.cc:108] Starting webserver on localhost:32999
I0226 14:14:16.967422 32193 webserver.cc:117] Document root disabled
I0226 14:14:16.968130 32193 webserver.cc:197] Webserver started. Bound to: http://127.0.0.1:32999/
I0226 14:14:16.968580 32193 server_base.cc:170] Dumped server information to /data1/test-tmp/linked_list-test.LinkedListTest.TestLoadAndVerify.1424988823668568-31780/linked-list-cluster/ts-0/info.pb
I0226 14:14:16.968802 32193 maintenance_manager.cc:111] MaintenanceManager: targeting memory size of 23.515860 GB
I0226 14:14:16.968971 32193 tablet_server_main.cc:44] Tablet server successfully started.
I0226 14:14:16.970036 32199 log_util.cc:468] Scanning /data1/test-tmp/linked_list-test.LinkedListTest.TestLoadAndVerify.1424988823668568-31780/linked-list-cluster/ts-0/wals/4f7cfc512add4259954702588be078ee.recovery/wal-000000013 for valid entry headers following offset 708691...
I0226 14:14:16.970290 32236 heartbeater.cc:219] Connected to a leader master server at 127.0.0.1:59367
I0226 14:14:16.970334 32236 heartbeater.cc:289] Registering TS with master...
I0226 14:14:16.970386 32236 heartbeater.cc:295] Sending a full tablet report to master...
I0226 14:14:16.970628 31800 ts_manager.cc:71] Re-registered known tablet server { permanent_uuid: "9a3f54fa8ebc45cb931c90febb31872c" instance_seqno: 1424988856967097 } with Master
I0226 14:14:16.970697 32199 log_util.cc:505] Found no log entry headers
I0226 14:14:16.970715 32199 log_util.cc:437] Ignoring corruption Corruption: CRC mismatch in log header: Log file corrupted. Failed trying to read batch #1900 at offset 708679 for segment at /data1/test-tmp/linked_list-test.LinkedListTest.TestLoadAndVerify.1424988823668568-31780/linked-list-cluster/ts-0/wals/4f7cfc512add4259954702588be078ee.recovery/wal-000000013. Prior batch offsets: 707831 708415 708544 708679: there were no further log entries following this one, so likely the log was truncated during writing
I0226 14:14:16.970768 32199 log_util.cc:197] Successfully rebuilt footer for segment: /data1/test-tmp/linked_list-test.LinkedListTest.TestLoadAndVerify.1424988823668568-31780/linked-list-cluster/ts-0/wals/4f7cfc512add4259954702588be078ee.recovery/wal-000000013 (valid entries through byte offset 708679)
I0226 14:14:16.971688 32201 log_util.cc:468] Scanning /data1/test-tmp/linked_list-test.LinkedListTest.TestLoadAndVerify.1424988823668568-31780/linked-list-cluster/ts-0/wals/526e30884b1c484baad63449aba3cf31.recovery/wal-000000013 for valid entry headers following offset 699713...
I0226 14:14:16.972203 32200 log_util.cc:468] Scanning /data1/test-tmp/linked_list-test.LinkedListTest.TestLoadAndVerify.1424988823668568-31780/linked-list-cluster/ts-0/wals/45b6ce48ba2f45c29e584a7aa3583646.recovery/wal-000000013 for valid entry headers following offset 700350...
I0226 14:14:16.972334 32201 log_util.cc:505] Found no log entry headers
I0226 14:14:16.972365 32201 log_util.cc:437] Ignoring corruption Corruption: CRC mismatch in log header: Log file corrupted. Failed trying to read batch #1877 at offset 699701 for segment at /data1/test-tmp/linked_list-test.LinkedListTest.TestLoadAndVerify.1424988823668568-31780/linked-list-cluster/ts-0/wals/526e30884b1c484baad63449aba3cf31.recovery/wal-000000013. Prior batch offsets: 698841 698982 699566 699701: there were no further log entries following this one, so likely the log was truncated during writing
I0226 14:14:16.972573 31780 external_mini_cluster.cc:416] Started /data1/jenkins-workspace/kudu-gerrit/BUILD_TYPE/RELEASE/label/kudu-gerrit-slaves/build/release/kudu-tablet_server as pid 32193
I0226 14:14:16.972635 32201 log_util.cc:197] Successfully rebuilt footer for segment: /data1/test-tmp/linked_list-test.LinkedListTest.TestLoadAndVerify.1424988823668568-31780/linked-list-cluster/ts-0/wals/526e30884b1c484baad63449aba3cf31.recovery/wal-000000013 (valid entries through byte offset 699701)
I0226 14:14:16.972791 31780 external_mini_cluster.cc:382] Running /data1/jenkins-workspace/kudu-gerrit/BUILD_TYPE/RELEASE/label/kudu-gerrit-slaves/build/release/kudu-tablet_server kudu-tablet_server --tablet_server_wal_dir=/data1/test-tmp/linked_list-test.LinkedListTest.TestLoadAndVerify.1424988823668568-31780/linked-list-cluster/ts-1 --tablet_server_data_dirs=/data1/test-tmp/linked_list-test.LinkedListTest.TestLoadAndVerify.1424988823668568-31780/linked-list-cluster/ts-1 --tablet_server_rpc_bind_addresses=127.0.0.1:7051 --tablet_server_web_port=53041 --tablet_server_master_addrs=127.0.0.1:59367 --skip_remove_old_recovery_dir --enable_leader_failure_detection=true --tablet_server_rpc_bind_addresses=127.0.0.1:7051 --flush_threshold_mb=1 --log_segment_size_mb=1 --server_dump_info_path=/data1/test-tmp/linked_list-test.LinkedListTest.TestLoadAndVerify.1424988823668568-31780/linked-list-cluster/ts-1/info.pb --server_dump_info_format=pb --logtostderr --logbuflevel=-1 --webserver_interface=localhost
I0226 14:14:16.973036 32200 log_util.cc:505] Found no log entry headers
I0226 14:14:16.973053 32200 log_util.cc:437] Ignoring corruption Corruption: CRC mismatch in log header: Log file corrupted. Failed trying to read batch #1890 at offset 700338 for segment at /data1/test-tmp/linked_list-test.LinkedListTest.TestLoadAndVerify.1424988823668568-31780/linked-list-cluster/ts-0/wals/45b6ce48ba2f45c29e584a7aa3583646.recovery/wal-000000013. Prior batch offsets: 699404 700040 700189 700338: there were no further log entries following this one, so likely the log was truncated during writing
I0226 14:14:16.973109 32200 log_util.cc:197] Successfully rebuilt footer for segment: /data1/test-tmp/linked_list-test.LinkedListTest.TestLoadAndVerify.1424988823668568-31780/linked-list-cluster/ts-0/wals/45b6ce48ba2f45c29e584a7aa3583646.recovery/wal-000000013 (valid entries through byte offset 700338)
I0226 14:14:16.973247 32199 log.cc:257] Log is configured to *not* fsync() on all Append() calls
I0226 14:14:16.996224 32247 tablet_server_main.cc:38] Initializing tablet server...
I0226 14:14:16.998015 32247 fs_manager.cc:132] Opened local filesystem: /data1/test-tmp/linked_list-test.LinkedListTest.TestLoadAndVerify.1424988823668568-31780/linked-list-cluster/ts-1 uuid: "07dc68eb3e0f4e3da156e9d7f73d04ba" format_stamp: "Formatted at 2015-02-26 22:13:43 on boost-static-burst-slave-dfa.vpc.cloudera.com"
I0226 14:14:17.000869 32247 ts_tablet_manager.cc:285] Loading master block 45b6ce48ba2f45c29e584a7aa3583646
I0226 14:14:17.001687 32247 ts_tablet_manager.cc:449] Registered tablet 45b6ce48ba2f45c29e584a7aa3583646
I0226 14:14:17.001796 32247 ts_tablet_manager.cc:285] Loading master block 526e30884b1c484baad63449aba3cf31
I0226 14:14:17.001816 32254 ts_tablet_manager.cc:314] Bootstrapping tablet: 45b6ce48ba2f45c29e584a7aa3583646
I0226 14:14:17.002181 32247 ts_tablet_manager.cc:449] Registered tablet 526e30884b1c484baad63449aba3cf31
I0226 14:14:17.002471 32247 ts_tablet_manager.cc:285] Loading master block 4f7cfc512add4259954702588be078ee
I0226 14:14:17.002496 32255 ts_tablet_manager.cc:314] Bootstrapping tablet: 526e30884b1c484baad63449aba3cf31
I0226 14:14:17.002532 32254 tablet_bootstrap.cc:290] Tablet 45b6ce48ba2f45c29e584a7aa3583646: Bootstrap starting.
I0226 14:14:17.002845 32247 ts_tablet_manager.cc:449] Registered tablet 4f7cfc512add4259954702588be078ee
I0226 14:14:17.003082 32256 ts_tablet_manager.cc:314] Bootstrapping tablet: 4f7cfc512add4259954702588be078ee
I0226 14:14:17.003118 32255 tablet_bootstrap.cc:290] Tablet 526e30884b1c484baad63449aba3cf31: Bootstrap starting.
I0226 14:14:17.003310 32247 tablet_server_main.cc:41] Starting tablet server...
I0226 14:14:17.003592 32256 tablet_bootstrap.cc:290] Tablet 4f7cfc512add4259954702588be078ee: Bootstrap starting.
I0226 14:14:17.003939 32254 delta_tracker.cc:69] Successfully opened UNDO delta file 4754873a7c8b4233aef228379ecd4cb8013f000809de4e20a962e4d780237ff0
I0226 14:14:17.004173 32254 tablet_bootstrap.cc:509] Will attempt to recover log segment: /data1/test-tmp/linked_list-test.LinkedListTest.TestLoadAndVerify.1424988823668568-31780/linked-list-cluster/ts-1/wals/45b6ce48ba2f45c29e584a7aa3583646/wal-000000012 to: /data1/test-tmp/linked_list-test.LinkedListTest.TestLoadAndVerify.1424988823668568-31780/linked-list-cluster/ts-1/wals/45b6ce48ba2f45c29e584a7aa3583646.recovery/wal-000000012
I0226 14:14:17.004220 32254 tablet_bootstrap.cc:509] Will attempt to recover log segment: /data1/test-tmp/linked_list-test.LinkedListTest.TestLoadAndVerify.1424988823668568-31780/linked-list-cluster/ts-1/wals/45b6ce48ba2f45c29e584a7aa3583646/wal-000000013 to: /data1/test-tmp/linked_list-test.LinkedListTest.TestLoadAndVerify.1424988823668568-31780/linked-list-cluster/ts-1/wals/45b6ce48ba2f45c29e584a7aa3583646.recovery/wal-000000013
I0226 14:14:17.004429 32254 tablet_bootstrap.cc:519] Moved log directory: /data1/test-tmp/linked_list-test.LinkedListTest.TestLoadAndVerify.1424988823668568-31780/linked-list-cluster/ts-1/wals/45b6ce48ba2f45c29e584a7aa3583646 to recovery directory: /data1/test-tmp/linked_list-test.LinkedListTest.TestLoadAndVerify.1424988823668568-31780/linked-list-cluster/ts-1/wals/45b6ce48ba2f45c29e584a7aa3583646.recovery
I0226 14:14:17.004535 32255 delta_tracker.cc:69] Successfully opened UNDO delta file 4754873a7c8b4233aef228379ecd4cb89be396e6299940c083b949a8e678379f
I0226 14:14:17.005007 32255 delta_tracker.cc:69] Successfully opened UNDO delta file 4754873a7c8b4233aef228379ecd4cb8e1c4ff6dc149451fbbf881ad82a53e1a
I0226 14:14:17.005501 32255 delta_tracker.cc:69] Successfully opened UNDO delta file 4754873a7c8b4233aef228379ecd4cb8cfc6d57d2f0e40918659e79cea7431d3
I0226 14:14:17.005671 32255 tablet_bootstrap.cc:509] Will attempt to recover log segment: /data1/test-tmp/linked_list-test.LinkedListTest.TestLoadAndVerify.1424988823668568-31780/linked-list-cluster/ts-1/wals/526e30884b1c484baad63449aba3cf31/wal-000000012 to: /data1/test-tmp/linked_list-test.LinkedListTest.TestLoadAndVerify.1424988823668568-31780/linked-list-cluster/ts-1/wals/526e30884b1c484baad63449aba3cf31.recovery/wal-000000012
I0226 14:14:17.005713 32255 tablet_bootstrap.cc:509] Will attempt to recover log segment: /data1/test-tmp/linked_list-test.LinkedListTest.TestLoadAndVerify.1424988823668568-31780/linked-list-cluster/ts-1/wals/526e30884b1c484baad63449aba3cf31/wal-000000013 to: /data1/test-tmp/linked_list-test.LinkedListTest.TestLoadAndVerify.1424988823668568-31780/linked-list-cluster/ts-1/wals/526e30884b1c484baad63449aba3cf31.recovery/wal-000000013
I0226 14:14:17.005795 32255 tablet_bootstrap.cc:519] Moved log directory: /data1/test-tmp/linked_list-test.LinkedListTest.TestLoadAndVerify.1424988823668568-31780/linked-list-cluster/ts-1/wals/526e30884b1c484baad63449aba3cf31 to recovery directory: /data1/test-tmp/linked_list-test.LinkedListTest.TestLoadAndVerify.1424988823668568-31780/linked-list-cluster/ts-1/wals/526e30884b1c484baad63449aba3cf31.recovery
W0226 14:14:17.006034 32254 log_util.cc:147] Could not read footer for segment: /data1/test-tmp/linked_list-test.LinkedListTest.TestLoadAndVerify.1424988823668568-31780/linked-list-cluster/ts-1/wals/45b6ce48ba2f45c29e584a7aa3583646.recovery/wal-000000013. Status: Not found: Footer not found. Footer magic doesn't match
W0226 14:14:17.006057 32254 log_reader.cc:136] Segment: /data1/test-tmp/linked_list-test.LinkedListTest.TestLoadAndVerify.1424988823668568-31780/linked-list-cluster/ts-1/wals/45b6ce48ba2f45c29e584a7aa3583646.recovery/wal-000000013 was likely left in-progress after a previous crash. Will try to rebuild footer by scanning data
W0226 14:14:17.006289 32255 log_util.cc:147] Could not read footer for segment: /data1/test-tmp/linked_list-test.LinkedListTest.TestLoadAndVerify.1424988823668568-31780/linked-list-cluster/ts-1/wals/526e30884b1c484baad63449aba3cf31.recovery/wal-000000013. Status: Not found: Footer not found. Footer magic doesn't match
W0226 14:14:17.006330 32255 log_reader.cc:136] Segment: /data1/test-tmp/linked_list-test.LinkedListTest.TestLoadAndVerify.1424988823668568-31780/linked-list-cluster/ts-1/wals/526e30884b1c484baad63449aba3cf31.recovery/wal-000000013 was likely left in-progress after a previous crash. Will try to rebuild footer by scanning data
I0226 14:14:17.006513 32256 delta_tracker.cc:69] Successfully opened UNDO delta file 4754873a7c8b4233aef228379ecd4cb8e1a3e2b039074b8790f76b955bd158da
I0226 14:14:17.007169 32256 delta_tracker.cc:69] Successfully opened UNDO delta file 4754873a7c8b4233aef228379ecd4cb8eb38ba01cc6a4b53b834c47f77080268
I0226 14:14:17.007438 32256 tablet_bootstrap.cc:509] Will attempt to recover log segment: /data1/test-tmp/linked_list-test.LinkedListTest.TestLoadAndVerify.1424988823668568-31780/linked-list-cluster/ts-1/wals/4f7cfc512add4259954702588be078ee/wal-000000012 to: /data1/test-tmp/linked_list-test.LinkedListTest.TestLoadAndVerify.1424988823668568-31780/linked-list-cluster/ts-1/wals/4f7cfc512add4259954702588be078ee.recovery/wal-000000012
I0226 14:14:17.007462 32256 tablet_bootstrap.cc:509] Will attempt to recover log segment: /data1/test-tmp/linked_list-test.LinkedListTest.TestLoadAndVerify.1424988823668568-31780/linked-list-cluster/ts-1/wals/4f7cfc512add4259954702588be078ee/wal-000000013 to: /data1/test-tmp/linked_list-test.LinkedListTest.TestLoadAndVerify.1424988823668568-31780/linked-list-cluster/ts-1/wals/4f7cfc512add4259954702588be078ee.recovery/wal-000000013
I0226 14:14:17.007516 32256 tablet_bootstrap.cc:519] Moved log directory: /data1/test-tmp/linked_list-test.LinkedListTest.TestLoadAndVerify.1424988823668568-31780/linked-list-cluster/ts-1/wals/4f7cfc512add4259954702588be078ee to recovery directory: /data1/test-tmp/linked_list-test.LinkedListTest.TestLoadAndVerify.1424988823668568-31780/linked-list-cluster/ts-1/wals/4f7cfc512add4259954702588be078ee.recovery
W0226 14:14:17.008291 32256 log_util.cc:147] Could not read footer for segment: /data1/test-tmp/linked_list-test.LinkedListTest.TestLoadAndVerify.1424988823668568-31780/linked-list-cluster/ts-1/wals/4f7cfc512add4259954702588be078ee.recovery/wal-000000013. Status: Not found: Footer not found. Footer magic doesn't match
W0226 14:14:17.008307 32256 log_reader.cc:136] Segment: /data1/test-tmp/linked_list-test.LinkedListTest.TestLoadAndVerify.1424988823668568-31780/linked-list-cluster/ts-1/wals/4f7cfc512add4259954702588be078ee.recovery/wal-000000013 was likely left in-progress after a previous crash. Will try to rebuild footer by scanning data
I0226 14:14:17.010566 32247 rpc_server.cc:110] RPC server started. Bound to: 127.0.0.1:7051
I0226 14:14:17.010615 32247 webserver.cc:108] Starting webserver on localhost:53041
I0226 14:14:17.010624 32247 webserver.cc:117] Document root disabled
I0226 14:14:17.011265 32247 webserver.cc:197] Webserver started. Bound to: http://127.0.0.1:53041/
I0226 14:14:17.011574 32247 server_base.cc:170] Dumped server information to /data1/test-tmp/linked_list-test.LinkedListTest.TestLoadAndVerify.1424988823668568-31780/linked-list-cluster/ts-1/info.pb
I0226 14:14:17.011725 32247 maintenance_manager.cc:111] MaintenanceManager: targeting memory size of 23.515860 GB
I0226 14:14:17.012037 32247 tablet_server_main.cc:44] Tablet server successfully started.
I0226 14:14:17.013190 32291 heartbeater.cc:219] Connected to a leader master server at 127.0.0.1:59367
I0226 14:14:17.013208 32291 heartbeater.cc:289] Registering TS with master...
I0226 14:14:17.013229 32291 heartbeater.cc:295] Sending a full tablet report to master...
I0226 14:14:17.013427 31793 ts_manager.cc:71] Re-registered known tablet server { permanent_uuid: "07dc68eb3e0f4e3da156e9d7f73d04ba" instance_seqno: 1424988857010393 } with Master
I0226 14:14:17.021090 31780 external_mini_cluster.cc:416] Started /data1/jenkins-workspace/kudu-gerrit/BUILD_TYPE/RELEASE/label/kudu-gerrit-slaves/build/release/kudu-tablet_server as pid 32247
I0226 14:14:17.021317 31780 external_mini_cluster.cc:382] Running /data1/jenkins-workspace/kudu-gerrit/BUILD_TYPE/RELEASE/label/kudu-gerrit-slaves/build/release/kudu-tablet_server kudu-tablet_server --tablet_server_wal_dir=/data1/test-tmp/linked_list-test.LinkedListTest.TestLoadAndVerify.1424988823668568-31780/linked-list-cluster/ts-2 --tablet_server_data_dirs=/data1/test-tmp/linked_list-test.LinkedListTest.TestLoadAndVerify.1424988823668568-31780/linked-list-cluster/ts-2 --tablet_server_rpc_bind_addresses=127.0.0.1:7052 --tablet_server_web_port=57125 --tablet_server_master_addrs=127.0.0.1:59367 --skip_remove_old_recovery_dir --enable_leader_failure_detection=true --tablet_server_rpc_bind_addresses=127.0.0.1:7052 --flush_threshold_mb=1 --log_segment_size_mb=1 --server_dump_info_path=/data1/test-tmp/linked_list-test.LinkedListTest.TestLoadAndVerify.1424988823668568-31780/linked-list-cluster/ts-2/info.pb --server_dump_info_format=pb --logtostderr --logbuflevel=-1 --webserver_interface=localhost
I0226 14:14:17.025944 32255 log_util.cc:468] Scanning /data1/test-tmp/linked_list-test.LinkedListTest.TestLoadAndVerify.1424988823668568-31780/linked-list-cluster/ts-1/wals/526e30884b1c484baad63449aba3cf31.recovery/wal-000000013 for valid entry headers following offset 699842...
I0226 14:14:17.026805 32255 log_util.cc:505] Found no log entry headers
I0226 14:14:17.026847 32255 log_util.cc:437] Ignoring corruption Corruption: CRC mismatch in log header: Log file corrupted. Failed trying to read batch #1878 at offset 699830 for segment at /data1/test-tmp/linked_list-test.LinkedListTest.TestLoadAndVerify.1424988823668568-31780/linked-list-cluster/ts-1/wals/526e30884b1c484baad63449aba3cf31.recovery/wal-000000013. Prior batch offsets: 698970 699554 699695 699830: there were no further log entries following this one, so likely the log was truncated during writing
I0226 14:14:17.026924 32255 log_util.cc:197] Successfully rebuilt footer for segment: /data1/test-tmp/linked_list-test.LinkedListTest.TestLoadAndVerify.1424988823668568-31780/linked-list-cluster/ts-1/wals/526e30884b1c484baad63449aba3cf31.recovery/wal-000000013 (valid entries through byte offset 699830)
I0226 14:14:17.027247 32254 log_util.cc:468] Scanning /data1/test-tmp/linked_list-test.LinkedListTest.TestLoadAndVerify.1424988823668568-31780/linked-list-cluster/ts-1/wals/45b6ce48ba2f45c29e584a7aa3583646.recovery/wal-000000013 for valid entry headers following offset 700778...
I0226 14:14:17.028143 32254 log_util.cc:505] Found no log entry headers
I0226 14:14:17.028192 32254 log_util.cc:437] Ignoring corruption Corruption: CRC mismatch in log header: Log file corrupted. Failed trying to read batch #1891 at offset 700766 for segment at /data1/test-tmp/linked_list-test.LinkedListTest.TestLoadAndVerify.1424988823668568-31780/linked-list-cluster/ts-1/wals/45b6ce48ba2f45c29e584a7aa3583646.recovery/wal-000000013. Prior batch offsets: 699832 699981 700617 700766: there were no further log entries following this one, so likely the log was truncated during writing
I0226 14:14:17.028286 32254 log_util.cc:197] Successfully rebuilt footer for segment: /data1/test-tmp/linked_list-test.LinkedListTest.TestLoadAndVerify.1424988823668568-31780/linked-list-cluster/ts-1/wals/45b6ce48ba2f45c29e584a7aa3583646.recovery/wal-000000013 (valid entries through byte offset 700766)
I0226 14:14:17.031343 32255 log.cc:257] Log is configured to *not* fsync() on all Append() calls
I0226 14:14:17.033867 32256 log_util.cc:468] Scanning /data1/test-tmp/linked_list-test.LinkedListTest.TestLoadAndVerify.1424988823668568-31780/linked-list-cluster/ts-1/wals/4f7cfc512add4259954702588be078ee.recovery/wal-000000013 for valid entry headers following offset 709288...
I0226 14:14:17.034693 32256 log_util.cc:505] Found no log entry headers
I0226 14:14:17.034734 32256 log_util.cc:437] Ignoring corruption Corruption: CRC mismatch in log header: Log file corrupted. Failed trying to read batch #1902 at offset 709276 for segment at /data1/test-tmp/linked_list-test.LinkedListTest.TestLoadAndVerify.1424988823668568-31780/linked-list-cluster/ts-1/wals/4f7cfc512add4259954702588be078ee.recovery/wal-000000013. Prior batch offsets: 708428 708557 709141 709276: there were no further log entries following this one, so likely the log was truncated during writing
I0226 14:14:17.034817 32256 log_util.cc:197] Successfully rebuilt footer for segment: /data1/test-tmp/linked_list-test.LinkedListTest.TestLoadAndVerify.1424988823668568-31780/linked-list-cluster/ts-1/wals/4f7cfc512add4259954702588be078ee.recovery/wal-000000013 (valid entries through byte offset 709276)
I0226 14:14:17.045328 32294 tablet_server_main.cc:38] Initializing tablet server...
I0226 14:14:17.047144 32294 fs_manager.cc:132] Opened local filesystem: /data1/test-tmp/linked_list-test.LinkedListTest.TestLoadAndVerify.1424988823668568-31780/linked-list-cluster/ts-2 uuid: "c26346f406894c54ae6ef6cfc9c02918" format_stamp: "Formatted at 2015-02-26 22:13:43 on boost-static-burst-slave-dfa.vpc.cloudera.com"
I0226 14:14:17.049942 32294 ts_tablet_manager.cc:285] Loading master block 4f7cfc512add4259954702588be078ee
I0226 14:14:17.050492 32294 ts_tablet_manager.cc:449] Registered tablet 4f7cfc512add4259954702588be078ee
I0226 14:14:17.050600 32294 ts_tablet_manager.cc:285] Loading master block 526e30884b1c484baad63449aba3cf31
I0226 14:14:17.050613 32306 ts_tablet_manager.cc:314] Bootstrapping tablet: 4f7cfc512add4259954702588be078ee
I0226 14:14:17.051280 32306 tablet_bootstrap.cc:290] Tablet 4f7cfc512add4259954702588be078ee: Bootstrap starting.
I0226 14:14:17.051540 32294 ts_tablet_manager.cc:449] Registered tablet 526e30884b1c484baad63449aba3cf31
I0226 14:14:17.051867 32294 ts_tablet_manager.cc:285] Loading master block 45b6ce48ba2f45c29e584a7aa3583646
I0226 14:14:17.051939 32307 ts_tablet_manager.cc:314] Bootstrapping tablet: 526e30884b1c484baad63449aba3cf31
I0226 14:14:17.052346 32294 ts_tablet_manager.cc:449] Registered tablet 45b6ce48ba2f45c29e584a7aa3583646
I0226 14:14:17.052592 32307 tablet_bootstrap.cc:290] Tablet 526e30884b1c484baad63449aba3cf31: Bootstrap starting.
I0226 14:14:17.052662 32309 ts_tablet_manager.cc:314] Bootstrapping tablet: 45b6ce48ba2f45c29e584a7aa3583646
I0226 14:14:17.053228 32306 delta_tracker.cc:69] Successfully opened UNDO delta file c022822f1b8842609cd6b5085a865f0775506113366c49369a87223a5f5b0a11
I0226 14:14:17.053674 32307 delta_tracker.cc:69] Successfully opened UNDO delta file c022822f1b8842609cd6b5085a865f077f3c929b000442c6a49213ab5e8e1a3d
I0226 14:14:17.053709 32294 tablet_server_main.cc:41] Starting tablet server...
