I0226 14:14:04.499202 31984 log.cc:306] Rolled over to a new segment: /data1/test-tmp/linked_list-test.LinkedListTest.TestLoadAndVerify.1424988823668568-31780/linked-list-cluster/ts-1/wals/4f7cfc512add4259954702588be078ee/wal-000000009
I0226 14:14:04.499284 31981 log.cc:415] Max segment size reached. Starting new segment allocation.
I0226 14:14:04.499331 31980 log.cc:415] Max segment size reached. Starting new segment allocation.
I0226 14:14:04.499474 31982 log.cc:415] Max segment size reached. Starting new segment allocation.
I0226 14:14:04.499688 31996 log.cc:415] Max segment size reached. Starting new segment allocation.
I0226 14:14:04.500075 31983 log.cc:306] Rolled over to a new segment: /data1/test-tmp/linked_list-test.LinkedListTest.TestLoadAndVerify.1424988823668568-31780/linked-list-cluster/ts-1/wals/45b6ce48ba2f45c29e584a7aa3583646/wal-000000009
I0226 14:14:04.501230 31981 log.cc:306] Rolled over to a new segment: /data1/test-tmp/linked_list-test.LinkedListTest.TestLoadAndVerify.1424988823668568-31780/linked-list-cluster/ts-0/wals/45b6ce48ba2f45c29e584a7aa3583646/wal-000000009
I0226 14:14:04.501271 31996 log.cc:306] Rolled over to a new segment: /data1/test-tmp/linked_list-test.LinkedListTest.TestLoadAndVerify.1424988823668568-31780/linked-list-cluster/ts-0/wals/4f7cfc512add4259954702588be078ee/wal-000000009
I0226 14:14:04.501520 31982 log.cc:306] Rolled over to a new segment: /data1/test-tmp/linked_list-test.LinkedListTest.TestLoadAndVerify.1424988823668568-31780/linked-list-cluster/ts-2/wals/4f7cfc512add4259954702588be078ee/wal-000000009
I0226 14:14:04.501538 31980 log.cc:306] Rolled over to a new segment: /data1/test-tmp/linked_list-test.LinkedListTest.TestLoadAndVerify.1424988823668568-31780/linked-list-cluster/ts-2/wals/45b6ce48ba2f45c29e584a7aa3583646/wal-000000009
I0226 14:14:04.509291 31824 log_reader.cc:396] T 4f7cfc512add4259954702588be078ee: removed 1 log segments from log reader
I0226 14:14:04.509311 31824 log.cc:623] Deleting log segment in path: /data1/test-tmp/linked_list-test.LinkedListTest.TestLoadAndVerify.1424988823668568-31780/linked-list-cluster/ts-0/wals/4f7cfc512add4259954702588be078ee/wal-000000007 (GCed ops < 10600)
I0226 14:14:04.509966 31824 maintenance_manager.cc:316] Time spent running LogGCOp(4f7cfc512add4259954702588be078ee): real 0.001s user 0.000s sys 0.001s
I0226 14:14:04.547538 31868 log_reader.cc:396] T 526e30884b1c484baad63449aba3cf31: removed 1 log segments from log reader
I0226 14:14:04.547554 31868 log.cc:623] Deleting log segment in path: /data1/test-tmp/linked_list-test.LinkedListTest.TestLoadAndVerify.1424988823668568-31780/linked-list-cluster/ts-1/wals/526e30884b1c484baad63449aba3cf31/wal-000000007 (GCed ops < 10326)
I0226 14:14:04.548076 31868 maintenance_manager.cc:316] Time spent running LogGCOp(526e30884b1c484baad63449aba3cf31): real 0.001s user 0.000s sys 0.001s
I0226 14:14:04.587695 31911 log_reader.cc:396] T 526e30884b1c484baad63449aba3cf31: removed 1 log segments from log reader
I0226 14:14:04.587730 31911 log.cc:623] Deleting log segment in path: /data1/test-tmp/linked_list-test.LinkedListTest.TestLoadAndVerify.1424988823668568-31780/linked-list-cluster/ts-2/wals/526e30884b1c484baad63449aba3cf31/wal-000000007 (GCed ops < 10648)
I0226 14:14:04.588378 31911 maintenance_manager.cc:316] Time spent running LogGCOp(526e30884b1c484baad63449aba3cf31): real 0.001s user 0.000s sys 0.000s
I0226 14:14:04.759393 31824 log_reader.cc:396] T 526e30884b1c484baad63449aba3cf31: removed 1 log segments from log reader
I0226 14:14:04.759420 31824 log.cc:623] Deleting log segment in path: /data1/test-tmp/linked_list-test.LinkedListTest.TestLoadAndVerify.1424988823668568-31780/linked-list-cluster/ts-0/wals/526e30884b1c484baad63449aba3cf31/wal-000000007 (GCed ops < 10752)
I0226 14:14:04.760089 31824 maintenance_manager.cc:316] Time spent running LogGCOp(526e30884b1c484baad63449aba3cf31): real 0.001s user 0.000s sys 0.001s
I0226 14:14:04.760140 32021 linked_list-test-util.h:284] Curling URL http://127.0.0.1:57125/tablets
I0226 14:14:04.797796 31868 tablet.cc:1081] Compaction: stage 1 complete, picked 4 rowsets to compact
I0226 14:14:04.797821 31868 compaction.cc:552] Selected 4 rowsets to compact:
I0226 14:14:04.797833 31868 compaction.cc:555] RowSet(11)(current size on disk: ~3033513 bytes)
I0226 14:14:04.797847 31868 compaction.cc:555] RowSet(12)(current size on disk: ~586137 bytes)
I0226 14:14:04.797863 31868 compaction.cc:555] RowSet(13)(current size on disk: ~291773 bytes)
I0226 14:14:04.797875 31868 compaction.cc:555] RowSet(14)(current size on disk: ~369389 bytes)
I0226 14:14:04.797893 31868 tablet.cc:878] Compaction: entering phase 1 (flushing snapshot). Phase 1 snapshot: MvccSnapshot[committed={T|T < 34495 or (T in {34495})}]
I0226 14:14:04.798323 31868 multi_column_writer.cc:71] Opened CFile writer for column rand_key[uint64 NOT NULL]
I0226 14:14:04.798588 31868 multi_column_writer.cc:71] Opened CFile writer for column link_to[uint64 NOT NULL]
I0226 14:14:04.798799 31868 multi_column_writer.cc:71] Opened CFile writer for column insert_ts[uint64 NOT NULL]
I0226 14:14:04.799052 31868 multi_column_writer.cc:71] Opened CFile writer for column updated[bool NOT NULL]
I0226 14:14:04.838136 31911 log_reader.cc:396] T 45b6ce48ba2f45c29e584a7aa3583646: removed 1 log segments from log reader
I0226 14:14:04.838161 31911 log.cc:623] Deleting log segment in path: /data1/test-tmp/linked_list-test.LinkedListTest.TestLoadAndVerify.1424988823668568-31780/linked-list-cluster/ts-2/wals/45b6ce48ba2f45c29e584a7aa3583646/wal-000000007 (GCed ops < 10496)
I0226 14:14:04.838701 31911 maintenance_manager.cc:316] Time spent running LogGCOp(45b6ce48ba2f45c29e584a7aa3583646): real 0.001s user 0.000s sys 0.001s
I0226 14:14:05.009526 31824 log_reader.cc:396] T 45b6ce48ba2f45c29e584a7aa3583646: removed 1 log segments from log reader
I0226 14:14:05.009555 31824 log.cc:623] Deleting log segment in path: /data1/test-tmp/linked_list-test.LinkedListTest.TestLoadAndVerify.1424988823668568-31780/linked-list-cluster/ts-0/wals/45b6ce48ba2f45c29e584a7aa3583646/wal-000000007 (GCed ops < 10450)
I0226 14:14:05.010035 31824 maintenance_manager.cc:316] Time spent running LogGCOp(45b6ce48ba2f45c29e584a7aa3583646): real 0.001s user 0.000s sys 0.001s
I0226 14:14:05.026440 31868 delta_tracker.cc:69] Successfully opened UNDO delta file 4754873a7c8b4233aef228379ecd4cb81522df6ae7404edeb6d540e5ec3e526d
I0226 14:14:05.026918 31868 tablet.cc:964] Compaction: entering phase 2 (starting to duplicate updates in new rowsets)
I0226 14:14:05.027797 31868 tablet.cc:1026] Compaction Phase 2: carrying over any updates which arrived during Phase 1
I0226 14:14:05.027832 31868 tablet.cc:1027] Phase 2 snapshot: MvccSnapshot[committed={T|T < 34895 or (T in {34895,34899})}]
I0226 14:14:05.069900 31868 tablet.cc:1059] Compaction successful on 178291 rows (4498010 bytes)
I0226 14:14:05.074980 31868 maintenance_manager.cc:316] Time spent running CompactRowSetsOp(45b6ce48ba2f45c29e584a7aa3583646): real 0.277s user 0.152s sys 0.032s
I0226 14:14:05.088105 31911 log_reader.cc:396] T 4f7cfc512add4259954702588be078ee: removed 1 log segments from log reader
I0226 14:14:05.088124 31911 log.cc:623] Deleting log segment in path: /data1/test-tmp/linked_list-test.LinkedListTest.TestLoadAndVerify.1424988823668568-31780/linked-list-cluster/ts-2/wals/4f7cfc512add4259954702588be078ee/wal-000000007 (GCed ops < 10347)
I0226 14:14:05.088668 31911 maintenance_manager.cc:316] Time spent running LogGCOp(4f7cfc512add4259954702588be078ee): real 0.001s user 0.000s sys 0.001s
I0226 14:14:05.261436 31824 tablet.cc:573] Flush: entering stage 1 (old memrowset already frozen for inserts)
I0226 14:14:05.261459 31824 compaction.cc:552] Selected 1 rowsets to compact:
I0226 14:14:05.261468 31824 compaction.cc:555] memrowset(current size on disk: ~0 bytes)
I0226 14:14:05.261476 31824 tablet.cc:575] Memstore in-memory size: 4079383 bytes
I0226 14:14:05.261486 31824 tablet.cc:878] Flush: entering phase 1 (flushing snapshot). Phase 1 snapshot: MvccSnapshot[committed={T|T < 35299 or (T in {35299})}]
I0226 14:14:05.261757 31824 multi_column_writer.cc:71] Opened CFile writer for column rand_key[uint64 NOT NULL]
I0226 14:14:05.261987 31824 multi_column_writer.cc:71] Opened CFile writer for column link_to[uint64 NOT NULL]
I0226 14:14:05.262172 31824 multi_column_writer.cc:71] Opened CFile writer for column insert_ts[uint64 NOT NULL]
I0226 14:14:05.262339 31824 multi_column_writer.cc:71] Opened CFile writer for column updated[bool NOT NULL]
I0226 14:14:05.299532 31868 tablet.cc:573] Flush: entering stage 1 (old memrowset already frozen for inserts)
I0226 14:14:05.299549 31868 compaction.cc:552] Selected 1 rowsets to compact:
I0226 14:14:05.299557 31868 compaction.cc:555] memrowset(current size on disk: ~0 bytes)
I0226 14:14:05.299564 31868 tablet.cc:575] Memstore in-memory size: 4079383 bytes
I0226 14:14:05.299612 31868 tablet.cc:878] Flush: entering phase 1 (flushing snapshot). Phase 1 snapshot: MvccSnapshot[committed={T|T < 35390 or (T in {35390})}]
I0226 14:14:05.299875 31868 multi_column_writer.cc:71] Opened CFile writer for column rand_key[uint64 NOT NULL]
I0226 14:14:05.300093 31868 multi_column_writer.cc:71] Opened CFile writer for column link_to[uint64 NOT NULL]
I0226 14:14:05.300261 31868 multi_column_writer.cc:71] Opened CFile writer for column insert_ts[uint64 NOT NULL]
I0226 14:14:05.300416 31868 multi_column_writer.cc:71] Opened CFile writer for column updated[bool NOT NULL]
I0226 14:14:05.307869 31824 delta_tracker.cc:69] Successfully opened UNDO delta file bb69a63fdcda45859fccd098bf46f03df2c3c8723760414fb050cce55544c55c
I0226 14:14:05.307924 31824 tablet.cc:964] Flush: entering phase 2 (starting to duplicate updates in new rowsets)
I0226 14:14:05.308423 31824 tablet.cc:1026] Flush Phase 2: carrying over any updates which arrived during Phase 1
I0226 14:14:05.308465 31824 tablet.cc:1027] Phase 2 snapshot: MvccSnapshot[committed={T|T < 35381 or (T in {35381})}]
I0226 14:14:05.311545 31824 tablet.cc:1059] Flush successful on 21901 rows (554690 bytes)
I0226 14:14:05.311609 31824 maintenance_manager.cc:316] Time spent running FlushMRSOp(45b6ce48ba2f45c29e584a7aa3583646): real 0.052s user 0.019s sys 0.002s
I0226 14:14:05.328733 31868 delta_tracker.cc:69] Successfully opened UNDO delta file 4754873a7c8b4233aef228379ecd4cb8abfb65526ab14c8ea41fb7369d97215f
I0226 14:14:05.328788 31868 tablet.cc:964] Flush: entering phase 2 (starting to duplicate updates in new rowsets)
I0226 14:14:05.329602 31868 tablet.cc:1026] Flush Phase 2: carrying over any updates which arrived during Phase 1
I0226 14:14:05.329638 31868 tablet.cc:1027] Phase 2 snapshot: MvccSnapshot[committed={T|T < 35438 or (T in {35438,35441})}]
I0226 14:14:05.333166 31868 tablet.cc:1059] Flush successful on 24436 rows (619650 bytes)
I0226 14:14:05.333334 31868 maintenance_manager.cc:316] Time spent running FlushMRSOp(526e30884b1c484baad63449aba3cf31): real 0.035s user 0.018s sys 0.005s
I0226 14:14:05.338773 31911 tablet.cc:573] Flush: entering stage 1 (old memrowset already frozen for inserts)
I0226 14:14:05.338793 31911 compaction.cc:552] Selected 1 rowsets to compact:
I0226 14:14:05.338805 31911 compaction.cc:555] memrowset(current size on disk: ~0 bytes)
I0226 14:14:05.338816 31911 tablet.cc:575] Memstore in-memory size: 4079383 bytes
I0226 14:14:05.338830 31911 tablet.cc:878] Flush: entering phase 1 (flushing snapshot). Phase 1 snapshot: MvccSnapshot[committed={T|T < 35426 or (T in {35426})}]
I0226 14:14:05.339052 31911 multi_column_writer.cc:71] Opened CFile writer for column rand_key[uint64 NOT NULL]
I0226 14:14:05.339208 31911 multi_column_writer.cc:71] Opened CFile writer for column link_to[uint64 NOT NULL]
I0226 14:14:05.339411 31911 multi_column_writer.cc:71] Opened CFile writer for column insert_ts[uint64 NOT NULL]
I0226 14:14:05.339632 31911 multi_column_writer.cc:71] Opened CFile writer for column updated[bool NOT NULL]
I0226 14:14:05.365589 31911 delta_tracker.cc:69] Successfully opened UNDO delta file c022822f1b8842609cd6b5085a865f074c09fce0414e4c0293c9515d651eaa5c
I0226 14:14:05.365634 31911 tablet.cc:964] Flush: entering phase 2 (starting to duplicate updates in new rowsets)
I0226 14:14:05.366628 31911 tablet.cc:1026] Flush Phase 2: carrying over any updates which arrived during Phase 1
I0226 14:14:05.366660 31911 tablet.cc:1027] Phase 2 snapshot: MvccSnapshot[committed={T|T < 35470 or (T in {35470,35474})}]
I0226 14:14:05.368989 31911 tablet.cc:1059] Flush successful on 22016 rows (557450 bytes)
I0226 14:14:05.369132 31911 maintenance_manager.cc:316] Time spent running FlushMRSOp(45b6ce48ba2f45c29e584a7aa3583646): real 0.031s user 0.013s sys 0.006s
I0226 14:14:05.510162 31824 tablet.cc:573] Flush: entering stage 1 (old memrowset already frozen for inserts)
I0226 14:14:05.510193 31824 compaction.cc:552] Selected 1 rowsets to compact:
I0226 14:14:05.510203 31824 compaction.cc:555] memrowset(current size on disk: ~0 bytes)
I0226 14:14:05.510211 31824 tablet.cc:575] Memstore in-memory size: 4079383 bytes
I0226 14:14:05.510221 31824 tablet.cc:878] Flush: entering phase 1 (flushing snapshot). Phase 1 snapshot: MvccSnapshot[committed={T|T < 35752 or (T in {35752})}]
I0226 14:14:05.510496 31824 multi_column_writer.cc:71] Opened CFile writer for column rand_key[uint64 NOT NULL]
I0226 14:14:05.510686 31824 multi_column_writer.cc:71] Opened CFile writer for column link_to[uint64 NOT NULL]
I0226 14:14:05.510892 31824 multi_column_writer.cc:71] Opened CFile writer for column insert_ts[uint64 NOT NULL]
I0226 14:14:05.511113 31824 multi_column_writer.cc:71] Opened CFile writer for column updated[bool NOT NULL]
I0226 14:14:05.539261 31824 delta_tracker.cc:69] Successfully opened UNDO delta file bb69a63fdcda45859fccd098bf46f03d2a3d24bc9fc048608fbf00ade4b4aa76
I0226 14:14:05.539306 31824 tablet.cc:964] Flush: entering phase 2 (starting to duplicate updates in new rowsets)
I0226 14:14:05.540205 31824 tablet.cc:1026] Flush Phase 2: carrying over any updates which arrived during Phase 1
I0226 14:14:05.540237 31824 tablet.cc:1027] Phase 2 snapshot: MvccSnapshot[committed={T|T < 35799 or (T in {35799,35802})}]
I0226 14:14:05.543934 31824 tablet.cc:1059] Flush successful on 22234 rows (562682 bytes)
I0226 14:14:05.544051 31824 maintenance_manager.cc:316] Time spent running FlushMRSOp(4f7cfc512add4259954702588be078ee): real 0.034s user 0.015s sys 0.004s
I0226 14:14:05.548849 31868 tablet.cc:573] Flush: entering stage 1 (old memrowset already frozen for inserts)
I0226 14:14:05.548866 31868 compaction.cc:552] Selected 1 rowsets to compact:
I0226 14:14:05.548874 31868 compaction.cc:555] memrowset(current size on disk: ~0 bytes)
I0226 14:14:05.548882 31868 tablet.cc:575] Memstore in-memory size: 4079383 bytes
I0226 14:14:05.548916 31868 tablet.cc:878] Flush: entering phase 1 (flushing snapshot). Phase 1 snapshot: MvccSnapshot[committed={T|T < 35842 or (T in {35842})}]
I0226 14:14:05.549127 31868 multi_column_writer.cc:71] Opened CFile writer for column rand_key[uint64 NOT NULL]
I0226 14:14:05.549286 31868 multi_column_writer.cc:71] Opened CFile writer for column link_to[uint64 NOT NULL]
I0226 14:14:05.549437 31868 multi_column_writer.cc:71] Opened CFile writer for column insert_ts[uint64 NOT NULL]
I0226 14:14:05.549599 31868 multi_column_writer.cc:71] Opened CFile writer for column updated[bool NOT NULL]
I0226 14:14:05.581574 31868 delta_tracker.cc:69] Successfully opened UNDO delta file 4754873a7c8b4233aef228379ecd4cb89439346238644d99a7399d770910672f
I0226 14:14:05.581603 31868 tablet.cc:964] Flush: entering phase 2 (starting to duplicate updates in new rowsets)
I0226 14:14:05.582296 31868 tablet.cc:1026] Flush Phase 2: carrying over any updates which arrived during Phase 1
I0226 14:14:05.582355 31868 tablet.cc:1027] Phase 2 snapshot: MvccSnapshot[committed={T|T < 35899 or (T in {35899,35902})}]
I0226 14:14:05.586403 31868 tablet.cc:1059] Flush successful on 22019 rows (557522 bytes)
I0226 14:14:05.586807 31868 maintenance_manager.cc:316] Time spent running FlushMRSOp(45b6ce48ba2f45c29e584a7aa3583646): real 0.039s user 0.017s sys 0.004s
I0226 14:14:05.590575 31911 tablet.cc:573] Flush: entering stage 1 (old memrowset already frozen for inserts)
I0226 14:14:05.590598 31911 compaction.cc:552] Selected 1 rowsets to compact:
I0226 14:14:05.590612 31911 compaction.cc:555] memrowset(current size on disk: ~0 bytes)
I0226 14:14:05.590623 31911 tablet.cc:575] Memstore in-memory size: 4079383 bytes
I0226 14:14:05.590634 31911 tablet.cc:878] Flush: entering phase 1 (flushing snapshot). Phase 1 snapshot: MvccSnapshot[committed={T|T < 35883 or (T in {35883})}]
I0226 14:14:05.590910 31911 multi_column_writer.cc:71] Opened CFile writer for column rand_key[uint64 NOT NULL]
I0226 14:14:05.591104 31911 multi_column_writer.cc:71] Opened CFile writer for column link_to[uint64 NOT NULL]
I0226 14:14:05.591388 31911 multi_column_writer.cc:71] Opened CFile writer for column insert_ts[uint64 NOT NULL]
I0226 14:14:05.591792 31911 multi_column_writer.cc:71] Opened CFile writer for column updated[bool NOT NULL]
I0226 14:14:05.624367 31911 delta_tracker.cc:69] Successfully opened UNDO delta file c022822f1b8842609cd6b5085a865f07be1f51446d304c4faa9826126186afa9
I0226 14:14:05.624436 31911 tablet.cc:964] Flush: entering phase 2 (starting to duplicate updates in new rowsets)
I0226 14:14:05.625260 31911 tablet.cc:1026] Flush Phase 2: carrying over any updates which arrived during Phase 1
I0226 14:14:05.625300 31911 tablet.cc:1027] Phase 2 snapshot: MvccSnapshot[committed={T|T < 35939 or (T in {35939,35942})}]
I0226 14:14:05.629087 31911 tablet.cc:1059] Flush successful on 27294 rows (688242 bytes)
I0226 14:14:05.629211 31911 maintenance_manager.cc:316] Time spent running FlushMRSOp(4f7cfc512add4259954702588be078ee): real 0.041s user 0.021s sys 0.005s
I0226 14:14:05.760006 31824 tablet.cc:573] Flush: entering stage 1 (old memrowset already frozen for inserts)
I0226 14:14:05.760033 31824 compaction.cc:552] Selected 1 rowsets to compact:
I0226 14:14:05.760047 31824 compaction.cc:555] memrowset(current size on disk: ~0 bytes)
I0226 14:14:05.760059 31824 tablet.cc:575] Memstore in-memory size: 4079383 bytes
I0226 14:14:05.760073 31824 tablet.cc:878] Flush: entering phase 1 (flushing snapshot). Phase 1 snapshot: MvccSnapshot[committed={T|T < 36200 or (T in {36200})}]
I0226 14:14:05.760293 32021 linked_list-test-util.h:284] Curling URL http://127.0.0.1:33148/jsonmetricz
I0226 14:14:05.760449 31824 multi_column_writer.cc:71] Opened CFile writer for column rand_key[uint64 NOT NULL]
I0226 14:14:05.760665 31824 multi_column_writer.cc:71] Opened CFile writer for column link_to[uint64 NOT NULL]
I0226 14:14:05.760869 31824 multi_column_writer.cc:71] Opened CFile writer for column insert_ts[uint64 NOT NULL]
I0226 14:14:05.761065 31824 multi_column_writer.cc:71] Opened CFile writer for column updated[bool NOT NULL]
I0226 14:14:05.791124 31824 delta_tracker.cc:69] Successfully opened UNDO delta file bb69a63fdcda45859fccd098bf46f03d094dd1389754432b93ffd8eb84d03c6a
I0226 14:14:05.791172 31824 tablet.cc:964] Flush: entering phase 2 (starting to duplicate updates in new rowsets)
I0226 14:14:05.791215 31824 tablet.cc:1026] Flush Phase 2: carrying over any updates which arrived during Phase 1
I0226 14:14:05.791244 31824 tablet.cc:1027] Phase 2 snapshot: MvccSnapshot[committed={T|T < 36252 or (T in {36252})}]
I0226 14:14:05.796967 31824 tablet.cc:1059] Flush successful on 21962 rows (556154 bytes)
I0226 14:14:05.797262 31824 maintenance_manager.cc:316] Time spent running FlushMRSOp(526e30884b1c484baad63449aba3cf31): real 0.037s user 0.015s sys 0.007s
I0226 14:14:05.799010 31868 tablet.cc:573] Flush: entering stage 1 (old memrowset already frozen for inserts)
I0226 14:14:05.799027 31868 compaction.cc:552] Selected 1 rowsets to compact:
I0226 14:14:05.799036 31868 compaction.cc:555] memrowset(current size on disk: ~0 bytes)
I0226 14:14:05.799043 31868 tablet.cc:575] Memstore in-memory size: 4079383 bytes
I0226 14:14:05.799052 31868 tablet.cc:878] Flush: entering phase 1 (flushing snapshot). Phase 1 snapshot: MvccSnapshot[committed={T|T < 36292 or (T in {36292})}]
I0226 14:14:05.799252 31868 multi_column_writer.cc:71] Opened CFile writer for column rand_key[uint64 NOT NULL]
I0226 14:14:05.799450 31868 multi_column_writer.cc:71] Opened CFile writer for column link_to[uint64 NOT NULL]
I0226 14:14:05.799651 31868 multi_column_writer.cc:71] Opened CFile writer for column insert_ts[uint64 NOT NULL]
I0226 14:14:05.799856 31868 multi_column_writer.cc:71] Opened CFile writer for column updated[bool NOT NULL]
I0226 14:14:05.834290 31868 delta_tracker.cc:69] Successfully opened UNDO delta file 4754873a7c8b4233aef228379ecd4cb8c7d9916d26184c619cbc48f4d82a745f
I0226 14:14:05.834355 31868 tablet.cc:964] Flush: entering phase 2 (starting to duplicate updates in new rowsets)
I0226 14:14:05.834399 31868 tablet.cc:1026] Flush Phase 2: carrying over any updates which arrived during Phase 1
I0226 14:14:05.834427 31868 tablet.cc:1027] Phase 2 snapshot: MvccSnapshot[committed={T|T < 36355 or (T in {36355})}]
I0226 14:14:05.837378 31868 tablet.cc:1059] Flush successful on 22291 rows (564050 bytes)
I0226 14:14:05.837498 31868 maintenance_manager.cc:316] Time spent running FlushMRSOp(4f7cfc512add4259954702588be078ee): real 0.039s user 0.017s sys 0.005s
I0226 14:14:05.839032 31911 tablet.cc:573] Flush: entering stage 1 (old memrowset already frozen for inserts)
I0226 14:14:05.839054 31911 compaction.cc:552] Selected 1 rowsets to compact:
I0226 14:14:05.839067 31911 compaction.cc:555] memrowset(current size on disk: ~0 bytes)
I0226 14:14:05.839078 31911 tablet.cc:575] Memstore in-memory size: 4079383 bytes
I0226 14:14:05.839092 31911 tablet.cc:878] Flush: entering phase 1 (flushing snapshot). Phase 1 snapshot: MvccSnapshot[committed={T|T < 36326 or (T in {36326})}]
I0226 14:14:05.839431 31911 multi_column_writer.cc:71] Opened CFile writer for column rand_key[uint64 NOT NULL]
I0226 14:14:05.839615 31911 multi_column_writer.cc:71] Opened CFile writer for column link_to[uint64 NOT NULL]
I0226 14:14:05.839772 31911 multi_column_writer.cc:71] Opened CFile writer for column insert_ts[uint64 NOT NULL]
I0226 14:14:05.839927 31911 multi_column_writer.cc:71] Opened CFile writer for column updated[bool NOT NULL]
I0226 14:14:05.872597 31911 delta_tracker.cc:69] Successfully opened UNDO delta file c022822f1b8842609cd6b5085a865f07495eb17e940349b78344b2eaf4034762
I0226 14:14:05.872643 31911 tablet.cc:964] Flush: entering phase 2 (starting to duplicate updates in new rowsets)
I0226 14:14:05.873474 31911 tablet.cc:1026] Flush Phase 2: carrying over any updates which arrived during Phase 1
I0226 14:14:05.873517 31911 tablet.cc:1027] Phase 2 snapshot: MvccSnapshot[committed={T|T < 36383 or (T in {36383,36386})}]
I0226 14:14:05.877383 31911 tablet.cc:1059] Flush successful on 24455 rows (620106 bytes)
I0226 14:14:05.877491 31911 maintenance_manager.cc:316] Time spent running FlushMRSOp(526e30884b1c484baad63449aba3cf31): real 0.039s user 0.019s sys 0.004s
I0226 14:14:06.010054 31824 tablet.cc:1081] Compaction: stage 1 complete, picked 4 rowsets to compact
I0226 14:14:06.010076 31824 compaction.cc:552] Selected 4 rowsets to compact:
I0226 14:14:06.010084 31824 compaction.cc:555] RowSet(10)(current size on disk: ~3677569 bytes)
I0226 14:14:06.010092 31824 compaction.cc:555] RowSet(11)(current size on disk: ~294701 bytes)
I0226 14:14:06.010099 31824 compaction.cc:555] RowSet(12)(current size on disk: ~362501 bytes)
I0226 14:14:06.010107 31824 compaction.cc:555] RowSet(13)(current size on disk: ~527481 bytes)
I0226 14:14:06.010117 31824 tablet.cc:878] Compaction: entering phase 1 (flushing snapshot). Phase 1 snapshot: MvccSnapshot[committed={T|T < 36651 or (T in {36651})}]
I0226 14:14:06.010419 31824 multi_column_writer.cc:71] Opened CFile writer for column rand_key[uint64 NOT NULL]
I0226 14:14:06.010622 31824 multi_column_writer.cc:71] Opened CFile writer for column link_to[uint64 NOT NULL]
I0226 14:14:06.010812 31824 multi_column_writer.cc:71] Opened CFile writer for column insert_ts[uint64 NOT NULL]
I0226 14:14:06.011057 31824 multi_column_writer.cc:71] Opened CFile writer for column updated[bool NOT NULL]
I0226 14:14:06.048374 31868 tablet.cc:1081] Compaction: stage 1 complete, picked 3 rowsets to compact
I0226 14:14:06.048399 31868 compaction.cc:552] Selected 3 rowsets to compact:
I0226 14:14:06.048413 31868 compaction.cc:555] RowSet(12)(current size on disk: ~3747841 bytes)
I0226 14:14:06.048426 31868 compaction.cc:555] RowSet(13)(current size on disk: ~416433 bytes)
I0226 14:14:06.048437 31868 compaction.cc:555] RowSet(14)(current size on disk: ~586857 bytes)
I0226 14:14:06.048465 31868 tablet.cc:878] Compaction: entering phase 1 (flushing snapshot). Phase 1 snapshot: MvccSnapshot[committed={T|T < 36738 or (T in {36738})}]
I0226 14:14:06.048774 31868 multi_column_writer.cc:71] Opened CFile writer for column rand_key[uint64 NOT NULL]
I0226 14:14:06.049013 31868 multi_column_writer.cc:71] Opened CFile writer for column link_to[uint64 NOT NULL]
I0226 14:14:06.049185 31868 multi_column_writer.cc:71] Opened CFile writer for column insert_ts[uint64 NOT NULL]
I0226 14:14:06.049350 31868 multi_column_writer.cc:71] Opened CFile writer for column updated[bool NOT NULL]
I0226 14:14:06.088769 31911 tablet.cc:1081] Compaction: stage 1 complete, picked 4 rowsets to compact
I0226 14:14:06.088793 31911 compaction.cc:552] Selected 4 rowsets to compact:
I0226 14:14:06.088809 31911 compaction.cc:555] RowSet(11)(current size on disk: ~3150453 bytes)
I0226 14:14:06.088820 31911 compaction.cc:555] RowSet(12)(current size on disk: ~535017 bytes)
I0226 14:14:06.088831 31911 compaction.cc:555] RowSet(13)(current size on disk: ~474777 bytes)
I0226 14:14:06.088842 31911 compaction.cc:555] RowSet(14)(current size on disk: ~655449 bytes)
I0226 14:14:06.088856 31911 tablet.cc:878] Compaction: entering phase 1 (flushing snapshot). Phase 1 snapshot: MvccSnapshot[committed={T|T < 36771 or (T in {36771})}]
I0226 14:14:06.089315 31911 multi_column_writer.cc:71] Opened CFile writer for column rand_key[uint64 NOT NULL]
I0226 14:14:06.089599 31911 multi_column_writer.cc:71] Opened CFile writer for column link_to[uint64 NOT NULL]
I0226 14:14:06.089818 31911 multi_column_writer.cc:71] Opened CFile writer for column insert_ts[uint64 NOT NULL]
I0226 14:14:06.090062 31911 multi_column_writer.cc:71] Opened CFile writer for column updated[bool NOT NULL]
I0226 14:14:06.351722 31824 delta_tracker.cc:69] Successfully opened UNDO delta file bb69a63fdcda45859fccd098bf46f03d9bf66e0bfa8643a0b9e3c9185442d6c0
I0226 14:14:06.351781 31824 tablet.cc:964] Compaction: entering phase 2 (starting to duplicate updates in new rowsets)
I0226 14:14:06.351829 31824 tablet.cc:1026] Compaction Phase 2: carrying over any updates which arrived during Phase 1
I0226 14:14:06.352210 31824 tablet.cc:1027] Phase 2 snapshot: MvccSnapshot[committed={T|T < 37189 or (T in {37189})}]
I0226 14:14:06.404253 31824 tablet.cc:1059] Compaction successful on 202514 rows (5108290 bytes)
I0226 14:14:06.409713 31824 maintenance_manager.cc:316] Time spent running CompactRowSetsOp(526e30884b1c484baad63449aba3cf31): real 0.400s user 0.176s sys 0.035s
I0226 14:14:06.421598 31868 delta_tracker.cc:69] Successfully opened UNDO delta file 4754873a7c8b4233aef228379ecd4cb8d5d8b6bb051a41d890c2d6178be3403f
I0226 14:14:06.421655 31868 tablet.cc:964] Compaction: entering phase 2 (starting to duplicate updates in new rowsets)
I0226 14:14:06.423383 31868 tablet.cc:1026] Compaction Phase 2: carrying over any updates which arrived during Phase 1
I0226 14:14:06.423416 31868 tablet.cc:1027] Phase 2 snapshot: MvccSnapshot[committed={T|T < 37323 or (T in {37323,37326,37329})}]
I0226 14:14:06.446359 31911 delta_tracker.cc:69] Successfully opened UNDO delta file c022822f1b8842609cd6b5085a865f07828a17f02faa403191c7a3ba9f6583f8
I0226 14:14:06.446424 31911 tablet.cc:964] Compaction: entering phase 2 (starting to duplicate updates in new rowsets)
I0226 14:14:06.446965 31911 tablet.cc:1026] Compaction Phase 2: carrying over any updates which arrived during Phase 1
I0226 14:14:06.447000 31911 tablet.cc:1027] Phase 2 snapshot: MvccSnapshot[committed={T|T < 37328 or (T in {37328,37333})}]
I0226 14:14:06.467005 31868 tablet.cc:1059] Compaction successful on 197900 rows (4989310 bytes)
I0226 14:14:06.467072 31868 maintenance_manager.cc:316] Time spent running CompactRowSetsOp(526e30884b1c484baad63449aba3cf31): real 0.419s user 0.201s sys 0.033s
I0226 14:14:06.487668 31911 tablet.cc:1059] Compaction successful on 200574 rows (5057610 bytes)
I0226 14:14:06.487717 31911 maintenance_manager.cc:316] Time spent running CompactRowSetsOp(4f7cfc512add4259954702588be078ee): real 0.399s user 0.219s sys 0.036s
I0226 14:14:06.510294 31824 tablet.cc:1081] Compaction: stage 1 complete, picked 4 rowsets to compact
I0226 14:14:06.510318 31824 compaction.cc:552] Selected 4 rowsets to compact:
I0226 14:14:06.510334 31824 compaction.cc:555] RowSet(11)(current size on disk: ~3192261 bytes)
I0226 14:14:06.510350 31824 compaction.cc:555] RowSet(12)(current size on disk: ~536025 bytes)
I0226 14:14:06.510373 31824 compaction.cc:555] RowSet(13)(current size on disk: ~534585 bytes)
I0226 14:14:06.510390 31824 compaction.cc:555] RowSet(14)(current size on disk: ~534009 bytes)
I0226 14:14:06.510401 31824 tablet.cc:878] Compaction: entering phase 1 (flushing snapshot). Phase 1 snapshot: MvccSnapshot[committed={T|T < 37448 or (T in {37448})}]
I0226 14:14:06.510653 31824 multi_column_writer.cc:71] Opened CFile writer for column rand_key[uint64 NOT NULL]
I0226 14:14:06.510885 31824 multi_column_writer.cc:71] Opened CFile writer for column link_to[uint64 NOT NULL]
I0226 14:14:06.511059 31824 multi_column_writer.cc:71] Opened CFile writer for column insert_ts[uint64 NOT NULL]
I0226 14:14:06.511283 31824 multi_column_writer.cc:71] Opened CFile writer for column updated[bool NOT NULL]
I0226 14:14:06.548569 31868 log_reader.cc:396] T 45b6ce48ba2f45c29e584a7aa3583646: removed 1 log segments from log reader
I0226 14:14:06.548606 31868 log.cc:623] Deleting log segment in path: /data1/test-tmp/linked_list-test.LinkedListTest.TestLoadAndVerify.1424988823668568-31780/linked-list-cluster/ts-1/wals/45b6ce48ba2f45c29e584a7aa3583646/wal-000000007 (GCed ops < 11931)
I0226 14:14:06.549182 31868 maintenance_manager.cc:316] Time spent running LogGCOp(45b6ce48ba2f45c29e584a7aa3583646): real 0.001s user 0.000s sys 0.000s
I0226 14:14:06.590301 31911 tablet.cc:573] Flush: entering stage 1 (old memrowset already frozen for inserts)
I0226 14:14:06.590327 31911 compaction.cc:552] Selected 1 rowsets to compact:
I0226 14:14:06.590348 31911 compaction.cc:555] memrowset(current size on disk: ~0 bytes)
I0226 14:14:06.590363 31911 tablet.cc:575] Memstore in-memory size: 2039575 bytes
I0226 14:14:06.590384 31911 tablet.cc:878] Flush: entering phase 1 (flushing snapshot). Phase 1 snapshot: MvccSnapshot[committed={T|T < 37575 or (T in {37575})}]
I0226 14:14:06.590679 31911 multi_column_writer.cc:71] Opened CFile writer for column rand_key[uint64 NOT NULL]
I0226 14:14:06.590859 31911 multi_column_writer.cc:71] Opened CFile writer for column link_to[uint64 NOT NULL]
I0226 14:14:06.591053 31911 multi_column_writer.cc:71] Opened CFile writer for column insert_ts[uint64 NOT NULL]
I0226 14:14:06.591212 31911 multi_column_writer.cc:71] Opened CFile writer for column updated[bool NOT NULL]
I0226 14:14:06.605815 31911 delta_tracker.cc:69] Successfully opened UNDO delta file c022822f1b8842609cd6b5085a865f07b327b7ae939c44e8af022c070c219795
I0226 14:14:06.605870 31911 tablet.cc:964] Flush: entering phase 2 (starting to duplicate updates in new rowsets)
I0226 14:14:06.607477 31911 tablet.cc:1026] Flush Phase 2: carrying over any updates which arrived during Phase 1
I0226 14:14:06.607501 31911 tablet.cc:1027] Phase 2 snapshot: MvccSnapshot[committed={T|T < 37587 or (T in {37587,37591})}]
I0226 14:14:06.609611 31911 tablet.cc:1059] Flush successful on 11969 rows (303962 bytes)
I0226 14:14:06.609675 31911 maintenance_manager.cc:316] Time spent running FlushMRSOp(45b6ce48ba2f45c29e584a7aa3583646): real 0.021s user 0.006s sys 0.006s
I0226 14:14:06.758167 31824 delta_tracker.cc:69] Successfully opened UNDO delta file bb69a63fdcda45859fccd098bf46f03d4a64ee5ff43247659454754d84dcdba9
I0226 14:14:06.758302 31824 tablet.cc:964] Compaction: entering phase 2 (starting to duplicate updates in new rowsets)
I0226 14:14:06.759112 31824 tablet.cc:1026] Compaction Phase 2: carrying over any updates which arrived during Phase 1
I0226 14:14:06.759153 31824 tablet.cc:1027] Phase 2 snapshot: MvccSnapshot[committed={T|T < 37868 or (T in {37868,37871})}]
I0226 14:14:06.760440 32021 linked_list-test-util.h:284] Curling URL http://127.0.0.1:33148/masterz
I0226 14:14:06.799368 31868 tablet.cc:573] Flush: entering stage 1 (old memrowset already frozen for inserts)
I0226 14:14:06.799386 31868 compaction.cc:552] Selected 1 rowsets to compact:
I0226 14:14:06.799396 31868 compaction.cc:555] memrowset(current size on disk: ~0 bytes)
I0226 14:14:06.799402 31868 tablet.cc:575] Memstore in-memory size: 2039575 bytes
I0226 14:14:06.799417 31868 tablet.cc:878] Flush: entering phase 1 (flushing snapshot). Phase 1 snapshot: MvccSnapshot[committed={T|T < 37969 or (T in {37969})}]
I0226 14:14:06.799765 31868 multi_column_writer.cc:71] Opened CFile writer for column rand_key[uint64 NOT NULL]
I0226 14:14:06.800010 31868 multi_column_writer.cc:71] Opened CFile writer for column link_to[uint64 NOT NULL]
I0226 14:14:06.800259 31868 multi_column_writer.cc:71] Opened CFile writer for column insert_ts[uint64 NOT NULL]
I0226 14:14:06.800434 31868 multi_column_writer.cc:71] Opened CFile writer for column updated[bool NOT NULL]
I0226 14:14:06.802572 31824 tablet.cc:1059] Compaction successful on 199790 rows (5038794 bytes)
I0226 14:14:06.809732 31824 maintenance_manager.cc:316] Time spent running CompactRowSetsOp(4f7cfc512add4259954702588be078ee): real 0.299s user 0.170s sys 0.036s
I0226 14:14:06.824594 31868 delta_tracker.cc:69] Successfully opened UNDO delta file 4754873a7c8b4233aef228379ecd4cb85a1f621110814121963740906d5cfe53
I0226 14:14:06.824638 31868 tablet.cc:964] Flush: entering phase 2 (starting to duplicate updates in new rowsets)
I0226 14:14:06.824687 31868 tablet.cc:1026] Flush Phase 2: carrying over any updates which arrived during Phase 1
I0226 14:14:06.824715 31868 tablet.cc:1027] Phase 2 snapshot: MvccSnapshot[committed={T|T < 38013 or (T in {38013})}]
I0226 14:14:06.827165 31868 tablet.cc:1059] Flush successful on 11767 rows (299114 bytes)
I0226 14:14:06.828562 31868 maintenance_manager.cc:316] Time spent running FlushMRSOp(45b6ce48ba2f45c29e584a7aa3583646): real 0.030s user 0.007s sys 0.009s
I0226 14:14:06.840204 31911 tablet.cc:573] Flush: entering stage 1 (old memrowset already frozen for inserts)
I0226 14:14:06.840220 31911 compaction.cc:552] Selected 1 rowsets to compact:
I0226 14:14:06.840229 31911 compaction.cc:555] memrowset(current size on disk: ~0 bytes)
I0226 14:14:06.840237 31911 tablet.cc:575] Memstore in-memory size: 2039575 bytes
I0226 14:14:06.840252 31911 tablet.cc:878] Flush: entering phase 1 (flushing snapshot). Phase 1 snapshot: MvccSnapshot[committed={T|T < 38005 or (T in {38005})}]
I0226 14:14:06.840512 31911 multi_column_writer.cc:71] Opened CFile writer for column rand_key[uint64 NOT NULL]
I0226 14:14:06.840682 31911 multi_column_writer.cc:71] Opened CFile writer for column link_to[uint64 NOT NULL]
I0226 14:14:06.840865 31911 multi_column_writer.cc:71] Opened CFile writer for column insert_ts[uint64 NOT NULL]
I0226 14:14:06.841042 31911 multi_column_writer.cc:71] Opened CFile writer for column updated[bool NOT NULL]
I0226 14:14:06.865649 31911 delta_tracker.cc:69] Successfully opened UNDO delta file c022822f1b8842609cd6b5085a865f072b0cefe4734f4b478d257212808d1e41
I0226 14:14:06.865756 31911 tablet.cc:964] Flush: entering phase 2 (starting to duplicate updates in new rowsets)
I0226 14:14:06.866858 31911 tablet.cc:1026] Flush Phase 2: carrying over any updates which arrived during Phase 1
I0226 14:14:06.866904 31911 tablet.cc:1027] Phase 2 snapshot: MvccSnapshot[committed={T|T < 38050 or (T in {38050,38053})}]
I0226 14:14:06.869407 31911 tablet.cc:1059] Flush successful on 11877 rows (301754 bytes)
I0226 14:14:06.869510 31911 maintenance_manager.cc:316] Time spent running FlushMRSOp(4f7cfc512add4259954702588be078ee): real 0.030s user 0.006s sys 0.007s
I0226 14:14:06.905859 31988 log.cc:415] Max segment size reached. Starting new segment allocation.
I0226 14:14:06.907215 31988 log.cc:306] Rolled over to a new segment: /data1/test-tmp/linked_list-test.LinkedListTest.TestLoadAndVerify.1424988823668568-31780/linked-list-cluster/ts-2/wals/526e30884b1c484baad63449aba3cf31/wal-000000010
I0226 14:14:06.913219 31984 log.cc:415] Max segment size reached. Starting new segment allocation.
I0226 14:14:06.915058 31984 log.cc:306] Rolled over to a new segment: /data1/test-tmp/linked_list-test.LinkedListTest.TestLoadAndVerify.1424988823668568-31780/linked-list-cluster/ts-1/wals/4f7cfc512add4259954702588be078ee/wal-000000010
I0226 14:14:06.915150 31982 log.cc:415] Max segment size reached. Starting new segment allocation.
I0226 14:14:06.915232 31996 log.cc:415] Max segment size reached. Starting new segment allocation.
I0226 14:14:06.917908 31982 log.cc:306] Rolled over to a new segment: /data1/test-tmp/linked_list-test.LinkedListTest.TestLoadAndVerify.1424988823668568-31780/linked-list-cluster/ts-2/wals/4f7cfc512add4259954702588be078ee/wal-000000010
I0226 14:14:06.918346 31996 log.cc:306] Rolled over to a new segment: /data1/test-tmp/linked_list-test.LinkedListTest.TestLoadAndVerify.1424988823668568-31780/linked-list-cluster/ts-0/wals/4f7cfc512add4259954702588be078ee/wal-000000010
I0226 14:14:06.923768 31983 log.cc:415] Max segment size reached. Starting new segment allocation.
I0226 14:14:06.923910 31997 log.cc:415] Max segment size reached. Starting new segment allocation.
I0226 14:14:06.923954 31980 log.cc:415] Max segment size reached. Starting new segment allocation.
I0226 14:14:06.923977 31981 log.cc:415] Max segment size reached. Starting new segment allocation.
I0226 14:14:06.924332 31985 log.cc:415] Max segment size reached. Starting new segment allocation.
I0226 14:14:06.924980 31983 log.cc:306] Rolled over to a new segment: /data1/test-tmp/linked_list-test.LinkedListTest.TestLoadAndVerify.1424988823668568-31780/linked-list-cluster/ts-1/wals/45b6ce48ba2f45c29e584a7aa3583646/wal-000000010
I0226 14:14:06.925806 31997 log.cc:306] Rolled over to a new segment: /data1/test-tmp/linked_list-test.LinkedListTest.TestLoadAndVerify.1424988823668568-31780/linked-list-cluster/ts-0/wals/526e30884b1c484baad63449aba3cf31/wal-000000010
I0226 14:14:06.925943 31980 log.cc:306] Rolled over to a new segment: /data1/test-tmp/linked_list-test.LinkedListTest.TestLoadAndVerify.1424988823668568-31780/linked-list-cluster/ts-2/wals/45b6ce48ba2f45c29e584a7aa3583646/wal-000000010
I0226 14:14:06.926326 31985 log.cc:306] Rolled over to a new segment: /data1/test-tmp/linked_list-test.LinkedListTest.TestLoadAndVerify.1424988823668568-31780/linked-list-cluster/ts-1/wals/526e30884b1c484baad63449aba3cf31/wal-000000010
I0226 14:14:06.926409 31981 log.cc:306] Rolled over to a new segment: /data1/test-tmp/linked_list-test.LinkedListTest.TestLoadAndVerify.1424988823668568-31780/linked-list-cluster/ts-0/wals/45b6ce48ba2f45c29e584a7aa3583646/wal-000000010
I0226 14:14:07.010586 31824 log_reader.cc:396] T 4f7cfc512add4259954702588be078ee: removed 1 log segments from log reader
I0226 14:14:07.010610 31824 log.cc:623] Deleting log segment in path: /data1/test-tmp/linked_list-test.LinkedListTest.TestLoadAndVerify.1424988823668568-31780/linked-list-cluster/ts-0/wals/4f7cfc512add4259954702588be078ee/wal-000000008 (GCed ops < 11918)
I0226 14:14:07.011229 31824 maintenance_manager.cc:316] Time spent running LogGCOp(4f7cfc512add4259954702588be078ee): real 0.001s user 0.000s sys 0.000s
I0226 14:14:07.048877 31868 log_reader.cc:396] T 4f7cfc512add4259954702588be078ee: removed 2 log segments from log reader
I0226 14:14:07.048894 31868 log.cc:623] Deleting log segment in path: /data1/test-tmp/linked_list-test.LinkedListTest.TestLoadAndVerify.1424988823668568-31780/linked-list-cluster/ts-1/wals/4f7cfc512add4259954702588be078ee/wal-000000007 (GCed ops < 12090)
I0226 14:14:07.048929 31868 log.cc:623] Deleting log segment in path: /data1/test-tmp/linked_list-test.LinkedListTest.TestLoadAndVerify.1424988823668568-31780/linked-list-cluster/ts-1/wals/4f7cfc512add4259954702588be078ee/wal-000000008 (GCed ops < 12090)
I0226 14:14:07.049931 31868 maintenance_manager.cc:316] Time spent running LogGCOp(4f7cfc512add4259954702588be078ee): real 0.001s user 0.000s sys 0.001s
I0226 14:14:07.089228 31911 log_reader.cc:396] T 4f7cfc512add4259954702588be078ee: removed 1 log segments from log reader
I0226 14:14:07.089249 31911 log.cc:623] Deleting log segment in path: /data1/test-tmp/linked_list-test.LinkedListTest.TestLoadAndVerify.1424988823668568-31780/linked-list-cluster/ts-2/wals/4f7cfc512add4259954702588be078ee/wal-000000008 (GCed ops < 12673)
I0226 14:14:07.089833 31911 maintenance_manager.cc:316] Time spent running LogGCOp(4f7cfc512add4259954702588be078ee): real 0.001s user 0.000s sys 0.001s
I0226 14:14:07.260614 31824 log_reader.cc:396] T 45b6ce48ba2f45c29e584a7aa3583646: removed 1 log segments from log reader
I0226 14:14:07.260637 31824 log.cc:623] Deleting log segment in path: /data1/test-tmp/linked_list-test.LinkedListTest.TestLoadAndVerify.1424988823668568-31780/linked-list-cluster/ts-0/wals/45b6ce48ba2f45c29e584a7aa3583646/wal-000000008 (GCed ops < 11758)
I0226 14:14:07.261178 31824 maintenance_manager.cc:316] Time spent running LogGCOp(45b6ce48ba2f45c29e584a7aa3583646): real 0.001s user 0.000s sys 0.000s
I0226 14:14:07.299046 31868 log_reader.cc:396] T 526e30884b1c484baad63449aba3cf31: removed 1 log segments from log reader
I0226 14:14:07.299067 31868 log.cc:623] Deleting log segment in path: /data1/test-tmp/linked_list-test.LinkedListTest.TestLoadAndVerify.1424988823668568-31780/linked-list-cluster/ts-1/wals/526e30884b1c484baad63449aba3cf31/wal-000000008 (GCed ops < 11788)
I0226 14:14:07.299605 31868 maintenance_manager.cc:316] Time spent running LogGCOp(526e30884b1c484baad63449aba3cf31): real 0.001s user 0.000s sys 0.001s
I0226 14:14:07.339419 31911 log_reader.cc:396] T 45b6ce48ba2f45c29e584a7aa3583646: removed 1 log segments from log reader
I0226 14:14:07.339437 31911 log.cc:623] Deleting log segment in path: /data1/test-tmp/linked_list-test.LinkedListTest.TestLoadAndVerify.1424988823668568-31780/linked-list-cluster/ts-2/wals/45b6ce48ba2f45c29e584a7aa3583646/wal-000000008 (GCed ops < 12520)
I0226 14:14:07.339936 31911 maintenance_manager.cc:316] Time spent running LogGCOp(45b6ce48ba2f45c29e584a7aa3583646): real 0.001s user 0.000s sys 0.001s
I0226 14:14:07.510753 31824 log_reader.cc:396] T 526e30884b1c484baad63449aba3cf31: removed 1 log segments from log reader
I0226 14:14:07.510781 31824 log.cc:623] Deleting log segment in path: /data1/test-tmp/linked_list-test.LinkedListTest.TestLoadAndVerify.1424988823668568-31780/linked-list-cluster/ts-0/wals/526e30884b1c484baad63449aba3cf31/wal-000000008 (GCed ops < 12065)
I0226 14:14:07.511387 31824 maintenance_manager.cc:316] Time spent running LogGCOp(526e30884b1c484baad63449aba3cf31): real 0.001s user 0.000s sys 0.001s
I0226 14:14:07.549109 31868 log_reader.cc:396] T 45b6ce48ba2f45c29e584a7aa3583646: removed 1 log segments from log reader
I0226 14:14:07.549129 31868 log.cc:623] Deleting log segment in path: /data1/test-tmp/linked_list-test.LinkedListTest.TestLoadAndVerify.1424988823668568-31780/linked-list-cluster/ts-1/wals/45b6ce48ba2f45c29e584a7aa3583646/wal-000000008 (GCed ops < 12640)
I0226 14:14:07.549564 31868 maintenance_manager.cc:316] Time spent running LogGCOp(45b6ce48ba2f45c29e584a7aa3583646): real 0.000s user 0.000s sys 0.000s
I0226 14:14:07.589560 31911 log_reader.cc:396] T 526e30884b1c484baad63449aba3cf31: removed 1 log segments from log reader
I0226 14:14:07.589582 31911 log.cc:623] Deleting log segment in path: /data1/test-tmp/linked_list-test.LinkedListTest.TestLoadAndVerify.1424988823668568-31780/linked-list-cluster/ts-2/wals/526e30884b1c484baad63449aba3cf31/wal-000000008 (GCed ops < 12110)
I0226 14:14:07.590026 31911 maintenance_manager.cc:316] Time spent running LogGCOp(526e30884b1c484baad63449aba3cf31): real 0.000s user 0.000s sys 0.000s
I0226 14:14:07.760598 32021 linked_list-test-util.h:284] Curling URL http://127.0.0.1:33148/tablez
I0226 14:14:07.762331 31824 tablet.cc:573] Flush: entering stage 1 (old memrowset already frozen for inserts)
I0226 14:14:07.762356 31824 compaction.cc:552] Selected 1 rowsets to compact:
I0226 14:14:07.762373 31824 compaction.cc:555] memrowset(current size on disk: ~0 bytes)
I0226 14:14:07.762389 31824 tablet.cc:575] Memstore in-memory size: 4079383 bytes
I0226 14:14:07.762409 31824 tablet.cc:878] Flush: entering phase 1 (flushing snapshot). Phase 1 snapshot: MvccSnapshot[committed={T|T < 39731 or (T in {39731})}]
I0226 14:14:07.762701 31824 multi_column_writer.cc:71] Opened CFile writer for column rand_key[uint64 NOT NULL]
I0226 14:14:07.762892 31824 multi_column_writer.cc:71] Opened CFile writer for column link_to[uint64 NOT NULL]
I0226 14:14:07.763092 31824 multi_column_writer.cc:71] Opened CFile writer for column insert_ts[uint64 NOT NULL]
I0226 14:14:07.763255 31824 multi_column_writer.cc:71] Opened CFile writer for column updated[bool NOT NULL]
I0226 14:14:07.798559 31824 delta_tracker.cc:69] Successfully opened UNDO delta file bb69a63fdcda45859fccd098bf46f03d2933651c801d422a91063fa58a921501
I0226 14:14:07.798588 31824 tablet.cc:964] Flush: entering phase 2 (starting to duplicate updates in new rowsets)
I0226 14:14:07.799332 31824 tablet.cc:1026] Flush Phase 2: carrying over any updates which arrived during Phase 1
I0226 14:14:07.799439 31824 tablet.cc:1027] Phase 2 snapshot: MvccSnapshot[committed={T|T < 39790 or (T in {39790,39793})}]
I0226 14:14:07.800915 31868 tablet.cc:573] Flush: entering stage 1 (old memrowset already frozen for inserts)
I0226 14:14:07.800937 31868 compaction.cc:552] Selected 1 rowsets to compact:
I0226 14:14:07.800957 31868 compaction.cc:555] memrowset(current size on disk: ~0 bytes)
I0226 14:14:07.800971 31868 tablet.cc:575] Memstore in-memory size: 4079383 bytes
I0226 14:14:07.801385 31868 tablet.cc:878] Flush: entering phase 1 (flushing snapshot). Phase 1 snapshot: MvccSnapshot[committed={T|T < 39823 or (T in {39823})}]
I0226 14:14:07.801620 31868 multi_column_writer.cc:71] Opened CFile writer for column rand_key[uint64 NOT NULL]
I0226 14:14:07.801803 31868 multi_column_writer.cc:71] Opened CFile writer for column link_to[uint64 NOT NULL]
I0226 14:14:07.802008 31868 multi_column_writer.cc:71] Opened CFile writer for column insert_ts[uint64 NOT NULL]
I0226 14:14:07.802181 31868 multi_column_writer.cc:71] Opened CFile writer for column updated[bool NOT NULL]
I0226 14:14:07.802544 31824 tablet.cc:1059] Flush successful on 24709 rows (626202 bytes)
I0226 14:14:07.802654 31824 maintenance_manager.cc:316] Time spent running FlushMRSOp(45b6ce48ba2f45c29e584a7aa3583646): real 0.042s user 0.017s sys 0.006s
I0226 14:14:07.830728 31868 delta_tracker.cc:69] Successfully opened UNDO delta file 4754873a7c8b4233aef228379ecd4cb85e3a27751242438a920c8da7dcf02d9a
I0226 14:14:07.830790 31868 tablet.cc:964] Flush: entering phase 2 (starting to duplicate updates in new rowsets)
I0226 14:14:07.832258 31868 tablet.cc:1026] Flush Phase 2: carrying over any updates which arrived during Phase 1
I0226 14:14:07.832300 31868 tablet.cc:1027] Phase 2 snapshot: MvccSnapshot[committed={T|T < 39874 or (T in {39874,39877})}]
I0226 14:14:07.835369 31868 tablet.cc:1059] Flush successful on 24664 rows (625122 bytes)
I0226 14:14:07.835429 31868 maintenance_manager.cc:316] Time spent running FlushMRSOp(526e30884b1c484baad63449aba3cf31): real 0.036s user 0.022s sys 0.003s
I0226 14:14:07.840806 31911 tablet.cc:573] Flush: entering stage 1 (old memrowset already frozen for inserts)
I0226 14:14:07.840827 31911 compaction.cc:552] Selected 1 rowsets to compact:
I0226 14:14:07.840839 31911 compaction.cc:555] memrowset(current size on disk: ~0 bytes)
I0226 14:14:07.840850 31911 tablet.cc:575] Memstore in-memory size: 2039575 bytes
I0226 14:14:07.840864 31911 tablet.cc:878] Flush: entering phase 1 (flushing snapshot). Phase 1 snapshot: MvccSnapshot[committed={T|T < 39856 or (T in {39856})}]
I0226 14:14:07.841136 31911 multi_column_writer.cc:71] Opened CFile writer for column rand_key[uint64 NOT NULL]
I0226 14:14:07.841351 31911 multi_column_writer.cc:71] Opened CFile writer for column link_to[uint64 NOT NULL]
I0226 14:14:07.841521 31911 multi_column_writer.cc:71] Opened CFile writer for column insert_ts[uint64 NOT NULL]
I0226 14:14:07.841681 31911 multi_column_writer.cc:71] Opened CFile writer for column updated[bool NOT NULL]
I0226 14:14:07.857648 31911 delta_tracker.cc:69] Successfully opened UNDO delta file c022822f1b8842609cd6b5085a865f07028dfca7b7c14cfab20371050ec038da
I0226 14:14:07.857692 31911 tablet.cc:964] Flush: entering phase 2 (starting to duplicate updates in new rowsets)
I0226 14:14:07.858274 31911 tablet.cc:1026] Flush Phase 2: carrying over any updates which arrived during Phase 1
I0226 14:14:07.858316 31911 tablet.cc:1027] Phase 2 snapshot: MvccSnapshot[committed={T|T < 39882 or (T in {39882,39885})}]
I0226 14:14:07.860625 31911 tablet.cc:1059] Flush successful on 12652 rows (320354 bytes)
I0226 14:14:07.860796 31911 maintenance_manager.cc:316] Time spent running FlushMRSOp(45b6ce48ba2f45c29e584a7aa3583646): real 0.021s user 0.011s sys 0.003s
I0226 14:14:08.012776 31824 tablet.cc:573] Flush: entering stage 1 (old memrowset already frozen for inserts)
I0226 14:14:08.012804 31824 compaction.cc:552] Selected 1 rowsets to compact:
