I0226 14:14:17.053843 32307 tablet_bootstrap.cc:509] Will attempt to recover log segment: /data1/test-tmp/linked_list-test.LinkedListTest.TestLoadAndVerify.1424988823668568-31780/linked-list-cluster/ts-2/wals/526e30884b1c484baad63449aba3cf31/wal-000000012 to: /data1/test-tmp/linked_list-test.LinkedListTest.TestLoadAndVerify.1424988823668568-31780/linked-list-cluster/ts-2/wals/526e30884b1c484baad63449aba3cf31.recovery/wal-000000012
I0226 14:14:17.053864 32307 tablet_bootstrap.cc:509] Will attempt to recover log segment: /data1/test-tmp/linked_list-test.LinkedListTest.TestLoadAndVerify.1424988823668568-31780/linked-list-cluster/ts-2/wals/526e30884b1c484baad63449aba3cf31/wal-000000013 to: /data1/test-tmp/linked_list-test.LinkedListTest.TestLoadAndVerify.1424988823668568-31780/linked-list-cluster/ts-2/wals/526e30884b1c484baad63449aba3cf31.recovery/wal-000000013
I0226 14:14:17.053994 32307 tablet_bootstrap.cc:519] Moved log directory: /data1/test-tmp/linked_list-test.LinkedListTest.TestLoadAndVerify.1424988823668568-31780/linked-list-cluster/ts-2/wals/526e30884b1c484baad63449aba3cf31 to recovery directory: /data1/test-tmp/linked_list-test.LinkedListTest.TestLoadAndVerify.1424988823668568-31780/linked-list-cluster/ts-2/wals/526e30884b1c484baad63449aba3cf31.recovery
I0226 14:14:17.055680 32309 tablet_bootstrap.cc:290] Tablet 45b6ce48ba2f45c29e584a7aa3583646: Bootstrap starting.
W0226 14:14:17.056116 32307 log_util.cc:147] Could not read footer for segment: /data1/test-tmp/linked_list-test.LinkedListTest.TestLoadAndVerify.1424988823668568-31780/linked-list-cluster/ts-2/wals/526e30884b1c484baad63449aba3cf31.recovery/wal-000000013. Status: Not found: Footer not found. Footer magic doesn't match
W0226 14:14:17.056133 32307 log_reader.cc:136] Segment: /data1/test-tmp/linked_list-test.LinkedListTest.TestLoadAndVerify.1424988823668568-31780/linked-list-cluster/ts-2/wals/526e30884b1c484baad63449aba3cf31.recovery/wal-000000013 was likely left in-progress after a previous crash. Will try to rebuild footer by scanning data
I0226 14:14:17.056489 32309 delta_tracker.cc:69] Successfully opened UNDO delta file c022822f1b8842609cd6b5085a865f07f843e5c5e3304f92996a5955390e0c79
I0226 14:14:17.056902 32309 delta_tracker.cc:69] Successfully opened UNDO delta file c022822f1b8842609cd6b5085a865f073949c2d1dd2c4964a0ba5df6c9db50db
I0226 14:14:17.057011 32309 tablet_bootstrap.cc:509] Will attempt to recover log segment: /data1/test-tmp/linked_list-test.LinkedListTest.TestLoadAndVerify.1424988823668568-31780/linked-list-cluster/ts-2/wals/45b6ce48ba2f45c29e584a7aa3583646/wal-000000012 to: /data1/test-tmp/linked_list-test.LinkedListTest.TestLoadAndVerify.1424988823668568-31780/linked-list-cluster/ts-2/wals/45b6ce48ba2f45c29e584a7aa3583646.recovery/wal-000000012
I0226 14:14:17.057029 32309 tablet_bootstrap.cc:509] Will attempt to recover log segment: /data1/test-tmp/linked_list-test.LinkedListTest.TestLoadAndVerify.1424988823668568-31780/linked-list-cluster/ts-2/wals/45b6ce48ba2f45c29e584a7aa3583646/wal-000000013 to: /data1/test-tmp/linked_list-test.LinkedListTest.TestLoadAndVerify.1424988823668568-31780/linked-list-cluster/ts-2/wals/45b6ce48ba2f45c29e584a7aa3583646.recovery/wal-000000013
I0226 14:14:17.057075 32309 tablet_bootstrap.cc:519] Moved log directory: /data1/test-tmp/linked_list-test.LinkedListTest.TestLoadAndVerify.1424988823668568-31780/linked-list-cluster/ts-2/wals/45b6ce48ba2f45c29e584a7aa3583646 to recovery directory: /data1/test-tmp/linked_list-test.LinkedListTest.TestLoadAndVerify.1424988823668568-31780/linked-list-cluster/ts-2/wals/45b6ce48ba2f45c29e584a7aa3583646.recovery
W0226 14:14:17.057332 32309 log_util.cc:147] Could not read footer for segment: /data1/test-tmp/linked_list-test.LinkedListTest.TestLoadAndVerify.1424988823668568-31780/linked-list-cluster/ts-2/wals/45b6ce48ba2f45c29e584a7aa3583646.recovery/wal-000000013. Status: Not found: Footer not found. Footer magic doesn't match
W0226 14:14:17.057348 32309 log_reader.cc:136] Segment: /data1/test-tmp/linked_list-test.LinkedListTest.TestLoadAndVerify.1424988823668568-31780/linked-list-cluster/ts-2/wals/45b6ce48ba2f45c29e584a7aa3583646.recovery/wal-000000013 was likely left in-progress after a previous crash. Will try to rebuild footer by scanning data
I0226 14:14:17.066831 32306 delta_tracker.cc:69] Successfully opened UNDO delta file c022822f1b8842609cd6b5085a865f07f6746cee6bdd4ebd9ce113c25dfb6d4e
I0226 14:14:17.067384 32306 delta_tracker.cc:69] Successfully opened UNDO delta file c022822f1b8842609cd6b5085a865f07715ca9a66a104ff88fcfe1256c11002f
I0226 14:14:17.067513 32306 tablet_bootstrap.cc:509] Will attempt to recover log segment: /data1/test-tmp/linked_list-test.LinkedListTest.TestLoadAndVerify.1424988823668568-31780/linked-list-cluster/ts-2/wals/4f7cfc512add4259954702588be078ee/wal-000000012 to: /data1/test-tmp/linked_list-test.LinkedListTest.TestLoadAndVerify.1424988823668568-31780/linked-list-cluster/ts-2/wals/4f7cfc512add4259954702588be078ee.recovery/wal-000000012
I0226 14:14:17.067535 32306 tablet_bootstrap.cc:509] Will attempt to recover log segment: /data1/test-tmp/linked_list-test.LinkedListTest.TestLoadAndVerify.1424988823668568-31780/linked-list-cluster/ts-2/wals/4f7cfc512add4259954702588be078ee/wal-000000013 to: /data1/test-tmp/linked_list-test.LinkedListTest.TestLoadAndVerify.1424988823668568-31780/linked-list-cluster/ts-2/wals/4f7cfc512add4259954702588be078ee.recovery/wal-000000013
I0226 14:14:17.067586 32306 tablet_bootstrap.cc:519] Moved log directory: /data1/test-tmp/linked_list-test.LinkedListTest.TestLoadAndVerify.1424988823668568-31780/linked-list-cluster/ts-2/wals/4f7cfc512add4259954702588be078ee to recovery directory: /data1/test-tmp/linked_list-test.LinkedListTest.TestLoadAndVerify.1424988823668568-31780/linked-list-cluster/ts-2/wals/4f7cfc512add4259954702588be078ee.recovery
W0226 14:14:17.067906 32306 log_util.cc:147] Could not read footer for segment: /data1/test-tmp/linked_list-test.LinkedListTest.TestLoadAndVerify.1424988823668568-31780/linked-list-cluster/ts-2/wals/4f7cfc512add4259954702588be078ee.recovery/wal-000000013. Status: Not found: Footer not found. Footer magic doesn't match
W0226 14:14:17.067926 32306 log_reader.cc:136] Segment: /data1/test-tmp/linked_list-test.LinkedListTest.TestLoadAndVerify.1424988823668568-31780/linked-list-cluster/ts-2/wals/4f7cfc512add4259954702588be078ee.recovery/wal-000000013 was likely left in-progress after a previous crash. Will try to rebuild footer by scanning data
I0226 14:14:17.080703 32307 log_util.cc:468] Scanning /data1/test-tmp/linked_list-test.LinkedListTest.TestLoadAndVerify.1424988823668568-31780/linked-list-cluster/ts-2/wals/526e30884b1c484baad63449aba3cf31.recovery/wal-000000013 for valid entry headers following offset 699830...
I0226 14:14:17.081553 32309 log_util.cc:468] Scanning /data1/test-tmp/linked_list-test.LinkedListTest.TestLoadAndVerify.1424988823668568-31780/linked-list-cluster/ts-2/wals/45b6ce48ba2f45c29e584a7aa3583646.recovery/wal-000000013 for valid entry headers following offset 698941...
I0226 14:14:17.081609 32307 log_util.cc:505] Found no log entry headers
I0226 14:14:17.081629 32307 log_util.cc:437] Ignoring corruption Corruption: CRC mismatch in log header: Log file corrupted. Failed trying to read batch #1877 at offset 699818 for segment at /data1/test-tmp/linked_list-test.LinkedListTest.TestLoadAndVerify.1424988823668568-31780/linked-list-cluster/ts-2/wals/526e30884b1c484baad63449aba3cf31.recovery/wal-000000013. Prior batch offsets: 698958 699542 699683 699818: there were no further log entries following this one, so likely the log was truncated during writing
I0226 14:14:17.081703 32307 log_util.cc:197] Successfully rebuilt footer for segment: /data1/test-tmp/linked_list-test.LinkedListTest.TestLoadAndVerify.1424988823668568-31780/linked-list-cluster/ts-2/wals/526e30884b1c484baad63449aba3cf31.recovery/wal-000000013 (valid entries through byte offset 699818)
I0226 14:14:17.082773 32309 log_util.cc:505] Found no log entry headers
I0226 14:14:17.082813 32309 log_util.cc:437] Ignoring corruption Corruption: CRC mismatch in log header: Log file corrupted. Failed trying to read batch #1886 at offset 698929 for segment at /data1/test-tmp/linked_list-test.LinkedListTest.TestLoadAndVerify.1424988823668568-31780/linked-list-cluster/ts-2/wals/45b6ce48ba2f45c29e584a7aa3583646.recovery/wal-000000013. Prior batch offsets: 697995 698631 698780 698929: there were no further log entries following this one, so likely the log was truncated during writing
I0226 14:14:17.082911 32309 log_util.cc:197] Successfully rebuilt footer for segment: /data1/test-tmp/linked_list-test.LinkedListTest.TestLoadAndVerify.1424988823668568-31780/linked-list-cluster/ts-2/wals/45b6ce48ba2f45c29e584a7aa3583646.recovery/wal-000000013 (valid entries through byte offset 698929)
I0226 14:14:17.087338 32309 log.cc:257] Log is configured to *not* fsync() on all Append() calls
I0226 14:14:17.091101 32306 log_util.cc:468] Scanning /data1/test-tmp/linked_list-test.LinkedListTest.TestLoadAndVerify.1424988823668568-31780/linked-list-cluster/ts-2/wals/4f7cfc512add4259954702588be078ee.recovery/wal-000000013 for valid entry headers following offset 708679...
I0226 14:14:17.091819 32306 log_util.cc:505] Found no log entry headers
I0226 14:14:17.091862 32306 log_util.cc:437] Ignoring corruption Corruption: CRC mismatch in log header: Log file corrupted. Failed trying to read batch #1899 at offset 708667 for segment at /data1/test-tmp/linked_list-test.LinkedListTest.TestLoadAndVerify.1424988823668568-31780/linked-list-cluster/ts-2/wals/4f7cfc512add4259954702588be078ee.recovery/wal-000000013. Prior batch offsets: 707819 708403 708532 708667: there were no further log entries following this one, so likely the log was truncated during writing
I0226 14:14:17.091925 32306 log_util.cc:197] Successfully rebuilt footer for segment: /data1/test-tmp/linked_list-test.LinkedListTest.TestLoadAndVerify.1424988823668568-31780/linked-list-cluster/ts-2/wals/4f7cfc512add4259954702588be078ee.recovery/wal-000000013 (valid entries through byte offset 708667)
I0226 14:14:17.131801 32199 tablet_bootstrap.cc:290] Tablet 4f7cfc512add4259954702588be078ee: Bootstrap replayed 1/2 log segments. Stats: ops{read=1405 overwritten=0 applied=1404} inserts{seen=23691 ignored=23691} mutations{seen=0 ignored=0} orphaned_commits=1. Pending: 1 replicates
I0226 14:14:17.143059 32200 tablet_bootstrap.cc:290] Tablet 45b6ce48ba2f45c29e584a7aa3583646: Bootstrap replayed 1/2 log segments. Stats: ops{read=1413 overwritten=0 applied=1412} inserts{seen=23650 ignored=23650} mutations{seen=0 ignored=0} orphaned_commits=1. Pending: 1 replicates
I0226 14:14:17.150117 32199 log.cc:415] Max segment size reached. Starting new segment allocation.
I0226 14:14:17.150902 32199 log.cc:306] Rolled over to a new segment: /data1/test-tmp/linked_list-test.LinkedListTest.TestLoadAndVerify.1424988823668568-31780/linked-list-cluster/ts-0/wals/4f7cfc512add4259954702588be078ee/wal-000000002
I0226 14:14:17.161418 32200 log.cc:415] Max segment size reached. Starting new segment allocation.
I0226 14:14:17.162021 32200 log.cc:306] Rolled over to a new segment: /data1/test-tmp/linked_list-test.LinkedListTest.TestLoadAndVerify.1424988823668568-31780/linked-list-cluster/ts-0/wals/45b6ce48ba2f45c29e584a7aa3583646/wal-000000002
I0226 14:14:17.182701 32201 tablet_bootstrap.cc:290] Tablet 526e30884b1c484baad63449aba3cf31: Bootstrap replayed 1/2 log segments. Stats: ops{read=1410 overwritten=0 applied=1410} inserts{seen=23680 ignored=15177} mutations{seen=0 ignored=0} orphaned_commits=1. Pending: 0 replicates
I0226 14:14:17.200749 32201 log.cc:415] Max segment size reached. Starting new segment allocation.
I0226 14:14:17.201403 32201 log.cc:306] Rolled over to a new segment: /data1/test-tmp/linked_list-test.LinkedListTest.TestLoadAndVerify.1424988823668568-31780/linked-list-cluster/ts-0/wals/526e30884b1c484baad63449aba3cf31/wal-000000002
I0226 14:14:17.204032 32255 tablet_bootstrap.cc:290] Tablet 526e30884b1c484baad63449aba3cf31: Bootstrap replayed 1/2 log segments. Stats: ops{read=1410 overwritten=0 applied=1409} inserts{seen=23665 ignored=23665} mutations{seen=0 ignored=0} orphaned_commits=1. Pending: 1 replicates
I0226 14:14:17.208716 32254 tablet_bootstrap.cc:290] Tablet 45b6ce48ba2f45c29e584a7aa3583646: Bootstrap replayed 1/2 log segments. Stats: ops{read=1412 overwritten=0 applied=1412} inserts{seen=23650 ignored=23650} mutations{seen=0 ignored=0} orphaned_commits=1. Pending: 0 replicates
I0226 14:14:17.213356 32256 tablet_bootstrap.cc:290] Tablet 4f7cfc512add4259954702588be078ee: Bootstrap replayed 1/2 log segments. Stats: ops{read=1406 overwritten=0 applied=1405} inserts{seen=23712 ignored=23712} mutations{seen=0 ignored=0} orphaned_commits=0. Pending: 1 replicates
I0226 14:14:17.222645 32255 log.cc:415] Max segment size reached. Starting new segment allocation.
I0226 14:14:17.223264 32255 log.cc:306] Rolled over to a new segment: /data1/test-tmp/linked_list-test.LinkedListTest.TestLoadAndVerify.1424988823668568-31780/linked-list-cluster/ts-1/wals/526e30884b1c484baad63449aba3cf31/wal-000000002
I0226 14:14:17.227787 32254 log.cc:415] Max segment size reached. Starting new segment allocation.
I0226 14:14:17.228277 32254 log.cc:306] Rolled over to a new segment: /data1/test-tmp/linked_list-test.LinkedListTest.TestLoadAndVerify.1424988823668568-31780/linked-list-cluster/ts-1/wals/45b6ce48ba2f45c29e584a7aa3583646/wal-000000002
I0226 14:14:17.230671 32256 log.cc:415] Max segment size reached. Starting new segment allocation.
I0226 14:14:17.231181 32256 log.cc:306] Rolled over to a new segment: /data1/test-tmp/linked_list-test.LinkedListTest.TestLoadAndVerify.1424988823668568-31780/linked-list-cluster/ts-1/wals/4f7cfc512add4259954702588be078ee/wal-000000002
I0226 14:14:17.274876 32200 tablet_bootstrap.cc:290] Tablet 45b6ce48ba2f45c29e584a7aa3583646: Bootstrap replayed 2/2 log segments. Stats: ops{read=2357 overwritten=0 applied=2357} inserts{seen=39413 ignored=36987} mutations{seen=0 ignored=0} orphaned_commits=1. Pending: 0 replicates
I0226 14:14:17.274951 32200 tablet_bootstrap.cc:894] ReplayState: Previous OpId: 1.17907, Committed OpId: 1.17907, Pending Replicates: 0, Pending Commits: 0
I0226 14:14:17.277084 32200 tablet_bootstrap.cc:537] Renamed old recovery dir from: /data1/test-tmp/linked_list-test.LinkedListTest.TestLoadAndVerify.1424988823668568-31780/linked-list-cluster/ts-0/wals/45b6ce48ba2f45c29e584a7aa3583646.recovery to: /data1/test-tmp/linked_list-test.LinkedListTest.TestLoadAndVerify.1424988823668568-31780/linked-list-cluster/ts-0/wals/45b6ce48ba2f45c29e584a7aa3583646.recovery-1424988857277037
I0226 14:14:17.277125 32200 tablet_bootstrap.cc:540] --skip_remove_old_recovery_dir enabled. NOT removing /data1/test-tmp/linked_list-test.LinkedListTest.TestLoadAndVerify.1424988823668568-31780/linked-list-cluster/ts-0/wals/45b6ce48ba2f45c29e584a7aa3583646.recovery-1424988857277037
I0226 14:14:17.277159 32200 tablet_bootstrap.cc:290] Tablet 45b6ce48ba2f45c29e584a7aa3583646: Bootstrap complete.
I0226 14:14:17.278568 32200 ts_tablet_manager.cc:319] Time spent tablet 45b6ce48ba2f45c29e584a7aa3583646 bootstrap: real 0.325s user 0.209s sys 0.109s
I0226 14:14:17.278599 32294 rpc_server.cc:110] RPC server started. Bound to: 127.0.0.1:7052
I0226 14:14:17.278667 32294 webserver.cc:108] Starting webserver on localhost:57125
I0226 14:14:17.278686 32294 webserver.cc:117] Document root disabled
I0226 14:14:17.279283 32294 webserver.cc:197] Webserver started. Bound to: http://127.0.0.1:57125/
I0226 14:14:17.279427 32200 raft_consensus.cc:194] T 45b6ce48ba2f45c29e584a7aa3583646 P 9a3f54fa8ebc45cb931c90febb31872c [FOLLOWER]: Replica starting. Triggering 0 pending transactions.
I0226 14:14:17.279474 32200 raft_consensus.cc:211] T 45b6ce48ba2f45c29e584a7aa3583646 P 9a3f54fa8ebc45cb931c90febb31872c [FOLLOWER]: Initializing failure detector for fast election at startup
I0226 14:14:17.279525 32200 raft_consensus.cc:399] T 45b6ce48ba2f45c29e584a7aa3583646 P 9a3f54fa8ebc45cb931c90febb31872c [FOLLOWER]: Becoming Follower/Learner. State: Replica: 9a3f54fa8ebc45cb931c90febb31872c, State: 1, Role: FOLLOWER Watermarks: {Received: term: 1 index: 17907 Committed: term: 1 index: 17907}
I0226 14:14:17.279547 32200 consensus_queue.cc:127] T 45b6ce48ba2f45c29e584a7aa3583646 P 9a3f54fa8ebc45cb931c90febb31872c [NON_LEADER]: queue going to NON_LEADER mode. State: All replicated op: 0.0, Majority replicated op: 0.0, Committed index: 0.0, Last appended: 1.17907, Current term: 0, Majority size: 1, State: 1, Mode: NON_LEADER
I0226 14:14:17.279636 32200 ts_tablet_manager.cc:339] Time spent starting tablet 45b6ce48ba2f45c29e584a7aa3583646: real 0.001s user 0.000s sys 0.000s
I0226 14:14:17.279639 32294 server_base.cc:170] Dumped server information to /data1/test-tmp/linked_list-test.LinkedListTest.TestLoadAndVerify.1424988823668568-31780/linked-list-cluster/ts-2/info.pb
I0226 14:14:17.279953 32294 maintenance_manager.cc:111] MaintenanceManager: targeting memory size of 23.515860 GB
I0226 14:14:17.280882 32294 tablet_server_main.cc:44] Tablet server successfully started.
I0226 14:14:17.282490 31780 external_mini_cluster.cc:416] Started /data1/jenkins-workspace/kudu-gerrit/BUILD_TYPE/RELEASE/label/kudu-gerrit-slaves/build/release/kudu-tablet_server as pid 32294
I0226 14:14:17.289531 32199 tablet_bootstrap.cc:290] Tablet 4f7cfc512add4259954702588be078ee: Bootstrap replayed 2/2 log segments. Stats: ops{read=2354 overwritten=0 applied=2354} inserts{seen=39683 ignored=39683} mutations{seen=0 ignored=0} orphaned_commits=1. Pending: 0 replicates
I0226 14:14:17.289598 32199 tablet_bootstrap.cc:894] ReplayState: Previous OpId: 1.17926, Committed OpId: 1.17926, Pending Replicates: 0, Pending Commits: 0
I0226 14:14:17.290523 32199 tablet_bootstrap.cc:537] Renamed old recovery dir from: /data1/test-tmp/linked_list-test.LinkedListTest.TestLoadAndVerify.1424988823668568-31780/linked-list-cluster/ts-0/wals/4f7cfc512add4259954702588be078ee.recovery to: /data1/test-tmp/linked_list-test.LinkedListTest.TestLoadAndVerify.1424988823668568-31780/linked-list-cluster/ts-0/wals/4f7cfc512add4259954702588be078ee.recovery-1424988857290480
I0226 14:14:17.290563 32199 tablet_bootstrap.cc:540] --skip_remove_old_recovery_dir enabled. NOT removing /data1/test-tmp/linked_list-test.LinkedListTest.TestLoadAndVerify.1424988823668568-31780/linked-list-cluster/ts-0/wals/4f7cfc512add4259954702588be078ee.recovery-1424988857290480
I0226 14:14:17.290626 32199 tablet_bootstrap.cc:290] Tablet 4f7cfc512add4259954702588be078ee: Bootstrap complete.
I0226 14:14:17.291301 32307 tablet_bootstrap.cc:290] Tablet 526e30884b1c484baad63449aba3cf31: Bootstrap replayed 1/2 log segments. Stats: ops{read=1410 overwritten=0 applied=1409} inserts{seen=23665 ignored=23665} mutations{seen=0 ignored=0} orphaned_commits=1. Pending: 1 replicates
I0226 14:14:17.292165 32352 heartbeater.cc:219] Connected to a leader master server at 127.0.0.1:59367
I0226 14:14:17.292188 32352 heartbeater.cc:289] Registering TS with master...
I0226 14:14:17.292227 32352 heartbeater.cc:295] Sending a full tablet report to master...
I0226 14:14:17.292448 31792 ts_manager.cc:71] Re-registered known tablet server { permanent_uuid: "c26346f406894c54ae6ef6cfc9c02918" instance_seqno: 1424988857278066 } with Master
I0226 14:14:17.308670 32199 ts_tablet_manager.cc:319] Time spent tablet 4f7cfc512add4259954702588be078ee bootstrap: real 0.356s user 0.189s sys 0.103s
I0226 14:14:17.309427 32199 raft_consensus.cc:194] T 4f7cfc512add4259954702588be078ee P 9a3f54fa8ebc45cb931c90febb31872c [FOLLOWER]: Replica starting. Triggering 0 pending transactions.
I0226 14:14:17.309453 32199 raft_consensus.cc:211] T 4f7cfc512add4259954702588be078ee P 9a3f54fa8ebc45cb931c90febb31872c [FOLLOWER]: Initializing failure detector for fast election at startup
I0226 14:14:17.309492 32199 raft_consensus.cc:399] T 4f7cfc512add4259954702588be078ee P 9a3f54fa8ebc45cb931c90febb31872c [FOLLOWER]: Becoming Follower/Learner. State: Replica: 9a3f54fa8ebc45cb931c90febb31872c, State: 1, Role: FOLLOWER Watermarks: {Received: term: 1 index: 17926 Committed: term: 1 index: 17926}
I0226 14:14:17.309515 32199 consensus_queue.cc:127] T 4f7cfc512add4259954702588be078ee P 9a3f54fa8ebc45cb931c90febb31872c [NON_LEADER]: queue going to NON_LEADER mode. State: All replicated op: 0.0, Majority replicated op: 0.0, Committed index: 0.0, Last appended: 1.17926, Current term: 0, Majority size: 1, State: 1, Mode: NON_LEADER
I0226 14:14:17.309576 32199 ts_tablet_manager.cc:339] Time spent starting tablet 4f7cfc512add4259954702588be078ee: real 0.001s user 0.000s sys 0.001s
I0226 14:14:17.310094 32307 log.cc:415] Max segment size reached. Starting new segment allocation.
I0226 14:14:17.310760 32307 log.cc:306] Rolled over to a new segment: /data1/test-tmp/linked_list-test.LinkedListTest.TestLoadAndVerify.1424988823668568-31780/linked-list-cluster/ts-2/wals/526e30884b1c484baad63449aba3cf31/wal-000000002
I0226 14:14:17.311734 31780 linked_list-test.cc:164] Verifying rows after restarting entire cluster.
I0226 14:14:17.314131 31780 linked_list-test-util.h:571] Table not yet ready: 0/901600 rows (status: Illegal state: Couldn't open scanner: Tablet not RUNNING: BOOTSTRAPPING)
I0226 14:14:17.317039 32255 tablet_bootstrap.cc:290] Tablet 526e30884b1c484baad63449aba3cf31: Bootstrap replayed 2/2 log segments. Stats: ops{read=2348 overwritten=0 applied=2348} inserts{seen=39454 ignored=39454} mutations{seen=0 ignored=0} orphaned_commits=1. Pending: 0 replicates
I0226 14:14:17.317512 32255 tablet_bootstrap.cc:894] ReplayState: Previous OpId: 1.17904, Committed OpId: 1.17904, Pending Replicates: 0, Pending Commits: 0
I0226 14:14:17.319538 32255 tablet_bootstrap.cc:537] Renamed old recovery dir from: /data1/test-tmp/linked_list-test.LinkedListTest.TestLoadAndVerify.1424988823668568-31780/linked-list-cluster/ts-1/wals/526e30884b1c484baad63449aba3cf31.recovery to: /data1/test-tmp/linked_list-test.LinkedListTest.TestLoadAndVerify.1424988823668568-31780/linked-list-cluster/ts-1/wals/526e30884b1c484baad63449aba3cf31.recovery-1424988857319492
I0226 14:14:17.319591 32255 tablet_bootstrap.cc:540] --skip_remove_old_recovery_dir enabled. NOT removing /data1/test-tmp/linked_list-test.LinkedListTest.TestLoadAndVerify.1424988823668568-31780/linked-list-cluster/ts-1/wals/526e30884b1c484baad63449aba3cf31.recovery-1424988857319492
I0226 14:14:17.319628 32255 tablet_bootstrap.cc:290] Tablet 526e30884b1c484baad63449aba3cf31: Bootstrap complete.
I0226 14:14:17.321162 32255 ts_tablet_manager.cc:319] Time spent tablet 526e30884b1c484baad63449aba3cf31 bootstrap: real 0.319s user 0.203s sys 0.111s
I0226 14:14:17.321863 32255 raft_consensus.cc:194] T 526e30884b1c484baad63449aba3cf31 P 07dc68eb3e0f4e3da156e9d7f73d04ba [FOLLOWER]: Replica starting. Triggering 0 pending transactions.
I0226 14:14:17.321930 32255 raft_consensus.cc:211] T 526e30884b1c484baad63449aba3cf31 P 07dc68eb3e0f4e3da156e9d7f73d04ba [FOLLOWER]: Initializing failure detector for fast election at startup
I0226 14:14:17.322000 32255 raft_consensus.cc:399] T 526e30884b1c484baad63449aba3cf31 P 07dc68eb3e0f4e3da156e9d7f73d04ba [FOLLOWER]: Becoming Follower/Learner. State: Replica: 07dc68eb3e0f4e3da156e9d7f73d04ba, State: 1, Role: FOLLOWER Watermarks: {Received: term: 1 index: 17904 Committed: term: 1 index: 17904}
I0226 14:14:17.322047 32255 consensus_queue.cc:127] T 526e30884b1c484baad63449aba3cf31 P 07dc68eb3e0f4e3da156e9d7f73d04ba [NON_LEADER]: queue going to NON_LEADER mode. State: All replicated op: 0.0, Majority replicated op: 0.0, Committed index: 0.0, Last appended: 1.17904, Current term: 0, Majority size: 1, State: 1, Mode: NON_LEADER
I0226 14:14:17.322154 32255 ts_tablet_manager.cc:339] Time spent starting tablet 526e30884b1c484baad63449aba3cf31: real 0.001s user 0.000s sys 0.000s
I0226 14:14:17.328723 32254 tablet_bootstrap.cc:290] Tablet 45b6ce48ba2f45c29e584a7aa3583646: Bootstrap replayed 2/2 log segments. Stats: ops{read=2357 overwritten=0 applied=2357} inserts{seen=39413 ignored=37362} mutations{seen=0 ignored=0} orphaned_commits=1. Pending: 0 replicates
I0226 14:14:17.328775 32254 tablet_bootstrap.cc:894] ReplayState: Previous OpId: 1.17907, Committed OpId: 1.17907, Pending Replicates: 0, Pending Commits: 0
I0226 14:14:17.329774 32254 tablet_bootstrap.cc:537] Renamed old recovery dir from: /data1/test-tmp/linked_list-test.LinkedListTest.TestLoadAndVerify.1424988823668568-31780/linked-list-cluster/ts-1/wals/45b6ce48ba2f45c29e584a7aa3583646.recovery to: /data1/test-tmp/linked_list-test.LinkedListTest.TestLoadAndVerify.1424988823668568-31780/linked-list-cluster/ts-1/wals/45b6ce48ba2f45c29e584a7aa3583646.recovery-1424988857329729
I0226 14:14:17.329815 32254 tablet_bootstrap.cc:540] --skip_remove_old_recovery_dir enabled. NOT removing /data1/test-tmp/linked_list-test.LinkedListTest.TestLoadAndVerify.1424988823668568-31780/linked-list-cluster/ts-1/wals/45b6ce48ba2f45c29e584a7aa3583646.recovery-1424988857329729
I0226 14:14:17.329851 32254 tablet_bootstrap.cc:290] Tablet 45b6ce48ba2f45c29e584a7aa3583646: Bootstrap complete.
I0226 14:14:17.331346 32254 ts_tablet_manager.cc:319] Time spent tablet 45b6ce48ba2f45c29e584a7aa3583646 bootstrap: real 0.329s user 0.209s sys 0.115s
I0226 14:14:17.332099 32254 raft_consensus.cc:194] T 45b6ce48ba2f45c29e584a7aa3583646 P 07dc68eb3e0f4e3da156e9d7f73d04ba [FOLLOWER]: Replica starting. Triggering 0 pending transactions.
I0226 14:14:17.332145 32254 raft_consensus.cc:211] T 45b6ce48ba2f45c29e584a7aa3583646 P 07dc68eb3e0f4e3da156e9d7f73d04ba [FOLLOWER]: Initializing failure detector for fast election at startup
I0226 14:14:17.332197 32254 raft_consensus.cc:399] T 45b6ce48ba2f45c29e584a7aa3583646 P 07dc68eb3e0f4e3da156e9d7f73d04ba [FOLLOWER]: Becoming Follower/Learner. State: Replica: 07dc68eb3e0f4e3da156e9d7f73d04ba, State: 1, Role: FOLLOWER Watermarks: {Received: term: 1 index: 17907 Committed: term: 1 index: 17907}
I0226 14:14:17.332242 32254 consensus_queue.cc:127] T 45b6ce48ba2f45c29e584a7aa3583646 P 07dc68eb3e0f4e3da156e9d7f73d04ba [NON_LEADER]: queue going to NON_LEADER mode. State: All replicated op: 0.0, Majority replicated op: 0.0, Committed index: 0.0, Last appended: 1.17907, Current term: 0, Majority size: 1, State: 1, Mode: NON_LEADER
I0226 14:14:17.332319 32254 ts_tablet_manager.cc:339] Time spent starting tablet 45b6ce48ba2f45c29e584a7aa3583646: real 0.001s user 0.000s sys 0.000s
I0226 14:14:17.332466 32256 tablet_bootstrap.cc:290] Tablet 4f7cfc512add4259954702588be078ee: Bootstrap replayed 2/2 log segments. Stats: ops{read=2356 overwritten=0 applied=2356} inserts{seen=39717 ignored=39717} mutations{seen=0 ignored=0} orphaned_commits=0. Pending: 0 replicates
I0226 14:14:17.332505 32256 tablet_bootstrap.cc:894] ReplayState: Previous OpId: 1.17926, Committed OpId: 1.17926, Pending Replicates: 0, Pending Commits: 0
I0226 14:14:17.333225 32256 tablet_bootstrap.cc:537] Renamed old recovery dir from: /data1/test-tmp/linked_list-test.LinkedListTest.TestLoadAndVerify.1424988823668568-31780/linked-list-cluster/ts-1/wals/4f7cfc512add4259954702588be078ee.recovery to: /data1/test-tmp/linked_list-test.LinkedListTest.TestLoadAndVerify.1424988823668568-31780/linked-list-cluster/ts-1/wals/4f7cfc512add4259954702588be078ee.recovery-1424988857333195
I0226 14:14:17.333256 32256 tablet_bootstrap.cc:540] --skip_remove_old_recovery_dir enabled. NOT removing /data1/test-tmp/linked_list-test.LinkedListTest.TestLoadAndVerify.1424988823668568-31780/linked-list-cluster/ts-1/wals/4f7cfc512add4259954702588be078ee.recovery-1424988857333195
I0226 14:14:17.333281 32256 tablet_bootstrap.cc:290] Tablet 4f7cfc512add4259954702588be078ee: Bootstrap complete.
I0226 14:14:17.333943 32309 tablet_bootstrap.cc:290] Tablet 45b6ce48ba2f45c29e584a7aa3583646: Bootstrap replayed 1/2 log segments. Stats: ops{read=1415 overwritten=0 applied=1413} inserts{seen=23660 ignored=23660} mutations{seen=0 ignored=0} orphaned_commits=1. Pending: 2 replicates
I0226 14:14:17.334409 32256 ts_tablet_manager.cc:319] Time spent tablet 4f7cfc512add4259954702588be078ee bootstrap: real 0.331s user 0.186s sys 0.118s
I0226 14:14:17.334924 32256 raft_consensus.cc:194] T 4f7cfc512add4259954702588be078ee P 07dc68eb3e0f4e3da156e9d7f73d04ba [FOLLOWER]: Replica starting. Triggering 0 pending transactions.
I0226 14:14:17.334970 32256 raft_consensus.cc:211] T 4f7cfc512add4259954702588be078ee P 07dc68eb3e0f4e3da156e9d7f73d04ba [FOLLOWER]: Initializing failure detector for fast election at startup
I0226 14:14:17.335008 32256 raft_consensus.cc:399] T 4f7cfc512add4259954702588be078ee P 07dc68eb3e0f4e3da156e9d7f73d04ba [FOLLOWER]: Becoming Follower/Learner. State: Replica: 07dc68eb3e0f4e3da156e9d7f73d04ba, State: 1, Role: FOLLOWER Watermarks: {Received: term: 1 index: 17926 Committed: term: 1 index: 17926}
I0226 14:14:17.335046 32256 consensus_queue.cc:127] T 4f7cfc512add4259954702588be078ee P 07dc68eb3e0f4e3da156e9d7f73d04ba [NON_LEADER]: queue going to NON_LEADER mode. State: All replicated op: 0.0, Majority replicated op: 0.0, Committed index: 0.0, Last appended: 1.17926, Current term: 0, Majority size: 1, State: 1, Mode: NON_LEADER
I0226 14:14:17.335109 32256 ts_tablet_manager.cc:339] Time spent starting tablet 4f7cfc512add4259954702588be078ee: real 0.001s user 0.000s sys 0.000s
I0226 14:14:17.350890 32306 tablet_bootstrap.cc:290] Tablet 4f7cfc512add4259954702588be078ee: Bootstrap replayed 1/2 log segments. Stats: ops{read=1405 overwritten=0 applied=1404} inserts{seen=23691 ignored=20962} mutations{seen=0 ignored=0} orphaned_commits=1. Pending: 1 replicates
I0226 14:14:17.351614 32309 log.cc:415] Max segment size reached. Starting new segment allocation.
I0226 14:14:17.352253 32309 log.cc:306] Rolled over to a new segment: /data1/test-tmp/linked_list-test.LinkedListTest.TestLoadAndVerify.1424988823668568-31780/linked-list-cluster/ts-2/wals/45b6ce48ba2f45c29e584a7aa3583646/wal-000000002
I0226 14:14:17.372803 32201 tablet_bootstrap.cc:290] Tablet 526e30884b1c484baad63449aba3cf31: Bootstrap replayed 2/2 log segments. Stats: ops{read=2348 overwritten=0 applied=2348} inserts{seen=39454 ignored=15177} mutations{seen=0 ignored=0} orphaned_commits=1. Pending: 0 replicates
I0226 14:14:17.372802 32306 log.cc:415] Max segment size reached. Starting new segment allocation.
I0226 14:14:17.372856 32201 tablet_bootstrap.cc:894] ReplayState: Previous OpId: 1.17904, Committed OpId: 1.17904, Pending Replicates: 0, Pending Commits: 0
I0226 14:14:17.373383 32306 log.cc:306] Rolled over to a new segment: /data1/test-tmp/linked_list-test.LinkedListTest.TestLoadAndVerify.1424988823668568-31780/linked-list-cluster/ts-2/wals/4f7cfc512add4259954702588be078ee/wal-000000002
I0226 14:14:17.373744 32201 tablet_bootstrap.cc:537] Renamed old recovery dir from: /data1/test-tmp/linked_list-test.LinkedListTest.TestLoadAndVerify.1424988823668568-31780/linked-list-cluster/ts-0/wals/526e30884b1c484baad63449aba3cf31.recovery to: /data1/test-tmp/linked_list-test.LinkedListTest.TestLoadAndVerify.1424988823668568-31780/linked-list-cluster/ts-0/wals/526e30884b1c484baad63449aba3cf31.recovery-1424988857373699
I0226 14:14:17.373782 32201 tablet_bootstrap.cc:540] --skip_remove_old_recovery_dir enabled. NOT removing /data1/test-tmp/linked_list-test.LinkedListTest.TestLoadAndVerify.1424988823668568-31780/linked-list-cluster/ts-0/wals/526e30884b1c484baad63449aba3cf31.recovery-1424988857373699
I0226 14:14:17.373813 32201 tablet_bootstrap.cc:290] Tablet 526e30884b1c484baad63449aba3cf31: Bootstrap complete.
I0226 14:14:17.375207 32201 ts_tablet_manager.cc:319] Time spent tablet 526e30884b1c484baad63449aba3cf31 bootstrap: real 0.420s user 0.296s sys 0.110s
I0226 14:14:17.377171 32201 raft_consensus.cc:194] T 526e30884b1c484baad63449aba3cf31 P 9a3f54fa8ebc45cb931c90febb31872c [FOLLOWER]: Replica starting. Triggering 0 pending transactions.
I0226 14:14:17.377215 32201 raft_consensus.cc:211] T 526e30884b1c484baad63449aba3cf31 P 9a3f54fa8ebc45cb931c90febb31872c [FOLLOWER]: Initializing failure detector for fast election at startup
I0226 14:14:17.377265 32201 raft_consensus.cc:399] T 526e30884b1c484baad63449aba3cf31 P 9a3f54fa8ebc45cb931c90febb31872c [FOLLOWER]: Becoming Follower/Learner. State: Replica: 9a3f54fa8ebc45cb931c90febb31872c, State: 1, Role: FOLLOWER Watermarks: {Received: term: 1 index: 17904 Committed: term: 1 index: 17904}
I0226 14:14:17.377303 32201 consensus_queue.cc:127] T 526e30884b1c484baad63449aba3cf31 P 9a3f54fa8ebc45cb931c90febb31872c [NON_LEADER]: queue going to NON_LEADER mode. State: All replicated op: 0.0, Majority replicated op: 0.0, Committed index: 0.0, Last appended: 1.17904, Current term: 0, Majority size: 1, State: 1, Mode: NON_LEADER
I0226 14:14:17.377382 32201 ts_tablet_manager.cc:339] Time spent starting tablet 526e30884b1c484baad63449aba3cf31: real 0.001s user 0.000s sys 0.001s
I0226 14:14:17.385398 31780 linked_list-test-util.h:571] Table not yet ready: 0/901600 rows (status: Illegal state: Tablet not RUNNING: BOOTSTRAPPING)
I0226 14:14:17.398311 32307 tablet_bootstrap.cc:290] Tablet 526e30884b1c484baad63449aba3cf31: Bootstrap replayed 2/2 log segments. Stats: ops{read=2348 overwritten=0 applied=2348} inserts{seen=39454 ignored=39454} mutations{seen=0 ignored=0} orphaned_commits=1. Pending: 0 replicates
I0226 14:14:17.398355 32307 tablet_bootstrap.cc:894] ReplayState: Previous OpId: 1.17904, Committed OpId: 1.17904, Pending Replicates: 0, Pending Commits: 0
I0226 14:14:17.399679 32307 tablet_bootstrap.cc:537] Renamed old recovery dir from: /data1/test-tmp/linked_list-test.LinkedListTest.TestLoadAndVerify.1424988823668568-31780/linked-list-cluster/ts-2/wals/526e30884b1c484baad63449aba3cf31.recovery to: /data1/test-tmp/linked_list-test.LinkedListTest.TestLoadAndVerify.1424988823668568-31780/linked-list-cluster/ts-2/wals/526e30884b1c484baad63449aba3cf31.recovery-1424988857399644
I0226 14:14:17.399710 32307 tablet_bootstrap.cc:540] --skip_remove_old_recovery_dir enabled. NOT removing /data1/test-tmp/linked_list-test.LinkedListTest.TestLoadAndVerify.1424988823668568-31780/linked-list-cluster/ts-2/wals/526e30884b1c484baad63449aba3cf31.recovery-1424988857399644
I0226 14:14:17.399734 32307 tablet_bootstrap.cc:290] Tablet 526e30884b1c484baad63449aba3cf31: Bootstrap complete.
I0226 14:14:17.400905 32307 ts_tablet_manager.cc:319] Time spent tablet 526e30884b1c484baad63449aba3cf31 bootstrap: real 0.349s user 0.187s sys 0.110s
I0226 14:14:17.401510 32307 raft_consensus.cc:194] T 526e30884b1c484baad63449aba3cf31 P c26346f406894c54ae6ef6cfc9c02918 [FOLLOWER]: Replica starting. Triggering 0 pending transactions.
I0226 14:14:17.401562 32307 raft_consensus.cc:211] T 526e30884b1c484baad63449aba3cf31 P c26346f406894c54ae6ef6cfc9c02918 [FOLLOWER]: Initializing failure detector for fast election at startup
I0226 14:14:17.401614 32307 raft_consensus.cc:399] T 526e30884b1c484baad63449aba3cf31 P c26346f406894c54ae6ef6cfc9c02918 [FOLLOWER]: Becoming Follower/Learner. State: Replica: c26346f406894c54ae6ef6cfc9c02918, State: 1, Role: FOLLOWER Watermarks: {Received: term: 1 index: 17904 Committed: term: 1 index: 17904}
I0226 14:14:17.401648 32307 consensus_queue.cc:127] T 526e30884b1c484baad63449aba3cf31 P c26346f406894c54ae6ef6cfc9c02918 [NON_LEADER]: queue going to NON_LEADER mode. State: All replicated op: 0.0, Majority replicated op: 0.0, Committed index: 0.0, Last appended: 1.17904, Current term: 0, Majority size: 1, State: 1, Mode: NON_LEADER
I0226 14:14:17.401715 32307 ts_tablet_manager.cc:339] Time spent starting tablet 526e30884b1c484baad63449aba3cf31: real 0.001s user 0.001s sys 0.000s
I0226 14:14:17.450938 32309 tablet_bootstrap.cc:290] Tablet 45b6ce48ba2f45c29e584a7aa3583646: Bootstrap replayed 2/2 log segments. Stats: ops{read=2357 overwritten=0 applied=2357} inserts{seen=39413 ignored=37756} mutations{seen=0 ignored=0} orphaned_commits=1. Pending: 0 replicates
I0226 14:14:17.450994 32309 tablet_bootstrap.cc:894] ReplayState: Previous OpId: 1.17907, Committed OpId: 1.17907, Pending Replicates: 0, Pending Commits: 0
I0226 14:14:17.452069 32309 tablet_bootstrap.cc:537] Renamed old recovery dir from: /data1/test-tmp/linked_list-test.LinkedListTest.TestLoadAndVerify.1424988823668568-31780/linked-list-cluster/ts-2/wals/45b6ce48ba2f45c29e584a7aa3583646.recovery to: /data1/test-tmp/linked_list-test.LinkedListTest.TestLoadAndVerify.1424988823668568-31780/linked-list-cluster/ts-2/wals/45b6ce48ba2f45c29e584a7aa3583646.recovery-1424988857452034
I0226 14:14:17.452100 32309 tablet_bootstrap.cc:540] --skip_remove_old_recovery_dir enabled. NOT removing /data1/test-tmp/linked_list-test.LinkedListTest.TestLoadAndVerify.1424988823668568-31780/linked-list-cluster/ts-2/wals/45b6ce48ba2f45c29e584a7aa3583646.recovery-1424988857452034
I0226 14:14:17.452122 32309 tablet_bootstrap.cc:290] Tablet 45b6ce48ba2f45c29e584a7aa3583646: Bootstrap complete.
I0226 14:14:17.453405 32309 ts_tablet_manager.cc:319] Time spent tablet 45b6ce48ba2f45c29e584a7aa3583646 bootstrap: real 0.401s user 0.182s sys 0.123s
I0226 14:14:17.453879 32309 raft_consensus.cc:194] T 45b6ce48ba2f45c29e584a7aa3583646 P c26346f406894c54ae6ef6cfc9c02918 [FOLLOWER]: Replica starting. Triggering 0 pending transactions.
I0226 14:14:17.453914 32309 raft_consensus.cc:211] T 45b6ce48ba2f45c29e584a7aa3583646 P c26346f406894c54ae6ef6cfc9c02918 [FOLLOWER]: Initializing failure detector for fast election at startup
I0226 14:14:17.453953 32309 raft_consensus.cc:399] T 45b6ce48ba2f45c29e584a7aa3583646 P c26346f406894c54ae6ef6cfc9c02918 [FOLLOWER]: Becoming Follower/Learner. State: Replica: c26346f406894c54ae6ef6cfc9c02918, State: 1, Role: FOLLOWER Watermarks: {Received: term: 1 index: 17907 Committed: term: 1 index: 17907}
I0226 14:14:17.453981 32309 consensus_queue.cc:127] T 45b6ce48ba2f45c29e584a7aa3583646 P c26346f406894c54ae6ef6cfc9c02918 [NON_LEADER]: queue going to NON_LEADER mode. State: All replicated op: 0.0, Majority replicated op: 0.0, Committed index: 0.0, Last appended: 1.17907, Current term: 0, Majority size: 1, State: 1, Mode: NON_LEADER
I0226 14:14:17.454041 32309 ts_tablet_manager.cc:339] Time spent starting tablet 45b6ce48ba2f45c29e584a7aa3583646: real 0.001s user 0.000s sys 0.001s
I0226 14:14:17.469403 32194 tablet.cc:573] Flush: entering stage 1 (old memrowset already frozen for inserts)
I0226 14:14:17.469425 32194 compaction.cc:552] Selected 1 rowsets to compact:
I0226 14:14:17.469434 32194 compaction.cc:555] memrowset(current size on disk: ~0 bytes)
I0226 14:14:17.469441 32194 tablet.cc:575] Memstore in-memory size: 4079383 bytes
I0226 14:14:17.469455 32194 tablet.cc:878] Flush: entering phase 1 (flushing snapshot). Phase 1 snapshot: MvccSnapshot[committed={T|T < 54391 or (T in {54391})}]
I0226 14:14:17.469882 32194 multi_column_writer.cc:71] Opened CFile writer for column rand_key[uint64 NOT NULL]
I0226 14:14:17.470093 32194 multi_column_writer.cc:71] Opened CFile writer for column link_to[uint64 NOT NULL]
I0226 14:14:17.470280 32194 multi_column_writer.cc:71] Opened CFile writer for column insert_ts[uint64 NOT NULL]
I0226 14:14:17.470500 32194 multi_column_writer.cc:71] Opened CFile writer for column updated[bool NOT NULL]
I0226 14:14:17.501426 32350 raft_consensus.cc:327] T 45b6ce48ba2f45c29e584a7aa3583646 P 9a3f54fa8ebc45cb931c90febb31872c [FOLLOWER]: Failure of peer election-timer detected. Triggering leader election
I0226 14:14:17.502162 32350 raft_consensus.cc:1299] T 45b6ce48ba2f45c29e584a7aa3583646 P 9a3f54fa8ebc45cb931c90febb31872c [CANDIDATE]: Snoozing failure detection for an additional: 1.500s
I0226 14:14:17.502214 32350 raft_consensus.cc:294] T 45b6ce48ba2f45c29e584a7aa3583646 P 9a3f54fa8ebc45cb931c90febb31872c [CANDIDATE]: Starting election with quorum: local: false peers { permanent_uuid: "c26346f406894c54ae6ef6cfc9c02918" role: FOLLOWER last_known_addr { host: "127.0.0.1" port: 7052 } } peers { permanent_uuid: "9a3f54fa8ebc45cb931c90febb31872c" role: CANDIDATE last_known_addr { host: "127.0.0.1" port: 7050 } } peers { permanent_uuid: "07dc68eb3e0f4e3da156e9d7f73d04ba" role: FOLLOWER last_known_addr { host: "127.0.0.1" port: 7051 } }
I0226 14:14:17.504700 32350 leader_election.cc:187] T 45b6ce48ba2f45c29e584a7aa3583646 P 9a3f54fa8ebc45cb931c90febb31872c [CANDIDATE]: Term 2 election: Requesting vote from peer c26346f406894c54ae6ef6cfc9c02918
I0226 14:14:17.504734 32350 leader_election.cc:187] T 45b6ce48ba2f45c29e584a7aa3583646 P 9a3f54fa8ebc45cb931c90febb31872c [CANDIDATE]: Term 2 election: Requesting vote from peer 07dc68eb3e0f4e3da156e9d7f73d04ba
I0226 14:14:17.505501 32339 raft_consensus.cc:1336] T 45b6ce48ba2f45c29e584a7aa3583646 P c26346f406894c54ae6ef6cfc9c02918 [FOLLOWER]: Advancing to term 2
I0226 14:14:17.505780 32279 raft_consensus.cc:1336] T 45b6ce48ba2f45c29e584a7aa3583646 P 07dc68eb3e0f4e3da156e9d7f73d04ba [FOLLOWER]: Advancing to term 2
I0226 14:14:17.506232 32194 delta_tracker.cc:69] Successfully opened UNDO delta file bb69a63fdcda45859fccd098bf46f03d545d53f3281f4756902a8c842e71f2f0
I0226 14:14:17.506283 32194 tablet.cc:964] Flush: entering phase 2 (starting to duplicate updates in new rowsets)
I0226 14:14:17.506346 32194 tablet.cc:1026] Flush Phase 2: carrying over any updates which arrived during Phase 1
I0226 14:14:17.506376 32194 tablet.cc:1027] Phase 2 snapshot: MvccSnapshot[committed={T|T < 54391 or (T in {54391})}]
I0226 14:14:17.506464 32339 raft_consensus.cc:1299] T 45b6ce48ba2f45c29e584a7aa3583646 P c26346f406894c54ae6ef6cfc9c02918 [FOLLOWER]: Snoozing failure detection for an additional: 1.500s
I0226 14:14:17.506728 32279 raft_consensus.cc:1299] T 45b6ce48ba2f45c29e584a7aa3583646 P 07dc68eb3e0f4e3da156e9d7f73d04ba [FOLLOWER]: Snoozing failure detection for an additional: 1.500s
I0226 14:14:17.507356 32339 raft_consensus.cc:1136] T 45b6ce48ba2f45c29e584a7aa3583646 P c26346f406894c54ae6ef6cfc9c02918 [FOLLOWER]: Leader election vote request: Granting yes vote for candidate 9a3f54fa8ebc45cb931c90febb31872c in term 2.
I0226 14:14:17.508015 32279 raft_consensus.cc:1136] T 45b6ce48ba2f45c29e584a7aa3583646 P 07dc68eb3e0f4e3da156e9d7f73d04ba [FOLLOWER]: Leader election vote request: Granting yes vote for candidate 9a3f54fa8ebc45cb931c90febb31872c in term 2.
I0226 14:14:17.508173 32197 leader_election.cc:308] T 45b6ce48ba2f45c29e584a7aa3583646 P 9a3f54fa8ebc45cb931c90febb31872c [CANDIDATE]: Term 2 election: Vote granted by peer c26346f406894c54ae6ef6cfc9c02918
I0226 14:14:17.508193 32197 leader_election.cc:281] T 45b6ce48ba2f45c29e584a7aa3583646 P 9a3f54fa8ebc45cb931c90febb31872c [CANDIDATE]: Term 2 election: Election decided. Result: candidate won.
I0226 14:14:17.508220 32197 raft_consensus.cc:1299] T 45b6ce48ba2f45c29e584a7aa3583646 P 9a3f54fa8ebc45cb931c90febb31872c [CANDIDATE]: Snoozing failure detection for an additional: 1.500s
I0226 14:14:17.508234 32197 raft_consensus.cc:1237] T 45b6ce48ba2f45c29e584a7aa3583646 P 9a3f54fa8ebc45cb931c90febb31872c [CANDIDATE]: Leader election won for term 2
I0226 14:14:17.508273 32197 raft_consensus.cc:361] T 45b6ce48ba2f45c29e584a7aa3583646 P 9a3f54fa8ebc45cb931c90febb31872c [LEADER]: Becoming Leader. State: Replica: 9a3f54fa8ebc45cb931c90febb31872c, State: 1, Role: LEADER Watermarks: {Received: term: 1 index: 17907 Committed: term: 1 index: 17907}
I0226 14:14:17.508298 32197 consensus_queue.cc:119] T 45b6ce48ba2f45c29e584a7aa3583646 P 9a3f54fa8ebc45cb931c90febb31872c [LEADER]: queue going to LEADER mode. State: All replicated op: 0.0, Majority replicated op: 1.17907, Committed index: 1.17907, Last appended: 1.17907, Current term: 2, Majority size: 2, State: 1, Mode: LEADER
I0226 14:14:17.508841 32197 leader_election.cc:308] T 45b6ce48ba2f45c29e584a7aa3583646 P 9a3f54fa8ebc45cb931c90febb31872c [CANDIDATE]: Term 2 election: Vote granted by peer 07dc68eb3e0f4e3da156e9d7f73d04ba
W0226 14:14:17.509101 32376 raft_consensus_state.cc:477] T 45b6ce48ba2f45c29e584a7aa3583646 P 9a3f54fa8ebc45cb931c90febb31872c [LEADER]: Can't advance the committed index across term boundaries yet. Last committed operation was: term: 1 index: 17907 New majority replicated is: term: 1 index: 17907. Current term is: 2
I0226 14:14:17.510932 32194 tablet.cc:1059] Flush successful on 24277 rows (615834 bytes)
I0226 14:14:17.511054 32194 maintenance_manager.cc:316] Time spent running FlushMRSOp(526e30884b1c484baad63449aba3cf31): real 0.042s user 0.019s sys 0.004s
I0226 14:14:17.542778 32306 tablet_bootstrap.cc:290] Tablet 4f7cfc512add4259954702588be078ee: Bootstrap replayed 2/2 log segments. Stats: ops{read=2354 overwritten=0 applied=2354} inserts{seen=39683 ignored=20962} mutations{seen=0 ignored=0} orphaned_commits=1. Pending: 0 replicates
I0226 14:14:17.542835 32306 tablet_bootstrap.cc:894] ReplayState: Previous OpId: 1.17926, Committed OpId: 1.17926, Pending Replicates: 0, Pending Commits: 0
I0226 14:14:17.543578 32306 tablet_bootstrap.cc:537] Renamed old recovery dir from: /data1/test-tmp/linked_list-test.LinkedListTest.TestLoadAndVerify.1424988823668568-31780/linked-list-cluster/ts-2/wals/4f7cfc512add4259954702588be078ee.recovery to: /data1/test-tmp/linked_list-test.LinkedListTest.TestLoadAndVerify.1424988823668568-31780/linked-list-cluster/ts-2/wals/4f7cfc512add4259954702588be078ee.recovery-1424988857543529
I0226 14:14:17.543944 32306 tablet_bootstrap.cc:540] --skip_remove_old_recovery_dir enabled. NOT removing /data1/test-tmp/linked_list-test.LinkedListTest.TestLoadAndVerify.1424988823668568-31780/linked-list-cluster/ts-2/wals/4f7cfc512add4259954702588be078ee.recovery-1424988857543529
I0226 14:14:17.544075 32306 tablet_bootstrap.cc:290] Tablet 4f7cfc512add4259954702588be078ee: Bootstrap complete.
I0226 14:14:17.545264 32306 ts_tablet_manager.cc:319] Time spent tablet 4f7cfc512add4259954702588be078ee bootstrap: real 0.495s user 0.241s sys 0.148s
I0226 14:14:17.545807 32306 raft_consensus.cc:194] T 4f7cfc512add4259954702588be078ee P c26346f406894c54ae6ef6cfc9c02918 [FOLLOWER]: Replica starting. Triggering 0 pending transactions.
I0226 14:14:17.545843 32306 raft_consensus.cc:211] T 4f7cfc512add4259954702588be078ee P c26346f406894c54ae6ef6cfc9c02918 [FOLLOWER]: Initializing failure detector for fast election at startup
I0226 14:14:17.545883 32306 raft_consensus.cc:399] T 4f7cfc512add4259954702588be078ee P c26346f406894c54ae6ef6cfc9c02918 [FOLLOWER]: Becoming Follower/Learner. State: Replica: c26346f406894c54ae6ef6cfc9c02918, State: 1, Role: FOLLOWER Watermarks: {Received: term: 1 index: 17926 Committed: term: 1 index: 17926}
I0226 14:14:17.545912 32306 consensus_queue.cc:127] T 4f7cfc512add4259954702588be078ee P c26346f406894c54ae6ef6cfc9c02918 [NON_LEADER]: queue going to NON_LEADER mode. State: All replicated op: 0.0, Majority replicated op: 0.0, Committed index: 0.0, Last appended: 1.17926, Current term: 0, Majority size: 1, State: 1, Mode: NON_LEADER
I0226 14:14:17.545974 32306 ts_tablet_manager.cc:339] Time spent starting tablet 4f7cfc512add4259954702588be078ee: real 0.001s user 0.000s sys 0.000s
I0226 14:14:17.546488 31780 linked_list-test-util.h:656] Done collecting results (901584 rows in 137.149ms)
I0226 14:14:17.634403 32360 raft_consensus.cc:327] T 4f7cfc512add4259954702588be078ee P 9a3f54fa8ebc45cb931c90febb31872c [FOLLOWER]: Failure of peer election-timer detected. Triggering leader election
I0226 14:14:17.635282 32360 raft_consensus.cc:1299] T 4f7cfc512add4259954702588be078ee P 9a3f54fa8ebc45cb931c90febb31872c [CANDIDATE]: Snoozing failure detection for an additional: 1.500s
I0226 14:14:17.635319 32360 raft_consensus.cc:294] T 4f7cfc512add4259954702588be078ee P 9a3f54fa8ebc45cb931c90febb31872c [CANDIDATE]: Starting election with quorum: local: false peers { permanent_uuid: "c26346f406894c54ae6ef6cfc9c02918" role: FOLLOWER last_known_addr { host: "127.0.0.1" port: 7052 } } peers { permanent_uuid: "9a3f54fa8ebc45cb931c90febb31872c" role: CANDIDATE last_known_addr { host: "127.0.0.1" port: 7050 } } peers { permanent_uuid: "07dc68eb3e0f4e3da156e9d7f73d04ba" role: FOLLOWER last_known_addr { host: "127.0.0.1" port: 7051 } }
I0226 14:14:17.636083 32360 leader_election.cc:187] T 4f7cfc512add4259954702588be078ee P 9a3f54fa8ebc45cb931c90febb31872c [CANDIDATE]: Term 2 election: Requesting vote from peer c26346f406894c54ae6ef6cfc9c02918
I0226 14:14:17.636116 32360 leader_election.cc:187] T 4f7cfc512add4259954702588be078ee P 9a3f54fa8ebc45cb931c90febb31872c [CANDIDATE]: Term 2 election: Requesting vote from peer 07dc68eb3e0f4e3da156e9d7f73d04ba
I0226 14:14:17.636302 32340 raft_consensus.cc:1336] T 4f7cfc512add4259954702588be078ee P c26346f406894c54ae6ef6cfc9c02918 [FOLLOWER]: Advancing to term 2
I0226 14:14:17.636303 32280 raft_consensus.cc:1336] T 4f7cfc512add4259954702588be078ee P 07dc68eb3e0f4e3da156e9d7f73d04ba [FOLLOWER]: Advancing to term 2
I0226 14:14:17.637224 32280 raft_consensus.cc:1299] T 4f7cfc512add4259954702588be078ee P 07dc68eb3e0f4e3da156e9d7f73d04ba [FOLLOWER]: Snoozing failure detection for an additional: 1.500s
I0226 14:14:17.637224 32340 raft_consensus.cc:1299] T 4f7cfc512add4259954702588be078ee P c26346f406894c54ae6ef6cfc9c02918 [FOLLOWER]: Snoozing failure detection for an additional: 1.500s
I0226 14:14:17.638128 32340 raft_consensus.cc:1136] T 4f7cfc512add4259954702588be078ee P c26346f406894c54ae6ef6cfc9c02918 [FOLLOWER]: Leader election vote request: Granting yes vote for candidate 9a3f54fa8ebc45cb931c90febb31872c in term 2.
I0226 14:14:17.638126 32280 raft_consensus.cc:1136] T 4f7cfc512add4259954702588be078ee P 07dc68eb3e0f4e3da156e9d7f73d04ba [FOLLOWER]: Leader election vote request: Granting yes vote for candidate 9a3f54fa8ebc45cb931c90febb31872c in term 2.
I0226 14:14:17.638248 32197 leader_election.cc:308] T 4f7cfc512add4259954702588be078ee P 9a3f54fa8ebc45cb931c90febb31872c [CANDIDATE]: Term 2 election: Vote granted by peer 07dc68eb3e0f4e3da156e9d7f73d04ba
