I0226 14:14:21.358925 32304 consensus_queue.cc:119] T 4f7cfc512add4259954702588be078ee P c26346f406894c54ae6ef6cfc9c02918 [LEADER]: queue going to LEADER mode. State: All replicated op: 0.0, Majority replicated op: 1.17926, Committed index: 1.17926, Last appended: 3.17928, Current term: 5, Majority size: 2, State: 1, Mode: LEADER
W0226 14:14:21.359251 32428 raft_consensus_state.cc:477] T 4f7cfc512add4259954702588be078ee P c26346f406894c54ae6ef6cfc9c02918 [LEADER]: Can't advance the committed index across term boundaries yet. Last committed operation was: term: 1 index: 17926 New majority replicated is: term: 1 index: 17926. Current term is: 5
I0226 14:14:21.493496 31780 linked_list-test-util.h:571] Table not yet ready: 901584/901600 rows (status: Illegal state: Missing rows, but with no broken link in the chain. This means that a suffix of the inserted rows went missing. Expected=901600, seen=901584.)
W0226 14:14:21.527884 32304 consensus_peers.cc:189] T 45b6ce48ba2f45c29e584a7aa3583646 P c26346f406894c54ae6ef6cfc9c02918: Couldn't send request to peer 9a3f54fa8ebc45cb931c90febb31872c for tablet 45b6ce48ba2f45c29e584a7aa3583646 Status: Network error: Client connection negotiation failed: client Connection to 127.0.0.1:7050: connect: Connection refused (error 111). Retrying in the next heartbeat period. Already tried 4 times.
W0226 14:14:21.565892 32252 consensus_peers.cc:189] T 526e30884b1c484baad63449aba3cf31 P 07dc68eb3e0f4e3da156e9d7f73d04ba: Couldn't send request to peer 9a3f54fa8ebc45cb931c90febb31872c for tablet 526e30884b1c484baad63449aba3cf31 Status: Network error: Client connection negotiation failed: client Connection to 127.0.0.1:7050: connect: Connection refused (error 111). Retrying in the next heartbeat period. Already tried 1 times.
I0226 14:14:21.565935 32348 raft_consensus.cc:642] T 526e30884b1c484baad63449aba3cf31 P c26346f406894c54ae6ef6cfc9c02918 [FOLLOWER]: Refusing update from remote peer 07dc68eb3e0f4e3da156e9d7f73d04ba: Log matching property violated. Preceding OpId in replica: term: 1 index: 17904. Preceding OpId from leader: term: 3 index: 17905.
I0226 14:14:21.566053 32252 consensus_queue.cc:428] T 526e30884b1c484baad63449aba3cf31 P 07dc68eb3e0f4e3da156e9d7f73d04ba [LEADER]: Connected to new peer: Peer: c26346f406894c54ae6ef6cfc9c02918, New: false, Last received: 1.17904, Last sent , Last known committed idx: 17904 Last exchange result: ERROR
I0226 14:14:21.567533 32431 raft_consensus_state.cc:470] T 526e30884b1c484baad63449aba3cf31 P 07dc68eb3e0f4e3da156e9d7f73d04ba [LEADER]: Advanced the committed_index across terms. Last committed operation was: term: 1 index: 17904 New committed index is: term: 3 index: 17905
I0226 14:14:21.567646 32296 change_config_transaction.cc:135] T 526e30884b1c484baad63449aba3cf31 P 07dc68eb3e0f4e3da156e9d7f73d04ba: Configuration changed Changed from: opid_index: 1 local: false peers { permanent_uuid: "c26346f406894c54ae6ef6cfc9c02918" role: FOLLOWER last_known_addr { host: "127.0.0.1" port: 7052 } } peers { permanent_uuid: "9a3f54fa8ebc45cb931c90febb31872c" role: LEADER last_known_addr { host: "127.0.0.1" port: 7050 } } peers { permanent_uuid: "07dc68eb3e0f4e3da156e9d7f73d04ba" role: FOLLOWER last_known_addr { host: "127.0.0.1" port: 7051 } } Changed to: opid_index: 17905 local: false peers { permanent_uuid: "c26346f406894c54ae6ef6cfc9c02918" role: FOLLOWER last_known_addr { host: "127.0.0.1" port: 7052 } } peers { permanent_uuid: "9a3f54fa8ebc45cb931c90febb31872c" role: FOLLOWER last_known_addr { host: "127.0.0.1" port: 7050 } } peers { permanent_uuid: "07dc68eb3e0f4e3da156e9d7f73d04ba" role: LEADER last_known_addr { host: "127.0.0.1" port: 7051 } }
I0226 14:14:21.571818 31780 linked_list-test-util.h:656] Done collecting results (901584 rows in 55.3445ms)
I0226 14:14:21.710963 31780 linked_list-test-util.h:571] Table not yet ready: 901584/901600 rows (status: Illegal state: Missing rows, but with no broken link in the chain. This means that a suffix of the inserted rows went missing. Expected=901600, seen=901584.)
W0226 14:14:21.749661 31780 meta_cache.cc:164] Tablet 526e30884b1c484baad63449aba3cf31: Replica 9a3f54fa8ebc45cb931c90febb31872c has failed: Network error: TS failed: Client connection negotiation failed: client Connection to 127.0.0.1:7050: connect: Connection refused (error 111)
W0226 14:14:21.749702 31780 meta_cache.cc:164] Tablet 4f7cfc512add4259954702588be078ee: Replica 9a3f54fa8ebc45cb931c90febb31872c has failed: Network error: TS failed: Client connection negotiation failed: client Connection to 127.0.0.1:7050: connect: Connection refused (error 111)
W0226 14:14:21.749727 31780 meta_cache.cc:164] Tablet 45b6ce48ba2f45c29e584a7aa3583646: Replica 9a3f54fa8ebc45cb931c90febb31872c has failed: Network error: TS failed: Client connection negotiation failed: client Connection to 127.0.0.1:7050: connect: Connection refused (error 111)
I0226 14:14:21.762784 32021 linked_list-test-util.h:284] Curling URL http://127.0.0.1:53041/jsonmetricz
I0226 14:14:21.821462 31780 linked_list-test-util.h:656] Done collecting results (901584 rows in 87.6696ms)
W0226 14:14:21.859367 32304 consensus_peers.cc:189] T 4f7cfc512add4259954702588be078ee P c26346f406894c54ae6ef6cfc9c02918: Couldn't send request to peer 9a3f54fa8ebc45cb931c90febb31872c for tablet 4f7cfc512add4259954702588be078ee Status: Network error: Client connection negotiation failed: client Connection to 127.0.0.1:7050: connect: Connection refused (error 111). Retrying in the next heartbeat period. Already tried 1 times.
I0226 14:14:21.859499 32284 raft_consensus.cc:642] T 4f7cfc512add4259954702588be078ee P 07dc68eb3e0f4e3da156e9d7f73d04ba [CANDIDATE]: Refusing update from remote peer c26346f406894c54ae6ef6cfc9c02918: Log matching property violated. Preceding OpId in replica: term: 2 index: 17927. Preceding OpId from leader: term: 5 index: 17929.
I0226 14:14:21.859602 32304 consensus_queue.cc:428] T 4f7cfc512add4259954702588be078ee P c26346f406894c54ae6ef6cfc9c02918 [LEADER]: Connected to new peer: Peer: 07dc68eb3e0f4e3da156e9d7f73d04ba, New: false, Last received: 2.17927, Last sent , Last known committed idx: 17926 Last exchange result: ERROR
I0226 14:14:21.861310 32326 change_config_transaction.cc:135] T 4f7cfc512add4259954702588be078ee P c26346f406894c54ae6ef6cfc9c02918: Configuration changed Changed from: opid_index: 1 local: false peers { permanent_uuid: "c26346f406894c54ae6ef6cfc9c02918" role: FOLLOWER last_known_addr { host: "127.0.0.1" port: 7052 } } peers { permanent_uuid: "9a3f54fa8ebc45cb931c90febb31872c" role: FOLLOWER last_known_addr { host: "127.0.0.1" port: 7050 } } peers { permanent_uuid: "07dc68eb3e0f4e3da156e9d7f73d04ba" role: LEADER last_known_addr { host: "127.0.0.1" port: 7051 } } Changed to: opid_index: 17927 local: false peers { permanent_uuid: "c26346f406894c54ae6ef6cfc9c02918" role: FOLLOWER last_known_addr { host: "127.0.0.1" port: 7052 } } peers { permanent_uuid: "9a3f54fa8ebc45cb931c90febb31872c" role: LEADER last_known_addr { host: "127.0.0.1" port: 7050 } } peers { permanent_uuid: "07dc68eb3e0f4e3da156e9d7f73d04ba" role: FOLLOWER last_known_addr { host: "127.0.0.1" port: 7051 } }
I0226 14:14:21.861943 32326 change_config_transaction.cc:135] T 4f7cfc512add4259954702588be078ee P c26346f406894c54ae6ef6cfc9c02918: Configuration changed Changed from: opid_index: 1 local: false peers { permanent_uuid: "c26346f406894c54ae6ef6cfc9c02918" role: FOLLOWER last_known_addr { host: "127.0.0.1" port: 7052 } } peers { permanent_uuid: "9a3f54fa8ebc45cb931c90febb31872c" role: FOLLOWER last_known_addr { host: "127.0.0.1" port: 7050 } } peers { permanent_uuid: "07dc68eb3e0f4e3da156e9d7f73d04ba" role: LEADER last_known_addr { host: "127.0.0.1" port: 7051 } } Changed to: opid_index: 17928 local: false peers { permanent_uuid: "c26346f406894c54ae6ef6cfc9c02918" role: LEADER last_known_addr { host: "127.0.0.1" port: 7052 } } peers { permanent_uuid: "9a3f54fa8ebc45cb931c90febb31872c" role: FOLLOWER last_known_addr { host: "127.0.0.1" port: 7050 } } peers { permanent_uuid: "07dc68eb3e0f4e3da156e9d7f73d04ba" role: FOLLOWER last_known_addr { host: "127.0.0.1" port: 7051 } }
I0226 14:14:21.862480 32435 raft_consensus_state.cc:470] T 4f7cfc512add4259954702588be078ee P c26346f406894c54ae6ef6cfc9c02918 [LEADER]: Advanced the committed_index across terms. Last committed operation was: term: 1 index: 17926 New committed index is: term: 5 index: 17929
I0226 14:14:21.862575 32326 change_config_transaction.cc:135] T 4f7cfc512add4259954702588be078ee P c26346f406894c54ae6ef6cfc9c02918: Configuration changed Changed from: opid_index: 1 local: false peers { permanent_uuid: "c26346f406894c54ae6ef6cfc9c02918" role: FOLLOWER last_known_addr { host: "127.0.0.1" port: 7052 } } peers { permanent_uuid: "9a3f54fa8ebc45cb931c90febb31872c" role: FOLLOWER last_known_addr { host: "127.0.0.1" port: 7050 } } peers { permanent_uuid: "07dc68eb3e0f4e3da156e9d7f73d04ba" role: LEADER last_known_addr { host: "127.0.0.1" port: 7051 } } Changed to: opid_index: 17929 local: false peers { permanent_uuid: "c26346f406894c54ae6ef6cfc9c02918" role: LEADER last_known_addr { host: "127.0.0.1" port: 7052 } } peers { permanent_uuid: "9a3f54fa8ebc45cb931c90febb31872c" role: FOLLOWER last_known_addr { host: "127.0.0.1" port: 7050 } } peers { permanent_uuid: "07dc68eb3e0f4e3da156e9d7f73d04ba" role: FOLLOWER last_known_addr { host: "127.0.0.1" port: 7051 } }
I0226 14:14:21.954692 31780 linked_list-test-util.h:571] Table not yet ready: 901584/901600 rows (status: Illegal state: Missing rows, but with no broken link in the chain. This means that a suffix of the inserted rows went missing. Expected=901600, seen=901584.)
W0226 14:14:22.014067 31780 meta_cache.cc:164] Tablet 526e30884b1c484baad63449aba3cf31: Replica 9a3f54fa8ebc45cb931c90febb31872c has failed: Network error: TS failed: Client connection negotiation failed: client Connection to 127.0.0.1:7050: connect: Connection refused (error 111)
W0226 14:14:22.014114 31780 meta_cache.cc:164] Tablet 4f7cfc512add4259954702588be078ee: Replica 9a3f54fa8ebc45cb931c90febb31872c has failed: Network error: TS failed: Client connection negotiation failed: client Connection to 127.0.0.1:7050: connect: Connection refused (error 111)
W0226 14:14:22.014140 31780 meta_cache.cc:164] Tablet 45b6ce48ba2f45c29e584a7aa3583646: Replica 9a3f54fa8ebc45cb931c90febb31872c has failed: Network error: TS failed: Client connection negotiation failed: client Connection to 127.0.0.1:7050: connect: Connection refused (error 111)
I0226 14:14:22.017729 31801 catalog_manager.cc:1283] Tablet: 526e30884b1c484baad63449aba3cf31 reported quorum change. New quorum: opid_index: 17905 local: false peers { permanent_uuid: "c26346f406894c54ae6ef6cfc9c02918" role: FOLLOWER last_known_addr { host: "127.0.0.1" port: 7052 } } peers { permanent_uuid: "9a3f54fa8ebc45cb931c90febb31872c" role: FOLLOWER last_known_addr { host: "127.0.0.1" port: 7050 } } peers { permanent_uuid: "07dc68eb3e0f4e3da156e9d7f73d04ba" role: LEADER last_known_addr { host: "127.0.0.1" port: 7051 } }
W0226 14:14:22.028014 32304 consensus_peers.cc:189] T 45b6ce48ba2f45c29e584a7aa3583646 P c26346f406894c54ae6ef6cfc9c02918: Couldn't send request to peer 9a3f54fa8ebc45cb931c90febb31872c for tablet 45b6ce48ba2f45c29e584a7aa3583646 Status: Network error: Client connection negotiation failed: client Connection to 127.0.0.1:7050: connect: Connection refused (error 111). Retrying in the next heartbeat period. Already tried 5 times.
I0226 14:14:22.031375 31780 linked_list-test-util.h:656] Done collecting results (901584 rows in 53.8612ms)
W0226 14:14:22.065759 32252 consensus_peers.cc:189] T 526e30884b1c484baad63449aba3cf31 P 07dc68eb3e0f4e3da156e9d7f73d04ba: Couldn't send request to peer 9a3f54fa8ebc45cb931c90febb31872c for tablet 526e30884b1c484baad63449aba3cf31 Status: Network error: Client connection negotiation failed: client Connection to 127.0.0.1:7050: connect: Connection refused (error 111). Retrying in the next heartbeat period. Already tried 2 times.
I0226 14:14:22.067397 32319 change_config_transaction.cc:135] T 526e30884b1c484baad63449aba3cf31 P c26346f406894c54ae6ef6cfc9c02918: Configuration changed Changed from: opid_index: 1 local: false peers { permanent_uuid: "c26346f406894c54ae6ef6cfc9c02918" role: FOLLOWER last_known_addr { host: "127.0.0.1" port: 7052 } } peers { permanent_uuid: "9a3f54fa8ebc45cb931c90febb31872c" role: LEADER last_known_addr { host: "127.0.0.1" port: 7050 } } peers { permanent_uuid: "07dc68eb3e0f4e3da156e9d7f73d04ba" role: FOLLOWER last_known_addr { host: "127.0.0.1" port: 7051 } } Changed to: opid_index: 17905 local: false peers { permanent_uuid: "c26346f406894c54ae6ef6cfc9c02918" role: FOLLOWER last_known_addr { host: "127.0.0.1" port: 7052 } } peers { permanent_uuid: "9a3f54fa8ebc45cb931c90febb31872c" role: FOLLOWER last_known_addr { host: "127.0.0.1" port: 7050 } } peers { permanent_uuid: "07dc68eb3e0f4e3da156e9d7f73d04ba" role: LEADER last_known_addr { host: "127.0.0.1" port: 7051 } }
I0226 14:14:22.170725 31780 linked_list-test-util.h:571] Table not yet ready: 901584/901600 rows (status: Illegal state: Missing rows, but with no broken link in the chain. This means that a suffix of the inserted rows went missing. Expected=901600, seen=901584.)
I0226 14:14:22.245476 31780 linked_list-test-util.h:656] Done collecting results (901584 rows in 52.1232ms)
I0226 14:14:22.301969 31793 catalog_manager.cc:1283] Tablet: 4f7cfc512add4259954702588be078ee reported quorum change. New quorum: opid_index: 17929 local: false peers { permanent_uuid: "c26346f406894c54ae6ef6cfc9c02918" role: LEADER last_known_addr { host: "127.0.0.1" port: 7052 } } peers { permanent_uuid: "9a3f54fa8ebc45cb931c90febb31872c" role: FOLLOWER last_known_addr { host: "127.0.0.1" port: 7050 } } peers { permanent_uuid: "07dc68eb3e0f4e3da156e9d7f73d04ba" role: FOLLOWER last_known_addr { host: "127.0.0.1" port: 7051 } }
W0226 14:14:22.359473 32304 consensus_peers.cc:189] T 4f7cfc512add4259954702588be078ee P c26346f406894c54ae6ef6cfc9c02918: Couldn't send request to peer 9a3f54fa8ebc45cb931c90febb31872c for tablet 4f7cfc512add4259954702588be078ee Status: Network error: Client connection negotiation failed: client Connection to 127.0.0.1:7050: connect: Connection refused (error 111). Retrying in the next heartbeat period. Already tried 2 times.
I0226 14:14:22.360903 32300 change_config_transaction.cc:135] T 4f7cfc512add4259954702588be078ee P 07dc68eb3e0f4e3da156e9d7f73d04ba: Configuration changed Changed from: opid_index: 1 local: false peers { permanent_uuid: "c26346f406894c54ae6ef6cfc9c02918" role: FOLLOWER last_known_addr { host: "127.0.0.1" port: 7052 } } peers { permanent_uuid: "9a3f54fa8ebc45cb931c90febb31872c" role: FOLLOWER last_known_addr { host: "127.0.0.1" port: 7050 } } peers { permanent_uuid: "07dc68eb3e0f4e3da156e9d7f73d04ba" role: LEADER last_known_addr { host: "127.0.0.1" port: 7051 } } Changed to: opid_index: 17927 local: false peers { permanent_uuid: "c26346f406894c54ae6ef6cfc9c02918" role: FOLLOWER last_known_addr { host: "127.0.0.1" port: 7052 } } peers { permanent_uuid: "9a3f54fa8ebc45cb931c90febb31872c" role: LEADER last_known_addr { host: "127.0.0.1" port: 7050 } } peers { permanent_uuid: "07dc68eb3e0f4e3da156e9d7f73d04ba" role: FOLLOWER last_known_addr { host: "127.0.0.1" port: 7051 } }
I0226 14:14:22.361510 32300 change_config_transaction.cc:135] T 4f7cfc512add4259954702588be078ee P 07dc68eb3e0f4e3da156e9d7f73d04ba: Configuration changed Changed from: opid_index: 1 local: false peers { permanent_uuid: "c26346f406894c54ae6ef6cfc9c02918" role: FOLLOWER last_known_addr { host: "127.0.0.1" port: 7052 } } peers { permanent_uuid: "9a3f54fa8ebc45cb931c90febb31872c" role: FOLLOWER last_known_addr { host: "127.0.0.1" port: 7050 } } peers { permanent_uuid: "07dc68eb3e0f4e3da156e9d7f73d04ba" role: LEADER last_known_addr { host: "127.0.0.1" port: 7051 } } Changed to: opid_index: 17928 local: false peers { permanent_uuid: "c26346f406894c54ae6ef6cfc9c02918" role: LEADER last_known_addr { host: "127.0.0.1" port: 7052 } } peers { permanent_uuid: "9a3f54fa8ebc45cb931c90febb31872c" role: FOLLOWER last_known_addr { host: "127.0.0.1" port: 7050 } } peers { permanent_uuid: "07dc68eb3e0f4e3da156e9d7f73d04ba" role: FOLLOWER last_known_addr { host: "127.0.0.1" port: 7051 } }
I0226 14:14:22.362138 32300 change_config_transaction.cc:135] T 4f7cfc512add4259954702588be078ee P 07dc68eb3e0f4e3da156e9d7f73d04ba: Configuration changed Changed from: opid_index: 1 local: false peers { permanent_uuid: "c26346f406894c54ae6ef6cfc9c02918" role: FOLLOWER last_known_addr { host: "127.0.0.1" port: 7052 } } peers { permanent_uuid: "9a3f54fa8ebc45cb931c90febb31872c" role: FOLLOWER last_known_addr { host: "127.0.0.1" port: 7050 } } peers { permanent_uuid: "07dc68eb3e0f4e3da156e9d7f73d04ba" role: LEADER last_known_addr { host: "127.0.0.1" port: 7051 } } Changed to: opid_index: 17929 local: false peers { permanent_uuid: "c26346f406894c54ae6ef6cfc9c02918" role: LEADER last_known_addr { host: "127.0.0.1" port: 7052 } } peers { permanent_uuid: "9a3f54fa8ebc45cb931c90febb31872c" role: FOLLOWER last_known_addr { host: "127.0.0.1" port: 7050 } } peers { permanent_uuid: "07dc68eb3e0f4e3da156e9d7f73d04ba" role: FOLLOWER last_known_addr { host: "127.0.0.1" port: 7051 } }
I0226 14:14:22.398962 31780 linked_list-test-util.h:571] Table not yet ready: 901584/901600 rows (status: Illegal state: Missing rows, but with no broken link in the chain. This means that a suffix of the inserted rows went missing. Expected=901600, seen=901584.)
I0226 14:14:22.474931 31780 linked_list-test-util.h:656] Done collecting results (901584 rows in 52.9976ms)
I0226 14:14:22.514871 32249 tablet.cc:1081] Compaction: stage 1 complete, picked 3 rowsets to compact
I0226 14:14:22.514897 32249 compaction.cc:552] Selected 3 rowsets to compact:
I0226 14:14:22.514909 32249 compaction.cc:555] RowSet(18)(current size on disk: ~6110546 bytes)
I0226 14:14:22.514915 32249 compaction.cc:555] RowSet(19)(current size on disk: ~531345 bytes)
I0226 14:14:22.514922 32249 compaction.cc:555] RowSet(20)(current size on disk: ~573873 bytes)
I0226 14:14:22.514940 32249 tablet.cc:878] Compaction: entering phase 1 (flushing snapshot). Phase 1 snapshot: MvccSnapshot[committed={T|T < 53783 or (T in {53783})}]
I0226 14:14:22.515295 32249 multi_column_writer.cc:71] Opened CFile writer for column rand_key[uint64 NOT NULL]
I0226 14:14:22.515476 32249 multi_column_writer.cc:71] Opened CFile writer for column link_to[uint64 NOT NULL]
I0226 14:14:22.515656 32249 multi_column_writer.cc:71] Opened CFile writer for column insert_ts[uint64 NOT NULL]
I0226 14:14:22.515872 32249 multi_column_writer.cc:71] Opened CFile writer for column updated[bool NOT NULL]
W0226 14:14:22.528189 32304 consensus_peers.cc:189] T 45b6ce48ba2f45c29e584a7aa3583646 P c26346f406894c54ae6ef6cfc9c02918: Couldn't send request to peer 9a3f54fa8ebc45cb931c90febb31872c for tablet 45b6ce48ba2f45c29e584a7aa3583646 Status: Network error: Client connection negotiation failed: client Connection to 127.0.0.1:7050: connect: Connection refused (error 111). Retrying in the next heartbeat period. Already tried 6 times.
I0226 14:14:22.543481 32301 tablet.cc:1081] Compaction: stage 1 complete, picked 2 rowsets to compact
I0226 14:14:22.543499 32301 compaction.cc:552] Selected 2 rowsets to compact:
I0226 14:14:22.543509 32301 compaction.cc:555] RowSet(23)(current size on disk: ~6524237 bytes)
I0226 14:14:22.543515 32301 compaction.cc:555] RowSet(24)(current size on disk: ~645225 bytes)
I0226 14:14:22.543525 32301 tablet.cc:878] Compaction: entering phase 1 (flushing snapshot). Phase 1 snapshot: MvccSnapshot[committed={T|T < 54489 or (T in {54489})}]
I0226 14:14:22.543795 32301 multi_column_writer.cc:71] Opened CFile writer for column rand_key[uint64 NOT NULL]
I0226 14:14:22.544006 32301 multi_column_writer.cc:71] Opened CFile writer for column link_to[uint64 NOT NULL]
I0226 14:14:22.544169 32301 multi_column_writer.cc:71] Opened CFile writer for column insert_ts[uint64 NOT NULL]
I0226 14:14:22.544333 32301 multi_column_writer.cc:71] Opened CFile writer for column updated[bool NOT NULL]
W0226 14:14:22.565948 32252 consensus_peers.cc:189] T 526e30884b1c484baad63449aba3cf31 P 07dc68eb3e0f4e3da156e9d7f73d04ba: Couldn't send request to peer 9a3f54fa8ebc45cb931c90febb31872c for tablet 526e30884b1c484baad63449aba3cf31 Status: Network error: Client connection negotiation failed: client Connection to 127.0.0.1:7050: connect: Connection refused (error 111). Retrying in the next heartbeat period. Already tried 3 times.
I0226 14:14:22.614758 31780 linked_list-test-util.h:571] Table not yet ready: 901584/901600 rows (status: Illegal state: Missing rows, but with no broken link in the chain. This means that a suffix of the inserted rows went missing. Expected=901600, seen=901584.)
W0226 14:14:22.659317 31780 meta_cache.cc:164] Tablet 526e30884b1c484baad63449aba3cf31: Replica 9a3f54fa8ebc45cb931c90febb31872c has failed: Network error: TS failed: Client connection negotiation failed: client Connection to 127.0.0.1:7050: connect: Connection refused (error 111)
W0226 14:14:22.659373 31780 meta_cache.cc:164] Tablet 4f7cfc512add4259954702588be078ee: Replica 9a3f54fa8ebc45cb931c90febb31872c has failed: Network error: TS failed: Client connection negotiation failed: client Connection to 127.0.0.1:7050: connect: Connection refused (error 111)
W0226 14:14:22.659406 31780 meta_cache.cc:164] Tablet 45b6ce48ba2f45c29e584a7aa3583646: Replica 9a3f54fa8ebc45cb931c90febb31872c has failed: Network error: TS failed: Client connection negotiation failed: client Connection to 127.0.0.1:7050: connect: Connection refused (error 111)
I0226 14:14:22.745223 31780 linked_list-test-util.h:656] Done collecting results (901584 rows in 105.694ms)
I0226 14:14:22.762923 32021 linked_list-test-util.h:284] Curling URL http://127.0.0.1:53041/tablets
W0226 14:14:22.859627 32304 consensus_peers.cc:189] T 4f7cfc512add4259954702588be078ee P c26346f406894c54ae6ef6cfc9c02918: Couldn't send request to peer 9a3f54fa8ebc45cb931c90febb31872c for tablet 4f7cfc512add4259954702588be078ee Status: Network error: Client connection negotiation failed: client Connection to 127.0.0.1:7050: connect: Connection refused (error 111). Retrying in the next heartbeat period. Already tried 3 times.
I0226 14:14:22.863136 31780 linked_list-test-util.h:571] Table not yet ready: 901584/901600 rows (status: Illegal state: Missing rows, but with no broken link in the chain. This means that a suffix of the inserted rows went missing. Expected=901600, seen=901584.)
I0226 14:14:22.960907 32249 delta_tracker.cc:69] Successfully opened REDO delta file 4754873a7c8b4233aef228379ecd4cb8c4472c67f06344afa849fa2e60084e75
I0226 14:14:22.961026 32249 delta_tracker.cc:69] Successfully opened UNDO delta file 4754873a7c8b4233aef228379ecd4cb8a1a6c4f964f845f18be0300c5605655c
I0226 14:14:22.961081 32249 tablet.cc:964] Compaction: entering phase 2 (starting to duplicate updates in new rowsets)
I0226 14:14:22.961138 32249 tablet.cc:1026] Compaction Phase 2: carrying over any updates which arrived during Phase 1
I0226 14:14:22.961166 32249 tablet.cc:1027] Phase 2 snapshot: MvccSnapshot[committed={T|T < 53783 or (T in {53783})}]
I0226 14:14:22.961437 32301 delta_tracker.cc:69] Successfully opened UNDO delta file c022822f1b8842609cd6b5085a865f074d5f5c4163b94d328a9417de8ccd059a
I0226 14:14:22.961499 32301 tablet.cc:964] Compaction: entering phase 2 (starting to duplicate updates in new rowsets)
I0226 14:14:22.961541 32301 tablet.cc:1026] Compaction Phase 2: carrying over any updates which arrived during Phase 1
I0226 14:14:22.961568 32301 tablet.cc:1027] Phase 2 snapshot: MvccSnapshot[committed={T|T < 54489 or (T in {54489})}]
I0226 14:14:22.973858 31780 linked_list-test-util.h:656] Done collecting results (901584 rows in 87.7514ms)
I0226 14:14:22.998051 32301 tablet.cc:1059] Compaction successful on 298665 rows (7531546 bytes)
I0226 14:14:22.999483 32249 tablet.cc:1059] Compaction successful on 300582 rows (7577554 bytes)
I0226 14:14:23.003375 32301 maintenance_manager.cc:316] Time spent running CompactRowSetsOp(45b6ce48ba2f45c29e584a7aa3583646): real 0.460s user 0.189s sys 0.035s
I0226 14:14:23.005548 32249 maintenance_manager.cc:316] Time spent running CompactRowSetsOp(526e30884b1c484baad63449aba3cf31): real 0.491s user 0.206s sys 0.042s
I0226 14:14:23.015022 32249 tablet.cc:1081] Compaction: stage 1 complete, picked 2 rowsets to compact
I0226 14:14:23.015051 32249 compaction.cc:552] Selected 2 rowsets to compact:
I0226 14:14:23.015075 32249 compaction.cc:555] RowSet(21)(current size on disk: ~6580589 bytes)
I0226 14:14:23.015100 32249 compaction.cc:555] RowSet(22)(current size on disk: ~637617 bytes)
I0226 14:14:23.015125 32249 tablet.cc:878] Compaction: entering phase 1 (flushing snapshot). Phase 1 snapshot: MvccSnapshot[committed={T|T < 54053 or (T in {54053})}]
I0226 14:14:23.015352 32249 multi_column_writer.cc:71] Opened CFile writer for column rand_key[uint64 NOT NULL]
I0226 14:14:23.015530 32249 multi_column_writer.cc:71] Opened CFile writer for column link_to[uint64 NOT NULL]
I0226 14:14:23.015717 32249 multi_column_writer.cc:71] Opened CFile writer for column insert_ts[uint64 NOT NULL]
I0226 14:14:23.015888 32249 multi_column_writer.cc:71] Opened CFile writer for column updated[bool NOT NULL]
W0226 14:14:23.028342 32304 consensus_peers.cc:189] T 45b6ce48ba2f45c29e584a7aa3583646 P c26346f406894c54ae6ef6cfc9c02918: Couldn't send request to peer 9a3f54fa8ebc45cb931c90febb31872c for tablet 45b6ce48ba2f45c29e584a7aa3583646 Status: Network error: Client connection negotiation failed: client Connection to 127.0.0.1:7050: connect: Connection refused (error 111). Retrying in the next heartbeat period. Already tried 7 times.
I0226 14:14:23.043706 32301 tablet.cc:1081] Compaction: stage 1 complete, picked 4 rowsets to compact
I0226 14:14:23.043721 32301 compaction.cc:552] Selected 4 rowsets to compact:
I0226 14:14:23.043730 32301 compaction.cc:555] RowSet(19)(current size on disk: ~5993522 bytes)
I0226 14:14:23.043737 32301 compaction.cc:555] RowSet(20)(current size on disk: ~475329 bytes)
I0226 14:14:23.043745 32301 compaction.cc:555] RowSet(21)(current size on disk: ~300341 bytes)
I0226 14:14:23.043751 32301 compaction.cc:555] RowSet(22)(current size on disk: ~449697 bytes)
I0226 14:14:23.043761 32301 tablet.cc:878] Compaction: entering phase 1 (flushing snapshot). Phase 1 snapshot: MvccSnapshot[committed={T|T < 54913 or (T in {54913})}]
I0226 14:14:23.043995 32301 multi_column_writer.cc:71] Opened CFile writer for column rand_key[uint64 NOT NULL]
I0226 14:14:23.044157 32301 multi_column_writer.cc:71] Opened CFile writer for column link_to[uint64 NOT NULL]
I0226 14:14:23.044312 32301 multi_column_writer.cc:71] Opened CFile writer for column insert_ts[uint64 NOT NULL]
I0226 14:14:23.044482 32301 multi_column_writer.cc:71] Opened CFile writer for column updated[bool NOT NULL]
W0226 14:14:23.066072 32252 consensus_peers.cc:189] T 526e30884b1c484baad63449aba3cf31 P 07dc68eb3e0f4e3da156e9d7f73d04ba: Couldn't send request to peer 9a3f54fa8ebc45cb931c90febb31872c for tablet 526e30884b1c484baad63449aba3cf31 Status: Network error: Client connection negotiation failed: client Connection to 127.0.0.1:7050: connect: Connection refused (error 111). Retrying in the next heartbeat period. Already tried 4 times.
I0226 14:14:23.074199 31780 linked_list-test-util.h:571] Table not yet ready: 901584/901600 rows (status: Illegal state: Missing rows, but with no broken link in the chain. This means that a suffix of the inserted rows went missing. Expected=901600, seen=901584.)
I0226 14:14:23.229475 31780 linked_list-test-util.h:656] Done collecting results (877705 rows in 132.394ms)
I0226 14:14:23.340592 31780 linked_list-test-util.h:571] Table not yet ready: 877705/901600 rows (status: Corruption: Had one or more errors during verification (see log))
W0226 14:14:23.359753 32304 consensus_peers.cc:189] T 4f7cfc512add4259954702588be078ee P c26346f406894c54ae6ef6cfc9c02918: Couldn't send request to peer 9a3f54fa8ebc45cb931c90febb31872c for tablet 4f7cfc512add4259954702588be078ee Status: Network error: Client connection negotiation failed: client Connection to 127.0.0.1:7050: connect: Connection refused (error 111). Retrying in the next heartbeat period. Already tried 4 times.
I0226 14:14:23.421912 32301 delta_tracker.cc:69] Successfully opened UNDO delta file c022822f1b8842609cd6b5085a865f071d6264bc9f8342f99a66a109a5547769
I0226 14:14:23.422318 32249 delta_tracker.cc:69] Successfully opened UNDO delta file 4754873a7c8b4233aef228379ecd4cb81dfd164ae3bb4dadb4da4e8de9ab26e2
I0226 14:14:23.422370 32249 tablet.cc:964] Compaction: entering phase 2 (starting to duplicate updates in new rowsets)
I0226 14:14:23.422420 32249 tablet.cc:1026] Compaction Phase 2: carrying over any updates which arrived during Phase 1
I0226 14:14:23.422457 32301 tablet.cc:964] Compaction: entering phase 2 (starting to duplicate updates in new rowsets)
I0226 14:14:23.422485 32249 tablet.cc:1027] Phase 2 snapshot: MvccSnapshot[committed={T|T < 54053 or (T in {54053})}]
I0226 14:14:23.425007 32301 tablet.cc:1026] Compaction Phase 2: carrying over any updates which arrived during Phase 1
I0226 14:14:23.425040 32301 tablet.cc:1027] Phase 2 snapshot: MvccSnapshot[committed={T|T < 54913 or (T in {54913})}]
I0226 14:14:23.451941 31780 linked_list-test-util.h:656] Done collecting results (901584 rows in 87.9424ms)
I0226 14:14:23.454136 32249 tablet.cc:1059] Compaction successful on 300696 rows (7580290 bytes)
I0226 14:14:23.459337 32249 maintenance_manager.cc:316] Time spent running CompactRowSetsOp(4f7cfc512add4259954702588be078ee): real 0.444s user 0.186s sys 0.040s
I0226 14:14:23.473521 32301 tablet.cc:1059] Compaction successful on 300696 rows (7580290 bytes)
I0226 14:14:23.479166 32301 maintenance_manager.cc:316] Time spent running CompactRowSetsOp(4f7cfc512add4259954702588be078ee): real 0.435s user 0.204s sys 0.037s
W0226 14:14:23.528463 32304 consensus_peers.cc:189] T 45b6ce48ba2f45c29e584a7aa3583646 P c26346f406894c54ae6ef6cfc9c02918: Couldn't send request to peer 9a3f54fa8ebc45cb931c90febb31872c for tablet 45b6ce48ba2f45c29e584a7aa3583646 Status: Network error: Client connection negotiation failed: client Connection to 127.0.0.1:7050: connect: Connection refused (error 111). Retrying in the next heartbeat period. Already tried 8 times.
W0226 14:14:23.566190 32252 consensus_peers.cc:189] T 526e30884b1c484baad63449aba3cf31 P 07dc68eb3e0f4e3da156e9d7f73d04ba: Couldn't send request to peer 9a3f54fa8ebc45cb931c90febb31872c for tablet 526e30884b1c484baad63449aba3cf31 Status: Network error: Client connection negotiation failed: client Connection to 127.0.0.1:7050: connect: Connection refused (error 111). Retrying in the next heartbeat period. Already tried 5 times.
I0226 14:14:23.585083 31780 linked_list-test-util.h:571] Table not yet ready: 901584/901600 rows (status: Illegal state: Missing rows, but with no broken link in the chain. This means that a suffix of the inserted rows went missing. Expected=901600, seen=901584.)
I0226 14:14:23.702283 31780 linked_list-test-util.h:656] Done collecting results (901584 rows in 93.3285ms)
I0226 14:14:23.763062 32021 linked_list-test-util.h:284] Curling URL http://127.0.0.1:57125/jsonmetricz
I0226 14:14:23.809185 31780 linked_list-test-util.h:571] Table not yet ready: 901584/901600 rows (status: Illegal state: Missing rows, but with no broken link in the chain. This means that a suffix of the inserted rows went missing. Expected=901600, seen=901584.)
W0226 14:14:23.859902 32304 consensus_peers.cc:189] T 4f7cfc512add4259954702588be078ee P c26346f406894c54ae6ef6cfc9c02918: Couldn't send request to peer 9a3f54fa8ebc45cb931c90febb31872c for tablet 4f7cfc512add4259954702588be078ee Status: Network error: Client connection negotiation failed: client Connection to 127.0.0.1:7050: connect: Connection refused (error 111). Retrying in the next heartbeat period. Already tried 5 times.
I0226 14:14:23.925432 31780 linked_list-test-util.h:656] Done collecting results (877705 rows in 93.5392ms)
W0226 14:14:24.028599 32304 consensus_peers.cc:189] T 45b6ce48ba2f45c29e584a7aa3583646 P c26346f406894c54ae6ef6cfc9c02918: Couldn't send request to peer 9a3f54fa8ebc45cb931c90febb31872c for tablet 45b6ce48ba2f45c29e584a7aa3583646 Status: Network error: Client connection negotiation failed: client Connection to 127.0.0.1:7050: connect: Connection refused (error 111). Retrying in the next heartbeat period. Already tried 9 times.
I0226 14:14:24.030642 31780 linked_list-test-util.h:571] Table not yet ready: 877705/901600 rows (status: Corruption: Had one or more errors during verification (see log))
W0226 14:14:24.066350 32252 consensus_peers.cc:189] T 526e30884b1c484baad63449aba3cf31 P 07dc68eb3e0f4e3da156e9d7f73d04ba: Couldn't send request to peer 9a3f54fa8ebc45cb931c90febb31872c for tablet 526e30884b1c484baad63449aba3cf31 Status: Network error: Client connection negotiation failed: client Connection to 127.0.0.1:7050: connect: Connection refused (error 111). Retrying in the next heartbeat period. Already tried 6 times.
I0226 14:14:24.148022 31780 linked_list-test-util.h:656] Done collecting results (901584 rows in 93.7138ms)
I0226 14:14:24.254869 31780 linked_list-test-util.h:571] Table not yet ready: 901584/901600 rows (status: Illegal state: Missing rows, but with no broken link in the chain. This means that a suffix of the inserted rows went missing. Expected=901600, seen=901584.)
W0226 14:14:24.360030 32304 consensus_peers.cc:189] T 4f7cfc512add4259954702588be078ee P c26346f406894c54ae6ef6cfc9c02918: Couldn't send request to peer 9a3f54fa8ebc45cb931c90febb31872c for tablet 4f7cfc512add4259954702588be078ee Status: Network error: Client connection negotiation failed: client Connection to 127.0.0.1:7050: connect: Connection refused (error 111). Retrying in the next heartbeat period. Already tried 6 times.
I0226 14:14:24.371599 31780 linked_list-test-util.h:656] Done collecting results (877705 rows in 93.9449ms)
I0226 14:14:24.476722 31780 linked_list-test-util.h:571] Table not yet ready: 877705/901600 rows (status: Corruption: Had one or more errors during verification (see log))
W0226 14:14:24.528756 32304 consensus_peers.cc:189] T 45b6ce48ba2f45c29e584a7aa3583646 P c26346f406894c54ae6ef6cfc9c02918: Couldn't send request to peer 9a3f54fa8ebc45cb931c90febb31872c for tablet 45b6ce48ba2f45c29e584a7aa3583646 Status: Network error: Client connection negotiation failed: client Connection to 127.0.0.1:7050: connect: Connection refused (error 111). Retrying in the next heartbeat period. Already tried 10 times.
W0226 14:14:24.566490 32252 consensus_peers.cc:189] T 526e30884b1c484baad63449aba3cf31 P 07dc68eb3e0f4e3da156e9d7f73d04ba: Couldn't send request to peer 9a3f54fa8ebc45cb931c90febb31872c for tablet 526e30884b1c484baad63449aba3cf31 Status: Network error: Client connection negotiation failed: client Connection to 127.0.0.1:7050: connect: Connection refused (error 111). Retrying in the next heartbeat period. Already tried 7 times.
I0226 14:14:24.585865 31780 linked_list-test-util.h:656] Done collecting results (901584 rows in 86.404ms)
I0226 14:14:24.692701 31780 linked_list-test-util.h:571] Table not yet ready: 901584/901600 rows (status: Illegal state: Missing rows, but with no broken link in the chain. This means that a suffix of the inserted rows went missing. Expected=901600, seen=901584.)
I0226 14:14:24.763209 32021 linked_list-test-util.h:284] Curling URL http://127.0.0.1:57125/tablets
I0226 14:14:24.809231 31780 linked_list-test-util.h:656] Done collecting results (877705 rows in 93.8016ms)
W0226 14:14:24.860169 32304 consensus_peers.cc:189] T 4f7cfc512add4259954702588be078ee P c26346f406894c54ae6ef6cfc9c02918: Couldn't send request to peer 9a3f54fa8ebc45cb931c90febb31872c for tablet 4f7cfc512add4259954702588be078ee Status: Network error: Client connection negotiation failed: client Connection to 127.0.0.1:7050: connect: Connection refused (error 111). Retrying in the next heartbeat period. Already tried 7 times.
I0226 14:14:24.914295 31780 linked_list-test-util.h:571] Table not yet ready: 877705/901600 rows (status: Corruption: Had one or more errors during verification (see log))
W0226 14:14:25.028890 32304 consensus_peers.cc:189] T 45b6ce48ba2f45c29e584a7aa3583646 P c26346f406894c54ae6ef6cfc9c02918: Couldn't send request to peer 9a3f54fa8ebc45cb931c90febb31872c for tablet 45b6ce48ba2f45c29e584a7aa3583646 Status: Network error: Client connection negotiation failed: client Connection to 127.0.0.1:7050: connect: Connection refused (error 111). Retrying in the next heartbeat period. Already tried 11 times.
I0226 14:14:25.029953 31780 linked_list-test-util.h:656] Done collecting results (877705 rows in 93.0493ms)
W0226 14:14:25.066618 32252 consensus_peers.cc:189] T 526e30884b1c484baad63449aba3cf31 P 07dc68eb3e0f4e3da156e9d7f73d04ba: Couldn't send request to peer 9a3f54fa8ebc45cb931c90febb31872c for tablet 526e30884b1c484baad63449aba3cf31 Status: Network error: Client connection negotiation failed: client Connection to 127.0.0.1:7050: connect: Connection refused (error 111). Retrying in the next heartbeat period. Already tried 8 times.
I0226 14:14:25.135092 31780 linked_list-test-util.h:571] Table not yet ready: 877705/901600 rows (status: Corruption: Had one or more errors during verification (see log))
I0226 14:14:25.250695 31780 linked_list-test-util.h:656] Done collecting results (877705 rows in 93.0318ms)
I0226 14:14:25.355994 31780 linked_list-test-util.h:571] Table not yet ready: 877705/901600 rows (status: Corruption: Had one or more errors during verification (see log))
W0226 14:14:25.360291 32304 consensus_peers.cc:189] T 4f7cfc512add4259954702588be078ee P c26346f406894c54ae6ef6cfc9c02918: Couldn't send request to peer 9a3f54fa8ebc45cb931c90febb31872c for tablet 4f7cfc512add4259954702588be078ee Status: Network error: Client connection negotiation failed: client Connection to 127.0.0.1:7050: connect: Connection refused (error 111). Retrying in the next heartbeat period. Already tried 8 times.
I0226 14:14:25.471328 31780 linked_list-test-util.h:656] Done collecting results (877705 rows in 92.7623ms)
W0226 14:14:25.529042 32304 consensus_peers.cc:189] T 45b6ce48ba2f45c29e584a7aa3583646 P c26346f406894c54ae6ef6cfc9c02918: Couldn't send request to peer 9a3f54fa8ebc45cb931c90febb31872c for tablet 45b6ce48ba2f45c29e584a7aa3583646 Status: Network error: Client connection negotiation failed: client Connection to 127.0.0.1:7050: connect: Connection refused (error 111). Retrying in the next heartbeat period. Already tried 12 times.
W0226 14:14:25.566738 32252 consensus_peers.cc:189] T 526e30884b1c484baad63449aba3cf31 P 07dc68eb3e0f4e3da156e9d7f73d04ba: Couldn't send request to peer 9a3f54fa8ebc45cb931c90febb31872c for tablet 526e30884b1c484baad63449aba3cf31 Status: Network error: Client connection negotiation failed: client Connection to 127.0.0.1:7050: connect: Connection refused (error 111). Retrying in the next heartbeat period. Already tried 9 times.
I0226 14:14:25.576683 31780 linked_list-test-util.h:571] Table not yet ready: 877705/901600 rows (status: Corruption: Had one or more errors during verification (see log))
I0226 14:14:25.692176 31780 linked_list-test-util.h:656] Done collecting results (877705 rows in 92.91ms)
I0226 14:14:25.763336 32021 linked_list-test-util.h:284] Curling URL http://127.0.0.1:33148/jsonmetricz
I0226 14:14:25.797631 31780 linked_list-test-util.h:571] Table not yet ready: 877705/901600 rows (status: Corruption: Had one or more errors during verification (see log))
W0226 14:14:25.860433 32304 consensus_peers.cc:189] T 4f7cfc512add4259954702588be078ee P c26346f406894c54ae6ef6cfc9c02918: Couldn't send request to peer 9a3f54fa8ebc45cb931c90febb31872c for tablet 4f7cfc512add4259954702588be078ee Status: Network error: Client connection negotiation failed: client Connection to 127.0.0.1:7050: connect: Connection refused (error 111). Retrying in the next heartbeat period. Already tried 9 times.
I0226 14:14:25.906182 31780 linked_list-test-util.h:656] Done collecting results (901584 rows in 85.9409ms)
I0226 14:14:26.013207 31780 linked_list-test-util.h:571] Table not yet ready: 901584/901600 rows (status: Illegal state: Missing rows, but with no broken link in the chain. This means that a suffix of the inserted rows went missing. Expected=901600, seen=901584.)
W0226 14:14:26.029184 32304 consensus_peers.cc:189] T 45b6ce48ba2f45c29e584a7aa3583646 P c26346f406894c54ae6ef6cfc9c02918: Couldn't send request to peer 9a3f54fa8ebc45cb931c90febb31872c for tablet 45b6ce48ba2f45c29e584a7aa3583646 Status: Network error: Client connection negotiation failed: client Connection to 127.0.0.1:7050: connect: Connection refused (error 111). Retrying in the next heartbeat period. Already tried 13 times.
W0226 14:14:26.066885 32252 consensus_peers.cc:189] T 526e30884b1c484baad63449aba3cf31 P 07dc68eb3e0f4e3da156e9d7f73d04ba: Couldn't send request to peer 9a3f54fa8ebc45cb931c90febb31872c for tablet 526e30884b1c484baad63449aba3cf31 Status: Network error: Client connection negotiation failed: client Connection to 127.0.0.1:7050: connect: Connection refused (error 111). Retrying in the next heartbeat period. Already tried 10 times.
I0226 14:14:26.129365 31780 linked_list-test-util.h:656] Done collecting results (877705 rows in 93.4563ms)
I0226 14:14:26.234518 31780 linked_list-test-util.h:571] Table not yet ready: 877705/901600 rows (status: Corruption: Had one or more errors during verification (see log))
I0226 14:14:26.350723 31780 linked_list-test-util.h:656] Done collecting results (877705 rows in 93.451ms)
W0226 14:14:26.360575 32304 consensus_peers.cc:189] T 4f7cfc512add4259954702588be078ee P c26346f406894c54ae6ef6cfc9c02918: Couldn't send request to peer 9a3f54fa8ebc45cb931c90febb31872c for tablet 4f7cfc512add4259954702588be078ee Status: Network error: Client connection negotiation failed: client Connection to 127.0.0.1:7050: connect: Connection refused (error 111). Retrying in the next heartbeat period. Already tried 10 times.
I0226 14:14:26.455337 31780 linked_list-test-util.h:571] Table not yet ready: 877705/901600 rows (status: Corruption: Had one or more errors during verification (see log))
W0226 14:14:26.529324 32304 consensus_peers.cc:189] T 45b6ce48ba2f45c29e584a7aa3583646 P c26346f406894c54ae6ef6cfc9c02918: Couldn't send request to peer 9a3f54fa8ebc45cb931c90febb31872c for tablet 45b6ce48ba2f45c29e584a7aa3583646 Status: Network error: Client connection negotiation failed: client Connection to 127.0.0.1:7050: connect: Connection refused (error 111). Retrying in the next heartbeat period. Already tried 14 times.
W0226 14:14:26.567035 32252 consensus_peers.cc:189] T 526e30884b1c484baad63449aba3cf31 P 07dc68eb3e0f4e3da156e9d7f73d04ba: Couldn't send request to peer 9a3f54fa8ebc45cb931c90febb31872c for tablet 526e30884b1c484baad63449aba3cf31 Status: Network error: Client connection negotiation failed: client Connection to 127.0.0.1:7050: connect: Connection refused (error 111). Retrying in the next heartbeat period. Already tried 11 times.
I0226 14:14:26.571447 31780 linked_list-test-util.h:656] Done collecting results (877705 rows in 93.5066ms)
I0226 14:14:26.676373 31780 linked_list-test-util.h:571] Table not yet ready: 877705/901600 rows (status: Corruption: Had one or more errors during verification (see log))
I0226 14:14:26.763491 32021 linked_list-test-util.h:284] Curling URL http://127.0.0.1:33148/masterz
I0226 14:14:26.784706 31780 linked_list-test-util.h:656] Done collecting results (901584 rows in 85.6726ms)
W0226 14:14:26.860719 32304 consensus_peers.cc:189] T 4f7cfc512add4259954702588be078ee P c26346f406894c54ae6ef6cfc9c02918: Couldn't send request to peer 9a3f54fa8ebc45cb931c90febb31872c for tablet 4f7cfc512add4259954702588be078ee Status: Network error: Client connection negotiation failed: client Connection to 127.0.0.1:7050: connect: Connection refused (error 111). Retrying in the next heartbeat period. Already tried 11 times.
I0226 14:14:26.891597 31780 linked_list-test-util.h:571] Table not yet ready: 901584/901600 rows (status: Illegal state: Missing rows, but with no broken link in the chain. This means that a suffix of the inserted rows went missing. Expected=901600, seen=901584.)
I0226 14:14:27.007521 31780 linked_list-test-util.h:656] Done collecting results (877705 rows in 93.0697ms)
W0226 14:14:27.029474 32304 consensus_peers.cc:189] T 45b6ce48ba2f45c29e584a7aa3583646 P c26346f406894c54ae6ef6cfc9c02918: Couldn't send request to peer 9a3f54fa8ebc45cb931c90febb31872c for tablet 45b6ce48ba2f45c29e584a7aa3583646 Status: Network error: Client connection negotiation failed: client Connection to 127.0.0.1:7050: connect: Connection refused (error 111). Retrying in the next heartbeat period. Already tried 15 times.
W0226 14:14:27.067112 32252 consensus_peers.cc:189] T 526e30884b1c484baad63449aba3cf31 P 07dc68eb3e0f4e3da156e9d7f73d04ba: Couldn't send request to peer 9a3f54fa8ebc45cb931c90febb31872c for tablet 526e30884b1c484baad63449aba3cf31 Status: Network error: Client connection negotiation failed: client Connection to 127.0.0.1:7050: connect: Connection refused (error 111). Retrying in the next heartbeat period. Already tried 12 times.
I0226 14:14:27.112392 31780 linked_list-test-util.h:571] Table not yet ready: 877705/901600 rows (status: Corruption: Had one or more errors during verification (see log))
I0226 14:14:27.229495 31780 linked_list-test-util.h:656] Done collecting results (877705 rows in 94.2069ms)
I0226 14:14:27.334061 31780 linked_list-test-util.h:571] Table not yet ready: 877705/901600 rows (status: Corruption: Had one or more errors during verification (see log))
W0226 14:14:27.360864 32304 consensus_peers.cc:189] T 4f7cfc512add4259954702588be078ee P c26346f406894c54ae6ef6cfc9c02918: Couldn't send request to peer 9a3f54fa8ebc45cb931c90febb31872c for tablet 4f7cfc512add4259954702588be078ee Status: Network error: Client connection negotiation failed: client Connection to 127.0.0.1:7050: connect: Connection refused (error 111). Retrying in the next heartbeat period. Already tried 12 times.
I0226 14:14:27.451231 31780 linked_list-test-util.h:656] Done collecting results (877705 rows in 94.4333ms)
W0226 14:14:27.529626 32304 consensus_peers.cc:189] T 45b6ce48ba2f45c29e584a7aa3583646 P c26346f406894c54ae6ef6cfc9c02918: Couldn't send request to peer 9a3f54fa8ebc45cb931c90febb31872c for tablet 45b6ce48ba2f45c29e584a7aa3583646 Status: Network error: Client connection negotiation failed: client Connection to 127.0.0.1:7050: connect: Connection refused (error 111). Retrying in the next heartbeat period. Already tried 16 times.
I0226 14:14:27.556251 31780 linked_list-test-util.h:571] Table not yet ready: 877705/901600 rows (status: Corruption: Had one or more errors during verification (see log))
W0226 14:14:27.567263 32252 consensus_peers.cc:189] T 526e30884b1c484baad63449aba3cf31 P 07dc68eb3e0f4e3da156e9d7f73d04ba: Couldn't send request to peer 9a3f54fa8ebc45cb931c90febb31872c for tablet 526e30884b1c484baad63449aba3cf31 Status: Network error: Client connection negotiation failed: client Connection to 127.0.0.1:7050: connect: Connection refused (error 111). Retrying in the next heartbeat period. Already tried 13 times.
I0226 14:14:27.664538 31780 linked_list-test-util.h:656] Done collecting results (901584 rows in 85.5781ms)
I0226 14:14:27.763641 32021 linked_list-test-util.h:284] Curling URL http://127.0.0.1:33148/tablez
I0226 14:14:27.771288 31780 linked_list-test-util.h:571] Table not yet ready: 901584/901600 rows (status: Illegal state: Missing rows, but with no broken link in the chain. This means that a suffix of the inserted rows went missing. Expected=901600, seen=901584.)
W0226 14:14:27.860971 32304 consensus_peers.cc:189] T 4f7cfc512add4259954702588be078ee P c26346f406894c54ae6ef6cfc9c02918: Couldn't send request to peer 9a3f54fa8ebc45cb931c90febb31872c for tablet 4f7cfc512add4259954702588be078ee Status: Network error: Client connection negotiation failed: client Connection to 127.0.0.1:7050: connect: Connection refused (error 111). Retrying in the next heartbeat period. Already tried 13 times.
I0226 14:14:27.880275 31780 linked_list-test-util.h:656] Done collecting results (901584 rows in 86.337ms)
I0226 14:14:27.986973 31780 linked_list-test-util.h:571] Table not yet ready: 901584/901600 rows (status: Illegal state: Missing rows, but with no broken link in the chain. This means that a suffix of the inserted rows went missing. Expected=901600, seen=901584.)
W0226 14:14:28.029768 32304 consensus_peers.cc:189] T 45b6ce48ba2f45c29e584a7aa3583646 P c26346f406894c54ae6ef6cfc9c02918: Couldn't send request to peer 9a3f54fa8ebc45cb931c90febb31872c for tablet 45b6ce48ba2f45c29e584a7aa3583646 Status: Network error: Client connection negotiation failed: client Connection to 127.0.0.1:7050: connect: Connection refused (error 111). Retrying in the next heartbeat period. Already tried 17 times.
W0226 14:14:28.067414 32252 consensus_peers.cc:189] T 526e30884b1c484baad63449aba3cf31 P 07dc68eb3e0f4e3da156e9d7f73d04ba: Couldn't send request to peer 9a3f54fa8ebc45cb931c90febb31872c for tablet 526e30884b1c484baad63449aba3cf31 Status: Network error: Client connection negotiation failed: client Connection to 127.0.0.1:7050: connect: Connection refused (error 111). Retrying in the next heartbeat period. Already tried 14 times.
I0226 14:14:28.104471 31780 linked_list-test-util.h:656] Done collecting results (877705 rows in 94.7208ms)
I0226 14:14:28.209030 31780 linked_list-test-util.h:571] Table not yet ready: 877705/901600 rows (status: Corruption: Had one or more errors during verification (see log))
I0226 14:14:28.318790 31780 linked_list-test-util.h:656] Done collecting results (901584 rows in 86.9069ms)
