I0226 14:14:17.638265 32197 leader_election.cc:281] T 4f7cfc512add4259954702588be078ee P 9a3f54fa8ebc45cb931c90febb31872c [CANDIDATE]: Term 2 election: Election decided. Result: candidate won.
I0226 14:14:17.638281 32197 raft_consensus.cc:1299] T 4f7cfc512add4259954702588be078ee P 9a3f54fa8ebc45cb931c90febb31872c [CANDIDATE]: Snoozing failure detection for an additional: 1.500s
I0226 14:14:17.638290 32197 raft_consensus.cc:1237] T 4f7cfc512add4259954702588be078ee P 9a3f54fa8ebc45cb931c90febb31872c [CANDIDATE]: Leader election won for term 2
I0226 14:14:17.638317 32197 raft_consensus.cc:361] T 4f7cfc512add4259954702588be078ee P 9a3f54fa8ebc45cb931c90febb31872c [LEADER]: Becoming Leader. State: Replica: 9a3f54fa8ebc45cb931c90febb31872c, State: 1, Role: LEADER Watermarks: {Received: term: 1 index: 17926 Committed: term: 1 index: 17926}
I0226 14:14:17.638334 32197 consensus_queue.cc:119] T 4f7cfc512add4259954702588be078ee P 9a3f54fa8ebc45cb931c90febb31872c [LEADER]: queue going to LEADER mode. State: All replicated op: 0.0, Majority replicated op: 1.17926, Committed index: 1.17926, Last appended: 1.17926, Current term: 2, Majority size: 2, State: 1, Mode: LEADER
I0226 14:14:17.638752 32197 leader_election.cc:308] T 4f7cfc512add4259954702588be078ee P 9a3f54fa8ebc45cb931c90febb31872c [CANDIDATE]: Term 2 election: Vote granted by peer c26346f406894c54ae6ef6cfc9c02918
W0226 14:14:17.638819 32381 raft_consensus_state.cc:477] T 4f7cfc512add4259954702588be078ee P 9a3f54fa8ebc45cb931c90febb31872c [LEADER]: Can't advance the committed index across term boundaries yet. Last committed operation was: term: 1 index: 17926 New majority replicated is: term: 1 index: 17926. Current term is: 2
I0226 14:14:17.680389 31780 linked_list-test-util.h:571] Table not yet ready: 901584/901600 rows (status: Illegal state: Missing rows, but with no broken link in the chain. This means that a suffix of the inserted rows went missing. Expected=901600, seen=901584.)
I0226 14:14:17.762225 32021 linked_list-test-util.h:284] Curling URL http://127.0.0.1:33148/tablez
I0226 14:14:17.791251 32301 tablet.cc:573] Flush: entering stage 1 (old memrowset already frozen for inserts)
I0226 14:14:17.791275 32301 compaction.cc:552] Selected 1 rowsets to compact:
I0226 14:14:17.791283 32301 compaction.cc:555] memrowset(current size on disk: ~0 bytes)
I0226 14:14:17.791290 32301 tablet.cc:575] Memstore in-memory size: 2039575 bytes
I0226 14:14:17.791304 32301 tablet.cc:878] Flush: entering phase 1 (flushing snapshot). Phase 1 snapshot: MvccSnapshot[committed={T|T < 54913 or (T in {54913})}]
I0226 14:14:17.792067 32301 multi_column_writer.cc:71] Opened CFile writer for column rand_key[uint64 NOT NULL]
I0226 14:14:17.792258 32301 multi_column_writer.cc:71] Opened CFile writer for column link_to[uint64 NOT NULL]
I0226 14:14:17.792503 32301 multi_column_writer.cc:71] Opened CFile writer for column insert_ts[uint64 NOT NULL]
I0226 14:14:17.792726 32301 multi_column_writer.cc:71] Opened CFile writer for column updated[bool NOT NULL]
I0226 14:14:17.800426 32366 raft_consensus.cc:327] T 526e30884b1c484baad63449aba3cf31 P 9a3f54fa8ebc45cb931c90febb31872c [FOLLOWER]: Failure of peer election-timer detected. Triggering leader election
I0226 14:14:17.801251 32366 raft_consensus.cc:1299] T 526e30884b1c484baad63449aba3cf31 P 9a3f54fa8ebc45cb931c90febb31872c [CANDIDATE]: Snoozing failure detection for an additional: 1.500s
I0226 14:14:17.801306 32366 raft_consensus.cc:294] T 526e30884b1c484baad63449aba3cf31 P 9a3f54fa8ebc45cb931c90febb31872c [CANDIDATE]: Starting election with quorum: local: false peers { permanent_uuid: "c26346f406894c54ae6ef6cfc9c02918" role: FOLLOWER last_known_addr { host: "127.0.0.1" port: 7052 } } peers { permanent_uuid: "9a3f54fa8ebc45cb931c90febb31872c" role: CANDIDATE last_known_addr { host: "127.0.0.1" port: 7050 } } peers { permanent_uuid: "07dc68eb3e0f4e3da156e9d7f73d04ba" role: FOLLOWER last_known_addr { host: "127.0.0.1" port: 7051 } }
I0226 14:14:17.805119 32366 leader_election.cc:187] T 526e30884b1c484baad63449aba3cf31 P 9a3f54fa8ebc45cb931c90febb31872c [CANDIDATE]: Term 2 election: Requesting vote from peer c26346f406894c54ae6ef6cfc9c02918
I0226 14:14:17.805166 32366 leader_election.cc:187] T 526e30884b1c484baad63449aba3cf31 P 9a3f54fa8ebc45cb931c90febb31872c [CANDIDATE]: Term 2 election: Requesting vote from peer 07dc68eb3e0f4e3da156e9d7f73d04ba
I0226 14:14:17.805315 32341 raft_consensus.cc:1336] T 526e30884b1c484baad63449aba3cf31 P c26346f406894c54ae6ef6cfc9c02918 [FOLLOWER]: Advancing to term 2
I0226 14:14:17.805330 32281 raft_consensus.cc:1336] T 526e30884b1c484baad63449aba3cf31 P 07dc68eb3e0f4e3da156e9d7f73d04ba [FOLLOWER]: Advancing to term 2
I0226 14:14:17.805991 32341 raft_consensus.cc:1299] T 526e30884b1c484baad63449aba3cf31 P c26346f406894c54ae6ef6cfc9c02918 [FOLLOWER]: Snoozing failure detection for an additional: 1.500s
I0226 14:14:17.806031 32281 raft_consensus.cc:1299] T 526e30884b1c484baad63449aba3cf31 P 07dc68eb3e0f4e3da156e9d7f73d04ba [FOLLOWER]: Snoozing failure detection for an additional: 1.500s
I0226 14:14:17.806725 32281 raft_consensus.cc:1136] T 526e30884b1c484baad63449aba3cf31 P 07dc68eb3e0f4e3da156e9d7f73d04ba [FOLLOWER]: Leader election vote request: Granting yes vote for candidate 9a3f54fa8ebc45cb931c90febb31872c in term 2.
I0226 14:14:17.806838 32197 leader_election.cc:308] T 526e30884b1c484baad63449aba3cf31 P 9a3f54fa8ebc45cb931c90febb31872c [CANDIDATE]: Term 2 election: Vote granted by peer 07dc68eb3e0f4e3da156e9d7f73d04ba
I0226 14:14:17.806856 32197 leader_election.cc:281] T 526e30884b1c484baad63449aba3cf31 P 9a3f54fa8ebc45cb931c90febb31872c [CANDIDATE]: Term 2 election: Election decided. Result: candidate won.
I0226 14:14:17.806879 32197 raft_consensus.cc:1299] T 526e30884b1c484baad63449aba3cf31 P 9a3f54fa8ebc45cb931c90febb31872c [CANDIDATE]: Snoozing failure detection for an additional: 1.500s
I0226 14:14:17.806886 32341 raft_consensus.cc:1136] T 526e30884b1c484baad63449aba3cf31 P c26346f406894c54ae6ef6cfc9c02918 [FOLLOWER]: Leader election vote request: Granting yes vote for candidate 9a3f54fa8ebc45cb931c90febb31872c in term 2.
I0226 14:14:17.806892 32197 raft_consensus.cc:1237] T 526e30884b1c484baad63449aba3cf31 P 9a3f54fa8ebc45cb931c90febb31872c [CANDIDATE]: Leader election won for term 2
I0226 14:14:17.806928 32197 raft_consensus.cc:361] T 526e30884b1c484baad63449aba3cf31 P 9a3f54fa8ebc45cb931c90febb31872c [LEADER]: Becoming Leader. State: Replica: 9a3f54fa8ebc45cb931c90febb31872c, State: 1, Role: LEADER Watermarks: {Received: term: 1 index: 17904 Committed: term: 1 index: 17904}
I0226 14:14:17.806949 32197 consensus_queue.cc:119] T 526e30884b1c484baad63449aba3cf31 P 9a3f54fa8ebc45cb931c90febb31872c [LEADER]: queue going to LEADER mode. State: All replicated op: 0.0, Majority replicated op: 1.17904, Committed index: 1.17904, Last appended: 1.17904, Current term: 2, Majority size: 2, State: 1, Mode: LEADER
I0226 14:14:17.807296 32197 leader_election.cc:308] T 526e30884b1c484baad63449aba3cf31 P 9a3f54fa8ebc45cb931c90febb31872c [CANDIDATE]: Term 2 election: Vote granted by peer c26346f406894c54ae6ef6cfc9c02918
W0226 14:14:17.808020 32387 raft_consensus_state.cc:477] T 526e30884b1c484baad63449aba3cf31 P 9a3f54fa8ebc45cb931c90febb31872c [LEADER]: Can't advance the committed index across term boundaries yet. Last committed operation was: term: 1 index: 17904 New majority replicated is: term: 1 index: 17904. Current term is: 2
I0226 14:14:17.823842 31780 linked_list-test-util.h:656] Done collecting results (901584 rows in 117.884ms)
I0226 14:14:17.824023 32301 delta_tracker.cc:69] Successfully opened UNDO delta file c022822f1b8842609cd6b5085a865f07b3c9fb3b20fe42f7ab61d0a2544ad19f
I0226 14:14:17.824090 32301 tablet.cc:964] Flush: entering phase 2 (starting to duplicate updates in new rowsets)
I0226 14:14:17.824178 32301 tablet.cc:1026] Flush Phase 2: carrying over any updates which arrived during Phase 1
I0226 14:14:17.824220 32301 tablet.cc:1027] Phase 2 snapshot: MvccSnapshot[committed={T|T < 54913 or (T in {54913})}]
I0226 14:14:17.829028 32301 tablet.cc:1059] Flush successful on 18721 rows (474250 bytes)
I0226 14:14:17.829171 32301 maintenance_manager.cc:316] Time spent running FlushMRSOp(4f7cfc512add4259954702588be078ee): real 0.038s user 0.018s sys 0.005s
I0226 14:14:17.940343 31780 linked_list-test-util.h:571] Table not yet ready: 901584/901600 rows (status: Illegal state: Missing rows, but with no broken link in the chain. This means that a suffix of the inserted rows went missing. Expected=901600, seen=901584.)
I0226 14:14:18.008824 32342 raft_consensus.cc:642] T 45b6ce48ba2f45c29e584a7aa3583646 P c26346f406894c54ae6ef6cfc9c02918 [FOLLOWER]: Refusing update from remote peer 9a3f54fa8ebc45cb931c90febb31872c: Log matching property violated. Preceding OpId in replica: term: 1 index: 17907. Preceding OpId from leader: term: 2 index: 17908.
I0226 14:14:18.008846 32282 raft_consensus.cc:642] T 45b6ce48ba2f45c29e584a7aa3583646 P 07dc68eb3e0f4e3da156e9d7f73d04ba [FOLLOWER]: Refusing update from remote peer 9a3f54fa8ebc45cb931c90febb31872c: Log matching property violated. Preceding OpId in replica: term: 1 index: 17907. Preceding OpId from leader: term: 2 index: 17908.
I0226 14:14:18.008963 32197 consensus_queue.cc:428] T 45b6ce48ba2f45c29e584a7aa3583646 P 9a3f54fa8ebc45cb931c90febb31872c [LEADER]: Connected to new peer: Peer: c26346f406894c54ae6ef6cfc9c02918, New: false, Last received: 1.17907, Last sent , Last known committed idx: 17907 Last exchange result: ERROR
I0226 14:14:18.009032 32197 consensus_queue.cc:428] T 45b6ce48ba2f45c29e584a7aa3583646 P 9a3f54fa8ebc45cb931c90febb31872c [LEADER]: Connected to new peer: Peer: 07dc68eb3e0f4e3da156e9d7f73d04ba, New: false, Last received: 1.17907, Last sent , Last known committed idx: 17907 Last exchange result: ERROR
I0226 14:14:18.010968 32392 raft_consensus_state.cc:470] T 45b6ce48ba2f45c29e584a7aa3583646 P 9a3f54fa8ebc45cb931c90febb31872c [LEADER]: Advanced the committed_index across terms. Last committed operation was: term: 1 index: 17907 New committed index is: term: 2 index: 17908
I0226 14:14:18.011077 32246 change_config_transaction.cc:135] T 45b6ce48ba2f45c29e584a7aa3583646 P 9a3f54fa8ebc45cb931c90febb31872c: Configuration changed Changed from: opid_index: 1 local: false peers { permanent_uuid: "c26346f406894c54ae6ef6cfc9c02918" role: FOLLOWER last_known_addr { host: "127.0.0.1" port: 7052 } } peers { permanent_uuid: "9a3f54fa8ebc45cb931c90febb31872c" role: FOLLOWER last_known_addr { host: "127.0.0.1" port: 7050 } } peers { permanent_uuid: "07dc68eb3e0f4e3da156e9d7f73d04ba" role: LEADER last_known_addr { host: "127.0.0.1" port: 7051 } } Changed to: opid_index: 17908 local: false peers { permanent_uuid: "c26346f406894c54ae6ef6cfc9c02918" role: FOLLOWER last_known_addr { host: "127.0.0.1" port: 7052 } } peers { permanent_uuid: "9a3f54fa8ebc45cb931c90febb31872c" role: LEADER last_known_addr { host: "127.0.0.1" port: 7050 } } peers { permanent_uuid: "07dc68eb3e0f4e3da156e9d7f73d04ba" role: FOLLOWER last_known_addr { host: "127.0.0.1" port: 7051 } }
I0226 14:14:18.019254 31780 linked_list-test-util.h:656] Done collecting results (901600 rows in 56.0352ms)
I0226 14:14:18.138761 32344 raft_consensus.cc:642] T 4f7cfc512add4259954702588be078ee P c26346f406894c54ae6ef6cfc9c02918 [FOLLOWER]: Refusing update from remote peer 9a3f54fa8ebc45cb931c90febb31872c: Log matching property violated. Preceding OpId in replica: term: 1 index: 17926. Preceding OpId from leader: term: 2 index: 17927.
I0226 14:14:18.138947 32197 consensus_queue.cc:428] T 4f7cfc512add4259954702588be078ee P 9a3f54fa8ebc45cb931c90febb31872c [LEADER]: Connected to new peer: Peer: c26346f406894c54ae6ef6cfc9c02918, New: false, Last received: 1.17926, Last sent , Last known committed idx: 17926 Last exchange result: ERROR
I0226 14:14:18.138968 32284 raft_consensus.cc:642] T 4f7cfc512add4259954702588be078ee P 07dc68eb3e0f4e3da156e9d7f73d04ba [FOLLOWER]: Refusing update from remote peer 9a3f54fa8ebc45cb931c90febb31872c: Log matching property violated. Preceding OpId in replica: term: 1 index: 17926. Preceding OpId from leader: term: 2 index: 17927.
I0226 14:14:18.139081 32197 consensus_queue.cc:428] T 4f7cfc512add4259954702588be078ee P 9a3f54fa8ebc45cb931c90febb31872c [LEADER]: Connected to new peer: Peer: 07dc68eb3e0f4e3da156e9d7f73d04ba, New: false, Last received: 1.17926, Last sent , Last known committed idx: 17926 Last exchange result: ERROR
I0226 14:14:18.140561 32396 raft_consensus_state.cc:470] T 4f7cfc512add4259954702588be078ee P 9a3f54fa8ebc45cb931c90febb31872c [LEADER]: Advanced the committed_index across terms. Last committed operation was: term: 1 index: 17926 New committed index is: term: 2 index: 17927
I0226 14:14:18.140681 32242 change_config_transaction.cc:135] T 4f7cfc512add4259954702588be078ee P 9a3f54fa8ebc45cb931c90febb31872c: Configuration changed Changed from: opid_index: 1 local: false peers { permanent_uuid: "c26346f406894c54ae6ef6cfc9c02918" role: FOLLOWER last_known_addr { host: "127.0.0.1" port: 7052 } } peers { permanent_uuid: "9a3f54fa8ebc45cb931c90febb31872c" role: FOLLOWER last_known_addr { host: "127.0.0.1" port: 7050 } } peers { permanent_uuid: "07dc68eb3e0f4e3da156e9d7f73d04ba" role: LEADER last_known_addr { host: "127.0.0.1" port: 7051 } } Changed to: opid_index: 17927 local: false peers { permanent_uuid: "c26346f406894c54ae6ef6cfc9c02918" role: FOLLOWER last_known_addr { host: "127.0.0.1" port: 7052 } } peers { permanent_uuid: "9a3f54fa8ebc45cb931c90febb31872c" role: LEADER last_known_addr { host: "127.0.0.1" port: 7050 } } peers { permanent_uuid: "07dc68eb3e0f4e3da156e9d7f73d04ba" role: FOLLOWER last_known_addr { host: "127.0.0.1" port: 7051 } }
I0226 14:14:18.172642 31780 linked_list-test-util.h:585] Successfully verified 901600 rows
I0226 14:14:18.175603 31780 linked_list-test.cc:177] Killing TS: 9a3f54fa8ebc45cb931c90febb31872c, leader of tablet: 526e30884b1c484baad63449aba3cf31 and verifying that we can still read all results
I0226 14:14:18.175644 31780 external_mini_cluster.cc:446] Killing /data1/jenkins-workspace/kudu-gerrit/BUILD_TYPE/RELEASE/label/kudu-gerrit-slaves/build/release/kudu-tablet_server with pid 32193
I0226 14:14:18.273859 31780 linked_list-test-util.h:656] Done collecting results (901584 rows in 86.9757ms)
I0226 14:14:18.406793 31780 linked_list-test-util.h:571] Table not yet ready: 901584/901600 rows (status: Illegal state: Missing rows, but with no broken link in the chain. This means that a suffix of the inserted rows went missing. Expected=901600, seen=901584.)
W0226 14:14:18.445238 31780 meta_cache.cc:164] Tablet 526e30884b1c484baad63449aba3cf31: Replica 9a3f54fa8ebc45cb931c90febb31872c has failed: Network error: TS failed: Client connection negotiation failed: client Connection to 127.0.0.1:7050: connect: Connection refused (error 111)
W0226 14:14:18.445282 31780 meta_cache.cc:164] Tablet 4f7cfc512add4259954702588be078ee: Replica 9a3f54fa8ebc45cb931c90febb31872c has failed: Network error: TS failed: Client connection negotiation failed: client Connection to 127.0.0.1:7050: connect: Connection refused (error 111)
W0226 14:14:18.445307 31780 meta_cache.cc:164] Tablet 45b6ce48ba2f45c29e584a7aa3583646: Replica 9a3f54fa8ebc45cb931c90febb31872c has failed: Network error: TS failed: Client connection negotiation failed: client Connection to 127.0.0.1:7050: connect: Connection refused (error 111)
I0226 14:14:18.516584 31780 linked_list-test-util.h:656] Done collecting results (901584 rows in 87.0324ms)
I0226 14:14:18.649466 31780 linked_list-test-util.h:571] Table not yet ready: 901584/901600 rows (status: Illegal state: Missing rows, but with no broken link in the chain. This means that a suffix of the inserted rows went missing. Expected=901600, seen=901584.)
W0226 14:14:18.744451 31780 meta_cache.cc:164] Tablet 526e30884b1c484baad63449aba3cf31: Replica 9a3f54fa8ebc45cb931c90febb31872c has failed: Network error: TS failed: Client connection negotiation failed: client Connection to 127.0.0.1:7050: connect: Connection refused (error 111)
W0226 14:14:18.744503 31780 meta_cache.cc:164] Tablet 4f7cfc512add4259954702588be078ee: Replica 9a3f54fa8ebc45cb931c90febb31872c has failed: Network error: TS failed: Client connection negotiation failed: client Connection to 127.0.0.1:7050: connect: Connection refused (error 111)
W0226 14:14:18.744527 31780 meta_cache.cc:164] Tablet 45b6ce48ba2f45c29e584a7aa3583646: Replica 9a3f54fa8ebc45cb931c90febb31872c has failed: Network error: TS failed: Client connection negotiation failed: client Connection to 127.0.0.1:7050: connect: Connection refused (error 111)
I0226 14:14:18.762115 31780 linked_list-test-util.h:656] Done collecting results (901584 rows in 89.3387ms)
I0226 14:14:18.762383 32021 linked_list-test-util.h:284] Curling URL http://127.0.0.1:33148/tablet-servers
I0226 14:14:18.877277 31780 linked_list-test-util.h:571] Table not yet ready: 901584/901600 rows (status: Illegal state: Missing rows, but with no broken link in the chain. This means that a suffix of the inserted rows went missing. Expected=901600, seen=901584.)
W0226 14:14:18.945693 31780 meta_cache.cc:164] Tablet 526e30884b1c484baad63449aba3cf31: Replica 9a3f54fa8ebc45cb931c90febb31872c has failed: Network error: TS failed: Client connection negotiation failed: client Connection to 127.0.0.1:7050: connect: Connection refused (error 111)
W0226 14:14:18.945744 31780 meta_cache.cc:164] Tablet 4f7cfc512add4259954702588be078ee: Replica 9a3f54fa8ebc45cb931c90febb31872c has failed: Network error: TS failed: Client connection negotiation failed: client Connection to 127.0.0.1:7050: connect: Connection refused (error 111)
W0226 14:14:18.945768 31780 meta_cache.cc:164] Tablet 45b6ce48ba2f45c29e584a7aa3583646: Replica 9a3f54fa8ebc45cb931c90febb31872c has failed: Network error: TS failed: Client connection negotiation failed: client Connection to 127.0.0.1:7050: connect: Connection refused (error 111)
I0226 14:14:18.967952 31780 linked_list-test-util.h:656] Done collecting results (901584 rows in 67.8483ms)
I0226 14:14:19.094158 31780 linked_list-test-util.h:571] Table not yet ready: 901584/901600 rows (status: Illegal state: Missing rows, but with no broken link in the chain. This means that a suffix of the inserted rows went missing. Expected=901600, seen=901584.)
I0226 14:14:19.170007 31780 linked_list-test-util.h:656] Done collecting results (901584 rows in 53.0548ms)
I0226 14:14:19.308974 31780 linked_list-test-util.h:571] Table not yet ready: 901584/901600 rows (status: Illegal state: Missing rows, but with no broken link in the chain. This means that a suffix of the inserted rows went missing. Expected=901600, seen=901584.)
I0226 14:14:19.417639 31780 linked_list-test-util.h:656] Done collecting results (901584 rows in 86.0353ms)
I0226 14:14:19.522343 32369 raft_consensus.cc:327] T 45b6ce48ba2f45c29e584a7aa3583646 P c26346f406894c54ae6ef6cfc9c02918 [FOLLOWER]: Failure of peer election-timer detected. Triggering leader election
I0226 14:14:19.523190 32369 raft_consensus.cc:1299] T 45b6ce48ba2f45c29e584a7aa3583646 P c26346f406894c54ae6ef6cfc9c02918 [CANDIDATE]: Snoozing failure detection for an additional: 1.500s
I0226 14:14:19.523237 32369 raft_consensus.cc:294] T 45b6ce48ba2f45c29e584a7aa3583646 P c26346f406894c54ae6ef6cfc9c02918 [CANDIDATE]: Starting election with quorum: local: false peers { permanent_uuid: "c26346f406894c54ae6ef6cfc9c02918" role: CANDIDATE last_known_addr { host: "127.0.0.1" port: 7052 } } peers { permanent_uuid: "9a3f54fa8ebc45cb931c90febb31872c" role: FOLLOWER last_known_addr { host: "127.0.0.1" port: 7050 } } peers { permanent_uuid: "07dc68eb3e0f4e3da156e9d7f73d04ba" role: FOLLOWER last_known_addr { host: "127.0.0.1" port: 7051 } }
I0226 14:14:19.524143 32369 leader_election.cc:187] T 45b6ce48ba2f45c29e584a7aa3583646 P c26346f406894c54ae6ef6cfc9c02918 [CANDIDATE]: Term 3 election: Requesting vote from peer 9a3f54fa8ebc45cb931c90febb31872c
I0226 14:14:19.524175 32369 leader_election.cc:187] T 45b6ce48ba2f45c29e584a7aa3583646 P c26346f406894c54ae6ef6cfc9c02918 [CANDIDATE]: Term 3 election: Requesting vote from peer 07dc68eb3e0f4e3da156e9d7f73d04ba
W0226 14:14:19.524574 32304 leader_election.cc:226] T 45b6ce48ba2f45c29e584a7aa3583646 P c26346f406894c54ae6ef6cfc9c02918 [CANDIDATE]: Term 3 election: RPC error from VoteRequest() call to peer 9a3f54fa8ebc45cb931c90febb31872c: Network error: Client connection negotiation failed: client Connection to 127.0.0.1:7050: connect: Connection refused (error 111)
I0226 14:14:19.525161 32286 raft_consensus.cc:1336] T 45b6ce48ba2f45c29e584a7aa3583646 P 07dc68eb3e0f4e3da156e9d7f73d04ba [FOLLOWER]: Advancing to term 3
I0226 14:14:19.526063 32286 raft_consensus.cc:1299] T 45b6ce48ba2f45c29e584a7aa3583646 P 07dc68eb3e0f4e3da156e9d7f73d04ba [FOLLOWER]: Snoozing failure detection for an additional: 1.500s
I0226 14:14:19.526940 32286 raft_consensus.cc:1136] T 45b6ce48ba2f45c29e584a7aa3583646 P 07dc68eb3e0f4e3da156e9d7f73d04ba [FOLLOWER]: Leader election vote request: Granting yes vote for candidate c26346f406894c54ae6ef6cfc9c02918 in term 3.
I0226 14:14:19.527040 32304 leader_election.cc:308] T 45b6ce48ba2f45c29e584a7aa3583646 P c26346f406894c54ae6ef6cfc9c02918 [CANDIDATE]: Term 3 election: Vote granted by peer 07dc68eb3e0f4e3da156e9d7f73d04ba
I0226 14:14:19.527055 32304 leader_election.cc:281] T 45b6ce48ba2f45c29e584a7aa3583646 P c26346f406894c54ae6ef6cfc9c02918 [CANDIDATE]: Term 3 election: Election decided. Result: candidate won.
I0226 14:14:19.527081 32304 raft_consensus.cc:1299] T 45b6ce48ba2f45c29e584a7aa3583646 P c26346f406894c54ae6ef6cfc9c02918 [CANDIDATE]: Snoozing failure detection for an additional: 1.500s
I0226 14:14:19.527091 32304 raft_consensus.cc:1237] T 45b6ce48ba2f45c29e584a7aa3583646 P c26346f406894c54ae6ef6cfc9c02918 [CANDIDATE]: Leader election won for term 3
I0226 14:14:19.527117 32304 raft_consensus.cc:361] T 45b6ce48ba2f45c29e584a7aa3583646 P c26346f406894c54ae6ef6cfc9c02918 [LEADER]: Becoming Leader. State: Replica: c26346f406894c54ae6ef6cfc9c02918, State: 1, Role: LEADER Watermarks: {Received: term: 2 index: 17908 Committed: term: 1 index: 17907}
I0226 14:14:19.527130 32304 consensus_queue.cc:119] T 45b6ce48ba2f45c29e584a7aa3583646 P c26346f406894c54ae6ef6cfc9c02918 [LEADER]: queue going to LEADER mode. State: All replicated op: 2.17908, Majority replicated op: 1.17907, Committed index: 1.17907, Last appended: 2.17908, Current term: 3, Majority size: 2, State: 1, Mode: LEADER
W0226 14:14:19.527520 32406 raft_consensus_state.cc:477] T 45b6ce48ba2f45c29e584a7aa3583646 P c26346f406894c54ae6ef6cfc9c02918 [LEADER]: Can't advance the committed index across term boundaries yet. Last committed operation was: term: 1 index: 17907 New majority replicated is: term: 1 index: 17907. Current term is: 3
I0226 14:14:19.551918 31780 linked_list-test-util.h:571] Table not yet ready: 901584/901600 rows (status: Illegal state: Missing rows, but with no broken link in the chain. This means that a suffix of the inserted rows went missing. Expected=901600, seen=901584.)
I0226 14:14:19.626623 31780 linked_list-test-util.h:656] Done collecting results (901584 rows in 52.0394ms)
I0226 14:14:19.717243 32377 raft_consensus.cc:327] T 4f7cfc512add4259954702588be078ee P c26346f406894c54ae6ef6cfc9c02918 [FOLLOWER]: Failure of peer election-timer detected. Triggering leader election
I0226 14:14:19.718119 32377 raft_consensus.cc:1299] T 4f7cfc512add4259954702588be078ee P c26346f406894c54ae6ef6cfc9c02918 [CANDIDATE]: Snoozing failure detection for an additional: 1.500s
I0226 14:14:19.718155 32377 raft_consensus.cc:294] T 4f7cfc512add4259954702588be078ee P c26346f406894c54ae6ef6cfc9c02918 [CANDIDATE]: Starting election with quorum: local: false peers { permanent_uuid: "c26346f406894c54ae6ef6cfc9c02918" role: CANDIDATE last_known_addr { host: "127.0.0.1" port: 7052 } } peers { permanent_uuid: "9a3f54fa8ebc45cb931c90febb31872c" role: FOLLOWER last_known_addr { host: "127.0.0.1" port: 7050 } } peers { permanent_uuid: "07dc68eb3e0f4e3da156e9d7f73d04ba" role: FOLLOWER last_known_addr { host: "127.0.0.1" port: 7051 } }
I0226 14:14:19.718925 32377 leader_election.cc:187] T 4f7cfc512add4259954702588be078ee P c26346f406894c54ae6ef6cfc9c02918 [CANDIDATE]: Term 3 election: Requesting vote from peer 9a3f54fa8ebc45cb931c90febb31872c
I0226 14:14:19.718956 32377 leader_election.cc:187] T 4f7cfc512add4259954702588be078ee P c26346f406894c54ae6ef6cfc9c02918 [CANDIDATE]: Term 3 election: Requesting vote from peer 07dc68eb3e0f4e3da156e9d7f73d04ba
W0226 14:14:19.719127 32304 leader_election.cc:226] T 4f7cfc512add4259954702588be078ee P c26346f406894c54ae6ef6cfc9c02918 [CANDIDATE]: Term 3 election: RPC error from VoteRequest() call to peer 9a3f54fa8ebc45cb931c90febb31872c: Network error: Client connection negotiation failed: client Connection to 127.0.0.1:7050: connect: Connection refused (error 111)
I0226 14:14:19.719164 32287 raft_consensus.cc:1336] T 4f7cfc512add4259954702588be078ee P 07dc68eb3e0f4e3da156e9d7f73d04ba [FOLLOWER]: Advancing to term 3
I0226 14:14:19.720039 32287 raft_consensus.cc:1299] T 4f7cfc512add4259954702588be078ee P 07dc68eb3e0f4e3da156e9d7f73d04ba [FOLLOWER]: Snoozing failure detection for an additional: 1.500s
I0226 14:14:19.720887 32287 raft_consensus.cc:1136] T 4f7cfc512add4259954702588be078ee P 07dc68eb3e0f4e3da156e9d7f73d04ba [FOLLOWER]: Leader election vote request: Granting yes vote for candidate c26346f406894c54ae6ef6cfc9c02918 in term 3.
I0226 14:14:19.720928 32364 raft_consensus.cc:327] T 4f7cfc512add4259954702588be078ee P 07dc68eb3e0f4e3da156e9d7f73d04ba [FOLLOWER]: Failure of peer election-timer detected. Triggering leader election
I0226 14:14:19.721020 32304 leader_election.cc:308] T 4f7cfc512add4259954702588be078ee P c26346f406894c54ae6ef6cfc9c02918 [CANDIDATE]: Term 3 election: Vote granted by peer 07dc68eb3e0f4e3da156e9d7f73d04ba
I0226 14:14:19.721035 32304 leader_election.cc:281] T 4f7cfc512add4259954702588be078ee P c26346f406894c54ae6ef6cfc9c02918 [CANDIDATE]: Term 3 election: Election decided. Result: candidate won.
I0226 14:14:19.721050 32304 raft_consensus.cc:1299] T 4f7cfc512add4259954702588be078ee P c26346f406894c54ae6ef6cfc9c02918 [CANDIDATE]: Snoozing failure detection for an additional: 1.500s
I0226 14:14:19.721058 32304 raft_consensus.cc:1237] T 4f7cfc512add4259954702588be078ee P c26346f406894c54ae6ef6cfc9c02918 [CANDIDATE]: Leader election won for term 3
I0226 14:14:19.721083 32304 raft_consensus.cc:361] T 4f7cfc512add4259954702588be078ee P c26346f406894c54ae6ef6cfc9c02918 [LEADER]: Becoming Leader. State: Replica: c26346f406894c54ae6ef6cfc9c02918, State: 1, Role: LEADER Watermarks: {Received: term: 2 index: 17927 Committed: term: 1 index: 17926}
I0226 14:14:19.721101 32304 consensus_queue.cc:119] T 4f7cfc512add4259954702588be078ee P c26346f406894c54ae6ef6cfc9c02918 [LEADER]: queue going to LEADER mode. State: All replicated op: 2.17927, Majority replicated op: 1.17926, Committed index: 1.17926, Last appended: 2.17927, Current term: 3, Majority size: 2, State: 1, Mode: LEADER
W0226 14:14:19.721555 32410 raft_consensus_state.cc:477] T 4f7cfc512add4259954702588be078ee P c26346f406894c54ae6ef6cfc9c02918 [LEADER]: Can't advance the committed index across term boundaries yet. Last committed operation was: term: 1 index: 17926 New majority replicated is: term: 1 index: 17926. Current term is: 3
I0226 14:14:19.721694 32364 raft_consensus.cc:1299] T 4f7cfc512add4259954702588be078ee P 07dc68eb3e0f4e3da156e9d7f73d04ba [CANDIDATE]: Snoozing failure detection for an additional: 1.500s
I0226 14:14:19.721734 32364 raft_consensus.cc:294] T 4f7cfc512add4259954702588be078ee P 07dc68eb3e0f4e3da156e9d7f73d04ba [CANDIDATE]: Starting election with quorum: local: false peers { permanent_uuid: "c26346f406894c54ae6ef6cfc9c02918" role: FOLLOWER last_known_addr { host: "127.0.0.1" port: 7052 } } peers { permanent_uuid: "9a3f54fa8ebc45cb931c90febb31872c" role: FOLLOWER last_known_addr { host: "127.0.0.1" port: 7050 } } peers { permanent_uuid: "07dc68eb3e0f4e3da156e9d7f73d04ba" role: CANDIDATE last_known_addr { host: "127.0.0.1" port: 7051 } }
I0226 14:14:19.723330 32364 leader_election.cc:187] T 4f7cfc512add4259954702588be078ee P 07dc68eb3e0f4e3da156e9d7f73d04ba [CANDIDATE]: Term 4 election: Requesting vote from peer c26346f406894c54ae6ef6cfc9c02918
I0226 14:14:19.723357 32364 leader_election.cc:187] T 4f7cfc512add4259954702588be078ee P 07dc68eb3e0f4e3da156e9d7f73d04ba [CANDIDATE]: Term 4 election: Requesting vote from peer 9a3f54fa8ebc45cb931c90febb31872c
W0226 14:14:19.723628 32252 leader_election.cc:226] T 4f7cfc512add4259954702588be078ee P 07dc68eb3e0f4e3da156e9d7f73d04ba [CANDIDATE]: Term 4 election: RPC error from VoteRequest() call to peer 9a3f54fa8ebc45cb931c90febb31872c: Network error: Client connection negotiation failed: client Connection to 127.0.0.1:7050: connect: Connection refused (error 111)
I0226 14:14:19.723974 32346 raft_consensus.cc:1322] T 4f7cfc512add4259954702588be078ee P c26346f406894c54ae6ef6cfc9c02918 [LEADER]: Stepping down as leader of term 3
I0226 14:14:19.724005 32346 raft_consensus.cc:399] T 4f7cfc512add4259954702588be078ee P c26346f406894c54ae6ef6cfc9c02918 [LEADER]: Becoming Follower/Learner. State: Replica: c26346f406894c54ae6ef6cfc9c02918, State: 1, Role: LEADER Watermarks: {Received: term: 3 index: 17928 Committed: term: 1 index: 17926}
I0226 14:14:19.724020 32346 consensus_queue.cc:127] T 4f7cfc512add4259954702588be078ee P c26346f406894c54ae6ef6cfc9c02918 [NON_LEADER]: queue going to NON_LEADER mode. State: All replicated op: 0.0, Majority replicated op: 1.17926, Committed index: 1.17926, Last appended: 3.17928, Current term: 3, Majority size: 1, State: 1, Mode: NON_LEADER
I0226 14:14:19.724076 32346 consensus_peers.cc:211] T 4f7cfc512add4259954702588be078ee P c26346f406894c54ae6ef6cfc9c02918: Closing peer: 9a3f54fa8ebc45cb931c90febb31872c
I0226 14:14:19.724129 32346 consensus_peers.cc:211] T 4f7cfc512add4259954702588be078ee P c26346f406894c54ae6ef6cfc9c02918: Closing peer: 07dc68eb3e0f4e3da156e9d7f73d04ba
I0226 14:14:19.724156 32346 raft_consensus.cc:1336] T 4f7cfc512add4259954702588be078ee P c26346f406894c54ae6ef6cfc9c02918 [FOLLOWER]: Advancing to term 4
I0226 14:14:19.724738 32346 raft_consensus.cc:1121] T 4f7cfc512add4259954702588be078ee P c26346f406894c54ae6ef6cfc9c02918 [FOLLOWER]: Leader election vote request: Denying vote to candidate 07dc68eb3e0f4e3da156e9d7f73d04ba for term 4 because replica has last-logged OpId of term: 3 index: 17928, which is greater than that of the candidate, which has last-logged OpId of term: 2 index: 17927.
I0226 14:14:19.724841 32252 leader_election.cc:322] T 4f7cfc512add4259954702588be078ee P 07dc68eb3e0f4e3da156e9d7f73d04ba [CANDIDATE]: Term 4 election: Vote denied by peer c26346f406894c54ae6ef6cfc9c02918. Message: Invalid argument: T 4f7cfc512add4259954702588be078ee P c26346f406894c54ae6ef6cfc9c02918 [FOLLOWER]: Leader election vote request: Denying vote to candidate 07dc68eb3e0f4e3da156e9d7f73d04ba for term 4 because replica has last-logged OpId of term: 3 index: 17928, which is greater than that of the candidate, which has last-logged OpId of term: 2 index: 17927.
I0226 14:14:19.724858 32252 leader_election.cc:281] T 4f7cfc512add4259954702588be078ee P 07dc68eb3e0f4e3da156e9d7f73d04ba [CANDIDATE]: Term 4 election: Election decided. Result: candidate lost.
I0226 14:14:19.724881 32252 raft_consensus.cc:1299] T 4f7cfc512add4259954702588be078ee P 07dc68eb3e0f4e3da156e9d7f73d04ba [CANDIDATE]: Snoozing failure detection for an additional: 1.500s
I0226 14:14:19.724891 32252 raft_consensus.cc:1214] T 4f7cfc512add4259954702588be078ee P 07dc68eb3e0f4e3da156e9d7f73d04ba [CANDIDATE]: Leader election lost for term 4. Reason: None given
I0226 14:14:19.762505 32021 linked_list-test-util.h:284] Curling URL http://127.0.0.1:32999/jsonmetricz
I0226 14:14:19.779956 31780 linked_list-test-util.h:571] Table not yet ready: 901584/901600 rows (status: Illegal state: Missing rows, but with no broken link in the chain. This means that a suffix of the inserted rows went missing. Expected=901600, seen=901584.)
I0226 14:14:19.856989 31780 linked_list-test-util.h:656] Done collecting results (901584 rows in 54.016ms)
I0226 14:14:19.983276 31780 linked_list-test-util.h:571] Table not yet ready: 901584/901600 rows (status: Illegal state: Missing rows, but with no broken link in the chain. This means that a suffix of the inserted rows went missing. Expected=901600, seen=901584.)
W0226 14:14:20.027550 32304 consensus_peers.cc:189] T 45b6ce48ba2f45c29e584a7aa3583646 P c26346f406894c54ae6ef6cfc9c02918: Couldn't send request to peer 9a3f54fa8ebc45cb931c90febb31872c for tablet 45b6ce48ba2f45c29e584a7aa3583646 Status: Network error: Client connection negotiation failed: client Connection to 127.0.0.1:7050: connect: Connection refused (error 111). Retrying in the next heartbeat period. Already tried 1 times.
I0226 14:14:20.027659 32288 raft_consensus.cc:642] T 45b6ce48ba2f45c29e584a7aa3583646 P 07dc68eb3e0f4e3da156e9d7f73d04ba [FOLLOWER]: Refusing update from remote peer c26346f406894c54ae6ef6cfc9c02918: Log matching property violated. Preceding OpId in replica: term: 2 index: 17908. Preceding OpId from leader: term: 3 index: 17909.
I0226 14:14:20.027802 32304 consensus_queue.cc:428] T 45b6ce48ba2f45c29e584a7aa3583646 P c26346f406894c54ae6ef6cfc9c02918 [LEADER]: Connected to new peer: Peer: 07dc68eb3e0f4e3da156e9d7f73d04ba, New: false, Last received: 2.17908, Last sent , Last known committed idx: 17907 Last exchange result: ERROR
I0226 14:14:20.029515 32316 change_config_transaction.cc:135] T 45b6ce48ba2f45c29e584a7aa3583646 P c26346f406894c54ae6ef6cfc9c02918: Configuration changed Changed from: opid_index: 1 local: false peers { permanent_uuid: "c26346f406894c54ae6ef6cfc9c02918" role: FOLLOWER last_known_addr { host: "127.0.0.1" port: 7052 } } peers { permanent_uuid: "9a3f54fa8ebc45cb931c90febb31872c" role: FOLLOWER last_known_addr { host: "127.0.0.1" port: 7050 } } peers { permanent_uuid: "07dc68eb3e0f4e3da156e9d7f73d04ba" role: LEADER last_known_addr { host: "127.0.0.1" port: 7051 } } Changed to: opid_index: 17908 local: false peers { permanent_uuid: "c26346f406894c54ae6ef6cfc9c02918" role: FOLLOWER last_known_addr { host: "127.0.0.1" port: 7052 } } peers { permanent_uuid: "9a3f54fa8ebc45cb931c90febb31872c" role: LEADER last_known_addr { host: "127.0.0.1" port: 7050 } } peers { permanent_uuid: "07dc68eb3e0f4e3da156e9d7f73d04ba" role: FOLLOWER last_known_addr { host: "127.0.0.1" port: 7051 } }
I0226 14:14:20.030052 32413 raft_consensus_state.cc:470] T 45b6ce48ba2f45c29e584a7aa3583646 P c26346f406894c54ae6ef6cfc9c02918 [LEADER]: Advanced the committed_index across terms. Last committed operation was: term: 1 index: 17907 New committed index is: term: 3 index: 17909
I0226 14:14:20.030122 32316 change_config_transaction.cc:135] T 45b6ce48ba2f45c29e584a7aa3583646 P c26346f406894c54ae6ef6cfc9c02918: Configuration changed Changed from: opid_index: 1 local: false peers { permanent_uuid: "c26346f406894c54ae6ef6cfc9c02918" role: FOLLOWER last_known_addr { host: "127.0.0.1" port: 7052 } } peers { permanent_uuid: "9a3f54fa8ebc45cb931c90febb31872c" role: FOLLOWER last_known_addr { host: "127.0.0.1" port: 7050 } } peers { permanent_uuid: "07dc68eb3e0f4e3da156e9d7f73d04ba" role: LEADER last_known_addr { host: "127.0.0.1" port: 7051 } } Changed to: opid_index: 17909 local: false peers { permanent_uuid: "c26346f406894c54ae6ef6cfc9c02918" role: LEADER last_known_addr { host: "127.0.0.1" port: 7052 } } peers { permanent_uuid: "9a3f54fa8ebc45cb931c90febb31872c" role: FOLLOWER last_known_addr { host: "127.0.0.1" port: 7050 } } peers { permanent_uuid: "07dc68eb3e0f4e3da156e9d7f73d04ba" role: FOLLOWER last_known_addr { host: "127.0.0.1" port: 7051 } }
I0226 14:14:20.093719 31780 linked_list-test-util.h:656] Done collecting results (901584 rows in 87.6288ms)
I0226 14:14:20.226977 31780 linked_list-test-util.h:571] Table not yet ready: 901584/901600 rows (status: Illegal state: Missing rows, but with no broken link in the chain. This means that a suffix of the inserted rows went missing. Expected=901600, seen=901584.)
I0226 14:14:20.300282 31794 catalog_manager.cc:1283] Tablet: 45b6ce48ba2f45c29e584a7aa3583646 reported quorum change. New quorum: opid_index: 17909 local: false peers { permanent_uuid: "c26346f406894c54ae6ef6cfc9c02918" role: LEADER last_known_addr { host: "127.0.0.1" port: 7052 } } peers { permanent_uuid: "9a3f54fa8ebc45cb931c90febb31872c" role: FOLLOWER last_known_addr { host: "127.0.0.1" port: 7050 } } peers { permanent_uuid: "07dc68eb3e0f4e3da156e9d7f73d04ba" role: FOLLOWER last_known_addr { host: "127.0.0.1" port: 7051 } }
I0226 14:14:20.335844 31780 linked_list-test-util.h:656] Done collecting results (901584 rows in 86.0756ms)
I0226 14:14:20.435747 31780 linked_list-test-util.h:571] Table not yet ready: 901584/901600 rows (status: Illegal state: Missing rows, but with no broken link in the chain. This means that a suffix of the inserted rows went missing. Expected=901600, seen=901584.)
W0226 14:14:20.527737 32304 consensus_peers.cc:189] T 45b6ce48ba2f45c29e584a7aa3583646 P c26346f406894c54ae6ef6cfc9c02918: Couldn't send request to peer 9a3f54fa8ebc45cb931c90febb31872c for tablet 45b6ce48ba2f45c29e584a7aa3583646 Status: Network error: Client connection negotiation failed: client Connection to 127.0.0.1:7050: connect: Connection refused (error 111). Retrying in the next heartbeat period. Already tried 2 times.
I0226 14:14:20.529332 32298 change_config_transaction.cc:135] T 45b6ce48ba2f45c29e584a7aa3583646 P 07dc68eb3e0f4e3da156e9d7f73d04ba: Configuration changed Changed from: opid_index: 1 local: false peers { permanent_uuid: "c26346f406894c54ae6ef6cfc9c02918" role: FOLLOWER last_known_addr { host: "127.0.0.1" port: 7052 } } peers { permanent_uuid: "9a3f54fa8ebc45cb931c90febb31872c" role: FOLLOWER last_known_addr { host: "127.0.0.1" port: 7050 } } peers { permanent_uuid: "07dc68eb3e0f4e3da156e9d7f73d04ba" role: LEADER last_known_addr { host: "127.0.0.1" port: 7051 } } Changed to: opid_index: 17908 local: false peers { permanent_uuid: "c26346f406894c54ae6ef6cfc9c02918" role: FOLLOWER last_known_addr { host: "127.0.0.1" port: 7052 } } peers { permanent_uuid: "9a3f54fa8ebc45cb931c90febb31872c" role: LEADER last_known_addr { host: "127.0.0.1" port: 7050 } } peers { permanent_uuid: "07dc68eb3e0f4e3da156e9d7f73d04ba" role: FOLLOWER last_known_addr { host: "127.0.0.1" port: 7051 } }
I0226 14:14:20.529945 32298 change_config_transaction.cc:135] T 45b6ce48ba2f45c29e584a7aa3583646 P 07dc68eb3e0f4e3da156e9d7f73d04ba: Configuration changed Changed from: opid_index: 1 local: false peers { permanent_uuid: "c26346f406894c54ae6ef6cfc9c02918" role: FOLLOWER last_known_addr { host: "127.0.0.1" port: 7052 } } peers { permanent_uuid: "9a3f54fa8ebc45cb931c90febb31872c" role: FOLLOWER last_known_addr { host: "127.0.0.1" port: 7050 } } peers { permanent_uuid: "07dc68eb3e0f4e3da156e9d7f73d04ba" role: LEADER last_known_addr { host: "127.0.0.1" port: 7051 } } Changed to: opid_index: 17909 local: false peers { permanent_uuid: "c26346f406894c54ae6ef6cfc9c02918" role: LEADER last_known_addr { host: "127.0.0.1" port: 7052 } } peers { permanent_uuid: "9a3f54fa8ebc45cb931c90febb31872c" role: FOLLOWER last_known_addr { host: "127.0.0.1" port: 7050 } } peers { permanent_uuid: "07dc68eb3e0f4e3da156e9d7f73d04ba" role: FOLLOWER last_known_addr { host: "127.0.0.1" port: 7051 } }
I0226 14:14:20.544236 31780 linked_list-test-util.h:656] Done collecting results (901584 rows in 85.8394ms)
I0226 14:14:20.644371 31780 linked_list-test-util.h:571] Table not yet ready: 901584/901600 rows (status: Illegal state: Missing rows, but with no broken link in the chain. This means that a suffix of the inserted rows went missing. Expected=901600, seen=901584.)
I0226 14:14:20.720291 31780 linked_list-test-util.h:656] Done collecting results (901584 rows in 53.2434ms)
I0226 14:14:20.762645 32021 linked_list-test-util.h:284] Curling URL http://127.0.0.1:32999/tablets
I0226 14:14:20.846781 31780 linked_list-test-util.h:571] Table not yet ready: 901584/901600 rows (status: Illegal state: Missing rows, but with no broken link in the chain. This means that a suffix of the inserted rows went missing. Expected=901600, seen=901584.)
I0226 14:14:20.922334 31780 linked_list-test-util.h:656] Done collecting results (901584 rows in 52.8568ms)
W0226 14:14:21.027840 32304 consensus_peers.cc:189] T 45b6ce48ba2f45c29e584a7aa3583646 P c26346f406894c54ae6ef6cfc9c02918: Couldn't send request to peer 9a3f54fa8ebc45cb931c90febb31872c for tablet 45b6ce48ba2f45c29e584a7aa3583646 Status: Network error: Client connection negotiation failed: client Connection to 127.0.0.1:7050: connect: Connection refused (error 111). Retrying in the next heartbeat period. Already tried 3 times.
I0226 14:14:21.049180 31780 linked_list-test-util.h:571] Table not yet ready: 901584/901600 rows (status: Illegal state: Missing rows, but with no broken link in the chain. This means that a suffix of the inserted rows went missing. Expected=901600, seen=901584.)
I0226 14:14:21.061193 32362 raft_consensus.cc:327] T 526e30884b1c484baad63449aba3cf31 P 07dc68eb3e0f4e3da156e9d7f73d04ba [FOLLOWER]: Failure of peer election-timer detected. Triggering leader election
I0226 14:14:21.062161 32362 raft_consensus.cc:1299] T 526e30884b1c484baad63449aba3cf31 P 07dc68eb3e0f4e3da156e9d7f73d04ba [CANDIDATE]: Snoozing failure detection for an additional: 1.500s
I0226 14:14:21.062194 32362 raft_consensus.cc:294] T 526e30884b1c484baad63449aba3cf31 P 07dc68eb3e0f4e3da156e9d7f73d04ba [CANDIDATE]: Starting election with quorum: local: false peers { permanent_uuid: "c26346f406894c54ae6ef6cfc9c02918" role: FOLLOWER last_known_addr { host: "127.0.0.1" port: 7052 } } peers { permanent_uuid: "9a3f54fa8ebc45cb931c90febb31872c" role: FOLLOWER last_known_addr { host: "127.0.0.1" port: 7050 } } peers { permanent_uuid: "07dc68eb3e0f4e3da156e9d7f73d04ba" role: CANDIDATE last_known_addr { host: "127.0.0.1" port: 7051 } }
I0226 14:14:21.062949 32362 leader_election.cc:187] T 526e30884b1c484baad63449aba3cf31 P 07dc68eb3e0f4e3da156e9d7f73d04ba [CANDIDATE]: Term 3 election: Requesting vote from peer c26346f406894c54ae6ef6cfc9c02918
I0226 14:14:21.062978 32362 leader_election.cc:187] T 526e30884b1c484baad63449aba3cf31 P 07dc68eb3e0f4e3da156e9d7f73d04ba [CANDIDATE]: Term 3 election: Requesting vote from peer 9a3f54fa8ebc45cb931c90febb31872c
W0226 14:14:21.063134 32252 leader_election.cc:226] T 526e30884b1c484baad63449aba3cf31 P 07dc68eb3e0f4e3da156e9d7f73d04ba [CANDIDATE]: Term 3 election: RPC error from VoteRequest() call to peer 9a3f54fa8ebc45cb931c90febb31872c: Network error: Client connection negotiation failed: client Connection to 127.0.0.1:7050: connect: Connection refused (error 111)
I0226 14:14:21.063210 32347 raft_consensus.cc:1336] T 526e30884b1c484baad63449aba3cf31 P c26346f406894c54ae6ef6cfc9c02918 [FOLLOWER]: Advancing to term 3
I0226 14:14:21.063921 32347 raft_consensus.cc:1299] T 526e30884b1c484baad63449aba3cf31 P c26346f406894c54ae6ef6cfc9c02918 [FOLLOWER]: Snoozing failure detection for an additional: 1.500s
I0226 14:14:21.065074 32347 raft_consensus.cc:1136] T 526e30884b1c484baad63449aba3cf31 P c26346f406894c54ae6ef6cfc9c02918 [FOLLOWER]: Leader election vote request: Granting yes vote for candidate 07dc68eb3e0f4e3da156e9d7f73d04ba in term 3.
I0226 14:14:21.065171 32252 leader_election.cc:308] T 526e30884b1c484baad63449aba3cf31 P 07dc68eb3e0f4e3da156e9d7f73d04ba [CANDIDATE]: Term 3 election: Vote granted by peer c26346f406894c54ae6ef6cfc9c02918
I0226 14:14:21.065187 32252 leader_election.cc:281] T 526e30884b1c484baad63449aba3cf31 P 07dc68eb3e0f4e3da156e9d7f73d04ba [CANDIDATE]: Term 3 election: Election decided. Result: candidate won.
I0226 14:14:21.065202 32252 raft_consensus.cc:1299] T 526e30884b1c484baad63449aba3cf31 P 07dc68eb3e0f4e3da156e9d7f73d04ba [CANDIDATE]: Snoozing failure detection for an additional: 1.500s
I0226 14:14:21.065212 32252 raft_consensus.cc:1237] T 526e30884b1c484baad63449aba3cf31 P 07dc68eb3e0f4e3da156e9d7f73d04ba [CANDIDATE]: Leader election won for term 3
I0226 14:14:21.065237 32252 raft_consensus.cc:361] T 526e30884b1c484baad63449aba3cf31 P 07dc68eb3e0f4e3da156e9d7f73d04ba [LEADER]: Becoming Leader. State: Replica: 07dc68eb3e0f4e3da156e9d7f73d04ba, State: 1, Role: LEADER Watermarks: {Received: term: 1 index: 17904 Committed: term: 1 index: 17904}
I0226 14:14:21.065253 32252 consensus_queue.cc:119] T 526e30884b1c484baad63449aba3cf31 P 07dc68eb3e0f4e3da156e9d7f73d04ba [LEADER]: queue going to LEADER mode. State: All replicated op: 0.0, Majority replicated op: 1.17904, Committed index: 1.17904, Last appended: 1.17904, Current term: 3, Majority size: 2, State: 1, Mode: LEADER
W0226 14:14:21.065631 32424 raft_consensus_state.cc:477] T 526e30884b1c484baad63449aba3cf31 P 07dc68eb3e0f4e3da156e9d7f73d04ba [LEADER]: Can't advance the committed index across term boundaries yet. Last committed operation was: term: 1 index: 17904 New majority replicated is: term: 1 index: 17904. Current term is: 3
I0226 14:14:21.124964 31780 linked_list-test-util.h:656] Done collecting results (901584 rows in 53.1761ms)
I0226 14:14:21.264188 31780 linked_list-test-util.h:571] Table not yet ready: 901584/901600 rows (status: Illegal state: Missing rows, but with no broken link in the chain. This means that a suffix of the inserted rows went missing. Expected=901600, seen=901584.)
W0226 14:14:21.302712 31780 meta_cache.cc:164] Tablet 526e30884b1c484baad63449aba3cf31: Replica 9a3f54fa8ebc45cb931c90febb31872c has failed: Network error: TS failed: Client connection negotiation failed: client Connection to 127.0.0.1:7050: connect: Connection refused (error 111)
W0226 14:14:21.302752 31780 meta_cache.cc:164] Tablet 4f7cfc512add4259954702588be078ee: Replica 9a3f54fa8ebc45cb931c90febb31872c has failed: Network error: TS failed: Client connection negotiation failed: client Connection to 127.0.0.1:7050: connect: Connection refused (error 111)
W0226 14:14:21.302778 31780 meta_cache.cc:164] Tablet 45b6ce48ba2f45c29e584a7aa3583646: Replica 9a3f54fa8ebc45cb931c90febb31872c has failed: Network error: TS failed: Client connection negotiation failed: client Connection to 127.0.0.1:7050: connect: Connection refused (error 111)
I0226 14:14:21.340039 31780 linked_list-test-util.h:656] Done collecting results (901584 rows in 53.0212ms)
I0226 14:14:21.355362 32377 raft_consensus.cc:327] T 4f7cfc512add4259954702588be078ee P c26346f406894c54ae6ef6cfc9c02918 [FOLLOWER]: Failure of peer election-timer detected. Triggering leader election
I0226 14:14:21.356379 32377 raft_consensus.cc:1299] T 4f7cfc512add4259954702588be078ee P c26346f406894c54ae6ef6cfc9c02918 [CANDIDATE]: Snoozing failure detection for an additional: 1.500s
I0226 14:14:21.356415 32377 raft_consensus.cc:294] T 4f7cfc512add4259954702588be078ee P c26346f406894c54ae6ef6cfc9c02918 [CANDIDATE]: Starting election with quorum: local: false peers { permanent_uuid: "c26346f406894c54ae6ef6cfc9c02918" role: CANDIDATE last_known_addr { host: "127.0.0.1" port: 7052 } } peers { permanent_uuid: "9a3f54fa8ebc45cb931c90febb31872c" role: FOLLOWER last_known_addr { host: "127.0.0.1" port: 7050 } } peers { permanent_uuid: "07dc68eb3e0f4e3da156e9d7f73d04ba" role: FOLLOWER last_known_addr { host: "127.0.0.1" port: 7051 } }
I0226 14:14:21.357126 32377 leader_election.cc:187] T 4f7cfc512add4259954702588be078ee P c26346f406894c54ae6ef6cfc9c02918 [CANDIDATE]: Term 5 election: Requesting vote from peer 9a3f54fa8ebc45cb931c90febb31872c
I0226 14:14:21.357156 32377 leader_election.cc:187] T 4f7cfc512add4259954702588be078ee P c26346f406894c54ae6ef6cfc9c02918 [CANDIDATE]: Term 5 election: Requesting vote from peer 07dc68eb3e0f4e3da156e9d7f73d04ba
W0226 14:14:21.357319 32304 leader_election.cc:226] T 4f7cfc512add4259954702588be078ee P c26346f406894c54ae6ef6cfc9c02918 [CANDIDATE]: Term 5 election: RPC error from VoteRequest() call to peer 9a3f54fa8ebc45cb931c90febb31872c: Network error: Client connection negotiation failed: client Connection to 127.0.0.1:7050: connect: Connection refused (error 111)
I0226 14:14:21.357322 32282 raft_consensus.cc:1336] T 4f7cfc512add4259954702588be078ee P 07dc68eb3e0f4e3da156e9d7f73d04ba [CANDIDATE]: Advancing to term 5
I0226 14:14:21.358006 32282 raft_consensus.cc:1299] T 4f7cfc512add4259954702588be078ee P 07dc68eb3e0f4e3da156e9d7f73d04ba [CANDIDATE]: Snoozing failure detection for an additional: 1.500s
I0226 14:14:21.358728 32282 raft_consensus.cc:1136] T 4f7cfc512add4259954702588be078ee P 07dc68eb3e0f4e3da156e9d7f73d04ba [CANDIDATE]: Leader election vote request: Granting yes vote for candidate c26346f406894c54ae6ef6cfc9c02918 in term 5.
I0226 14:14:21.358831 32304 leader_election.cc:308] T 4f7cfc512add4259954702588be078ee P c26346f406894c54ae6ef6cfc9c02918 [CANDIDATE]: Term 5 election: Vote granted by peer 07dc68eb3e0f4e3da156e9d7f73d04ba
I0226 14:14:21.358850 32304 leader_election.cc:281] T 4f7cfc512add4259954702588be078ee P c26346f406894c54ae6ef6cfc9c02918 [CANDIDATE]: Term 5 election: Election decided. Result: candidate won.
I0226 14:14:21.358865 32304 raft_consensus.cc:1299] T 4f7cfc512add4259954702588be078ee P c26346f406894c54ae6ef6cfc9c02918 [CANDIDATE]: Snoozing failure detection for an additional: 1.500s
I0226 14:14:21.358878 32304 raft_consensus.cc:1237] T 4f7cfc512add4259954702588be078ee P c26346f406894c54ae6ef6cfc9c02918 [CANDIDATE]: Leader election won for term 5
I0226 14:14:21.358907 32304 raft_consensus.cc:361] T 4f7cfc512add4259954702588be078ee P c26346f406894c54ae6ef6cfc9c02918 [LEADER]: Becoming Leader. State: Replica: c26346f406894c54ae6ef6cfc9c02918, State: 1, Role: LEADER Watermarks: {Received: term: 3 index: 17928 Committed: term: 1 index: 17926}
