Note: Google Test filter = *TestLoadWhileOneServerDownAndVerify [==========] Running 1 test from 1 test case. [----------] Global test environment set-up. [----------] 1 test from LinkedListTest [ RUN ] LinkedListTest.TestLoadWhileOneServerDownAndVerify
I0219 09:27:09.499500 8830 test_util.cc:132] Using random seed: -889531295
I0219 09:27:09.502555 8830 linked_list-test.cc:79] Linked List Test Configuration:
I0219 09:27:09.502568 8830 linked_list-test.cc:80] --------------
I0219 09:27:09.502571 8830 linked_list-test.cc:81] 50 chains
I0219 09:27:09.502574 8830 linked_list-test.cc:82] 3 tablets
I0219 09:27:09.502578 8830 linked_list-test.cc:83] Mutations on
I0219 09:27:09.502580 8830 linked_list-test.cc:84] --------------
I0219 09:27:09.502601 8830 ts_itest-base.h:90] Starting cluster with:
I0219 09:27:09.502606 8830 ts_itest-base.h:91] --------------
I0219 09:27:09.502609 8830 ts_itest-base.h:92] 3 tablet servers
I0219 09:27:09.502612 8830 ts_itest-base.h:93] 3 replicas per TS
I0219 09:27:09.502615 8830 ts_itest-base.h:94] --------------
I0219 09:27:09.502862 8830 external_mini_cluster.cc:546] Running /home/jdcryans/apache-kudu-incubating-0.7.0/build/release/bin/kudu-master kudu-master --fs_wal_dir=/tmp/kudutest-4398/linked_list-test.LinkedListTest.TestLoadWhileOneServerDownAndVerify.1455902829495105-8830/linked-list-cluster/master --fs_data_dirs=/tmp/kudutest-4398/linked_list-test.LinkedListTest.TestLoadWhileOneServerDownAndVerify.1455902829495105-8830/linked-list-cluster/master --rpc_bind_addresses=127.0.0.1:0 --webserver_interface=localhost --webserver_port=0 --metrics_log_interval_ms=1000 --log_dir=/tmp/kudutest-4398/linked_list-test.LinkedListTest.TestLoadWhileOneServerDownAndVerify.1455902829495105-8830/linked-list-cluster/master --skip_remove_old_recovery_dir --server_dump_info_path=/tmp/kudutest-4398/linked_list-test.LinkedListTest.TestLoadWhileOneServerDownAndVerify.1455902829495105-8830/linked-list-cluster/master/info.pb --server_dump_info_format=pb --rpc_server_allow_ephemeral_ports --logtostderr --logbuflevel=-1
I0219 09:27:09.510538 8836 mem_tracker.cc:136] MemTracker: hard memory limit is 75.496170 GB
I0219 09:27:09.510620 8836 mem_tracker.cc:138] MemTracker: soft memory limit is 45.297703 GB
I0219 09:27:09.511749 8836 master_main.cc:58] Initializing master server...
I0219 09:27:09.511934 8836 hybrid_clock.cc:179] HybridClock initialized. Resolution in nanos?: 1 Wait times tolerance adjustment: 1.0005 Current error: 137799
I0219 09:27:09.512835 8836 server_base.cc:164] Could not load existing FS layout: Not found: /tmp/kudutest-4398/linked_list-test.LinkedListTest.TestLoadWhileOneServerDownAndVerify.1455902829495105-8830/linked-list-cluster/master/instance: No such file or directory (error 2)
I0219 09:27:09.512850 8836 server_base.cc:165] Creating new FS layout
I0219 09:27:09.522514 8836 fs_manager.cc:345] Generated new instance metadata in path /tmp/kudutest-4398/linked_list-test.LinkedListTest.TestLoadWhileOneServerDownAndVerify.1455902829495105-8830/linked-list-cluster/master/instance: uuid: "dcd270c097854411bc6ffb7d40144b07" format_stamp: "Formatted at 2016-02-19 17:27:09 on ve0518.halxg.cloudera.com"
I0219 09:27:09.525264 8836 fs_manager.cc:242] Opened local filesystem: /tmp/kudutest-4398/linked_list-test.LinkedListTest.TestLoadWhileOneServerDownAndVerify.1455902829495105-8830/linked-list-cluster/master uuid: "dcd270c097854411bc6ffb7d40144b07" format_stamp: "Formatted at 2016-02-19 17:27:09 on ve0518.halxg.cloudera.com"
I0219 09:27:09.528525 8836 master_main.cc:61] Starting Master server...
I0219 09:27:09.532302 8836 rpc_server.cc:164] RPC server started. Bound to: 127.0.0.1:42195
I0219 09:27:09.532412 8836 webserver.cc:135] Starting webserver on localhost:0
I0219 09:27:09.532423 8836 webserver.cc:146] Document root disabled
I0219 09:27:09.532995 8836 net_util.cc:175] Address 127.0.0.1:0 for localhost:0 duplicates an earlier resolved entry.
I0219 09:27:09.533224 8836 webserver.cc:229] Webserver started. Bound to: http://127.0.0.1:41302/
I0219 09:27:09.533378 8836 server_base.cc:234] Dumped server information to /tmp/kudutest-4398/linked_list-test.LinkedListTest.TestLoadWhileOneServerDownAndVerify.1455902829495105-8830/linked-list-cluster/master/info.pb
I0219 09:27:09.533840 8830 external_mini_cluster.cc:582] Started /home/jdcryans/apache-kudu-incubating-0.7.0/build/release/bin/kudu-master as pid 8836
I0219 09:27:09.533987 8830 external_mini_cluster.cc:546] Running /home/jdcryans/apache-kudu-incubating-0.7.0/build/release/bin/kudu-tserver kudu-tserver --fs_wal_dir=/tmp/kudutest-4398/linked_list-test.LinkedListTest.TestLoadWhileOneServerDownAndVerify.1455902829495105-8830/linked-list-cluster/ts-0 --fs_data_dirs=/tmp/kudutest-4398/linked_list-test.LinkedListTest.TestLoadWhileOneServerDownAndVerify.1455902829495105-8830/linked-list-cluster/ts-0 --rpc_bind_addresses=127.34.126.0:0 --local_ip_for_outbound_sockets=127.34.126.0 --webserver_interface=127.34.126.0 --webserver_port=0 --tserver_master_addrs=127.0.0.1:42195 --metrics_log_interval_ms=1000 --log_dir=/tmp/kudutest-4398/linked_list-test.LinkedListTest.TestLoadWhileOneServerDownAndVerify.1455902829495105-8830/linked-list-cluster/ts-0 --skip_remove_old_recovery_dir --log_cache_size_limit_mb=2 --global_log_cache_size_limit_mb=4 --server_dump_info_path=/tmp/kudutest-4398/linked_list-test.LinkedListTest.TestLoadWhileOneServerDownAndVerify.1455902829495105-8830/linked-list-cluster/ts-0/info.pb --server_dump_info_format=pb --rpc_server_allow_ephemeral_ports --logtostderr --logbuflevel=-1
I0219 09:27:09.537046 8877 tablet_bootstrap.cc:363] T 00000000000000000000000000000000 P dcd270c097854411bc6ffb7d40144b07: Bootstrap starting.
I0219 09:27:09.537363 8877 tablet_bootstrap.cc:524] T 00000000000000000000000000000000 P dcd270c097854411bc6ffb7d40144b07: Time spent opening tablet: real 0.000s user 0.000s sys 0.000s
I0219 09:27:09.537489 8877 tablet_bootstrap.cc:464] T 00000000000000000000000000000000 P dcd270c097854411bc6ffb7d40144b07: No blocks or log segments found. Creating new log.
I0219 09:27:09.537684 8877 log.cc:332] Log is configured to *not* fsync() on all Append() calls
I0219 09:27:09.538321 8877 tablet_bootstrap.cc:363] T 00000000000000000000000000000000 P dcd270c097854411bc6ffb7d40144b07: No bootstrap required, opened a new log
I0219 09:27:09.538611 8877 local_consensus.cc:60] T 00000000000000000000000000000000 P dcd270c097854411bc6ffb7d40144b07: Starting LocalConsensus...
I0219 09:27:09.538676 8877 sys_catalog.cc:227] T 00000000000000000000000000000000 P dcd270c097854411bc6ffb7d40144b07 [sys.catalog]: SysCatalogTable state changed. Reason: Started TabletPeer. Latest consensus state: current_term: 0 leader_uuid: "dcd270c097854411bc6ffb7d40144b07" config { opid_index: -1 local: true peers { permanent_uuid: "dcd270c097854411bc6ffb7d40144b07" member_type: VOTER } }
I0219 09:27:09.538692 8877 sys_catalog.cc:230] T 00000000000000000000000000000000 P dcd270c097854411bc6ffb7d40144b07 [sys.catalog]: This master's current role is: LEADER, previous role was: FOLLOWER
I0219 09:27:09.538904 8877 sys_catalog.cc:299] T 00000000000000000000000000000000 P dcd270c097854411bc6ffb7d40144b07 [sys.catalog]: configured and running, proceeding with master startup.
I0219 09:27:09.538916 8881 catalog_manager.cc:520] Loading table and tablet metadata into memory...
W0219 09:27:09.539499 8883 catalog_manager.cc:352] Catalog manager is not initialized!
I0219 09:27:09.539577 8836 master_main.cc:64] Master server successfully started.
I0219 09:27:09.545871 8878 mem_tracker.cc:136] MemTracker: hard memory limit is 75.496170 GB
I0219 09:27:09.545963 8878 mem_tracker.cc:138] MemTracker: soft memory limit is 45.297703 GB
I0219 09:27:09.547093 8878 tablet_server_main.cc:54] Initializing tablet server...
I0219 09:27:09.547344 8878 hybrid_clock.cc:179] HybridClock initialized. Resolution in nanos?: 1 Wait times tolerance adjustment: 1.0005 Current error: 137799
I0219 09:27:09.548166 8878 server_base.cc:164] Could not load existing FS layout: Not found: /tmp/kudutest-4398/linked_list-test.LinkedListTest.TestLoadWhileOneServerDownAndVerify.1455902829495105-8830/linked-list-cluster/ts-0/instance: No such file or directory (error 2)
I0219 09:27:09.548183 8878 server_base.cc:165] Creating new FS layout
I0219 09:27:09.551118 8878 fs_manager.cc:345] Generated new instance metadata in path /tmp/kudutest-4398/linked_list-test.LinkedListTest.TestLoadWhileOneServerDownAndVerify.1455902829495105-8830/linked-list-cluster/ts-0/instance: uuid: "5863a398b4c340aea712e4097c355457" format_stamp: "Formatted at 2016-02-19 17:27:09 on ve0518.halxg.cloudera.com"
I0219 09:27:09.553927 8878 fs_manager.cc:242] Opened local filesystem: /tmp/kudutest-4398/linked_list-test.LinkedListTest.TestLoadWhileOneServerDownAndVerify.1455902829495105-8830/linked-list-cluster/ts-0 uuid: "5863a398b4c340aea712e4097c355457" format_stamp: "Formatted at 2016-02-19 17:27:09 on ve0518.halxg.cloudera.com"
I0219 09:27:09.557332 8878 tablet_server_main.cc:57] Starting tablet server...
I0219 09:27:09.566784 8878 rpc_server.cc:164] RPC server started. Bound to: 127.34.126.0:42470
I0219 09:27:09.566879 8878 webserver.cc:135] Starting webserver on 127.34.126.0:0
I0219 09:27:09.566892 8878 webserver.cc:146] Document root disabled
I0219 09:27:09.567132 8878 webserver.cc:229] Webserver started. Bound to: http://127.34.126.0:42006/
I0219 09:27:09.567275 8878 server_base.cc:234] Dumped server information to /tmp/kudutest-4398/linked_list-test.LinkedListTest.TestLoadWhileOneServerDownAndVerify.1455902829495105-8830/linked-list-cluster/ts-0/info.pb
I0219 09:27:09.567534 8878 tablet_server_main.cc:60] Tablet server successfully started.
I0219 09:27:09.568827 8995 heartbeater.cc:258] Connected to a leader master server at 127.0.0.1:42195
I0219 09:27:09.568859 8995 heartbeater.cc:328] Registering TS with master...
I0219 09:27:09.568881 8995 heartbeater.cc:334] Sending a full tablet report to master...
I0219 09:27:09.569471 8846 ts_manager.cc:82] Registered new tablet server { permanent_uuid: "5863a398b4c340aea712e4097c355457" instance_seqno: 1455902829563631 } with Master
I0219 09:27:09.575192 8830 external_mini_cluster.cc:582] Started /home/jdcryans/apache-kudu-incubating-0.7.0/build/release/bin/kudu-tserver as pid 8878
I0219 09:27:09.575278 8830 external_mini_cluster.cc:546] Running /home/jdcryans/apache-kudu-incubating-0.7.0/build/release/bin/kudu-tserver kudu-tserver --fs_wal_dir=/tmp/kudutest-4398/linked_list-test.LinkedListTest.TestLoadWhileOneServerDownAndVerify.1455902829495105-8830/linked-list-cluster/ts-1 --fs_data_dirs=/tmp/kudutest-4398/linked_list-test.LinkedListTest.TestLoadWhileOneServerDownAndVerify.1455902829495105-8830/linked-list-cluster/ts-1 --rpc_bind_addresses=127.34.126.1:0 --local_ip_for_outbound_sockets=127.34.126.1 --webserver_interface=127.34.126.1 --webserver_port=0 --tserver_master_addrs=127.0.0.1:42195 --metrics_log_interval_ms=1000 --log_dir=/tmp/kudutest-4398/linked_list-test.LinkedListTest.TestLoadWhileOneServerDownAndVerify.1455902829495105-8830/linked-list-cluster/ts-1 --skip_remove_old_recovery_dir --log_cache_size_limit_mb=2 --global_log_cache_size_limit_mb=4 --server_dump_info_path=/tmp/kudutest-4398/linked_list-test.LinkedListTest.TestLoadWhileOneServerDownAndVerify.1455902829495105-8830/linked-list-cluster/ts-1/info.pb --server_dump_info_format=pb --rpc_server_allow_ephemeral_ports --logtostderr --logbuflevel=-1
I0219 09:27:09.588764 9000 mem_tracker.cc:136] MemTracker: hard memory limit is 75.496170 GB
I0219 09:27:09.588907 9000 mem_tracker.cc:138] MemTracker: soft memory limit is 45.297703 GB
I0219 09:27:09.590833 9000 tablet_server_main.cc:54] Initializing tablet server...
I0219 09:27:09.591053 9000 hybrid_clock.cc:179] HybridClock initialized. Resolution in nanos?: 1 Wait times tolerance adjustment: 1.0005 Current error: 137799
I0219 09:27:09.592628 9000 server_base.cc:164] Could not load existing FS layout: Not found: /tmp/kudutest-4398/linked_list-test.LinkedListTest.TestLoadWhileOneServerDownAndVerify.1455902829495105-8830/linked-list-cluster/ts-1/instance: No such file or directory (error 2)
I0219 09:27:09.592648 9000 server_base.cc:165] Creating new FS layout
I0219 09:27:09.596156 9000 fs_manager.cc:345] Generated new instance metadata in path /tmp/kudutest-4398/linked_list-test.LinkedListTest.TestLoadWhileOneServerDownAndVerify.1455902829495105-8830/linked-list-cluster/ts-1/instance: uuid: "92c6616aee764f2bafdeb5ece5816102" format_stamp: "Formatted at 2016-02-19 17:27:09 on ve0518.halxg.cloudera.com"
I0219 09:27:09.598884 9000 fs_manager.cc:242] Opened local filesystem: /tmp/kudutest-4398/linked_list-test.LinkedListTest.TestLoadWhileOneServerDownAndVerify.1455902829495105-8830/linked-list-cluster/ts-1 uuid: "92c6616aee764f2bafdeb5ece5816102" format_stamp: "Formatted at 2016-02-19 17:27:09 on ve0518.halxg.cloudera.com"
I0219 09:27:09.602010 9000 tablet_server_main.cc:57] Starting tablet server...
I0219 09:27:09.607211 9000 rpc_server.cc:164] RPC server started. Bound to: 127.34.126.1:56329
I0219 09:27:09.607301 9000 webserver.cc:135] Starting webserver on 127.34.126.1:0
I0219 09:27:09.607313 9000 webserver.cc:146] Document root disabled
I0219 09:27:09.607534 9000 webserver.cc:229] Webserver started. Bound to: http://127.34.126.1:53268/
I0219 09:27:09.607679 9000 server_base.cc:234] Dumped server information to /tmp/kudutest-4398/linked_list-test.LinkedListTest.TestLoadWhileOneServerDownAndVerify.1455902829495105-8830/linked-list-cluster/ts-1/info.pb
I0219 09:27:09.607880 9000 tablet_server_main.cc:60] Tablet server successfully started.
I0219 09:27:09.609009 9112 heartbeater.cc:258] Connected to a leader master server at 127.0.0.1:42195
I0219 09:27:09.609038 9112 heartbeater.cc:328] Registering TS with master...
I0219 09:27:09.609060 9112 heartbeater.cc:334] Sending a full tablet report to master...
I0219 09:27:09.609252 8848 ts_manager.cc:82] Registered new tablet server { permanent_uuid: "92c6616aee764f2bafdeb5ece5816102" instance_seqno: 1455902829606157 } with Master
I0219 09:27:09.616324 8830 external_mini_cluster.cc:582] Started /home/jdcryans/apache-kudu-incubating-0.7.0/build/release/bin/kudu-tserver as pid 9000
I0219 09:27:09.616392 8830 external_mini_cluster.cc:546] Running /home/jdcryans/apache-kudu-incubating-0.7.0/build/release/bin/kudu-tserver kudu-tserver --fs_wal_dir=/tmp/kudutest-4398/linked_list-test.LinkedListTest.TestLoadWhileOneServerDownAndVerify.1455902829495105-8830/linked-list-cluster/ts-2 --fs_data_dirs=/tmp/kudutest-4398/linked_list-test.LinkedListTest.TestLoadWhileOneServerDownAndVerify.1455902829495105-8830/linked-list-cluster/ts-2 --rpc_bind_addresses=127.34.126.2:0 --local_ip_for_outbound_sockets=127.34.126.2 --webserver_interface=127.34.126.2 --webserver_port=0 --tserver_master_addrs=127.0.0.1:42195 --metrics_log_interval_ms=1000 --log_dir=/tmp/kudutest-4398/linked_list-test.LinkedListTest.TestLoadWhileOneServerDownAndVerify.1455902829495105-8830/linked-list-cluster/ts-2 --skip_remove_old_recovery_dir --log_cache_size_limit_mb=2 --global_log_cache_size_limit_mb=4 --server_dump_info_path=/tmp/kudutest-4398/linked_list-test.LinkedListTest.TestLoadWhileOneServerDownAndVerify.1455902829495105-8830/linked-list-cluster/ts-2/info.pb --server_dump_info_format=pb --rpc_server_allow_ephemeral_ports --logtostderr --logbuflevel=-1
I0219 09:27:09.628813 9116 mem_tracker.cc:136] MemTracker: hard memory limit is 75.496170 GB
I0219 09:27:09.628952 9116 mem_tracker.cc:138] MemTracker: soft memory limit is 45.297703 GB
I0219 09:27:09.630988 9116 tablet_server_main.cc:54] Initializing tablet server...
I0219 09:27:09.631342 9116 hybrid_clock.cc:179] HybridClock initialized. Resolution in nanos?: 1 Wait times tolerance adjustment: 1.0005 Current error: 137799
I0219 09:27:09.632910 9116 server_base.cc:164] Could not load existing FS layout: Not found: /tmp/kudutest-4398/linked_list-test.LinkedListTest.TestLoadWhileOneServerDownAndVerify.1455902829495105-8830/linked-list-cluster/ts-2/instance: No such file or directory (error 2)
I0219 09:27:09.632930 9116 server_base.cc:165] Creating new FS layout
I0219 09:27:09.636096 9116 fs_manager.cc:345] Generated new instance metadata in path /tmp/kudutest-4398/linked_list-test.LinkedListTest.TestLoadWhileOneServerDownAndVerify.1455902829495105-8830/linked-list-cluster/ts-2/instance: uuid: "cf874235214a4471b761e84bad1fdd03" format_stamp: "Formatted at 2016-02-19 17:27:09 on ve0518.halxg.cloudera.com"
I0219 09:27:09.638808 9116 fs_manager.cc:242] Opened local filesystem: /tmp/kudutest-4398/linked_list-test.LinkedListTest.TestLoadWhileOneServerDownAndVerify.1455902829495105-8830/linked-list-cluster/ts-2 uuid: "cf874235214a4471b761e84bad1fdd03" format_stamp: "Formatted at 2016-02-19 17:27:09 on ve0518.halxg.cloudera.com"
I0219 09:27:09.641991 9116 tablet_server_main.cc:57] Starting tablet server...
I0219 09:27:09.650499 9116 rpc_server.cc:164] RPC server started. Bound to: 127.34.126.2:36921
I0219 09:27:09.650586 9116 webserver.cc:135] Starting webserver on 127.34.126.2:0
I0219 09:27:09.650599 9116 webserver.cc:146] Document root disabled
I0219 09:27:09.650830 9116 webserver.cc:229] Webserver started. Bound to: http://127.34.126.2:41083/
I0219 09:27:09.650970 9116 server_base.cc:234] Dumped server information to /tmp/kudutest-4398/linked_list-test.LinkedListTest.TestLoadWhileOneServerDownAndVerify.1455902829495105-8830/linked-list-cluster/ts-2/info.pb
I0219 09:27:09.651257 9116 tablet_server_main.cc:60] Tablet server successfully started.
I0219 09:27:09.652115 9228 heartbeater.cc:258] Connected to a leader master server at 127.0.0.1:42195
I0219 09:27:09.652148 9228 heartbeater.cc:328] Registering TS with master...
I0219 09:27:09.652168 9228 heartbeater.cc:334] Sending a full tablet report to master...
I0219 09:27:09.652345 8850 ts_manager.cc:82] Registered new tablet server { permanent_uuid: "cf874235214a4471b761e84bad1fdd03" instance_seqno: 1455902829648518 } with Master
I0219 09:27:09.657407 8830 external_mini_cluster.cc:582] Started /home/jdcryans/apache-kudu-incubating-0.7.0/build/release/bin/kudu-tserver as pid 9116
I0219 09:27:09.659016 8830 external_mini_cluster.cc:318] 3 TS(s) registered with Master
W0219 09:27:09.659205 8835 reactor.cc:227] Client call kudu.master.MasterService.ListTabletServers has no timeout set for connection id: {remote=127.0.0.1:42195, user_credentials={real_user=jdcryans, eff_user=}}
I0219 09:27:09.662777 8854 catalog_manager.cc:678] CreateTable from {real_user=jdcryans, eff_user=} at 127.0.0.1:43159: name: "TestTable" schema { columns { name: "rand_key" type: INT64 is_key: true is_nullable: false encoding: AUTO_ENCODING compression: DEFAULT_COMPRESSION cfile_block_size: 0 } columns { name: "link_to" type: INT64 is_key: false is_nullable: false encoding: AUTO_ENCODING compression: DEFAULT_COMPRESSION cfile_block_size: 0 } columns { name: "insert_ts" type: INT64 is_key: false is_nullable: false encoding: AUTO_ENCODING compression: DEFAULT_COMPRESSION cfile_block_size: 0 } columns { name: "updated" type: BOOL is_key: false is_nullable: false read_default_value: "\000" write_default_value: "\000" encoding: AUTO_ENCODING compression: DEFAULT_COMPRESSION cfile_block_size: 0 } } num_replicas: 3 split_rows { } partition_schema { }
I0219 09:27:09.666008 9146 tablet_service.cc:602] Processing CreateTablet for tablet 2bd2a0aa8c0d4f2890106408638d7860 (table=TestTable [id=a6feabb412a449ee8070ace9b05f6c7a]), partition=range: [(), ())
I0219 09:27:09.666435 8913 tablet_service.cc:602] Processing CreateTablet for tablet 2bd2a0aa8c0d4f2890106408638d7860 (table=TestTable [id=a6feabb412a449ee8070ace9b05f6c7a]), partition=range: [(), ())
I0219 09:27:09.666445 9030 tablet_service.cc:602] Processing CreateTablet for tablet 2bd2a0aa8c0d4f2890106408638d7860 (table=TestTable [id=a6feabb412a449ee8070ace9b05f6c7a]), partition=range: [(), ())
I0219 09:27:09.669107 9146 ts_tablet_manager.cc:744] Registered tablet 2bd2a0aa8c0d4f2890106408638d7860
I0219 09:27:09.669299 9244 ts_tablet_manager.cc:616] T 2bd2a0aa8c0d4f2890106408638d7860 P cf874235214a4471b761e84bad1fdd03: Bootstrapping tablet
I0219 09:27:09.669581 9244 tablet_bootstrap.cc:363] T 2bd2a0aa8c0d4f2890106408638d7860 P cf874235214a4471b761e84bad1fdd03: Bootstrap starting.
I0219 09:27:09.669704 9030 ts_tablet_manager.cc:744] Registered tablet 2bd2a0aa8c0d4f2890106408638d7860
I0219 09:27:09.669741 8913 ts_tablet_manager.cc:744] Registered tablet 2bd2a0aa8c0d4f2890106408638d7860
I0219 09:27:09.669886 9244 tablet_bootstrap.cc:524] T 2bd2a0aa8c0d4f2890106408638d7860 P cf874235214a4471b761e84bad1fdd03: Time spent opening tablet: real 0.000s user 0.000s sys 0.000s
I0219 09:27:09.669927 9246 ts_tablet_manager.cc:616] T 2bd2a0aa8c0d4f2890106408638d7860 P 5863a398b4c340aea712e4097c355457: Bootstrapping tablet
I0219 09:27:09.669929 9245 ts_tablet_manager.cc:616] T 2bd2a0aa8c0d4f2890106408638d7860 P 92c6616aee764f2bafdeb5ece5816102: Bootstrapping tablet
I0219 09:27:09.670016 9244 tablet_bootstrap.cc:464] T 2bd2a0aa8c0d4f2890106408638d7860 P cf874235214a4471b761e84bad1fdd03: No blocks or log segments found. Creating new log.
I0219 09:27:09.670172 9246 tablet_bootstrap.cc:363] T 2bd2a0aa8c0d4f2890106408638d7860 P 5863a398b4c340aea712e4097c355457: Bootstrap starting.
I0219 09:27:09.670199 9245 tablet_bootstrap.cc:363] T 2bd2a0aa8c0d4f2890106408638d7860 P 92c6616aee764f2bafdeb5ece5816102: Bootstrap starting.
I0219 09:27:09.670219 9244 log.cc:332] Log is configured to *not* fsync() on all Append() calls
I0219 09:27:09.670464 9246 tablet_bootstrap.cc:524] T 2bd2a0aa8c0d4f2890106408638d7860 P 5863a398b4c340aea712e4097c355457: Time spent opening tablet: real 0.000s user 0.000s sys 0.000s
I0219 09:27:09.670483 9245 tablet_bootstrap.cc:524] T 2bd2a0aa8c0d4f2890106408638d7860 P 92c6616aee764f2bafdeb5ece5816102: Time spent opening tablet: real 0.000s user 0.000s sys 0.000s
I0219 09:27:09.670601 9246 tablet_bootstrap.cc:464] T 2bd2a0aa8c0d4f2890106408638d7860 P 5863a398b4c340aea712e4097c355457: No blocks or log segments found. Creating new log.
I0219 09:27:09.670621 9245 tablet_bootstrap.cc:464] T 2bd2a0aa8c0d4f2890106408638d7860 P 92c6616aee764f2bafdeb5ece5816102: No blocks or log segments found. Creating new log.
I0219 09:27:09.670773 9244 tablet_bootstrap.cc:363] T 2bd2a0aa8c0d4f2890106408638d7860 P cf874235214a4471b761e84bad1fdd03: No bootstrap required, opened a new log
I0219 09:27:09.670835 9244 ts_tablet_manager.cc:621] T 2bd2a0aa8c0d4f2890106408638d7860 P cf874235214a4471b761e84bad1fdd03: Time spent bootstrapping tablet: real 0.001s user 0.000s sys 0.001s
I0219 09:27:09.670838 9245 log.cc:332] Log is configured to *not* fsync() on all Append() calls
I0219 09:27:09.670838 9246 log.cc:332] Log is configured to *not* fsync() on all Append() calls
I0219 09:27:09.671335 9244 raft_consensus.cc:268] T 2bd2a0aa8c0d4f2890106408638d7860 P cf874235214a4471b761e84bad1fdd03 [term 0 FOLLOWER]: Replica starting. Triggering 0 pending transactions. Active config: opid_index: -1 local: false peers { permanent_uuid: "cf874235214a4471b761e84bad1fdd03" member_type: VOTER last_known_addr { host: "127.34.126.2" port: 36921 } } peers { permanent_uuid: "5863a398b4c340aea712e4097c355457" member_type: VOTER last_known_addr { host: "127.34.126.0" port: 42470 } } peers { permanent_uuid: "92c6616aee764f2bafdeb5ece5816102" member_type: VOTER last_known_addr { host: "127.34.126.1" port: 56329 } }
I0219 09:27:09.671385 9244 raft_consensus.cc:300] T 2bd2a0aa8c0d4f2890106408638d7860 P cf874235214a4471b761e84bad1fdd03 [term 0 FOLLOWER]: Consensus starting up: Expiring failure detector timer to make a prompt election more likely
I0219 09:27:09.671406 9244 raft_consensus.cc:477] T 2bd2a0aa8c0d4f2890106408638d7860 P cf874235214a4471b761e84bad1fdd03 [term 0 FOLLOWER]: Becoming Follower/Learner. State: Replica: cf874235214a4471b761e84bad1fdd03, State: 1, Role: FOLLOWER Watermarks: {Received: term: 0 index: 0 Committed: term: 0 index: 0}
I0219 09:27:09.671428 9244 consensus_queue.cc:162] T 2bd2a0aa8c0d4f2890106408638d7860 P cf874235214a4471b761e84bad1fdd03 [NON_LEADER]: Queue going to NON_LEADER mode. State: All replicated op: 0.0, Majority replicated op: 0.0, Committed index: 0.0, Last appended: 0.0, Current term: 0, Majority size: -1, State: 1, Mode: NON_LEADER
I0219 09:27:09.671485 9246 tablet_bootstrap.cc:363] T 2bd2a0aa8c0d4f2890106408638d7860 P 5863a398b4c340aea712e4097c355457: No bootstrap required, opened a new log
I0219 09:27:09.671502 9245 tablet_bootstrap.cc:363] T 2bd2a0aa8c0d4f2890106408638d7860 P 92c6616aee764f2bafdeb5ece5816102: No bootstrap required, opened a new log
I0219 09:27:09.671543 9246 ts_tablet_manager.cc:621] T 2bd2a0aa8c0d4f2890106408638d7860 P 5863a398b4c340aea712e4097c355457: Time spent bootstrapping tablet: real 0.002s user 0.001s sys 0.000s
I0219 09:27:09.671555 9245 ts_tablet_manager.cc:621] T 2bd2a0aa8c0d4f2890106408638d7860 P 92c6616aee764f2bafdeb5ece5816102: Time spent bootstrapping tablet: real 0.002s user 0.000s sys 0.001s
I0219 09:27:09.671644 9244 ts_tablet_manager.cc:643] T 2bd2a0aa8c0d4f2890106408638d7860 P cf874235214a4471b761e84bad1fdd03: Time spent starting tablet: real 0.001s user 0.000s sys 0.001s
I0219 09:27:09.672042 9245 raft_consensus.cc:268] T 2bd2a0aa8c0d4f2890106408638d7860 P 92c6616aee764f2bafdeb5ece5816102 [term 0 FOLLOWER]: Replica starting. Triggering 0 pending transactions. Active config: opid_index: -1 local: false peers { permanent_uuid: "cf874235214a4471b761e84bad1fdd03" member_type: VOTER last_known_addr { host: "127.34.126.2" port: 36921 } } peers { permanent_uuid: "5863a398b4c340aea712e4097c355457" member_type: VOTER last_known_addr { host: "127.34.126.0" port: 42470 } } peers { permanent_uuid: "92c6616aee764f2bafdeb5ece5816102" member_type: VOTER last_known_addr { host: "127.34.126.1" port: 56329 } }
I0219 09:27:09.672055 9246 raft_consensus.cc:268] T 2bd2a0aa8c0d4f2890106408638d7860 P 5863a398b4c340aea712e4097c355457 [term 0 FOLLOWER]: Replica starting. Triggering 0 pending transactions. Active config: opid_index: -1 local: false peers { permanent_uuid: "cf874235214a4471b761e84bad1fdd03" member_type: VOTER last_known_addr { host: "127.34.126.2" port: 36921 } } peers { permanent_uuid: "5863a398b4c340aea712e4097c355457" member_type: VOTER last_known_addr { host: "127.34.126.0" port: 42470 } } peers { permanent_uuid: "92c6616aee764f2bafdeb5ece5816102" member_type: VOTER last_known_addr { host: "127.34.126.1" port: 56329 } }
I0219 09:27:09.672086 9245 raft_consensus.cc:300] T 2bd2a0aa8c0d4f2890106408638d7860 P 92c6616aee764f2bafdeb5ece5816102 [term 0 FOLLOWER]: Consensus starting up: Expiring failure detector timer to make a prompt election more likely
I0219 09:27:09.672106 9246 raft_consensus.cc:300] T 2bd2a0aa8c0d4f2890106408638d7860 P 5863a398b4c340aea712e4097c355457 [term 0 FOLLOWER]: Consensus starting up: Expiring failure detector timer to make a prompt election more likely
I0219 09:27:09.672108 9245 raft_consensus.cc:477] T 2bd2a0aa8c0d4f2890106408638d7860 P 92c6616aee764f2bafdeb5ece5816102 [term 0 FOLLOWER]: Becoming Follower/Learner. State: Replica: 92c6616aee764f2bafdeb5ece5816102, State: 1, Role: FOLLOWER Watermarks: {Received: term: 0 index: 0 Committed: term: 0 index: 0}
I0219 09:27:09.672130 9246 raft_consensus.cc:477] T 2bd2a0aa8c0d4f2890106408638d7860 P 5863a398b4c340aea712e4097c355457 [term 0 FOLLOWER]: Becoming Follower/Learner. State: Replica: 5863a398b4c340aea712e4097c355457, State: 1, Role: FOLLOWER Watermarks: {Received: term: 0 index: 0 Committed: term: 0 index: 0}
I0219 09:27:09.672135 9245 consensus_queue.cc:162] T 2bd2a0aa8c0d4f2890106408638d7860 P 92c6616aee764f2bafdeb5ece5816102 [NON_LEADER]: Queue going to NON_LEADER mode. State: All replicated op: 0.0, Majority replicated op: 0.0, Committed index: 0.0, Last appended: 0.0, Current term: 0, Majority size: -1, State: 1, Mode: NON_LEADER
I0219 09:27:09.672158 9246 consensus_queue.cc:162] T 2bd2a0aa8c0d4f2890106408638d7860 P 5863a398b4c340aea712e4097c355457 [NON_LEADER]: Queue going to NON_LEADER mode. State: All replicated op: 0.0, Majority replicated op: 0.0, Committed index: 0.0, Last appended: 0.0, Current term: 0, Majority size: -1, State: 1, Mode: NON_LEADER
I0219 09:27:09.672333 9245 ts_tablet_manager.cc:643] T 2bd2a0aa8c0d4f2890106408638d7860 P 92c6616aee764f2bafdeb5ece5816102: Time spent starting tablet: real 0.001s user 0.000s sys 0.000s
I0219 09:27:09.672374 9246 ts_tablet_manager.cc:643] T 2bd2a0aa8c0d4f2890106408638d7860 P 5863a398b4c340aea712e4097c355457: Time spent starting tablet: real 0.001s user 0.001s sys 0.000s
I0219 09:27:10.111088 9256 raft_consensus.cc:362] T 2bd2a0aa8c0d4f2890106408638d7860 P 5863a398b4c340aea712e4097c355457 [term 0 FOLLOWER]: No leader contacted us within the election timeout. Triggering leader election
I0219 09:27:10.111119 9256 raft_consensus.cc:1988] T 2bd2a0aa8c0d4f2890106408638d7860 P 5863a398b4c340aea712e4097c355457 [term 0 FOLLOWER]: Advancing to term 1
I0219 09:27:10.111475 9256 raft_consensus.cc:1939] T 2bd2a0aa8c0d4f2890106408638d7860 P 5863a398b4c340aea712e4097c355457 [term 1 FOLLOWER]: Snoozing failure detection for election timeout plus an additional 1.575s
I0219 09:27:10.111536 9256 raft_consensus.cc:378] T 2bd2a0aa8c0d4f2890106408638d7860 P 5863a398b4c340aea712e4097c355457 [term 1 FOLLOWER]: Starting election with config: opid_index: -1 local: false peers { permanent_uuid: "cf874235214a4471b761e84bad1fdd03" member_type: VOTER last_known_addr { host: "127.34.126.2" port: 36921 } } peers { permanent_uuid: "5863a398b4c340aea712e4097c355457" member_type: VOTER last_known_addr { host: "127.34.126.0" port: 42470 } } peers { permanent_uuid: "92c6616aee764f2bafdeb5ece5816102" member_type: VOTER last_known_addr { host: "127.34.126.1" port: 56329 } }
I0219 09:27:10.112107 9256 leader_election.cc:222] T 2bd2a0aa8c0d4f2890106408638d7860 P 5863a398b4c340aea712e4097c355457 [CANDIDATE]: Term 1 election: Requesting vote from peer cf874235214a4471b761e84bad1fdd03
I0219 09:27:10.112154 9256 leader_election.cc:222] T 2bd2a0aa8c0d4f2890106408638d7860 P 5863a398b4c340aea712e4097c355457 [CANDIDATE]: Term 1 election: Requesting vote from peer 92c6616aee764f2bafdeb5ece5816102
I0219 09:27:10.113071 9166 raft_consensus.cc:1988] T 2bd2a0aa8c0d4f2890106408638d7860 P cf874235214a4471b761e84bad1fdd03 [term 0 FOLLOWER]: Advancing to term 1
I0219 09:27:10.113081 9050 raft_consensus.cc:1988] T 2bd2a0aa8c0d4f2890106408638d7860 P 92c6616aee764f2bafdeb5ece5816102 [term 0 FOLLOWER]: Advancing to term 1
I0219 09:27:10.113597 9050 raft_consensus.cc:1939] T 2bd2a0aa8c0d4f2890106408638d7860 P 92c6616aee764f2bafdeb5ece5816102 [term 1 FOLLOWER]: Snoozing failure detection for election timeout plus an additional 1.637s
I0219 09:27:10.113597 9166 raft_consensus.cc:1939] T 2bd2a0aa8c0d4f2890106408638d7860 P cf874235214a4471b761e84bad1fdd03 [term 1 FOLLOWER]: Snoozing failure detection for election timeout plus an additional 1.522s
I0219 09:27:10.114154 9050 raft_consensus.cc:1649] T 2bd2a0aa8c0d4f2890106408638d7860 P 92c6616aee764f2bafdeb5ece5816102 [term 1 FOLLOWER]: Leader election vote request: Granting yes vote for candidate 5863a398b4c340aea712e4097c355457 in term 1.
I0219 09:27:10.114190 9166 raft_consensus.cc:1649] T 2bd2a0aa8c0d4f2890106408638d7860 P cf874235214a4471b761e84bad1fdd03 [term 1 FOLLOWER]: Leader election vote request: Granting yes vote for candidate 5863a398b4c340aea712e4097c355457 in term 1.
I0219 09:27:10.114320 8889 leader_election.cc:346] T 2bd2a0aa8c0d4f2890106408638d7860 P 5863a398b4c340aea712e4097c355457 [CANDIDATE]: Term 1 election: Vote granted by peer 92c6616aee764f2bafdeb5ece5816102
I0219 09:27:10.114349 8889 leader_election.cc:247] T 2bd2a0aa8c0d4f2890106408638d7860 P 5863a398b4c340aea712e4097c355457 [CANDIDATE]: Term 1 election: Election decided. Result: candidate won.
I0219 09:27:10.114382 8889 leader_election.cc:346] T 2bd2a0aa8c0d4f2890106408638d7860 P 5863a398b4c340aea712e4097c355457 [CANDIDATE]: Term 1 election: Vote granted by peer cf874235214a4471b761e84bad1fdd03
I0219 09:27:10.114444 9258 raft_consensus.cc:1939] T 2bd2a0aa8c0d4f2890106408638d7860 P 5863a398b4c340aea712e4097c355457 [term 1 FOLLOWER]: Snoozing failure detection for election timeout plus an additional 1.542s
I0219 09:27:10.114475 9258 raft_consensus.cc:1831] T 2bd2a0aa8c0d4f2890106408638d7860 P 5863a398b4c340aea712e4097c355457 [term 1 FOLLOWER]: Leader election won for term 1
I0219 09:27:10.114693 9258 raft_consensus.cc:442] T 2bd2a0aa8c0d4f2890106408638d7860 P 5863a398b4c340aea712e4097c355457 [term 1 LEADER]: Becoming Leader. State: Replica: 5863a398b4c340aea712e4097c355457, State: 1, Role: LEADER Watermarks: {Received: term: 0 index: 0 Committed: term: 0 index: 0}
I0219 09:27:10.114786 9258 consensus_queue.cc:145] T 2bd2a0aa8c0d4f2890106408638d7860 P 5863a398b4c340aea712e4097c355457 [LEADER]: Queue going to LEADER mode. State: All replicated op: 0.0, Majority replicated op: 0.0, Committed index: 0.0, Last appended: 0.0, Current term: 1, Majority size: 2, State: 1, Mode: LEADER, active raft config: opid_index: -1 local: false peers { permanent_uuid: "cf874235214a4471b761e84bad1fdd03" member_type: VOTER last_known_addr { host: "127.34.126.2" port: 36921 } } peers { permanent_uuid: "5863a398b4c340aea712e4097c355457" member_type: VOTER last_known_addr { host: "127.34.126.0" port: 42470 } } peers { permanent_uuid: "92c6616aee764f2bafdeb5ece5816102" member_type: VOTER last_known_addr { host: "127.34.126.1" port: 56329 } }
I0219 09:27:10.117451 8849 catalog_manager.cc:1552] Tablet: 2bd2a0aa8c0d4f2890106408638d7860 reported consensus state change. New consensus state: current_term: 1 leader_uuid: "5863a398b4c340aea712e4097c355457" config { opid_index: -1 local: false peers { permanent_uuid: "cf874235214a4471b761e84bad1fdd03" member_type: VOTER last_known_addr { host: "127.34.126.2" port: 36921 } } peers { permanent_uuid: "5863a398b4c340aea712e4097c355457" member_type: VOTER last_known_addr { host: "127.34.126.0" port: 42470 } } peers { permanent_uuid: "92c6616aee764f2bafdeb5ece5816102" member_type: VOTER last_known_addr { host: "127.34.126.1" port: 56329 } } }
W0219 09:27:10.117715 9263 raft_consensus_state.cc:524] T 2bd2a0aa8c0d4f2890106408638d7860 P 5863a398b4c340aea712e4097c355457 [term 1 LEADER]: Can't advance the committed index across term boundaries until operations from the current term are replicated. Last committed operation was: term: 0 index: 0, New majority replicated is: term: 0 index: 0, Current term is: 1
I0219 09:27:10.211205 8830 external_mini_cluster.cc:318] 3 TS(s) registered with Master
I0219 09:27:10.211719 8830 external_mini_cluster.cc:635] Killing /home/jdcryans/apache-kudu-incubating-0.7.0/build/release/bin/kudu-tserver with pid 8878
I0219 09:27:10.216158 8830 hybrid_clock.cc:179] HybridClock initialized. Resolution in nanos?: 1 Wait times tolerance adjustment: 1.0005 Current error: 138299
I0219 09:27:10.216325 8830 linked_list-test-util.h:464] Running for: 5.000s
I0219 09:27:10.216333 8830 linked_list-test-util.h:465] Sampling every 1666666 us
I0219 09:27:10.216339 8830 linked_list-test-util.h:471] Written 0 rows in chain ------------------------------------------------------------ Histogram for latency of insert operations (microseconds) Note: each insert is a batch of 50 rows. ------------------------------------------------------------ Count: 0 Mean: 0 Percentiles: 0% (min) = 0 25% = 0 50% (med) = 0 75% = 0 95% = 0 99% = 0 99.9% = 0 99.99% = 0 100% (max) = 0
W0219 09:27:10.218890 9234 meta_cache.cc:191] Tablet 2bd2a0aa8c0d4f2890106408638d7860: Replica 5863a398b4c340aea712e4097c355457 (127.34.126.0:42470) has failed: Network error: Client connection negotiation failed: client connection to 127.34.126.0:42470: connect: Connection refused (error 111)
W0219 09:27:10.248378 9234 meta_cache.cc:191] Tablet 2bd2a0aa8c0d4f2890106408638d7860: Replica 5863a398b4c340aea712e4097c355457 (127.34.126.0:42470) has failed: Network error: Client connection negotiation failed: client connection to 127.34.126.0:42470: connect: Connection refused (error 111)
W0219 09:27:10.289934 9234 meta_cache.cc:191] Tablet 2bd2a0aa8c0d4f2890106408638d7860: Replica 5863a398b4c340aea712e4097c355457 (127.34.126.0:42470) has failed: Network error: Client connection negotiation failed: client connection to 127.34.126.0:42470: connect: Connection refused (error 111)
W0219 09:27:10.352319 9234 meta_cache.cc:191] Tablet 2bd2a0aa8c0d4f2890106408638d7860: Replica 5863a398b4c340aea712e4097c355457 (127.34.126.0:42470) has failed: Network error: Client connection negotiation failed: client connection to 127.34.126.0:42470: connect: Connection refused (error 111)
W0219 09:27:10.426843 9234 meta_cache.cc:191] Tablet 2bd2a0aa8c0d4f2890106408638d7860: Replica 5863a398b4c340aea712e4097c355457 (127.34.126.0:42470) has failed: Network error: Client connection negotiation failed: client connection to 127.34.126.0:42470: connect: Connection refused (error 111)
W0219 09:27:10.513355 9234 meta_cache.cc:191] Tablet 2bd2a0aa8c0d4f2890106408638d7860: Replica 5863a398b4c340aea712e4097c355457 (127.34.126.0:42470) has failed: Network error: Client connection negotiation failed: client connection to 127.34.126.0:42470: connect: Connection refused (error 111)
W0219 09:27:10.619946 9234 meta_cache.cc:191] Tablet 2bd2a0aa8c0d4f2890106408638d7860: Replica 5863a398b4c340aea712e4097c355457 (127.34.126.0:42470) has failed: Network error: Client connection negotiation failed: client connection to 127.34.126.0:42470: connect: Connection refused (error 111)
W0219 09:27:10.742529 9234 meta_cache.cc:191] Tablet 2bd2a0aa8c0d4f2890106408638d7860: Replica 5863a398b4c340aea712e4097c355457 (127.34.126.0:42470) has failed: Network error: Client connection negotiation failed: client connection to 127.34.126.0:42470: connect: Connection refused (error 111)
W0219 09:27:10.881078 9234 meta_cache.cc:191] Tablet 2bd2a0aa8c0d4f2890106408638d7860: Replica 5863a398b4c340aea712e4097c355457 (127.34.126.0:42470) has failed: Network error: Client connection negotiation failed: client connection to 127.34.126.0:42470: connect: Connection refused (error 111)
W0219 09:27:11.034577 9234 meta_cache.cc:191] Tablet 2bd2a0aa8c0d4f2890106408638d7860: Replica 5863a398b4c340aea712e4097c355457 (127.34.126.0:42470) has failed: Network error: Client connection negotiation failed: client connection to 127.34.126.0:42470: connect: Connection refused (error 111)
W0219 09:27:11.202150 9234 meta_cache.cc:191] Tablet 2bd2a0aa8c0d4f2890106408638d7860: Replica 5863a398b4c340aea712e4097c355457 (127.34.126.0:42470) has failed: Network error: Client connection negotiation failed: client connection to 127.34.126.0:42470: connect: Connection refused (error 111)
W0219 09:27:11.386945 9234 meta_cache.cc:191] Tablet 2bd2a0aa8c0d4f2890106408638d7860: Replica 5863a398b4c340aea712e4097c355457 (127.34.126.0:42470) has failed: Network error: Client connection negotiation failed: client connection to 127.34.126.0:42470: connect: Connection refused (error 111)
W0219 09:27:11.586812 9234 meta_cache.cc:191] Tablet 2bd2a0aa8c0d4f2890106408638d7860: Replica 5863a398b4c340aea712e4097c355457 (127.34.126.0:42470) has failed: Network error: Client connection negotiation failed: client connection to 127.34.126.0:42470: connect: Connection refused (error 111)
W0219 09:27:11.807648 9234 meta_cache.cc:191] Tablet 2bd2a0aa8c0d4f2890106408638d7860: Replica 5863a398b4c340aea712e4097c355457 (127.34.126.0:42470) has failed: Network error: Client connection negotiation failed: client connection to 127.34.126.0:42470: connect: Connection refused (error 111)
W0219 09:27:12.037426 9234 meta_cache.cc:191] Tablet 2bd2a0aa8c0d4f2890106408638d7860: Replica 5863a398b4c340aea712e4097c355457 (127.34.126.0:42470) has failed: Network error: Client connection negotiation failed: client connection to 127.34.126.0:42470: connect: Connection refused (error 111)
W0219 09:27:12.290403 9234 meta_cache.cc:191] Tablet 2bd2a0aa8c0d4f2890106408638d7860: Replica 5863a398b4c340aea712e4097c355457 (127.34.126.0:42470) has failed: Network error: Client connection negotiation failed: client connection to 127.34.126.0:42470: connect: Connection refused (error 111)
W0219 09:27:12.557246 9234 meta_cache.cc:191] Tablet 2bd2a0aa8c0d4f2890106408638d7860: Replica 5863a398b4c340aea712e4097c355457 (127.34.126.0:42470) has failed: Network error: Client connection negotiation failed: client connection to 127.34.126.0:42470: connect: Connection refused (error 111)
W0219 09:27:12.837322 9234 meta_cache.cc:191] Tablet 2bd2a0aa8c0d4f2890106408638d7860: Replica 5863a398b4c340aea712e4097c355457 (127.34.126.0:42470) has failed: Network error: Client connection negotiation failed: client connection to 127.34.126.0:42470: connect: Connection refused (error 111)
W0219 09:27:13.137168 9234 meta_cache.cc:191] Tablet 2bd2a0aa8c0d4f2890106408638d7860: Replica 5863a398b4c340aea712e4097c355457 (127.34.126.0:42470) has failed: Network error: Client connection negotiation failed: client connection to 127.34.126.0:42470: connect: Connection refused (error 111)
I0219 09:27:13.400732 9255 raft_consensus.cc:362] T 2bd2a0aa8c0d4f2890106408638d7860 P 92c6616aee764f2bafdeb5ece5816102 [term 1 FOLLOWER]: No leader contacted us within the election timeout. Triggering leader election
I0219 09:27:13.400761 9255 raft_consensus.cc:1988] T 2bd2a0aa8c0d4f2890106408638d7860 P 92c6616aee764f2bafdeb5ece5816102 [term 1 FOLLOWER]: Advancing to term 2
I0219 09:27:13.401150 9255 raft_consensus.cc:1939] T 2bd2a0aa8c0d4f2890106408638d7860 P 92c6616aee764f2bafdeb5ece5816102 [term 2 FOLLOWER]: Snoozing failure detection for election timeout plus an additional 1.530s
I0219 09:27:13.401209 9255 raft_consensus.cc:378] T 2bd2a0aa8c0d4f2890106408638d7860 P 92c6616aee764f2bafdeb5ece5816102 [term 2 FOLLOWER]: Starting election with config: opid_index: -1 local: false peers { permanent_uuid: "cf874235214a4471b761e84bad1fdd03" member_type: VOTER last_known_addr { host: "127.34.126.2" port: 36921 } } peers { permanent_uuid: "5863a398b4c340aea712e4097c355457" member_type: VOTER last_known_addr { host: "127.34.126.0" port: 42470 } } peers { permanent_uuid: "92c6616aee764f2bafdeb5ece5816102" member_type: VOTER last_known_addr { host: "127.34.126.1" port: 56329 } }
I0219 09:27:13.401589 9255 leader_election.cc:222] T 2bd2a0aa8c0d4f2890106408638d7860 P 92c6616aee764f2bafdeb5ece5816102 [CANDIDATE]: Term 2 election: Requesting vote from peer cf874235214a4471b761e84bad1fdd03
I0219 09:27:13.401628 9255 leader_election.cc:222] T 2bd2a0aa8c0d4f2890106408638d7860 P 92c6616aee764f2bafdeb5ece5816102 [CANDIDATE]: Term 2 election: Requesting vote from peer 5863a398b4c340aea712e4097c355457
W0219 09:27:13.402110 9003 leader_election.cc:274] T 2bd2a0aa8c0d4f2890106408638d7860 P 92c6616aee764f2bafdeb5ece5816102 [CANDIDATE]: Term 2 election: RPC error from VoteRequest() call to peer 5863a398b4c340aea712e4097c355457: Network error: Client connection negotiation failed: client connection to 127.34.126.0:42470: connect: Connection refused (error 111)
I0219 09:27:13.402523 9167 raft_consensus.cc:1988] T 2bd2a0aa8c0d4f2890106408638d7860 P cf874235214a4471b761e84bad1fdd03 [term 1 FOLLOWER]: Advancing to term 2
I0219 09:27:13.402958 9167 raft_consensus.cc:1939] T 2bd2a0aa8c0d4f2890106408638d7860 P cf874235214a4471b761e84bad1fdd03 [term 2 FOLLOWER]: Snoozing failure detection for election timeout plus an additional 1.795s
I0219 09:27:13.403391 9167 raft_consensus.cc:1649] T 2bd2a0aa8c0d4f2890106408638d7860 P cf874235214a4471b761e84bad1fdd03 [term 2 FOLLOWER]: Leader election vote request: Granting yes vote for candidate 92c6616aee764f2bafdeb5ece5816102 in term 2.
I0219 09:27:13.403539 9006 leader_election.cc:346] T 2bd2a0aa8c0d4f2890106408638d7860 P 92c6616aee764f2bafdeb5ece5816102 [CANDIDATE]: Term 2 election: Vote granted by peer cf874235214a4471b761e84bad1fdd03
I0219 09:27:13.403564 9006 leader_election.cc:247] T 2bd2a0aa8c0d4f2890106408638d7860 P 92c6616aee764f2bafdeb5ece5816102 [CANDIDATE]: Term 2 election: Election decided. Result: candidate won.
I0219 09:27:13.403754 9270 raft_consensus.cc:1939] T 2bd2a0aa8c0d4f2890106408638d7860 P 92c6616aee764f2bafdeb5ece5816102 [term 2 FOLLOWER]: Snoozing failure detection for election timeout plus an additional 1.613s
I0219 09:27:13.403787 9270 raft_consensus.cc:1831] T 2bd2a0aa8c0d4f2890106408638d7860 P 92c6616aee764f2bafdeb5ece5816102 [term 2 FOLLOWER]: Leader election won for term 2
I0219 09:27:13.404006 9270 raft_consensus.cc:442] T 2bd2a0aa8c0d4f2890106408638d7860 P 92c6616aee764f2bafdeb5ece5816102 [term 2 LEADER]: Becoming Leader. State: Replica: 92c6616aee764f2bafdeb5ece5816102, State: 1, Role: LEADER Watermarks: {Received: term: 0 index: 0 Committed: term: 0 index: 0}
I0219 09:27:13.404086 9270 consensus_queue.cc:145] T 2bd2a0aa8c0d4f2890106408638d7860 P 92c6616aee764f2bafdeb5ece5816102 [LEADER]: Queue going to LEADER mode. State: All replicated op: 0.0, Majority replicated op: 0.0, Committed index: 0.0, Last appended: 0.0, Current term: 2, Majority size: 2, State: 1, Mode: LEADER, active raft config: opid_index: -1 local: false peers { permanent_uuid: "cf874235214a4471b761e84bad1fdd03" member_type: VOTER last_known_addr { host: "127.34.126.2" port: 36921 } } peers { permanent_uuid: "5863a398b4c340aea712e4097c355457" member_type: VOTER last_known_addr { host: "127.34.126.0" port: 42470 } } peers { permanent_uuid: "92c6616aee764f2bafdeb5ece5816102" member_type: VOTER last_known_addr { host: "127.34.126.1" port: 56329 } }
I0219 09:27:13.406112 8845 catalog_manager.cc:1552] Tablet: 2bd2a0aa8c0d4f2890106408638d7860 reported consensus state change. New consensus state: current_term: 2 leader_uuid: "92c6616aee764f2bafdeb5ece5816102" config { opid_index: -1 local: false peers { permanent_uuid: "cf874235214a4471b761e84bad1fdd03" member_type: VOTER last_known_addr { host: "127.34.126.2" port: 36921 } } peers { permanent_uuid: "5863a398b4c340aea712e4097c355457" member_type: VOTER last_known_addr { host: "127.34.126.0" port: 42470 } } peers { permanent_uuid: "92c6616aee764f2bafdeb5ece5816102" member_type: VOTER last_known_addr { host: "127.34.126.1" port: 56329 } } }
W0219 09:27:13.406196 9274 raft_consensus_state.cc:524] T 2bd2a0aa8c0d4f2890106408638d7860 P 92c6616aee764f2bafdeb5ece5816102 [term 2 LEADER]: Can't advance the committed index across term boundaries until operations from the current term are replicated. Last committed operation was: term: 0 index: 0, New majority replicated is: term: 0 index: 0, Current term is: 2
W0219 09:27:13.455183 9234 meta_cache.cc:191] Tablet 2bd2a0aa8c0d4f2890106408638d7860: Replica 5863a398b4c340aea712e4097c355457 (127.34.126.0:42470) has failed: Network error: Client connection negotiation failed: client connection to 127.34.126.0:42470: connect: Connection refused (error 111)
W0219 09:27:13.538630 9003 consensus_peers.cc:319] T 2bd2a0aa8c0d4f2890106408638d7860 P 92c6616aee764f2bafdeb5ece5816102 -> Peer 5863a398b4c340aea712e4097c355457 (127.34.126.0:42470): Couldn't send request to peer 5863a398b4c340aea712e4097c355457 for tablet 2bd2a0aa8c0d4f2890106408638d7860 Status: Network error: Client connection negotiation failed: client connection to 127.34.126.0:42470: connect: Connection refused (error 111). Retrying in the next heartbeat period. Already tried 1 times.
I0219 09:27:13.538658 9168 raft_consensus.cc:831] T 2bd2a0aa8c0d4f2890106408638d7860 P cf874235214a4471b761e84bad1fdd03 [term 2 FOLLOWER]: Refusing update from remote peer 92c6616aee764f2bafdeb5ece5816102: Log matching property violated. Preceding OpId in replica: term: 0 index: 0. Preceding OpId from leader: term: 2 index: 2. (index mismatch)
I0219 09:27:13.538866 9270 consensus_queue.cc:572] T 2bd2a0aa8c0d4f2890106408638d7860 P 92c6616aee764f2bafdeb5ece5816102 [LEADER]: Connected to new peer: Peer: cf874235214a4471b761e84bad1fdd03, Is new: false, Last received: 0.0, Next index: 1, Last known committed idx: 0, Last exchange result: ERROR, Needs remote bootstrap: false
I0219 09:27:13.541183 9274 raft_consensus_state.cc:517] T 2bd2a0aa8c0d4f2890106408638d7860 P 92c6616aee764f2bafdeb5ece5816102 [term 2 LEADER]: Advanced the committed_index across terms. Last committed operation was: term: 0 index: 0 New committed index is: term: 2 index: 2
I0219 09:27:13.541568 8830 linked_list-test-util.h:481] Sample at HT timestamp: 5963378006186176512 Inserted count: 50
I0219 09:27:13.550770 8830 linked_list-test-util.h:481] Sample at HT timestamp: 5963378006223900672 Inserted count: 400
W0219 09:27:13.904891 9003 consensus_peers.cc:319] T 2bd2a0aa8c0d4f2890106408638d7860 P 92c6616aee764f2bafdeb5ece5816102 -> Peer 5863a398b4c340aea712e4097c355457 (127.34.126.0:42470): Couldn't send request to peer 5863a398b4c340aea712e4097c355457 for tablet 2bd2a0aa8c0d4f2890106408638d7860 Status: Network error: Client connection negotiation failed: client connection to 127.34.126.0:42470: connect: Connection refused (error 111). Retrying in the next heartbeat period. Already tried 2 times.
W0219 09:27:14.273859 9003 consensus_peers.cc:319] T 2bd2a0aa8c0d4f2890106408638d7860 P 92c6616aee764f2bafdeb5ece5816102 -> Peer 5863a398b4c340aea712e4097c355457 (127.34.126.0:42470): Couldn't send request to peer 5863a398b4c340aea712e4097c355457 for tablet 2bd2a0aa8c0d4f2890106408638d7860 Status: Network error: Client connection negotiation failed: client connection to 127.34.126.0:42470: connect: Connection refused (error 111). Retrying in the next heartbeat period. Already tried 3 times.
