I0529 14:48:49.414937 62863 external_mini_cluster.cc:425] Running /home/todd/run_tha_testHSjhNC/build/fastdebug/kudu-tablet_server kudu-tablet_server --tablet_server_wal_dir=/tmp/kudutest-4099/raft_consensus-itest.RaftConsensusITest.InsertWithCrashyNodes.1432936117609050-62863/raft_consensus-itest-cluster/ts-2 --tablet_server_data_dirs=/tmp/kudutest-4099/raft_consensus-itest.RaftConsensusITest.InsertWithCrashyNodes.1432936117609050-62863/raft_consensus-itest-cluster/ts-2 --tablet_server_rpc_bind_addresses=127.245.143.2:53754 --local_ip_for_outbound_sockets=127.245.143.2 --tablet_server_web_port=34287 --webserver_interface=127.245.143.2 --tablet_server_master_addrs=127.0.0.1:59882 --metrics_log_interval_ms=1000 --log_dir=/tmp/kudutest-4099/raft_consensus-itest.RaftConsensusITest.InsertWithCrashyNodes.1432936117609050-62863/raft_consensus-itest-cluster/ts-2 --fault_crash_on_leader_request_fraction=0.05 --log_inject_latency --log_inject_latency_ms_mean=30 --log_inject_latency_ms_stddev=60 --leader_heartbeat_interval_ms=100 --leader_failure_monitor_check_mean_ms=50 --leader_failure_monitor_check_stddev_ms=25 --log_preallocate_segments=false --server_dump_info_path=/tmp/kudutest-4099/raft_consensus-itest.RaftConsensusITest.InsertWithCrashyNodes.1432936117609050-62863/raft_consensus-itest-cluster/ts-2/info.pb --server_dump_info_format=pb --logtostderr --logbuflevel=-1
W0529 14:48:49.415030 65198 meta_cache.cc:164] Tablet 05b4fe7d1e414fb79249c14e6ae31236: Replica 1f8655f18f7e4c6691f4c12ebb22fd06 has failed: Network error: Recv() got EOF from remote (error 108)
W0529 14:48:49.415365 65198 meta_cache.cc:164] Tablet 05b4fe7d1e414fb79249c14e6ae31236: Replica 1f8655f18f7e4c6691f4c12ebb22fd06 has failed: Network error: Recv() got EOF from remote (error 108)
W0529 14:48:49.428028 65198 meta_cache.cc:164] Tablet 05b4fe7d1e414fb79249c14e6ae31236: Replica 1f8655f18f7e4c6691f4c12ebb22fd06 has failed: Network error: Recv() got EOF from remote (error 108)
W0529 14:48:49.428345 65198 meta_cache.cc:164] Tablet 05b4fe7d1e414fb79249c14e6ae31236: Replica 1f8655f18f7e4c6691f4c12ebb22fd06 has failed: Network error: Recv() got EOF from remote (error 108)
W0529 14:48:49.428676 65198 meta_cache.cc:164] Tablet 05b4fe7d1e414fb79249c14e6ae31236: Replica 1f8655f18f7e4c6691f4c12ebb22fd06 has failed: Network error: Recv() got EOF from remote (error 108) kudu-tablet_server: /usr/lib64/libssl.so.10: no version information available (required by /home/todd/run_tha_testHSjhNC/build/fastdebug/libserver_process.so) kudu-tablet_server: /usr/lib64/libcrypto.so.10: no version information available (required by /home/todd/run_tha_testHSjhNC/build/fastdebug/libserver_process.so)
I0529 14:48:49.458842 65520 raft_consensus.cc:310] T 05b4fe7d1e414fb79249c14e6ae31236 P 3b7563857bb84965989d41eebdd82d5f [term 2 FOLLOWER]: Failure of peer election-timer detected. Triggering leader election
I0529 14:48:49.459301 65520 raft_consensus.cc:1528] T 05b4fe7d1e414fb79249c14e6ae31236 P 3b7563857bb84965989d41eebdd82d5f [term 2 FOLLOWER]: Advancing to term 3
W0529 14:48:49.460216 65198 meta_cache.cc:164] Tablet 05b4fe7d1e414fb79249c14e6ae31236: Replica 1f8655f18f7e4c6691f4c12ebb22fd06 has failed: Network error: Client connection negotiation failed: client Connection to 127.245.143.2:53754: connect: Connection refused (error 111)
W0529 14:48:49.460489 65198 meta_cache.cc:164] Tablet 05b4fe7d1e414fb79249c14e6ae31236: Replica 1f8655f18f7e4c6691f4c12ebb22fd06 has failed: Network error: Client connection negotiation failed: client Connection to 127.245.143.2:53754: connect: Connection refused (error 111)
W0529 14:48:49.460727 65198 meta_cache.cc:164] Tablet 05b4fe7d1e414fb79249c14e6ae31236: Replica 1f8655f18f7e4c6691f4c12ebb22fd06 has failed: Network error: Client connection negotiation failed: client Connection to 127.245.143.2:53754: connect: Connection refused (error 111)
W0529 14:48:49.460958 65198 meta_cache.cc:164] Tablet 05b4fe7d1e414fb79249c14e6ae31236: Replica 1f8655f18f7e4c6691f4c12ebb22fd06 has failed: Network error: Client connection negotiation failed: client Connection to 127.245.143.2:53754: connect: Connection refused (error 111)
I0529 14:48:49.461699 65520 raft_consensus.cc:1478] T 05b4fe7d1e414fb79249c14e6ae31236 P 3b7563857bb84965989d41eebdd82d5f [term 3 FOLLOWER]: Snoozing failure detection for an additional: 0.325s
I0529 14:48:49.461952 65520 raft_consensus.cc:273] T 05b4fe7d1e414fb79249c14e6ae31236 P 3b7563857bb84965989d41eebdd82d5f [term 3 FOLLOWER]: Starting election with quorum: opid_index: -1 local: false peers { permanent_uuid: "1f8655f18f7e4c6691f4c12ebb22fd06" member_type: VOTER last_known_addr { host: "127.245.143.2" port: 53754 } } peers { permanent_uuid: "aa0d62233d0a498886326226b4827f51" member_type: VOTER last_known_addr { host: "127.245.143.1" port: 43880 } } peers { permanent_uuid: "3b7563857bb84965989d41eebdd82d5f" member_type: VOTER last_known_addr { host: "127.245.143.0" port: 42480 } }
W0529 14:48:49.463387 65198 meta_cache.cc:164] Tablet 05b4fe7d1e414fb79249c14e6ae31236: Replica 1f8655f18f7e4c6691f4c12ebb22fd06 has failed: Network error: Client connection negotiation failed: client Connection to 127.245.143.2:53754: connect: Connection refused (error 111)
W0529 14:48:49.469362 65198 meta_cache.cc:164] Tablet 05b4fe7d1e414fb79249c14e6ae31236: Replica 1f8655f18f7e4c6691f4c12ebb22fd06 has failed: Network error: Client connection negotiation failed: client Connection to 127.245.143.2:53754: connect: Connection refused (error 111)
W0529 14:48:49.469596 65198 meta_cache.cc:164] Tablet 05b4fe7d1e414fb79249c14e6ae31236: Replica 1f8655f18f7e4c6691f4c12ebb22fd06 has failed: Network error: Client connection negotiation failed: client Connection to 127.245.143.2:53754: connect: Connection refused (error 111)
W0529 14:48:49.470690 65198 meta_cache.cc:164] Tablet 05b4fe7d1e414fb79249c14e6ae31236: Replica 1f8655f18f7e4c6691f4c12ebb22fd06 has failed: Network error: Client connection negotiation failed: client Connection to 127.245.143.2:53754: connect: Connection refused (error 111)
I0529 14:48:49.473837 65520 leader_election.cc:194] T 05b4fe7d1e414fb79249c14e6ae31236 P 3b7563857bb84965989d41eebdd82d5f [CANDIDATE]: Term 3 election: Requesting vote from peer 1f8655f18f7e4c6691f4c12ebb22fd06
I0529 14:48:49.474429 65520 leader_election.cc:194] T 05b4fe7d1e414fb79249c14e6ae31236 P 3b7563857bb84965989d41eebdd82d5f [CANDIDATE]: Term 3 election: Requesting vote from peer aa0d62233d0a498886326226b4827f51
I0529 14:48:49.476932 64762 raft_consensus.cc:1246] T 05b4fe7d1e414fb79249c14e6ae31236 P aa0d62233d0a498886326226b4827f51 [term 2 FOLLOWER]: Leader election vote request: Denying vote to candidate 3b7563857bb84965989d41eebdd82d5f for term 3 because replica is either leader or believes a valid leader to be alive.
W0529 14:48:49.477134 65198 meta_cache.cc:164] Tablet 05b4fe7d1e414fb79249c14e6ae31236: Replica 1f8655f18f7e4c6691f4c12ebb22fd06 has failed: Network error: Client connection negotiation failed: client Connection to 127.245.143.2:53754: connect: Connection refused (error 111)
W0529 14:48:49.477023 64428 leader_election.cc:241] T 05b4fe7d1e414fb79249c14e6ae31236 P 3b7563857bb84965989d41eebdd82d5f [CANDIDATE]: Term 3 election: RPC error from VoteRequest() call to peer 1f8655f18f7e4c6691f4c12ebb22fd06: Network error: Client connection negotiation failed: client Connection to 127.245.143.2:53754: connect: Connection refused (error 111)
I0529 14:48:49.477766 64430 leader_election.cc:327] T 05b4fe7d1e414fb79249c14e6ae31236 P 3b7563857bb84965989d41eebdd82d5f [CANDIDATE]: Term 3 election: Vote denied by peer aa0d62233d0a498886326226b4827f51. Message: Invalid argument: T 05b4fe7d1e414fb79249c14e6ae31236 P aa0d62233d0a498886326226b4827f51 [term 2 FOLLOWER]: Leader election vote request: Denying vote to candidate 3b7563857bb84965989d41eebdd82d5f for term 3 because replica is either leader or believes a valid leader to be alive.
I0529 14:48:49.478003 64430 leader_election.cc:214] T 05b4fe7d1e414fb79249c14e6ae31236 P 3b7563857bb84965989d41eebdd82d5f [CANDIDATE]: Term 3 election: Election decided. Result: candidate lost.
W0529 14:48:49.478415 65198 meta_cache.cc:164] Tablet 05b4fe7d1e414fb79249c14e6ae31236: Replica 1f8655f18f7e4c6691f4c12ebb22fd06 has failed: Network error: Client connection negotiation failed: client Connection to 127.245.143.2:53754: connect: Connection refused (error 111)
I0529 14:48:49.479611 788 raft_consensus.cc:1478] T 05b4fe7d1e414fb79249c14e6ae31236 P 3b7563857bb84965989d41eebdd82d5f [term 3 FOLLOWER]: Snoozing failure detection for an additional: 0.321s
I0529 14:48:49.479812 788 raft_consensus.cc:1358] T 05b4fe7d1e414fb79249c14e6ae31236 P 3b7563857bb84965989d41eebdd82d5f [term 3 FOLLOWER]: Leader election lost for term 3. Reason: None given
W0529 14:48:49.485725 65198 meta_cache.cc:164] Tablet 05b4fe7d1e414fb79249c14e6ae31236: Replica 1f8655f18f7e4c6691f4c12ebb22fd06 has failed: Network error: Client connection negotiation failed: client Connection to 127.245.143.2:53754: connect: Connection refused (error 111)
W0529 14:48:49.485970 65198 meta_cache.cc:164] Tablet 05b4fe7d1e414fb79249c14e6ae31236: Replica 1f8655f18f7e4c6691f4c12ebb22fd06 has failed: Network error: Client connection negotiation failed: client Connection to 127.245.143.2:53754: connect: Connection refused (error 111)
W0529 14:48:49.490350 65198 meta_cache.cc:164] Tablet 05b4fe7d1e414fb79249c14e6ae31236: Replica 1f8655f18f7e4c6691f4c12ebb22fd06 has failed: Network error: Client connection negotiation failed: client Connection to 127.245.143.2:53754: connect: Connection refused (error 111)
W0529 14:48:49.495415 65198 meta_cache.cc:164] Tablet 05b4fe7d1e414fb79249c14e6ae31236: Replica 1f8655f18f7e4c6691f4c12ebb22fd06 has failed: Network error: Client connection negotiation failed: client Connection to 127.245.143.2:53754: connect: Connection refused (error 111)
W0529 14:48:49.495712 65198 meta_cache.cc:164] Tablet 05b4fe7d1e414fb79249c14e6ae31236: Replica 1f8655f18f7e4c6691f4c12ebb22fd06 has failed: Network error: Client connection negotiation failed: client Connection to 127.245.143.2:53754: connect: Connection refused (error 111)
W0529 14:48:49.500874 65198 meta_cache.cc:164] Tablet 05b4fe7d1e414fb79249c14e6ae31236: Replica 1f8655f18f7e4c6691f4c12ebb22fd06 has failed: Network error: Client connection negotiation failed: client Connection to 127.245.143.2:53754: connect: Connection refused (error 111)
W0529 14:48:49.501843 65198 meta_cache.cc:164] Tablet 05b4fe7d1e414fb79249c14e6ae31236: Replica 1f8655f18f7e4c6691f4c12ebb22fd06 has failed: Network error: Client connection negotiation failed: client Connection to 127.245.143.2:53754: connect: Connection refused (error 111)
W0529 14:48:49.505956 65198 meta_cache.cc:164] Tablet 05b4fe7d1e414fb79249c14e6ae31236: Replica 1f8655f18f7e4c6691f4c12ebb22fd06 has failed: Network error: Client connection negotiation failed: client Connection to 127.245.143.2:53754: connect: Connection refused (error 111)
W0529 14:48:49.517616 65198 meta_cache.cc:164] Tablet 05b4fe7d1e414fb79249c14e6ae31236: Replica 1f8655f18f7e4c6691f4c12ebb22fd06 has failed: Network error: Client connection negotiation failed: client Connection to 127.245.143.2:53754: connect: Connection refused (error 111)
W0529 14:48:49.531240 65198 meta_cache.cc:164] Tablet 05b4fe7d1e414fb79249c14e6ae31236: Replica 1f8655f18f7e4c6691f4c12ebb22fd06 has failed: Network error: Client connection negotiation failed: client Connection to 127.245.143.2:53754: connect: Connection refused (error 111)
W0529 14:48:49.533427 65198 meta_cache.cc:164] Tablet 05b4fe7d1e414fb79249c14e6ae31236: Replica 1f8655f18f7e4c6691f4c12ebb22fd06 has failed: Network error: Client connection negotiation failed: client Connection to 127.245.143.2:53754: connect: Connection refused (error 111)
W0529 14:48:49.540894 65198 meta_cache.cc:164] Tablet 05b4fe7d1e414fb79249c14e6ae31236: Replica 1f8655f18f7e4c6691f4c12ebb22fd06 has failed: Network error: Client connection negotiation failed: client Connection to 127.245.143.2:53754: connect: Connection refused (error 111)
W0529 14:48:49.552371 65198 meta_cache.cc:164] Tablet 05b4fe7d1e414fb79249c14e6ae31236: Replica 1f8655f18f7e4c6691f4c12ebb22fd06 has failed: Network error: Client connection negotiation failed: client Connection to 127.245.143.2:53754: connect: Connection refused (error 111)
W0529 14:48:49.552628 65198 meta_cache.cc:164] Tablet 05b4fe7d1e414fb79249c14e6ae31236: Replica 1f8655f18f7e4c6691f4c12ebb22fd06 has failed: Network error: Client connection negotiation failed: client Connection to 127.245.143.2:53754: connect: Connection refused (error 111)
W0529 14:48:49.567101 65198 meta_cache.cc:164] Tablet 05b4fe7d1e414fb79249c14e6ae31236: Replica 1f8655f18f7e4c6691f4c12ebb22fd06 has failed: Network error: Client connection negotiation failed: client Connection to 127.245.143.2:53754: connect: Connection refused (error 111)
W0529 14:48:49.568522 65198 meta_cache.cc:164] Tablet 05b4fe7d1e414fb79249c14e6ae31236: Replica 1f8655f18f7e4c6691f4c12ebb22fd06 has failed: Network error: Client connection negotiation failed: client Connection to 127.245.143.2:53754: connect: Connection refused (error 111)
W0529 14:48:49.573057 65198 meta_cache.cc:164] Tablet 05b4fe7d1e414fb79249c14e6ae31236: Replica 1f8655f18f7e4c6691f4c12ebb22fd06 has failed: Network error: Client connection negotiation failed: client Connection to 127.245.143.2:53754: connect: Connection refused (error 111)
W0529 14:48:49.587162 65198 meta_cache.cc:164] Tablet 05b4fe7d1e414fb79249c14e6ae31236: Replica 1f8655f18f7e4c6691f4c12ebb22fd06 has failed: Network error: Client connection negotiation failed: client Connection to 127.245.143.2:53754: connect: Connection refused (error 111)
W0529 14:48:49.589298 65198 meta_cache.cc:164] Tablet 05b4fe7d1e414fb79249c14e6ae31236: Replica 1f8655f18f7e4c6691f4c12ebb22fd06 has failed: Network error: Client connection negotiation failed: client Connection to 127.245.143.2:53754: connect: Connection refused (error 111)
W0529 14:48:49.598942 65198 meta_cache.cc:164] Tablet 05b4fe7d1e414fb79249c14e6ae31236: Replica 1f8655f18f7e4c6691f4c12ebb22fd06 has failed: Network error: Client connection negotiation failed: client Connection to 127.245.143.2:53754: connect: Connection refused (error 111)
W0529 14:48:49.600078 65198 meta_cache.cc:164] Tablet 05b4fe7d1e414fb79249c14e6ae31236: Replica 1f8655f18f7e4c6691f4c12ebb22fd06 has failed: Network error: Client connection negotiation failed: client Connection to 127.245.143.2:53754: connect: Connection refused (error 111)
W0529 14:48:49.609308 65198 meta_cache.cc:164] Tablet 05b4fe7d1e414fb79249c14e6ae31236: Replica 1f8655f18f7e4c6691f4c12ebb22fd06 has failed: Network error: Client connection negotiation failed: client Connection to 127.245.143.2:53754: connect: Connection refused (error 111)
I0529 14:48:49.622966 784 tablet_server_main.cc:38] Initializing tablet server...
W0529 14:48:49.631458 65198 meta_cache.cc:164] Tablet 05b4fe7d1e414fb79249c14e6ae31236: Replica 1f8655f18f7e4c6691f4c12ebb22fd06 has failed: Network error: Client connection negotiation failed: client Connection to 127.245.143.2:53754: connect: Connection refused (error 111)
W0529 14:48:49.631808 65198 meta_cache.cc:164] Tablet 05b4fe7d1e414fb79249c14e6ae31236: Replica 1f8655f18f7e4c6691f4c12ebb22fd06 has failed: Network error: Client connection negotiation failed: client Connection to 127.245.143.2:53754: connect: Connection refused (error 111)
W0529 14:48:49.632117 65198 meta_cache.cc:164] Tablet 05b4fe7d1e414fb79249c14e6ae31236: Replica 1f8655f18f7e4c6691f4c12ebb22fd06 has failed: Network error: Client connection negotiation failed: client Connection to 127.245.143.2:53754: connect: Connection refused (error 111)
W0529 14:48:49.644917 65198 meta_cache.cc:164] Tablet 05b4fe7d1e414fb79249c14e6ae31236: Replica 1f8655f18f7e4c6691f4c12ebb22fd06 has failed: Network error: Client connection negotiation failed: client Connection to 127.245.143.2:53754: connect: Connection refused (error 111)
I0529 14:48:49.651712 65494 raft_consensus.cc:310] T 05b4fe7d1e414fb79249c14e6ae31236 P aa0d62233d0a498886326226b4827f51 [term 2 FOLLOWER]: Failure of peer election-timer detected. Triggering leader election
I0529 14:48:49.653118 65494 raft_consensus.cc:1528] T 05b4fe7d1e414fb79249c14e6ae31236 P aa0d62233d0a498886326226b4827f51 [term 2 FOLLOWER]: Advancing to term 3
I0529 14:48:49.657609 65494 raft_consensus.cc:1478] T 05b4fe7d1e414fb79249c14e6ae31236 P aa0d62233d0a498886326226b4827f51 [term 3 FOLLOWER]: Snoozing failure detection for an additional: 0.307s
I0529 14:48:49.657815 65494 raft_consensus.cc:273] T 05b4fe7d1e414fb79249c14e6ae31236 P aa0d62233d0a498886326226b4827f51 [term 3 FOLLOWER]: Starting election with quorum: opid_index: -1 local: false peers { permanent_uuid: "1f8655f18f7e4c6691f4c12ebb22fd06" member_type: VOTER last_known_addr { host: "127.245.143.2" port: 53754 } } peers { permanent_uuid: "aa0d62233d0a498886326226b4827f51" member_type: VOTER last_known_addr { host: "127.245.143.1" port: 43880 } } peers { permanent_uuid: "3b7563857bb84965989d41eebdd82d5f" member_type: VOTER last_known_addr { host: "127.245.143.0" port: 42480 } }
W0529 14:48:49.661479 65198 meta_cache.cc:164] Tablet 05b4fe7d1e414fb79249c14e6ae31236: Replica 1f8655f18f7e4c6691f4c12ebb22fd06 has failed: Network error: Client connection negotiation failed: client Connection to 127.245.143.2:53754: connect: Connection refused (error 111)
I0529 14:48:49.664831 65494 leader_election.cc:194] T 05b4fe7d1e414fb79249c14e6ae31236 P aa0d62233d0a498886326226b4827f51 [CANDIDATE]: Term 3 election: Requesting vote from peer 1f8655f18f7e4c6691f4c12ebb22fd06
I0529 14:48:49.665174 65494 leader_election.cc:194] T 05b4fe7d1e414fb79249c14e6ae31236 P aa0d62233d0a498886326226b4827f51 [CANDIDATE]: Term 3 election: Requesting vote from peer 3b7563857bb84965989d41eebdd82d5f
W0529 14:48:49.666292 65198 meta_cache.cc:164] Tablet 05b4fe7d1e414fb79249c14e6ae31236: Replica 1f8655f18f7e4c6691f4c12ebb22fd06 has failed: Network error: Client connection negotiation failed: client Connection to 127.245.143.2:53754: connect: Connection refused (error 111)
W0529 14:48:49.667773 64693 leader_election.cc:241] T 05b4fe7d1e414fb79249c14e6ae31236 P aa0d62233d0a498886326226b4827f51 [CANDIDATE]: Term 3 election: RPC error from VoteRequest() call to peer 1f8655f18f7e4c6691f4c12ebb22fd06: Network error: Client connection negotiation failed: client Connection to 127.245.143.2:53754: connect: Connection refused (error 111)
I0529 14:48:49.668815 64494 raft_consensus.cc:1215] T 05b4fe7d1e414fb79249c14e6ae31236 P 3b7563857bb84965989d41eebdd82d5f [term 3 FOLLOWER]: Leader election vote request: Denying vote to candidate aa0d62233d0a498886326226b4827f51 in current term 3: Already voted for candidate 3b7563857bb84965989d41eebdd82d5f in this term.
I0529 14:48:49.666998 784 fs_manager.cc:198] Opened local filesystem: /tmp/kudutest-4099/raft_consensus-itest.RaftConsensusITest.InsertWithCrashyNodes.1432936117609050-62863/raft_consensus-itest-cluster/ts-2 uuid: "1f8655f18f7e4c6691f4c12ebb22fd06" format_stamp: "Formatted at 2015-05-29 21:48:45 on e1205.halxg.cloudera.com"
I0529 14:48:49.669570 64693 leader_election.cc:327] T 05b4fe7d1e414fb79249c14e6ae31236 P aa0d62233d0a498886326226b4827f51 [CANDIDATE]: Term 3 election: Vote denied by peer 3b7563857bb84965989d41eebdd82d5f. Message: Invalid argument: T 05b4fe7d1e414fb79249c14e6ae31236 P 3b7563857bb84965989d41eebdd82d5f [term 3 FOLLOWER]: Leader election vote request: Denying vote to candidate aa0d62233d0a498886326226b4827f51 in current term 3: Already voted for candidate 3b7563857bb84965989d41eebdd82d5f in this term.
I0529 14:48:49.669771 64693 leader_election.cc:214] T 05b4fe7d1e414fb79249c14e6ae31236 P aa0d62233d0a498886326226b4827f51 [CANDIDATE]: Term 3 election: Election decided. Result: candidate lost.
I0529 14:48:49.671861 801 raft_consensus.cc:1478] T 05b4fe7d1e414fb79249c14e6ae31236 P aa0d62233d0a498886326226b4827f51 [term 3 FOLLOWER]: Snoozing failure detection for an additional: 0.315s
I0529 14:48:49.672113 801 raft_consensus.cc:1358] T 05b4fe7d1e414fb79249c14e6ae31236 P aa0d62233d0a498886326226b4827f51 [term 3 FOLLOWER]: Leader election lost for term 3. Reason: None given
W0529 14:48:49.680778 65198 meta_cache.cc:164] Tablet 05b4fe7d1e414fb79249c14e6ae31236: Replica 1f8655f18f7e4c6691f4c12ebb22fd06 has failed: Network error: Client connection negotiation failed: client Connection to 127.245.143.2:53754: connect: Connection refused (error 111)
W0529 14:48:49.686162 65198 meta_cache.cc:164] Tablet 05b4fe7d1e414fb79249c14e6ae31236: Replica 1f8655f18f7e4c6691f4c12ebb22fd06 has failed: Network error: Client connection negotiation failed: client Connection to 127.245.143.2:53754: connect: Connection refused (error 111)
W0529 14:48:49.686466 65198 meta_cache.cc:164] Tablet 05b4fe7d1e414fb79249c14e6ae31236: Replica 1f8655f18f7e4c6691f4c12ebb22fd06 has failed: Network error: Client connection negotiation failed: client Connection to 127.245.143.2:53754: connect: Connection refused (error 111)
W0529 14:48:49.687003 65198 meta_cache.cc:164] Tablet 05b4fe7d1e414fb79249c14e6ae31236: Replica 1f8655f18f7e4c6691f4c12ebb22fd06 has failed: Network error: Client connection negotiation failed: client Connection to 127.245.143.2:53754: connect: Connection refused (error 111)
W0529 14:48:49.687333 65198 meta_cache.cc:164] Tablet 05b4fe7d1e414fb79249c14e6ae31236: Replica 1f8655f18f7e4c6691f4c12ebb22fd06 has failed: Network error: Client connection negotiation failed: client Connection to 127.245.143.2:53754: connect: Connection refused (error 111)
W0529 14:48:49.702496 65198 meta_cache.cc:164] Tablet 05b4fe7d1e414fb79249c14e6ae31236: Replica 1f8655f18f7e4c6691f4c12ebb22fd06 has failed: Network error: Client connection negotiation failed: client Connection to 127.245.143.2:53754: connect: Connection refused (error 111)
W0529 14:48:49.704082 65198 meta_cache.cc:164] Tablet 05b4fe7d1e414fb79249c14e6ae31236: Replica 1f8655f18f7e4c6691f4c12ebb22fd06 has failed: Network error: Client connection negotiation failed: client Connection to 127.245.143.2:53754: connect: Connection refused (error 111)
W0529 14:48:49.738401 65198 meta_cache.cc:164] Tablet 05b4fe7d1e414fb79249c14e6ae31236: Replica 1f8655f18f7e4c6691f4c12ebb22fd06 has failed: Network error: Client connection negotiation failed: client Connection to 127.245.143.2:53754: connect: Connection refused (error 111)
W0529 14:48:49.738679 65198 meta_cache.cc:164] Tablet 05b4fe7d1e414fb79249c14e6ae31236: Replica 1f8655f18f7e4c6691f4c12ebb22fd06 has failed: Network error: Client connection negotiation failed: client Connection to 127.245.143.2:53754: connect: Connection refused (error 111)
I0529 14:48:49.739207 784 ts_tablet_manager.cc:261] Loading tablet 05b4fe7d1e414fb79249c14e6ae31236
W0529 14:48:49.740003 65198 meta_cache.cc:164] Tablet 05b4fe7d1e414fb79249c14e6ae31236: Replica 1f8655f18f7e4c6691f4c12ebb22fd06 has failed: Network error: Client connection negotiation failed: client Connection to 127.245.143.2:53754: connect: Connection refused (error 111)
I0529 14:48:49.745174 784 ts_tablet_manager.cc:406] Registered tablet 05b4fe7d1e414fb79249c14e6ae31236
W0529 14:48:49.765671 65198 meta_cache.cc:164] Tablet 05b4fe7d1e414fb79249c14e6ae31236: Replica 1f8655f18f7e4c6691f4c12ebb22fd06 has failed: Network error: Client connection negotiation failed: client Connection to 127.245.143.2:53754: connect: Connection refused (error 111)
W0529 14:48:49.765950 65198 meta_cache.cc:164] Tablet 05b4fe7d1e414fb79249c14e6ae31236: Replica 1f8655f18f7e4c6691f4c12ebb22fd06 has failed: Network error: Client connection negotiation failed: client Connection to 127.245.143.2:53754: connect: Connection refused (error 111)
W0529 14:48:49.766141 65198 meta_cache.cc:164] Tablet 05b4fe7d1e414fb79249c14e6ae31236: Replica 1f8655f18f7e4c6691f4c12ebb22fd06 has failed: Network error: Client connection negotiation failed: client Connection to 127.245.143.2:53754: connect: Connection refused (error 111)
W0529 14:48:49.776906 65198 meta_cache.cc:164] Tablet 05b4fe7d1e414fb79249c14e6ae31236: Replica 1f8655f18f7e4c6691f4c12ebb22fd06 has failed: Network error: Client connection negotiation failed: client Connection to 127.245.143.2:53754: connect: Connection refused (error 111)
W0529 14:48:49.787961 65198 meta_cache.cc:164] Tablet 05b4fe7d1e414fb79249c14e6ae31236: Replica 1f8655f18f7e4c6691f4c12ebb22fd06 has failed: Network error: Client connection negotiation failed: client Connection to 127.245.143.2:53754: connect: Connection refused (error 111)
W0529 14:48:49.788185 65198 meta_cache.cc:164] Tablet 05b4fe7d1e414fb79249c14e6ae31236: Replica 1f8655f18f7e4c6691f4c12ebb22fd06 has failed: Network error: Client connection negotiation failed: client Connection to 127.245.143.2:53754: connect: Connection refused (error 111)
W0529 14:48:49.788444 65198 meta_cache.cc:164] Tablet 05b4fe7d1e414fb79249c14e6ae31236: Replica 1f8655f18f7e4c6691f4c12ebb22fd06 has failed: Network error: Client connection negotiation failed: client Connection to 127.245.143.2:53754: connect: Connection refused (error 111)
W0529 14:48:49.793550 65198 meta_cache.cc:164] Tablet 05b4fe7d1e414fb79249c14e6ae31236: Replica 1f8655f18f7e4c6691f4c12ebb22fd06 has failed: Network error: Client connection negotiation failed: client Connection to 127.245.143.2:53754: connect: Connection refused (error 111)
W0529 14:48:49.812829 65198 meta_cache.cc:164] Tablet 05b4fe7d1e414fb79249c14e6ae31236: Replica 1f8655f18f7e4c6691f4c12ebb22fd06 has failed: Network error: Client connection negotiation failed: client Connection to 127.245.143.2:53754: connect: Connection refused (error 111)
W0529 14:48:49.826838 65198 meta_cache.cc:164] Tablet 05b4fe7d1e414fb79249c14e6ae31236: Replica 1f8655f18f7e4c6691f4c12ebb22fd06 has failed: Network error: Client connection negotiation failed: client Connection to 127.245.143.2:53754: connect: Connection refused (error 111)
W0529 14:48:49.848503 65198 meta_cache.cc:164] Tablet 05b4fe7d1e414fb79249c14e6ae31236: Replica 1f8655f18f7e4c6691f4c12ebb22fd06 has failed: Network error: Client connection negotiation failed: client Connection to 127.245.143.2:53754: connect: Connection refused (error 111)
W0529 14:48:49.848758 65198 meta_cache.cc:164] Tablet 05b4fe7d1e414fb79249c14e6ae31236: Replica 1f8655f18f7e4c6691f4c12ebb22fd06 has failed: Network error: Client connection negotiation failed: client Connection to 127.245.143.2:53754: connect: Connection refused (error 111)
W0529 14:48:49.850276 65198 meta_cache.cc:164] Tablet 05b4fe7d1e414fb79249c14e6ae31236: Replica 1f8655f18f7e4c6691f4c12ebb22fd06 has failed: Network error: Client connection negotiation failed: client Connection to 127.245.143.2:53754: connect: Connection refused (error 111)
W0529 14:48:49.874517 65198 meta_cache.cc:164] Tablet 05b4fe7d1e414fb79249c14e6ae31236: Replica 1f8655f18f7e4c6691f4c12ebb22fd06 has failed: Network error: Client connection negotiation failed: client Connection to 127.245.143.2:53754: connect: Connection refused (error 111)
W0529 14:48:49.874856 65198 meta_cache.cc:164] Tablet 05b4fe7d1e414fb79249c14e6ae31236: Replica 1f8655f18f7e4c6691f4c12ebb22fd06 has failed: Network error: Client connection negotiation failed: client Connection to 127.245.143.2:53754: connect: Connection refused (error 111)
W0529 14:48:49.877346 65198 meta_cache.cc:164] Tablet 05b4fe7d1e414fb79249c14e6ae31236: Replica 1f8655f18f7e4c6691f4c12ebb22fd06 has failed: Network error: Client connection negotiation failed: client Connection to 127.245.143.2:53754: connect: Connection refused (error 111)
W0529 14:48:49.882450 65198 meta_cache.cc:164] Tablet 05b4fe7d1e414fb79249c14e6ae31236: Replica 1f8655f18f7e4c6691f4c12ebb22fd06 has failed: Network error: Client connection negotiation failed: client Connection to 127.245.143.2:53754: connect: Connection refused (error 111)
W0529 14:48:49.903251 65198 meta_cache.cc:164] Tablet 05b4fe7d1e414fb79249c14e6ae31236: Replica 1f8655f18f7e4c6691f4c12ebb22fd06 has failed: Network error: Client connection negotiation failed: client Connection to 127.245.143.2:53754: connect: Connection refused (error 111)
W0529 14:48:49.929842 65198 meta_cache.cc:164] Tablet 05b4fe7d1e414fb79249c14e6ae31236: Replica 1f8655f18f7e4c6691f4c12ebb22fd06 has failed: Network error: Client connection negotiation failed: client Connection to 127.245.143.2:53754: connect: Connection refused (error 111)
W0529 14:48:49.960409 65198 meta_cache.cc:164] Tablet 05b4fe7d1e414fb79249c14e6ae31236: Replica 1f8655f18f7e4c6691f4c12ebb22fd06 has failed: Network error: Client connection negotiation failed: client Connection to 127.245.143.2:53754: connect: Connection refused (error 111)
W0529 14:48:49.980278 65198 meta_cache.cc:164] Tablet 05b4fe7d1e414fb79249c14e6ae31236: Replica 1f8655f18f7e4c6691f4c12ebb22fd06 has failed: Network error: Client connection negotiation failed: client Connection to 127.245.143.2:53754: connect: Connection refused (error 111)
W0529 14:48:49.993111 65198 meta_cache.cc:164] Tablet 05b4fe7d1e414fb79249c14e6ae31236: Replica 1f8655f18f7e4c6691f4c12ebb22fd06 has failed: Network error: Client connection negotiation failed: client Connection to 127.245.143.2:53754: connect: Connection refused (error 111)
W0529 14:48:50.011035 65198 meta_cache.cc:164] Tablet 05b4fe7d1e414fb79249c14e6ae31236: Replica 1f8655f18f7e4c6691f4c12ebb22fd06 has failed: Network error: Client connection negotiation failed: client Connection to 127.245.143.2:53754: connect: Connection refused (error 111)
W0529 14:48:50.026660 65198 meta_cache.cc:164] Tablet 05b4fe7d1e414fb79249c14e6ae31236: Replica 1f8655f18f7e4c6691f4c12ebb22fd06 has failed: Network error: Client connection negotiation failed: client Connection to 127.245.143.2:53754: connect: Connection refused (error 111)
W0529 14:48:50.059814 65198 meta_cache.cc:164] Tablet 05b4fe7d1e414fb79249c14e6ae31236: Replica 1f8655f18f7e4c6691f4c12ebb22fd06 has failed: Network error: Client connection negotiation failed: client Connection to 127.245.143.2:53754: connect: Connection refused (error 111)
W0529 14:48:50.093451 65198 meta_cache.cc:164] Tablet 05b4fe7d1e414fb79249c14e6ae31236: Replica 1f8655f18f7e4c6691f4c12ebb22fd06 has failed: Network error: Client connection negotiation failed: client Connection to 127.245.143.2:53754: connect: Connection refused (error 111)
I0529 14:48:50.113071 65520 raft_consensus.cc:310] T 05b4fe7d1e414fb79249c14e6ae31236 P 3b7563857bb84965989d41eebdd82d5f [term 3 FOLLOWER]: Failure of peer election-timer detected. Triggering leader election
I0529 14:48:50.113415 65520 raft_consensus.cc:1528] T 05b4fe7d1e414fb79249c14e6ae31236 P 3b7563857bb84965989d41eebdd82d5f [term 3 FOLLOWER]: Advancing to term 4
I0529 14:48:50.115181 65520 raft_consensus.cc:1478] T 05b4fe7d1e414fb79249c14e6ae31236 P 3b7563857bb84965989d41eebdd82d5f [term 4 FOLLOWER]: Snoozing failure detection for an additional: 0.326s
I0529 14:48:50.115350 65520 raft_consensus.cc:273] T 05b4fe7d1e414fb79249c14e6ae31236 P 3b7563857bb84965989d41eebdd82d5f [term 4 FOLLOWER]: Starting election with quorum: opid_index: -1 local: false peers { permanent_uuid: "1f8655f18f7e4c6691f4c12ebb22fd06" member_type: VOTER last_known_addr { host: "127.245.143.2" port: 53754 } } peers { permanent_uuid: "aa0d62233d0a498886326226b4827f51" member_type: VOTER last_known_addr { host: "127.245.143.1" port: 43880 } } peers { permanent_uuid: "3b7563857bb84965989d41eebdd82d5f" member_type: VOTER last_known_addr { host: "127.245.143.0" port: 42480 } }
W0529 14:48:50.117743 65198 meta_cache.cc:164] Tablet 05b4fe7d1e414fb79249c14e6ae31236: Replica 1f8655f18f7e4c6691f4c12ebb22fd06 has failed: Network error: Client connection negotiation failed: client Connection to 127.245.143.2:53754: connect: Connection refused (error 111)
I0529 14:48:50.131815 65520 leader_election.cc:194] T 05b4fe7d1e414fb79249c14e6ae31236 P 3b7563857bb84965989d41eebdd82d5f [CANDIDATE]: Term 4 election: Requesting vote from peer 1f8655f18f7e4c6691f4c12ebb22fd06
I0529 14:48:50.132340 65520 leader_election.cc:194] T 05b4fe7d1e414fb79249c14e6ae31236 P 3b7563857bb84965989d41eebdd82d5f [CANDIDATE]: Term 4 election: Requesting vote from peer aa0d62233d0a498886326226b4827f51
I0529 14:48:50.134310 64763 raft_consensus.cc:1528] T 05b4fe7d1e414fb79249c14e6ae31236 P aa0d62233d0a498886326226b4827f51 [term 3 FOLLOWER]: Advancing to term 4
W0529 14:48:50.135082 64428 leader_election.cc:241] T 05b4fe7d1e414fb79249c14e6ae31236 P 3b7563857bb84965989d41eebdd82d5f [CANDIDATE]: Term 4 election: RPC error from VoteRequest() call to peer 1f8655f18f7e4c6691f4c12ebb22fd06: Network error: Client connection negotiation failed: client Connection to 127.245.143.2:53754: connect: Connection refused (error 111)
I0529 14:48:50.138042 64763 raft_consensus.cc:1232] T 05b4fe7d1e414fb79249c14e6ae31236 P aa0d62233d0a498886326226b4827f51 [term 4 FOLLOWER]: Leader election vote request: Denying vote to candidate 3b7563857bb84965989d41eebdd82d5f for term 4 because replica has last-logged OpId of term: 2 index: 35, which is greater than that of the candidate, which has last-logged OpId of term: 2 index: 25.
I0529 14:48:50.139065 64430 leader_election.cc:327] T 05b4fe7d1e414fb79249c14e6ae31236 P 3b7563857bb84965989d41eebdd82d5f [CANDIDATE]: Term 4 election: Vote denied by peer aa0d62233d0a498886326226b4827f51. Message: Invalid argument: T 05b4fe7d1e414fb79249c14e6ae31236 P aa0d62233d0a498886326226b4827f51 [term 4 FOLLOWER]: Leader election vote request: Denying vote to candidate 3b7563857bb84965989d41eebdd82d5f for term 4 because replica has last-logged OpId of term: 2 index: 35, which is greater than that of the candidate, which has last-logged OpId of term: 2 index: 25.
I0529 14:48:50.139289 64430 leader_election.cc:214] T 05b4fe7d1e414fb79249c14e6ae31236 P 3b7563857bb84965989d41eebdd82d5f [CANDIDATE]: Term 4 election: Election decided. Result: candidate lost.
I0529 14:48:50.140538 809 ts_tablet_manager.cc:284] Bootstrapping tablet: 05b4fe7d1e414fb79249c14e6ae31236
I0529 14:48:50.140894 970 raft_consensus.cc:1478] T 05b4fe7d1e414fb79249c14e6ae31236 P 3b7563857bb84965989d41eebdd82d5f [term 4 FOLLOWER]: Snoozing failure detection for an additional: 0.314s
I0529 14:48:50.141145 970 raft_consensus.cc:1358] T 05b4fe7d1e414fb79249c14e6ae31236 P 3b7563857bb84965989d41eebdd82d5f [term 4 FOLLOWER]: Leader election lost for term 4. Reason: None given
I0529 14:48:50.141469 784 tablet_server_main.cc:41] Starting tablet server...
W0529 14:48:50.147807 65198 meta_cache.cc:164] Tablet 05b4fe7d1e414fb79249c14e6ae31236: Replica 1f8655f18f7e4c6691f4c12ebb22fd06 has failed: Network error: Client connection negotiation failed: client Connection to 127.245.143.2:53754: connect: Connection refused (error 111)
I0529 14:48:50.149718 809 tablet_bootstrap.cc:311] Tablet 05b4fe7d1e414fb79249c14e6ae31236: Bootstrap starting.
I0529 14:48:50.157744 809 tablet_bootstrap.cc:472] Time spent opening tablet 05b4fe7d1e414fb79249c14e6ae31236: real 0.004s user 0.003s sys 0.000s
W0529 14:48:50.157935 65198 meta_cache.cc:164] Tablet 05b4fe7d1e414fb79249c14e6ae31236: Replica 1f8655f18f7e4c6691f4c12ebb22fd06 has failed: Network error: Client connection negotiation failed: client Connection to 127.245.143.2:53754: connect: Connection refused (error 111)
I0529 14:48:50.158887 809 tablet_bootstrap.cc:549] Will attempt to recover log segment: /tmp/kudutest-4099/raft_consensus-itest.RaftConsensusITest.InsertWithCrashyNodes.1432936117609050-62863/raft_consensus-itest-cluster/ts-2/wals/05b4fe7d1e414fb79249c14e6ae31236/wal-000000001 to: /tmp/kudutest-4099/raft_consensus-itest.RaftConsensusITest.InsertWithCrashyNodes.1432936117609050-62863/raft_consensus-itest-cluster/ts-2/wals/05b4fe7d1e414fb79249c14e6ae31236.recovery/wal-000000001
I0529 14:48:50.159129 809 tablet_bootstrap.cc:559] Moved log directory: /tmp/kudutest-4099/raft_consensus-itest.RaftConsensusITest.InsertWithCrashyNodes.1432936117609050-62863/raft_consensus-itest-cluster/ts-2/wals/05b4fe7d1e414fb79249c14e6ae31236 to recovery directory: /tmp/kudutest-4099/raft_consensus-itest.RaftConsensusITest.InsertWithCrashyNodes.1432936117609050-62863/raft_consensus-itest-cluster/ts-2/wals/05b4fe7d1e414fb79249c14e6ae31236.recovery
W0529 14:48:50.161118 809 log_util.cc:149] Could not read footer for segment: /tmp/kudutest-4099/raft_consensus-itest.RaftConsensusITest.InsertWithCrashyNodes.1432936117609050-62863/raft_consensus-itest-cluster/ts-2/wals/05b4fe7d1e414fb79249c14e6ae31236.recovery/wal-000000001. Status: Not found: Footer not found. Footer magic doesn't match
W0529 14:48:50.161332 809 log_reader.cc:138] Segment: /tmp/kudutest-4099/raft_consensus-itest.RaftConsensusITest.InsertWithCrashyNodes.1432936117609050-62863/raft_consensus-itest-cluster/ts-2/wals/05b4fe7d1e414fb79249c14e6ae31236.recovery/wal-000000001 was likely left in-progress after a previous crash. Will try to rebuild footer by scanning data
I0529 14:48:50.169006 809 log_util.cc:203] Successfully rebuilt footer for segment: /tmp/kudutest-4099/raft_consensus-itest.RaftConsensusITest.InsertWithCrashyNodes.1432936117609050-62863/raft_consensus-itest-cluster/ts-2/wals/05b4fe7d1e414fb79249c14e6ae31236.recovery/wal-000000001 (valid entries through byte offset 5916)
I0529 14:48:50.172977 809 log.cc:277] Log is configured to *not* fsync() on all Append() calls
W0529 14:48:50.183879 65198 meta_cache.cc:164] Tablet 05b4fe7d1e414fb79249c14e6ae31236: Replica 1f8655f18f7e4c6691f4c12ebb22fd06 has failed: Network error: Client connection negotiation failed: client Connection to 127.245.143.2:53754: connect: Connection refused (error 111)
W0529 14:48:50.211292 65198 meta_cache.cc:164] Tablet 05b4fe7d1e414fb79249c14e6ae31236: Replica 1f8655f18f7e4c6691f4c12ebb22fd06 has failed: Network error: Client connection negotiation failed: client Connection to 127.245.143.2:53754: connect: Connection refused (error 111)
W0529 14:48:50.212278 65198 meta_cache.cc:164] Tablet 05b4fe7d1e414fb79249c14e6ae31236: Replica 1f8655f18f7e4c6691f4c12ebb22fd06 has failed: Network error: Client connection negotiation failed: client Connection to 127.245.143.2:53754: connect: Connection refused (error 111)
W0529 14:48:50.224831 65198 meta_cache.cc:164] Tablet 05b4fe7d1e414fb79249c14e6ae31236: Replica 1f8655f18f7e4c6691f4c12ebb22fd06 has failed: Network error: Client connection negotiation failed: client Connection to 127.245.143.2:53754: connect: Connection refused (error 111)
W0529 14:48:50.244714 65198 meta_cache.cc:164] Tablet 05b4fe7d1e414fb79249c14e6ae31236: Replica 1f8655f18f7e4c6691f4c12ebb22fd06 has failed: Network error: Client connection negotiation failed: client Connection to 127.245.143.2:53754: connect: Connection refused (error 111)
W0529 14:48:50.263051 65198 meta_cache.cc:164] Tablet 05b4fe7d1e414fb79249c14e6ae31236: Replica 1f8655f18f7e4c6691f4c12ebb22fd06 has failed: Network error: Client connection negotiation failed: client Connection to 127.245.143.2:53754: connect: Connection refused (error 111)
W0529 14:48:50.282122 65198 meta_cache.cc:164] Tablet 05b4fe7d1e414fb79249c14e6ae31236: Replica 1f8655f18f7e4c6691f4c12ebb22fd06 has failed: Network error: Client connection negotiation failed: client Connection to 127.245.143.2:53754: connect: Connection refused (error 111)
W0529 14:48:50.292801 65198 meta_cache.cc:164] Tablet 05b4fe7d1e414fb79249c14e6ae31236: Replica 1f8655f18f7e4c6691f4c12ebb22fd06 has failed: Network error: Client connection negotiation failed: client Connection to 127.245.143.2:53754: connect: Connection refused (error 111)
W0529 14:48:50.293476 65198 meta_cache.cc:164] Tablet 05b4fe7d1e414fb79249c14e6ae31236: Replica 1f8655f18f7e4c6691f4c12ebb22fd06 has failed: Network error: Client connection negotiation failed: client Connection to 127.245.143.2:53754: connect: Connection refused (error 111)
W0529 14:48:50.295213 65198 meta_cache.cc:164] Tablet 05b4fe7d1e414fb79249c14e6ae31236: Replica 1f8655f18f7e4c6691f4c12ebb22fd06 has failed: Network error: Client connection negotiation failed: client Connection to 127.245.143.2:53754: connect: Connection refused (error 111)
I0529 14:48:50.303040 65494 raft_consensus.cc:310] T 05b4fe7d1e414fb79249c14e6ae31236 P aa0d62233d0a498886326226b4827f51 [term 4 FOLLOWER]: Failure of peer election-timer detected. Triggering leader election
I0529 14:48:50.303539 65494 raft_consensus.cc:1528] T 05b4fe7d1e414fb79249c14e6ae31236 P aa0d62233d0a498886326226b4827f51 [term 4 FOLLOWER]: Advancing to term 5
I0529 14:48:50.320791 65494 raft_consensus.cc:1478] T 05b4fe7d1e414fb79249c14e6ae31236 P aa0d62233d0a498886326226b4827f51 [term 5 FOLLOWER]: Snoozing failure detection for an additional: 0.329s
I0529 14:48:50.321135 65494 raft_consensus.cc:273] T 05b4fe7d1e414fb79249c14e6ae31236 P aa0d62233d0a498886326226b4827f51 [term 5 FOLLOWER]: Starting election with quorum: opid_index: -1 local: false peers { permanent_uuid: "1f8655f18f7e4c6691f4c12ebb22fd06" member_type: VOTER last_known_addr { host: "127.245.143.2" port: 53754 } } peers { permanent_uuid: "aa0d62233d0a498886326226b4827f51" member_type: VOTER last_known_addr { host: "127.245.143.1" port: 43880 } } peers { permanent_uuid: "3b7563857bb84965989d41eebdd82d5f" member_type: VOTER last_known_addr { host: "127.245.143.0" port: 42480 } }
W0529 14:48:50.328708 65198 batcher.cc:429] Write(05b4fe7d1e414fb79249c14e6ae31236, 1 ops) failed: Timed out: Write(05b4fe7d1e414fb79249c14e6ae31236, 1 ops) timed out
W0529 14:48:50.332329 65198 batcher.cc:429] Write(05b4fe7d1e414fb79249c14e6ae31236, 1 ops) failed: Timed out: Write(05b4fe7d1e414fb79249c14e6ae31236, 1 ops) timed out
W0529 14:48:50.336272 65198 batcher.cc:429] Write(05b4fe7d1e414fb79249c14e6ae31236, 1 ops) failed: Timed out: Write(05b4fe7d1e414fb79249c14e6ae31236, 1 ops) timed out
W0529 14:48:50.337573 65198 batcher.cc:429] Write(05b4fe7d1e414fb79249c14e6ae31236, 1 ops) failed: Timed out: Write(05b4fe7d1e414fb79249c14e6ae31236, 1 ops) timed out
W0529 14:48:50.338665 65198 batcher.cc:429] Write(05b4fe7d1e414fb79249c14e6ae31236, 1 ops) failed: Timed out: Write(05b4fe7d1e414fb79249c14e6ae31236, 1 ops) timed out
W0529 14:48:50.339938 65198 batcher.cc:429] Write(05b4fe7d1e414fb79249c14e6ae31236, 1 ops) failed: Timed out: Write(05b4fe7d1e414fb79249c14e6ae31236, 1 ops) timed out
I0529 14:48:50.346382 784 rpc_server.cc:110] RPC server started. Bound to: 127.245.143.2:53754
I0529 14:48:50.348747 784 webserver.cc:108] Starting webserver on 127.245.143.2:34287
I0529 14:48:50.348871 784 webserver.cc:117] Document root disabled
W0529 14:48:50.350188 65198 batcher.cc:429] Write(05b4fe7d1e414fb79249c14e6ae31236, 1 ops) failed: Timed out: Write(05b4fe7d1e414fb79249c14e6ae31236, 1 ops) timed out
I0529 14:48:50.351456 784 webserver.cc:200] Webserver started. Bound to: http://127.245.143.2:34287/
W0529 14:48:50.352860 65198 batcher.cc:429] Write(05b4fe7d1e414fb79249c14e6ae31236, 1 ops) failed: Timed out: Write(05b4fe7d1e414fb79249c14e6ae31236, 1 ops) timed out
W0529 14:48:50.366838 65198 batcher.cc:429] Write(05b4fe7d1e414fb79249c14e6ae31236, 1 ops) failed: Timed out: Write(05b4fe7d1e414fb79249c14e6ae31236, 1 ops) timed out
I0529 14:48:50.373430 65494 leader_election.cc:194] T 05b4fe7d1e414fb79249c14e6ae31236 P aa0d62233d0a498886326226b4827f51 [CANDIDATE]: Term 5 election: Requesting vote from peer 1f8655f18f7e4c6691f4c12ebb22fd06
I0529 14:48:50.374299 65494 leader_election.cc:194] T 05b4fe7d1e414fb79249c14e6ae31236 P aa0d62233d0a498886326226b4827f51 [CANDIDATE]: Term 5 election: Requesting vote from peer 3b7563857bb84965989d41eebdd82d5f
I0529 14:48:50.374732 784 server_base.cc:201] Dumped server information to /tmp/kudutest-4099/raft_consensus-itest.RaftConsensusITest.InsertWithCrashyNodes.1432936117609050-62863/raft_consensus-itest-cluster/ts-2/info.pb
I0529 14:48:50.376870 62863 external_mini_cluster.cc:460] Started /home/todd/run_tha_testHSjhNC/build/fastdebug/kudu-tablet_server as pid 784
I0529 14:48:50.377491 64495 raft_consensus.cc:1528] T 05b4fe7d1e414fb79249c14e6ae31236 P 3b7563857bb84965989d41eebdd82d5f [term 4 FOLLOWER]: Advancing to term 5
I0529 14:48:50.380736 64495 raft_consensus.cc:1478] T 05b4fe7d1e414fb79249c14e6ae31236 P 3b7563857bb84965989d41eebdd82d5f [term 5 FOLLOWER]: Snoozing failure detection for an additional: 0.373s
W0529 14:48:50.381970 64693 leader_election.cc:247] T 05b4fe7d1e414fb79249c14e6ae31236 P aa0d62233d0a498886326226b4827f51 [CANDIDATE]: Term 5 election: Tablet error from VoteRequest() call to peer 1f8655f18f7e4c6691f4c12ebb22fd06: Illegal state: Tablet not RUNNING: BOOTSTRAPPING
W0529 14:48:50.384805 65198 batcher.cc:429] Write(05b4fe7d1e414fb79249c14e6ae31236, 1 ops) failed: Timed out: Write(05b4fe7d1e414fb79249c14e6ae31236, 1 ops) timed out
I0529 14:48:50.431419 64495 raft_consensus.cc:1261] T 05b4fe7d1e414fb79249c14e6ae31236 P 3b7563857bb84965989d41eebdd82d5f [term 5 FOLLOWER]: Leader election vote request: Granting yes vote for candidate aa0d62233d0a498886326226b4827f51 in term 5.
I0529 14:48:50.432559 64693 leader_election.cc:313] T 05b4fe7d1e414fb79249c14e6ae31236 P aa0d62233d0a498886326226b4827f51 [CANDIDATE]: Term 5 election: Vote granted by peer 3b7563857bb84965989d41eebdd82d5f
I0529 14:48:50.433099 64693 leader_election.cc:214] T 05b4fe7d1e414fb79249c14e6ae31236 P aa0d62233d0a498886326226b4827f51 [CANDIDATE]: Term 5 election: Election decided. Result: candidate won.
I0529 14:48:50.434846 1100 raft_consensus.cc:1478] T 05b4fe7d1e414fb79249c14e6ae31236 P aa0d62233d0a498886326226b4827f51 [term 5 FOLLOWER]: Snoozing failure detection for an additional: 0.336s
I0529 14:48:50.435291 1100 raft_consensus.cc:1396] T 05b4fe7d1e414fb79249c14e6ae31236 P aa0d62233d0a498886326226b4827f51 [term 5 FOLLOWER]: Leader election won for term 5
I0529 14:48:50.437804 1100 raft_consensus.cc:323] T 05b4fe7d1e414fb79249c14e6ae31236 P aa0d62233d0a498886326226b4827f51 [term 5 LEADER]: Becoming Leader. State: Replica: aa0d62233d0a498886326226b4827f51, State: 1, Role: LEADER Watermarks: {Received: term: 2 index: 35 Committed: term: 2 index: 25}
I0529 14:48:50.438724 1100 consensus_queue.cc:109] T 05b4fe7d1e414fb79249c14e6ae31236 P aa0d62233d0a498886326226b4827f51 [LEADER]: queue going to LEADER mode. State: All replicated op: 2.35, Majority replicated op: 2.25, Committed index: 2.25, Last appended: 2.35, Current term: 5, Majority size: 2, State: 1, Mode: LEADER
I0529 14:48:50.444783 65424 log.cc:547] T 05b4fe7d1e414fb79249c14e6ae31236: Injecting 66ms of latency in Log::Sync()
I0529 14:48:50.448114 64264 catalog_manager.cc:1393] Tablet: 05b4fe7d1e414fb79249c14e6ae31236 reported consensus state change. New consensus state: current_term: 5 leader_uuid: "aa0d62233d0a498886326226b4827f51" quorum { opid_index: -1 local: false peers { permanent_uuid: "1f8655f18f7e4c6691f4c12ebb22fd06" member_type: VOTER last_known_addr { host: "127.245.143.2" port: 53754 } } peers { permanent_uuid: "aa0d62233d0a498886326226b4827f51" member_type: VOTER last_known_addr { host: "127.245.143.1" port: 43880 } } peers { permanent_uuid: "3b7563857bb84965989d41eebdd82d5f" member_type: VOTER last_known_addr { host: "127.245.143.0" port: 42480 } } }
W0529 14:48:50.452046 1103 fault_injection.cc:19] FAULT INJECTION ENABLED!
W0529 14:48:50.452232 1103 fault_injection.cc:20] THIS SERVER MAY CRASH!
I0529 14:48:50.455080 64496 raft_consensus.cc:627] T 05b4fe7d1e414fb79249c14e6ae31236 P 3b7563857bb84965989d41eebdd82d5f [term 5 FOLLOWER]: Refusing update from remote peer aa0d62233d0a498886326226b4827f51: Log matching property violated. Preceding OpId in replica: term: 2 index: 25. Preceding OpId from leader: term: 5 index: 37. (index mismatch)
W0529 14:48:50.456236 64693 consensus_peers.cc:216] T 05b4fe7d1e414fb79249c14e6ae31236 P aa0d62233d0a498886326226b4827f51: Couldn't send request to peer 1f8655f18f7e4c6691f4c12ebb22fd06 for tablet 05b4fe7d1e414fb79249c14e6ae31236 Status: Illegal state: Tablet not RUNNING: BOOTSTRAPPING. Retrying in the next heartbeat period. Already tried 1 times.
I0529 14:48:50.457772 1103 consensus_queue.cc:420] T 05b4fe7d1e414fb79249c14e6ae31236 P aa0d62233d0a498886326226b4827f51 [LEADER]: Connected to new peer: Peer: 3b7563857bb84965989d41eebdd82d5f, Is new: false, Last received: 2.25, Next index: 26, Last known committed idx: 15, Last exchange result: ERROR
F0529 14:48:50.497301 1103 fault_injection.cc:36] Injected fault: FLAGS_fault_crash_on_leader_request_fraction *** Check failure stack trace: ***
W0529 14:48:50.497268 1122 raft_consensus_state.cc:430] T 05b4fe7d1e414fb79249c14e6ae31236 P aa0d62233d0a498886326226b4827f51 [term 5 LEADER]: Can't advance the committed index across term boundaries until operations from the current term are replicated. Last committed operation was: term: 2 index: 25, New majority replicated is: term: 2 index: 35, Current term is: 5 @ 0x7f9e2e478bca google::LogMessage::Fail() @ 0x7f9e2e478496 google::LogMessage::SendToLog() @ 0x7f9e2e4788ee google::LogMessage::Flush()
I0529 14:48:50.514953 65424 log.cc:547] T 05b4fe7d1e414fb79249c14e6ae31236: Injecting 114ms of latency in Log::Sync() @ 0x7f9e2e47c08c google::LogMessageFatal::~LogMessageFatal() @ 0x7f9e2737245f kudu::fault_injection::DoMaybeFault()
I0529 14:48:50.525228 1122 raft_consensus_state.cc:423] T 05b4fe7d1e414fb79249c14e6ae31236 P aa0d62233d0a498886326226b4827f51 [term 5 LEADER]: Advanced the committed_index across terms. Last committed operation was: term: 2 index: 25 New committed index is: term: 5 index: 36 @ 0x7f9e2bf9989c kudu::fault_injection::MaybeFault() @ 0x7f9e2bf969da kudu::consensus::Peer::SendNextRequest() @ 0x7f9e2bf975a9 kudu::consensus::Peer::DoProcessResponse() @ 0x7f9e2bf9b17e kudu::internal::RunnableAdapter<>::Run() @ 0x7f9e2bf9b0ec kudu::internal::InvokeHelper<>::MakeItSo() @ 0x7f9e2bf9b01b kudu::internal::Invoker<>::Run() @ 0x7f9e2bfb97be kudu::Callback<>::Run() @ 0x7f9e2bfba4fe boost::_mfi::cmf0<>::operator()()
