W0529 14:48:51.407049 65198 meta_cache.cc:164] Tablet 05b4fe7d1e414fb79249c14e6ae31236: Replica 3b7563857bb84965989d41eebdd82d5f has failed: Network error: Client connection negotiation failed: client Connection to 127.245.143.0:42480: connect: Connection refused (error 111)
W0529 14:48:51.407923 65198 batcher.cc:429] Write(05b4fe7d1e414fb79249c14e6ae31236, 1 ops) failed: Timed out: Write(05b4fe7d1e414fb79249c14e6ae31236, 1 ops) timed out
W0529 14:48:51.410207 65198 meta_cache.cc:164] Tablet 05b4fe7d1e414fb79249c14e6ae31236: Replica 3b7563857bb84965989d41eebdd82d5f has failed: Network error: Client connection negotiation failed: client Connection to 127.245.143.0:42480: connect: Connection refused (error 111)
W0529 14:48:51.410433 65198 meta_cache.cc:164] Tablet 05b4fe7d1e414fb79249c14e6ae31236: Replica 3b7563857bb84965989d41eebdd82d5f has failed: Network error: Client connection negotiation failed: client Connection to 127.245.143.0:42480: connect: Connection refused (error 111)
W0529 14:48:51.412848 65200 meta_cache.cc:164] Tablet 05b4fe7d1e414fb79249c14e6ae31236: Replica aa0d62233d0a498886326226b4827f51 has failed: Network error: Client connection negotiation failed: client Connection to 127.245.143.1:43880: connect: Connection refused (error 111)
W0529 14:48:51.416491 65198 batcher.cc:429] Write(05b4fe7d1e414fb79249c14e6ae31236, 1 ops) failed: Timed out: Write(05b4fe7d1e414fb79249c14e6ae31236, 1 ops) timed out
W0529 14:48:51.426383 65198 meta_cache.cc:164] Tablet 05b4fe7d1e414fb79249c14e6ae31236: Replica 3b7563857bb84965989d41eebdd82d5f has failed: Network error: Client connection negotiation failed: client Connection to 127.245.143.0:42480: connect: Connection refused (error 111)
W0529 14:48:51.428644 65200 meta_cache.cc:164] Tablet 05b4fe7d1e414fb79249c14e6ae31236: Replica aa0d62233d0a498886326226b4827f51 has failed: Network error: Client connection negotiation failed: client Connection to 127.245.143.1:43880: connect: Connection refused (error 111)
W0529 14:48:51.428932 65200 meta_cache.cc:164] Tablet 05b4fe7d1e414fb79249c14e6ae31236: Replica aa0d62233d0a498886326226b4827f51 has failed: Network error: Client connection negotiation failed: client Connection to 127.245.143.1:43880: connect: Connection refused (error 111)
W0529 14:48:51.429260 65200 meta_cache.cc:164] Tablet 05b4fe7d1e414fb79249c14e6ae31236: Replica aa0d62233d0a498886326226b4827f51 has failed: Network error: Client connection negotiation failed: client Connection to 127.245.143.1:43880: connect: Connection refused (error 111)
W0529 14:48:51.429595 65200 meta_cache.cc:164] Tablet 05b4fe7d1e414fb79249c14e6ae31236: Replica aa0d62233d0a498886326226b4827f51 has failed: Network error: Client connection negotiation failed: client Connection to 127.245.143.1:43880: connect: Connection refused (error 111)
I0529 14:48:51.430611 1381 ts_tablet_manager.cc:284] Bootstrapping tablet: 05b4fe7d1e414fb79249c14e6ae31236
W0529 14:48:51.430876 65200 meta_cache.cc:164] Tablet 05b4fe7d1e414fb79249c14e6ae31236: Replica aa0d62233d0a498886326226b4827f51 has failed: Network error: Client connection negotiation failed: client Connection to 127.245.143.1:43880: connect: Connection refused (error 111)
I0529 14:48:51.432332 1282 tablet_server_main.cc:41] Starting tablet server...
I0529 14:48:51.440774 1381 tablet_bootstrap.cc:311] Tablet 05b4fe7d1e414fb79249c14e6ae31236: Bootstrap starting.
W0529 14:48:51.443200 65198 meta_cache.cc:164] Tablet 05b4fe7d1e414fb79249c14e6ae31236: Replica 3b7563857bb84965989d41eebdd82d5f has failed: Network error: Client connection negotiation failed: client Connection to 127.245.143.0:42480: connect: Connection refused (error 111)
W0529 14:48:51.444319 65200 meta_cache.cc:164] Tablet 05b4fe7d1e414fb79249c14e6ae31236: Replica aa0d62233d0a498886326226b4827f51 has failed: Network error: Client connection negotiation failed: client Connection to 127.245.143.1:43880: connect: Connection refused (error 111)
I0529 14:48:51.448884 1381 tablet_bootstrap.cc:472] Time spent opening tablet 05b4fe7d1e414fb79249c14e6ae31236: real 0.003s user 0.003s sys 0.000s
I0529 14:48:51.450433 1381 tablet_bootstrap.cc:549] Will attempt to recover log segment: /tmp/kudutest-4099/raft_consensus-itest.RaftConsensusITest.InsertWithCrashyNodes.1432936117609050-62863/raft_consensus-itest-cluster/ts-1/wals/05b4fe7d1e414fb79249c14e6ae31236/wal-000000001 to: /tmp/kudutest-4099/raft_consensus-itest.RaftConsensusITest.InsertWithCrashyNodes.1432936117609050-62863/raft_consensus-itest-cluster/ts-1/wals/05b4fe7d1e414fb79249c14e6ae31236.recovery/wal-000000001
I0529 14:48:51.450641 1381 tablet_bootstrap.cc:559] Moved log directory: /tmp/kudutest-4099/raft_consensus-itest.RaftConsensusITest.InsertWithCrashyNodes.1432936117609050-62863/raft_consensus-itest-cluster/ts-1/wals/05b4fe7d1e414fb79249c14e6ae31236 to recovery directory: /tmp/kudutest-4099/raft_consensus-itest.RaftConsensusITest.InsertWithCrashyNodes.1432936117609050-62863/raft_consensus-itest-cluster/ts-1/wals/05b4fe7d1e414fb79249c14e6ae31236.recovery
W0529 14:48:51.452730 1381 log_util.cc:149] Could not read footer for segment: /tmp/kudutest-4099/raft_consensus-itest.RaftConsensusITest.InsertWithCrashyNodes.1432936117609050-62863/raft_consensus-itest-cluster/ts-1/wals/05b4fe7d1e414fb79249c14e6ae31236.recovery/wal-000000001. Status: Not found: Footer not found. Footer magic doesn't match
W0529 14:48:51.453003 1381 log_reader.cc:138] Segment: /tmp/kudutest-4099/raft_consensus-itest.RaftConsensusITest.InsertWithCrashyNodes.1432936117609050-62863/raft_consensus-itest-cluster/ts-1/wals/05b4fe7d1e414fb79249c14e6ae31236.recovery/wal-000000001 was likely left in-progress after a previous crash. Will try to rebuild footer by scanning data
W0529 14:48:51.455060 65198 meta_cache.cc:164] Tablet 05b4fe7d1e414fb79249c14e6ae31236: Replica 3b7563857bb84965989d41eebdd82d5f has failed: Network error: Client connection negotiation failed: client Connection to 127.245.143.0:42480: connect: Connection refused (error 111)
W0529 14:48:51.455304 65198 meta_cache.cc:164] Tablet 05b4fe7d1e414fb79249c14e6ae31236: Replica 3b7563857bb84965989d41eebdd82d5f has failed: Network error: Client connection negotiation failed: client Connection to 127.245.143.0:42480: connect: Connection refused (error 111)
W0529 14:48:51.457087 65198 meta_cache.cc:164] Tablet 05b4fe7d1e414fb79249c14e6ae31236: Replica 3b7563857bb84965989d41eebdd82d5f has failed: Network error: Client connection negotiation failed: client Connection to 127.245.143.0:42480: connect: Connection refused (error 111)
W0529 14:48:51.457996 65200 meta_cache.cc:164] Tablet 05b4fe7d1e414fb79249c14e6ae31236: Replica aa0d62233d0a498886326226b4827f51 has failed: Network error: Client connection negotiation failed: client Connection to 127.245.143.1:43880: connect: Connection refused (error 111)
I0529 14:48:51.462012 1381 log_util.cc:203] Successfully rebuilt footer for segment: /tmp/kudutest-4099/raft_consensus-itest.RaftConsensusITest.InsertWithCrashyNodes.1432936117609050-62863/raft_consensus-itest-cluster/ts-1/wals/05b4fe7d1e414fb79249c14e6ae31236.recovery/wal-000000001 (valid entries through byte offset 8166)
W0529 14:48:51.467181 65198 meta_cache.cc:164] Tablet 05b4fe7d1e414fb79249c14e6ae31236: Replica 3b7563857bb84965989d41eebdd82d5f has failed: Network error: Client connection negotiation failed: client Connection to 127.245.143.0:42480: connect: Connection refused (error 111)
I0529 14:48:51.467658 1381 log.cc:277] Log is configured to *not* fsync() on all Append() calls
W0529 14:48:51.468708 65198 meta_cache.cc:164] Tablet 05b4fe7d1e414fb79249c14e6ae31236: Replica 3b7563857bb84965989d41eebdd82d5f has failed: Network error: Client connection negotiation failed: client Connection to 127.245.143.0:42480: connect: Connection refused (error 111)
W0529 14:48:51.471945 65200 meta_cache.cc:164] Tablet 05b4fe7d1e414fb79249c14e6ae31236: Replica aa0d62233d0a498886326226b4827f51 has failed: Network error: Client connection negotiation failed: client Connection to 127.245.143.1:43880: connect: Connection refused (error 111)
W0529 14:48:51.480373 65198 meta_cache.cc:164] Tablet 05b4fe7d1e414fb79249c14e6ae31236: Replica 3b7563857bb84965989d41eebdd82d5f has failed: Network error: Client connection negotiation failed: client Connection to 127.245.143.0:42480: connect: Connection refused (error 111)
W0529 14:48:51.482825 65200 meta_cache.cc:164] Tablet 05b4fe7d1e414fb79249c14e6ae31236: Replica aa0d62233d0a498886326226b4827f51 has failed: Network error: Client connection negotiation failed: client Connection to 127.245.143.1:43880: connect: Connection refused (error 111)
W0529 14:48:51.484292 65200 meta_cache.cc:164] Tablet 05b4fe7d1e414fb79249c14e6ae31236: Replica aa0d62233d0a498886326226b4827f51 has failed: Network error: Client connection negotiation failed: client Connection to 127.245.143.1:43880: connect: Connection refused (error 111)
W0529 14:48:51.488883 65198 meta_cache.cc:164] Tablet 05b4fe7d1e414fb79249c14e6ae31236: Replica 3b7563857bb84965989d41eebdd82d5f has failed: Network error: Client connection negotiation failed: client Connection to 127.245.143.0:42480: connect: Connection refused (error 111)
W0529 14:48:51.489130 65198 meta_cache.cc:164] Tablet 05b4fe7d1e414fb79249c14e6ae31236: Replica 3b7563857bb84965989d41eebdd82d5f has failed: Network error: Client connection negotiation failed: client Connection to 127.245.143.0:42480: connect: Connection refused (error 111)
W0529 14:48:51.490489 65198 meta_cache.cc:164] Tablet 05b4fe7d1e414fb79249c14e6ae31236: Replica 3b7563857bb84965989d41eebdd82d5f has failed: Network error: Client connection negotiation failed: client Connection to 127.245.143.0:42480: connect: Connection refused (error 111)
W0529 14:48:51.492297 65200 meta_cache.cc:164] Tablet 05b4fe7d1e414fb79249c14e6ae31236: Replica aa0d62233d0a498886326226b4827f51 has failed: Network error: Client connection negotiation failed: client Connection to 127.245.143.1:43880: connect: Connection refused (error 111)
W0529 14:48:51.492704 65200 meta_cache.cc:164] Tablet 05b4fe7d1e414fb79249c14e6ae31236: Replica aa0d62233d0a498886326226b4827f51 has failed: Network error: Client connection negotiation failed: client Connection to 127.245.143.1:43880: connect: Connection refused (error 111)
W0529 14:48:51.496307 65198 meta_cache.cc:164] Tablet 05b4fe7d1e414fb79249c14e6ae31236: Replica 3b7563857bb84965989d41eebdd82d5f has failed: Network error: Client connection negotiation failed: client Connection to 127.245.143.0:42480: connect: Connection refused (error 111)
W0529 14:48:51.496825 65198 meta_cache.cc:164] Tablet 05b4fe7d1e414fb79249c14e6ae31236: Replica 3b7563857bb84965989d41eebdd82d5f has failed: Network error: Client connection negotiation failed: client Connection to 127.245.143.0:42480: connect: Connection refused (error 111)
W0529 14:48:51.511186 65198 meta_cache.cc:164] Tablet 05b4fe7d1e414fb79249c14e6ae31236: Replica 3b7563857bb84965989d41eebdd82d5f has failed: Network error: Client connection negotiation failed: client Connection to 127.245.143.0:42480: connect: Connection refused (error 111)
W0529 14:48:51.515280 65200 meta_cache.cc:164] Tablet 05b4fe7d1e414fb79249c14e6ae31236: Replica aa0d62233d0a498886326226b4827f51 has failed: Network error: Client connection negotiation failed: client Connection to 127.245.143.1:43880: connect: Connection refused (error 111)
W0529 14:48:51.516047 65200 meta_cache.cc:164] Tablet 05b4fe7d1e414fb79249c14e6ae31236: Replica aa0d62233d0a498886326226b4827f51 has failed: Network error: Client connection negotiation failed: client Connection to 127.245.143.1:43880: connect: Connection refused (error 111)
W0529 14:48:51.531116 65198 meta_cache.cc:164] Tablet 05b4fe7d1e414fb79249c14e6ae31236: Replica 3b7563857bb84965989d41eebdd82d5f has failed: Network error: Client connection negotiation failed: client Connection to 127.245.143.0:42480: connect: Connection refused (error 111)
W0529 14:48:51.533012 65198 meta_cache.cc:164] Tablet 05b4fe7d1e414fb79249c14e6ae31236: Replica 3b7563857bb84965989d41eebdd82d5f has failed: Network error: Client connection negotiation failed: client Connection to 127.245.143.0:42480: connect: Connection refused (error 111)
W0529 14:48:51.533519 65198 meta_cache.cc:164] Tablet 05b4fe7d1e414fb79249c14e6ae31236: Replica 3b7563857bb84965989d41eebdd82d5f has failed: Network error: Client connection negotiation failed: client Connection to 127.245.143.0:42480: connect: Connection refused (error 111)
W0529 14:48:51.533756 65198 meta_cache.cc:164] Tablet 05b4fe7d1e414fb79249c14e6ae31236: Replica 3b7563857bb84965989d41eebdd82d5f has failed: Network error: Client connection negotiation failed: client Connection to 127.245.143.0:42480: connect: Connection refused (error 111)
W0529 14:48:51.544739 65200 meta_cache.cc:164] Tablet 05b4fe7d1e414fb79249c14e6ae31236: Replica aa0d62233d0a498886326226b4827f51 has failed: Network error: Client connection negotiation failed: client Connection to 127.245.143.1:43880: connect: Connection refused (error 111)
W0529 14:48:51.553776 65198 meta_cache.cc:164] Tablet 05b4fe7d1e414fb79249c14e6ae31236: Replica 3b7563857bb84965989d41eebdd82d5f has failed: Network error: Client connection negotiation failed: client Connection to 127.245.143.0:42480: connect: Connection refused (error 111)
W0529 14:48:51.554024 65198 meta_cache.cc:164] Tablet 05b4fe7d1e414fb79249c14e6ae31236: Replica 3b7563857bb84965989d41eebdd82d5f has failed: Network error: Client connection negotiation failed: client Connection to 127.245.143.0:42480: connect: Connection refused (error 111)
W0529 14:48:51.557591 65200 meta_cache.cc:164] Tablet 05b4fe7d1e414fb79249c14e6ae31236: Replica aa0d62233d0a498886326226b4827f51 has failed: Network error: Client connection negotiation failed: client Connection to 127.245.143.1:43880: connect: Connection refused (error 111)
W0529 14:48:51.558804 65200 meta_cache.cc:164] Tablet 05b4fe7d1e414fb79249c14e6ae31236: Replica aa0d62233d0a498886326226b4827f51 has failed: Network error: Client connection negotiation failed: client Connection to 127.245.143.1:43880: connect: Connection refused (error 111)
W0529 14:48:51.559548 65198 meta_cache.cc:164] Tablet 05b4fe7d1e414fb79249c14e6ae31236: Replica 3b7563857bb84965989d41eebdd82d5f has failed: Network error: Client connection negotiation failed: client Connection to 127.245.143.0:42480: connect: Connection refused (error 111)
W0529 14:48:51.578836 65198 meta_cache.cc:164] Tablet 05b4fe7d1e414fb79249c14e6ae31236: Replica 3b7563857bb84965989d41eebdd82d5f has failed: Network error: Client connection negotiation failed: client Connection to 127.245.143.0:42480: connect: Connection refused (error 111)
W0529 14:48:51.580953 65200 meta_cache.cc:164] Tablet 05b4fe7d1e414fb79249c14e6ae31236: Replica aa0d62233d0a498886326226b4827f51 has failed: Network error: Client connection negotiation failed: client Connection to 127.245.143.1:43880: connect: Connection refused (error 111)
W0529 14:48:51.581219 65200 meta_cache.cc:164] Tablet 05b4fe7d1e414fb79249c14e6ae31236: Replica aa0d62233d0a498886326226b4827f51 has failed: Network error: Client connection negotiation failed: client Connection to 127.245.143.1:43880: connect: Connection refused (error 111)
W0529 14:48:51.596120 65198 meta_cache.cc:164] Tablet 05b4fe7d1e414fb79249c14e6ae31236: Replica 3b7563857bb84965989d41eebdd82d5f has failed: Network error: Client connection negotiation failed: client Connection to 127.245.143.0:42480: connect: Connection refused (error 111)
W0529 14:48:51.596846 65198 meta_cache.cc:164] Tablet 05b4fe7d1e414fb79249c14e6ae31236: Replica 3b7563857bb84965989d41eebdd82d5f has failed: Network error: Client connection negotiation failed: client Connection to 127.245.143.0:42480: connect: Connection refused (error 111)
W0529 14:48:51.597138 65198 meta_cache.cc:164] Tablet 05b4fe7d1e414fb79249c14e6ae31236: Replica 3b7563857bb84965989d41eebdd82d5f has failed: Network error: Client connection negotiation failed: client Connection to 127.245.143.0:42480: connect: Connection refused (error 111)
W0529 14:48:51.598918 65198 meta_cache.cc:164] Tablet 05b4fe7d1e414fb79249c14e6ae31236: Replica 3b7563857bb84965989d41eebdd82d5f has failed: Network error: Client connection negotiation failed: client Connection to 127.245.143.0:42480: connect: Connection refused (error 111)
W0529 14:48:51.619148 65198 meta_cache.cc:164] Tablet 05b4fe7d1e414fb79249c14e6ae31236: Replica 3b7563857bb84965989d41eebdd82d5f has failed: Network error: Client connection negotiation failed: client Connection to 127.245.143.0:42480: connect: Connection refused (error 111)
W0529 14:48:51.619500 65198 meta_cache.cc:164] Tablet 05b4fe7d1e414fb79249c14e6ae31236: Replica 3b7563857bb84965989d41eebdd82d5f has failed: Network error: Client connection negotiation failed: client Connection to 127.245.143.0:42480: connect: Connection refused (error 111)
W0529 14:48:51.622503 65200 meta_cache.cc:164] Tablet 05b4fe7d1e414fb79249c14e6ae31236: Replica aa0d62233d0a498886326226b4827f51 has failed: Network error: Client connection negotiation failed: client Connection to 127.245.143.1:43880: connect: Connection refused (error 111)
W0529 14:48:51.622886 65200 meta_cache.cc:164] Tablet 05b4fe7d1e414fb79249c14e6ae31236: Replica aa0d62233d0a498886326226b4827f51 has failed: Network error: Client connection negotiation failed: client Connection to 127.245.143.1:43880: connect: Connection refused (error 111)
W0529 14:48:51.623180 65200 meta_cache.cc:164] Tablet 05b4fe7d1e414fb79249c14e6ae31236: Replica aa0d62233d0a498886326226b4827f51 has failed: Network error: Client connection negotiation failed: client Connection to 127.245.143.1:43880: connect: Connection refused (error 111)
W0529 14:48:51.630718 65198 meta_cache.cc:164] Tablet 05b4fe7d1e414fb79249c14e6ae31236: Replica 3b7563857bb84965989d41eebdd82d5f has failed: Network error: Client connection negotiation failed: client Connection to 127.245.143.0:42480: connect: Connection refused (error 111)
I0529 14:48:51.634464 1282 rpc_server.cc:110] RPC server started. Bound to: 127.245.143.1:43880
I0529 14:48:51.638422 1282 webserver.cc:108] Starting webserver on 127.245.143.1:51798
I0529 14:48:51.638594 1282 webserver.cc:117] Document root disabled
W0529 14:48:51.640712 65198 meta_cache.cc:164] Tablet 05b4fe7d1e414fb79249c14e6ae31236: Replica 3b7563857bb84965989d41eebdd82d5f has failed: Network error: Client connection negotiation failed: client Connection to 127.245.143.0:42480: connect: Connection refused (error 111)
I0529 14:48:51.641654 1282 webserver.cc:200] Webserver started. Bound to: http://127.245.143.1:51798/
W0529 14:48:51.641860 65198 meta_cache.cc:164] Tablet 05b4fe7d1e414fb79249c14e6ae31236: Replica 3b7563857bb84965989d41eebdd82d5f has failed: Network error: Client connection negotiation failed: client Connection to 127.245.143.0:42480: connect: Connection refused (error 111)
I0529 14:48:51.643584 1282 server_base.cc:201] Dumped server information to /tmp/kudutest-4099/raft_consensus-itest.RaftConsensusITest.InsertWithCrashyNodes.1432936117609050-62863/raft_consensus-itest-cluster/ts-1/info.pb
I0529 14:48:51.645972 1282 maintenance_manager.cc:114] MaintenanceManager: targeting memory size of 50.302254 GB
I0529 14:48:51.648320 62863 external_mini_cluster.cc:460] Started /home/todd/run_tha_testHSjhNC/build/fastdebug/kudu-tablet_server as pid 1282
I0529 14:48:51.650223 1282 tablet_server_main.cc:44] Tablet server successfully started.
I0529 14:48:51.658785 62863 raft_consensus-itest.cc:805] TS 0 appears to have crashed. Restarting.
I0529 14:48:51.659827 62863 external_mini_cluster.cc:425] Running /home/todd/run_tha_testHSjhNC/build/fastdebug/kudu-tablet_server kudu-tablet_server --tablet_server_wal_dir=/tmp/kudutest-4099/raft_consensus-itest.RaftConsensusITest.InsertWithCrashyNodes.1432936117609050-62863/raft_consensus-itest-cluster/ts-0 --tablet_server_data_dirs=/tmp/kudutest-4099/raft_consensus-itest.RaftConsensusITest.InsertWithCrashyNodes.1432936117609050-62863/raft_consensus-itest-cluster/ts-0 --tablet_server_rpc_bind_addresses=127.245.143.0:42480 --local_ip_for_outbound_sockets=127.245.143.0 --tablet_server_web_port=41854 --webserver_interface=127.245.143.0 --tablet_server_master_addrs=127.0.0.1:59882 --metrics_log_interval_ms=1000 --log_dir=/tmp/kudutest-4099/raft_consensus-itest.RaftConsensusITest.InsertWithCrashyNodes.1432936117609050-62863/raft_consensus-itest-cluster/ts-0 --fault_crash_on_leader_request_fraction=0.05 --log_inject_latency --log_inject_latency_ms_mean=30 --log_inject_latency_ms_stddev=60 --leader_heartbeat_interval_ms=100 --leader_failure_monitor_check_mean_ms=50 --leader_failure_monitor_check_stddev_ms=25 --log_preallocate_segments=false --server_dump_info_path=/tmp/kudutest-4099/raft_consensus-itest.RaftConsensusITest.InsertWithCrashyNodes.1432936117609050-62863/raft_consensus-itest-cluster/ts-0/info.pb --server_dump_info_format=pb --logtostderr --logbuflevel=-1
I0529 14:48:51.660151 1609 heartbeater.cc:242] Connected to a leader master server at 127.0.0.1:59882
I0529 14:48:51.660773 1609 heartbeater.cc:312] Registering TS with master...
I0529 14:48:51.661280 1609 heartbeater.cc:318] Sending a full tablet report to master...
I0529 14:48:51.664296 64268 ts_manager.cc:71] Re-registered known tablet server { permanent_uuid: "aa0d62233d0a498886326226b4827f51" instance_seqno: 1432936131591352 } with Master kudu-tablet_server: /usr/lib64/libssl.so.10: no version information available (required by /home/todd/run_tha_testHSjhNC/build/fastdebug/libserver_process.so) kudu-tablet_server: /usr/lib64/libcrypto.so.10: no version information available (required by /home/todd/run_tha_testHSjhNC/build/fastdebug/libserver_process.so)
W0529 14:48:51.725278 65198 meta_cache.cc:164] Tablet 05b4fe7d1e414fb79249c14e6ae31236: Replica 3b7563857bb84965989d41eebdd82d5f has failed: Network error: Client connection negotiation failed: client Connection to 127.245.143.0:42480: connect: Connection refused (error 111)
W0529 14:48:51.747220 65198 meta_cache.cc:164] Tablet 05b4fe7d1e414fb79249c14e6ae31236: Replica 3b7563857bb84965989d41eebdd82d5f has failed: Network error: Client connection negotiation failed: client Connection to 127.245.143.0:42480: connect: Connection refused (error 111)
W0529 14:48:51.801575 65198 meta_cache.cc:164] Tablet 05b4fe7d1e414fb79249c14e6ae31236: Replica 3b7563857bb84965989d41eebdd82d5f has failed: Network error: Client connection negotiation failed: client Connection to 127.245.143.0:42480: connect: Connection refused (error 111)
W0529 14:48:51.858340 65198 meta_cache.cc:164] Tablet 05b4fe7d1e414fb79249c14e6ae31236: Replica 3b7563857bb84965989d41eebdd82d5f has failed: Network error: Client connection negotiation failed: client Connection to 127.245.143.0:42480: connect: Connection refused (error 111)
W0529 14:48:51.886688 65198 meta_cache.cc:164] Tablet 05b4fe7d1e414fb79249c14e6ae31236: Replica 3b7563857bb84965989d41eebdd82d5f has failed: Network error: Client connection negotiation failed: client Connection to 127.245.143.0:42480: connect: Connection refused (error 111)
I0529 14:48:51.896302 1617 tablet_server_main.cc:38] Initializing tablet server...
I0529 14:48:51.735190 1381 tablet_bootstrap.cc:311] Tablet 05b4fe7d1e414fb79249c14e6ae31236: Bootstrap replayed 1/1 log segments. Stats: ops{read=43 overwritten=0 applied=25} inserts{seen=24 ignored=0} mutations{seen=0 ignored=0} orphaned_commits=0. Pending: 18 replicates
W0529 14:48:51.930500 65198 meta_cache.cc:164] Tablet 05b4fe7d1e414fb79249c14e6ae31236: Replica 3b7563857bb84965989d41eebdd82d5f has failed: Network error: Client connection negotiation failed: client Connection to 127.245.143.0:42480: connect: Connection refused (error 111)
I0529 14:48:51.933846 1381 tablet_bootstrap.cc:945] ReplayState: Previous OpId: 5.43, Committed OpId: 2.25, Pending Replicates: 18, Pending Commits: 0
I0529 14:48:51.933964 1381 tablet_bootstrap.cc:945] Dumping REPLICATES:
I0529 14:48:51.934033 1381 tablet_bootstrap.cc:945] type: REPLICATE replicate { id { term: 2 index: 26 } timestamp: 26 op_type: WRITE_OP write_request { tablet_id: "05b4fe7d1e414fb79249c14e6ae31236" schema { columns { name: "key" type: INT32 is_key: true is_nullable: false encoding: AUTO_ENCODING compression: DEFAULT_COMPRESSION } columns { name: "int_val" type: INT32 is_key: false is_nullable: false encoding: AUTO_ENCODING compression: DEFAULT_COMPRESSION } columns { name: "string_val" type: STRING is_key: false is_nullable: true encoding: AUTO_ENCODING compression: DEFAULT_COMPRESSION } } row_operations { rows: "\001\007\000\330\026\314R_\351\357T\000\000\000\000\000\000\000\000\013\000\000\000\000\000\000\000" indirect_data: "hello world" } } }
I0529 14:48:51.934103 1381 tablet_bootstrap.cc:945] type: REPLICATE replicate { id { term: 2 index: 27 } timestamp: 27 op_type: WRITE_OP write_request { tablet_id: "05b4fe7d1e414fb79249c14e6ae31236" schema { columns { name: "key" type: INT32 is_key: true is_nullable: false encoding: AUTO_ENCODING compression: DEFAULT_COMPRESSION } columns { name: "int_val" type: INT32 is_key: false is_nullable: false encoding: AUTO_ENCODING compression: DEFAULT_COMPRESSION } columns { name: "string_val" type: STRING is_key: false is_nullable: true encoding: AUTO_ENCODING compression: DEFAULT_COMPRESSION } } row_operations { rows: "\001\007\000F\022pu\346\355\277\020\000\000\000\000\000\000\000\000\013\000\000\000\000\000\000\000" indirect_data: "hello world" } } }
I0529 14:48:51.934172 1381 tablet_bootstrap.cc:945] type: REPLICATE replicate { id { term: 2 index: 28 } timestamp: 28 op_type: WRITE_OP write_request { tablet_id: "05b4fe7d1e414fb79249c14e6ae31236" schema { columns { name: "key" type: INT32 is_key: true is_nullable: false encoding: AUTO_ENCODING compression: DEFAULT_COMPRESSION } columns { name: "int_val" type: INT32 is_key: false is_nullable: false encoding: AUTO_ENCODING compression: DEFAULT_COMPRESSION } columns { name: "string_val" type: STRING is_key: false is_nullable: true encoding: AUTO_ENCODING compression: DEFAULT_COMPRESSION } } row_operations { rows: "\001\007\000\311\311\2419\256\310\306,\000\000\000\000\000\000\000\000\013\000\000\000\000\000\000\000" indirect_data: "hello world" } } }
I0529 14:48:51.934243 1381 tablet_bootstrap.cc:945] type: REPLICATE replicate { id { term: 2 index: 29 } timestamp: 29 op_type: WRITE_OP write_request { tablet_id: "05b4fe7d1e414fb79249c14e6ae31236" schema { columns { name: "key" type: INT32 is_key: true is_nullable: false encoding: AUTO_ENCODING compression: DEFAULT_COMPRESSION } columns { name: "int_val" type: INT32 is_key: false is_nullable: false encoding: AUTO_ENCODING compression: DEFAULT_COMPRESSION } columns { name: "string_val" type: STRING is_key: false is_nullable: true encoding: AUTO_ENCODING compression: DEFAULT_COMPRESSION } } row_operations { rows: "\001\007\000[\316\375\026\'\304\366p\000\000\000\000\000\000\000\000\013\000\000\000\000\000\000\000" indirect_data: "hello world" } } }
I0529 14:48:51.934314 1381 tablet_bootstrap.cc:945] type: REPLICATE replicate { id { term: 2 index: 30 } timestamp: 30 op_type: WRITE_OP write_request { tablet_id: "05b4fe7d1e414fb79249c14e6ae31236" schema { columns { name: "key" type: INT32 is_key: true is_nullable: false encoding: AUTO_ENCODING compression: DEFAULT_COMPRESSION } columns { name: "int_val" type: INT32 is_key: false is_nullable: false encoding: AUTO_ENCODING compression: DEFAULT_COMPRESSION } columns { name: "string_val" type: STRING is_key: false is_nullable: true encoding: AUTO_ENCODING compression: DEFAULT_COMPRESSION } } row_operations { rows: "\001\007\000Q\3606\006\007Y\333\000\000\000\000\000\000\000\000\000\013\000\000\000\000\000\000\000" indirect_data: "hello world" } } }
I0529 14:48:51.934386 1381 tablet_bootstrap.cc:945] type: REPLICATE replicate { id { term: 2 index: 31 } timestamp: 31 op_type: WRITE_OP write_request { tablet_id: "05b4fe7d1e414fb79249c14e6ae31236" schema { columns { name: "key" type: INT32 is_key: true is_nullable: false encoding: AUTO_ENCODING compression: DEFAULT_COMPRESSION } columns { name: "int_val" type: INT32 is_key: false is_nullable: false encoding: AUTO_ENCODING compression: DEFAULT_COMPRESSION } columns { name: "string_val" type: STRING is_key: false is_nullable: true encoding: AUTO_ENCODING compression: DEFAULT_COMPRESSION } } row_operations { rows: "\001\007\000K\201\323}v\243\315H\000\000\000\000\000\000\000\000\013\000\000\000\000\000\000\000" indirect_data: "hello world" } } }
I0529 14:48:51.934463 1381 tablet_bootstrap.cc:945] type: REPLICATE replicate { id { term: 2 index: 32 } timestamp: 32 op_type: WRITE_OP write_request { tablet_id: "05b4fe7d1e414fb79249c14e6ae31236" schema { columns { name: "key" type: INT32 is_key: true is_nullable: false encoding: AUTO_ENCODING compression: DEFAULT_COMPRESSION } columns { name: "int_val" type: INT32 is_key: false is_nullable: false encoding: AUTO_ENCODING compression: DEFAULT_COMPRESSION } columns { name: "string_val" type: STRING is_key: false is_nullable: true encoding: AUTO_ENCODING compression: DEFAULT_COMPRESSION } } row_operations { rows: "\001\007\000\261\370\274L\323Sk\n\000\000\000\000\000\000\000\000\013\000\000\000\000\000\000\000" indirect_data: "hello world" } } }
I0529 14:48:51.934531 1381 tablet_bootstrap.cc:945] type: REPLICATE replicate { id { term: 2 index: 33 } timestamp: 33 op_type: WRITE_OP write_request { tablet_id: "05b4fe7d1e414fb79249c14e6ae31236" schema { columns { name: "key" type: INT32 is_key: true is_nullable: false encoding: AUTO_ENCODING compression: DEFAULT_COMPRESSION } columns { name: "int_val" type: INT32 is_key: false is_nullable: false encoding: AUTO_ENCODING compression: DEFAULT_COMPRESSION } columns { name: "string_val" type: STRING is_key: false is_nullable: true encoding: AUTO_ENCODING compression: DEFAULT_COMPRESSION } } row_operations { rows: "\001\007\0009\245\315^\317q\032\017\000\000\000\000\000\000\000\000\013\000\000\000\000\000\000\000" indirect_data: "hello world" } } }
I0529 14:48:51.934598 1381 tablet_bootstrap.cc:945] type: REPLICATE replicate { id { term: 2 index: 34 } timestamp: 34 op_type: WRITE_OP write_request { tablet_id: "05b4fe7d1e414fb79249c14e6ae31236" schema { columns { name: "key" type: INT32 is_key: true is_nullable: false encoding: AUTO_ENCODING compression: DEFAULT_COMPRESSION } columns { name: "int_val" type: INT32 is_key: false is_nullable: false encoding: AUTO_ENCODING compression: DEFAULT_COMPRESSION } columns { name: "string_val" type: STRING is_key: false is_nullable: true encoding: AUTO_ENCODING compression: DEFAULT_COMPRESSION } } row_operations { rows: "\001\007\000\331i\267F\324I\2063\000\000\000\000\000\000\000\000\013\000\000\000\000\000\000\000" indirect_data: "hello world" } } }
I0529 14:48:51.934667 1381 tablet_bootstrap.cc:945] type: REPLICATE replicate { id { term: 2 index: 35 } timestamp: 35 op_type: WRITE_OP write_request { tablet_id: "05b4fe7d1e414fb79249c14e6ae31236" schema { columns { name: "key" type: INT32 is_key: true is_nullable: false encoding: AUTO_ENCODING compression: DEFAULT_COMPRESSION } columns { name: "int_val" type: INT32 is_key: false is_nullable: false encoding: AUTO_ENCODING compression: DEFAULT_COMPRESSION } columns { name: "string_val" type: STRING is_key: false is_nullable: true encoding: AUTO_ENCODING compression: DEFAULT_COMPRESSION } } row_operations { rows: "\001\007\000)L\254:\3275\274\005\000\000\000\000\000\000\000\000\013\000\000\000\000\000\000\000" indirect_data: "hello world" } } }
I0529 14:48:51.934734 1381 tablet_bootstrap.cc:945] type: REPLICATE replicate { id { term: 5 index: 36 } timestamp: 36 op_type: NO_OP noop_request { } }
I0529 14:48:51.934801 1381 tablet_bootstrap.cc:945] type: REPLICATE replicate { id { term: 5 index: 37 } timestamp: 37 op_type: WRITE_OP write_request { tablet_id: "05b4fe7d1e414fb79249c14e6ae31236" schema { columns { name: "key" type: INT32 is_key: true is_nullable: false encoding: AUTO_ENCODING compression: DEFAULT_COMPRESSION } columns { name: "int_val" type: INT32 is_key: false is_nullable: false encoding: AUTO_ENCODING compression: DEFAULT_COMPRESSION } columns { name: "string_val" type: STRING is_key: false is_nullable: true encoding: AUTO_ENCODING compression: DEFAULT_COMPRESSION } } row_operations { rows: "\001\007\000@v?c\247\226l[\000\000\000\000\000\000\000\000\013\000\000\000\000\000\000\000" indirect_data: "hello world" } } }
I0529 14:48:51.934870 1381 tablet_bootstrap.cc:945] type: REPLICATE replicate { id { term: 5 index: 38 } timestamp: 38 op_type: WRITE_OP write_request { tablet_id: "05b4fe7d1e414fb79249c14e6ae31236" schema { columns { name: "key" type: INT32 is_key: true is_nullable: false encoding: AUTO_ENCODING compression: DEFAULT_COMPRESSION } columns { name: "int_val" type: INT32 is_key: false is_nullable: false encoding: AUTO_ENCODING compression: DEFAULT_COMPRESSION } columns { name: "string_val" type: STRING is_key: false is_nullable: true encoding: AUTO_ENCODING compression: DEFAULT_COMPRESSION } } row_operations { rows: "\001\007\000Q\275\2464\330+\327.\000\000\000\000\000\000\000\000\013\000\000\000\000\000\000\000" indirect_data: "hello world" } } }
I0529 14:48:51.934936 1381 tablet_bootstrap.cc:945] type: REPLICATE replicate { id { term: 5 index: 39 } timestamp: 39 op_type: WRITE_OP write_request { tablet_id: "05b4fe7d1e414fb79249c14e6ae31236" schema { columns { name: "key" type: INT32 is_key: true is_nullable: false encoding: AUTO_ENCODING compression: DEFAULT_COMPRESSION } columns { name: "int_val" type: INT32 is_key: false is_nullable: false encoding: AUTO_ENCODING compression: DEFAULT_COMPRESSION } columns { name: "string_val" type: STRING is_key: false is_nullable: true encoding: AUTO_ENCODING compression: DEFAULT_COMPRESSION } } row_operations { rows: "\001\007\000y.\241.\331!\362W\000\000\000\000\000\000\000\000\013\000\000\000\000\000\000\000" indirect_data: "hello world" } } }
I0529 14:48:51.935003 1381 tablet_bootstrap.cc:945] type: REPLICATE replicate { id { term: 5 index: 40 } timestamp: 40 op_type: WRITE_OP write_request { tablet_id: "05b4fe7d1e414fb79249c14e6ae31236" schema { columns { name: "key" type: INT32 is_key: true is_nullable: false encoding: AUTO_ENCODING compression: DEFAULT_COMPRESSION } columns { name: "int_val" type: INT32 is_key: false is_nullable: false encoding: AUTO_ENCODING compression: DEFAULT_COMPRESSION } columns { name: "string_val" type: STRING is_key: false is_nullable: true encoding: AUTO_ENCODING compression: DEFAULT_COMPRESSION } } row_operations { rows: "\001\007\0002\271r\007o\205\334|\000\000\000\000\000\000\000\000\013\000\000\000\000\000\000\000" indirect_data: "hello world" } } }
I0529 14:48:51.935070 1381 tablet_bootstrap.cc:945] type: REPLICATE replicate { id { term: 5 index: 41 } timestamp: 41 op_type: WRITE_OP write_request { tablet_id: "05b4fe7d1e414fb79249c14e6ae31236" schema { columns { name: "key" type: INT32 is_key: true is_nullable: false encoding: AUTO_ENCODING compression: DEFAULT_COMPRESSION } columns { name: "int_val" type: INT32 is_key: false is_nullable: false encoding: AUTO_ENCODING compression: DEFAULT_COMPRESSION } columns { name: "string_val" type: STRING is_key: false is_nullable: true encoding: AUTO_ENCODING compression: DEFAULT_COMPRESSION } } row_operations { rows: "\001\007\000\271\027Y5\013\216$l\000\000\000\000\000\000\000\000\013\000\000\000\000\000\000\000" indirect_data: "hello world" } } }
I0529 14:48:51.935137 1381 tablet_bootstrap.cc:945] type: REPLICATE replicate { id { term: 5 index: 42 } timestamp: 42 op_type: WRITE_OP write_request { tablet_id: "05b4fe7d1e414fb79249c14e6ae31236" schema { columns { name: "key" type: INT32 is_key: true is_nullable: false encoding: AUTO_ENCODING compression: DEFAULT_COMPRESSION } columns { name: "int_val" type: INT32 is_key: false is_nullable: false encoding: AUTO_ENCODING compression: DEFAULT_COMPRESSION } columns { name: "string_val" type: STRING is_key: false is_nullable: true encoding: AUTO_ENCODING compression: DEFAULT_COMPRESSION } } row_operations { rows: "\001\007\000\310\324%\021C\237\264J\000\000\000\000\000\000\000\000\013\000\000\000\000\000\000\000" indirect_data: "hello world" } } }
I0529 14:48:51.935205 1381 tablet_bootstrap.cc:945] type: REPLICATE replicate { id { term: 5 index: 43 } timestamp: 43 op_type: WRITE_OP write_request { tablet_id: "05b4fe7d1e414fb79249c14e6ae31236" schema { columns { name: "key" type: INT32 is_key: true is_nullable: false encoding: AUTO_ENCODING compression: DEFAULT_COMPRESSION } columns { name: "int_val" type: INT32 is_key: false is_nullable: false encoding: AUTO_ENCODING compression: DEFAULT_COMPRESSION } columns { name: "string_val" type: STRING is_key: false is_nullable: true encoding: AUTO_ENCODING compression: DEFAULT_COMPRESSION } } row_operations { rows: "\001\007\000\241\237\233(\333\027\r\001\000\000\000\000\000\000\000\000\013\000\000\000\000\000\000\000" indirect_data: "hello world" } } }
W0529 14:48:51.937600 65198 meta_cache.cc:164] Tablet 05b4fe7d1e414fb79249c14e6ae31236: Replica 3b7563857bb84965989d41eebdd82d5f has failed: Network error: Client connection negotiation failed: client Connection to 127.245.143.0:42480: connect: Connection refused (error 111)
W0529 14:48:51.937835 65198 meta_cache.cc:164] Tablet 05b4fe7d1e414fb79249c14e6ae31236: Replica 3b7563857bb84965989d41eebdd82d5f has failed: Network error: Client connection negotiation failed: client Connection to 127.245.143.0:42480: connect: Connection refused (error 111)
W0529 14:48:51.938280 65198 meta_cache.cc:164] Tablet 05b4fe7d1e414fb79249c14e6ae31236: Replica 3b7563857bb84965989d41eebdd82d5f has failed: Network error: Client connection negotiation failed: client Connection to 127.245.143.0:42480: connect: Connection refused (error 111)
I0529 14:48:51.934727 1617 fs_manager.cc:198] Opened local filesystem: /tmp/kudutest-4099/raft_consensus-itest.RaftConsensusITest.InsertWithCrashyNodes.1432936117609050-62863/raft_consensus-itest-cluster/ts-0 uuid: "3b7563857bb84965989d41eebdd82d5f" format_stamp: "Formatted at 2015-05-29 21:48:44 on e1205.halxg.cloudera.com"
W0529 14:48:51.939281 65198 meta_cache.cc:164] Tablet 05b4fe7d1e414fb79249c14e6ae31236: Replica 3b7563857bb84965989d41eebdd82d5f has failed: Network error: Client connection negotiation failed: client Connection to 127.245.143.0:42480: connect: Connection refused (error 111)
I0529 14:48:51.940248 1381 tablet_bootstrap.cc:577] Renamed old recovery dir from: /tmp/kudutest-4099/raft_consensus-itest.RaftConsensusITest.InsertWithCrashyNodes.1432936117609050-62863/raft_consensus-itest-cluster/ts-1/wals/05b4fe7d1e414fb79249c14e6ae31236.recovery to: /tmp/kudutest-4099/raft_consensus-itest.RaftConsensusITest.InsertWithCrashyNodes.1432936117609050-62863/raft_consensus-itest-cluster/ts-1/wals/05b4fe7d1e414fb79249c14e6ae31236.recovery-1432936131940140
I0529 14:48:51.941098 1381 tablet_bootstrap.cc:585] Removed renamed recovery dir: /tmp/kudutest-4099/raft_consensus-itest.RaftConsensusITest.InsertWithCrashyNodes.1432936117609050-62863/raft_consensus-itest-cluster/ts-1/wals/05b4fe7d1e414fb79249c14e6ae31236.recovery-1432936131940140
I0529 14:48:51.941365 1381 tablet_bootstrap.cc:311] Tablet 05b4fe7d1e414fb79249c14e6ae31236: Bootstrap complete.
I0529 14:48:51.941648 1381 log.cc:547] T 05b4fe7d1e414fb79249c14e6ae31236: Injecting 49ms of latency in Log::Sync()
W0529 14:48:51.953464 65198 meta_cache.cc:164] Tablet 05b4fe7d1e414fb79249c14e6ae31236: Replica 3b7563857bb84965989d41eebdd82d5f has failed: Network error: Client connection negotiation failed: client Connection to 127.245.143.0:42480: connect: Connection refused (error 111)
W0529 14:48:51.964735 65198 meta_cache.cc:164] Tablet 05b4fe7d1e414fb79249c14e6ae31236: Replica 3b7563857bb84965989d41eebdd82d5f has failed: Network error: Client connection negotiation failed: client Connection to 127.245.143.0:42480: connect: Connection refused (error 111)
I0529 14:48:51.967299 1277 raft_consensus.cc:310] T 05b4fe7d1e414fb79249c14e6ae31236 P 1f8655f18f7e4c6691f4c12ebb22fd06 [term 7 FOLLOWER]: Failure of peer election-timer detected. Triggering leader election
I0529 14:48:51.967962 1277 raft_consensus.cc:1528] T 05b4fe7d1e414fb79249c14e6ae31236 P 1f8655f18f7e4c6691f4c12ebb22fd06 [term 7 FOLLOWER]: Advancing to term 8
I0529 14:48:51.969769 1277 raft_consensus.cc:1478] T 05b4fe7d1e414fb79249c14e6ae31236 P 1f8655f18f7e4c6691f4c12ebb22fd06 [term 8 FOLLOWER]: Snoozing failure detection for an additional: 0.310s
I0529 14:48:51.969971 1277 raft_consensus.cc:273] T 05b4fe7d1e414fb79249c14e6ae31236 P 1f8655f18f7e4c6691f4c12ebb22fd06 [term 8 FOLLOWER]: Starting election with quorum: opid_index: -1 local: false peers { permanent_uuid: "1f8655f18f7e4c6691f4c12ebb22fd06" member_type: VOTER last_known_addr { host: "127.245.143.2" port: 53754 } } peers { permanent_uuid: "aa0d62233d0a498886326226b4827f51" member_type: VOTER last_known_addr { host: "127.245.143.1" port: 43880 } } peers { permanent_uuid: "3b7563857bb84965989d41eebdd82d5f" member_type: VOTER last_known_addr { host: "127.245.143.0" port: 42480 } }
I0529 14:48:51.983080 1277 leader_election.cc:194] T 05b4fe7d1e414fb79249c14e6ae31236 P 1f8655f18f7e4c6691f4c12ebb22fd06 [CANDIDATE]: Term 8 election: Requesting vote from peer aa0d62233d0a498886326226b4827f51
I0529 14:48:51.983556 1277 leader_election.cc:194] T 05b4fe7d1e414fb79249c14e6ae31236 P 1f8655f18f7e4c6691f4c12ebb22fd06 [CANDIDATE]: Term 8 election: Requesting vote from peer 3b7563857bb84965989d41eebdd82d5f
W0529 14:48:51.989436 804 leader_election.cc:241] T 05b4fe7d1e414fb79249c14e6ae31236 P 1f8655f18f7e4c6691f4c12ebb22fd06 [CANDIDATE]: Term 8 election: RPC error from VoteRequest() call to peer 3b7563857bb84965989d41eebdd82d5f: Network error: Client connection negotiation failed: client Connection to 127.245.143.0:42480: connect: Connection refused (error 111)
W0529 14:48:51.991314 65198 meta_cache.cc:164] Tablet 05b4fe7d1e414fb79249c14e6ae31236: Replica 3b7563857bb84965989d41eebdd82d5f has failed: Network error: Client connection negotiation failed: client Connection to 127.245.143.0:42480: connect: Connection refused (error 111)
W0529 14:48:51.993609 806 leader_election.cc:247] T 05b4fe7d1e414fb79249c14e6ae31236 P 1f8655f18f7e4c6691f4c12ebb22fd06 [CANDIDATE]: Term 8 election: Tablet error from VoteRequest() call to peer aa0d62233d0a498886326226b4827f51: Illegal state: Tablet not RUNNING: BOOTSTRAPPING
I0529 14:48:51.993885 806 leader_election.cc:214] T 05b4fe7d1e414fb79249c14e6ae31236 P 1f8655f18f7e4c6691f4c12ebb22fd06 [CANDIDATE]: Term 8 election: Election decided. Result: candidate lost.
I0529 14:48:51.995193 1381 ts_tablet_manager.cc:289] Time spent bootstrapping tablet 05b4fe7d1e414fb79249c14e6ae31236: real 0.564s user 0.220s sys 0.077s
W0529 14:48:51.995225 65198 meta_cache.cc:164] Tablet 05b4fe7d1e414fb79249c14e6ae31236: Replica 3b7563857bb84965989d41eebdd82d5f has failed: Network error: Client connection negotiation failed: client Connection to 127.245.143.0:42480: connect: Connection refused (error 111)
I0529 14:48:51.995791 1645 raft_consensus.cc:1478] T 05b4fe7d1e414fb79249c14e6ae31236 P 1f8655f18f7e4c6691f4c12ebb22fd06 [term 8 FOLLOWER]: Snoozing failure detection for an additional: 0.393s
I0529 14:48:51.996073 1645 raft_consensus.cc:1358] T 05b4fe7d1e414fb79249c14e6ae31236 P 1f8655f18f7e4c6691f4c12ebb22fd06 [term 8 FOLLOWER]: Leader election lost for term 8. Reason: None given
I0529 14:48:52.002780 1381 raft_consensus.cc:182] T 05b4fe7d1e414fb79249c14e6ae31236 P aa0d62233d0a498886326226b4827f51 [term 5 FOLLOWER]: Replica starting. Triggering 18 pending transactions. Active quorum: opid_index: -1 local: false peers { permanent_uuid: "1f8655f18f7e4c6691f4c12ebb22fd06" member_type: VOTER last_known_addr { host: "127.245.143.2" port: 53754 } } peers { permanent_uuid: "aa0d62233d0a498886326226b4827f51" member_type: VOTER last_known_addr { host: "127.245.143.1" port: 43880 } } peers { permanent_uuid: "3b7563857bb84965989d41eebdd82d5f" member_type: VOTER last_known_addr { host: "127.245.143.0" port: 42480 } }
I0529 14:48:52.014497 1617 ts_tablet_manager.cc:261] Loading tablet 05b4fe7d1e414fb79249c14e6ae31236
W0529 14:48:52.016827 65198 meta_cache.cc:164] Tablet 05b4fe7d1e414fb79249c14e6ae31236: Replica 3b7563857bb84965989d41eebdd82d5f has failed: Network error: Client connection negotiation failed: client Connection to 127.245.143.0:42480: connect: Connection refused (error 111)
W0529 14:48:52.017066 65198 meta_cache.cc:164] Tablet 05b4fe7d1e414fb79249c14e6ae31236: Replica 3b7563857bb84965989d41eebdd82d5f has failed: Network error: Client connection negotiation failed: client Connection to 127.245.143.0:42480: connect: Connection refused (error 111)
I0529 14:48:52.022080 1617 ts_tablet_manager.cc:406] Registered tablet 05b4fe7d1e414fb79249c14e6ae31236
I0529 14:48:52.027132 1381 raft_consensus.cc:360] T 05b4fe7d1e414fb79249c14e6ae31236 P aa0d62233d0a498886326226b4827f51 [term 5 FOLLOWER]: Becoming Follower/Learner. State: Replica: aa0d62233d0a498886326226b4827f51, State: 1, Role: FOLLOWER Watermarks: {Received: term: 5 index: 43 Committed: term: 2 index: 25}
I0529 14:48:52.027942 1381 consensus_queue.cc:117] T 05b4fe7d1e414fb79249c14e6ae31236 P aa0d62233d0a498886326226b4827f51 [NON_LEADER]: queue going to NON_LEADER mode. State: All replicated op: 0.0, Majority replicated op: 0.0, Committed index: 0.0, Last appended: 5.43, Current term: 0, Majority size: 1, State: 1, Mode: NON_LEADER
W0529 14:48:52.029780 65198 meta_cache.cc:164] Tablet 05b4fe7d1e414fb79249c14e6ae31236: Replica 3b7563857bb84965989d41eebdd82d5f has failed: Network error: Client connection negotiation failed: client Connection to 127.245.143.0:42480: connect: Connection refused (error 111)
I0529 14:48:52.031754 1381 ts_tablet_manager.cc:310] Time spent starting tablet 05b4fe7d1e414fb79249c14e6ae31236: real 0.036s user 0.026s sys 0.009s
W0529 14:48:52.053205 65198 meta_cache.cc:164] Tablet 05b4fe7d1e414fb79249c14e6ae31236: Replica 3b7563857bb84965989d41eebdd82d5f has failed: Network error: Client connection negotiation failed: client Connection to 127.245.143.0:42480: connect: Connection refused (error 111)
W0529 14:48:52.062827 65198 meta_cache.cc:164] Tablet 05b4fe7d1e414fb79249c14e6ae31236: Replica 3b7563857bb84965989d41eebdd82d5f has failed: Network error: Client connection negotiation failed: client Connection to 127.245.143.0:42480: connect: Connection refused (error 111)
W0529 14:48:52.110573 65198 meta_cache.cc:164] Tablet 05b4fe7d1e414fb79249c14e6ae31236: Replica 3b7563857bb84965989d41eebdd82d5f has failed: Network error: Client connection negotiation failed: client Connection to 127.245.143.0:42480: connect: Connection refused (error 111)
W0529 14:48:52.112037 65198 meta_cache.cc:164] Tablet 05b4fe7d1e414fb79249c14e6ae31236: Replica 3b7563857bb84965989d41eebdd82d5f has failed: Network error: Client connection negotiation failed: client Connection to 127.245.143.0:42480: connect: Connection refused (error 111)
W0529 14:48:52.118608 65198 meta_cache.cc:164] Tablet 05b4fe7d1e414fb79249c14e6ae31236: Replica 3b7563857bb84965989d41eebdd82d5f has failed: Network error: Client connection negotiation failed: client Connection to 127.245.143.0:42480: connect: Connection refused (error 111)
W0529 14:48:52.145910 65198 meta_cache.cc:164] Tablet 05b4fe7d1e414fb79249c14e6ae31236: Replica 3b7563857bb84965989d41eebdd82d5f has failed: Network error: Client connection negotiation failed: client Connection to 127.245.143.0:42480: connect: Connection refused (error 111)
W0529 14:48:52.146177 65198 meta_cache.cc:164] Tablet 05b4fe7d1e414fb79249c14e6ae31236: Replica 3b7563857bb84965989d41eebdd82d5f has failed: Network error: Client connection negotiation failed: client Connection to 127.245.143.0:42480: connect: Connection refused (error 111)
W0529 14:48:52.158074 65198 meta_cache.cc:164] Tablet 05b4fe7d1e414fb79249c14e6ae31236: Replica 3b7563857bb84965989d41eebdd82d5f has failed: Network error: Client connection negotiation failed: client Connection to 127.245.143.0:42480: connect: Connection refused (error 111)
W0529 14:48:52.183718 65198 meta_cache.cc:164] Tablet 05b4fe7d1e414fb79249c14e6ae31236: Replica 3b7563857bb84965989d41eebdd82d5f has failed: Network error: Client connection negotiation failed: client Connection to 127.245.143.0:42480: connect: Connection refused (error 111)
W0529 14:48:52.187602 65198 meta_cache.cc:164] Tablet 05b4fe7d1e414fb79249c14e6ae31236: Replica 3b7563857bb84965989d41eebdd82d5f has failed: Network error: Client connection negotiation failed: client Connection to 127.245.143.0:42480: connect: Connection refused (error 111)
W0529 14:48:52.210800 65198 meta_cache.cc:164] Tablet 05b4fe7d1e414fb79249c14e6ae31236: Replica 3b7563857bb84965989d41eebdd82d5f has failed: Network error: Client connection negotiation failed: client Connection to 127.245.143.0:42480: connect: Connection refused (error 111)
W0529 14:48:52.222013 65198 meta_cache.cc:164] Tablet 05b4fe7d1e414fb79249c14e6ae31236: Replica 3b7563857bb84965989d41eebdd82d5f has failed: Network error: Client connection negotiation failed: client Connection to 127.245.143.0:42480: connect: Connection refused (error 111)
W0529 14:48:52.258678 65198 meta_cache.cc:164] Tablet 05b4fe7d1e414fb79249c14e6ae31236: Replica 3b7563857bb84965989d41eebdd82d5f has failed: Network error: Client connection negotiation failed: client Connection to 127.245.143.0:42480: connect: Connection refused (error 111)
W0529 14:48:52.259248 65198 meta_cache.cc:164] Tablet 05b4fe7d1e414fb79249c14e6ae31236: Replica 3b7563857bb84965989d41eebdd82d5f has failed: Network error: Client connection negotiation failed: client Connection to 127.245.143.0:42480: connect: Connection refused (error 111)
