I0529 14:48:56.945034 2684 leader_election.cc:327] T 05b4fe7d1e414fb79249c14e6ae31236 P 3b7563857bb84965989d41eebdd82d5f [CANDIDATE]: Term 13 election: Vote denied by peer 1f8655f18f7e4c6691f4c12ebb22fd06. Message: Invalid argument: T 05b4fe7d1e414fb79249c14e6ae31236 P 1f8655f18f7e4c6691f4c12ebb22fd06 [term 13 FOLLOWER]: Leader election vote request: Denying vote to candidate 3b7563857bb84965989d41eebdd82d5f for term 13 because replica has last-logged OpId of term: 9 index: 44, which is greater than that of the candidate, which has last-logged OpId of term: 6 index: 43.
I0529 14:48:56.951280 3209 raft_consensus.cc:1261] T 05b4fe7d1e414fb79249c14e6ae31236 P aa0d62233d0a498886326226b4827f51 [term 13 FOLLOWER]: Leader election vote request: Granting yes vote for candidate 3b7563857bb84965989d41eebdd82d5f in term 13.
I0529 14:48:56.952750 2689 leader_election.cc:313] T 05b4fe7d1e414fb79249c14e6ae31236 P 3b7563857bb84965989d41eebdd82d5f [CANDIDATE]: Term 13 election: Vote granted by peer aa0d62233d0a498886326226b4827f51
I0529 14:48:56.953131 2689 leader_election.cc:214] T 05b4fe7d1e414fb79249c14e6ae31236 P 3b7563857bb84965989d41eebdd82d5f [CANDIDATE]: Term 13 election: Election decided. Result: candidate won.
I0529 14:48:56.956639 3971 raft_consensus.cc:1478] T 05b4fe7d1e414fb79249c14e6ae31236 P 3b7563857bb84965989d41eebdd82d5f [term 13 FOLLOWER]: Snoozing failure detection for an additional: 0.462s
I0529 14:48:56.957123 3971 raft_consensus.cc:1396] T 05b4fe7d1e414fb79249c14e6ae31236 P 3b7563857bb84965989d41eebdd82d5f [term 13 FOLLOWER]: Leader election won for term 13
I0529 14:48:56.962908 3971 raft_consensus.cc:323] T 05b4fe7d1e414fb79249c14e6ae31236 P 3b7563857bb84965989d41eebdd82d5f [term 13 LEADER]: Becoming Leader. State: Replica: 3b7563857bb84965989d41eebdd82d5f, State: 1, Role: LEADER Watermarks: {Received: term: 6 index: 43 Committed: term: 2 index: 25}
I0529 14:48:56.964834 3971 consensus_queue.cc:109] T 05b4fe7d1e414fb79249c14e6ae31236 P 3b7563857bb84965989d41eebdd82d5f [LEADER]: queue going to LEADER mode. State: All replicated op: 0.0, Majority replicated op: 2.25, Committed index: 2.25, Last appended: 6.43, Current term: 13, Majority size: 2, State: 1, Mode: LEADER
I0529 14:48:56.976560 2857 log.cc:547] T 05b4fe7d1e414fb79249c14e6ae31236: Injecting 7ms of latency in Log::Sync()
I0529 14:48:56.980259 64269 catalog_manager.cc:1393] Tablet: 05b4fe7d1e414fb79249c14e6ae31236 reported consensus state change. New consensus state: current_term: 13 leader_uuid: "3b7563857bb84965989d41eebdd82d5f" quorum { opid_index: -1 local: false peers { permanent_uuid: "1f8655f18f7e4c6691f4c12ebb22fd06" member_type: VOTER last_known_addr { host: "127.245.143.2" port: 53754 } } peers { permanent_uuid: "aa0d62233d0a498886326226b4827f51" member_type: VOTER last_known_addr { host: "127.245.143.1" port: 43880 } } peers { permanent_uuid: "3b7563857bb84965989d41eebdd82d5f" member_type: VOTER last_known_addr { host: "127.245.143.0" port: 42480 } } }
W0529 14:48:56.989826 4004 raft_consensus_state.cc:430] T 05b4fe7d1e414fb79249c14e6ae31236 P 3b7563857bb84965989d41eebdd82d5f [term 13 LEADER]: Can't advance the committed index across term boundaries until operations from the current term are replicated. Last committed operation was: term: 2 index: 25, New majority replicated is: term: 2 index: 25, Current term is: 13
I0529 14:48:57.046962 3834 raft_consensus.cc:310] T 05b4fe7d1e414fb79249c14e6ae31236 P 1f8655f18f7e4c6691f4c12ebb22fd06 [term 13 FOLLOWER]: Failure of peer election-timer detected. Triggering leader election
I0529 14:48:57.047778 3834 raft_consensus.cc:1528] T 05b4fe7d1e414fb79249c14e6ae31236 P 1f8655f18f7e4c6691f4c12ebb22fd06 [term 13 FOLLOWER]: Advancing to term 14
I0529 14:48:57.050536 3834 raft_consensus.cc:1478] T 05b4fe7d1e414fb79249c14e6ae31236 P 1f8655f18f7e4c6691f4c12ebb22fd06 [term 14 FOLLOWER]: Snoozing failure detection for an additional: 0.549s
I0529 14:48:57.050866 3834 raft_consensus.cc:273] T 05b4fe7d1e414fb79249c14e6ae31236 P 1f8655f18f7e4c6691f4c12ebb22fd06 [term 14 FOLLOWER]: Starting election with quorum: opid_index: -1 local: false peers { permanent_uuid: "1f8655f18f7e4c6691f4c12ebb22fd06" member_type: VOTER last_known_addr { host: "127.245.143.2" port: 53754 } } peers { permanent_uuid: "aa0d62233d0a498886326226b4827f51" member_type: VOTER last_known_addr { host: "127.245.143.1" port: 43880 } } peers { permanent_uuid: "3b7563857bb84965989d41eebdd82d5f" member_type: VOTER last_known_addr { host: "127.245.143.0" port: 42480 } }
I0529 14:48:57.058217 3834 leader_election.cc:194] T 05b4fe7d1e414fb79249c14e6ae31236 P 1f8655f18f7e4c6691f4c12ebb22fd06 [CANDIDATE]: Term 14 election: Requesting vote from peer aa0d62233d0a498886326226b4827f51
I0529 14:48:57.058993 3834 leader_election.cc:194] T 05b4fe7d1e414fb79249c14e6ae31236 P 1f8655f18f7e4c6691f4c12ebb22fd06 [CANDIDATE]: Term 14 election: Requesting vote from peer 3b7563857bb84965989d41eebdd82d5f
I0529 14:48:57.066854 3210 raft_consensus.cc:1528] T 05b4fe7d1e414fb79249c14e6ae31236 P aa0d62233d0a498886326226b4827f51 [term 13 FOLLOWER]: Advancing to term 14
I0529 14:48:57.067667 2892 raft_consensus.cc:1246] T 05b4fe7d1e414fb79249c14e6ae31236 P 3b7563857bb84965989d41eebdd82d5f [term 13 LEADER]: Leader election vote request: Denying vote to candidate 1f8655f18f7e4c6691f4c12ebb22fd06 for term 14 because replica is either leader or believes a valid leader to be alive.
I0529 14:48:57.069208 3210 raft_consensus.cc:1478] T 05b4fe7d1e414fb79249c14e6ae31236 P aa0d62233d0a498886326226b4827f51 [term 14 FOLLOWER]: Snoozing failure detection for an additional: 0.903s
I0529 14:48:57.069660 3499 leader_election.cc:327] T 05b4fe7d1e414fb79249c14e6ae31236 P 1f8655f18f7e4c6691f4c12ebb22fd06 [CANDIDATE]: Term 14 election: Vote denied by peer 3b7563857bb84965989d41eebdd82d5f. Message: Invalid argument: T 05b4fe7d1e414fb79249c14e6ae31236 P 3b7563857bb84965989d41eebdd82d5f [term 13 LEADER]: Leader election vote request: Denying vote to candidate 1f8655f18f7e4c6691f4c12ebb22fd06 for term 14 because replica is either leader or believes a valid leader to be alive.
I0529 14:48:57.075757 3723 raft_consensus.cc:595] T 05b4fe7d1e414fb79249c14e6ae31236 P 1f8655f18f7e4c6691f4c12ebb22fd06 [term 14 FOLLOWER]: Rejecting Update request from peer 3b7563857bb84965989d41eebdd82d5f for earlier term 13. Current term is 14. Ops: []
I0529 14:48:57.076205 3210 raft_consensus.cc:1261] T 05b4fe7d1e414fb79249c14e6ae31236 P aa0d62233d0a498886326226b4827f51 [term 14 FOLLOWER]: Leader election vote request: Granting yes vote for candidate 1f8655f18f7e4c6691f4c12ebb22fd06 in term 14.
I0529 14:48:57.078197 3505 leader_election.cc:313] T 05b4fe7d1e414fb79249c14e6ae31236 P 1f8655f18f7e4c6691f4c12ebb22fd06 [CANDIDATE]: Term 14 election: Vote granted by peer aa0d62233d0a498886326226b4827f51
I0529 14:48:57.078213 3211 raft_consensus.cc:595] T 05b4fe7d1e414fb79249c14e6ae31236 P aa0d62233d0a498886326226b4827f51 [term 14 FOLLOWER]: Rejecting Update request from peer 3b7563857bb84965989d41eebdd82d5f for earlier term 13. Current term is 14. Ops: []
I0529 14:48:57.078472 3976 consensus_queue.cc:430] T 05b4fe7d1e414fb79249c14e6ae31236 P 3b7563857bb84965989d41eebdd82d5f [LEADER]: Peer responded invalid term: Peer: 1f8655f18f7e4c6691f4c12ebb22fd06, Is new: false, Last received: 0.0, Next index: 26, Last known committed idx: 25, Last exchange result: ERROR
I0529 14:48:57.078570 3505 leader_election.cc:214] T 05b4fe7d1e414fb79249c14e6ae31236 P 1f8655f18f7e4c6691f4c12ebb22fd06 [CANDIDATE]: Term 14 election: Election decided. Result: candidate won.
I0529 14:48:57.079288 4004 raft_consensus.cc:1521] T 05b4fe7d1e414fb79249c14e6ae31236 P 3b7563857bb84965989d41eebdd82d5f [term 13 LEADER]: Stepping down as leader of term 13
I0529 14:48:57.079812 4004 raft_consensus.cc:360] T 05b4fe7d1e414fb79249c14e6ae31236 P 3b7563857bb84965989d41eebdd82d5f [term 13 LEADER]: Becoming Follower/Learner. State: Replica: 3b7563857bb84965989d41eebdd82d5f, State: 1, Role: LEADER Watermarks: {Received: term: 13 index: 44 Committed: term: 2 index: 25}
I0529 14:48:57.080387 3837 raft_consensus.cc:1478] T 05b4fe7d1e414fb79249c14e6ae31236 P 1f8655f18f7e4c6691f4c12ebb22fd06 [term 14 FOLLOWER]: Snoozing failure detection for an additional: 0.875s
I0529 14:48:57.080783 3837 raft_consensus.cc:1396] T 05b4fe7d1e414fb79249c14e6ae31236 P 1f8655f18f7e4c6691f4c12ebb22fd06 [term 14 FOLLOWER]: Leader election won for term 14
I0529 14:48:57.080546 4004 consensus_queue.cc:117] T 05b4fe7d1e414fb79249c14e6ae31236 P 3b7563857bb84965989d41eebdd82d5f [NON_LEADER]: queue going to NON_LEADER mode. State: All replicated op: 0.0, Majority replicated op: 2.25, Committed index: 2.25, Last appended: 13.44, Current term: 13, Majority size: 1, State: 1, Mode: NON_LEADER
I0529 14:48:57.081254 3971 consensus_queue.cc:430] T 05b4fe7d1e414fb79249c14e6ae31236 P 3b7563857bb84965989d41eebdd82d5f [NON_LEADER]: Peer responded invalid term: Peer: aa0d62233d0a498886326226b4827f51, Is new: false, Last received: 0.0, Next index: 26, Last known committed idx: 25, Last exchange result: ERROR
I0529 14:48:57.082270 4004 consensus_peers.cc:239] T 05b4fe7d1e414fb79249c14e6ae31236 P 3b7563857bb84965989d41eebdd82d5f: Closing peer: aa0d62233d0a498886326226b4827f51
I0529 14:48:57.083595 4004 consensus_peers.cc:239] T 05b4fe7d1e414fb79249c14e6ae31236 P 3b7563857bb84965989d41eebdd82d5f: Closing peer: 1f8655f18f7e4c6691f4c12ebb22fd06
I0529 14:48:57.083557 3837 raft_consensus.cc:323] T 05b4fe7d1e414fb79249c14e6ae31236 P 1f8655f18f7e4c6691f4c12ebb22fd06 [term 14 LEADER]: Becoming Leader. State: Replica: 1f8655f18f7e4c6691f4c12ebb22fd06, State: 1, Role: LEADER Watermarks: {Received: term: 9 index: 44 Committed: term: 2 index: 25}
I0529 14:48:57.084724 4004 raft_consensus.cc:1528] T 05b4fe7d1e414fb79249c14e6ae31236 P 3b7563857bb84965989d41eebdd82d5f [term 13 FOLLOWER]: Advancing to term 14
I0529 14:48:57.084493 3837 consensus_queue.cc:109] T 05b4fe7d1e414fb79249c14e6ae31236 P 1f8655f18f7e4c6691f4c12ebb22fd06 [LEADER]: queue going to LEADER mode. State: All replicated op: 0.0, Majority replicated op: 2.25, Committed index: 2.25, Last appended: 9.44, Current term: 14, Majority size: 2, State: 1, Mode: LEADER
I0529 14:48:57.098053 3690 log.cc:547] T 05b4fe7d1e414fb79249c14e6ae31236: Injecting 6ms of latency in Log::Sync()
I0529 14:48:57.102037 64262 catalog_manager.cc:1393] Tablet: 05b4fe7d1e414fb79249c14e6ae31236 reported consensus state change. New consensus state: current_term: 14 leader_uuid: "1f8655f18f7e4c6691f4c12ebb22fd06" quorum { opid_index: -1 local: false peers { permanent_uuid: "1f8655f18f7e4c6691f4c12ebb22fd06" member_type: VOTER last_known_addr { host: "127.245.143.2" port: 53754 } } peers { permanent_uuid: "aa0d62233d0a498886326226b4827f51" member_type: VOTER last_known_addr { host: "127.245.143.1" port: 43880 } } peers { permanent_uuid: "3b7563857bb84965989d41eebdd82d5f" member_type: VOTER last_known_addr { host: "127.245.143.0" port: 42480 } } }
W0529 14:48:57.110383 4093 raft_consensus_state.cc:430] T 05b4fe7d1e414fb79249c14e6ae31236 P 1f8655f18f7e4c6691f4c12ebb22fd06 [term 14 LEADER]: Can't advance the committed index across term boundaries until operations from the current term are replicated. Last committed operation was: term: 2 index: 25, New majority replicated is: term: 2 index: 25, Current term is: 14 INFO: Connected to the Master
I0529 14:48:57.194566 3213 raft_consensus.cc:627] T 05b4fe7d1e414fb79249c14e6ae31236 P aa0d62233d0a498886326226b4827f51 [term 14 FOLLOWER]: Refusing update from remote peer 1f8655f18f7e4c6691f4c12ebb22fd06: Log matching property violated. Preceding OpId in replica: term: 5 index: 43. Preceding OpId from leader: term: 14 index: 45. (index mismatch)
I0529 14:48:57.196678 2893 raft_consensus.cc:627] T 05b4fe7d1e414fb79249c14e6ae31236 P 3b7563857bb84965989d41eebdd82d5f [term 14 FOLLOWER]: Refusing update from remote peer 1f8655f18f7e4c6691f4c12ebb22fd06: Log matching property violated. Preceding OpId in replica: term: 13 index: 44. Preceding OpId from leader: term: 14 index: 45. (index mismatch)
I0529 14:48:57.197785 4079 consensus_queue.cc:420] T 05b4fe7d1e414fb79249c14e6ae31236 P 1f8655f18f7e4c6691f4c12ebb22fd06 [LEADER]: Connected to new peer: Peer: aa0d62233d0a498886326226b4827f51, Is new: false, Last received: 0.0, Next index: 26, Last known committed idx: 25, Last exchange result: ERROR
I0529 14:48:57.198323 3837 consensus_queue.cc:420] T 05b4fe7d1e414fb79249c14e6ae31236 P 1f8655f18f7e4c6691f4c12ebb22fd06 [LEADER]: Connected to new peer: Peer: 3b7563857bb84965989d41eebdd82d5f, Is new: false, Last received: 0.0, Next index: 26, Last known committed idx: 25, Last exchange result: ERROR
I0529 14:48:57.202908 3837 log_cache.cc:278] T 05b4fe7d1e414fb79249c14e6ae31236 P 1f8655f18f7e4c6691f4c12ebb22fd06: Successfully read 19 ops from disk.
I0529 14:48:57.204335 4079 log_cache.cc:278] T 05b4fe7d1e414fb79249c14e6ae31236 P 1f8655f18f7e4c6691f4c12ebb22fd06: Successfully read 19 ops from disk.
I0529 14:48:57.210743 3215 raft_consensus.cc:573] T 05b4fe7d1e414fb79249c14e6ae31236 P aa0d62233d0a498886326226b4827f51 [term 14 FOLLOWER]: Deduplicated request from leader. Original: 2.25->[2.26-14.45] Dedup: 5.38->[6.39-14.45]
I0529 14:48:57.210999 2894 raft_consensus.cc:573] T 05b4fe7d1e414fb79249c14e6ae31236 P 3b7563857bb84965989d41eebdd82d5f [term 14 FOLLOWER]: Deduplicated request from leader. Original: 2.25->[2.26-14.45] Dedup: 6.41->[9.42-14.45]
I0529 14:48:57.211225 3215 raft_consensus_state.cc:340] T 05b4fe7d1e414fb79249c14e6ae31236 P aa0d62233d0a498886326226b4827f51 [term 14 FOLLOWER]: Aborting all transactions after (but not including): 38. Current State: Replica: aa0d62233d0a498886326226b4827f51, State: 1, Role: FOLLOWER Watermarks: {Received: term: 5 index: 43 Committed: term: 2 index: 25}
I0529 14:48:57.211593 3215 raft_consensus_state.cc:366] T 05b4fe7d1e414fb79249c14e6ae31236 P aa0d62233d0a498886326226b4827f51 [term 14 FOLLOWER]: Aborting uncommitted operation due to leader change: 5.39
I0529 14:48:57.211483 2894 raft_consensus_state.cc:340] T 05b4fe7d1e414fb79249c14e6ae31236 P 3b7563857bb84965989d41eebdd82d5f [term 14 FOLLOWER]: Aborting all transactions after (but not including): 41. Current State: Replica: 3b7563857bb84965989d41eebdd82d5f, State: 1, Role: FOLLOWER Watermarks: {Received: term: 13 index: 44 Committed: term: 2 index: 25}
I0529 14:48:57.211894 2894 raft_consensus_state.cc:366] T 05b4fe7d1e414fb79249c14e6ae31236 P 3b7563857bb84965989d41eebdd82d5f [term 14 FOLLOWER]: Aborting uncommitted operation due to leader change: 6.42
I0529 14:48:57.212934 3215 raft_consensus_state.cc:366] T 05b4fe7d1e414fb79249c14e6ae31236 P aa0d62233d0a498886326226b4827f51 [term 14 FOLLOWER]: Aborting uncommitted operation due to leader change: 5.40
I0529 14:48:57.213251 2894 raft_consensus_state.cc:366] T 05b4fe7d1e414fb79249c14e6ae31236 P 3b7563857bb84965989d41eebdd82d5f [term 14 FOLLOWER]: Aborting uncommitted operation due to leader change: 6.43
I0529 14:48:57.214095 2894 raft_consensus_state.cc:366] T 05b4fe7d1e414fb79249c14e6ae31236 P 3b7563857bb84965989d41eebdd82d5f [term 14 FOLLOWER]: Aborting uncommitted operation due to leader change: 13.44
I0529 14:48:57.214102 3215 raft_consensus_state.cc:366] T 05b4fe7d1e414fb79249c14e6ae31236 P aa0d62233d0a498886326226b4827f51 [term 14 FOLLOWER]: Aborting uncommitted operation due to leader change: 5.41
I0529 14:48:57.214300 2894 raft_consensus.cc:1423] T 05b4fe7d1e414fb79249c14e6ae31236 P 3b7563857bb84965989d41eebdd82d5f: NO_OP replication failed: Aborted: Transaction aborted by new leader
I0529 14:48:57.215219 3215 raft_consensus_state.cc:366] T 05b4fe7d1e414fb79249c14e6ae31236 P aa0d62233d0a498886326226b4827f51 [term 14 FOLLOWER]: Aborting uncommitted operation due to leader change: 5.42
I0529 14:48:57.216635 3215 raft_consensus_state.cc:366] T 05b4fe7d1e414fb79249c14e6ae31236 P aa0d62233d0a498886326226b4827f51 [term 14 FOLLOWER]: Aborting uncommitted operation due to leader change: 5.43
I0529 14:48:57.220878 2857 log.cc:547] T 05b4fe7d1e414fb79249c14e6ae31236: Injecting 42ms of latency in Log::Sync()
I0529 14:48:57.231158 3180 log.cc:547] T 05b4fe7d1e414fb79249c14e6ae31236: Injecting 25ms of latency in Log::Sync() INFO: Connected to all 3 Tablet Servers INFO: Table test-workload is HEALTHY INFO: The metadata for 1 tables is HEALTHY ----------------------- test-workload ----------------------- T 05b4fe7d1e414fb79249c14e6ae31236 P aa0d62233d0a498886326226b4827f51 (127.245.143.1:43880): Checksum: 53044265624 T 05b4fe7d1e414fb79249c14e6ae31236 P 3b7563857bb84965989d41eebdd82d5f (127.245.143.0:42480): Checksum: 53044265624 T 05b4fe7d1e414fb79249c14e6ae31236 P 1f8655f18f7e4c6691f4c12ebb22fd06 (127.245.143.2:53754): Checksum: 53044265624
I0529 14:48:57.282768 4093 raft_consensus_state.cc:423] T 05b4fe7d1e414fb79249c14e6ae31236 P 1f8655f18f7e4c6691f4c12ebb22fd06 [term 14 LEADER]: Advanced the committed_index across terms. Last committed operation was: term: 2 index: 25 New committed index is: term: 14 index: 45 src/kudu/integration-tests/cluster_verifier.cc:102: Failure Expected: (count) >= (expected_row_count), actual: 24 vs 25 src/kudu/integration-tests/raft_consensus-itest.cc:911: Failure Expected: v.CheckRowCount("test-workload", ClusterVerifier::AT_LEAST, workload.rows_inserted()) doesn't generate new fatal failures in the current thread. Actual: it does.
I0529 14:48:57.356937 62863 external_mini_cluster.cc:509] Killing /home/todd/run_tha_testHSjhNC/build/fastdebug/kudu-master with pid 64190
I0529 14:48:57.426506 62863 external_mini_cluster.cc:509] Killing /home/todd/run_tha_testHSjhNC/build/fastdebug/kudu-tablet_server with pid 2579
I0529 14:48:57.485401 62863 external_mini_cluster.cc:509] Killing /home/todd/run_tha_testHSjhNC/build/fastdebug/kudu-tablet_server with pid 2988
W0529 14:48:57.509809 3499 consensus_peers.cc:216] T 05b4fe7d1e414fb79249c14e6ae31236 P 1f8655f18f7e4c6691f4c12ebb22fd06: Couldn't send request to peer 3b7563857bb84965989d41eebdd82d5f for tablet 05b4fe7d1e414fb79249c14e6ae31236 Status: Network error: Client connection negotiation failed: client Connection to 127.245.143.0:42480: connect: Connection refused (error 111). Retrying in the next heartbeat period. Already tried 1 times.
W0529 14:48:57.543021 3505 connection.cc:379] client Connection to 127.245.143.1:43880 recv error: Network error: recv error: Connection reset by peer (error 104)
I0529 14:48:57.543218 62863 external_mini_cluster.cc:509] Killing /home/todd/run_tha_testHSjhNC/build/fastdebug/kudu-tablet_server with pid 3287
I0529 14:48:57.604737 62863 test_util.cc:56] -----------------------------------------------
I0529 14:48:57.604977 62863 test_util.cc:57] Had fatal failures, leaving test files at /tmp/kudutest-4099/raft_consensus-itest.RaftConsensusITest.InsertWithCrashyNodes.1432936117609050-62863 [ FAILED ] RaftConsensusITest.InsertWithCrashyNodes (14395 ms) [----------] 2 tests from RaftConsensusITest (19994 ms total) [----------] Global test environment tear-down [==========] 2 tests from 1 test case ran. (19995 ms total) [ PASSED ] 1 test. [ FAILED ] 1 test, listed below: [ FAILED ] RaftConsensusITest.InsertWithCrashyNodes 1 FAILED TEST