W0529 14:48:50.561745 64693 consensus_peers.cc:216] T 05b4fe7d1e414fb79249c14e6ae31236 P aa0d62233d0a498886326226b4827f51: Couldn't send request to peer 1f8655f18f7e4c6691f4c12ebb22fd06 for tablet 05b4fe7d1e414fb79249c14e6ae31236 Status: Illegal state: Tablet not RUNNING: BOOTSTRAPPING. Retrying in the next heartbeat period. Already tried 2 times. @ 0x7f9e2bfba46f boost::_bi::list1<>::operator()<>() @ 0x7f9e2bfba424 boost::_bi::bind_t<>::operator()() @ 0x7f9e2bfba1b2 boost::detail::function::void_function_obj_invoker0<>::invoke() @ 0x7f9e2b0cc3e2 boost::function0<>::operator()() @ 0x7f9e273ef71e kudu::FunctionRunnable::Run() @ 0x7f9e273ec551 kudu::ThreadPool::DispatchThread() @ 0x7f9e273edca6 boost::_mfi::mf1<>::operator()() @ 0x7f9e273edc0c boost::_bi::list2<>::operator()<>() @ 0x7f9e273edb94 boost::_bi::bind_t<>::operator()() @ 0x7f9e273ed992 boost::detail::function::void_function_obj_invoker0<>::invoke() @ 0x7f9e2b0cc3e2 boost::function0<>::operator()() @ 0x7f9e273e1d28 kudu::Thread::SuperviseThread() @ 0x7f9e2ec7fea2 __tsan::cur_thread_placeholder @ 0x7f9e289e2851 (unknown)
I0529 14:48:50.615211 784 maintenance_manager.cc:114] MaintenanceManager: targeting memory size of 50.302254 GB
I0529 14:48:50.615474 809 tablet_bootstrap.cc:311] Tablet 05b4fe7d1e414fb79249c14e6ae31236: Bootstrap replayed 1/1 log segments. Stats: ops{read=28 overwritten=0 applied=25} inserts{seen=24 ignored=0} mutations{seen=0 ignored=0} orphaned_commits=0. Pending: 3 replicates @ 0x7f9e2559494d (unknown)
I0529 14:48:50.618588 784 tablet_server_main.cc:44] Tablet server successfully started. @ (nil) (unknown)
I0529 14:48:50.629763 1095 heartbeater.cc:242] Connected to a leader master server at 127.0.0.1:59882
I0529 14:48:50.630441 1095 heartbeater.cc:312] Registering TS with master...
I0529 14:48:50.630925 1095 heartbeater.cc:318] Sending a full tablet report to master...
I0529 14:48:50.633234 64259 ts_manager.cc:71] Re-registered known tablet server { permanent_uuid: "1f8655f18f7e4c6691f4c12ebb22fd06" instance_seqno: 1432936130301902 } with Master
I0529 14:48:50.634785 809 tablet_bootstrap.cc:945] ReplayState: Previous OpId: 2.28, Committed OpId: 2.25, Pending Replicates: 3, Pending Commits: 0
I0529 14:48:50.634891 809 tablet_bootstrap.cc:945] Dumping REPLICATES:
I0529 14:48:50.634961 809 tablet_bootstrap.cc:945] type: REPLICATE replicate { id { term: 2 index: 26 } timestamp: 26 op_type: WRITE_OP write_request { tablet_id: "05b4fe7d1e414fb79249c14e6ae31236" schema { columns { name: "key" type: INT32 is_key: true is_nullable: false encoding: AUTO_ENCODING compression: DEFAULT_COMPRESSION } columns { name: "int_val" type: INT32 is_key: false is_nullable: false encoding: AUTO_ENCODING compression: DEFAULT_COMPRESSION } columns { name: "string_val" type: STRING is_key: false is_nullable: true encoding: AUTO_ENCODING compression: DEFAULT_COMPRESSION } } row_operations { rows: "\001\007\000\330\026\314R_\351\357T\000\000\000\000\000\000\000\000\013\000\000\000\000\000\000\000" indirect_data: "hello world" } } }
I0529 14:48:50.635032 809 tablet_bootstrap.cc:945] type: REPLICATE replicate { id { term: 2 index: 27 } timestamp: 27 op_type: WRITE_OP write_request { tablet_id: "05b4fe7d1e414fb79249c14e6ae31236" schema { columns { name: "key" type: INT32 is_key: true is_nullable: false encoding: AUTO_ENCODING compression: DEFAULT_COMPRESSION } columns { name: "int_val" type: INT32 is_key: false is_nullable: false encoding: AUTO_ENCODING compression: DEFAULT_COMPRESSION } columns { name: "string_val" type: STRING is_key: false is_nullable: true encoding: AUTO_ENCODING compression: DEFAULT_COMPRESSION } } row_operations { rows: "\001\007\000F\022pu\346\355\277\020\000\000\000\000\000\000\000\000\013\000\000\000\000\000\000\000" indirect_data: "hello world" } } }
I0529 14:48:50.635102 809 tablet_bootstrap.cc:945] type: REPLICATE replicate { id { term: 2 index: 28 } timestamp: 28 op_type: WRITE_OP write_request { tablet_id: "05b4fe7d1e414fb79249c14e6ae31236" schema { columns { name: "key" type: INT32 is_key: true is_nullable: false encoding: AUTO_ENCODING compression: DEFAULT_COMPRESSION } columns { name: "int_val" type: INT32 is_key: false is_nullable: false encoding: AUTO_ENCODING compression: DEFAULT_COMPRESSION } columns { name: "string_val" type: STRING is_key: false is_nullable: true encoding: AUTO_ENCODING compression: DEFAULT_COMPRESSION } } row_operations { rows: "\001\007\000\311\311\2419\256\310\306,\000\000\000\000\000\000\000\000\013\000\000\000\000\000\000\000" indirect_data: "hello world" } } }
I0529 14:48:50.640878 809 tablet_bootstrap.cc:577] Renamed old recovery dir from: /tmp/kudutest-4099/raft_consensus-itest.RaftConsensusITest.InsertWithCrashyNodes.1432936117609050-62863/raft_consensus-itest-cluster/ts-2/wals/05b4fe7d1e414fb79249c14e6ae31236.recovery to: /tmp/kudutest-4099/raft_consensus-itest.RaftConsensusITest.InsertWithCrashyNodes.1432936117609050-62863/raft_consensus-itest-cluster/ts-2/wals/05b4fe7d1e414fb79249c14e6ae31236.recovery-1432936130640759
I0529 14:48:50.641808 809 tablet_bootstrap.cc:585] Removed renamed recovery dir: /tmp/kudutest-4099/raft_consensus-itest.RaftConsensusITest.InsertWithCrashyNodes.1432936117609050-62863/raft_consensus-itest-cluster/ts-2/wals/05b4fe7d1e414fb79249c14e6ae31236.recovery-1432936130640759
I0529 14:48:50.642091 809 tablet_bootstrap.cc:311] Tablet 05b4fe7d1e414fb79249c14e6ae31236: Bootstrap complete.
I0529 14:48:50.642742 809 log.cc:547] T 05b4fe7d1e414fb79249c14e6ae31236: Injecting 41ms of latency in Log::Sync()
W0529 14:48:50.682253 65200 meta_cache.cc:164] Tablet 05b4fe7d1e414fb79249c14e6ae31236: Replica aa0d62233d0a498886326226b4827f51 has failed: Network error: Recv() got EOF from remote (error 108)
W0529 14:48:50.682687 65200 meta_cache.cc:164] Tablet 05b4fe7d1e414fb79249c14e6ae31236: Replica aa0d62233d0a498886326226b4827f51 has failed: Network error: Recv() got EOF from remote (error 108)
W0529 14:48:50.682965 65200 meta_cache.cc:164] Tablet 05b4fe7d1e414fb79249c14e6ae31236: Replica aa0d62233d0a498886326226b4827f51 has failed: Network error: Recv() got EOF from remote (error 108)
W0529 14:48:50.683240 65200 meta_cache.cc:164] Tablet 05b4fe7d1e414fb79249c14e6ae31236: Replica aa0d62233d0a498886326226b4827f51 has failed: Network error: Recv() got EOF from remote (error 108)
W0529 14:48:50.683517 65200 meta_cache.cc:164] Tablet 05b4fe7d1e414fb79249c14e6ae31236: Replica aa0d62233d0a498886326226b4827f51 has failed: Network error: Recv() got EOF from remote (error 108)
W0529 14:48:50.683770 65200 meta_cache.cc:164] Tablet 05b4fe7d1e414fb79249c14e6ae31236: Replica aa0d62233d0a498886326226b4827f51 has failed: Network error: Recv() got EOF from remote (error 108)
W0529 14:48:50.684031 65200 meta_cache.cc:164] Tablet 05b4fe7d1e414fb79249c14e6ae31236: Replica aa0d62233d0a498886326226b4827f51 has failed: Network error: Recv() got EOF from remote (error 108)
W0529 14:48:50.684530 65200 meta_cache.cc:164] Tablet 05b4fe7d1e414fb79249c14e6ae31236: Replica aa0d62233d0a498886326226b4827f51 has failed: Network error: Recv() got EOF from remote (error 108)
I0529 14:48:50.684563 62863 raft_consensus-itest.cc:805] TS 1 appears to have crashed. Restarting.
W0529 14:48:50.684808 65200 meta_cache.cc:164] Tablet 05b4fe7d1e414fb79249c14e6ae31236: Replica aa0d62233d0a498886326226b4827f51 has failed: Network error: Recv() got EOF from remote (error 108)
W0529 14:48:50.685120 65200 meta_cache.cc:164] Tablet 05b4fe7d1e414fb79249c14e6ae31236: Replica aa0d62233d0a498886326226b4827f51 has failed: Network error: Recv() got EOF from remote (error 108)
I0529 14:48:50.685379 62863 external_mini_cluster.cc:425] Running /home/todd/run_tha_testHSjhNC/build/fastdebug/kudu-tablet_server kudu-tablet_server --tablet_server_wal_dir=/tmp/kudutest-4099/raft_consensus-itest.RaftConsensusITest.InsertWithCrashyNodes.1432936117609050-62863/raft_consensus-itest-cluster/ts-1 --tablet_server_data_dirs=/tmp/kudutest-4099/raft_consensus-itest.RaftConsensusITest.InsertWithCrashyNodes.1432936117609050-62863/raft_consensus-itest-cluster/ts-1 --tablet_server_rpc_bind_addresses=127.245.143.1:43880 --local_ip_for_outbound_sockets=127.245.143.1 --tablet_server_web_port=51798 --webserver_interface=127.245.143.1 --tablet_server_master_addrs=127.0.0.1:59882 --metrics_log_interval_ms=1000 --log_dir=/tmp/kudutest-4099/raft_consensus-itest.RaftConsensusITest.InsertWithCrashyNodes.1432936117609050-62863/raft_consensus-itest-cluster/ts-1 --fault_crash_on_leader_request_fraction=0.05 --log_inject_latency --log_inject_latency_ms_mean=30 --log_inject_latency_ms_stddev=60 --leader_heartbeat_interval_ms=100 --leader_failure_monitor_check_mean_ms=50 --leader_failure_monitor_check_stddev_ms=25 --log_preallocate_segments=false --server_dump_info_path=/tmp/kudutest-4099/raft_consensus-itest.RaftConsensusITest.InsertWithCrashyNodes.1432936117609050-62863/raft_consensus-itest-cluster/ts-1/info.pb --server_dump_info_format=pb --logtostderr --logbuflevel=-1
I0529 14:48:50.687961 809 ts_tablet_manager.cc:289] Time spent bootstrapping tablet 05b4fe7d1e414fb79249c14e6ae31236: real 0.547s user 0.214s sys 0.074s
I0529 14:48:50.696634 809 raft_consensus.cc:182] T 05b4fe7d1e414fb79249c14e6ae31236 P 1f8655f18f7e4c6691f4c12ebb22fd06 [term 2 FOLLOWER]: Replica starting. Triggering 3 pending transactions. Active quorum: opid_index: -1 local: false peers { permanent_uuid: "1f8655f18f7e4c6691f4c12ebb22fd06" member_type: VOTER last_known_addr { host: "127.245.143.2" port: 53754 } } peers { permanent_uuid: "aa0d62233d0a498886326226b4827f51" member_type: VOTER last_known_addr { host: "127.245.143.1" port: 43880 } } peers { permanent_uuid: "3b7563857bb84965989d41eebdd82d5f" member_type: VOTER last_known_addr { host: "127.245.143.0" port: 42480 } }
I0529 14:48:50.703784 809 raft_consensus.cc:360] T 05b4fe7d1e414fb79249c14e6ae31236 P 1f8655f18f7e4c6691f4c12ebb22fd06 [term 2 FOLLOWER]: Becoming Follower/Learner. State: Replica: 1f8655f18f7e4c6691f4c12ebb22fd06, State: 1, Role: FOLLOWER Watermarks: {Received: term: 2 index: 28 Committed: term: 2 index: 25}
I0529 14:48:50.704504 809 consensus_queue.cc:117] T 05b4fe7d1e414fb79249c14e6ae31236 P 1f8655f18f7e4c6691f4c12ebb22fd06 [NON_LEADER]: queue going to NON_LEADER mode. State: All replicated op: 0.0, Majority replicated op: 0.0, Committed index: 0.0, Last appended: 2.28, Current term: 0, Majority size: 1, State: 1, Mode: NON_LEADER
I0529 14:48:50.711575 809 ts_tablet_manager.cc:310] Time spent starting tablet 05b4fe7d1e414fb79249c14e6ae31236: real 0.023s user 0.014s sys 0.007s
W0529 14:48:50.716187 65200 meta_cache.cc:164] Tablet 05b4fe7d1e414fb79249c14e6ae31236: Replica aa0d62233d0a498886326226b4827f51 has failed: Network error: Client connection negotiation failed: client Connection to 127.245.143.1:43880: connect: Connection refused (error 111)
W0529 14:48:50.716696 65200 meta_cache.cc:164] Tablet 05b4fe7d1e414fb79249c14e6ae31236: Replica aa0d62233d0a498886326226b4827f51 has failed: Network error: Client connection negotiation failed: client Connection to 127.245.143.1:43880: connect: Connection refused (error 111) kudu-tablet_server: /usr/lib64/libssl.so.10: no version information available (required by /home/todd/run_tha_testHSjhNC/build/fastdebug/libserver_process.so) kudu-tablet_server: /usr/lib64/libcrypto.so.10: no version information available (required by /home/todd/run_tha_testHSjhNC/build/fastdebug/libserver_process.so)
W0529 14:48:50.723932 65200 meta_cache.cc:164] Tablet 05b4fe7d1e414fb79249c14e6ae31236: Replica aa0d62233d0a498886326226b4827f51 has failed: Network error: Client connection negotiation failed: client Connection to 127.245.143.1:43880: connect: Connection refused (error 111)
W0529 14:48:50.731750 65200 meta_cache.cc:164] Tablet 05b4fe7d1e414fb79249c14e6ae31236: Replica aa0d62233d0a498886326226b4827f51 has failed: Network error: Client connection negotiation failed: client Connection to 127.245.143.1:43880: connect: Connection refused (error 111)
W0529 14:48:50.733276 65200 meta_cache.cc:164] Tablet 05b4fe7d1e414fb79249c14e6ae31236: Replica aa0d62233d0a498886326226b4827f51 has failed: Network error: Client connection negotiation failed: client Connection to 127.245.143.1:43880: connect: Connection refused (error 111)
W0529 14:48:50.748735 65200 meta_cache.cc:164] Tablet 05b4fe7d1e414fb79249c14e6ae31236: Replica aa0d62233d0a498886326226b4827f51 has failed: Network error: Client connection negotiation failed: client Connection to 127.245.143.1:43880: connect: Connection refused (error 111)
W0529 14:48:50.762171 65200 meta_cache.cc:164] Tablet 05b4fe7d1e414fb79249c14e6ae31236: Replica aa0d62233d0a498886326226b4827f51 has failed: Network error: Client connection negotiation failed: client Connection to 127.245.143.1:43880: connect: Connection refused (error 111)
W0529 14:48:50.766898 65200 meta_cache.cc:164] Tablet 05b4fe7d1e414fb79249c14e6ae31236: Replica aa0d62233d0a498886326226b4827f51 has failed: Network error: Client connection negotiation failed: client Connection to 127.245.143.1:43880: connect: Connection refused (error 111)
W0529 14:48:50.782845 65200 meta_cache.cc:164] Tablet 05b4fe7d1e414fb79249c14e6ae31236: Replica aa0d62233d0a498886326226b4827f51 has failed: Network error: Client connection negotiation failed: client Connection to 127.245.143.1:43880: connect: Connection refused (error 111)
W0529 14:48:50.793372 65200 meta_cache.cc:164] Tablet 05b4fe7d1e414fb79249c14e6ae31236: Replica aa0d62233d0a498886326226b4827f51 has failed: Network error: Client connection negotiation failed: client Connection to 127.245.143.1:43880: connect: Connection refused (error 111)
W0529 14:48:50.794438 65200 meta_cache.cc:164] Tablet 05b4fe7d1e414fb79249c14e6ae31236: Replica aa0d62233d0a498886326226b4827f51 has failed: Network error: Client connection negotiation failed: client Connection to 127.245.143.1:43880: connect: Connection refused (error 111)
W0529 14:48:50.799327 65200 meta_cache.cc:164] Tablet 05b4fe7d1e414fb79249c14e6ae31236: Replica aa0d62233d0a498886326226b4827f51 has failed: Network error: Client connection negotiation failed: client Connection to 127.245.143.1:43880: connect: Connection refused (error 111)
W0529 14:48:50.818449 65200 meta_cache.cc:164] Tablet 05b4fe7d1e414fb79249c14e6ae31236: Replica aa0d62233d0a498886326226b4827f51 has failed: Network error: Client connection negotiation failed: client Connection to 127.245.143.1:43880: connect: Connection refused (error 111)
I0529 14:48:50.831918 65520 raft_consensus.cc:310] T 05b4fe7d1e414fb79249c14e6ae31236 P 3b7563857bb84965989d41eebdd82d5f [term 5 FOLLOWER]: Failure of peer election-timer detected. Triggering leader election
I0529 14:48:50.832397 65520 raft_consensus.cc:1528] T 05b4fe7d1e414fb79249c14e6ae31236 P 3b7563857bb84965989d41eebdd82d5f [term 5 FOLLOWER]: Advancing to term 6
W0529 14:48:50.833068 65200 meta_cache.cc:164] Tablet 05b4fe7d1e414fb79249c14e6ae31236: Replica aa0d62233d0a498886326226b4827f51 has failed: Network error: Client connection negotiation failed: client Connection to 127.245.143.1:43880: connect: Connection refused (error 111)
W0529 14:48:50.833456 65200 meta_cache.cc:164] Tablet 05b4fe7d1e414fb79249c14e6ae31236: Replica aa0d62233d0a498886326226b4827f51 has failed: Network error: Client connection negotiation failed: client Connection to 127.245.143.1:43880: connect: Connection refused (error 111)
W0529 14:48:50.833765 65200 meta_cache.cc:164] Tablet 05b4fe7d1e414fb79249c14e6ae31236: Replica aa0d62233d0a498886326226b4827f51 has failed: Network error: Client connection negotiation failed: client Connection to 127.245.143.1:43880: connect: Connection refused (error 111)
I0529 14:48:50.834808 65520 raft_consensus.cc:1478] T 05b4fe7d1e414fb79249c14e6ae31236 P 3b7563857bb84965989d41eebdd82d5f [term 6 FOLLOWER]: Snoozing failure detection for an additional: 0.365s
W0529 14:48:50.835031 65200 meta_cache.cc:164] Tablet 05b4fe7d1e414fb79249c14e6ae31236: Replica aa0d62233d0a498886326226b4827f51 has failed: Network error: Client connection negotiation failed: client Connection to 127.245.143.1:43880: connect: Connection refused (error 111)
I0529 14:48:50.834980 65520 raft_consensus.cc:273] T 05b4fe7d1e414fb79249c14e6ae31236 P 3b7563857bb84965989d41eebdd82d5f [term 6 FOLLOWER]: Starting election with quorum: opid_index: -1 local: false peers { permanent_uuid: "1f8655f18f7e4c6691f4c12ebb22fd06" member_type: VOTER last_known_addr { host: "127.245.143.2" port: 53754 } } peers { permanent_uuid: "aa0d62233d0a498886326226b4827f51" member_type: VOTER last_known_addr { host: "127.245.143.1" port: 43880 } } peers { permanent_uuid: "3b7563857bb84965989d41eebdd82d5f" member_type: VOTER last_known_addr { host: "127.245.143.0" port: 42480 } }
W0529 14:48:50.843691 65200 meta_cache.cc:164] Tablet 05b4fe7d1e414fb79249c14e6ae31236: Replica aa0d62233d0a498886326226b4827f51 has failed: Network error: Client connection negotiation failed: client Connection to 127.245.143.1:43880: connect: Connection refused (error 111)
I0529 14:48:50.848315 65520 leader_election.cc:194] T 05b4fe7d1e414fb79249c14e6ae31236 P 3b7563857bb84965989d41eebdd82d5f [CANDIDATE]: Term 6 election: Requesting vote from peer 1f8655f18f7e4c6691f4c12ebb22fd06
I0529 14:48:50.848714 65520 leader_election.cc:194] T 05b4fe7d1e414fb79249c14e6ae31236 P 3b7563857bb84965989d41eebdd82d5f [CANDIDATE]: Term 6 election: Requesting vote from peer aa0d62233d0a498886326226b4827f51
W0529 14:48:50.851526 65200 meta_cache.cc:164] Tablet 05b4fe7d1e414fb79249c14e6ae31236: Replica aa0d62233d0a498886326226b4827f51 has failed: Network error: Client connection negotiation failed: client Connection to 127.245.143.1:43880: connect: Connection refused (error 111)
W0529 14:48:50.853665 65200 meta_cache.cc:164] Tablet 05b4fe7d1e414fb79249c14e6ae31236: Replica aa0d62233d0a498886326226b4827f51 has failed: Network error: Client connection negotiation failed: client Connection to 127.245.143.1:43880: connect: Connection refused (error 111)
W0529 14:48:50.854123 64430 leader_election.cc:241] T 05b4fe7d1e414fb79249c14e6ae31236 P 3b7563857bb84965989d41eebdd82d5f [CANDIDATE]: Term 6 election: RPC error from VoteRequest() call to peer aa0d62233d0a498886326226b4827f51: Network error: Client connection negotiation failed: client Connection to 127.245.143.1:43880: connect: Connection refused (error 111)
I0529 14:48:50.858001 1031 raft_consensus.cc:1528] T 05b4fe7d1e414fb79249c14e6ae31236 P 1f8655f18f7e4c6691f4c12ebb22fd06 [term 2 FOLLOWER]: Advancing to term 6
I0529 14:48:50.860312 1031 raft_consensus.cc:1478] T 05b4fe7d1e414fb79249c14e6ae31236 P 1f8655f18f7e4c6691f4c12ebb22fd06 [term 6 FOLLOWER]: Snoozing failure detection for an additional: 0.423s
W0529 14:48:50.861455 65200 meta_cache.cc:164] Tablet 05b4fe7d1e414fb79249c14e6ae31236: Replica aa0d62233d0a498886326226b4827f51 has failed: Network error: Client connection negotiation failed: client Connection to 127.245.143.1:43880: connect: Connection refused (error 111)
W0529 14:48:50.861707 65200 meta_cache.cc:164] Tablet 05b4fe7d1e414fb79249c14e6ae31236: Replica aa0d62233d0a498886326226b4827f51 has failed: Network error: Client connection negotiation failed: client Connection to 127.245.143.1:43880: connect: Connection refused (error 111)
I0529 14:48:50.866770 1031 raft_consensus.cc:1261] T 05b4fe7d1e414fb79249c14e6ae31236 P 1f8655f18f7e4c6691f4c12ebb22fd06 [term 6 FOLLOWER]: Leader election vote request: Granting yes vote for candidate 3b7563857bb84965989d41eebdd82d5f in term 6.
I0529 14:48:50.867931 64428 leader_election.cc:313] T 05b4fe7d1e414fb79249c14e6ae31236 P 3b7563857bb84965989d41eebdd82d5f [CANDIDATE]: Term 6 election: Vote granted by peer 1f8655f18f7e4c6691f4c12ebb22fd06
I0529 14:48:50.868129 64428 leader_election.cc:214] T 05b4fe7d1e414fb79249c14e6ae31236 P 3b7563857bb84965989d41eebdd82d5f [CANDIDATE]: Term 6 election: Election decided. Result: candidate won.
I0529 14:48:50.868829 970 raft_consensus.cc:1478] T 05b4fe7d1e414fb79249c14e6ae31236 P 3b7563857bb84965989d41eebdd82d5f [term 6 FOLLOWER]: Snoozing failure detection for an additional: 0.350s
I0529 14:48:50.869163 970 raft_consensus.cc:1396] T 05b4fe7d1e414fb79249c14e6ae31236 P 3b7563857bb84965989d41eebdd82d5f [term 6 FOLLOWER]: Leader election won for term 6
I0529 14:48:50.871306 970 raft_consensus.cc:323] T 05b4fe7d1e414fb79249c14e6ae31236 P 3b7563857bb84965989d41eebdd82d5f [term 6 LEADER]: Becoming Leader. State: Replica: 3b7563857bb84965989d41eebdd82d5f, State: 1, Role: LEADER Watermarks: {Received: term: 5 index: 38 Committed: term: 2 index: 25}
I0529 14:48:50.872143 970 consensus_queue.cc:109] T 05b4fe7d1e414fb79249c14e6ae31236 P 3b7563857bb84965989d41eebdd82d5f [LEADER]: queue going to LEADER mode. State: All replicated op: 5.38, Majority replicated op: 2.25, Committed index: 2.25, Last appended: 5.38, Current term: 6, Majority size: 2, State: 1, Mode: LEADER
W0529 14:48:50.875133 65200 meta_cache.cc:164] Tablet 05b4fe7d1e414fb79249c14e6ae31236: Replica aa0d62233d0a498886326226b4827f51 has failed: Network error: Client connection negotiation failed: client Connection to 127.245.143.1:43880: connect: Connection refused (error 111)
W0529 14:48:50.876425 65200 meta_cache.cc:164] Tablet 05b4fe7d1e414fb79249c14e6ae31236: Replica aa0d62233d0a498886326226b4827f51 has failed: Network error: Client connection negotiation failed: client Connection to 127.245.143.1:43880: connect: Connection refused (error 111)
W0529 14:48:50.880921 1365 raft_consensus_state.cc:430] T 05b4fe7d1e414fb79249c14e6ae31236 P 3b7563857bb84965989d41eebdd82d5f [term 6 LEADER]: Can't advance the committed index across term boundaries until operations from the current term are replicated. Last committed operation was: term: 2 index: 25, New majority replicated is: term: 2 index: 25, Current term is: 6
W0529 14:48:50.881969 1361 fault_injection.cc:19] FAULT INJECTION ENABLED!
W0529 14:48:50.882056 1365 raft_consensus_state.cc:430] T 05b4fe7d1e414fb79249c14e6ae31236 P 3b7563857bb84965989d41eebdd82d5f [term 6 LEADER]: Can't advance the committed index across term boundaries until operations from the current term are replicated. Last committed operation was: term: 2 index: 25, New majority replicated is: term: 2 index: 25, Current term is: 6
W0529 14:48:50.882184 1361 fault_injection.cc:20] THIS SERVER MAY CRASH!
I0529 14:48:50.882354 64258 catalog_manager.cc:1393] Tablet: 05b4fe7d1e414fb79249c14e6ae31236 reported consensus state change. New consensus state: current_term: 6 leader_uuid: "3b7563857bb84965989d41eebdd82d5f" quorum { opid_index: -1 local: false peers { permanent_uuid: "1f8655f18f7e4c6691f4c12ebb22fd06" member_type: VOTER last_known_addr { host: "127.245.143.2" port: 53754 } } peers { permanent_uuid: "aa0d62233d0a498886326226b4827f51" member_type: VOTER last_known_addr { host: "127.245.143.1" port: 43880 } } peers { permanent_uuid: "3b7563857bb84965989d41eebdd82d5f" member_type: VOTER last_known_addr { host: "127.245.143.0" port: 42480 } } }
I0529 14:48:50.884436 65428 log.cc:547] T 05b4fe7d1e414fb79249c14e6ae31236: Injecting 8ms of latency in Log::Sync()
W0529 14:48:50.884624 64430 consensus_peers.cc:216] T 05b4fe7d1e414fb79249c14e6ae31236 P 3b7563857bb84965989d41eebdd82d5f: Couldn't send request to peer aa0d62233d0a498886326226b4827f51 for tablet 05b4fe7d1e414fb79249c14e6ae31236 Status: Network error: Client connection negotiation failed: client Connection to 127.245.143.1:43880: connect: Connection refused (error 111). Retrying in the next heartbeat period. Already tried 1 times.
I0529 14:48:50.884861 1032 raft_consensus.cc:627] T 05b4fe7d1e414fb79249c14e6ae31236 P 1f8655f18f7e4c6691f4c12ebb22fd06 [term 6 FOLLOWER]: Refusing update from remote peer 3b7563857bb84965989d41eebdd82d5f: Log matching property violated. Preceding OpId in replica: term: 2 index: 28. Preceding OpId from leader: term: 6 index: 40. (index mismatch)
W0529 14:48:50.885907 65200 meta_cache.cc:164] Tablet 05b4fe7d1e414fb79249c14e6ae31236: Replica aa0d62233d0a498886326226b4827f51 has failed: Network error: Client connection negotiation failed: client Connection to 127.245.143.1:43880: connect: Connection refused (error 111)
I0529 14:48:50.886464 970 consensus_queue.cc:420] T 05b4fe7d1e414fb79249c14e6ae31236 P 3b7563857bb84965989d41eebdd82d5f [LEADER]: Connected to new peer: Peer: 1f8655f18f7e4c6691f4c12ebb22fd06, Is new: false, Last received: 2.28, Next index: 29, Last known committed idx: 25, Last exchange result: ERROR
W0529 14:48:50.893075 1365 raft_consensus_state.cc:430] T 05b4fe7d1e414fb79249c14e6ae31236 P 3b7563857bb84965989d41eebdd82d5f [term 6 LEADER]: Can't advance the committed index across term boundaries until operations from the current term are replicated. Last committed operation was: term: 2 index: 25, New majority replicated is: term: 2 index: 25, Current term is: 6
W0529 14:48:50.900008 1365 raft_consensus_state.cc:430] T 05b4fe7d1e414fb79249c14e6ae31236 P 3b7563857bb84965989d41eebdd82d5f [term 6 LEADER]: Can't advance the committed index across term boundaries until operations from the current term are replicated. Last committed operation was: term: 2 index: 25, New majority replicated is: term: 2 index: 25, Current term is: 6
I0529 14:48:50.907076 65428 log.cc:547] T 05b4fe7d1e414fb79249c14e6ae31236: Injecting 99ms of latency in Log::Sync()
F0529 14:48:50.912734 1361 fault_injection.cc:36] Injected fault: FLAGS_fault_crash_on_leader_request_fraction *** Check failure stack trace: ***
I0529 14:48:50.923544 1282 tablet_server_main.cc:38] Initializing tablet server...
W0529 14:48:50.930147 65200 meta_cache.cc:164] Tablet 05b4fe7d1e414fb79249c14e6ae31236: Replica aa0d62233d0a498886326226b4827f51 has failed: Network error: Client connection negotiation failed: client Connection to 127.245.143.1:43880: connect: Connection refused (error 111)
I0529 14:48:50.964462 1282 fs_manager.cc:198] Opened local filesystem: /tmp/kudutest-4099/raft_consensus-itest.RaftConsensusITest.InsertWithCrashyNodes.1432936117609050-62863/raft_consensus-itest-cluster/ts-1 uuid: "aa0d62233d0a498886326226b4827f51" format_stamp: "Formatted at 2015-05-29 21:48:44 on e1205.halxg.cloudera.com"
W0529 14:48:50.980090 65198 connection.cc:379] client Connection to 127.245.143.0:42480 recv error: Network error: recv error: Connection reset by peer (error 104)
W0529 14:48:50.980936 65198 meta_cache.cc:164] Tablet 05b4fe7d1e414fb79249c14e6ae31236: Replica 3b7563857bb84965989d41eebdd82d5f has failed: Network error: recv error: Connection reset by peer (error 104)
W0529 14:48:50.981297 65198 meta_cache.cc:164] Tablet 05b4fe7d1e414fb79249c14e6ae31236: Replica 3b7563857bb84965989d41eebdd82d5f has failed: Network error: recv error: Connection reset by peer (error 104)
W0529 14:48:50.981600 65198 meta_cache.cc:164] Tablet 05b4fe7d1e414fb79249c14e6ae31236: Replica 3b7563857bb84965989d41eebdd82d5f has failed: Network error: recv error: Connection reset by peer (error 104)
W0529 14:48:50.981941 65198 meta_cache.cc:164] Tablet 05b4fe7d1e414fb79249c14e6ae31236: Replica 3b7563857bb84965989d41eebdd82d5f has failed: Network error: recv error: Connection reset by peer (error 104)
W0529 14:48:50.982343 65198 meta_cache.cc:164] Tablet 05b4fe7d1e414fb79249c14e6ae31236: Replica 3b7563857bb84965989d41eebdd82d5f has failed: Network error: recv error: Connection reset by peer (error 104)
W0529 14:48:50.982704 65198 meta_cache.cc:164] Tablet 05b4fe7d1e414fb79249c14e6ae31236: Replica 3b7563857bb84965989d41eebdd82d5f has failed: Network error: recv error: Connection reset by peer (error 104)
W0529 14:48:50.983171 65198 meta_cache.cc:164] Tablet 05b4fe7d1e414fb79249c14e6ae31236: Replica 3b7563857bb84965989d41eebdd82d5f has failed: Network error: recv error: Connection reset by peer (error 104)
W0529 14:48:50.983635 65198 meta_cache.cc:164] Tablet 05b4fe7d1e414fb79249c14e6ae31236: Replica 3b7563857bb84965989d41eebdd82d5f has failed: Network error: recv error: Connection reset by peer (error 104)
W0529 14:48:50.983903 65198 meta_cache.cc:164] Tablet 05b4fe7d1e414fb79249c14e6ae31236: Replica 3b7563857bb84965989d41eebdd82d5f has failed: Network error: recv error: Connection reset by peer (error 104)
W0529 14:48:50.984307 65198 meta_cache.cc:164] Tablet 05b4fe7d1e414fb79249c14e6ae31236: Replica 3b7563857bb84965989d41eebdd82d5f has failed: Network error: recv error: Connection reset by peer (error 104)
W0529 14:48:51.026571 65200 meta_cache.cc:164] Tablet 05b4fe7d1e414fb79249c14e6ae31236: Replica aa0d62233d0a498886326226b4827f51 has failed: Network error: Client connection negotiation failed: client Connection to 127.245.143.1:43880: connect: Connection refused (error 111)
I0529 14:48:51.037317 1282 ts_tablet_manager.cc:261] Loading tablet 05b4fe7d1e414fb79249c14e6ae31236
W0529 14:48:51.040119 65198 meta_cache.cc:164] Tablet 05b4fe7d1e414fb79249c14e6ae31236: Replica 3b7563857bb84965989d41eebdd82d5f has failed: Network error: Client connection negotiation failed: client Connection to 127.245.143.0:42480: connect: Connection refused (error 111)
W0529 14:48:51.040501 65198 meta_cache.cc:164] Tablet 05b4fe7d1e414fb79249c14e6ae31236: Replica 3b7563857bb84965989d41eebdd82d5f has failed: Network error: Client connection negotiation failed: client Connection to 127.245.143.0:42480: connect: Connection refused (error 111)
W0529 14:48:51.040837 65198 meta_cache.cc:164] Tablet 05b4fe7d1e414fb79249c14e6ae31236: Replica 3b7563857bb84965989d41eebdd82d5f has failed: Network error: Client connection negotiation failed: client Connection to 127.245.143.0:42480: connect: Connection refused (error 111)
W0529 14:48:51.041154 65198 meta_cache.cc:164] Tablet 05b4fe7d1e414fb79249c14e6ae31236: Replica 3b7563857bb84965989d41eebdd82d5f has failed: Network error: Client connection negotiation failed: client Connection to 127.245.143.0:42480: connect: Connection refused (error 111)
I0529 14:48:51.044013 1282 ts_tablet_manager.cc:406] Registered tablet 05b4fe7d1e414fb79249c14e6ae31236
W0529 14:48:51.044406 65200 meta_cache.cc:164] Tablet 05b4fe7d1e414fb79249c14e6ae31236: Replica aa0d62233d0a498886326226b4827f51 has failed: Network error: Client connection negotiation failed: client Connection to 127.245.143.1:43880: connect: Connection refused (error 111)
W0529 14:48:51.049136 65198 meta_cache.cc:164] Tablet 05b4fe7d1e414fb79249c14e6ae31236: Replica 3b7563857bb84965989d41eebdd82d5f has failed: Network error: Client connection negotiation failed: client Connection to 127.245.143.0:42480: connect: Connection refused (error 111)
W0529 14:48:51.067859 65200 meta_cache.cc:164] Tablet 05b4fe7d1e414fb79249c14e6ae31236: Replica aa0d62233d0a498886326226b4827f51 has failed: Network error: Client connection negotiation failed: client Connection to 127.245.143.1:43880: connect: Connection refused (error 111)
W0529 14:48:51.084699 65198 meta_cache.cc:164] Tablet 05b4fe7d1e414fb79249c14e6ae31236: Replica 3b7563857bb84965989d41eebdd82d5f has failed: Network error: Client connection negotiation failed: client Connection to 127.245.143.0:42480: connect: Connection refused (error 111)
W0529 14:48:51.092363 65200 meta_cache.cc:164] Tablet 05b4fe7d1e414fb79249c14e6ae31236: Replica aa0d62233d0a498886326226b4827f51 has failed: Network error: Client connection negotiation failed: client Connection to 127.245.143.1:43880: connect: Connection refused (error 111)
W0529 14:48:51.100493 65198 meta_cache.cc:164] Tablet 05b4fe7d1e414fb79249c14e6ae31236: Replica 3b7563857bb84965989d41eebdd82d5f has failed: Network error: Client connection negotiation failed: client Connection to 127.245.143.0:42480: connect: Connection refused (error 111)
W0529 14:48:51.102682 65198 meta_cache.cc:164] Tablet 05b4fe7d1e414fb79249c14e6ae31236: Replica 3b7563857bb84965989d41eebdd82d5f has failed: Network error: Client connection negotiation failed: client Connection to 127.245.143.0:42480: connect: Connection refused (error 111)
W0529 14:48:51.102995 65198 meta_cache.cc:164] Tablet 05b4fe7d1e414fb79249c14e6ae31236: Replica 3b7563857bb84965989d41eebdd82d5f has failed: Network error: Client connection negotiation failed: client Connection to 127.245.143.0:42480: connect: Connection refused (error 111)
W0529 14:48:51.110489 65200 meta_cache.cc:164] Tablet 05b4fe7d1e414fb79249c14e6ae31236: Replica aa0d62233d0a498886326226b4827f51 has failed: Network error: Client connection negotiation failed: client Connection to 127.245.143.1:43880: connect: Connection refused (error 111)
W0529 14:48:51.121037 65198 meta_cache.cc:164] Tablet 05b4fe7d1e414fb79249c14e6ae31236: Replica 3b7563857bb84965989d41eebdd82d5f has failed: Network error: Client connection negotiation failed: client Connection to 127.245.143.0:42480: connect: Connection refused (error 111)
W0529 14:48:51.128017 65200 meta_cache.cc:164] Tablet 05b4fe7d1e414fb79249c14e6ae31236: Replica aa0d62233d0a498886326226b4827f51 has failed: Network error: Client connection negotiation failed: client Connection to 127.245.143.1:43880: connect: Connection refused (error 111)
W0529 14:48:51.133906 65198 meta_cache.cc:164] Tablet 05b4fe7d1e414fb79249c14e6ae31236: Replica 3b7563857bb84965989d41eebdd82d5f has failed: Network error: Client connection negotiation failed: client Connection to 127.245.143.0:42480: connect: Connection refused (error 111)
W0529 14:48:51.134207 65198 meta_cache.cc:164] Tablet 05b4fe7d1e414fb79249c14e6ae31236: Replica 3b7563857bb84965989d41eebdd82d5f has failed: Network error: Client connection negotiation failed: client Connection to 127.245.143.0:42480: connect: Connection refused (error 111)
W0529 14:48:51.135603 65198 meta_cache.cc:164] Tablet 05b4fe7d1e414fb79249c14e6ae31236: Replica 3b7563857bb84965989d41eebdd82d5f has failed: Network error: Client connection negotiation failed: client Connection to 127.245.143.0:42480: connect: Connection refused (error 111)
W0529 14:48:51.138335 65200 meta_cache.cc:164] Tablet 05b4fe7d1e414fb79249c14e6ae31236: Replica aa0d62233d0a498886326226b4827f51 has failed: Network error: Client connection negotiation failed: client Connection to 127.245.143.1:43880: connect: Connection refused (error 111)
W0529 14:48:51.143201 65198 meta_cache.cc:164] Tablet 05b4fe7d1e414fb79249c14e6ae31236: Replica 3b7563857bb84965989d41eebdd82d5f has failed: Network error: Client connection negotiation failed: client Connection to 127.245.143.0:42480: connect: Connection refused (error 111)
W0529 14:48:51.153791 65200 meta_cache.cc:164] Tablet 05b4fe7d1e414fb79249c14e6ae31236: Replica aa0d62233d0a498886326226b4827f51 has failed: Network error: Client connection negotiation failed: client Connection to 127.245.143.1:43880: connect: Connection refused (error 111)
W0529 14:48:51.167058 65198 meta_cache.cc:164] Tablet 05b4fe7d1e414fb79249c14e6ae31236: Replica 3b7563857bb84965989d41eebdd82d5f has failed: Network error: Client connection negotiation failed: client Connection to 127.245.143.0:42480: connect: Connection refused (error 111)
W0529 14:48:51.171120 65198 meta_cache.cc:164] Tablet 05b4fe7d1e414fb79249c14e6ae31236: Replica 3b7563857bb84965989d41eebdd82d5f has failed: Network error: Client connection negotiation failed: client Connection to 127.245.143.0:42480: connect: Connection refused (error 111)
W0529 14:48:51.178020 65200 meta_cache.cc:164] Tablet 05b4fe7d1e414fb79249c14e6ae31236: Replica aa0d62233d0a498886326226b4827f51 has failed: Network error: Client connection negotiation failed: client Connection to 127.245.143.1:43880: connect: Connection refused (error 111)
W0529 14:48:51.187762 65198 meta_cache.cc:164] Tablet 05b4fe7d1e414fb79249c14e6ae31236: Replica 3b7563857bb84965989d41eebdd82d5f has failed: Network error: Client connection negotiation failed: client Connection to 127.245.143.0:42480: connect: Connection refused (error 111)
W0529 14:48:51.188045 65198 meta_cache.cc:164] Tablet 05b4fe7d1e414fb79249c14e6ae31236: Replica 3b7563857bb84965989d41eebdd82d5f has failed: Network error: Client connection negotiation failed: client Connection to 127.245.143.0:42480: connect: Connection refused (error 111)
W0529 14:48:51.196038 65200 meta_cache.cc:164] Tablet 05b4fe7d1e414fb79249c14e6ae31236: Replica aa0d62233d0a498886326226b4827f51 has failed: Network error: Client connection negotiation failed: client Connection to 127.245.143.1:43880: connect: Connection refused (error 111)
W0529 14:48:51.214207 65198 meta_cache.cc:164] Tablet 05b4fe7d1e414fb79249c14e6ae31236: Replica 3b7563857bb84965989d41eebdd82d5f has failed: Network error: Client connection negotiation failed: client Connection to 127.245.143.0:42480: connect: Connection refused (error 111)
W0529 14:48:51.214485 65198 meta_cache.cc:164] Tablet 05b4fe7d1e414fb79249c14e6ae31236: Replica 3b7563857bb84965989d41eebdd82d5f has failed: Network error: Client connection negotiation failed: client Connection to 127.245.143.0:42480: connect: Connection refused (error 111)
W0529 14:48:51.216734 65200 meta_cache.cc:164] Tablet 05b4fe7d1e414fb79249c14e6ae31236: Replica aa0d62233d0a498886326226b4827f51 has failed: Network error: Client connection negotiation failed: client Connection to 127.245.143.1:43880: connect: Connection refused (error 111)
I0529 14:48:51.218536 1277 raft_consensus.cc:310] T 05b4fe7d1e414fb79249c14e6ae31236 P 1f8655f18f7e4c6691f4c12ebb22fd06 [term 6 FOLLOWER]: Failure of peer election-timer detected. Triggering leader election
I0529 14:48:51.219022 1277 raft_consensus.cc:1528] T 05b4fe7d1e414fb79249c14e6ae31236 P 1f8655f18f7e4c6691f4c12ebb22fd06 [term 6 FOLLOWER]: Advancing to term 7
I0529 14:48:51.221424 1277 raft_consensus.cc:1478] T 05b4fe7d1e414fb79249c14e6ae31236 P 1f8655f18f7e4c6691f4c12ebb22fd06 [term 7 FOLLOWER]: Snoozing failure detection for an additional: 0.428s
I0529 14:48:51.221688 1277 raft_consensus.cc:273] T 05b4fe7d1e414fb79249c14e6ae31236 P 1f8655f18f7e4c6691f4c12ebb22fd06 [term 7 FOLLOWER]: Starting election with quorum: opid_index: -1 local: false peers { permanent_uuid: "1f8655f18f7e4c6691f4c12ebb22fd06" member_type: VOTER last_known_addr { host: "127.245.143.2" port: 53754 } } peers { permanent_uuid: "aa0d62233d0a498886326226b4827f51" member_type: VOTER last_known_addr { host: "127.245.143.1" port: 43880 } } peers { permanent_uuid: "3b7563857bb84965989d41eebdd82d5f" member_type: VOTER last_known_addr { host: "127.245.143.0" port: 42480 } }
I0529 14:48:51.228229 1277 leader_election.cc:194] T 05b4fe7d1e414fb79249c14e6ae31236 P 1f8655f18f7e4c6691f4c12ebb22fd06 [CANDIDATE]: Term 7 election: Requesting vote from peer aa0d62233d0a498886326226b4827f51
I0529 14:48:51.228929 1277 leader_election.cc:194] T 05b4fe7d1e414fb79249c14e6ae31236 P 1f8655f18f7e4c6691f4c12ebb22fd06 [CANDIDATE]: Term 7 election: Requesting vote from peer 3b7563857bb84965989d41eebdd82d5f
W0529 14:48:51.231163 806 leader_election.cc:241] T 05b4fe7d1e414fb79249c14e6ae31236 P 1f8655f18f7e4c6691f4c12ebb22fd06 [CANDIDATE]: Term 7 election: RPC error from VoteRequest() call to peer aa0d62233d0a498886326226b4827f51: Network error: Client connection negotiation failed: client Connection to 127.245.143.1:43880: connect: Connection refused (error 111)
W0529 14:48:51.232131 804 leader_election.cc:241] T 05b4fe7d1e414fb79249c14e6ae31236 P 1f8655f18f7e4c6691f4c12ebb22fd06 [CANDIDATE]: Term 7 election: RPC error from VoteRequest() call to peer 3b7563857bb84965989d41eebdd82d5f: Network error: Client connection negotiation failed: client Connection to 127.245.143.0:42480: connect: Connection refused (error 111)
W0529 14:48:51.232261 65198 meta_cache.cc:164] Tablet 05b4fe7d1e414fb79249c14e6ae31236: Replica 3b7563857bb84965989d41eebdd82d5f has failed: Network error: Client connection negotiation failed: client Connection to 127.245.143.0:42480: connect: Connection refused (error 111)
I0529 14:48:51.232509 804 leader_election.cc:214] T 05b4fe7d1e414fb79249c14e6ae31236 P 1f8655f18f7e4c6691f4c12ebb22fd06 [CANDIDATE]: Term 7 election: Election decided. Result: candidate lost.
I0529 14:48:51.233664 1287 raft_consensus.cc:1478] T 05b4fe7d1e414fb79249c14e6ae31236 P 1f8655f18f7e4c6691f4c12ebb22fd06 [term 7 FOLLOWER]: Snoozing failure detection for an additional: 0.425s
W0529 14:48:51.233724 65200 meta_cache.cc:164] Tablet 05b4fe7d1e414fb79249c14e6ae31236: Replica aa0d62233d0a498886326226b4827f51 has failed: Network error: Client connection negotiation failed: client Connection to 127.245.143.1:43880: connect: Connection refused (error 111)
I0529 14:48:51.233940 1287 raft_consensus.cc:1358] T 05b4fe7d1e414fb79249c14e6ae31236 P 1f8655f18f7e4c6691f4c12ebb22fd06 [term 7 FOLLOWER]: Leader election lost for term 7. Reason: None given
W0529 14:48:51.246512 65198 meta_cache.cc:164] Tablet 05b4fe7d1e414fb79249c14e6ae31236: Replica 3b7563857bb84965989d41eebdd82d5f has failed: Network error: Client connection negotiation failed: client Connection to 127.245.143.0:42480: connect: Connection refused (error 111)
W0529 14:48:51.263262 65200 meta_cache.cc:164] Tablet 05b4fe7d1e414fb79249c14e6ae31236: Replica aa0d62233d0a498886326226b4827f51 has failed: Network error: Client connection negotiation failed: client Connection to 127.245.143.1:43880: connect: Connection refused (error 111)
W0529 14:48:51.264469 65200 meta_cache.cc:164] Tablet 05b4fe7d1e414fb79249c14e6ae31236: Replica aa0d62233d0a498886326226b4827f51 has failed: Network error: Client connection negotiation failed: client Connection to 127.245.143.1:43880: connect: Connection refused (error 111)
W0529 14:48:51.272683 65198 meta_cache.cc:164] Tablet 05b4fe7d1e414fb79249c14e6ae31236: Replica 3b7563857bb84965989d41eebdd82d5f has failed: Network error: Client connection negotiation failed: client Connection to 127.245.143.0:42480: connect: Connection refused (error 111)
W0529 14:48:51.278272 65198 meta_cache.cc:164] Tablet 05b4fe7d1e414fb79249c14e6ae31236: Replica 3b7563857bb84965989d41eebdd82d5f has failed: Network error: Client connection negotiation failed: client Connection to 127.245.143.0:42480: connect: Connection refused (error 111)
W0529 14:48:51.278507 65198 meta_cache.cc:164] Tablet 05b4fe7d1e414fb79249c14e6ae31236: Replica 3b7563857bb84965989d41eebdd82d5f has failed: Network error: Client connection negotiation failed: client Connection to 127.245.143.0:42480: connect: Connection refused (error 111)
W0529 14:48:51.279362 65198 meta_cache.cc:164] Tablet 05b4fe7d1e414fb79249c14e6ae31236: Replica 3b7563857bb84965989d41eebdd82d5f has failed: Network error: Client connection negotiation failed: client Connection to 127.245.143.0:42480: connect: Connection refused (error 111)
W0529 14:48:51.294596 65200 meta_cache.cc:164] Tablet 05b4fe7d1e414fb79249c14e6ae31236: Replica aa0d62233d0a498886326226b4827f51 has failed: Network error: Client connection negotiation failed: client Connection to 127.245.143.1:43880: connect: Connection refused (error 111)
W0529 14:48:51.303428 65198 meta_cache.cc:164] Tablet 05b4fe7d1e414fb79249c14e6ae31236: Replica 3b7563857bb84965989d41eebdd82d5f has failed: Network error: Client connection negotiation failed: client Connection to 127.245.143.0:42480: connect: Connection refused (error 111)
W0529 14:48:51.309989 65200 meta_cache.cc:164] Tablet 05b4fe7d1e414fb79249c14e6ae31236: Replica aa0d62233d0a498886326226b4827f51 has failed: Network error: Client connection negotiation failed: client Connection to 127.245.143.1:43880: connect: Connection refused (error 111)
W0529 14:48:51.325080 65198 meta_cache.cc:164] Tablet 05b4fe7d1e414fb79249c14e6ae31236: Replica 3b7563857bb84965989d41eebdd82d5f has failed: Network error: Client connection negotiation failed: client Connection to 127.245.143.0:42480: connect: Connection refused (error 111)
W0529 14:48:51.334745 65198 batcher.cc:429] Write(05b4fe7d1e414fb79249c14e6ae31236, 1 ops) failed: Timed out: Write(05b4fe7d1e414fb79249c14e6ae31236, 1 ops) timed out
W0529 14:48:51.334838 65200 meta_cache.cc:164] Tablet 05b4fe7d1e414fb79249c14e6ae31236: Replica aa0d62233d0a498886326226b4827f51 has failed: Network error: Client connection negotiation failed: client Connection to 127.245.143.1:43880: connect: Connection refused (error 111)
W0529 14:48:51.341096 65198 batcher.cc:429] Write(05b4fe7d1e414fb79249c14e6ae31236, 1 ops) failed: Timed out: Write(05b4fe7d1e414fb79249c14e6ae31236, 1 ops) timed out
W0529 14:48:51.343879 65198 meta_cache.cc:164] Tablet 05b4fe7d1e414fb79249c14e6ae31236: Replica 3b7563857bb84965989d41eebdd82d5f has failed: Network error: Client connection negotiation failed: client Connection to 127.245.143.0:42480: connect: Connection refused (error 111)
W0529 14:48:51.344364 65198 batcher.cc:429] Write(05b4fe7d1e414fb79249c14e6ae31236, 1 ops) failed: Timed out: Write(05b4fe7d1e414fb79249c14e6ae31236, 1 ops) timed out
W0529 14:48:51.347015 65200 meta_cache.cc:164] Tablet 05b4fe7d1e414fb79249c14e6ae31236: Replica aa0d62233d0a498886326226b4827f51 has failed: Network error: Client connection negotiation failed: client Connection to 127.245.143.1:43880: connect: Connection refused (error 111)
W0529 14:48:51.348285 65198 meta_cache.cc:164] Tablet 05b4fe7d1e414fb79249c14e6ae31236: Replica 3b7563857bb84965989d41eebdd82d5f has failed: Network error: Client connection negotiation failed: client Connection to 127.245.143.0:42480: connect: Connection refused (error 111)
W0529 14:48:51.352579 65198 meta_cache.cc:164] Tablet 05b4fe7d1e414fb79249c14e6ae31236: Replica 3b7563857bb84965989d41eebdd82d5f has failed: Network error: Client connection negotiation failed: client Connection to 127.245.143.0:42480: connect: Connection refused (error 111)
W0529 14:48:51.352846 65198 meta_cache.cc:164] Tablet 05b4fe7d1e414fb79249c14e6ae31236: Replica 3b7563857bb84965989d41eebdd82d5f has failed: Network error: Client connection negotiation failed: client Connection to 127.245.143.0:42480: connect: Connection refused (error 111)
W0529 14:48:51.359549 65198 batcher.cc:429] Write(05b4fe7d1e414fb79249c14e6ae31236, 1 ops) failed: Timed out: Write(05b4fe7d1e414fb79249c14e6ae31236, 1 ops) timed out
W0529 14:48:51.361634 65200 meta_cache.cc:164] Tablet 05b4fe7d1e414fb79249c14e6ae31236: Replica aa0d62233d0a498886326226b4827f51 has failed: Network error: Client connection negotiation failed: client Connection to 127.245.143.1:43880: connect: Connection refused (error 111)
W0529 14:48:51.362886 65200 meta_cache.cc:164] Tablet 05b4fe7d1e414fb79249c14e6ae31236: Replica aa0d62233d0a498886326226b4827f51 has failed: Network error: Client connection negotiation failed: client Connection to 127.245.143.1:43880: connect: Connection refused (error 111)
W0529 14:48:51.368860 65198 batcher.cc:429] Write(05b4fe7d1e414fb79249c14e6ae31236, 1 ops) failed: Timed out: Write(05b4fe7d1e414fb79249c14e6ae31236, 1 ops) timed out
W0529 14:48:51.369729 65198 batcher.cc:429] Write(05b4fe7d1e414fb79249c14e6ae31236, 1 ops) failed: Timed out: Write(05b4fe7d1e414fb79249c14e6ae31236, 1 ops) timed out
W0529 14:48:51.372122 65198 meta_cache.cc:498] GetTableLocations(test-workload, ) failed: Timed out: Call timed out
W0529 14:48:51.374478 65198 batcher.cc:429] Write(05b4fe7d1e414fb79249c14e6ae31236, 1 ops) failed: Timed out: Write(05b4fe7d1e414fb79249c14e6ae31236, 1 ops) timed out
W0529 14:48:51.375058 65198 batcher.cc:429] Write(05b4fe7d1e414fb79249c14e6ae31236, 1 ops) failed: Timed out: Write(05b4fe7d1e414fb79249c14e6ae31236, 1 ops) timed out
W0529 14:48:51.378203 65198 meta_cache.cc:164] Tablet 05b4fe7d1e414fb79249c14e6ae31236: Replica 3b7563857bb84965989d41eebdd82d5f has failed: Network error: Client connection negotiation failed: client Connection to 127.245.143.0:42480: connect: Connection refused (error 111)
W0529 14:48:51.379534 65198 meta_cache.cc:164] Tablet 05b4fe7d1e414fb79249c14e6ae31236: Replica 3b7563857bb84965989d41eebdd82d5f has failed: Network error: Client connection negotiation failed: client Connection to 127.245.143.0:42480: connect: Connection refused (error 111)
W0529 14:48:51.379787 65198 meta_cache.cc:164] Tablet 05b4fe7d1e414fb79249c14e6ae31236: Replica 3b7563857bb84965989d41eebdd82d5f has failed: Network error: Client connection negotiation failed: client Connection to 127.245.143.0:42480: connect: Connection refused (error 111)
W0529 14:48:51.382676 65198 meta_cache.cc:164] Tablet 05b4fe7d1e414fb79249c14e6ae31236: Replica 3b7563857bb84965989d41eebdd82d5f has failed: Network error: Client connection negotiation failed: client Connection to 127.245.143.0:42480: connect: Connection refused (error 111)
W0529 14:48:51.383862 65198 meta_cache.cc:164] Tablet 05b4fe7d1e414fb79249c14e6ae31236: Replica 3b7563857bb84965989d41eebdd82d5f has failed: Network error: Client connection negotiation failed: client Connection to 127.245.143.0:42480: connect: Connection refused (error 111)
W0529 14:48:51.384115 65198 meta_cache.cc:164] Tablet 05b4fe7d1e414fb79249c14e6ae31236: Replica 3b7563857bb84965989d41eebdd82d5f has failed: Network error: Client connection negotiation failed: client Connection to 127.245.143.0:42480: connect: Connection refused (error 111)
W0529 14:48:51.385865 65200 meta_cache.cc:164] Tablet 05b4fe7d1e414fb79249c14e6ae31236: Replica aa0d62233d0a498886326226b4827f51 has failed: Network error: Client connection negotiation failed: client Connection to 127.245.143.1:43880: connect: Connection refused (error 111)
W0529 14:48:51.393173 65198 meta_cache.cc:164] Tablet 05b4fe7d1e414fb79249c14e6ae31236: Replica 3b7563857bb84965989d41eebdd82d5f has failed: Network error: Client connection negotiation failed: client Connection to 127.245.143.0:42480: connect: Connection refused (error 111)
W0529 14:48:51.394544 65200 meta_cache.cc:164] Tablet 05b4fe7d1e414fb79249c14e6ae31236: Replica aa0d62233d0a498886326226b4827f51 has failed: Network error: Client connection negotiation failed: client Connection to 127.245.143.1:43880: connect: Connection refused (error 111)
W0529 14:48:51.395637 65200 meta_cache.cc:164] Tablet 05b4fe7d1e414fb79249c14e6ae31236: Replica aa0d62233d0a498886326226b4827f51 has failed: Network error: Client connection negotiation failed: client Connection to 127.245.143.1:43880: connect: Connection refused (error 111)
