W0529 14:48:52.259982 65198 meta_cache.cc:164] Tablet 05b4fe7d1e414fb79249c14e6ae31236: Replica 3b7563857bb84965989d41eebdd82d5f has failed: Network error: Client connection negotiation failed: client Connection to 127.245.143.0:42480: connect: Connection refused (error 111)
W0529 14:48:52.262295 65198 meta_cache.cc:164] Tablet 05b4fe7d1e414fb79249c14e6ae31236: Replica 3b7563857bb84965989d41eebdd82d5f has failed: Network error: Client connection negotiation failed: client Connection to 127.245.143.0:42480: connect: Connection refused (error 111)
W0529 14:48:52.262665 65198 meta_cache.cc:164] Tablet 05b4fe7d1e414fb79249c14e6ae31236: Replica 3b7563857bb84965989d41eebdd82d5f has failed: Network error: Client connection negotiation failed: client Connection to 127.245.143.0:42480: connect: Connection refused (error 111)
W0529 14:48:52.278282 65198 meta_cache.cc:164] Tablet 05b4fe7d1e414fb79249c14e6ae31236: Replica 3b7563857bb84965989d41eebdd82d5f has failed: Network error: Client connection negotiation failed: client Connection to 127.245.143.0:42480: connect: Connection refused (error 111)
W0529 14:48:52.310323 65198 meta_cache.cc:164] Tablet 05b4fe7d1e414fb79249c14e6ae31236: Replica 3b7563857bb84965989d41eebdd82d5f has failed: Network error: Client connection negotiation failed: client Connection to 127.245.143.0:42480: connect: Connection refused (error 111)
W0529 14:48:52.333044 65198 meta_cache.cc:164] Tablet 05b4fe7d1e414fb79249c14e6ae31236: Replica 3b7563857bb84965989d41eebdd82d5f has failed: Network error: Client connection negotiation failed: client Connection to 127.245.143.0:42480: connect: Connection refused (error 111)
W0529 14:48:52.334789 65198 meta_cache.cc:164] Tablet 05b4fe7d1e414fb79249c14e6ae31236: Replica 3b7563857bb84965989d41eebdd82d5f has failed: Network error: Client connection negotiation failed: client Connection to 127.245.143.0:42480: connect: Connection refused (error 111)
W0529 14:48:52.349649 65198 meta_cache.cc:164] Tablet 05b4fe7d1e414fb79249c14e6ae31236: Replica 3b7563857bb84965989d41eebdd82d5f has failed: Network error: Client connection negotiation failed: client Connection to 127.245.143.0:42480: connect: Connection refused (error 111)
I0529 14:48:52.352828 1646 raft_consensus.cc:310] T 05b4fe7d1e414fb79249c14e6ae31236 P aa0d62233d0a498886326226b4827f51 [term 5 FOLLOWER]: Failure of peer election-timer detected. Triggering leader election
I0529 14:48:52.353307 1646 raft_consensus.cc:1528] T 05b4fe7d1e414fb79249c14e6ae31236 P aa0d62233d0a498886326226b4827f51 [term 5 FOLLOWER]: Advancing to term 6
I0529 14:48:52.356143 1646 raft_consensus.cc:1478] T 05b4fe7d1e414fb79249c14e6ae31236 P aa0d62233d0a498886326226b4827f51 [term 6 FOLLOWER]: Snoozing failure detection for an additional: 0.304s
I0529 14:48:52.356613 1646 raft_consensus.cc:273] T 05b4fe7d1e414fb79249c14e6ae31236 P aa0d62233d0a498886326226b4827f51 [term 6 FOLLOWER]: Starting election with quorum: opid_index: -1 local: false peers { permanent_uuid: "1f8655f18f7e4c6691f4c12ebb22fd06" member_type: VOTER last_known_addr { host: "127.245.143.2" port: 53754 } } peers { permanent_uuid: "aa0d62233d0a498886326226b4827f51" member_type: VOTER last_known_addr { host: "127.245.143.1" port: 43880 } } peers { permanent_uuid: "3b7563857bb84965989d41eebdd82d5f" member_type: VOTER last_known_addr { host: "127.245.143.0" port: 42480 } }
W0529 14:48:52.359462 65198 batcher.cc:429] Write(05b4fe7d1e414fb79249c14e6ae31236, 1 ops) failed: Timed out: Write(05b4fe7d1e414fb79249c14e6ae31236, 1 ops) timed out
W0529 14:48:52.360887 65200 batcher.cc:429] Write(05b4fe7d1e414fb79249c14e6ae31236, 1 ops) failed: Timed out: Write(05b4fe7d1e414fb79249c14e6ae31236, 1 ops) timed out
W0529 14:48:52.362483 65198 meta_cache.cc:164] Tablet 05b4fe7d1e414fb79249c14e6ae31236: Replica 3b7563857bb84965989d41eebdd82d5f has failed: Network error: Client connection negotiation failed: client Connection to 127.245.143.0:42480: connect: Connection refused (error 111)
W0529 14:48:52.364259 65198 meta_cache.cc:164] Tablet 05b4fe7d1e414fb79249c14e6ae31236: Replica 3b7563857bb84965989d41eebdd82d5f has failed: Network error: Client connection negotiation failed: client Connection to 127.245.143.0:42480: connect: Connection refused (error 111)
W0529 14:48:52.371883 65198 meta_cache.cc:498] GetTableLocations(test-workload, ) failed: Timed out: Call timed out
W0529 14:48:52.376067 65198 batcher.cc:429] Write(05b4fe7d1e414fb79249c14e6ae31236, 1 ops) failed: Timed out: Write(05b4fe7d1e414fb79249c14e6ae31236, 1 ops) timed out
W0529 14:48:52.376451 65200 batcher.cc:429] Write(05b4fe7d1e414fb79249c14e6ae31236, 1 ops) failed: Timed out: Write(05b4fe7d1e414fb79249c14e6ae31236, 1 ops) timed out
W0529 14:48:52.377786 65198 meta_cache.cc:164] Tablet 05b4fe7d1e414fb79249c14e6ae31236: Replica 3b7563857bb84965989d41eebdd82d5f has failed: Network error: Client connection negotiation failed: client Connection to 127.245.143.0:42480: connect: Connection refused (error 111)
W0529 14:48:52.378263 65200 batcher.cc:429] Write(05b4fe7d1e414fb79249c14e6ae31236, 1 ops) failed: Timed out: Write(05b4fe7d1e414fb79249c14e6ae31236, 1 ops) timed out
W0529 14:48:52.379636 65198 meta_cache.cc:164] Tablet 05b4fe7d1e414fb79249c14e6ae31236: Replica 3b7563857bb84965989d41eebdd82d5f has failed: Network error: Client connection negotiation failed: client Connection to 127.245.143.0:42480: connect: Connection refused (error 111)
W0529 14:48:52.383306 65198 batcher.cc:429] Write(05b4fe7d1e414fb79249c14e6ae31236, 1 ops) failed: Timed out: Write(05b4fe7d1e414fb79249c14e6ae31236, 1 ops) timed out
W0529 14:48:52.406924 65198 batcher.cc:429] Write(05b4fe7d1e414fb79249c14e6ae31236, 1 ops) failed: Timed out: Write(05b4fe7d1e414fb79249c14e6ae31236, 1 ops) timed out
W0529 14:48:52.407943 65198 batcher.cc:429] Write(05b4fe7d1e414fb79249c14e6ae31236, 1 ops) failed: Timed out: Write(05b4fe7d1e414fb79249c14e6ae31236, 1 ops) timed out
I0529 14:48:52.415632 1646 leader_election.cc:194] T 05b4fe7d1e414fb79249c14e6ae31236 P aa0d62233d0a498886326226b4827f51 [CANDIDATE]: Term 6 election: Requesting vote from peer 1f8655f18f7e4c6691f4c12ebb22fd06
I0529 14:48:52.416173 1646 leader_election.cc:194] T 05b4fe7d1e414fb79249c14e6ae31236 P aa0d62233d0a498886326226b4827f51 [CANDIDATE]: Term 6 election: Requesting vote from peer 3b7563857bb84965989d41eebdd82d5f
W0529 14:48:52.420737 1375 leader_election.cc:241] T 05b4fe7d1e414fb79249c14e6ae31236 P aa0d62233d0a498886326226b4827f51 [CANDIDATE]: Term 6 election: RPC error from VoteRequest() call to peer 3b7563857bb84965989d41eebdd82d5f: Network error: Client connection negotiation failed: client Connection to 127.245.143.0:42480: connect: Connection refused (error 111)
I0529 14:48:52.423102 1034 raft_consensus.cc:1190] T 05b4fe7d1e414fb79249c14e6ae31236 P 1f8655f18f7e4c6691f4c12ebb22fd06 [term 8 FOLLOWER]: Leader election vote request: Denying vote to candidate aa0d62233d0a498886326226b4827f51 for earlier term 6. Current term is 8.
W0529 14:48:52.425246 1375 leader_election.cc:299] T 05b4fe7d1e414fb79249c14e6ae31236 P aa0d62233d0a498886326226b4827f51 [CANDIDATE]: Term 6 election: Vote denied by peer 1f8655f18f7e4c6691f4c12ebb22fd06 with higher term. Message: Invalid argument: T 05b4fe7d1e414fb79249c14e6ae31236 P 1f8655f18f7e4c6691f4c12ebb22fd06 [term 8 FOLLOWER]: Leader election vote request: Denying vote to candidate aa0d62233d0a498886326226b4827f51 for earlier term 6. Current term is 8.
I0529 14:48:52.425380 1375 leader_election.cc:302] T 05b4fe7d1e414fb79249c14e6ae31236 P aa0d62233d0a498886326226b4827f51 [CANDIDATE]: Term 6 election: Cancelling election due to peer responding with higher term
I0529 14:48:52.427098 1655 raft_consensus.cc:1478] T 05b4fe7d1e414fb79249c14e6ae31236 P aa0d62233d0a498886326226b4827f51 [term 6 FOLLOWER]: Snoozing failure detection for an additional: 0.431s
I0529 14:48:52.427376 1655 raft_consensus.cc:1358] T 05b4fe7d1e414fb79249c14e6ae31236 P aa0d62233d0a498886326226b4827f51 [term 6 FOLLOWER]: Leader election lost for term 6. Reason: Vote denied by peer 1f8655f18f7e4c6691f4c12ebb22fd06 with higher term. Message: Invalid argument: T 05b4fe7d1e414fb79249c14e6ae31236 P 1f8655f18f7e4c6691f4c12ebb22fd06 [term 8 FOLLOWER]: Leader election vote request: Denying vote to candidate aa0d62233d0a498886326226b4827f51 for earlier term 6. Current term is 8.
W0529 14:48:52.432950 65198 meta_cache.cc:164] Tablet 05b4fe7d1e414fb79249c14e6ae31236: Replica 3b7563857bb84965989d41eebdd82d5f has failed: Network error: Client connection negotiation failed: client Connection to 127.245.143.0:42480: connect: Connection refused (error 111)
I0529 14:48:52.434221 1653 ts_tablet_manager.cc:284] Bootstrapping tablet: 05b4fe7d1e414fb79249c14e6ae31236
I0529 14:48:52.435123 1617 tablet_server_main.cc:41] Starting tablet server...
W0529 14:48:52.436663 65198 meta_cache.cc:164] Tablet 05b4fe7d1e414fb79249c14e6ae31236: Replica 3b7563857bb84965989d41eebdd82d5f has failed: Network error: Client connection negotiation failed: client Connection to 127.245.143.0:42480: connect: Connection refused (error 111)
W0529 14:48:52.441023 65198 meta_cache.cc:164] Tablet 05b4fe7d1e414fb79249c14e6ae31236: Replica 3b7563857bb84965989d41eebdd82d5f has failed: Network error: Client connection negotiation failed: client Connection to 127.245.143.0:42480: connect: Connection refused (error 111)
I0529 14:48:52.442797 1653 tablet_bootstrap.cc:311] Tablet 05b4fe7d1e414fb79249c14e6ae31236: Bootstrap starting.
W0529 14:48:52.449054 65198 meta_cache.cc:164] Tablet 05b4fe7d1e414fb79249c14e6ae31236: Replica 3b7563857bb84965989d41eebdd82d5f has failed: Network error: Client connection negotiation failed: client Connection to 127.245.143.0:42480: connect: Connection refused (error 111)
W0529 14:48:52.449367 65198 meta_cache.cc:164] Tablet 05b4fe7d1e414fb79249c14e6ae31236: Replica 3b7563857bb84965989d41eebdd82d5f has failed: Network error: Client connection negotiation failed: client Connection to 127.245.143.0:42480: connect: Connection refused (error 111)
I0529 14:48:52.452147 1653 tablet_bootstrap.cc:472] Time spent opening tablet 05b4fe7d1e414fb79249c14e6ae31236: real 0.004s user 0.003s sys 0.001s
I0529 14:48:52.453814 1653 tablet_bootstrap.cc:549] Will attempt to recover log segment: /tmp/kudutest-4099/raft_consensus-itest.RaftConsensusITest.InsertWithCrashyNodes.1432936117609050-62863/raft_consensus-itest-cluster/ts-0/wals/05b4fe7d1e414fb79249c14e6ae31236/wal-000000001 to: /tmp/kudutest-4099/raft_consensus-itest.RaftConsensusITest.InsertWithCrashyNodes.1432936117609050-62863/raft_consensus-itest-cluster/ts-0/wals/05b4fe7d1e414fb79249c14e6ae31236.recovery/wal-000000001
I0529 14:48:52.454025 1653 tablet_bootstrap.cc:559] Moved log directory: /tmp/kudutest-4099/raft_consensus-itest.RaftConsensusITest.InsertWithCrashyNodes.1432936117609050-62863/raft_consensus-itest-cluster/ts-0/wals/05b4fe7d1e414fb79249c14e6ae31236 to recovery directory: /tmp/kudutest-4099/raft_consensus-itest.RaftConsensusITest.InsertWithCrashyNodes.1432936117609050-62863/raft_consensus-itest-cluster/ts-0/wals/05b4fe7d1e414fb79249c14e6ae31236.recovery
W0529 14:48:52.457787 65200 batcher.cc:429] Write(05b4fe7d1e414fb79249c14e6ae31236, 1 ops) failed: Timed out: Write(05b4fe7d1e414fb79249c14e6ae31236, 1 ops) timed out
W0529 14:48:52.459813 65200 batcher.cc:429] Write(05b4fe7d1e414fb79249c14e6ae31236, 1 ops) failed: Timed out: Write(05b4fe7d1e414fb79249c14e6ae31236, 1 ops) timed out
W0529 14:48:52.466114 1653 log_util.cc:149] Could not read footer for segment: /tmp/kudutest-4099/raft_consensus-itest.RaftConsensusITest.InsertWithCrashyNodes.1432936117609050-62863/raft_consensus-itest-cluster/ts-0/wals/05b4fe7d1e414fb79249c14e6ae31236.recovery/wal-000000001. Status: Not found: Footer not found. Footer magic doesn't match
W0529 14:48:52.466521 1653 log_reader.cc:138] Segment: /tmp/kudutest-4099/raft_consensus-itest.RaftConsensusITest.InsertWithCrashyNodes.1432936117609050-62863/raft_consensus-itest-cluster/ts-0/wals/05b4fe7d1e414fb79249c14e6ae31236.recovery/wal-000000001 was likely left in-progress after a previous crash. Will try to rebuild footer by scanning data
W0529 14:48:52.482244 65198 meta_cache.cc:164] Tablet 05b4fe7d1e414fb79249c14e6ae31236: Replica 3b7563857bb84965989d41eebdd82d5f has failed: Network error: Client connection negotiation failed: client Connection to 127.245.143.0:42480: connect: Connection refused (error 111)
I0529 14:48:52.482712 1653 log_util.cc:203] Successfully rebuilt footer for segment: /tmp/kudutest-4099/raft_consensus-itest.RaftConsensusITest.InsertWithCrashyNodes.1432936117609050-62863/raft_consensus-itest-cluster/ts-0/wals/05b4fe7d1e414fb79249c14e6ae31236.recovery/wal-000000001 (valid entries through byte offset 7974)
I0529 14:48:52.491192 1653 log.cc:277] Log is configured to *not* fsync() on all Append() calls
W0529 14:48:52.493060 65198 meta_cache.cc:164] Tablet 05b4fe7d1e414fb79249c14e6ae31236: Replica 3b7563857bb84965989d41eebdd82d5f has failed: Network error: Client connection negotiation failed: client Connection to 127.245.143.0:42480: connect: Connection refused (error 111)
W0529 14:48:52.493312 65198 meta_cache.cc:164] Tablet 05b4fe7d1e414fb79249c14e6ae31236: Replica 3b7563857bb84965989d41eebdd82d5f has failed: Network error: Client connection negotiation failed: client Connection to 127.245.143.0:42480: connect: Connection refused (error 111)
W0529 14:48:52.494799 65198 meta_cache.cc:164] Tablet 05b4fe7d1e414fb79249c14e6ae31236: Replica 3b7563857bb84965989d41eebdd82d5f has failed: Network error: Client connection negotiation failed: client Connection to 127.245.143.0:42480: connect: Connection refused (error 111)
W0529 14:48:52.500669 65198 meta_cache.cc:164] Tablet 05b4fe7d1e414fb79249c14e6ae31236: Replica 3b7563857bb84965989d41eebdd82d5f has failed: Network error: Client connection negotiation failed: client Connection to 127.245.143.0:42480: connect: Connection refused (error 111)
W0529 14:48:52.514994 65198 meta_cache.cc:164] Tablet 05b4fe7d1e414fb79249c14e6ae31236: Replica 3b7563857bb84965989d41eebdd82d5f has failed: Network error: Client connection negotiation failed: client Connection to 127.245.143.0:42480: connect: Connection refused (error 111)
W0529 14:48:52.519951 65198 meta_cache.cc:164] Tablet 05b4fe7d1e414fb79249c14e6ae31236: Replica 3b7563857bb84965989d41eebdd82d5f has failed: Network error: Client connection negotiation failed: client Connection to 127.245.143.0:42480: connect: Connection refused (error 111)
W0529 14:48:52.541517 65198 meta_cache.cc:164] Tablet 05b4fe7d1e414fb79249c14e6ae31236: Replica 3b7563857bb84965989d41eebdd82d5f has failed: Network error: Client connection negotiation failed: client Connection to 127.245.143.0:42480: connect: Connection refused (error 111)
W0529 14:48:52.554893 65198 meta_cache.cc:164] Tablet 05b4fe7d1e414fb79249c14e6ae31236: Replica 3b7563857bb84965989d41eebdd82d5f has failed: Network error: Client connection negotiation failed: client Connection to 127.245.143.0:42480: connect: Connection refused (error 111)
W0529 14:48:52.557802 65198 meta_cache.cc:164] Tablet 05b4fe7d1e414fb79249c14e6ae31236: Replica 3b7563857bb84965989d41eebdd82d5f has failed: Network error: Client connection negotiation failed: client Connection to 127.245.143.0:42480: connect: Connection refused (error 111)
W0529 14:48:52.565294 65198 meta_cache.cc:164] Tablet 05b4fe7d1e414fb79249c14e6ae31236: Replica 3b7563857bb84965989d41eebdd82d5f has failed: Network error: Client connection negotiation failed: client Connection to 127.245.143.0:42480: connect: Connection refused (error 111)
W0529 14:48:52.567034 65198 meta_cache.cc:164] Tablet 05b4fe7d1e414fb79249c14e6ae31236: Replica 3b7563857bb84965989d41eebdd82d5f has failed: Network error: Client connection negotiation failed: client Connection to 127.245.143.0:42480: connect: Connection refused (error 111)
W0529 14:48:52.579257 65198 meta_cache.cc:164] Tablet 05b4fe7d1e414fb79249c14e6ae31236: Replica 3b7563857bb84965989d41eebdd82d5f has failed: Network error: Client connection negotiation failed: client Connection to 127.245.143.0:42480: connect: Connection refused (error 111)
W0529 14:48:52.592485 65198 meta_cache.cc:164] Tablet 05b4fe7d1e414fb79249c14e6ae31236: Replica 3b7563857bb84965989d41eebdd82d5f has failed: Network error: Client connection negotiation failed: client Connection to 127.245.143.0:42480: connect: Connection refused (error 111)
W0529 14:48:52.616250 65198 meta_cache.cc:164] Tablet 05b4fe7d1e414fb79249c14e6ae31236: Replica 3b7563857bb84965989d41eebdd82d5f has failed: Network error: Client connection negotiation failed: client Connection to 127.245.143.0:42480: connect: Connection refused (error 111)
W0529 14:48:52.640651 65198 meta_cache.cc:164] Tablet 05b4fe7d1e414fb79249c14e6ae31236: Replica 3b7563857bb84965989d41eebdd82d5f has failed: Network error: Client connection negotiation failed: client Connection to 127.245.143.0:42480: connect: Connection refused (error 111)
W0529 14:48:52.657749 65198 meta_cache.cc:164] Tablet 05b4fe7d1e414fb79249c14e6ae31236: Replica 3b7563857bb84965989d41eebdd82d5f has failed: Network error: Client connection negotiation failed: client Connection to 127.245.143.0:42480: connect: Connection refused (error 111)
W0529 14:48:52.672540 65198 meta_cache.cc:164] Tablet 05b4fe7d1e414fb79249c14e6ae31236: Replica 3b7563857bb84965989d41eebdd82d5f has failed: Network error: Client connection negotiation failed: client Connection to 127.245.143.0:42480: connect: Connection refused (error 111)
W0529 14:48:52.673877 65198 meta_cache.cc:164] Tablet 05b4fe7d1e414fb79249c14e6ae31236: Replica 3b7563857bb84965989d41eebdd82d5f has failed: Network error: Client connection negotiation failed: client Connection to 127.245.143.0:42480: connect: Connection refused (error 111)
I0529 14:48:52.683570 1617 rpc_server.cc:110] RPC server started. Bound to: 127.245.143.0:42480
I0529 14:48:52.686353 1617 webserver.cc:108] Starting webserver on 127.245.143.0:41854
I0529 14:48:52.686486 1617 webserver.cc:117] Document root disabled
I0529 14:48:52.690103 1617 webserver.cc:200] Webserver started. Bound to: http://127.245.143.0:41854/
I0529 14:48:52.692227 1617 server_base.cc:201] Dumped server information to /tmp/kudutest-4099/raft_consensus-itest.RaftConsensusITest.InsertWithCrashyNodes.1432936117609050-62863/raft_consensus-itest-cluster/ts-0/info.pb
I0529 14:48:52.694795 1617 maintenance_manager.cc:114] MaintenanceManager: targeting memory size of 50.302254 GB
I0529 14:48:52.698745 1617 tablet_server_main.cc:44] Tablet server successfully started.
I0529 14:48:52.702101 62863 external_mini_cluster.cc:460] Started /home/todd/run_tha_testHSjhNC/build/fastdebug/kudu-tablet_server as pid 1617
I0529 14:48:52.711707 2000 heartbeater.cc:242] Connected to a leader master server at 127.0.0.1:59882
I0529 14:48:52.712347 2000 heartbeater.cc:312] Registering TS with master...
I0529 14:48:52.712887 2000 heartbeater.cc:318] Sending a full tablet report to master...
I0529 14:48:52.716243 64264 ts_manager.cc:71] Re-registered known tablet server { permanent_uuid: "3b7563857bb84965989d41eebdd82d5f" instance_seqno: 1432936132643029 } with Master
I0529 14:48:52.733907 1277 raft_consensus.cc:310] T 05b4fe7d1e414fb79249c14e6ae31236 P 1f8655f18f7e4c6691f4c12ebb22fd06 [term 8 FOLLOWER]: Failure of peer election-timer detected. Triggering leader election
I0529 14:48:52.734347 1277 raft_consensus.cc:1528] T 05b4fe7d1e414fb79249c14e6ae31236 P 1f8655f18f7e4c6691f4c12ebb22fd06 [term 8 FOLLOWER]: Advancing to term 9
I0529 14:48:52.736654 1277 raft_consensus.cc:1478] T 05b4fe7d1e414fb79249c14e6ae31236 P 1f8655f18f7e4c6691f4c12ebb22fd06 [term 9 FOLLOWER]: Snoozing failure detection for an additional: 0.547s
I0529 14:48:52.736876 1277 raft_consensus.cc:273] T 05b4fe7d1e414fb79249c14e6ae31236 P 1f8655f18f7e4c6691f4c12ebb22fd06 [term 9 FOLLOWER]: Starting election with quorum: opid_index: -1 local: false peers { permanent_uuid: "1f8655f18f7e4c6691f4c12ebb22fd06" member_type: VOTER last_known_addr { host: "127.245.143.2" port: 53754 } } peers { permanent_uuid: "aa0d62233d0a498886326226b4827f51" member_type: VOTER last_known_addr { host: "127.245.143.1" port: 43880 } } peers { permanent_uuid: "3b7563857bb84965989d41eebdd82d5f" member_type: VOTER last_known_addr { host: "127.245.143.0" port: 42480 } }
I0529 14:48:52.750165 1277 leader_election.cc:194] T 05b4fe7d1e414fb79249c14e6ae31236 P 1f8655f18f7e4c6691f4c12ebb22fd06 [CANDIDATE]: Term 9 election: Requesting vote from peer aa0d62233d0a498886326226b4827f51
I0529 14:48:52.750602 1277 leader_election.cc:194] T 05b4fe7d1e414fb79249c14e6ae31236 P 1f8655f18f7e4c6691f4c12ebb22fd06 [CANDIDATE]: Term 9 election: Requesting vote from peer 3b7563857bb84965989d41eebdd82d5f
I0529 14:48:52.752622 1510 raft_consensus.cc:1528] T 05b4fe7d1e414fb79249c14e6ae31236 P aa0d62233d0a498886326226b4827f51 [term 6 FOLLOWER]: Advancing to term 9
I0529 14:48:52.754458 1510 raft_consensus.cc:1478] T 05b4fe7d1e414fb79249c14e6ae31236 P aa0d62233d0a498886326226b4827f51 [term 9 FOLLOWER]: Snoozing failure detection for an additional: 0.418s
W0529 14:48:52.758522 804 leader_election.cc:247] T 05b4fe7d1e414fb79249c14e6ae31236 P 1f8655f18f7e4c6691f4c12ebb22fd06 [CANDIDATE]: Term 9 election: Tablet error from VoteRequest() call to peer 3b7563857bb84965989d41eebdd82d5f: Illegal state: Tablet not RUNNING: BOOTSTRAPPING
I0529 14:48:52.764618 1510 raft_consensus.cc:1261] T 05b4fe7d1e414fb79249c14e6ae31236 P aa0d62233d0a498886326226b4827f51 [term 9 FOLLOWER]: Leader election vote request: Granting yes vote for candidate 1f8655f18f7e4c6691f4c12ebb22fd06 in term 9.
I0529 14:48:52.765792 806 leader_election.cc:313] T 05b4fe7d1e414fb79249c14e6ae31236 P 1f8655f18f7e4c6691f4c12ebb22fd06 [CANDIDATE]: Term 9 election: Vote granted by peer aa0d62233d0a498886326226b4827f51
I0529 14:48:52.766089 806 leader_election.cc:214] T 05b4fe7d1e414fb79249c14e6ae31236 P 1f8655f18f7e4c6691f4c12ebb22fd06 [CANDIDATE]: Term 9 election: Election decided. Result: candidate won.
I0529 14:48:52.768298 2011 raft_consensus.cc:1478] T 05b4fe7d1e414fb79249c14e6ae31236 P 1f8655f18f7e4c6691f4c12ebb22fd06 [term 9 FOLLOWER]: Snoozing failure detection for an additional: 0.478s
I0529 14:48:52.768568 2011 raft_consensus.cc:1396] T 05b4fe7d1e414fb79249c14e6ae31236 P 1f8655f18f7e4c6691f4c12ebb22fd06 [term 9 FOLLOWER]: Leader election won for term 9
I0529 14:48:52.770395 2011 raft_consensus.cc:323] T 05b4fe7d1e414fb79249c14e6ae31236 P 1f8655f18f7e4c6691f4c12ebb22fd06 [term 9 LEADER]: Becoming Leader. State: Replica: 1f8655f18f7e4c6691f4c12ebb22fd06, State: 1, Role: LEADER Watermarks: {Received: term: 6 index: 41 Committed: term: 2 index: 25}
I0529 14:48:52.771200 2011 consensus_queue.cc:109] T 05b4fe7d1e414fb79249c14e6ae31236 P 1f8655f18f7e4c6691f4c12ebb22fd06 [LEADER]: queue going to LEADER mode. State: All replicated op: 6.41, Majority replicated op: 2.25, Committed index: 2.25, Last appended: 6.41, Current term: 9, Majority size: 2, State: 1, Mode: LEADER
I0529 14:48:52.782161 993 log.cc:547] T 05b4fe7d1e414fb79249c14e6ae31236: Injecting 11ms of latency in Log::Sync()
I0529 14:48:52.786738 64260 catalog_manager.cc:1393] Tablet: 05b4fe7d1e414fb79249c14e6ae31236 reported consensus state change. New consensus state: current_term: 9 leader_uuid: "1f8655f18f7e4c6691f4c12ebb22fd06" quorum { opid_index: -1 local: false peers { permanent_uuid: "1f8655f18f7e4c6691f4c12ebb22fd06" member_type: VOTER last_known_addr { host: "127.245.143.2" port: 53754 } } peers { permanent_uuid: "aa0d62233d0a498886326226b4827f51" member_type: VOTER last_known_addr { host: "127.245.143.1" port: 43880 } } peers { permanent_uuid: "3b7563857bb84965989d41eebdd82d5f" member_type: VOTER last_known_addr { host: "127.245.143.0" port: 42480 } } }
W0529 14:48:52.797195 2015 raft_consensus_state.cc:430] T 05b4fe7d1e414fb79249c14e6ae31236 P 1f8655f18f7e4c6691f4c12ebb22fd06 [term 9 LEADER]: Can't advance the committed index across term boundaries until operations from the current term are replicated. Last committed operation was: term: 2 index: 25, New majority replicated is: term: 2 index: 25, Current term is: 9
I0529 14:48:52.857365 993 log.cc:547] T 05b4fe7d1e414fb79249c14e6ae31236: Injecting 5ms of latency in Log::Sync()
W0529 14:48:52.857735 2012 fault_injection.cc:19] FAULT INJECTION ENABLED!
W0529 14:48:52.857892 2012 fault_injection.cc:20] THIS SERVER MAY CRASH!
F0529 14:48:52.858023 2012 fault_injection.cc:36] Injected fault: FLAGS_fault_crash_on_leader_request_fraction *** Check failure stack trace: ***
I0529 14:48:52.860800 1511 raft_consensus.cc:627] T 05b4fe7d1e414fb79249c14e6ae31236 P aa0d62233d0a498886326226b4827f51 [term 9 FOLLOWER]: Refusing update from remote peer 1f8655f18f7e4c6691f4c12ebb22fd06: Log matching property violated. Preceding OpId in replica: term: 5 index: 43. Preceding OpId from leader: term: 9 index: 43. (term mismatch)
I0529 14:48:52.860975 1511 raft_consensus_state.cc:340] T 05b4fe7d1e414fb79249c14e6ae31236 P aa0d62233d0a498886326226b4827f51 [term 9 FOLLOWER]: Aborting all transactions after (but not including): 42. Current State: Replica: aa0d62233d0a498886326226b4827f51, State: 1, Role: FOLLOWER Watermarks: {Received: term: 5 index: 43 Committed: term: 2 index: 25}
I0529 14:48:52.861294 1511 raft_consensus_state.cc:366] T 05b4fe7d1e414fb79249c14e6ae31236 P aa0d62233d0a498886326226b4827f51 [term 9 FOLLOWER]: Aborting uncommitted operation due to leader change: 5.43 @ 0x7fb042330bca google::LogMessage::Fail()
W0529 14:48:52.863839 2015 raft_consensus_state.cc:430] T 05b4fe7d1e414fb79249c14e6ae31236 P 1f8655f18f7e4c6691f4c12ebb22fd06 [term 9 LEADER]: Can't advance the committed index across term boundaries until operations from the current term are replicated. Last committed operation was: term: 2 index: 25, New majority replicated is: term: 2 index: 25, Current term is: 9
I0529 14:48:52.864632 2011 consensus_queue.cc:420] T 05b4fe7d1e414fb79249c14e6ae31236 P 1f8655f18f7e4c6691f4c12ebb22fd06 [LEADER]: Connected to new peer: Peer: aa0d62233d0a498886326226b4827f51, Is new: false, Last received: 5.42, Next index: 43, Last known committed idx: 25, Last exchange result: ERROR @ 0x7fb042330496 google::LogMessage::SendToLog()
I0529 14:48:52.868437 1514 raft_consensus.cc:627] T 05b4fe7d1e414fb79249c14e6ae31236 P aa0d62233d0a498886326226b4827f51 [term 9 FOLLOWER]: Refusing update from remote peer 1f8655f18f7e4c6691f4c12ebb22fd06: Log matching property violated. Preceding OpId in replica: term: 5 index: 42. Preceding OpId from leader: term: 9 index: 42. (term mismatch)
I0529 14:48:52.868610 1514 raft_consensus_state.cc:340] T 05b4fe7d1e414fb79249c14e6ae31236 P aa0d62233d0a498886326226b4827f51 [term 9 FOLLOWER]: Aborting all transactions after (but not including): 41. Current State: Replica: aa0d62233d0a498886326226b4827f51, State: 1, Role: FOLLOWER Watermarks: {Received: term: 5 index: 42 Committed: term: 2 index: 25}
I0529 14:48:52.868852 1514 raft_consensus_state.cc:366] T 05b4fe7d1e414fb79249c14e6ae31236 P aa0d62233d0a498886326226b4827f51 [term 9 FOLLOWER]: Aborting uncommitted operation due to leader change: 5.42 @ 0x7fb0423308ee google::LogMessage::Flush()
I0529 14:48:52.871089 2011 consensus_queue.cc:422] T 05b4fe7d1e414fb79249c14e6ae31236 P 1f8655f18f7e4c6691f4c12ebb22fd06 [LEADER]: Got LMP mismatch error from peer: Peer: aa0d62233d0a498886326226b4827f51, Is new: false, Last received: 5.41, Next index: 42, Last known committed idx: 25, Last exchange result: ERROR @ 0x7fb04233408c google::LogMessageFatal::~LogMessageFatal()
I0529 14:48:52.874321 1516 raft_consensus.cc:627] T 05b4fe7d1e414fb79249c14e6ae31236 P aa0d62233d0a498886326226b4827f51 [term 9 FOLLOWER]: Refusing update from remote peer 1f8655f18f7e4c6691f4c12ebb22fd06: Log matching property violated. Preceding OpId in replica: term: 5 index: 41. Preceding OpId from leader: term: 6 index: 41. (term mismatch)
I0529 14:48:52.874610 1516 raft_consensus_state.cc:340] T 05b4fe7d1e414fb79249c14e6ae31236 P aa0d62233d0a498886326226b4827f51 [term 9 FOLLOWER]: Aborting all transactions after (but not including): 40. Current State: Replica: aa0d62233d0a498886326226b4827f51, State: 1, Role: FOLLOWER Watermarks: {Received: term: 5 index: 41 Committed: term: 2 index: 25}
I0529 14:48:52.875005 1516 raft_consensus_state.cc:366] T 05b4fe7d1e414fb79249c14e6ae31236 P aa0d62233d0a498886326226b4827f51 [term 9 FOLLOWER]: Aborting uncommitted operation due to leader change: 5.41
I0529 14:48:52.878356 2011 consensus_queue.cc:422] T 05b4fe7d1e414fb79249c14e6ae31236 P 1f8655f18f7e4c6691f4c12ebb22fd06 [LEADER]: Got LMP mismatch error from peer: Peer: aa0d62233d0a498886326226b4827f51, Is new: false, Last received: 5.40, Next index: 41, Last known committed idx: 25, Last exchange result: ERROR @ 0x7fb03b22a45f kudu::fault_injection::DoMaybeFault()
I0529 14:48:52.881113 1519 raft_consensus.cc:627] T 05b4fe7d1e414fb79249c14e6ae31236 P aa0d62233d0a498886326226b4827f51 [term 9 FOLLOWER]: Refusing update from remote peer 1f8655f18f7e4c6691f4c12ebb22fd06: Log matching property violated. Preceding OpId in replica: term: 5 index: 40. Preceding OpId from leader: term: 6 index: 40. (term mismatch)
I0529 14:48:52.881294 1519 raft_consensus_state.cc:340] T 05b4fe7d1e414fb79249c14e6ae31236 P aa0d62233d0a498886326226b4827f51 [term 9 FOLLOWER]: Aborting all transactions after (but not including): 39. Current State: Replica: aa0d62233d0a498886326226b4827f51, State: 1, Role: FOLLOWER Watermarks: {Received: term: 5 index: 40 Committed: term: 2 index: 25}
I0529 14:48:52.881575 1519 raft_consensus_state.cc:366] T 05b4fe7d1e414fb79249c14e6ae31236 P aa0d62233d0a498886326226b4827f51 [term 9 FOLLOWER]: Aborting uncommitted operation due to leader change: 5.40 @ 0x7fb03fe5189c kudu::fault_injection::MaybeFault()
I0529 14:48:52.883589 2011 consensus_queue.cc:422] T 05b4fe7d1e414fb79249c14e6ae31236 P 1f8655f18f7e4c6691f4c12ebb22fd06 [LEADER]: Got LMP mismatch error from peer: Peer: aa0d62233d0a498886326226b4827f51, Is new: false, Last received: 5.39, Next index: 40, Last known committed idx: 25, Last exchange result: ERROR
F0529 14:48:52.884289 2011 fault_injection.cc:36] Injected fault: FLAGS_fault_crash_on_leader_request_fraction *** Check failure stack trace: *** @ 0x7fb03fe4e9da kudu::consensus::Peer::SendNextRequest() @ 0x7fb042330bca google::LogMessage::Fail() @ 0x7fb03fe53f38 kudu::internal::RunnableAdapter<>::Run() @ 0x7fb042330496 google::LogMessage::SendToLog() @ 0x7fb03fe53e7f kudu::internal::InvokeHelper<>::MakeItSo() @ 0x7fb0423308ee google::LogMessage::Flush() @ 0x7fb03fe53db4 kudu::internal::Invoker<>::Run() @ 0x7fb04233408c google::LogMessageFatal::~LogMessageFatal() @ 0x7fb03fe717be kudu::Callback<>::Run() @ 0x7fb03b22a45f kudu::fault_injection::DoMaybeFault() @ 0x7fb03fe724fe boost::_mfi::cmf0<>::operator()() @ 0x7fb03fe5189c kudu::fault_injection::MaybeFault() @ 0x7fb03fe7246f boost::_bi::list1<>::operator()<>() @ 0x7fb03fe4e9da kudu::consensus::Peer::SendNextRequest() @ 0x7fb03fe72424 boost::_bi::bind_t<>::operator()() @ 0x7fb03fe4f5a9 kudu::consensus::Peer::DoProcessResponse() @ 0x7fb03fe721b2 boost::detail::function::void_function_obj_invoker0<>::invoke() @ 0x7fb03fe5317e kudu::internal::RunnableAdapter<>::Run() @ 0x7fb03ef843e2 boost::function0<>::operator()() @ 0x7fb03fe530ec kudu::internal::InvokeHelper<>::MakeItSo() @ 0x7fb03b2a771e kudu::FunctionRunnable::Run() @ 0x7fb03fe5301b kudu::internal::Invoker<>::Run() @ 0x7fb03b2a4551 kudu::ThreadPool::DispatchThread() @ 0x7fb03fe717be kudu::Callback<>::Run()
I0529 14:48:52.761584 1653 tablet_bootstrap.cc:311] Tablet 05b4fe7d1e414fb79249c14e6ae31236: Bootstrap replayed 1/1 log segments. Stats: ops{read=43 overwritten=0 applied=25} inserts{seen=24 ignored=0} mutations{seen=0 ignored=0} orphaned_commits=0. Pending: 18 replicates @ 0x7fb03b2a5ca6 boost::_mfi::mf1<>::operator()() @ 0x7fb03fe724fe boost::_mfi::cmf0<>::operator()() @ 0x7fb03b2a5c0c boost::_bi::list2<>::operator()<>() @ 0x7fb03fe7246f boost::_bi::list1<>::operator()<>() @ 0x7fb03b2a5b94 boost::_bi::bind_t<>::operator()() @ 0x7fb03fe72424 boost::_bi::bind_t<>::operator()() @ 0x7fb03b2a5992 boost::detail::function::void_function_obj_invoker0<>::invoke() @ 0x7fb03fe721b2 boost::detail::function::void_function_obj_invoker0<>::invoke() @ 0x7fb03ef843e2 boost::function0<>::operator()() @ 0x7fb03ef843e2 boost::function0<>::operator()() @ 0x7fb03b2a771e kudu::FunctionRunnable::Run()
I0529 14:48:52.954324 993 log.cc:547] T 05b4fe7d1e414fb79249c14e6ae31236: Injecting 88ms of latency in Log::Sync() @ 0x7fb03b299d28 kudu::Thread::SuperviseThread()
I0529 14:48:52.956153 1653 tablet_bootstrap.cc:945] ReplayState: Previous OpId: 6.43, Committed OpId: 2.25, Pending Replicates: 18, Pending Commits: 0
I0529 14:48:52.956732 1653 tablet_bootstrap.cc:945] Dumping REPLICATES:
I0529 14:48:52.956809 1653 tablet_bootstrap.cc:945] type: REPLICATE replicate { id { term: 2 index: 26 } timestamp: 26 op_type: WRITE_OP write_request { tablet_id: "05b4fe7d1e414fb79249c14e6ae31236" schema { columns { name: "key" type: INT32 is_key: true is_nullable: false encoding: AUTO_ENCODING compression: DEFAULT_COMPRESSION } columns { name: "int_val" type: INT32 is_key: false is_nullable: false encoding: AUTO_ENCODING compression: DEFAULT_COMPRESSION } columns { name: "string_val" type: STRING is_key: false is_nullable: true encoding: AUTO_ENCODING compression: DEFAULT_COMPRESSION } } row_operations { rows: "\001\007\000\330\026\314R_\351\357T\000\000\000\000\000\000\000\000\013\000\000\000\000\000\000\000" indirect_data: "hello world" } } }
I0529 14:48:52.956895 1653 tablet_bootstrap.cc:945] type: REPLICATE replicate { id { term: 2 index: 27 } timestamp: 27 op_type: WRITE_OP write_request { tablet_id: "05b4fe7d1e414fb79249c14e6ae31236" schema { columns { name: "key" type: INT32 is_key: true is_nullable: false encoding: AUTO_ENCODING compression: DEFAULT_COMPRESSION } columns { name: "int_val" type: INT32 is_key: false is_nullable: false encoding: AUTO_ENCODING compression: DEFAULT_COMPRESSION } columns { name: "string_val" type: STRING is_key: false is_nullable: true encoding: AUTO_ENCODING compression: DEFAULT_COMPRESSION } } row_operations { rows: "\001\007\000F\022pu\346\355\277\020\000\000\000\000\000\000\000\000\013\000\000\000\000\000\000\000" indirect_data: "hello world" } } }
I0529 14:48:52.956981 1653 tablet_bootstrap.cc:945] type: REPLICATE replicate { id { term: 2 index: 28 } timestamp: 28 op_type: WRITE_OP write_request { tablet_id: "05b4fe7d1e414fb79249c14e6ae31236" schema { columns { name: "key" type: INT32 is_key: true is_nullable: false encoding: AUTO_ENCODING compression: DEFAULT_COMPRESSION } columns { name: "int_val" type: INT32 is_key: false is_nullable: false encoding: AUTO_ENCODING compression: DEFAULT_COMPRESSION } columns { name: "string_val" type: STRING is_key: false is_nullable: true encoding: AUTO_ENCODING compression: DEFAULT_COMPRESSION } } row_operations { rows: "\001\007\000\311\311\2419\256\310\306,\000\000\000\000\000\000\000\000\013\000\000\000\000\000\000\000" indirect_data: "hello world" } } }
I0529 14:48:52.957067 1653 tablet_bootstrap.cc:945] type: REPLICATE replicate { id { term: 2 index: 29 } timestamp: 29 op_type: WRITE_OP write_request { tablet_id: "05b4fe7d1e414fb79249c14e6ae31236" schema { columns { name: "key" type: INT32 is_key: true is_nullable: false encoding: AUTO_ENCODING compression: DEFAULT_COMPRESSION } columns { name: "int_val" type: INT32 is_key: false is_nullable: false encoding: AUTO_ENCODING compression: DEFAULT_COMPRESSION } columns { name: "string_val" type: STRING is_key: false is_nullable: true encoding: AUTO_ENCODING compression: DEFAULT_COMPRESSION } } row_operations { rows: "\001\007\000[\316\375\026\'\304\366p\000\000\000\000\000\000\000\000\013\000\000\000\000\000\000\000" indirect_data: "hello world" } } }
I0529 14:48:52.957149 1653 tablet_bootstrap.cc:945] type: REPLICATE replicate { id { term: 2 index: 30 } timestamp: 30 op_type: WRITE_OP write_request { tablet_id: "05b4fe7d1e414fb79249c14e6ae31236" schema { columns { name: "key" type: INT32 is_key: true is_nullable: false encoding: AUTO_ENCODING compression: DEFAULT_COMPRESSION } columns { name: "int_val" type: INT32 is_key: false is_nullable: false encoding: AUTO_ENCODING compression: DEFAULT_COMPRESSION } columns { name: "string_val" type: STRING is_key: false is_nullable: true encoding: AUTO_ENCODING compression: DEFAULT_COMPRESSION } } row_operations { rows: "\001\007\000Q\3606\006\007Y\333\000\000\000\000\000\000\000\000\000\013\000\000\000\000\000\000\000" indirect_data: "hello world" } } }
I0529 14:48:52.957217 1653 tablet_bootstrap.cc:945] type: REPLICATE replicate { id { term: 2 index: 31 } timestamp: 31 op_type: WRITE_OP write_request { tablet_id: "05b4fe7d1e414fb79249c14e6ae31236" schema { columns { name: "key" type: INT32 is_key: true is_nullable: false encoding: AUTO_ENCODING compression: DEFAULT_COMPRESSION } columns { name: "int_val" type: INT32 is_key: false is_nullable: false encoding: AUTO_ENCODING compression: DEFAULT_COMPRESSION } columns { name: "string_val" type: STRING is_key: false is_nullable: true encoding: AUTO_ENCODING compression: DEFAULT_COMPRESSION } } row_operations { rows: "\001\007\000K\201\323}v\243\315H\000\000\000\000\000\000\000\000\013\000\000\000\000\000\000\000" indirect_data: "hello world" } } }
I0529 14:48:52.957298 1653 tablet_bootstrap.cc:945] type: REPLICATE replicate { id { term: 2 index: 32 } timestamp: 32 op_type: WRITE_OP write_request { tablet_id: "05b4fe7d1e414fb79249c14e6ae31236" schema { columns { name: "key" type: INT32 is_key: true is_nullable: false encoding: AUTO_ENCODING compression: DEFAULT_COMPRESSION } columns { name: "int_val" type: INT32 is_key: false is_nullable: false encoding: AUTO_ENCODING compression: DEFAULT_COMPRESSION } columns { name: "string_val" type: STRING is_key: false is_nullable: true encoding: AUTO_ENCODING compression: DEFAULT_COMPRESSION } } row_operations { rows: "\001\007\000\261\370\274L\323Sk\n\000\000\000\000\000\000\000\000\013\000\000\000\000\000\000\000" indirect_data: "hello world" } } }
I0529 14:48:52.957366 1653 tablet_bootstrap.cc:945] type: REPLICATE replicate { id { term: 2 index: 33 } timestamp: 33 op_type: WRITE_OP write_request { tablet_id: "05b4fe7d1e414fb79249c14e6ae31236" schema { columns { name: "key" type: INT32 is_key: true is_nullable: false encoding: AUTO_ENCODING compression: DEFAULT_COMPRESSION } columns { name: "int_val" type: INT32 is_key: false is_nullable: false encoding: AUTO_ENCODING compression: DEFAULT_COMPRESSION } columns { name: "string_val" type: STRING is_key: false is_nullable: true encoding: AUTO_ENCODING compression: DEFAULT_COMPRESSION } } row_operations { rows: "\001\007\0009\245\315^\317q\032\017\000\000\000\000\000\000\000\000\013\000\000\000\000\000\000\000" indirect_data: "hello world" } } }
I0529 14:48:52.957453 1653 tablet_bootstrap.cc:945] type: REPLICATE replicate { id { term: 2 index: 34 } timestamp: 34 op_type: WRITE_OP write_request { tablet_id: "05b4fe7d1e414fb79249c14e6ae31236" schema { columns { name: "key" type: INT32 is_key: true is_nullable: false encoding: AUTO_ENCODING compression: DEFAULT_COMPRESSION } columns { name: "int_val" type: INT32 is_key: false is_nullable: false encoding: AUTO_ENCODING compression: DEFAULT_COMPRESSION } columns { name: "string_val" type: STRING is_key: false is_nullable: true encoding: AUTO_ENCODING compression: DEFAULT_COMPRESSION } } row_operations { rows: "\001\007\000\331i\267F\324I\2063\000\000\000\000\000\000\000\000\013\000\000\000\000\000\000\000" indirect_data: "hello world" } } }
I0529 14:48:52.957546 1653 tablet_bootstrap.cc:945] type: REPLICATE replicate { id { term: 2 index: 35 } timestamp: 35 op_type: WRITE_OP write_request { tablet_id: "05b4fe7d1e414fb79249c14e6ae31236" schema { columns { name: "key" type: INT32 is_key: true is_nullable: false encoding: AUTO_ENCODING compression: DEFAULT_COMPRESSION } columns { name: "int_val" type: INT32 is_key: false is_nullable: false encoding: AUTO_ENCODING compression: DEFAULT_COMPRESSION } columns { name: "string_val" type: STRING is_key: false is_nullable: true encoding: AUTO_ENCODING compression: DEFAULT_COMPRESSION } } row_operations { rows: "\001\007\000)L\254:\3275\274\005\000\000\000\000\000\000\000\000\013\000\000\000\000\000\000\000" indirect_data: "hello world" } } }
I0529 14:48:52.957648 1653 tablet_bootstrap.cc:945] type: REPLICATE replicate { id { term: 5 index: 36 } timestamp: 36 op_type: NO_OP noop_request { } }
I0529 14:48:52.957762 1653 tablet_bootstrap.cc:945] type: REPLICATE replicate { id { term: 5 index: 37 } timestamp: 37 op_type: WRITE_OP write_request { tablet_id: "05b4fe7d1e414fb79249c14e6ae31236" schema { columns { name: "key" type: INT32 is_key: true is_nullable: false encoding: AUTO_ENCODING compression: DEFAULT_COMPRESSION } columns { name: "int_val" type: INT32 is_key: false is_nullable: false encoding: AUTO_ENCODING compression: DEFAULT_COMPRESSION } columns { name: "string_val" type: STRING is_key: false is_nullable: true encoding: AUTO_ENCODING compression: DEFAULT_COMPRESSION } } row_operations { rows: "\001\007\000@v?c\247\226l[\000\000\000\000\000\000\000\000\013\000\000\000\000\000\000\000" indirect_data: "hello world" } } }
I0529 14:48:52.957877 1653 tablet_bootstrap.cc:945] type: REPLICATE replicate { id { term: 5 index: 38 } timestamp: 38 op_type: WRITE_OP write_request { tablet_id: "05b4fe7d1e414fb79249c14e6ae31236" schema { columns { name: "key" type: INT32 is_key: true is_nullable: false encoding: AUTO_ENCODING compression: DEFAULT_COMPRESSION } columns { name: "int_val" type: INT32 is_key: false is_nullable: false encoding: AUTO_ENCODING compression: DEFAULT_COMPRESSION } columns { name: "string_val" type: STRING is_key: false is_nullable: true encoding: AUTO_ENCODING compression: DEFAULT_COMPRESSION } } row_operations { rows: "\001\007\000Q\275\2464\330+\327.\000\000\000\000\000\000\000\000\013\000\000\000\000\000\000\000" indirect_data: "hello world" } } }
I0529 14:48:52.957993 1653 tablet_bootstrap.cc:945] type: REPLICATE replicate { id { term: 6 index: 39 } timestamp: 39 op_type: NO_OP noop_request { } }
I0529 14:48:52.958104 1653 tablet_bootstrap.cc:945] type: REPLICATE replicate { id { term: 6 index: 40 } timestamp: 40 op_type: WRITE_OP write_request { tablet_id: "05b4fe7d1e414fb79249c14e6ae31236" schema { columns { name: "key" type: INT32 is_key: true is_nullable: false encoding: AUTO_ENCODING compression: DEFAULT_COMPRESSION } columns { name: "int_val" type: INT32 is_key: false is_nullable: false encoding: AUTO_ENCODING compression: DEFAULT_COMPRESSION } columns { name: "string_val" type: STRING is_key: false is_nullable: true encoding: AUTO_ENCODING compression: DEFAULT_COMPRESSION } } row_operations { rows: "\001\007\000a\026\310X\320g58\000\000\000\000\000\000\000\000\013\000\000\000\000\000\000\000" indirect_data: "hello world" } } }
I0529 14:48:52.958230 1653 tablet_bootstrap.cc:945] type: REPLICATE replicate { id { term: 6 index: 41 } timestamp: 41 op_type: WRITE_OP write_request { tablet_id: "05b4fe7d1e414fb79249c14e6ae31236" schema { columns { name: "key" type: INT32 is_key: true is_nullable: false encoding: AUTO_ENCODING compression: DEFAULT_COMPRESSION } columns { name: "int_val" type: INT32 is_key: false is_nullable: false encoding: AUTO_ENCODING compression: DEFAULT_COMPRESSION } columns { name: "string_val" type: STRING is_key: false is_nullable: true encoding: AUTO_ENCODING compression: DEFAULT_COMPRESSION } } row_operations { rows: "\001\007\000\375FL\014Y\222\310c\000\000\000\000\000\000\000\000\013\000\000\000\000\000\000\000" indirect_data: "hello world" } } }
I0529 14:48:52.958338 1653 tablet_bootstrap.cc:945] type: REPLICATE replicate { id { term: 6 index: 42 } timestamp: 42 op_type: WRITE_OP write_request { tablet_id: "05b4fe7d1e414fb79249c14e6ae31236" schema { columns { name: "key" type: INT32 is_key: true is_nullable: false encoding: AUTO_ENCODING compression: DEFAULT_COMPRESSION } columns { name: "int_val" type: INT32 is_key: false is_nullable: false encoding: AUTO_ENCODING compression: DEFAULT_COMPRESSION } columns { name: "string_val" type: STRING is_key: false is_nullable: true encoding: AUTO_ENCODING compression: DEFAULT_COMPRESSION } } row_operations { rows: "\001\007\0002\271r\007o\205\334|\000\000\000\000\000\000\000\000\013\000\000\000\000\000\000\000" indirect_data: "hello world" } } }
I0529 14:48:52.958415 1653 tablet_bootstrap.cc:945] type: REPLICATE replicate { id { term: 6 index: 43 } timestamp: 43 op_type: WRITE_OP write_request { tablet_id: "05b4fe7d1e414fb79249c14e6ae31236" schema { columns { name: "key" type: INT32 is_key: true is_nullable: false encoding: AUTO_ENCODING compression: DEFAULT_COMPRESSION } columns { name: "int_val" type: INT32 is_key: false is_nullable: false encoding: AUTO_ENCODING compression: DEFAULT_COMPRESSION } columns { name: "string_val" type: STRING is_key: false is_nullable: true encoding: AUTO_ENCODING compression: DEFAULT_COMPRESSION } } row_operations { rows: "\001\007\000\271\027Y5\013\216$l\000\000\000\000\000\000\000\000\013\000\000\000\000\000\000\000" indirect_data: "hello world" } } } @ 0x7fb03b2a4551 kudu::ThreadPool::DispatchThread() @ 0x7fb042b37ea2 __tsan::cur_thread_placeholder @ 0x7fb03b2a5ca6 boost::_mfi::mf1<>::operator()()
I0529 14:48:52.963737 1653 tablet_bootstrap.cc:577] Renamed old recovery dir from: /tmp/kudutest-4099/raft_consensus-itest.RaftConsensusITest.InsertWithCrashyNodes.1432936117609050-62863/raft_consensus-itest-cluster/ts-0/wals/05b4fe7d1e414fb79249c14e6ae31236.recovery to: /tmp/kudutest-4099/raft_consensus-itest.RaftConsensusITest.InsertWithCrashyNodes.1432936117609050-62863/raft_consensus-itest-cluster/ts-0/wals/05b4fe7d1e414fb79249c14e6ae31236.recovery-1432936132963637
I0529 14:48:52.964594 1653 tablet_bootstrap.cc:585] Removed renamed recovery dir: /tmp/kudutest-4099/raft_consensus-itest.RaftConsensusITest.InsertWithCrashyNodes.1432936117609050-62863/raft_consensus-itest-cluster/ts-0/wals/05b4fe7d1e414fb79249c14e6ae31236.recovery-1432936132963637 @ 0x7fb03c89a851 (unknown)
I0529 14:48:52.964874 1653 tablet_bootstrap.cc:311] Tablet 05b4fe7d1e414fb79249c14e6ae31236: Bootstrap complete.
I0529 14:48:52.965219 1653 log.cc:547] T 05b4fe7d1e414fb79249c14e6ae31236: Injecting 15ms of latency in Log::Sync() @ 0x7fb03b2a5c0c boost::_bi::list2<>::operator()<>() @ 0x7fb03944c94d (unknown) @ 0x7fb03b2a5b94 boost::_bi::bind_t<>::operator()() @ 0x7fb03b2a5992 boost::detail::function::void_function_obj_invoker0<>::invoke() @ (nil) (unknown)
I0529 14:48:52.983530 1653 ts_tablet_manager.cc:289] Time spent bootstrapping tablet 05b4fe7d1e414fb79249c14e6ae31236: real 0.549s user 0.234s sys 0.088s
I0529 14:48:52.991260 1653 raft_consensus.cc:182] T 05b4fe7d1e414fb79249c14e6ae31236 P 3b7563857bb84965989d41eebdd82d5f [term 6 FOLLOWER]: Replica starting. Triggering 18 pending transactions. Active quorum: opid_index: -1 local: false peers { permanent_uuid: "1f8655f18f7e4c6691f4c12ebb22fd06" member_type: VOTER last_known_addr { host: "127.245.143.2" port: 53754 } } peers { permanent_uuid: "aa0d62233d0a498886326226b4827f51" member_type: VOTER last_known_addr { host: "127.245.143.1" port: 43880 } } peers { permanent_uuid: "3b7563857bb84965989d41eebdd82d5f" member_type: VOTER last_known_addr { host: "127.245.143.0" port: 42480 } }
I0529 14:48:53.009433 1653 raft_consensus.cc:360] T 05b4fe7d1e414fb79249c14e6ae31236 P 3b7563857bb84965989d41eebdd82d5f [term 6 FOLLOWER]: Becoming Follower/Learner. State: Replica: 3b7563857bb84965989d41eebdd82d5f, State: 1, Role: FOLLOWER Watermarks: {Received: term: 6 index: 43 Committed: term: 2 index: 25}
I0529 14:48:53.009943 1653 consensus_queue.cc:117] T 05b4fe7d1e414fb79249c14e6ae31236 P 3b7563857bb84965989d41eebdd82d5f [NON_LEADER]: queue going to NON_LEADER mode. State: All replicated op: 0.0, Majority replicated op: 0.0, Committed index: 0.0, Last appended: 6.43, Current term: 0, Majority size: 1, State: 1, Mode: NON_LEADER
I0529 14:48:53.013823 1653 ts_tablet_manager.cc:310] Time spent starting tablet 05b4fe7d1e414fb79249c14e6ae31236: real 0.030s user 0.025s sys 0.003s
W0529 14:48:53.037390 65198 connection.cc:379] client Connection to 127.245.143.2:53754 recv error: Network error: recv error: Connection reset by peer (error 104)
W0529 14:48:53.037827 65198 meta_cache.cc:164] Tablet 05b4fe7d1e414fb79249c14e6ae31236: Replica 1f8655f18f7e4c6691f4c12ebb22fd06 has failed: Network error: recv error: Connection reset by peer (error 104)
W0529 14:48:53.038127 65198 meta_cache.cc:164] Tablet 05b4fe7d1e414fb79249c14e6ae31236: Replica 1f8655f18f7e4c6691f4c12ebb22fd06 has failed: Network error: recv error: Connection reset by peer (error 104)
W0529 14:48:53.038337 65198 meta_cache.cc:164] Tablet 05b4fe7d1e414fb79249c14e6ae31236: Replica 1f8655f18f7e4c6691f4c12ebb22fd06 has failed: Network error: recv error: Connection reset by peer (error 104)
W0529 14:48:53.038571 65198 meta_cache.cc:164] Tablet 05b4fe7d1e414fb79249c14e6ae31236: Replica 1f8655f18f7e4c6691f4c12ebb22fd06 has failed: Network error: recv error: Connection reset by peer (error 104)
W0529 14:48:53.038789 65198 meta_cache.cc:164] Tablet 05b4fe7d1e414fb79249c14e6ae31236: Replica 1f8655f18f7e4c6691f4c12ebb22fd06 has failed: Network error: recv error: Connection reset by peer (error 104)
W0529 14:48:53.038995 65198 meta_cache.cc:164] Tablet 05b4fe7d1e414fb79249c14e6ae31236: Replica 1f8655f18f7e4c6691f4c12ebb22fd06 has failed: Network error: recv error: Connection reset by peer (error 104)
W0529 14:48:53.039233 65198 meta_cache.cc:164] Tablet 05b4fe7d1e414fb79249c14e6ae31236: Replica 1f8655f18f7e4c6691f4c12ebb22fd06 has failed: Network error: recv error: Connection reset by peer (error 104)
W0529 14:48:53.039449 65198 meta_cache.cc:164] Tablet 05b4fe7d1e414fb79249c14e6ae31236: Replica 1f8655f18f7e4c6691f4c12ebb22fd06 has failed: Network error: recv error: Connection reset by peer (error 104)
