I0513 04:22:32.208838 8344 tablet_bootstrap.cc:302] Tablet 5a10d6da16174ee28d3d995725b99242: Bootstrap starting.
I0513 04:22:32.209506 8343 tablet_bootstrap.cc:302] Tablet 8412ce31ea4e4919836d18e1cedc3c4a: No bootstrap required, opened a new log
I0513 04:22:32.209573 8343 ts_tablet_manager.cc:288] Time spent bootstrapping tablet 8412ce31ea4e4919836d18e1cedc3c4a: real 0.003s user 0.003s sys 0.000s
I0513 04:22:32.209657 8344 tablet_bootstrap.cc:463] Time spent opening tablet 5a10d6da16174ee28d3d995725b99242: real 0.000s user 0.000s sys 0.000s
I0513 04:22:32.209774 8344 tablet_bootstrap.cc:399] No blocks or log segments found for tablet: 5a10d6da16174ee28d3d995725b99242 creating new one.
I0513 04:22:32.209859 8343 local_consensus.cc:55] T 8412ce31ea4e4919836d18e1cedc3c4a P 6d09abed823c4406827f111cf90773e0: Starting LocalConsensus...
I0513 04:22:32.211006 8343 ts_tablet_manager.cc:309] Time spent starting tablet 8412ce31ea4e4919836d18e1cedc3c4a: real 0.001s user 0.001s sys 0.000s
I0513 04:22:32.211215 8344 tablet_bootstrap.cc:302] Tablet 5a10d6da16174ee28d3d995725b99242: No bootstrap required, opened a new log
I0513 04:22:32.211292 8344 ts_tablet_manager.cc:288] Time spent bootstrapping tablet 5a10d6da16174ee28d3d995725b99242: real 0.003s user 0.000s sys 0.003s
I0513 04:22:32.211419 8350 change_config_transaction.cc:131] T 8412ce31ea4e4919836d18e1cedc3c4a P 6d09abed823c4406827f111cf90773e0: Configuration changed Changed from: opid_index: -1 local: true peers { permanent_uuid: "6d09abed823c4406827f111cf90773e0" member_type: VOTER last_known_addr { host: "127.0.0.1" port: 52892 } } Changed to: opid_index: 1 local: true peers { permanent_uuid: "6d09abed823c4406827f111cf90773e0" member_type: VOTER last_known_addr { host: "127.0.0.1" port: 52892 } }
I0513 04:22:32.211760 8344 local_consensus.cc:55] T 5a10d6da16174ee28d3d995725b99242 P 6d09abed823c4406827f111cf90773e0: Starting LocalConsensus...
I0513 04:22:32.212962 8344 ts_tablet_manager.cc:309] Time spent starting tablet 5a10d6da16174ee28d3d995725b99242: real 0.002s user 0.000s sys 0.002s
I0513 04:22:32.213476 8350 change_config_transaction.cc:131] T 5a10d6da16174ee28d3d995725b99242 P 6d09abed823c4406827f111cf90773e0: Configuration changed Changed from: opid_index: -1 local: true peers { permanent_uuid: "6d09abed823c4406827f111cf90773e0" member_type: VOTER last_known_addr { host: "127.0.0.1" port: 52892 } } Changed to: opid_index: 1 local: true peers { permanent_uuid: "6d09abed823c4406827f111cf90773e0" member_type: VOTER last_known_addr { host: "127.0.0.1" port: 52892 } }
I0513 04:22:32.218521 8236 catalog_manager.cc:1334] Tablet: 5a10d6da16174ee28d3d995725b99242 reported consensus state change. New consensus state: current_term: 0 leader_uuid: "6d09abed823c4406827f111cf90773e0" quorum { opid_index: 1 local: true peers { permanent_uuid: "6d09abed823c4406827f111cf90773e0" member_type: VOTER last_known_addr { host: "127.0.0.1" port: 52892 } } }
I0513 04:22:32.219871 8236 catalog_manager.cc:1334] Tablet: 8412ce31ea4e4919836d18e1cedc3c4a reported consensus state change. New consensus state: current_term: 0 leader_uuid: "6d09abed823c4406827f111cf90773e0" quorum { opid_index: 1 local: true peers { permanent_uuid: "6d09abed823c4406827f111cf90773e0" member_type: VOTER last_known_addr { host: "127.0.0.1" port: 52892 } } }
I0513 04:22:32.222409 8241 catalog_manager.cc:606] CreateTable from {real_user=mpercy, eff_user=} at 127.0.0.1:52066: name: "client-testtb2" schema { columns { name: "key" type: INT32 is_key: true is_nullable: false encoding: AUTO_ENCODING compression: DEFAULT_COMPRESSION } columns { name: "int_val" type: INT32 is_key: false is_nullable: false encoding: AUTO_ENCODING compression: DEFAULT_COMPRESSION } columns { name: "string_val" type: STRING is_key: false is_nullable: true encoding: AUTO_ENCODING compression: DEFAULT_COMPRESSION } columns { name: "non_null_with_default" type: INT32 is_key: false is_nullable: false read_default_value: "90\000\000" write_default_value: "90\000\000" encoding: AUTO_ENCODING compression: DEFAULT_COMPRESSION } } num_replicas: 1
I0513 04:22:32.226847 8291 tablet_service.cc:422] Processing CreateTablet for tablet 9e5b96e7dcbb478da9f8a691b88837aa (table=client-testtb2 [id=4203e420c6464269912115451afa9f45]), range=["", ""]
I0513 04:22:32.235695 8291 ts_tablet_manager.cc:410] Registered tablet 9e5b96e7dcbb478da9f8a691b88837aa
I0513 04:22:32.235780 8343 ts_tablet_manager.cc:283] Bootstrapping tablet: 9e5b96e7dcbb478da9f8a691b88837aa
I0513 04:22:32.236471 8343 tablet_bootstrap.cc:302] Tablet 9e5b96e7dcbb478da9f8a691b88837aa: Bootstrap starting.
I0513 04:22:32.236960 8343 tablet_bootstrap.cc:463] Time spent opening tablet 9e5b96e7dcbb478da9f8a691b88837aa: real 0.000s user 0.000s sys 0.000s
I0513 04:22:32.237092 8343 tablet_bootstrap.cc:399] No blocks or log segments found for tablet: 9e5b96e7dcbb478da9f8a691b88837aa creating new one.
I0513 04:22:32.238080 8343 tablet_bootstrap.cc:302] Tablet 9e5b96e7dcbb478da9f8a691b88837aa: No bootstrap required, opened a new log
I0513 04:22:32.238153 8343 ts_tablet_manager.cc:288] Time spent bootstrapping tablet 9e5b96e7dcbb478da9f8a691b88837aa: real 0.002s user 0.002s sys 0.000s
I0513 04:22:32.238622 8343 local_consensus.cc:55] T 9e5b96e7dcbb478da9f8a691b88837aa P 6d09abed823c4406827f111cf90773e0: Starting LocalConsensus...
I0513 04:22:32.249861 8343 ts_tablet_manager.cc:309] Time spent starting tablet 9e5b96e7dcbb478da9f8a691b88837aa: real 0.012s user 0.004s sys 0.007s
I0513 04:22:32.250232 8350 change_config_transaction.cc:131] T 9e5b96e7dcbb478da9f8a691b88837aa P 6d09abed823c4406827f111cf90773e0: Configuration changed Changed from: opid_index: -1 local: true peers { permanent_uuid: "6d09abed823c4406827f111cf90773e0" member_type: VOTER last_known_addr { host: "127.0.0.1" port: 52892 } } Changed to: opid_index: 1 local: true peers { permanent_uuid: "6d09abed823c4406827f111cf90773e0" member_type: VOTER last_known_addr { host: "127.0.0.1" port: 52892 } }
I0513 04:22:32.252621 8232 catalog_manager.cc:1334] Tablet: 9e5b96e7dcbb478da9f8a691b88837aa reported consensus state change. New consensus state: current_term: 0 leader_uuid: "6d09abed823c4406827f111cf90773e0" quorum { opid_index: 1 local: true peers { permanent_uuid: "6d09abed823c4406827f111cf90773e0" member_type: VOTER last_known_addr { host: "127.0.0.1" port: 52892 } } }
I0513 04:22:32.358788 5909 tablet_server.cc:117] TabletServer shutting down...
I0513 04:22:32.371894 5909 ts_tablet_manager.cc:365] Shutting down tablet manager...
I0513 04:22:32.371983 5909 tablet_peer.cc:190] Initiating TabletPeer shutdown for tablet: 9e5b96e7dcbb478da9f8a691b88837aa
I0513 04:22:32.372076 5909 maintenance_manager.cc:171] Unregistered op CompactRowSetsOp(9e5b96e7dcbb478da9f8a691b88837aa)
I0513 04:22:32.372100 5909 maintenance_manager.cc:171] Unregistered op MinorDeltaCompactionOp(9e5b96e7dcbb478da9f8a691b88837aa)
I0513 04:22:32.372120 5909 maintenance_manager.cc:171] Unregistered op MajorDeltaCompactionOp(9e5b96e7dcbb478da9f8a691b88837aa)
I0513 04:22:32.372519 5909 tablet_peer.cc:190] Initiating TabletPeer shutdown for tablet: 5a10d6da16174ee28d3d995725b99242
I0513 04:22:32.372548 5909 maintenance_manager.cc:171] Unregistered op CompactRowSetsOp(5a10d6da16174ee28d3d995725b99242)
I0513 04:22:32.372565 5909 maintenance_manager.cc:171] Unregistered op MinorDeltaCompactionOp(5a10d6da16174ee28d3d995725b99242)
I0513 04:22:32.372582 5909 maintenance_manager.cc:171] Unregistered op MajorDeltaCompactionOp(5a10d6da16174ee28d3d995725b99242)
I0513 04:22:32.372885 5909 tablet_peer.cc:190] Initiating TabletPeer shutdown for tablet: 8412ce31ea4e4919836d18e1cedc3c4a
I0513 04:22:32.372911 5909 maintenance_manager.cc:171] Unregistered op CompactRowSetsOp(8412ce31ea4e4919836d18e1cedc3c4a)
I0513 04:22:32.372925 5909 maintenance_manager.cc:171] Unregistered op MinorDeltaCompactionOp(8412ce31ea4e4919836d18e1cedc3c4a)
I0513 04:22:32.372944 5909 maintenance_manager.cc:171] Unregistered op MajorDeltaCompactionOp(8412ce31ea4e4919836d18e1cedc3c4a)
I0513 04:22:32.373257 5909 maintenance_manager.cc:171] Unregistered op FlushMRSOp(9e5b96e7dcbb478da9f8a691b88837aa)
I0513 04:22:32.373322 5909 maintenance_manager.cc:171] Unregistered op FlushDeltaMemStoresOp(9e5b96e7dcbb478da9f8a691b88837aa)
I0513 04:22:32.373342 5909 maintenance_manager.cc:171] Unregistered op LogGCOp(9e5b96e7dcbb478da9f8a691b88837aa)
I0513 04:22:32.373576 5909 maintenance_manager.cc:171] Unregistered op FlushMRSOp(5a10d6da16174ee28d3d995725b99242)
I0513 04:22:32.373592 5909 maintenance_manager.cc:171] Unregistered op FlushDeltaMemStoresOp(5a10d6da16174ee28d3d995725b99242)
I0513 04:22:32.373611 5909 maintenance_manager.cc:171] Unregistered op LogGCOp(5a10d6da16174ee28d3d995725b99242)
I0513 04:22:32.373765 5909 maintenance_manager.cc:171] Unregistered op FlushMRSOp(8412ce31ea4e4919836d18e1cedc3c4a)
I0513 04:22:32.373787 5909 maintenance_manager.cc:171] Unregistered op FlushDeltaMemStoresOp(8412ce31ea4e4919836d18e1cedc3c4a)
I0513 04:22:32.373798 5909 maintenance_manager.cc:171] Unregistered op LogGCOp(8412ce31ea4e4919836d18e1cedc3c4a)
I0513 04:22:32.374035 5909 tablet_server.cc:126] TabletServer shut down complete. Bye!
I0513 04:22:32.374053 5909 tablet_server.cc:117] TabletServer shutting down...
I0513 04:22:32.374091 5909 tablet_server.cc:126] TabletServer shut down complete. Bye!
I0513 04:22:32.375002 5909 master.cc:153] Master@127.0.0.1:58711 shutting down...
I0513 04:22:32.387027 5909 tablet_peer.cc:190] Initiating TabletPeer shutdown for tablet: 00000000000000000000000000000000
I0513 04:22:32.387066 5909 maintenance_manager.cc:171] Unregistered op CompactRowSetsOp(00000000000000000000000000000000)
I0513 04:22:32.387089 5909 maintenance_manager.cc:171] Unregistered op MinorDeltaCompactionOp(00000000000000000000000000000000)
I0513 04:22:32.387105 5909 maintenance_manager.cc:171] Unregistered op MajorDeltaCompactionOp(00000000000000000000000000000000)
I0513 04:22:32.387509 5909 master.cc:157] Master@127.0.0.1:58711 shutdown complete.
I0513 04:22:32.387617 5909 maintenance_manager.cc:171] Unregistered op FlushMRSOp(00000000000000000000000000000000)
I0513 04:22:32.387696 5909 maintenance_manager.cc:171] Unregistered op FlushDeltaMemStoresOp(00000000000000000000000000000000)
I0513 04:22:32.387717 5909 maintenance_manager.cc:171] Unregistered op LogGCOp(00000000000000000000000000000000) [ OK ] ClientTest.TestScanAtSnapshot (279 ms) [ RUN ] ClientTest.TestScanMultiTablet
I0513 04:22:32.393101 5909 server_base.cc:133] Could not load existing FS layout: Not found: /tmp/kudutest-1000/client-test.ClientTest.TestScanMultiTablet.1431516148975661-5909/minicluster-data/master-0-root/instance: No such file or directory (error 2)
I0513 04:22:32.393129 5909 server_base.cc:134] Creating new FS layout
I0513 04:22:32.402572 5909 fs_manager.cc:262] Generated new instance metadata in path /tmp/kudutest-1000/client-test.ClientTest.TestScanMultiTablet.1431516148975661-5909/minicluster-data/master-0-root/instance: uuid: "27de8064b9b94dd68130e712afb95666" format_stamp: "Formatted at 2015-05-13 11:22:32 on mpercy-ThinkPad-T530"
I0513 04:22:32.405524 5909 fs_manager.cc:192] Opened local filesystem: /tmp/kudutest-1000/client-test.ClientTest.TestScanMultiTablet.1431516148975661-5909/minicluster-data/master-0-root uuid: "27de8064b9b94dd68130e712afb95666" format_stamp: "Formatted at 2015-05-13 11:22:32 on mpercy-ThinkPad-T530"
I0513 04:22:32.406736 5909 hybrid_clock.cc:123] HybridClock initialized. Resolution in nanos?: 1 Wait times tolerance adjustment: 1.0005 Current error: 325490
I0513 04:22:32.406843 5909 maintenance_manager.cc:111] MaintenanceManager: targeting memory size of 12.356158 GB
I0513 04:22:32.426080 5909 rpc_server.cc:110] RPC server started. Bound to: 127.0.0.1:51217
I0513 04:22:32.426290 5909 webserver.cc:108] Starting webserver on 0.0.0.0:0
I0513 04:22:32.426317 5909 webserver.cc:113] Document root: /home/mpercy/src/kudu/www
I0513 04:22:32.426599 5909 webserver.cc:200] Webserver started. Bound to: http://0.0.0.0:34564/
I0513 04:22:32.445597 8404 tablet_bootstrap.cc:302] Tablet 00000000000000000000000000000000: Bootstrap starting.
I0513 04:22:32.446059 8404 tablet_bootstrap.cc:463] Time spent opening tablet 00000000000000000000000000000000: real 0.000s user 0.000s sys 0.000s
I0513 04:22:32.446168 8404 tablet_bootstrap.cc:399] No blocks or log segments found for tablet: 00000000000000000000000000000000 creating new one.
I0513 04:22:32.446970 8404 tablet_bootstrap.cc:302] Tablet 00000000000000000000000000000000: No bootstrap required, opened a new log
I0513 04:22:32.447293 8404 local_consensus.cc:55] T 00000000000000000000000000000000 P 27de8064b9b94dd68130e712afb95666: Starting LocalConsensus...
I0513 04:22:32.448555 8416 change_config_transaction.cc:131] T 00000000000000000000000000000000 P 27de8064b9b94dd68130e712afb95666: Configuration changed Changed from: opid_index: -1 local: true peers { permanent_uuid: "27de8064b9b94dd68130e712afb95666" member_type: VOTER } Changed to: opid_index: 1 local: true peers { permanent_uuid: "27de8064b9b94dd68130e712afb95666" member_type: VOTER }
I0513 04:22:32.448654 8416 sys_catalog.cc:195] T 00000000000000000000000000000000 P 27de8064b9b94dd68130e712afb95666 [sys.catalog]: SysCatalogTable state changed. New quorum config:opid_index: 1 local: true peers { permanent_uuid: "27de8064b9b94dd68130e712afb95666" member_type: VOTER }
I0513 04:22:32.448686 8416 sys_catalog.cc:198] T 00000000000000000000000000000000 P 27de8064b9b94dd68130e712afb95666 [sys.catalog]: This master's current role is: LEADER, previous role was: FOLLOWER
I0513 04:22:32.448705 8404 sys_catalog.cc:263] T 00000000000000000000000000000000 P 27de8064b9b94dd68130e712afb95666 [sys.catalog]: configured and running, proceeding with master startup.
I0513 04:22:32.449216 8417 catalog_manager.cc:402] Loading table and tablet metadata into memory...
I0513 04:22:32.453721 5909 server_base.cc:133] Could not load existing FS layout: Not found: /tmp/kudutest-1000/client-test.ClientTest.TestScanMultiTablet.1431516148975661-5909/minicluster-data/ts-0-root/instance: No such file or directory (error 2)
I0513 04:22:32.453752 5909 server_base.cc:134] Creating new FS layout
I0513 04:22:32.468096 5909 fs_manager.cc:262] Generated new instance metadata in path /tmp/kudutest-1000/client-test.ClientTest.TestScanMultiTablet.1431516148975661-5909/minicluster-data/ts-0-root/instance: uuid: "dc6e3aef348349d097ad5b05c1915c0a" format_stamp: "Formatted at 2015-05-13 11:22:32 on mpercy-ThinkPad-T530"
I0513 04:22:32.471784 5909 fs_manager.cc:192] Opened local filesystem: /tmp/kudutest-1000/client-test.ClientTest.TestScanMultiTablet.1431516148975661-5909/minicluster-data/ts-0-root uuid: "dc6e3aef348349d097ad5b05c1915c0a" format_stamp: "Formatted at 2015-05-13 11:22:32 on mpercy-ThinkPad-T530"
I0513 04:22:32.472625 5909 hybrid_clock.cc:123] HybridClock initialized. Resolution in nanos?: 1 Wait times tolerance adjustment: 1.0005 Current error: 325490
I0513 04:22:32.479847 5909 rpc_server.cc:110] RPC server started. Bound to: 127.0.0.1:44482
I0513 04:22:32.480002 5909 webserver.cc:108] Starting webserver on 0.0.0.0:0
I0513 04:22:32.480018 5909 webserver.cc:113] Document root: /home/mpercy/src/kudu/www
I0513 04:22:32.480239 5909 webserver.cc:200] Webserver started. Bound to: http://0.0.0.0:50227/
I0513 04:22:32.480365 5909 maintenance_manager.cc:111] MaintenanceManager: targeting memory size of 12.356158 GB
I0513 04:22:32.481602 8489 heartbeater.cc:233] Connected to a leader master server at 127.0.0.1:51217
I0513 04:22:32.481645 8489 heartbeater.cc:303] Registering TS with master...
I0513 04:22:32.481704 8489 heartbeater.cc:309] Sending a full tablet report to master...
I0513 04:22:32.481947 8370 ts_manager.cc:66] Registered new tablet server { permanent_uuid: "dc6e3aef348349d097ad5b05c1915c0a" instance_seqno: 1431516152478377 } with Master
I0513 04:22:32.482720 5909 mini_cluster.cc:281] 1 TS(s) registered with Master after 0.00217658s
I0513 04:22:32.485142 8372 catalog_manager.cc:606] CreateTable from {real_user=mpercy, eff_user=} at 127.0.0.1:50717: name: "client-testtb" schema { columns { name: "key" type: INT32 is_key: true is_nullable: false encoding: AUTO_ENCODING compression: DEFAULT_COMPRESSION } columns { name: "int_val" type: INT32 is_key: false is_nullable: false encoding: AUTO_ENCODING compression: DEFAULT_COMPRESSION } columns { name: "string_val" type: STRING is_key: false is_nullable: true encoding: AUTO_ENCODING compression: DEFAULT_COMPRESSION } columns { name: "non_null_with_default" type: INT32 is_key: false is_nullable: false read_default_value: "90\000\000" write_default_value: "90\000\000" encoding: AUTO_ENCODING compression: DEFAULT_COMPRESSION } } pre_split_keys: "\200\000\000\t" num_replicas: 1
I0513 04:22:32.489745 8447 tablet_service.cc:422] Processing CreateTablet for tablet fd832598eb5948fd89896266f93b2de5 (table=client-testtb [id=1baaf4bd88ef4ccea9c0cbd800232053]), range=["", "\x80\x00\x00\t"]
I0513 04:22:32.489774 8448 tablet_service.cc:422] Processing CreateTablet for tablet bdc1e9ada29a444b820a01d408465af6 (table=client-testtb [id=1baaf4bd88ef4ccea9c0cbd800232053]), range=["\x80\x00\x00\t", ""]
I0513 04:22:32.513605 8447 ts_tablet_manager.cc:410] Registered tablet fd832598eb5948fd89896266f93b2de5
I0513 04:22:32.513651 8448 ts_tablet_manager.cc:410] Registered tablet bdc1e9ada29a444b820a01d408465af6
I0513 04:22:32.514075 8499 ts_tablet_manager.cc:283] Bootstrapping tablet: fd832598eb5948fd89896266f93b2de5
I0513 04:22:32.514076 8500 ts_tablet_manager.cc:283] Bootstrapping tablet: bdc1e9ada29a444b820a01d408465af6
I0513 04:22:32.514611 8499 tablet_bootstrap.cc:302] Tablet fd832598eb5948fd89896266f93b2de5: Bootstrap starting.
I0513 04:22:32.514760 8500 tablet_bootstrap.cc:302] Tablet bdc1e9ada29a444b820a01d408465af6: Bootstrap starting.
I0513 04:22:32.515120 8499 tablet_bootstrap.cc:463] Time spent opening tablet fd832598eb5948fd89896266f93b2de5: real 0.000s user 0.000s sys 0.000s
I0513 04:22:32.515221 8499 tablet_bootstrap.cc:399] No blocks or log segments found for tablet: fd832598eb5948fd89896266f93b2de5 creating new one.
I0513 04:22:32.515339 8500 tablet_bootstrap.cc:463] Time spent opening tablet bdc1e9ada29a444b820a01d408465af6: real 0.000s user 0.000s sys 0.000s
I0513 04:22:32.515432 8500 tablet_bootstrap.cc:399] No blocks or log segments found for tablet: bdc1e9ada29a444b820a01d408465af6 creating new one.
I0513 04:22:32.516172 8499 tablet_bootstrap.cc:302] Tablet fd832598eb5948fd89896266f93b2de5: No bootstrap required, opened a new log
I0513 04:22:32.516245 8499 ts_tablet_manager.cc:288] Time spent bootstrapping tablet fd832598eb5948fd89896266f93b2de5: real 0.002s user 0.002s sys 0.000s
I0513 04:22:32.516633 8499 local_consensus.cc:55] T fd832598eb5948fd89896266f93b2de5 P dc6e3aef348349d097ad5b05c1915c0a: Starting LocalConsensus...
I0513 04:22:32.516743 8500 tablet_bootstrap.cc:302] Tablet bdc1e9ada29a444b820a01d408465af6: No bootstrap required, opened a new log
I0513 04:22:32.516809 8500 ts_tablet_manager.cc:288] Time spent bootstrapping tablet bdc1e9ada29a444b820a01d408465af6: real 0.003s user 0.002s sys 0.000s
I0513 04:22:32.517200 8500 local_consensus.cc:55] T bdc1e9ada29a444b820a01d408465af6 P dc6e3aef348349d097ad5b05c1915c0a: Starting LocalConsensus...
I0513 04:22:32.518337 8500 ts_tablet_manager.cc:309] Time spent starting tablet bdc1e9ada29a444b820a01d408465af6: real 0.001s user 0.001s sys 0.000s
I0513 04:22:32.518600 8507 change_config_transaction.cc:131] T bdc1e9ada29a444b820a01d408465af6 P dc6e3aef348349d097ad5b05c1915c0a: Configuration changed Changed from: opid_index: -1 local: true peers { permanent_uuid: "dc6e3aef348349d097ad5b05c1915c0a" member_type: VOTER last_known_addr { host: "127.0.0.1" port: 44482 } } Changed to: opid_index: 1 local: true peers { permanent_uuid: "dc6e3aef348349d097ad5b05c1915c0a" member_type: VOTER last_known_addr { host: "127.0.0.1" port: 44482 } }
I0513 04:22:32.524093 8372 catalog_manager.cc:1334] Tablet: bdc1e9ada29a444b820a01d408465af6 reported consensus state change. New consensus state: current_term: 0 leader_uuid: "dc6e3aef348349d097ad5b05c1915c0a" quorum { opid_index: 1 local: true peers { permanent_uuid: "dc6e3aef348349d097ad5b05c1915c0a" member_type: VOTER last_known_addr { host: "127.0.0.1" port: 44482 } } }
I0513 04:22:32.530136 8499 ts_tablet_manager.cc:309] Time spent starting tablet fd832598eb5948fd89896266f93b2de5: real 0.014s user 0.002s sys 0.011s
I0513 04:22:32.530376 8507 change_config_transaction.cc:131] T fd832598eb5948fd89896266f93b2de5 P dc6e3aef348349d097ad5b05c1915c0a: Configuration changed Changed from: opid_index: -1 local: true peers { permanent_uuid: "dc6e3aef348349d097ad5b05c1915c0a" member_type: VOTER last_known_addr { host: "127.0.0.1" port: 44482 } } Changed to: opid_index: 1 local: true peers { permanent_uuid: "dc6e3aef348349d097ad5b05c1915c0a" member_type: VOTER last_known_addr { host: "127.0.0.1" port: 44482 } }
I0513 04:22:32.536252 8373 catalog_manager.cc:1334] Tablet: fd832598eb5948fd89896266f93b2de5 reported consensus state change. New consensus state: current_term: 0 leader_uuid: "dc6e3aef348349d097ad5b05c1915c0a" quorum { opid_index: 1 local: true peers { permanent_uuid: "dc6e3aef348349d097ad5b05c1915c0a" member_type: VOTER last_known_addr { host: "127.0.0.1" port: 44482 } } }
I0513 04:22:32.540221 8376 catalog_manager.cc:606] CreateTable from {real_user=mpercy, eff_user=} at 127.0.0.1:50717: name: "client-testtb2" schema { columns { name: "key" type: INT32 is_key: true is_nullable: false encoding: AUTO_ENCODING compression: DEFAULT_COMPRESSION } columns { name: "int_val" type: INT32 is_key: false is_nullable: false encoding: AUTO_ENCODING compression: DEFAULT_COMPRESSION } columns { name: "string_val" type: STRING is_key: false is_nullable: true encoding: AUTO_ENCODING compression: DEFAULT_COMPRESSION } columns { name: "non_null_with_default" type: INT32 is_key: false is_nullable: false read_default_value: "90\000\000" write_default_value: "90\000\000" encoding: AUTO_ENCODING compression: DEFAULT_COMPRESSION } } num_replicas: 1
I0513 04:22:32.544004 8449 tablet_service.cc:422] Processing CreateTablet for tablet 59039ae2f6ba4120894685b56be5daa3 (table=client-testtb2 [id=0231edd29c9b46b5aa204ac9e7d7c1ca]), range=["", ""]
I0513 04:22:32.564409 8449 ts_tablet_manager.cc:410] Registered tablet 59039ae2f6ba4120894685b56be5daa3
I0513 04:22:32.564491 8500 ts_tablet_manager.cc:283] Bootstrapping tablet: 59039ae2f6ba4120894685b56be5daa3
I0513 04:22:32.564980 8500 tablet_bootstrap.cc:302] Tablet 59039ae2f6ba4120894685b56be5daa3: Bootstrap starting.
I0513 04:22:32.565417 8500 tablet_bootstrap.cc:463] Time spent opening tablet 59039ae2f6ba4120894685b56be5daa3: real 0.000s user 0.000s sys 0.000s
I0513 04:22:32.565516 8500 tablet_bootstrap.cc:399] No blocks or log segments found for tablet: 59039ae2f6ba4120894685b56be5daa3 creating new one.
I0513 04:22:32.566377 8500 tablet_bootstrap.cc:302] Tablet 59039ae2f6ba4120894685b56be5daa3: No bootstrap required, opened a new log
I0513 04:22:32.566440 8500 ts_tablet_manager.cc:288] Time spent bootstrapping tablet 59039ae2f6ba4120894685b56be5daa3: real 0.002s user 0.002s sys 0.000s
I0513 04:22:32.566733 8500 local_consensus.cc:55] T 59039ae2f6ba4120894685b56be5daa3 P dc6e3aef348349d097ad5b05c1915c0a: Starting LocalConsensus...
I0513 04:22:32.568012 8500 ts_tablet_manager.cc:309] Time spent starting tablet 59039ae2f6ba4120894685b56be5daa3: real 0.002s user 0.000s sys 0.003s
I0513 04:22:32.568238 8507 change_config_transaction.cc:131] T 59039ae2f6ba4120894685b56be5daa3 P dc6e3aef348349d097ad5b05c1915c0a: Configuration changed Changed from: opid_index: -1 local: true peers { permanent_uuid: "dc6e3aef348349d097ad5b05c1915c0a" member_type: VOTER last_known_addr { host: "127.0.0.1" port: 44482 } } Changed to: opid_index: 1 local: true peers { permanent_uuid: "dc6e3aef348349d097ad5b05c1915c0a" member_type: VOTER last_known_addr { host: "127.0.0.1" port: 44482 } }
I0513 04:22:32.571149 8369 catalog_manager.cc:1334] Tablet: 59039ae2f6ba4120894685b56be5daa3 reported consensus state change. New consensus state: current_term: 0 leader_uuid: "dc6e3aef348349d097ad5b05c1915c0a" quorum { opid_index: 1 local: true peers { permanent_uuid: "dc6e3aef348349d097ad5b05c1915c0a" member_type: VOTER last_known_addr { host: "127.0.0.1" port: 44482 } } }
I0513 04:22:32.573931 8374 catalog_manager.cc:606] CreateTable from {real_user=mpercy, eff_user=} at 127.0.0.1:50717: name: "TestScanMultiTablet" schema { columns { name: "key" type: INT32 is_key: true is_nullable: false encoding: AUTO_ENCODING compression: DEFAULT_COMPRESSION } columns { name: "int_val" type: INT32 is_key: false is_nullable: false encoding: AUTO_ENCODING compression: DEFAULT_COMPRESSION } columns { name: "string_val" type: STRING is_key: false is_nullable: true encoding: AUTO_ENCODING compression: DEFAULT_COMPRESSION } columns { name: "non_null_with_default" type: INT32 is_key: false is_nullable: false read_default_value: "90\000\000" write_default_value: "90\000\000" encoding: AUTO_ENCODING compression: DEFAULT_COMPRESSION } } pre_split_keys: "\200\000\000\n" pre_split_keys: "\200\000\000\024" pre_split_keys: "\200\000\000\036" pre_split_keys: "\200\000\000("
I0513 04:22:32.578186 8450 tablet_service.cc:422] Processing CreateTablet for tablet e5ef40ecd6a942eea64e41da61c0a25d (table=TestScanMultiTablet [id=36b21d8dc6b04300aaa1f3e2607c96e2]), range=["\x80\x00\x00\x14", "\x80\x00\x00\x1e"]
I0513 04:22:32.578325 8453 tablet_service.cc:422] Processing CreateTablet for tablet 68ad9e07a50f4a49ba70e0c3568c50eb (table=TestScanMultiTablet [id=36b21d8dc6b04300aaa1f3e2607c96e2]), range=["", "\x80\x00\x00\n"]
I0513 04:22:32.578398 8454 tablet_service.cc:422] Processing CreateTablet for tablet 71bcd8d67f094d718bb98e0f5055ee29 (table=TestScanMultiTablet [id=36b21d8dc6b04300aaa1f3e2607c96e2]), range=["\x80\x00\x00(", ""]
I0513 04:22:32.578413 8451 tablet_service.cc:422] Processing CreateTablet for tablet ef62457f479a46aba260e201f1660058 (table=TestScanMultiTablet [id=36b21d8dc6b04300aaa1f3e2607c96e2]), range=["\x80\x00\x00\n", "\x80\x00\x00\x14"]
I0513 04:22:32.578471 8452 tablet_service.cc:422] Processing CreateTablet for tablet e445b918d7b2499aab2eeccc563a63b8 (table=TestScanMultiTablet [id=36b21d8dc6b04300aaa1f3e2607c96e2]), range=["\x80\x00\x00\x1e", "\x80\x00\x00("]
I0513 04:22:32.594336 8453 ts_tablet_manager.cc:410] Registered tablet 68ad9e07a50f4a49ba70e0c3568c50eb
I0513 04:22:32.594383 8451 ts_tablet_manager.cc:410] Registered tablet ef62457f479a46aba260e201f1660058
I0513 04:22:32.594408 8499 ts_tablet_manager.cc:283] Bootstrapping tablet: 68ad9e07a50f4a49ba70e0c3568c50eb
I0513 04:22:32.594452 8500 ts_tablet_manager.cc:283] Bootstrapping tablet: ef62457f479a46aba260e201f1660058
I0513 04:22:32.594941 8500 tablet_bootstrap.cc:302] Tablet ef62457f479a46aba260e201f1660058: Bootstrap starting.
I0513 04:22:32.594948 8499 tablet_bootstrap.cc:302] Tablet 68ad9e07a50f4a49ba70e0c3568c50eb: Bootstrap starting.
I0513 04:22:32.595443 8499 tablet_bootstrap.cc:463] Time spent opening tablet 68ad9e07a50f4a49ba70e0c3568c50eb: real 0.000s user 0.000s sys 0.000s
I0513 04:22:32.595444 8500 tablet_bootstrap.cc:463] Time spent opening tablet ef62457f479a46aba260e201f1660058: real 0.000s user 0.000s sys 0.000s
I0513 04:22:32.595541 8499 tablet_bootstrap.cc:399] No blocks or log segments found for tablet: 68ad9e07a50f4a49ba70e0c3568c50eb creating new one.
I0513 04:22:32.595573 8500 tablet_bootstrap.cc:399] No blocks or log segments found for tablet: ef62457f479a46aba260e201f1660058 creating new one.
I0513 04:22:32.596469 8499 tablet_bootstrap.cc:302] Tablet 68ad9e07a50f4a49ba70e0c3568c50eb: No bootstrap required, opened a new log
I0513 04:22:32.596559 8500 tablet_bootstrap.cc:302] Tablet ef62457f479a46aba260e201f1660058: No bootstrap required, opened a new log
I0513 04:22:32.596554 8499 ts_tablet_manager.cc:288] Time spent bootstrapping tablet 68ad9e07a50f4a49ba70e0c3568c50eb: real 0.002s user 0.000s sys 0.001s
I0513 04:22:32.596604 8500 ts_tablet_manager.cc:288] Time spent bootstrapping tablet ef62457f479a46aba260e201f1660058: real 0.002s user 0.000s sys 0.003s
I0513 04:22:32.596845 8499 local_consensus.cc:55] T 68ad9e07a50f4a49ba70e0c3568c50eb P dc6e3aef348349d097ad5b05c1915c0a: Starting LocalConsensus...
I0513 04:22:32.596848 8500 local_consensus.cc:55] T ef62457f479a46aba260e201f1660058 P dc6e3aef348349d097ad5b05c1915c0a: Starting LocalConsensus...
I0513 04:22:32.597807 8500 ts_tablet_manager.cc:309] Time spent starting tablet ef62457f479a46aba260e201f1660058: real 0.001s user 0.000s sys 0.000s
I0513 04:22:32.597853 8499 ts_tablet_manager.cc:309] Time spent starting tablet 68ad9e07a50f4a49ba70e0c3568c50eb: real 0.001s user 0.000s sys 0.001s
I0513 04:22:32.597916 8507 change_config_transaction.cc:131] T 68ad9e07a50f4a49ba70e0c3568c50eb P dc6e3aef348349d097ad5b05c1915c0a: Configuration changed Changed from: opid_index: -1 local: true peers { permanent_uuid: "dc6e3aef348349d097ad5b05c1915c0a" member_type: VOTER last_known_addr { host: "127.0.0.1" port: 44482 } } Changed to: opid_index: 1 local: true peers { permanent_uuid: "dc6e3aef348349d097ad5b05c1915c0a" member_type: VOTER last_known_addr { host: "127.0.0.1" port: 44482 } }
I0513 04:22:32.598629 8507 change_config_transaction.cc:131] T ef62457f479a46aba260e201f1660058 P dc6e3aef348349d097ad5b05c1915c0a: Configuration changed Changed from: opid_index: -1 local: true peers { permanent_uuid: "dc6e3aef348349d097ad5b05c1915c0a" member_type: VOTER last_known_addr { host: "127.0.0.1" port: 44482 } } Changed to: opid_index: 1 local: true peers { permanent_uuid: "dc6e3aef348349d097ad5b05c1915c0a" member_type: VOTER last_known_addr { host: "127.0.0.1" port: 44482 } }
I0513 04:22:32.600841 8452 ts_tablet_manager.cc:410] Registered tablet e445b918d7b2499aab2eeccc563a63b8
I0513 04:22:32.600891 8450 ts_tablet_manager.cc:410] Registered tablet e5ef40ecd6a942eea64e41da61c0a25d
I0513 04:22:32.600939 8499 ts_tablet_manager.cc:283] Bootstrapping tablet: e5ef40ecd6a942eea64e41da61c0a25d
I0513 04:22:32.600965 8454 ts_tablet_manager.cc:410] Registered tablet 71bcd8d67f094d718bb98e0f5055ee29
I0513 04:22:32.601018 8500 ts_tablet_manager.cc:283] Bootstrapping tablet: e445b918d7b2499aab2eeccc563a63b8
I0513 04:22:32.601557 8533 ts_tablet_manager.cc:283] Bootstrapping tablet: 71bcd8d67f094d718bb98e0f5055ee29
I0513 04:22:32.601781 8499 tablet_bootstrap.cc:302] Tablet e5ef40ecd6a942eea64e41da61c0a25d: Bootstrap starting.
I0513 04:22:32.601824 8500 tablet_bootstrap.cc:302] Tablet e445b918d7b2499aab2eeccc563a63b8: Bootstrap starting.
I0513 04:22:32.602305 8533 tablet_bootstrap.cc:302] Tablet 71bcd8d67f094d718bb98e0f5055ee29: Bootstrap starting.
I0513 04:22:32.602519 8499 tablet_bootstrap.cc:463] Time spent opening tablet e5ef40ecd6a942eea64e41da61c0a25d: real 0.000s user 0.000s sys 0.000s
I0513 04:22:32.602521 8500 tablet_bootstrap.cc:463] Time spent opening tablet e445b918d7b2499aab2eeccc563a63b8: real 0.000s user 0.000s sys 0.000s
I0513 04:22:32.602632 8499 tablet_bootstrap.cc:399] No blocks or log segments found for tablet: e5ef40ecd6a942eea64e41da61c0a25d creating new one.
I0513 04:22:32.602638 8500 tablet_bootstrap.cc:399] No blocks or log segments found for tablet: e445b918d7b2499aab2eeccc563a63b8 creating new one.
I0513 04:22:32.602911 8533 tablet_bootstrap.cc:463] Time spent opening tablet 71bcd8d67f094d718bb98e0f5055ee29: real 0.000s user 0.002s sys 0.000s
I0513 04:22:32.603036 8533 tablet_bootstrap.cc:399] No blocks or log segments found for tablet: 71bcd8d67f094d718bb98e0f5055ee29 creating new one.
I0513 04:22:32.603689 8500 tablet_bootstrap.cc:302] Tablet e445b918d7b2499aab2eeccc563a63b8: No bootstrap required, opened a new log
I0513 04:22:32.603689 8499 tablet_bootstrap.cc:302] Tablet e5ef40ecd6a942eea64e41da61c0a25d: No bootstrap required, opened a new log
I0513 04:22:32.603750 8500 ts_tablet_manager.cc:288] Time spent bootstrapping tablet e445b918d7b2499aab2eeccc563a63b8: real 0.003s user 0.000s sys 0.003s
I0513 04:22:32.603756 8499 ts_tablet_manager.cc:288] Time spent bootstrapping tablet e5ef40ecd6a942eea64e41da61c0a25d: real 0.003s user 0.001s sys 0.002s
I0513 04:22:32.604032 8500 local_consensus.cc:55] T e445b918d7b2499aab2eeccc563a63b8 P dc6e3aef348349d097ad5b05c1915c0a: Starting LocalConsensus...
I0513 04:22:32.604022 8377 catalog_manager.cc:1334] Tablet: 68ad9e07a50f4a49ba70e0c3568c50eb reported consensus state change. New consensus state: current_term: 0 leader_uuid: "dc6e3aef348349d097ad5b05c1915c0a" quorum { opid_index: 1 local: true peers { permanent_uuid: "dc6e3aef348349d097ad5b05c1915c0a" member_type: VOTER last_known_addr { host: "127.0.0.1" port: 44482 } } }
I0513 04:22:32.604117 8499 local_consensus.cc:55] T e5ef40ecd6a942eea64e41da61c0a25d P dc6e3aef348349d097ad5b05c1915c0a: Starting LocalConsensus...
I0513 04:22:32.605113 8533 tablet_bootstrap.cc:302] Tablet 71bcd8d67f094d718bb98e0f5055ee29: No bootstrap required, opened a new log
I0513 04:22:32.605185 8533 ts_tablet_manager.cc:288] Time spent bootstrapping tablet 71bcd8d67f094d718bb98e0f5055ee29: real 0.004s user 0.002s sys 0.001s
I0513 04:22:32.605178 8377 catalog_manager.cc:1334] Tablet: ef62457f479a46aba260e201f1660058 reported consensus state change. New consensus state: current_term: 0 leader_uuid: "dc6e3aef348349d097ad5b05c1915c0a" quorum { opid_index: 1 local: true peers { permanent_uuid: "dc6e3aef348349d097ad5b05c1915c0a" member_type: VOTER last_known_addr { host: "127.0.0.1" port: 44482 } } }
I0513 04:22:32.605598 8499 ts_tablet_manager.cc:309] Time spent starting tablet e5ef40ecd6a942eea64e41da61c0a25d: real 0.002s user 0.000s sys 0.001s
I0513 04:22:32.605607 8500 ts_tablet_manager.cc:309] Time spent starting tablet e445b918d7b2499aab2eeccc563a63b8: real 0.002s user 0.000s sys 0.000s
I0513 04:22:32.605664 8533 local_consensus.cc:55] T 71bcd8d67f094d718bb98e0f5055ee29 P dc6e3aef348349d097ad5b05c1915c0a: Starting LocalConsensus...
I0513 04:22:32.605742 8532 change_config_transaction.cc:131] T e5ef40ecd6a942eea64e41da61c0a25d P dc6e3aef348349d097ad5b05c1915c0a: Configuration changed Changed from: opid_index: -1 local: true peers { permanent_uuid: "dc6e3aef348349d097ad5b05c1915c0a" member_type: VOTER last_known_addr { host: "127.0.0.1" port: 44482 } } Changed to: opid_index: 1 local: true peers { permanent_uuid: "dc6e3aef348349d097ad5b05c1915c0a" member_type: VOTER last_known_addr { host: "127.0.0.1" port: 44482 } }
I0513 04:22:32.605996 8507 change_config_transaction.cc:131] T e445b918d7b2499aab2eeccc563a63b8 P dc6e3aef348349d097ad5b05c1915c0a: Configuration changed Changed from: opid_index: -1 local: true peers { permanent_uuid: "dc6e3aef348349d097ad5b05c1915c0a" member_type: VOTER last_known_addr { host: "127.0.0.1" port: 44482 } } Changed to: opid_index: 1 local: true peers { permanent_uuid: "dc6e3aef348349d097ad5b05c1915c0a" member_type: VOTER last_known_addr { host: "127.0.0.1" port: 44482 } }
I0513 04:22:32.606782 8533 ts_tablet_manager.cc:309] Time spent starting tablet 71bcd8d67f094d718bb98e0f5055ee29: real 0.002s user 0.002s sys 0.000s
I0513 04:22:32.607200 8532 change_config_transaction.cc:131] T 71bcd8d67f094d718bb98e0f5055ee29 P dc6e3aef348349d097ad5b05c1915c0a: Configuration changed Changed from: opid_index: -1 local: true peers { permanent_uuid: "dc6e3aef348349d097ad5b05c1915c0a" member_type: VOTER last_known_addr { host: "127.0.0.1" port: 44482 } } Changed to: opid_index: 1 local: true peers { permanent_uuid: "dc6e3aef348349d097ad5b05c1915c0a" member_type: VOTER last_known_addr { host: "127.0.0.1" port: 44482 } }
I0513 04:22:32.616964 8378 catalog_manager.cc:1334] Tablet: e5ef40ecd6a942eea64e41da61c0a25d reported consensus state change. New consensus state: current_term: 0 leader_uuid: "dc6e3aef348349d097ad5b05c1915c0a" quorum { opid_index: 1 local: true peers { permanent_uuid: "dc6e3aef348349d097ad5b05c1915c0a" member_type: VOTER last_known_addr { host: "127.0.0.1" port: 44482 } } }
I0513 04:22:32.618139 8378 catalog_manager.cc:1334] Tablet: 71bcd8d67f094d718bb98e0f5055ee29 reported consensus state change. New consensus state: current_term: 0 leader_uuid: "dc6e3aef348349d097ad5b05c1915c0a" quorum { opid_index: 1 local: true peers { permanent_uuid: "dc6e3aef348349d097ad5b05c1915c0a" member_type: VOTER last_known_addr { host: "127.0.0.1" port: 44482 } } }
I0513 04:22:32.619113 8378 catalog_manager.cc:1334] Tablet: e445b918d7b2499aab2eeccc563a63b8 reported consensus state change. New consensus state: current_term: 0 leader_uuid: "dc6e3aef348349d097ad5b05c1915c0a" quorum { opid_index: 1 local: true peers { permanent_uuid: "dc6e3aef348349d097ad5b05c1915c0a" member_type: VOTER last_known_addr { host: "127.0.0.1" port: 44482 } } }
I0513 04:22:32.756165 5909 tablet_server.cc:117] TabletServer shutting down...
I0513 04:22:32.769670 5909 ts_tablet_manager.cc:365] Shutting down tablet manager...
I0513 04:22:32.770047 5909 tablet_peer.cc:190] Initiating TabletPeer shutdown for tablet: fd832598eb5948fd89896266f93b2de5
I0513 04:22:32.770087 5909 maintenance_manager.cc:171] Unregistered op CompactRowSetsOp(fd832598eb5948fd89896266f93b2de5)
I0513 04:22:32.770114 5909 maintenance_manager.cc:171] Unregistered op MinorDeltaCompactionOp(fd832598eb5948fd89896266f93b2de5)
I0513 04:22:32.770133 5909 maintenance_manager.cc:171] Unregistered op MajorDeltaCompactionOp(fd832598eb5948fd89896266f93b2de5)
I0513 04:22:32.770649 5909 tablet_peer.cc:190] Initiating TabletPeer shutdown for tablet: e5ef40ecd6a942eea64e41da61c0a25d
I0513 04:22:32.770786 5909 maintenance_manager.cc:171] Unregistered op CompactRowSetsOp(e5ef40ecd6a942eea64e41da61c0a25d)
I0513 04:22:32.770818 5909 maintenance_manager.cc:171] Unregistered op MinorDeltaCompactionOp(e5ef40ecd6a942eea64e41da61c0a25d)
I0513 04:22:32.770844 5909 maintenance_manager.cc:171] Unregistered op MajorDeltaCompactionOp(e5ef40ecd6a942eea64e41da61c0a25d)
I0513 04:22:32.771297 5909 tablet_peer.cc:190] Initiating TabletPeer shutdown for tablet: 68ad9e07a50f4a49ba70e0c3568c50eb
I0513 04:22:32.771324 5909 maintenance_manager.cc:171] Unregistered op CompactRowSetsOp(68ad9e07a50f4a49ba70e0c3568c50eb)
I0513 04:22:32.771340 5909 maintenance_manager.cc:171] Unregistered op MinorDeltaCompactionOp(68ad9e07a50f4a49ba70e0c3568c50eb)
I0513 04:22:32.771361 5909 maintenance_manager.cc:171] Unregistered op MajorDeltaCompactionOp(68ad9e07a50f4a49ba70e0c3568c50eb)
I0513 04:22:32.771689 5909 tablet_peer.cc:190] Initiating TabletPeer shutdown for tablet: bdc1e9ada29a444b820a01d408465af6
I0513 04:22:32.771714 5909 maintenance_manager.cc:171] Unregistered op CompactRowSetsOp(bdc1e9ada29a444b820a01d408465af6)
I0513 04:22:32.771733 5909 maintenance_manager.cc:171] Unregistered op MinorDeltaCompactionOp(bdc1e9ada29a444b820a01d408465af6)
I0513 04:22:32.771747 5909 maintenance_manager.cc:171] Unregistered op MajorDeltaCompactionOp(bdc1e9ada29a444b820a01d408465af6)
I0513 04:22:32.772071 5909 tablet_peer.cc:190] Initiating TabletPeer shutdown for tablet: 71bcd8d67f094d718bb98e0f5055ee29
I0513 04:22:32.772095 5909 maintenance_manager.cc:171] Unregistered op CompactRowSetsOp(71bcd8d67f094d718bb98e0f5055ee29)
I0513 04:22:32.772111 5909 maintenance_manager.cc:171] Unregistered op MinorDeltaCompactionOp(71bcd8d67f094d718bb98e0f5055ee29)
I0513 04:22:32.772127 5909 maintenance_manager.cc:171] Unregistered op MajorDeltaCompactionOp(71bcd8d67f094d718bb98e0f5055ee29)
I0513 04:22:32.772514 5909 tablet_peer.cc:190] Initiating TabletPeer shutdown for tablet: ef62457f479a46aba260e201f1660058
I0513 04:22:32.772542 5909 maintenance_manager.cc:171] Unregistered op CompactRowSetsOp(ef62457f479a46aba260e201f1660058)
I0513 04:22:32.772558 5909 maintenance_manager.cc:171] Unregistered op MinorDeltaCompactionOp(ef62457f479a46aba260e201f1660058)
I0513 04:22:32.772573 5909 maintenance_manager.cc:171] Unregistered op MajorDeltaCompactionOp(ef62457f479a46aba260e201f1660058)
I0513 04:22:32.773107 5909 tablet_peer.cc:190] Initiating TabletPeer shutdown for tablet: 59039ae2f6ba4120894685b56be5daa3
I0513 04:22:32.773131 5909 maintenance_manager.cc:171] Unregistered op CompactRowSetsOp(59039ae2f6ba4120894685b56be5daa3)
I0513 04:22:32.773146 5909 maintenance_manager.cc:171] Unregistered op MinorDeltaCompactionOp(59039ae2f6ba4120894685b56be5daa3)
I0513 04:22:32.773161 5909 maintenance_manager.cc:171] Unregistered op MajorDeltaCompactionOp(59039ae2f6ba4120894685b56be5daa3)
I0513 04:22:32.773519 5909 tablet_peer.cc:190] Initiating TabletPeer shutdown for tablet: e445b918d7b2499aab2eeccc563a63b8
I0513 04:22:32.773553 5909 maintenance_manager.cc:171] Unregistered op CompactRowSetsOp(e445b918d7b2499aab2eeccc563a63b8)
I0513 04:22:32.773576 5909 maintenance_manager.cc:171] Unregistered op MinorDeltaCompactionOp(e445b918d7b2499aab2eeccc563a63b8)
I0513 04:22:32.773594 5909 maintenance_manager.cc:171] Unregistered op MajorDeltaCompactionOp(e445b918d7b2499aab2eeccc563a63b8)
I0513 04:22:32.774121 5909 maintenance_manager.cc:171] Unregistered op FlushMRSOp(fd832598eb5948fd89896266f93b2de5)
I0513 04:22:32.774163 5909 maintenance_manager.cc:171] Unregistered op FlushDeltaMemStoresOp(fd832598eb5948fd89896266f93b2de5)
I0513 04:22:32.774193 5909 maintenance_manager.cc:171] Unregistered op LogGCOp(fd832598eb5948fd89896266f93b2de5)
I0513 04:22:32.774550 5909 maintenance_manager.cc:171] Unregistered op FlushMRSOp(e5ef40ecd6a942eea64e41da61c0a25d)
I0513 04:22:32.774580 5909 maintenance_manager.cc:171] Unregistered op FlushDeltaMemStoresOp(e5ef40ecd6a942eea64e41da61c0a25d)
I0513 04:22:32.774601 5909 maintenance_manager.cc:171] Unregistered op LogGCOp(e5ef40ecd6a942eea64e41da61c0a25d)
I0513 04:22:32.774857 5909 maintenance_manager.cc:171] Unregistered op FlushMRSOp(68ad9e07a50f4a49ba70e0c3568c50eb)
I0513 04:22:32.774911 5909 maintenance_manager.cc:171] Unregistered op FlushDeltaMemStoresOp(68ad9e07a50f4a49ba70e0c3568c50eb)
I0513 04:22:32.774935 5909 maintenance_manager.cc:171] Unregistered op LogGCOp(68ad9e07a50f4a49ba70e0c3568c50eb)
I0513 04:22:32.775176 5909 maintenance_manager.cc:171] Unregistered op FlushMRSOp(bdc1e9ada29a444b820a01d408465af6)
I0513 04:22:32.775200 5909 maintenance_manager.cc:171] Unregistered op FlushDeltaMemStoresOp(bdc1e9ada29a444b820a01d408465af6)
I0513 04:22:32.775221 5909 maintenance_manager.cc:171] Unregistered op LogGCOp(bdc1e9ada29a444b820a01d408465af6)
I0513 04:22:32.775454 5909 maintenance_manager.cc:171] Unregistered op FlushMRSOp(71bcd8d67f094d718bb98e0f5055ee29)
I0513 04:22:32.775478 5909 maintenance_manager.cc:171] Unregistered op FlushDeltaMemStoresOp(71bcd8d67f094d718bb98e0f5055ee29)
I0513 04:22:32.775496 5909 maintenance_manager.cc:171] Unregistered op LogGCOp(71bcd8d67f094d718bb98e0f5055ee29)
I0513 04:22:32.775707 5909 maintenance_manager.cc:171] Unregistered op FlushMRSOp(ef62457f479a46aba260e201f1660058)
I0513 04:22:32.775727 5909 maintenance_manager.cc:171] Unregistered op FlushDeltaMemStoresOp(ef62457f479a46aba260e201f1660058)
I0513 04:22:32.775746 5909 maintenance_manager.cc:171] Unregistered op LogGCOp(ef62457f479a46aba260e201f1660058)
I0513 04:22:32.775980 5909 maintenance_manager.cc:171] Unregistered op FlushMRSOp(59039ae2f6ba4120894685b56be5daa3)
I0513 04:22:32.776005 5909 maintenance_manager.cc:171] Unregistered op FlushDeltaMemStoresOp(59039ae2f6ba4120894685b56be5daa3)
I0513 04:22:32.776023 5909 maintenance_manager.cc:171] Unregistered op LogGCOp(59039ae2f6ba4120894685b56be5daa3)
I0513 04:22:32.776237 5909 maintenance_manager.cc:171] Unregistered op FlushMRSOp(e445b918d7b2499aab2eeccc563a63b8)
I0513 04:22:32.776262 5909 maintenance_manager.cc:171] Unregistered op FlushDeltaMemStoresOp(e445b918d7b2499aab2eeccc563a63b8)
I0513 04:22:32.776284 5909 maintenance_manager.cc:171] Unregistered op LogGCOp(e445b918d7b2499aab2eeccc563a63b8)
I0513 04:22:32.776500 5909 tablet_server.cc:126] TabletServer shut down complete. Bye!
I0513 04:22:32.776517 5909 tablet_server.cc:117] TabletServer shutting down...
I0513 04:22:32.776548 5909 tablet_server.cc:126] TabletServer shut down complete. Bye!
I0513 04:22:32.778064 5909 master.cc:153] Master@127.0.0.1:51217 shutting down...
I0513 04:22:32.790417 5909 tablet_peer.cc:190] Initiating TabletPeer shutdown for tablet: 00000000000000000000000000000000
I0513 04:22:32.790452 5909 maintenance_manager.cc:171] Unregistered op CompactRowSetsOp(00000000000000000000000000000000)
I0513 04:22:32.790467 5909 maintenance_manager.cc:171] Unregistered op MinorDeltaCompactionOp(00000000000000000000000000000000)
I0513 04:22:32.790482 5909 maintenance_manager.cc:171] Unregistered op MajorDeltaCompactionOp(00000000000000000000000000000000)
I0513 04:22:32.790920 5909 master.cc:157] Master@127.0.0.1:51217 shutdown complete.
I0513 04:22:32.791009 5909 maintenance_manager.cc:171] Unregistered op FlushMRSOp(00000000000000000000000000000000)
I0513 04:22:32.791035 5909 maintenance_manager.cc:171] Unregistered op FlushDeltaMemStoresOp(00000000000000000000000000000000)
I0513 04:22:32.791054 5909 maintenance_manager.cc:171] Unregistered op LogGCOp(00000000000000000000000000000000) [ OK ] ClientTest.TestScanMultiTablet (405 ms) [ RUN ] ClientTest.TestScanEmptyTable
I0513 04:22:32.800068 5909 server_base.cc:133] Could not load existing FS layout: Not found: /tmp/kudutest-1000/client-test.ClientTest.TestScanEmptyTable.1431516148975661-5909/minicluster-data/master-0-root/instance: No such file or directory (error 2)
I0513 04:22:32.800118 5909 server_base.cc:134] Creating new FS layout
I0513 04:22:32.813436 5909 fs_manager.cc:262] Generated new instance metadata in path /tmp/kudutest-1000/client-test.ClientTest.TestScanEmptyTable.1431516148975661-5909/minicluster-data/master-0-root/instance: uuid: "0183f5ce95804e139ca57aff203abd0f" format_stamp: "Formatted at 2015-05-13 11:22:32 on mpercy-ThinkPad-T530"
I0513 04:22:32.818111 5909 fs_manager.cc:192] Opened local filesystem: /tmp/kudutest-1000/client-test.ClientTest.TestScanEmptyTable.1431516148975661-5909/minicluster-data/master-0-root uuid: "0183f5ce95804e139ca57aff203abd0f" format_stamp: "Formatted at 2015-05-13 11:22:32 on mpercy-ThinkPad-T530"
I0513 04:22:32.819115 5909 hybrid_clock.cc:123] HybridClock initialized. Resolution in nanos?: 1 Wait times tolerance adjustment: 1.0005 Current error: 325490
I0513 04:22:32.819197 5909 maintenance_manager.cc:111] MaintenanceManager: targeting memory size of 12.356158 GB
I0513 04:22:32.825988 5909 rpc_server.cc:110] RPC server started. Bound to: 127.0.0.1:60983
I0513 04:22:32.826138 5909 webserver.cc:108] Starting webserver on 0.0.0.0:0
I0513 04:22:32.826148 5909 webserver.cc:113] Document root: /home/mpercy/src/kudu/www
I0513 04:22:32.826381 5909 webserver.cc:200] Webserver started. Bound to: http://0.0.0.0:59328/
I0513 04:22:32.848886 8611 tablet_bootstrap.cc:302] Tablet 00000000000000000000000000000000: Bootstrap starting.
I0513 04:22:32.849364 8611 tablet_bootstrap.cc:463] Time spent opening tablet 00000000000000000000000000000000: real 0.000s user 0.000s sys 0.000s
I0513 04:22:32.849459 8611 tablet_bootstrap.cc:399] No blocks or log segments found for tablet: 00000000000000000000000000000000 creating new one.
I0513 04:22:32.850283 8611 tablet_bootstrap.cc:302] Tablet 00000000000000000000000000000000: No bootstrap required, opened a new log
I0513 04:22:32.850565 8611 local_consensus.cc:55] T 00000000000000000000000000000000 P 0183f5ce95804e139ca57aff203abd0f: Starting LocalConsensus...
I0513 04:22:32.851955 8617 change_config_transaction.cc:131] T 00000000000000000000000000000000 P 0183f5ce95804e139ca57aff203abd0f: Configuration changed Changed from: opid_index: -1 local: true peers { permanent_uuid: "0183f5ce95804e139ca57aff203abd0f" member_type: VOTER } Changed to: opid_index: 1 local: true peers { permanent_uuid: "0183f5ce95804e139ca57aff203abd0f" member_type: VOTER }
I0513 04:22:32.852038 8617 sys_catalog.cc:195] T 00000000000000000000000000000000 P 0183f5ce95804e139ca57aff203abd0f [sys.catalog]: SysCatalogTable state changed. New quorum config:opid_index: 1 local: true peers { permanent_uuid: "0183f5ce95804e139ca57aff203abd0f" member_type: VOTER }
I0513 04:22:32.852054 8611 sys_catalog.cc:263] T 00000000000000000000000000000000 P 0183f5ce95804e139ca57aff203abd0f [sys.catalog]: configured and running, proceeding with master startup.
I0513 04:22:32.852069 8617 sys_catalog.cc:198] T 00000000000000000000000000000000 P 0183f5ce95804e139ca57aff203abd0f [sys.catalog]: This master's current role is: LEADER, previous role was: FOLLOWER
W0513 04:22:32.852321 8618 catalog_manager.cc:275] Catalog manager is not initialized!
I0513 04:22:32.852324 8619 catalog_manager.cc:402] Loading table and tablet metadata into memory...
I0513 04:22:32.856843 5909 server_base.cc:133] Could not load existing FS layout: Not found: /tmp/kudutest-1000/client-test.ClientTest.TestScanEmptyTable.1431516148975661-5909/minicluster-data/ts-0-root/instance: No such file or directory (error 2)
I0513 04:22:32.856883 5909 server_base.cc:134] Creating new FS layout
I0513 04:22:32.873003 5909 fs_manager.cc:262] Generated new instance metadata in path /tmp/kudutest-1000/client-test.ClientTest.TestScanEmptyTable.1431516148975661-5909/minicluster-data/ts-0-root/instance: uuid: "ffb3262f7dab4afa9755e0e20b2b99ec" format_stamp: "Formatted at 2015-05-13 11:22:32 on mpercy-ThinkPad-T530"
I0513 04:22:32.875880 5909 fs_manager.cc:192] Opened local filesystem: /tmp/kudutest-1000/client-test.ClientTest.TestScanEmptyTable.1431516148975661-5909/minicluster-data/ts-0-root uuid: "ffb3262f7dab4afa9755e0e20b2b99ec" format_stamp: "Formatted at 2015-05-13 11:22:32 on mpercy-ThinkPad-T530"
I0513 04:22:32.876591 5909 hybrid_clock.cc:123] HybridClock initialized. Resolution in nanos?: 1 Wait times tolerance adjustment: 1.0005 Current error: 325490
I0513 04:22:32.884765 5909 rpc_server.cc:110] RPC server started. Bound to: 127.0.0.1:54873
I0513 04:22:32.884908 5909 webserver.cc:108] Starting webserver on 0.0.0.0:0
I0513 04:22:32.884920 5909 webserver.cc:113] Document root: /home/mpercy/src/kudu/www
