I0513 04:22:33.916787 5909 server_base.cc:133] Could not load existing FS layout: Not found: /tmp/kudutest-1000/client-test.ClientTest.TestScanPredicateNonKeyColNotProjected.1431516148975661-5909/minicluster-data/master-0-root/instance: No such file or directory (error 2)
I0513 04:22:33.916827 5909 server_base.cc:134] Creating new FS layout
I0513 04:22:33.937314 5909 fs_manager.cc:262] Generated new instance metadata in path /tmp/kudutest-1000/client-test.ClientTest.TestScanPredicateNonKeyColNotProjected.1431516148975661-5909/minicluster-data/master-0-root/instance: uuid: "f3bba75574754d66ae2f9c383fc5e056" format_stamp: "Formatted at 2015-05-13 11:22:33 on mpercy-ThinkPad-T530"
I0513 04:22:33.968137 5909 fs_manager.cc:192] Opened local filesystem: /tmp/kudutest-1000/client-test.ClientTest.TestScanPredicateNonKeyColNotProjected.1431516148975661-5909/minicluster-data/master-0-root uuid: "f3bba75574754d66ae2f9c383fc5e056" format_stamp: "Formatted at 2015-05-13 11:22:33 on mpercy-ThinkPad-T530"
I0513 04:22:33.969017 5909 hybrid_clock.cc:123] HybridClock initialized. Resolution in nanos?: 1 Wait times tolerance adjustment: 1.0005 Current error: 325990
I0513 04:22:33.969115 5909 maintenance_manager.cc:111] MaintenanceManager: targeting memory size of 12.356158 GB
I0513 04:22:33.978034 5909 rpc_server.cc:110] RPC server started. Bound to: 127.0.0.1:35788
I0513 04:22:33.978243 5909 webserver.cc:108] Starting webserver on 0.0.0.0:0
I0513 04:22:33.978261 5909 webserver.cc:113] Document root: /home/mpercy/src/kudu/www
I0513 04:22:33.978528 5909 webserver.cc:200] Webserver started. Bound to: http://0.0.0.0:56107/
I0513 04:22:33.994909 9176 tablet_bootstrap.cc:302] Tablet 00000000000000000000000000000000: Bootstrap starting.
I0513 04:22:33.995491 9176 tablet_bootstrap.cc:463] Time spent opening tablet 00000000000000000000000000000000: real 0.000s user 0.000s sys 0.000s
I0513 04:22:33.995621 9176 tablet_bootstrap.cc:399] No blocks or log segments found for tablet: 00000000000000000000000000000000 creating new one.
I0513 04:22:33.996531 9176 tablet_bootstrap.cc:302] Tablet 00000000000000000000000000000000: No bootstrap required, opened a new log
I0513 04:22:33.996847 9176 local_consensus.cc:55] T 00000000000000000000000000000000 P f3bba75574754d66ae2f9c383fc5e056: Starting LocalConsensus...
I0513 04:22:33.998523 9183 change_config_transaction.cc:131] T 00000000000000000000000000000000 P f3bba75574754d66ae2f9c383fc5e056: Configuration changed Changed from: opid_index: -1 local: true peers { permanent_uuid: "f3bba75574754d66ae2f9c383fc5e056" member_type: VOTER } Changed to: opid_index: 1 local: true peers { permanent_uuid: "f3bba75574754d66ae2f9c383fc5e056" member_type: VOTER }
I0513 04:22:33.998623 9176 sys_catalog.cc:263] T 00000000000000000000000000000000 P f3bba75574754d66ae2f9c383fc5e056 [sys.catalog]: configured and running, proceeding with master startup.
I0513 04:22:33.998625 9183 sys_catalog.cc:195] T 00000000000000000000000000000000 P f3bba75574754d66ae2f9c383fc5e056 [sys.catalog]: SysCatalogTable state changed. New quorum config:opid_index: 1 local: true peers { permanent_uuid: "f3bba75574754d66ae2f9c383fc5e056" member_type: VOTER }
I0513 04:22:33.998672 9183 sys_catalog.cc:198] T 00000000000000000000000000000000 P f3bba75574754d66ae2f9c383fc5e056 [sys.catalog]: This master's current role is: LEADER, previous role was: FOLLOWER
I0513 04:22:34.016896 9238 catalog_manager.cc:402] Loading table and tablet metadata into memory...
W0513 04:22:34.016963 9237 catalog_manager.cc:275] Catalog manager is not initialized!
I0513 04:22:34.028947 5909 server_base.cc:133] Could not load existing FS layout: Not found: /tmp/kudutest-1000/client-test.ClientTest.TestScanPredicateNonKeyColNotProjected.1431516148975661-5909/minicluster-data/ts-0-root/instance: No such file or directory (error 2)
I0513 04:22:34.028990 5909 server_base.cc:134] Creating new FS layout
I0513 04:22:34.050771 5909 fs_manager.cc:262] Generated new instance metadata in path /tmp/kudutest-1000/client-test.ClientTest.TestScanPredicateNonKeyColNotProjected.1431516148975661-5909/minicluster-data/ts-0-root/instance: uuid: "24617b04f15241ae8ea6df251bbe775e" format_stamp: "Formatted at 2015-05-13 11:22:34 on mpercy-ThinkPad-T530"
I0513 04:22:34.054874 5909 fs_manager.cc:192] Opened local filesystem: /tmp/kudutest-1000/client-test.ClientTest.TestScanPredicateNonKeyColNotProjected.1431516148975661-5909/minicluster-data/ts-0-root uuid: "24617b04f15241ae8ea6df251bbe775e" format_stamp: "Formatted at 2015-05-13 11:22:34 on mpercy-ThinkPad-T530"
I0513 04:22:34.055809 5909 hybrid_clock.cc:123] HybridClock initialized. Resolution in nanos?: 1 Wait times tolerance adjustment: 1.0005 Current error: 326490
I0513 04:22:34.110925 5909 rpc_server.cc:110] RPC server started. Bound to: 127.0.0.1:37886
I0513 04:22:34.111129 5909 webserver.cc:108] Starting webserver on 0.0.0.0:0
I0513 04:22:34.111146 5909 webserver.cc:113] Document root: /home/mpercy/src/kudu/www
I0513 04:22:34.111424 5909 webserver.cc:200] Webserver started. Bound to: http://0.0.0.0:36796/
I0513 04:22:34.111608 5909 maintenance_manager.cc:111] MaintenanceManager: targeting memory size of 12.356158 GB
I0513 04:22:34.113019 9382 heartbeater.cc:233] Connected to a leader master server at 127.0.0.1:35788
I0513 04:22:34.113075 9382 heartbeater.cc:303] Registering TS with master...
I0513 04:22:34.113129 9382 heartbeater.cc:309] Sending a full tablet report to master...
I0513 04:22:34.113399 9145 ts_manager.cc:66] Registered new tablet server { permanent_uuid: "24617b04f15241ae8ea6df251bbe775e" instance_seqno: 1431516154109227 } with Master
I0513 04:22:34.114015 5909 mini_cluster.cc:281] 1 TS(s) registered with Master after 0.00220388s
I0513 04:22:34.130659 9148 catalog_manager.cc:606] CreateTable from {real_user=mpercy, eff_user=} at 127.0.0.1:58941: name: "client-testtb" schema { columns { name: "key" type: INT32 is_key: true is_nullable: false encoding: AUTO_ENCODING compression: DEFAULT_COMPRESSION } columns { name: "int_val" type: INT32 is_key: false is_nullable: false encoding: AUTO_ENCODING compression: DEFAULT_COMPRESSION } columns { name: "string_val" type: STRING is_key: false is_nullable: true encoding: AUTO_ENCODING compression: DEFAULT_COMPRESSION } columns { name: "non_null_with_default" type: INT32 is_key: false is_nullable: false read_default_value: "90\000\000" write_default_value: "90\000\000" encoding: AUTO_ENCODING compression: DEFAULT_COMPRESSION } } pre_split_keys: "\200\000\000\t" num_replicas: 1
I0513 04:22:34.137183 9339 tablet_service.cc:422] Processing CreateTablet for tablet c74c2d33efd94a8b8146fdb46fa60995 (table=client-testtb [id=510af838c8dc4fb59afd8ac83dce2dbe]), range=["\x80\x00\x00\t", ""]
I0513 04:22:34.137230 9340 tablet_service.cc:422] Processing CreateTablet for tablet d4e86440fce545988d07b7bafd8f1c69 (table=client-testtb [id=510af838c8dc4fb59afd8ac83dce2dbe]), range=["", "\x80\x00\x00\t"]
I0513 04:22:34.150110 9340 ts_tablet_manager.cc:410] Registered tablet d4e86440fce545988d07b7bafd8f1c69
I0513 04:22:34.151442 9391 ts_tablet_manager.cc:283] Bootstrapping tablet: d4e86440fce545988d07b7bafd8f1c69
I0513 04:22:34.152292 9391 tablet_bootstrap.cc:302] Tablet d4e86440fce545988d07b7bafd8f1c69: Bootstrap starting.
I0513 04:22:34.153121 9391 tablet_bootstrap.cc:463] Time spent opening tablet d4e86440fce545988d07b7bafd8f1c69: real 0.000s user 0.000s sys 0.000s
I0513 04:22:34.153293 9391 tablet_bootstrap.cc:399] No blocks or log segments found for tablet: d4e86440fce545988d07b7bafd8f1c69 creating new one.
I0513 04:22:34.153722 9339 ts_tablet_manager.cc:410] Registered tablet c74c2d33efd94a8b8146fdb46fa60995
I0513 04:22:34.154476 9393 ts_tablet_manager.cc:283] Bootstrapping tablet: c74c2d33efd94a8b8146fdb46fa60995
I0513 04:22:34.154531 9391 tablet_bootstrap.cc:302] Tablet d4e86440fce545988d07b7bafd8f1c69: No bootstrap required, opened a new log
I0513 04:22:34.154634 9391 ts_tablet_manager.cc:288] Time spent bootstrapping tablet d4e86440fce545988d07b7bafd8f1c69: real 0.003s user 0.000s sys 0.002s
I0513 04:22:34.155098 9391 local_consensus.cc:55] T d4e86440fce545988d07b7bafd8f1c69 P 24617b04f15241ae8ea6df251bbe775e: Starting LocalConsensus...
I0513 04:22:34.156224 9391 ts_tablet_manager.cc:309] Time spent starting tablet d4e86440fce545988d07b7bafd8f1c69: real 0.002s user 0.003s sys 0.000s
I0513 04:22:34.157104 9144 catalog_manager.cc:1334] Tablet: d4e86440fce545988d07b7bafd8f1c69 reported consensus state change. New consensus state: current_term: 0 leader_uuid: "24617b04f15241ae8ea6df251bbe775e" quorum { opid_index: 1 local: true peers { permanent_uuid: "24617b04f15241ae8ea6df251bbe775e" member_type: VOTER last_known_addr { host: "127.0.0.1" port: 37886 } } }
I0513 04:22:34.157049 9396 change_config_transaction.cc:131] T d4e86440fce545988d07b7bafd8f1c69 P 24617b04f15241ae8ea6df251bbe775e: Configuration changed Changed from: opid_index: -1 local: true peers { permanent_uuid: "24617b04f15241ae8ea6df251bbe775e" member_type: VOTER last_known_addr { host: "127.0.0.1" port: 37886 } } Changed to: opid_index: 1 local: true peers { permanent_uuid: "24617b04f15241ae8ea6df251bbe775e" member_type: VOTER last_known_addr { host: "127.0.0.1" port: 37886 } }
I0513 04:22:34.157264 9393 tablet_bootstrap.cc:302] Tablet c74c2d33efd94a8b8146fdb46fa60995: Bootstrap starting.
I0513 04:22:34.158223 9393 tablet_bootstrap.cc:463] Time spent opening tablet c74c2d33efd94a8b8146fdb46fa60995: real 0.000s user 0.000s sys 0.000s
I0513 04:22:34.158483 9393 tablet_bootstrap.cc:399] No blocks or log segments found for tablet: c74c2d33efd94a8b8146fdb46fa60995 creating new one.
I0513 04:22:34.160341 9393 tablet_bootstrap.cc:302] Tablet c74c2d33efd94a8b8146fdb46fa60995: No bootstrap required, opened a new log
I0513 04:22:34.160421 9393 ts_tablet_manager.cc:288] Time spent bootstrapping tablet c74c2d33efd94a8b8146fdb46fa60995: real 0.005s user 0.000s sys 0.002s
I0513 04:22:34.160997 9393 local_consensus.cc:55] T c74c2d33efd94a8b8146fdb46fa60995 P 24617b04f15241ae8ea6df251bbe775e: Starting LocalConsensus...
I0513 04:22:34.162900 9393 ts_tablet_manager.cc:309] Time spent starting tablet c74c2d33efd94a8b8146fdb46fa60995: real 0.002s user 0.004s sys 0.001s
I0513 04:22:34.163077 9396 change_config_transaction.cc:131] T c74c2d33efd94a8b8146fdb46fa60995 P 24617b04f15241ae8ea6df251bbe775e: Configuration changed Changed from: opid_index: -1 local: true peers { permanent_uuid: "24617b04f15241ae8ea6df251bbe775e" member_type: VOTER last_known_addr { host: "127.0.0.1" port: 37886 } } Changed to: opid_index: 1 local: true peers { permanent_uuid: "24617b04f15241ae8ea6df251bbe775e" member_type: VOTER last_known_addr { host: "127.0.0.1" port: 37886 } }
I0513 04:22:34.169215 9153 catalog_manager.cc:1334] Tablet: c74c2d33efd94a8b8146fdb46fa60995 reported consensus state change. New consensus state: current_term: 0 leader_uuid: "24617b04f15241ae8ea6df251bbe775e" quorum { opid_index: 1 local: true peers { permanent_uuid: "24617b04f15241ae8ea6df251bbe775e" member_type: VOTER last_known_addr { host: "127.0.0.1" port: 37886 } } }
I0513 04:22:34.173358 9147 catalog_manager.cc:606] CreateTable from {real_user=mpercy, eff_user=} at 127.0.0.1:58941: name: "client-testtb2" schema { columns { name: "key" type: INT32 is_key: true is_nullable: false encoding: AUTO_ENCODING compression: DEFAULT_COMPRESSION } columns { name: "int_val" type: INT32 is_key: false is_nullable: false encoding: AUTO_ENCODING compression: DEFAULT_COMPRESSION } columns { name: "string_val" type: STRING is_key: false is_nullable: true encoding: AUTO_ENCODING compression: DEFAULT_COMPRESSION } columns { name: "non_null_with_default" type: INT32 is_key: false is_nullable: false read_default_value: "90\000\000" write_default_value: "90\000\000" encoding: AUTO_ENCODING compression: DEFAULT_COMPRESSION } } num_replicas: 1
I0513 04:22:34.177322 9341 tablet_service.cc:422] Processing CreateTablet for tablet c243ca3d157749c389831dd25137928a (table=client-testtb2 [id=0f0aeb66c85441c69b2f6a534c015520]), range=["", ""]
I0513 04:22:34.215905 9341 ts_tablet_manager.cc:410] Registered tablet c243ca3d157749c389831dd25137928a
I0513 04:22:34.215981 9391 ts_tablet_manager.cc:283] Bootstrapping tablet: c243ca3d157749c389831dd25137928a
I0513 04:22:34.216475 9391 tablet_bootstrap.cc:302] Tablet c243ca3d157749c389831dd25137928a: Bootstrap starting.
I0513 04:22:34.216922 9391 tablet_bootstrap.cc:463] Time spent opening tablet c243ca3d157749c389831dd25137928a: real 0.000s user 0.000s sys 0.000s
I0513 04:22:34.217013 9391 tablet_bootstrap.cc:399] No blocks or log segments found for tablet: c243ca3d157749c389831dd25137928a creating new one.
I0513 04:22:34.226450 9391 tablet_bootstrap.cc:302] Tablet c243ca3d157749c389831dd25137928a: No bootstrap required, opened a new log
I0513 04:22:34.226562 9391 ts_tablet_manager.cc:288] Time spent bootstrapping tablet c243ca3d157749c389831dd25137928a: real 0.011s user 0.001s sys 0.007s
I0513 04:22:34.226929 9391 local_consensus.cc:55] T c243ca3d157749c389831dd25137928a P 24617b04f15241ae8ea6df251bbe775e: Starting LocalConsensus...
I0513 04:22:34.228044 9391 ts_tablet_manager.cc:309] Time spent starting tablet c243ca3d157749c389831dd25137928a: real 0.001s user 0.003s sys 0.000s
I0513 04:22:34.228265 9396 change_config_transaction.cc:131] T c243ca3d157749c389831dd25137928a P 24617b04f15241ae8ea6df251bbe775e: Configuration changed Changed from: opid_index: -1 local: true peers { permanent_uuid: "24617b04f15241ae8ea6df251bbe775e" member_type: VOTER last_known_addr { host: "127.0.0.1" port: 37886 } } Changed to: opid_index: 1 local: true peers { permanent_uuid: "24617b04f15241ae8ea6df251bbe775e" member_type: VOTER last_known_addr { host: "127.0.0.1" port: 37886 } }
I0513 04:22:34.234634 9152 catalog_manager.cc:1334] Tablet: c243ca3d157749c389831dd25137928a reported consensus state change. New consensus state: current_term: 0 leader_uuid: "24617b04f15241ae8ea6df251bbe775e" quorum { opid_index: 1 local: true peers { permanent_uuid: "24617b04f15241ae8ea6df251bbe775e" member_type: VOTER last_known_addr { host: "127.0.0.1" port: 37886 } } }
I0513 04:22:34.378626 5909 client-test.cc:808] Time spent Scanning with predicate columns not projected: real 0.008s user 0.000s sys 0.000s
I0513 04:22:34.378720 5909 tablet_server.cc:117] TabletServer shutting down...
I0513 04:22:34.396931 5909 ts_tablet_manager.cc:365] Shutting down tablet manager...
I0513 04:22:34.397016 5909 tablet_peer.cc:190] Initiating TabletPeer shutdown for tablet: c243ca3d157749c389831dd25137928a
I0513 04:22:34.397053 5909 maintenance_manager.cc:171] Unregistered op CompactRowSetsOp(c243ca3d157749c389831dd25137928a)
I0513 04:22:34.397075 5909 maintenance_manager.cc:171] Unregistered op MinorDeltaCompactionOp(c243ca3d157749c389831dd25137928a)
I0513 04:22:34.397094 5909 maintenance_manager.cc:171] Unregistered op MajorDeltaCompactionOp(c243ca3d157749c389831dd25137928a)
I0513 04:22:34.397585 5909 tablet_peer.cc:190] Initiating TabletPeer shutdown for tablet: c74c2d33efd94a8b8146fdb46fa60995
I0513 04:22:34.397614 5909 maintenance_manager.cc:171] Unregistered op CompactRowSetsOp(c74c2d33efd94a8b8146fdb46fa60995)
I0513 04:22:34.397630 5909 maintenance_manager.cc:171] Unregistered op MinorDeltaCompactionOp(c74c2d33efd94a8b8146fdb46fa60995)
I0513 04:22:34.397645 5909 maintenance_manager.cc:171] Unregistered op MajorDeltaCompactionOp(c74c2d33efd94a8b8146fdb46fa60995)
I0513 04:22:34.398119 5909 tablet_peer.cc:190] Initiating TabletPeer shutdown for tablet: d4e86440fce545988d07b7bafd8f1c69
I0513 04:22:34.398150 5909 maintenance_manager.cc:171] Unregistered op CompactRowSetsOp(d4e86440fce545988d07b7bafd8f1c69)
I0513 04:22:34.398170 5909 maintenance_manager.cc:171] Unregistered op MinorDeltaCompactionOp(d4e86440fce545988d07b7bafd8f1c69)
I0513 04:22:34.398187 5909 maintenance_manager.cc:171] Unregistered op MajorDeltaCompactionOp(d4e86440fce545988d07b7bafd8f1c69)
I0513 04:22:34.400269 5909 maintenance_manager.cc:171] Unregistered op FlushMRSOp(c243ca3d157749c389831dd25137928a)
I0513 04:22:34.400310 5909 maintenance_manager.cc:171] Unregistered op FlushDeltaMemStoresOp(c243ca3d157749c389831dd25137928a)
I0513 04:22:34.400328 5909 maintenance_manager.cc:171] Unregistered op LogGCOp(c243ca3d157749c389831dd25137928a)
I0513 04:22:34.400563 5909 maintenance_manager.cc:171] Unregistered op FlushMRSOp(c74c2d33efd94a8b8146fdb46fa60995)
I0513 04:22:34.400578 5909 maintenance_manager.cc:171] Unregistered op FlushDeltaMemStoresOp(c74c2d33efd94a8b8146fdb46fa60995)
I0513 04:22:34.400585 5909 maintenance_manager.cc:171] Unregistered op LogGCOp(c74c2d33efd94a8b8146fdb46fa60995)
I0513 04:22:34.400822 5909 maintenance_manager.cc:171] Unregistered op FlushMRSOp(d4e86440fce545988d07b7bafd8f1c69)
I0513 04:22:34.400842 5909 maintenance_manager.cc:171] Unregistered op FlushDeltaMemStoresOp(d4e86440fce545988d07b7bafd8f1c69)
I0513 04:22:34.400857 5909 maintenance_manager.cc:171] Unregistered op LogGCOp(d4e86440fce545988d07b7bafd8f1c69)
I0513 04:22:34.401026 5909 tablet_server.cc:126] TabletServer shut down complete. Bye!
I0513 04:22:34.401036 5909 tablet_server.cc:117] TabletServer shutting down...
I0513 04:22:34.401058 5909 tablet_server.cc:126] TabletServer shut down complete. Bye!
I0513 04:22:34.401656 5909 master.cc:153] Master@127.0.0.1:35788 shutting down...
I0513 04:22:34.419152 5909 tablet_peer.cc:190] Initiating TabletPeer shutdown for tablet: 00000000000000000000000000000000
I0513 04:22:34.419195 5909 maintenance_manager.cc:171] Unregistered op CompactRowSetsOp(00000000000000000000000000000000)
I0513 04:22:34.419216 5909 maintenance_manager.cc:171] Unregistered op MinorDeltaCompactionOp(00000000000000000000000000000000)
I0513 04:22:34.419236 5909 maintenance_manager.cc:171] Unregistered op MajorDeltaCompactionOp(00000000000000000000000000000000)
I0513 04:22:34.420083 5909 master.cc:157] Master@127.0.0.1:35788 shutdown complete.
I0513 04:22:34.420907 5909 maintenance_manager.cc:171] Unregistered op FlushMRSOp(00000000000000000000000000000000)
I0513 04:22:34.420935 5909 maintenance_manager.cc:171] Unregistered op FlushDeltaMemStoresOp(00000000000000000000000000000000)
I0513 04:22:34.420951 5909 maintenance_manager.cc:171] Unregistered op LogGCOp(00000000000000000000000000000000) [ OK ] ClientTest.TestScanPredicateNonKeyColNotProjected (515 ms) [ RUN ] ClientTest.TestScanCloseProxy
I0513 04:22:34.435035 5909 server_base.cc:133] Could not load existing FS layout: Not found: /tmp/kudutest-1000/client-test.ClientTest.TestScanCloseProxy.1431516148975661-5909/minicluster-data/master-0-root/instance: No such file or directory (error 2)
I0513 04:22:34.435073 5909 server_base.cc:134] Creating new FS layout
I0513 04:22:34.448655 5909 fs_manager.cc:262] Generated new instance metadata in path /tmp/kudutest-1000/client-test.ClientTest.TestScanCloseProxy.1431516148975661-5909/minicluster-data/master-0-root/instance: uuid: "ec9300eae9a44b028596c9c937ae9335" format_stamp: "Formatted at 2015-05-13 11:22:34 on mpercy-ThinkPad-T530"
I0513 04:22:34.454272 5909 fs_manager.cc:192] Opened local filesystem: /tmp/kudutest-1000/client-test.ClientTest.TestScanCloseProxy.1431516148975661-5909/minicluster-data/master-0-root uuid: "ec9300eae9a44b028596c9c937ae9335" format_stamp: "Formatted at 2015-05-13 11:22:34 on mpercy-ThinkPad-T530"
I0513 04:22:34.455395 5909 hybrid_clock.cc:123] HybridClock initialized. Resolution in nanos?: 1 Wait times tolerance adjustment: 1.0005 Current error: 326490
I0513 04:22:34.455488 5909 maintenance_manager.cc:111] MaintenanceManager: targeting memory size of 12.356158 GB
I0513 04:22:34.466289 5909 rpc_server.cc:110] RPC server started. Bound to: 127.0.0.1:41917
I0513 04:22:34.466531 5909 webserver.cc:108] Starting webserver on 0.0.0.0:0
I0513 04:22:34.466554 5909 webserver.cc:113] Document root: /home/mpercy/src/kudu/www
I0513 04:22:34.466913 5909 webserver.cc:200] Webserver started. Bound to: http://0.0.0.0:48882/
I0513 04:22:34.483500 9657 tablet_bootstrap.cc:302] Tablet 00000000000000000000000000000000: Bootstrap starting.
I0513 04:22:34.483901 9657 tablet_bootstrap.cc:463] Time spent opening tablet 00000000000000000000000000000000: real 0.000s user 0.000s sys 0.000s
I0513 04:22:34.483993 9657 tablet_bootstrap.cc:399] No blocks or log segments found for tablet: 00000000000000000000000000000000 creating new one.
I0513 04:22:34.484761 9657 tablet_bootstrap.cc:302] Tablet 00000000000000000000000000000000: No bootstrap required, opened a new log
I0513 04:22:34.485049 9657 local_consensus.cc:55] T 00000000000000000000000000000000 P ec9300eae9a44b028596c9c937ae9335: Starting LocalConsensus...
I0513 04:22:34.503211 9661 change_config_transaction.cc:131] T 00000000000000000000000000000000 P ec9300eae9a44b028596c9c937ae9335: Configuration changed Changed from: opid_index: -1 local: true peers { permanent_uuid: "ec9300eae9a44b028596c9c937ae9335" member_type: VOTER } Changed to: opid_index: 1 local: true peers { permanent_uuid: "ec9300eae9a44b028596c9c937ae9335" member_type: VOTER }
I0513 04:22:34.503334 9657 sys_catalog.cc:263] T 00000000000000000000000000000000 P ec9300eae9a44b028596c9c937ae9335 [sys.catalog]: configured and running, proceeding with master startup.
I0513 04:22:34.503335 9661 sys_catalog.cc:195] T 00000000000000000000000000000000 P ec9300eae9a44b028596c9c937ae9335 [sys.catalog]: SysCatalogTable state changed. New quorum config:opid_index: 1 local: true peers { permanent_uuid: "ec9300eae9a44b028596c9c937ae9335" member_type: VOTER }
I0513 04:22:34.503386 9661 sys_catalog.cc:198] T 00000000000000000000000000000000 P ec9300eae9a44b028596c9c937ae9335 [sys.catalog]: This master's current role is: LEADER, previous role was: FOLLOWER
I0513 04:22:34.515105 9663 catalog_manager.cc:402] Loading table and tablet metadata into memory...
W0513 04:22:34.515105 9662 catalog_manager.cc:275] Catalog manager is not initialized!
I0513 04:22:34.518882 5909 server_base.cc:133] Could not load existing FS layout: Not found: /tmp/kudutest-1000/client-test.ClientTest.TestScanCloseProxy.1431516148975661-5909/minicluster-data/ts-0-root/instance: No such file or directory (error 2)
I0513 04:22:34.518908 5909 server_base.cc:134] Creating new FS layout
I0513 04:22:34.548749 5909 fs_manager.cc:262] Generated new instance metadata in path /tmp/kudutest-1000/client-test.ClientTest.TestScanCloseProxy.1431516148975661-5909/minicluster-data/ts-0-root/instance: uuid: "e38f0ef37fef46c88b837546dabe9cac" format_stamp: "Formatted at 2015-05-13 11:22:34 on mpercy-ThinkPad-T530"
I0513 04:22:34.575986 5909 fs_manager.cc:192] Opened local filesystem: /tmp/kudutest-1000/client-test.ClientTest.TestScanCloseProxy.1431516148975661-5909/minicluster-data/ts-0-root uuid: "e38f0ef37fef46c88b837546dabe9cac" format_stamp: "Formatted at 2015-05-13 11:22:34 on mpercy-ThinkPad-T530"
I0513 04:22:34.578562 5909 hybrid_clock.cc:123] HybridClock initialized. Resolution in nanos?: 1 Wait times tolerance adjustment: 1.0005 Current error: 326490
I0513 04:22:34.586761 5909 rpc_server.cc:110] RPC server started. Bound to: 127.0.0.1:49491
I0513 04:22:34.586933 5909 webserver.cc:108] Starting webserver on 0.0.0.0:0
I0513 04:22:34.586948 5909 webserver.cc:113] Document root: /home/mpercy/src/kudu/www
I0513 04:22:34.587738 5909 webserver.cc:200] Webserver started. Bound to: http://0.0.0.0:39276/
I0513 04:22:34.587972 5909 maintenance_manager.cc:111] MaintenanceManager: targeting memory size of 12.356158 GB
I0513 04:22:34.594919 9761 heartbeater.cc:233] Connected to a leader master server at 127.0.0.1:41917
I0513 04:22:34.594983 9761 heartbeater.cc:303] Registering TS with master...
I0513 04:22:34.595047 9761 heartbeater.cc:309] Sending a full tablet report to master...
I0513 04:22:34.595463 9624 ts_manager.cc:66] Registered new tablet server { permanent_uuid: "e38f0ef37fef46c88b837546dabe9cac" instance_seqno: 1431516154584898 } with Master
I0513 04:22:34.595844 5909 mini_cluster.cc:281] 1 TS(s) registered with Master after 0.00760677s
I0513 04:22:34.599222 9626 catalog_manager.cc:606] CreateTable from {real_user=mpercy, eff_user=} at 127.0.0.1:46247: name: "client-testtb" schema { columns { name: "key" type: INT32 is_key: true is_nullable: false encoding: AUTO_ENCODING compression: DEFAULT_COMPRESSION } columns { name: "int_val" type: INT32 is_key: false is_nullable: false encoding: AUTO_ENCODING compression: DEFAULT_COMPRESSION } columns { name: "string_val" type: STRING is_key: false is_nullable: true encoding: AUTO_ENCODING compression: DEFAULT_COMPRESSION } columns { name: "non_null_with_default" type: INT32 is_key: false is_nullable: false read_default_value: "90\000\000" write_default_value: "90\000\000" encoding: AUTO_ENCODING compression: DEFAULT_COMPRESSION } } pre_split_keys: "\200\000\000\t" num_replicas: 1
I0513 04:22:34.604799 9686 tablet_service.cc:422] Processing CreateTablet for tablet bfeda8263530437b8036e2b6f0b0717d (table=client-testtb [id=084516b6323a4e02b49248b9276fdae7]), range=["\x80\x00\x00\t", ""]
I0513 04:22:34.605737 9687 tablet_service.cc:422] Processing CreateTablet for tablet e91bd425657d42ab85fe7843d199b5ec (table=client-testtb [id=084516b6323a4e02b49248b9276fdae7]), range=["", "\x80\x00\x00\t"]
I0513 04:22:34.617334 9686 ts_tablet_manager.cc:410] Registered tablet bfeda8263530437b8036e2b6f0b0717d
I0513 04:22:34.617585 9871 ts_tablet_manager.cc:283] Bootstrapping tablet: bfeda8263530437b8036e2b6f0b0717d
I0513 04:22:34.618309 9871 tablet_bootstrap.cc:302] Tablet bfeda8263530437b8036e2b6f0b0717d: Bootstrap starting.
I0513 04:22:34.618939 9871 tablet_bootstrap.cc:463] Time spent opening tablet bfeda8263530437b8036e2b6f0b0717d: real 0.000s user 0.001s sys 0.000s
I0513 04:22:34.619087 9871 tablet_bootstrap.cc:399] No blocks or log segments found for tablet: bfeda8263530437b8036e2b6f0b0717d creating new one.
I0513 04:22:34.620045 9871 tablet_bootstrap.cc:302] Tablet bfeda8263530437b8036e2b6f0b0717d: No bootstrap required, opened a new log
I0513 04:22:34.620129 9871 ts_tablet_manager.cc:288] Time spent bootstrapping tablet bfeda8263530437b8036e2b6f0b0717d: real 0.002s user 0.002s sys 0.000s
I0513 04:22:34.620600 9871 local_consensus.cc:55] T bfeda8263530437b8036e2b6f0b0717d P e38f0ef37fef46c88b837546dabe9cac: Starting LocalConsensus...
I0513 04:22:34.621654 9687 ts_tablet_manager.cc:410] Registered tablet e91bd425657d42ab85fe7843d199b5ec
I0513 04:22:34.621804 9871 ts_tablet_manager.cc:309] Time spent starting tablet bfeda8263530437b8036e2b6f0b0717d: real 0.002s user 0.002s sys 0.000s
I0513 04:22:34.622154 9876 change_config_transaction.cc:131] T bfeda8263530437b8036e2b6f0b0717d P e38f0ef37fef46c88b837546dabe9cac: Configuration changed Changed from: opid_index: -1 local: true peers { permanent_uuid: "e38f0ef37fef46c88b837546dabe9cac" member_type: VOTER last_known_addr { host: "127.0.0.1" port: 49491 } } Changed to: opid_index: 1 local: true peers { permanent_uuid: "e38f0ef37fef46c88b837546dabe9cac" member_type: VOTER last_known_addr { host: "127.0.0.1" port: 49491 } }
I0513 04:22:34.623066 9871 ts_tablet_manager.cc:283] Bootstrapping tablet: e91bd425657d42ab85fe7843d199b5ec
I0513 04:22:34.623793 9871 tablet_bootstrap.cc:302] Tablet e91bd425657d42ab85fe7843d199b5ec: Bootstrap starting.
I0513 04:22:34.624408 9871 tablet_bootstrap.cc:463] Time spent opening tablet e91bd425657d42ab85fe7843d199b5ec: real 0.000s user 0.000s sys 0.000s
I0513 04:22:34.624541 9871 tablet_bootstrap.cc:399] No blocks or log segments found for tablet: e91bd425657d42ab85fe7843d199b5ec creating new one.
I0513 04:22:34.625602 9871 tablet_bootstrap.cc:302] Tablet e91bd425657d42ab85fe7843d199b5ec: No bootstrap required, opened a new log
I0513 04:22:34.625680 9871 ts_tablet_manager.cc:288] Time spent bootstrapping tablet e91bd425657d42ab85fe7843d199b5ec: real 0.003s user 0.002s sys 0.000s
I0513 04:22:34.626145 9871 local_consensus.cc:55] T e91bd425657d42ab85fe7843d199b5ec P e38f0ef37fef46c88b837546dabe9cac: Starting LocalConsensus...
I0513 04:22:34.627516 9871 ts_tablet_manager.cc:309] Time spent starting tablet e91bd425657d42ab85fe7843d199b5ec: real 0.002s user 0.000s sys 0.004s
I0513 04:22:34.627836 9626 catalog_manager.cc:1334] Tablet: bfeda8263530437b8036e2b6f0b0717d reported consensus state change. New consensus state: current_term: 0 leader_uuid: "e38f0ef37fef46c88b837546dabe9cac" quorum { opid_index: 1 local: true peers { permanent_uuid: "e38f0ef37fef46c88b837546dabe9cac" member_type: VOTER last_known_addr { host: "127.0.0.1" port: 49491 } } }
I0513 04:22:34.628015 9876 change_config_transaction.cc:131] T e91bd425657d42ab85fe7843d199b5ec P e38f0ef37fef46c88b837546dabe9cac: Configuration changed Changed from: opid_index: -1 local: true peers { permanent_uuid: "e38f0ef37fef46c88b837546dabe9cac" member_type: VOTER last_known_addr { host: "127.0.0.1" port: 49491 } } Changed to: opid_index: 1 local: true peers { permanent_uuid: "e38f0ef37fef46c88b837546dabe9cac" member_type: VOTER last_known_addr { host: "127.0.0.1" port: 49491 } }
I0513 04:22:34.640097 9624 catalog_manager.cc:1334] Tablet: e91bd425657d42ab85fe7843d199b5ec reported consensus state change. New consensus state: current_term: 0 leader_uuid: "e38f0ef37fef46c88b837546dabe9cac" quorum { opid_index: 1 local: true peers { permanent_uuid: "e38f0ef37fef46c88b837546dabe9cac" member_type: VOTER last_known_addr { host: "127.0.0.1" port: 49491 } } }
I0513 04:22:34.643908 9629 catalog_manager.cc:606] CreateTable from {real_user=mpercy, eff_user=} at 127.0.0.1:46247: name: "client-testtb2" schema { columns { name: "key" type: INT32 is_key: true is_nullable: false encoding: AUTO_ENCODING compression: DEFAULT_COMPRESSION } columns { name: "int_val" type: INT32 is_key: false is_nullable: false encoding: AUTO_ENCODING compression: DEFAULT_COMPRESSION } columns { name: "string_val" type: STRING is_key: false is_nullable: true encoding: AUTO_ENCODING compression: DEFAULT_COMPRESSION } columns { name: "non_null_with_default" type: INT32 is_key: false is_nullable: false read_default_value: "90\000\000" write_default_value: "90\000\000" encoding: AUTO_ENCODING compression: DEFAULT_COMPRESSION } } num_replicas: 1
I0513 04:22:34.648589 9688 tablet_service.cc:422] Processing CreateTablet for tablet 44287e8177d24762a3bfca37750a317d (table=client-testtb2 [id=60056feee9cd44e7ac0cf93d9f639c93]), range=["", ""]
I0513 04:22:34.667804 9688 ts_tablet_manager.cc:410] Registered tablet 44287e8177d24762a3bfca37750a317d
I0513 04:22:34.667893 9875 ts_tablet_manager.cc:283] Bootstrapping tablet: 44287e8177d24762a3bfca37750a317d
I0513 04:22:34.668639 9875 tablet_bootstrap.cc:302] Tablet 44287e8177d24762a3bfca37750a317d: Bootstrap starting.
I0513 04:22:34.669245 9875 tablet_bootstrap.cc:463] Time spent opening tablet 44287e8177d24762a3bfca37750a317d: real 0.000s user 0.000s sys 0.000s
I0513 04:22:34.669373 9875 tablet_bootstrap.cc:399] No blocks or log segments found for tablet: 44287e8177d24762a3bfca37750a317d creating new one.
I0513 04:22:34.670382 9875 tablet_bootstrap.cc:302] Tablet 44287e8177d24762a3bfca37750a317d: No bootstrap required, opened a new log
I0513 04:22:34.670452 9875 ts_tablet_manager.cc:288] Time spent bootstrapping tablet 44287e8177d24762a3bfca37750a317d: real 0.003s user 0.000s sys 0.002s
I0513 04:22:34.670920 9875 local_consensus.cc:55] T 44287e8177d24762a3bfca37750a317d P e38f0ef37fef46c88b837546dabe9cac: Starting LocalConsensus...
I0513 04:22:34.675962 9875 ts_tablet_manager.cc:309] Time spent starting tablet 44287e8177d24762a3bfca37750a317d: real 0.005s user 0.007s sys 0.000s
I0513 04:22:34.676126 9876 change_config_transaction.cc:131] T 44287e8177d24762a3bfca37750a317d P e38f0ef37fef46c88b837546dabe9cac: Configuration changed Changed from: opid_index: -1 local: true peers { permanent_uuid: "e38f0ef37fef46c88b837546dabe9cac" member_type: VOTER last_known_addr { host: "127.0.0.1" port: 49491 } } Changed to: opid_index: 1 local: true peers { permanent_uuid: "e38f0ef37fef46c88b837546dabe9cac" member_type: VOTER last_known_addr { host: "127.0.0.1" port: 49491 } }
I0513 04:22:34.683791 9626 catalog_manager.cc:1334] Tablet: 44287e8177d24762a3bfca37750a317d reported consensus state change. New consensus state: current_term: 0 leader_uuid: "e38f0ef37fef46c88b837546dabe9cac" quorum { opid_index: 1 local: true peers { permanent_uuid: "e38f0ef37fef46c88b837546dabe9cac" member_type: VOTER last_known_addr { host: "127.0.0.1" port: 49491 } } }
I0513 04:22:34.690083 5909 server_base.cc:133] Could not load existing FS layout: Not found: /tmp/kudutest-1000/client-test.ClientTest.TestScanCloseProxy.1431516148975661-5909/minicluster-data/ts-1-root/instance: No such file or directory (error 2)
I0513 04:22:34.690112 5909 server_base.cc:134] Creating new FS layout
I0513 04:22:34.699898 5909 fs_manager.cc:262] Generated new instance metadata in path /tmp/kudutest-1000/client-test.ClientTest.TestScanCloseProxy.1431516148975661-5909/minicluster-data/ts-1-root/instance: uuid: "23d7d93bcee9491bbec5c3c63f887d4d" format_stamp: "Formatted at 2015-05-13 11:22:34 on mpercy-ThinkPad-T530"
I0513 04:22:34.705519 5909 fs_manager.cc:192] Opened local filesystem: /tmp/kudutest-1000/client-test.ClientTest.TestScanCloseProxy.1431516148975661-5909/minicluster-data/ts-1-root uuid: "23d7d93bcee9491bbec5c3c63f887d4d" format_stamp: "Formatted at 2015-05-13 11:22:34 on mpercy-ThinkPad-T530"
I0513 04:22:34.706907 5909 hybrid_clock.cc:123] HybridClock initialized. Resolution in nanos?: 1 Wait times tolerance adjustment: 1.0005 Current error: 326490
I0513 04:22:34.728884 5909 rpc_server.cc:110] RPC server started. Bound to: 127.0.0.1:38476
I0513 04:22:34.729112 5909 webserver.cc:108] Starting webserver on 0.0.0.0:0
I0513 04:22:34.729142 5909 webserver.cc:113] Document root: /home/mpercy/src/kudu/www
I0513 04:22:34.729550 5909 webserver.cc:200] Webserver started. Bound to: http://0.0.0.0:38622/
I0513 04:22:34.730063 5909 maintenance_manager.cc:111] MaintenanceManager: targeting memory size of 12.356158 GB
I0513 04:22:34.733935 9977 heartbeater.cc:233] Connected to a leader master server at 127.0.0.1:41917
I0513 04:22:34.734001 9977 heartbeater.cc:303] Registering TS with master...
I0513 04:22:34.734066 9977 heartbeater.cc:309] Sending a full tablet report to master...
I0513 04:22:34.734359 9627 ts_manager.cc:66] Registered new tablet server { permanent_uuid: "23d7d93bcee9491bbec5c3c63f887d4d" instance_seqno: 1431516154713968 } with Master
I0513 04:22:34.752399 5909 server_base.cc:133] Could not load existing FS layout: Not found: /tmp/kudutest-1000/client-test.ClientTest.TestScanCloseProxy.1431516148975661-5909/minicluster-data/ts-2-root/instance: No such file or directory (error 2)
I0513 04:22:34.752449 5909 server_base.cc:134] Creating new FS layout
I0513 04:22:34.763756 5909 fs_manager.cc:262] Generated new instance metadata in path /tmp/kudutest-1000/client-test.ClientTest.TestScanCloseProxy.1431516148975661-5909/minicluster-data/ts-2-root/instance: uuid: "f7146dd39a5f4163a9d27ea9985e48fd" format_stamp: "Formatted at 2015-05-13 11:22:34 on mpercy-ThinkPad-T530"
I0513 04:22:34.769639 5909 fs_manager.cc:192] Opened local filesystem: /tmp/kudutest-1000/client-test.ClientTest.TestScanCloseProxy.1431516148975661-5909/minicluster-data/ts-2-root uuid: "f7146dd39a5f4163a9d27ea9985e48fd" format_stamp: "Formatted at 2015-05-13 11:22:34 on mpercy-ThinkPad-T530"
I0513 04:22:34.770635 5909 hybrid_clock.cc:123] HybridClock initialized. Resolution in nanos?: 1 Wait times tolerance adjustment: 1.0005 Current error: 326490
I0513 04:22:34.918840 5909 rpc_server.cc:110] RPC server started. Bound to: 127.0.0.1:46642
I0513 04:22:34.918998 5909 webserver.cc:108] Starting webserver on 0.0.0.0:0
I0513 04:22:34.919013 5909 webserver.cc:113] Document root: /home/mpercy/src/kudu/www
I0513 04:22:34.919301 5909 webserver.cc:200] Webserver started. Bound to: http://0.0.0.0:53006/
I0513 04:22:34.919477 5909 maintenance_manager.cc:111] MaintenanceManager: targeting memory size of 12.356158 GB
I0513 04:22:34.936064 10092 heartbeater.cc:233] Connected to a leader master server at 127.0.0.1:41917
I0513 04:22:34.936113 10092 heartbeater.cc:303] Registering TS with master...
I0513 04:22:34.936172 10092 heartbeater.cc:309] Sending a full tablet report to master...
I0513 04:22:34.936530 9625 ts_manager.cc:66] Registered new tablet server { permanent_uuid: "f7146dd39a5f4163a9d27ea9985e48fd" instance_seqno: 1431516154851213 } with Master
I0513 04:22:34.937353 5909 mini_cluster.cc:281] 3 TS(s) registered with Master after 0.00220655s
I0513 04:22:34.937795 9626 catalog_manager.cc:606] CreateTable from {real_user=mpercy, eff_user=} at 127.0.0.1:46247: name: "TestScanCloseProxy" schema { columns { name: "key" type: INT32 is_key: true is_nullable: false encoding: AUTO_ENCODING compression: DEFAULT_COMPRESSION } columns { name: "int_val" type: INT32 is_key: false is_nullable: false encoding: AUTO_ENCODING compression: DEFAULT_COMPRESSION } columns { name: "string_val" type: STRING is_key: false is_nullable: true encoding: AUTO_ENCODING compression: DEFAULT_COMPRESSION } columns { name: "non_null_with_default" type: INT32 is_key: false is_nullable: false read_default_value: "90\000\000" write_default_value: "90\000\000" encoding: AUTO_ENCODING compression: DEFAULT_COMPRESSION } } pre_split_keys: "\200\000\000\t" num_replicas: 3
I0513 04:22:34.944267 9689 tablet_service.cc:422] Processing CreateTablet for tablet aef1b37287d74f558242e299689ca23d (table=TestScanCloseProxy [id=07f96f5ce4484f789c5eb6b0e59d1a99]), range=["\x80\x00\x00\t", ""]
I0513 04:22:34.944293 9690 tablet_service.cc:422] Processing CreateTablet for tablet d3f4046e447646ef866f6911b3671c7f (table=TestScanCloseProxy [id=07f96f5ce4484f789c5eb6b0e59d1a99]), range=["", "\x80\x00\x00\t"]
I0513 04:22:34.950980 10020 tablet_service.cc:422] Processing CreateTablet for tablet aef1b37287d74f558242e299689ca23d (table=TestScanCloseProxy [id=07f96f5ce4484f789c5eb6b0e59d1a99]), range=["\x80\x00\x00\t", ""]
I0513 04:22:34.950996 10021 tablet_service.cc:422] Processing CreateTablet for tablet d3f4046e447646ef866f6911b3671c7f (table=TestScanCloseProxy [id=07f96f5ce4484f789c5eb6b0e59d1a99]), range=["", "\x80\x00\x00\t"]
I0513 04:22:34.952183 9924 tablet_service.cc:422] Processing CreateTablet for tablet aef1b37287d74f558242e299689ca23d (table=TestScanCloseProxy [id=07f96f5ce4484f789c5eb6b0e59d1a99]), range=["\x80\x00\x00\t", ""]
I0513 04:22:34.952303 9923 tablet_service.cc:422] Processing CreateTablet for tablet d3f4046e447646ef866f6911b3671c7f (table=TestScanCloseProxy [id=07f96f5ce4484f789c5eb6b0e59d1a99]), range=["", "\x80\x00\x00\t"]
I0513 04:22:34.955332 9690 ts_tablet_manager.cc:410] Registered tablet d3f4046e447646ef866f6911b3671c7f
I0513 04:22:34.955416 9871 ts_tablet_manager.cc:283] Bootstrapping tablet: d3f4046e447646ef866f6911b3671c7f
I0513 04:22:34.956166 9871 tablet_bootstrap.cc:302] Tablet d3f4046e447646ef866f6911b3671c7f: Bootstrap starting.
I0513 04:22:34.956766 9871 tablet_bootstrap.cc:463] Time spent opening tablet d3f4046e447646ef866f6911b3671c7f: real 0.000s user 0.000s sys 0.000s
I0513 04:22:34.956890 9871 tablet_bootstrap.cc:399] No blocks or log segments found for tablet: d3f4046e447646ef866f6911b3671c7f creating new one.
I0513 04:22:34.959496 9871 tablet_bootstrap.cc:302] Tablet d3f4046e447646ef866f6911b3671c7f: No bootstrap required, opened a new log
I0513 04:22:34.959579 9871 ts_tablet_manager.cc:288] Time spent bootstrapping tablet d3f4046e447646ef866f6911b3671c7f: real 0.004s user 0.000s sys 0.001s
I0513 04:22:34.961009 9871 raft_consensus.cc:179] T d3f4046e447646ef866f6911b3671c7f P e38f0ef37fef46c88b837546dabe9cac [term 0 FOLLOWER]: Replica starting. Triggering 0 pending transactions. Active quorum: opid_index: -1 local: false peers { permanent_uuid: "f7146dd39a5f4163a9d27ea9985e48fd" member_type: VOTER last_known_addr { host: "127.0.0.1" port: 46642 } } peers { permanent_uuid: "e38f0ef37fef46c88b837546dabe9cac" member_type: VOTER last_known_addr { host: "127.0.0.1" port: 49491 } } peers { permanent_uuid: "23d7d93bcee9491bbec5c3c63f887d4d" member_type: VOTER last_known_addr { host: "127.0.0.1" port: 38476 } }
I0513 04:22:34.961360 9871 raft_consensus.cc:340] T d3f4046e447646ef866f6911b3671c7f P e38f0ef37fef46c88b837546dabe9cac [term 0 FOLLOWER]: Becoming Follower/Learner. State: Replica: e38f0ef37fef46c88b837546dabe9cac, State: 1, Role: FOLLOWER Watermarks: {Received: term: 0 index: 0 Committed: term: 0 index: 0}
I0513 04:22:34.962659 9871 consensus_queue.cc:117] T d3f4046e447646ef866f6911b3671c7f P e38f0ef37fef46c88b837546dabe9cac [NON_LEADER]: queue going to NON_LEADER mode. State: All replicated op: 0.0, Majority replicated op: 0.0, Committed index: 0.0, Last appended: 0.0, Current term: 0, Majority size: 1, State: 1, Mode: NON_LEADER
I0513 04:22:34.962937 9871 ts_tablet_manager.cc:309] Time spent starting tablet d3f4046e447646ef866f6911b3671c7f: real 0.003s user 0.003s sys 0.001s
I0513 04:22:34.966538 9689 ts_tablet_manager.cc:410] Registered tablet aef1b37287d74f558242e299689ca23d
I0513 04:22:34.966620 9875 ts_tablet_manager.cc:283] Bootstrapping tablet: aef1b37287d74f558242e299689ca23d
I0513 04:22:34.967365 9875 tablet_bootstrap.cc:302] Tablet aef1b37287d74f558242e299689ca23d: Bootstrap starting.
I0513 04:22:34.967978 9875 tablet_bootstrap.cc:463] Time spent opening tablet aef1b37287d74f558242e299689ca23d: real 0.000s user 0.000s sys 0.000s
I0513 04:22:34.968106 9875 tablet_bootstrap.cc:399] No blocks or log segments found for tablet: aef1b37287d74f558242e299689ca23d creating new one.
I0513 04:22:34.969127 9875 tablet_bootstrap.cc:302] Tablet aef1b37287d74f558242e299689ca23d: No bootstrap required, opened a new log
I0513 04:22:34.969199 9875 ts_tablet_manager.cc:288] Time spent bootstrapping tablet aef1b37287d74f558242e299689ca23d: real 0.003s user 0.000s sys 0.001s
I0513 04:22:34.969998 9875 raft_consensus.cc:179] T aef1b37287d74f558242e299689ca23d P e38f0ef37fef46c88b837546dabe9cac [term 0 FOLLOWER]: Replica starting. Triggering 0 pending transactions. Active quorum: opid_index: -1 local: false peers { permanent_uuid: "f7146dd39a5f4163a9d27ea9985e48fd" member_type: VOTER last_known_addr { host: "127.0.0.1" port: 46642 } } peers { permanent_uuid: "e38f0ef37fef46c88b837546dabe9cac" member_type: VOTER last_known_addr { host: "127.0.0.1" port: 49491 } } peers { permanent_uuid: "23d7d93bcee9491bbec5c3c63f887d4d" member_type: VOTER last_known_addr { host: "127.0.0.1" port: 38476 } }
I0513 04:22:34.970134 9875 raft_consensus.cc:340] T aef1b37287d74f558242e299689ca23d P e38f0ef37fef46c88b837546dabe9cac [term 0 FOLLOWER]: Becoming Follower/Learner. State: Replica: e38f0ef37fef46c88b837546dabe9cac, State: 1, Role: FOLLOWER Watermarks: {Received: term: 0 index: 0 Committed: term: 0 index: 0}
I0513 04:22:34.970185 9875 consensus_queue.cc:117] T aef1b37287d74f558242e299689ca23d P e38f0ef37fef46c88b837546dabe9cac [NON_LEADER]: queue going to NON_LEADER mode. State: All replicated op: 0.0, Majority replicated op: 0.0, Committed index: 0.0, Last appended: 0.0, Current term: 0, Majority size: 1, State: 1, Mode: NON_LEADER
I0513 04:22:34.970397 9875 ts_tablet_manager.cc:309] Time spent starting tablet aef1b37287d74f558242e299689ca23d: real 0.001s user 0.001s sys 0.000s
I0513 04:22:34.971449 9923 ts_tablet_manager.cc:410] Registered tablet d3f4046e447646ef866f6911b3671c7f
I0513 04:22:34.971449 10021 ts_tablet_manager.cc:410] Registered tablet d3f4046e447646ef866f6911b3671c7f
I0513 04:22:34.971938 9924 ts_tablet_manager.cc:410] Registered tablet aef1b37287d74f558242e299689ca23d
I0513 04:22:34.975661 10020 ts_tablet_manager.cc:410] Registered tablet aef1b37287d74f558242e299689ca23d
I0513 04:22:34.979696 10112 ts_tablet_manager.cc:283] Bootstrapping tablet: d3f4046e447646ef866f6911b3671c7f
I0513 04:22:34.980463 10112 tablet_bootstrap.cc:302] Tablet d3f4046e447646ef866f6911b3671c7f: Bootstrap starting.
I0513 04:22:34.981091 10112 tablet_bootstrap.cc:463] Time spent opening tablet d3f4046e447646ef866f6911b3671c7f: real 0.000s user 0.000s sys 0.000s
I0513 04:22:34.981235 10112 tablet_bootstrap.cc:399] No blocks or log segments found for tablet: d3f4046e447646ef866f6911b3671c7f creating new one.
I0513 04:22:34.981724 10116 ts_tablet_manager.cc:283] Bootstrapping tablet: aef1b37287d74f558242e299689ca23d
I0513 04:22:34.982295 10112 tablet_bootstrap.cc:302] Tablet d3f4046e447646ef866f6911b3671c7f: No bootstrap required, opened a new log
I0513 04:22:34.982377 10112 ts_tablet_manager.cc:288] Time spent bootstrapping tablet d3f4046e447646ef866f6911b3671c7f: real 0.003s user 0.000s sys 0.002s
I0513 04:22:34.987078 10112 raft_consensus.cc:179] T d3f4046e447646ef866f6911b3671c7f P f7146dd39a5f4163a9d27ea9985e48fd [term 0 FOLLOWER]: Replica starting. Triggering 0 pending transactions. Active quorum: opid_index: -1 local: false peers { permanent_uuid: "f7146dd39a5f4163a9d27ea9985e48fd" member_type: VOTER last_known_addr { host: "127.0.0.1" port: 46642 } } peers { permanent_uuid: "e38f0ef37fef46c88b837546dabe9cac" member_type: VOTER last_known_addr { host: "127.0.0.1" port: 49491 } } peers { permanent_uuid: "23d7d93bcee9491bbec5c3c63f887d4d" member_type: VOTER last_known_addr { host: "127.0.0.1" port: 38476 } }
I0513 04:22:34.987385 10112 raft_consensus.cc:340] T d3f4046e447646ef866f6911b3671c7f P f7146dd39a5f4163a9d27ea9985e48fd [term 0 FOLLOWER]: Becoming Follower/Learner. State: Replica: f7146dd39a5f4163a9d27ea9985e48fd, State: 1, Role: FOLLOWER Watermarks: {Received: term: 0 index: 0 Committed: term: 0 index: 0}
I0513 04:22:34.987882 10112 consensus_queue.cc:117] T d3f4046e447646ef866f6911b3671c7f P f7146dd39a5f4163a9d27ea9985e48fd [NON_LEADER]: queue going to NON_LEADER mode. State: All replicated op: 0.0, Majority replicated op: 0.0, Committed index: 0.0, Last appended: 0.0, Current term: 0, Majority size: 1, State: 1, Mode: NON_LEADER
I0513 04:22:34.988286 10112 ts_tablet_manager.cc:309] Time spent starting tablet d3f4046e447646ef866f6911b3671c7f: real 0.006s user 0.000s sys 0.001s
I0513 04:22:34.993759 10116 tablet_bootstrap.cc:302] Tablet aef1b37287d74f558242e299689ca23d: Bootstrap starting.
I0513 04:22:34.995527 10116 tablet_bootstrap.cc:463] Time spent opening tablet aef1b37287d74f558242e299689ca23d: real 0.000s user 0.000s sys 0.000s
I0513 04:22:34.995920 10116 tablet_bootstrap.cc:399] No blocks or log segments found for tablet: aef1b37287d74f558242e299689ca23d creating new one.
I0513 04:22:35.000519 10113 ts_tablet_manager.cc:283] Bootstrapping tablet: d3f4046e447646ef866f6911b3671c7f
I0513 04:22:35.000617 10115 ts_tablet_manager.cc:283] Bootstrapping tablet: aef1b37287d74f558242e299689ca23d
I0513 04:22:35.001288 10113 tablet_bootstrap.cc:302] Tablet d3f4046e447646ef866f6911b3671c7f: Bootstrap starting.
I0513 04:22:35.001289 10115 tablet_bootstrap.cc:302] Tablet aef1b37287d74f558242e299689ca23d: Bootstrap starting.
I0513 04:22:35.001920 10113 tablet_bootstrap.cc:463] Time spent opening tablet d3f4046e447646ef866f6911b3671c7f: real 0.000s user 0.000s sys 0.000s
I0513 04:22:35.001927 10115 tablet_bootstrap.cc:463] Time spent opening tablet aef1b37287d74f558242e299689ca23d: real 0.000s user 0.000s sys 0.000s
I0513 04:22:35.002051 10113 tablet_bootstrap.cc:399] No blocks or log segments found for tablet: d3f4046e447646ef866f6911b3671c7f creating new one.
I0513 04:22:35.002079 10115 tablet_bootstrap.cc:399] No blocks or log segments found for tablet: aef1b37287d74f558242e299689ca23d creating new one.
I0513 04:22:35.010637 10115 tablet_bootstrap.cc:302] Tablet aef1b37287d74f558242e299689ca23d: No bootstrap required, opened a new log
I0513 04:22:35.010725 10115 ts_tablet_manager.cc:288] Time spent bootstrapping tablet aef1b37287d74f558242e299689ca23d: real 0.010s user 0.000s sys 0.004s
I0513 04:22:35.011960 10115 raft_consensus.cc:179] T aef1b37287d74f558242e299689ca23d P 23d7d93bcee9491bbec5c3c63f887d4d [term 0 FOLLOWER]: Replica starting. Triggering 0 pending transactions. Active quorum: opid_index: -1 local: false peers { permanent_uuid: "f7146dd39a5f4163a9d27ea9985e48fd" member_type: VOTER last_known_addr { host: "127.0.0.1" port: 46642 } } peers { permanent_uuid: "e38f0ef37fef46c88b837546dabe9cac" member_type: VOTER last_known_addr { host: "127.0.0.1" port: 49491 } } peers { permanent_uuid: "23d7d93bcee9491bbec5c3c63f887d4d" member_type: VOTER last_known_addr { host: "127.0.0.1" port: 38476 } }
I0513 04:22:35.012122 10115 raft_consensus.cc:340] T aef1b37287d74f558242e299689ca23d P 23d7d93bcee9491bbec5c3c63f887d4d [term 0 FOLLOWER]: Becoming Follower/Learner. State: Replica: 23d7d93bcee9491bbec5c3c63f887d4d, State: 1, Role: FOLLOWER Watermarks: {Received: term: 0 index: 0 Committed: term: 0 index: 0}
I0513 04:22:35.012202 10115 consensus_queue.cc:117] T aef1b37287d74f558242e299689ca23d P 23d7d93bcee9491bbec5c3c63f887d4d [NON_LEADER]: queue going to NON_LEADER mode. State: All replicated op: 0.0, Majority replicated op: 0.0, Committed index: 0.0, Last appended: 0.0, Current term: 0, Majority size: 1, State: 1, Mode: NON_LEADER
I0513 04:22:35.012446 10115 ts_tablet_manager.cc:309] Time spent starting tablet aef1b37287d74f558242e299689ca23d: real 0.002s user 0.005s sys 0.000s
I0513 04:22:35.013038 10116 tablet_bootstrap.cc:302] Tablet aef1b37287d74f558242e299689ca23d: No bootstrap required, opened a new log
I0513 04:22:35.013100 10116 ts_tablet_manager.cc:288] Time spent bootstrapping tablet aef1b37287d74f558242e299689ca23d: real 0.031s user 0.004s sys 0.008s
