I0327 18:03:09.186142 17679 tablet_service.cc:424] Processing CreateTablet for tablet f0d164809e0e4738abe1f5b3a01cb3e1 (table=test_table [id=f33dbbd69f5342a0b20aadc7f23dae40]), range=["k_00045", "k_00046"]
I0327 18:03:09.186509 17783 tablet_bootstrap.cc:297] Tablet e71817fa520444a5a2b8598fa92a11d1: No bootstrap required, opened a new log
I0327 18:03:09.186619 17783 ts_tablet_manager.cc:316] Time spent tablet e71817fa520444a5a2b8598fa92a11d1 bootstrap: real 0.136s user 0.003s sys 0.002s
I0327 18:03:09.187261 17773 change_config_transaction.cc:131] T 014472ce303243d08735a9ecff26959c P fbf9fbe2f25e412893de7862bff86251: Configuration changed Changed from: opid_index: -1 local: true peers { permanent_uuid: "fbf9fbe2f25e412893de7862bff86251" role: CANDIDATE last_known_addr { host: "127.0.0.1" port: 34436 } } Changed to: opid_index: 1 local: true peers { permanent_uuid: "fbf9fbe2f25e412893de7862bff86251" role: LEADER last_known_addr { host: "127.0.0.1" port: 34436 } }
I0327 18:03:09.187717 17861 ts_tablet_manager.cc:311] Bootstrapping tablet: fd69702bd5a1476d97d8e0b3a8e9dd56
I0327 18:03:09.188542 17863 ts_tablet_manager.cc:311] Bootstrapping tablet: 7637e93e0aef401da1fb33cc1c19f0b8
I0327 18:03:09.188737 17683 tablet_service.cc:424] Processing CreateTablet for tablet 3070b134273544a3930d3ad1138140db (table=test_table [id=f33dbbd69f5342a0b20aadc7f23dae40]), range=["k_00077", "k_00078"]
I0327 18:03:09.189645 17678 tablet_service.cc:424] Processing CreateTablet for tablet 17b97cbf531b4154b6c5a5819c7064af (table=test_table [id=f33dbbd69f5342a0b20aadc7f23dae40]), range=["k_00096", "k_00097"]
I0327 18:03:09.190035 17773 change_config_transaction.cc:131] T b4b88e1d35094358b09246877b3c3f87 P fbf9fbe2f25e412893de7862bff86251: Configuration changed Changed from: opid_index: -1 local: true peers { permanent_uuid: "fbf9fbe2f25e412893de7862bff86251" role: CANDIDATE last_known_addr { host: "127.0.0.1" port: 34436 } } Changed to: opid_index: 1 local: true peers { permanent_uuid: "fbf9fbe2f25e412893de7862bff86251" role: LEADER last_known_addr { host: "127.0.0.1" port: 34436 } }
I0327 18:03:09.190991 17763 tablet_bootstrap.cc:297] Tablet c8adb524102845f48f73efb30938df59: No bootstrap required, opened a new log
I0327 18:03:09.191136 17763 ts_tablet_manager.cc:316] Time spent tablet c8adb524102845f48f73efb30938df59 bootstrap: real 0.131s user 0.002s sys 0.003s
I0327 18:03:09.191380 17564 messenger.cc:194] Service unavailable: service kudu.master.MasterService not registered on Master
I0327 18:03:09.191390 17676 tablet_service.cc:424] Processing CreateTablet for tablet c4e0a5a782b94600bfa8406896b1afc6 (table=test_table [id=f33dbbd69f5342a0b20aadc7f23dae40]), range=["k_00014", "k_00015"]
I0327 18:03:09.191437 17858 tablet_bootstrap.cc:297] Tablet 6c53b2219b1d4e71bff6902eb2c68d3c: Bootstrap starting.
W0327 18:03:09.191576 17734 heartbeater.cc:352] Failed to heartbeat to 127.0.0.1:54775: Remote error: Failed to send heartbeat: Service unavailable: service kudu.master.MasterService not registered on Master
I0327 18:03:09.191651 17869 ts_tablet_manager.cc:311] Bootstrapping tablet: afd77a3c23a249559ebf026bb9fb90cc
I0327 18:03:09.195267 17867 ts_tablet_manager.cc:311] Bootstrapping tablet: d0f78a3527624d38a2cc388b9b513cb7
I0327 18:03:09.196951 17762 tablet_bootstrap.cc:297] Tablet 0b158ca5d7b34c9f8e987ad5a4839350: Bootstrap starting.
I0327 18:03:09.198504 17677 tablet_service.cc:424] Processing CreateTablet for tablet eea2994ccf664e40b95132d4f720fbd7 (table=test_table [id=f33dbbd69f5342a0b20aadc7f23dae40]), range=["k_00007", "k_00008"]
I0327 18:03:09.200886 17673 tablet_service.cc:424] Processing CreateTablet for tablet 627e56b170704125bf37ec9554440ad2 (table=test_table [id=f33dbbd69f5342a0b20aadc7f23dae40]), range=["k_00040", "k_00041"]
I0327 18:03:09.200891 17869 tablet_bootstrap.cc:297] Tablet afd77a3c23a249559ebf026bb9fb90cc: Bootstrap starting.
I0327 18:03:09.201921 17861 tablet_bootstrap.cc:297] Tablet fd69702bd5a1476d97d8e0b3a8e9dd56: Bootstrap starting.
I0327 18:03:09.201983 17564 messenger.cc:194] Service unavailable: service kudu.master.MasterService not registered on Master
I0327 18:03:09.202088 17758 ts_tablet_manager.cc:311] Bootstrapping tablet: 823f1a3cc9ae41a5b09ad0b0ebec267c
W0327 18:03:09.202157 17734 heartbeater.cc:352] Failed to heartbeat to 127.0.0.1:54775: Remote error: Failed to send heartbeat: Service unavailable: service kudu.master.MasterService not registered on Master
I0327 18:03:09.202884 17680 tablet_service.cc:424] Processing CreateTablet for tablet 361dbe6095fe4e278fb8e7f95289482d (table=test_table [id=f33dbbd69f5342a0b20aadc7f23dae40]), range=["k_00098", "k_00099"]
I0327 18:03:09.203379 17870 ts_tablet_manager.cc:311] Bootstrapping tablet: fbb9df5f3b7944eda6c7608ec208d73d
I0327 18:03:09.204152 17810 tablet_bootstrap.cc:297] Tablet 917b67f56d304fc0967c334f6f5eead0: No bootstrap required, opened a new log
I0327 18:03:09.204306 17810 ts_tablet_manager.cc:316] Time spent tablet 917b67f56d304fc0967c334f6f5eead0 bootstrap: real 0.128s user 0.002s sys 0.004s
I0327 18:03:09.206218 17860 tablet_bootstrap.cc:297] Tablet 9fbf692f73aa4ea89f213519272064cf: Bootstrap starting.
I0327 18:03:09.206317 17679 ts_tablet_manager.cc:446] Registered tablet f0d164809e0e4738abe1f5b3a01cb3e1
I0327 18:03:09.206610 17685 ts_tablet_manager.cc:446] Registered tablet a3dbdf5c19754b28887a34bcb1b13ca2
I0327 18:03:09.206946 17682 ts_tablet_manager.cc:446] Registered tablet a782e421ca554b68b1135eba58d7b1c6
I0327 18:03:09.207129 17863 tablet_bootstrap.cc:297] Tablet 7637e93e0aef401da1fb33cc1c19f0b8: Bootstrap starting.
I0327 18:03:09.207481 17690 tablet_service.cc:424] Processing CreateTablet for tablet 21962360549247948c7eca057baa568b (table=test_table [id=f33dbbd69f5342a0b20aadc7f23dae40]), range=["k_00049", "k_00050"]
I0327 18:03:09.207902 17759 ts_tablet_manager.cc:311] Bootstrapping tablet: e90aa3e5ac6043f29db825b5b82df487
I0327 18:03:09.208334 17880 ts_tablet_manager.cc:311] Bootstrapping tablet: cc6cb96cb5ea4f5f807487a8b74d4dae
I0327 18:03:09.208482 17848 tablet_bootstrap.cc:390] No previous blocks or log segments found for tablet: a10077a0cfa14cb6959aea9fb9c36958 creating new one.
I0327 18:03:09.208856 17679 tablet_service.cc:424] Processing CreateTablet for tablet 59dbeefce050484893d6a96994313814 (table=test_table [id=f33dbbd69f5342a0b20aadc7f23dae40]), range=["k_00013", "k_00014"]
I0327 18:03:09.209199 17883 ts_tablet_manager.cc:311] Bootstrapping tablet: e0e81fad900445dfbb0210f12d57a552
I0327 18:03:09.209954 17873 ts_tablet_manager.cc:311] Bootstrapping tablet: c4bcde0b2d7a49a6856ec3d4b6e853fb
I0327 18:03:09.211000 17683 ts_tablet_manager.cc:446] Registered tablet 3070b134273544a3930d3ad1138140db
I0327 18:03:09.211601 17882 ts_tablet_manager.cc:311] Bootstrapping tablet: 440df2a5b4da4f63b9343579e54ab1e5
I0327 18:03:09.211755 17885 ts_tablet_manager.cc:311] Bootstrapping tablet: 06c2b6f9f13549b8a75b0e96f89b1fcc
I0327 18:03:09.212039 17886 ts_tablet_manager.cc:311] Bootstrapping tablet: 374bf80d0ca94879b87514008f4cdd4c
I0327 18:03:09.212601 17759 tablet_bootstrap.cc:297] Tablet e90aa3e5ac6043f29db825b5b82df487: Bootstrap starting.
I0327 18:03:09.212642 17564 messenger.cc:194] Service unavailable: service kudu.master.MasterService not registered on Master
I0327 18:03:09.213023 17678 ts_tablet_manager.cc:446] Registered tablet 17b97cbf531b4154b6c5a5819c7064af
I0327 18:03:09.213575 17888 ts_tablet_manager.cc:311] Bootstrapping tablet: 7da93570cdfa4b389b1e8c39a6b5d30b
I0327 18:03:09.215289 17754 tablet_bootstrap.cc:297] Tablet 25594f31f8bf4bf09db14baf685637a2: No bootstrap required, opened a new log
I0327 18:03:09.215407 17754 ts_tablet_manager.cc:316] Time spent tablet 25594f31f8bf4bf09db14baf685637a2 bootstrap: real 0.168s user 0.005s sys 0.001s
W0327 18:03:09.215726 17734 heartbeater.cc:352] Failed to heartbeat to 127.0.0.1:54775: Remote error: Failed to send heartbeat: Service unavailable: service kudu.master.MasterService not registered on Master
I0327 18:03:09.217772 17676 ts_tablet_manager.cc:446] Registered tablet c4e0a5a782b94600bfa8406896b1afc6
I0327 18:03:09.218364 17880 tablet_bootstrap.cc:297] Tablet cc6cb96cb5ea4f5f807487a8b74d4dae: Bootstrap starting.
I0327 18:03:09.219211 17773 change_config_transaction.cc:131] T 7ffc2e26d7a14f3e8e5580592324fb79 P fbf9fbe2f25e412893de7862bff86251: Configuration changed Changed from: opid_index: -1 local: true peers { permanent_uuid: "fbf9fbe2f25e412893de7862bff86251" role: CANDIDATE last_known_addr { host: "127.0.0.1" port: 34436 } } Changed to: opid_index: 1 local: true peers { permanent_uuid: "fbf9fbe2f25e412893de7862bff86251" role: LEADER last_known_addr { host: "127.0.0.1" port: 34436 } }
I0327 18:03:09.219526 17685 tablet_service.cc:424] Processing CreateTablet for tablet 43466b2da8b34d32862ee39ae86cf4d4 (table=test_table [id=f33dbbd69f5342a0b20aadc7f23dae40]), range=["k_00059", "k_00060"]
I0327 18:03:09.219957 17873 tablet_bootstrap.cc:297] Tablet c4bcde0b2d7a49a6856ec3d4b6e853fb: Bootstrap starting.
I0327 18:03:09.219982 17673 ts_tablet_manager.cc:446] Registered tablet 627e56b170704125bf37ec9554440ad2
I0327 18:03:09.220209 17758 tablet_bootstrap.cc:297] Tablet 823f1a3cc9ae41a5b09ad0b0ebec267c: Bootstrap starting.
I0327 18:03:09.221415 17677 ts_tablet_manager.cc:446] Registered tablet eea2994ccf664e40b95132d4f720fbd7
I0327 18:03:09.223552 17762 tablet_bootstrap.cc:390] No previous blocks or log segments found for tablet: 0b158ca5d7b34c9f8e987ad5a4839350 creating new one.
I0327 18:03:09.223772 17773 change_config_transaction.cc:131] T 72c3c79d82d14594a2513d5769b5a78b P fbf9fbe2f25e412893de7862bff86251: Configuration changed Changed from: opid_index: -1 local: true peers { permanent_uuid: "fbf9fbe2f25e412893de7862bff86251" role: CANDIDATE last_known_addr { host: "127.0.0.1" port: 34436 } } Changed to: opid_index: 1 local: true peers { permanent_uuid: "fbf9fbe2f25e412893de7862bff86251" role: LEADER last_known_addr { host: "127.0.0.1" port: 34436 } }
I0327 18:03:09.224023 17680 ts_tablet_manager.cc:446] Registered tablet 361dbe6095fe4e278fb8e7f95289482d
I0327 18:03:09.224351 17690 ts_tablet_manager.cc:446] Registered tablet 21962360549247948c7eca057baa568b
I0327 18:03:09.225720 17679 ts_tablet_manager.cc:446] Registered tablet 59dbeefce050484893d6a96994313814
I0327 18:03:09.226225 17564 messenger.cc:194] Service unavailable: service kudu.master.MasterService not registered on Master
I0327 18:03:09.226294 17753 ts_tablet_manager.cc:336] Time spent starting tablet 72c3c79d82d14594a2513d5769b5a78b: real 0.081s user 0.002s sys 0.002s
W0327 18:03:09.226593 17734 heartbeater.cc:352] Failed to heartbeat to 127.0.0.1:54775: Remote error: Failed to send heartbeat: Service unavailable: service kudu.master.MasterService not registered on Master
I0327 18:03:09.227223 17891 ts_tablet_manager.cc:311] Bootstrapping tablet: f0d164809e0e4738abe1f5b3a01cb3e1
I0327 18:03:09.228713 17764 ts_tablet_manager.cc:336] Time spent starting tablet 014472ce303243d08735a9ecff26959c: real 0.097s user 0.001s sys 0.002s
I0327 18:03:09.229329 17886 tablet_bootstrap.cc:297] Tablet 374bf80d0ca94879b87514008f4cdd4c: Bootstrap starting.
I0327 18:03:09.230052 17882 tablet_bootstrap.cc:297] Tablet 440df2a5b4da4f63b9343579e54ab1e5: Bootstrap starting.
I0327 18:03:09.231047 17883 tablet_bootstrap.cc:297] Tablet e0e81fad900445dfbb0210f12d57a552: Bootstrap starting.
I0327 18:03:09.231880 17848 tablet_bootstrap.cc:297] Tablet a10077a0cfa14cb6959aea9fb9c36958: No bootstrap required, opened a new log
I0327 18:03:09.231988 17848 ts_tablet_manager.cc:316] Time spent tablet a10077a0cfa14cb6959aea9fb9c36958 bootstrap: real 0.071s user 0.002s sys 0.002s
I0327 18:03:09.232769 17758 tablet_bootstrap.cc:390] No previous blocks or log segments found for tablet: 823f1a3cc9ae41a5b09ad0b0ebec267c creating new one.
I0327 18:03:09.233014 17867 tablet_bootstrap.cc:297] Tablet d0f78a3527624d38a2cc388b9b513cb7: Bootstrap starting.
I0327 18:03:09.233212 17753 ts_tablet_manager.cc:311] Bootstrapping tablet: 3070b134273544a3930d3ad1138140db
I0327 18:03:09.233276 17764 ts_tablet_manager.cc:311] Bootstrapping tablet: 17b97cbf531b4154b6c5a5819c7064af
I0327 18:03:09.233486 17895 ts_tablet_manager.cc:311] Bootstrapping tablet: a782e421ca554b68b1135eba58d7b1c6
I0327 18:03:09.235050 17893 ts_tablet_manager.cc:311] Bootstrapping tablet: a3dbdf5c19754b28887a34bcb1b13ca2
I0327 18:03:09.236078 17753 tablet_bootstrap.cc:297] Tablet 3070b134273544a3930d3ad1138140db: Bootstrap starting.
I0327 18:03:09.236263 17685 ts_tablet_manager.cc:446] Registered tablet 43466b2da8b34d32862ee39ae86cf4d4
I0327 18:03:09.236415 17891 tablet_bootstrap.cc:297] Tablet f0d164809e0e4738abe1f5b3a01cb3e1: Bootstrap starting.
I0327 18:03:09.237054 17906 ts_tablet_manager.cc:311] Bootstrapping tablet: 627e56b170704125bf37ec9554440ad2
I0327 18:03:09.237323 17564 messenger.cc:194] Service unavailable: service kudu.master.MasterService not registered on Master
I0327 18:03:09.237576 17895 tablet_bootstrap.cc:297] Tablet a782e421ca554b68b1135eba58d7b1c6: Bootstrap starting.
W0327 18:03:09.237790 17734 heartbeater.cc:352] Failed to heartbeat to 127.0.0.1:54775: Remote error: Failed to send heartbeat: Service unavailable: service kudu.master.MasterService not registered on Master
I0327 18:03:09.237908 17902 ts_tablet_manager.cc:311] Bootstrapping tablet: c4e0a5a782b94600bfa8406896b1afc6
I0327 18:03:09.240610 17792 tablet_bootstrap.cc:390] No previous blocks or log segments found for tablet: 06efafc68c6d4aa1aa488782e545de34 creating new one.
I0327 18:03:09.240838 17870 tablet_bootstrap.cc:297] Tablet fbb9df5f3b7944eda6c7608ec208d73d: Bootstrap starting.
I0327 18:03:09.241590 17764 tablet_bootstrap.cc:297] Tablet 17b97cbf531b4154b6c5a5819c7064af: Bootstrap starting.
I0327 18:03:09.242252 17888 tablet_bootstrap.cc:297] Tablet 7da93570cdfa4b389b1e8c39a6b5d30b: Bootstrap starting.
I0327 18:03:09.243291 17893 tablet_bootstrap.cc:297] Tablet a3dbdf5c19754b28887a34bcb1b13ca2: Bootstrap starting.
I0327 18:03:09.243985 17765 tablet_bootstrap.cc:390] No previous blocks or log segments found for tablet: 69d9e8d8b07b484eb076d10ba43a43c4 creating new one.
I0327 18:03:09.245120 14789 tablet_peer.cc:187] Initiating TabletPeer shutdown for tablet: 00000000000000000000000000000000
I0327 18:03:09.245148 14789 maintenance_manager.cc:170] Unregistered op CompactRowSetsOp(00000000000000000000000000000000)
I0327 18:03:09.245172 14789 maintenance_manager.cc:170] Unregistered op MinorDeltaCompactionOp(00000000000000000000000000000000)
I0327 18:03:09.246018 14789 master.cc:138] Master@127.0.0.1:54775 shutdown complete.
I0327 18:03:09.246211 14789 maintenance_manager.cc:170] Unregistered op FlushMRSOp(00000000000000000000000000000000)
I0327 18:03:09.246233 14789 maintenance_manager.cc:170] Unregistered op FlushDeltaMemStoresOp(00000000000000000000000000000000)
I0327 18:03:09.246249 14789 maintenance_manager.cc:170] Unregistered op LogGCOp(00000000000000000000000000000000)
I0327 18:03:09.246688 17885 tablet_bootstrap.cc:297] Tablet 06c2b6f9f13549b8a75b0e96f89b1fcc: Bootstrap starting.
W0327 18:03:09.248419 17734 heartbeater.cc:352] Failed to heartbeat to 127.0.0.1:54775: Network error: Failed to send heartbeat: Client connection negotiation failed: client Connection to 127.0.0.1:54775: connect: Connection refused (error 111)
I0327 18:03:09.252544 17793 tablet_bootstrap.cc:297] Tablet aa39a71ad3744a408065b9ea2cc5581b: No bootstrap required, opened a new log
I0327 18:03:09.252673 17793 ts_tablet_manager.cc:316] Time spent tablet aa39a71ad3744a408065b9ea2cc5581b bootstrap: real 0.199s user 0.003s sys 0.003s
I0327 18:03:09.254886 17902 tablet_bootstrap.cc:297] Tablet c4e0a5a782b94600bfa8406896b1afc6: Bootstrap starting.
W0327 18:03:09.259011 17734 heartbeater.cc:352] Failed to heartbeat to 127.0.0.1:54775: Network error: Failed to send heartbeat: Client connection negotiation failed: client Connection to 127.0.0.1:54775: connect: Connection refused (error 111)
I0327 18:03:09.261893 17753 tablet_bootstrap.cc:390] No previous blocks or log segments found for tablet: 3070b134273544a3930d3ad1138140db creating new one.
I0327 18:03:09.265110 17906 tablet_bootstrap.cc:297] Tablet 627e56b170704125bf37ec9554440ad2: Bootstrap starting.
I0327 18:03:09.265754 14789 fs_manager.cc:175] Opened local filesystem: /data1/test-tmp/create-table-stress-test.CreateTableStressTest.RestartMasterDuringCreation.1427504587531994-14789/minicluster-data/master-0-root uuid: "ae1d040c7ce5468796f99816e0b439ae" format_stamp: "Formatted at 2015-03-28 01:03:08 on boost-static-burst-slave-113b.vpc.cloudera.com"
I0327 18:03:09.266309 17775 ts_tablet_manager.cc:336] Time spent starting tablet 7ffc2e26d7a14f3e8e5580592324fb79: real 0.162s user 0.003s sys 0.002s
I0327 18:03:09.266353 17775 ts_tablet_manager.cc:311] Bootstrapping tablet: eea2994ccf664e40b95132d4f720fbd7
I0327 18:03:09.267037 17758 tablet_bootstrap.cc:297] Tablet 823f1a3cc9ae41a5b09ad0b0ebec267c: No bootstrap required, opened a new log
I0327 18:03:09.267153 17758 ts_tablet_manager.cc:316] Time spent tablet 823f1a3cc9ae41a5b09ad0b0ebec267c bootstrap: real 0.065s user 0.003s sys 0.001s
W0327 18:03:09.269717 17734 heartbeater.cc:352] Failed to heartbeat to 127.0.0.1:54775: Network error: Failed to send heartbeat: Client connection negotiation failed: client Connection to 127.0.0.1:54775: connect: Connection refused (error 111)
I0327 18:03:09.270998 17773 change_config_transaction.cc:131] T aa39a71ad3744a408065b9ea2cc5581b P fbf9fbe2f25e412893de7862bff86251: Configuration changed Changed from: opid_index: -1 local: true peers { permanent_uuid: "fbf9fbe2f25e412893de7862bff86251" role: CANDIDATE last_known_addr { host: "127.0.0.1" port: 34436 } } Changed to: opid_index: 1 local: true peers { permanent_uuid: "fbf9fbe2f25e412893de7862bff86251" role: LEADER last_known_addr { host: "127.0.0.1" port: 34436 } }
I0327 18:03:09.273020 17764 tablet_bootstrap.cc:390] No previous blocks or log segments found for tablet: 17b97cbf531b4154b6c5a5819c7064af creating new one.
I0327 18:03:09.273497 17773 change_config_transaction.cc:131] T 83ba267e76474c9aac542e017df10d18 P fbf9fbe2f25e412893de7862bff86251: Configuration changed Changed from: opid_index: -1 local: true peers { permanent_uuid: "fbf9fbe2f25e412893de7862bff86251" role: CANDIDATE last_known_addr { host: "127.0.0.1" port: 34436 } } Changed to: opid_index: 1 local: true peers { permanent_uuid: "fbf9fbe2f25e412893de7862bff86251" role: LEADER last_known_addr { host: "127.0.0.1" port: 34436 } }
I0327 18:03:09.273962 17802 tablet_bootstrap.cc:390] No previous blocks or log segments found for tablet: 2f8ec35c2ca3496087e91fd07ffe0225 creating new one.
I0327 18:03:09.278282 17775 tablet_bootstrap.cc:297] Tablet eea2994ccf664e40b95132d4f720fbd7: Bootstrap starting.
I0327 18:03:09.278859 17793 ts_tablet_manager.cc:336] Time spent starting tablet aa39a71ad3744a408065b9ea2cc5581b: real 0.026s user 0.000s sys 0.002s
I0327 18:03:09.278939 17793 ts_tablet_manager.cc:311] Bootstrapping tablet: 361dbe6095fe4e278fb8e7f95289482d
I0327 18:03:09.279675 17773 change_config_transaction.cc:131] T e71817fa520444a5a2b8598fa92a11d1 P fbf9fbe2f25e412893de7862bff86251: Configuration changed Changed from: opid_index: -1 local: true peers { permanent_uuid: "fbf9fbe2f25e412893de7862bff86251" role: CANDIDATE last_known_addr { host: "127.0.0.1" port: 34436 } } Changed to: opid_index: 1 local: true peers { permanent_uuid: "fbf9fbe2f25e412893de7862bff86251" role: LEADER last_known_addr { host: "127.0.0.1" port: 34436 } }
I0327 18:03:09.280755 17773 change_config_transaction.cc:131] T 4aa0ce87cf6c4611b019822b5ad11b53 P fbf9fbe2f25e412893de7862bff86251: Configuration changed Changed from: opid_index: -1 local: true peers { permanent_uuid: "fbf9fbe2f25e412893de7862bff86251" role: CANDIDATE last_known_addr { host: "127.0.0.1" port: 34436 } } Changed to: opid_index: 1 local: true peers { permanent_uuid: "fbf9fbe2f25e412893de7862bff86251" role: LEADER last_known_addr { host: "127.0.0.1" port: 34436 } }
W0327 18:03:09.280915 17734 heartbeater.cc:352] Failed to heartbeat to 127.0.0.1:54775: Network error: Failed to send heartbeat: Client connection negotiation failed: client Connection to 127.0.0.1:54775: connect: Connection refused (error 111)
I0327 18:03:09.281297 17765 tablet_bootstrap.cc:297] Tablet 69d9e8d8b07b484eb076d10ba43a43c4: No bootstrap required, opened a new log
I0327 18:03:09.281415 17765 ts_tablet_manager.cc:316] Time spent tablet 69d9e8d8b07b484eb076d10ba43a43c4 bootstrap: real 0.147s user 0.005s sys 0.000s
I0327 18:03:09.282901 17863 tablet_bootstrap.cc:390] No previous blocks or log segments found for tablet: 7637e93e0aef401da1fb33cc1c19f0b8 creating new one.
I0327 18:03:09.284756 17793 tablet_bootstrap.cc:297] Tablet 361dbe6095fe4e278fb8e7f95289482d: Bootstrap starting.
I0327 18:03:09.284800 17764 tablet_bootstrap.cc:297] Tablet 17b97cbf531b4154b6c5a5819c7064af: No bootstrap required, opened a new log
I0327 18:03:09.284920 17764 ts_tablet_manager.cc:316] Time spent tablet 17b97cbf531b4154b6c5a5819c7064af bootstrap: real 0.052s user 0.001s sys 0.001s
I0327 18:03:09.285795 17869 tablet_bootstrap.cc:390] No previous blocks or log segments found for tablet: afd77a3c23a249559ebf026bb9fb90cc creating new one.
I0327 18:03:09.286839 17791 tablet_bootstrap.cc:390] No previous blocks or log segments found for tablet: 79f3874bf9dc48dc983514afde7061eb creating new one.
W0327 18:03:09.293143 17734 heartbeater.cc:352] Failed to heartbeat to 127.0.0.1:54775: Network error: Failed to send heartbeat: Client connection negotiation failed: client Connection to 127.0.0.1:54775: connect: Connection refused (error 111)
I0327 18:03:09.293365 17755 ts_tablet_manager.cc:336] Time spent starting tablet 83ba267e76474c9aac542e017df10d18: real 0.110s user 0.000s sys 0.003s
I0327 18:03:09.293439 17755 ts_tablet_manager.cc:311] Bootstrapping tablet: 21962360549247948c7eca057baa568b
I0327 18:03:09.293998 14789 hybrid_clock.cc:119] HybridClock initialized. Resolution in nanos?: 1 Wait times tolerance adjustment: 1.0005 Current error: 755316
I0327 18:03:09.294057 14789 maintenance_manager.cc:110] MaintenanceManager: targeting memory size of 23.515860 GB
I0327 18:03:09.297405 17755 tablet_bootstrap.cc:297] Tablet 21962360549247948c7eca057baa568b: Bootstrap starting.
I0327 18:03:09.297930 17883 tablet_bootstrap.cc:390] No previous blocks or log segments found for tablet: e0e81fad900445dfbb0210f12d57a552 creating new one.
I0327 18:03:09.298154 17759 tablet_bootstrap.cc:390] No previous blocks or log segments found for tablet: e90aa3e5ac6043f29db825b5b82df487 creating new one.
I0327 18:03:09.300326 17762 tablet_bootstrap.cc:297] Tablet 0b158ca5d7b34c9f8e987ad5a4839350: No bootstrap required, opened a new log
I0327 18:03:09.300441 17762 ts_tablet_manager.cc:316] Time spent tablet 0b158ca5d7b34c9f8e987ad5a4839350 bootstrap: real 0.115s user 0.000s sys 0.004s
I0327 18:03:09.301756 17858 tablet_bootstrap.cc:390] No previous blocks or log segments found for tablet: 6c53b2219b1d4e71bff6902eb2c68d3c creating new one.
W0327 18:03:09.303679 17734 heartbeater.cc:352] Failed to heartbeat to 127.0.0.1:54775: Network error: Failed to send heartbeat: Client connection negotiation failed: client Connection to 127.0.0.1:54775: connect: Connection refused (error 111)
I0327 18:03:09.305239 17805 tablet_bootstrap.cc:297] Tablet fb147521187e41f4a9914b4eb27aa6c4: No bootstrap required, opened a new log
I0327 18:03:09.305342 17805 ts_tablet_manager.cc:316] Time spent tablet fb147521187e41f4a9914b4eb27aa6c4 bootstrap: real 0.246s user 0.004s sys 0.002s
I0327 18:03:09.308045 17766 ts_tablet_manager.cc:336] Time spent starting tablet 4aa0ce87cf6c4611b019822b5ad11b53: real 0.174s user 0.002s sys 0.002s
I0327 18:03:09.308066 17792 tablet_bootstrap.cc:297] Tablet 06efafc68c6d4aa1aa488782e545de34: No bootstrap required, opened a new log
I0327 18:03:09.308109 17766 ts_tablet_manager.cc:311] Bootstrapping tablet: 59dbeefce050484893d6a96994313814
I0327 18:03:09.308363 17792 ts_tablet_manager.cc:316] Time spent tablet 06efafc68c6d4aa1aa488782e545de34 bootstrap: real 0.256s user 0.006s sys 0.001s
I0327 18:03:09.310518 17766 tablet_bootstrap.cc:297] Tablet 59dbeefce050484893d6a96994313814: Bootstrap starting.
I0327 18:03:09.313490 17757 tablet_bootstrap.cc:390] No previous blocks or log segments found for tablet: ad3def20ec61421cb1a05a6bf0204e09 creating new one.
I0327 18:03:09.314681 17773 change_config_transaction.cc:131] T 17b97cbf531b4154b6c5a5819c7064af P fbf9fbe2f25e412893de7862bff86251: Configuration changed Changed from: opid_index: -1 local: true peers { permanent_uuid: "fbf9fbe2f25e412893de7862bff86251" role: CANDIDATE last_known_addr { host: "127.0.0.1" port: 34436 } } Changed to: opid_index: 1 local: true peers { permanent_uuid: "fbf9fbe2f25e412893de7862bff86251" role: LEADER last_known_addr { host: "127.0.0.1" port: 34436 } }
I0327 18:03:09.314901 17783 ts_tablet_manager.cc:336] Time spent starting tablet e71817fa520444a5a2b8598fa92a11d1: real 0.128s user 0.001s sys 0.002s
I0327 18:03:09.314960 17783 ts_tablet_manager.cc:311] Bootstrapping tablet: 43466b2da8b34d32862ee39ae86cf4d4
I0327 18:03:09.314983 17860 tablet_bootstrap.cc:390] No previous blocks or log segments found for tablet: 9fbf692f73aa4ea89f213519272064cf creating new one.
W0327 18:03:09.315218 17734 heartbeater.cc:352] Failed to heartbeat to 127.0.0.1:54775: Network error: Failed to send heartbeat: Client connection negotiation failed: client Connection to 127.0.0.1:54775: connect: Connection refused (error 111)
I0327 18:03:09.315435 17753 tablet_bootstrap.cc:297] Tablet 3070b134273544a3930d3ad1138140db: No bootstrap required, opened a new log
I0327 18:03:09.315556 17753 ts_tablet_manager.cc:316] Time spent tablet 3070b134273544a3930d3ad1138140db bootstrap: real 0.082s user 0.002s sys 0.001s
I0327 18:03:09.315740 17773 change_config_transaction.cc:131] T 25594f31f8bf4bf09db14baf685637a2 P fbf9fbe2f25e412893de7862bff86251: Configuration changed Changed from: opid_index: -1 local: true peers { permanent_uuid: "fbf9fbe2f25e412893de7862bff86251" role: CANDIDATE last_known_addr { host: "127.0.0.1" port: 34436 } } Changed to: opid_index: 1 local: true peers { permanent_uuid: "fbf9fbe2f25e412893de7862bff86251" role: LEADER last_known_addr { host: "127.0.0.1" port: 34436 } }
I0327 18:03:09.317234 17802 tablet_bootstrap.cc:297] Tablet 2f8ec35c2ca3496087e91fd07ffe0225: No bootstrap required, opened a new log
I0327 18:03:09.317358 17802 ts_tablet_manager.cc:316] Time spent tablet 2f8ec35c2ca3496087e91fd07ffe0225 bootstrap: real 0.259s user 0.002s sys 0.004s
I0327 18:03:09.318331 17764 ts_tablet_manager.cc:336] Time spent starting tablet 17b97cbf531b4154b6c5a5819c7064af: real 0.033s user 0.002s sys 0.001s
I0327 18:03:09.318536 17773 change_config_transaction.cc:131] T a10077a0cfa14cb6959aea9fb9c36958 P fbf9fbe2f25e412893de7862bff86251: Configuration changed Changed from: opid_index: -1 local: true peers { permanent_uuid: "fbf9fbe2f25e412893de7862bff86251" role: CANDIDATE last_known_addr { host: "127.0.0.1" port: 34436 } } Changed to: opid_index: 1 local: true peers { permanent_uuid: "fbf9fbe2f25e412893de7862bff86251" role: LEADER last_known_addr { host: "127.0.0.1" port: 34436 } }
I0327 18:03:09.319668 17773 change_config_transaction.cc:131] T c8adb524102845f48f73efb30938df59 P fbf9fbe2f25e412893de7862bff86251: Configuration changed Changed from: opid_index: -1 local: true peers { permanent_uuid: "fbf9fbe2f25e412893de7862bff86251" role: CANDIDATE last_known_addr { host: "127.0.0.1" port: 34436 } } Changed to: opid_index: 1 local: true peers { permanent_uuid: "fbf9fbe2f25e412893de7862bff86251" role: LEADER last_known_addr { host: "127.0.0.1" port: 34436 } }
I0327 18:03:09.320624 17773 change_config_transaction.cc:131] T 1b7500a196d84fb891bb9706eaa3686a P fbf9fbe2f25e412893de7862bff86251: Configuration changed Changed from: opid_index: -1 local: true peers { permanent_uuid: "fbf9fbe2f25e412893de7862bff86251" role: CANDIDATE last_known_addr { host: "127.0.0.1" port: 34436 } } Changed to: opid_index: 1 local: true peers { permanent_uuid: "fbf9fbe2f25e412893de7862bff86251" role: LEADER last_known_addr { host: "127.0.0.1" port: 34436 } }
I0327 18:03:09.322643 17869 tablet_bootstrap.cc:297] Tablet afd77a3c23a249559ebf026bb9fb90cc: No bootstrap required, opened a new log
I0327 18:03:09.322775 17869 ts_tablet_manager.cc:316] Time spent tablet afd77a3c23a249559ebf026bb9fb90cc bootstrap: real 0.131s user 0.004s sys 0.001s
I0327 18:03:09.323194 17867 tablet_bootstrap.cc:390] No previous blocks or log segments found for tablet: d0f78a3527624d38a2cc388b9b513cb7 creating new one.
W0327 18:03:09.325943 17734 heartbeater.cc:352] Failed to heartbeat to 127.0.0.1:54775: Network error: Failed to send heartbeat: Client connection negotiation failed: client Connection to 127.0.0.1:54775: connect: Connection refused (error 111)
I0327 18:03:09.326776 17860 tablet_bootstrap.cc:297] Tablet 9fbf692f73aa4ea89f213519272064cf: No bootstrap required, opened a new log
I0327 18:03:09.326891 17860 ts_tablet_manager.cc:316] Time spent tablet 9fbf692f73aa4ea89f213519272064cf bootstrap: real 0.141s user 0.002s sys 0.003s
I0327 18:03:09.327903 17773 change_config_transaction.cc:131] T 0b158ca5d7b34c9f8e987ad5a4839350 P fbf9fbe2f25e412893de7862bff86251: Configuration changed Changed from: opid_index: -1 local: true peers { permanent_uuid: "fbf9fbe2f25e412893de7862bff86251" role: CANDIDATE last_known_addr { host: "127.0.0.1" port: 34436 } } Changed to: opid_index: 1 local: true peers { permanent_uuid: "fbf9fbe2f25e412893de7862bff86251" role: LEADER last_known_addr { host: "127.0.0.1" port: 34436 } }
I0327 18:03:09.328783 17783 tablet_bootstrap.cc:297] Tablet 43466b2da8b34d32862ee39ae86cf4d4: Bootstrap starting.
I0327 18:03:09.336112 17773 change_config_transaction.cc:131] T 917b67f56d304fc0967c334f6f5eead0 P fbf9fbe2f25e412893de7862bff86251: Configuration changed Changed from: opid_index: -1 local: true peers { permanent_uuid: "fbf9fbe2f25e412893de7862bff86251" role: CANDIDATE last_known_addr { host: "127.0.0.1" port: 34436 } } Changed to: opid_index: 1 local: true peers { permanent_uuid: "fbf9fbe2f25e412893de7862bff86251" role: LEADER last_known_addr { host: "127.0.0.1" port: 34436 } }
W0327 18:03:09.336617 17734 heartbeater.cc:352] Failed to heartbeat to 127.0.0.1:54775: Network error: Failed to send heartbeat: Client connection negotiation failed: client Connection to 127.0.0.1:54775: connect: Connection refused (error 111)
I0327 18:03:09.337350 17791 tablet_bootstrap.cc:297] Tablet 79f3874bf9dc48dc983514afde7061eb: No bootstrap required, opened a new log
I0327 18:03:09.337476 17791 ts_tablet_manager.cc:316] Time spent tablet 79f3874bf9dc48dc983514afde7061eb bootstrap: real 0.286s user 0.006s sys 0.001s
I0327 18:03:09.338644 17773 change_config_transaction.cc:131] T 823f1a3cc9ae41a5b09ad0b0ebec267c P fbf9fbe2f25e412893de7862bff86251: Configuration changed Changed from: opid_index: -1 local: true peers { permanent_uuid: "fbf9fbe2f25e412893de7862bff86251" role: CANDIDATE last_known_addr { host: "127.0.0.1" port: 34436 } } Changed to: opid_index: 1 local: true peers { permanent_uuid: "fbf9fbe2f25e412893de7862bff86251" role: LEADER last_known_addr { host: "127.0.0.1" port: 34436 } }
I0327 18:03:09.339066 17805 ts_tablet_manager.cc:336] Time spent starting tablet fb147521187e41f4a9914b4eb27aa6c4: real 0.034s user 0.001s sys 0.001s
I0327 18:03:09.339689 17846 tablet_bootstrap.cc:390] No previous blocks or log segments found for tablet: 97772270037d44d9a0ec1244dce6adc7 creating new one.
I0327 18:03:09.339834 17773 change_config_transaction.cc:131] T fb147521187e41f4a9914b4eb27aa6c4 P fbf9fbe2f25e412893de7862bff86251: Configuration changed Changed from: opid_index: -1 local: true peers { permanent_uuid: "fbf9fbe2f25e412893de7862bff86251" role: CANDIDATE last_known_addr { host: "127.0.0.1" port: 34436 } } Changed to: opid_index: 1 local: true peers { permanent_uuid: "fbf9fbe2f25e412893de7862bff86251" role: LEADER last_known_addr { host: "127.0.0.1" port: 34436 } }
I0327 18:03:09.340338 17758 ts_tablet_manager.cc:336] Time spent starting tablet 823f1a3cc9ae41a5b09ad0b0ebec267c: real 0.073s user 0.001s sys 0.002s
I0327 18:03:09.340462 17870 tablet_bootstrap.cc:390] No previous blocks or log segments found for tablet: fbb9df5f3b7944eda6c7608ec208d73d creating new one.
I0327 18:03:09.340755 17848 ts_tablet_manager.cc:336] Time spent starting tablet a10077a0cfa14cb6959aea9fb9c36958: real 0.109s user 0.004s sys 0.000s
I0327 18:03:09.340875 17895 tablet_bootstrap.cc:390] No previous blocks or log segments found for tablet: a782e421ca554b68b1135eba58d7b1c6 creating new one.
I0327 18:03:09.343157 17888 tablet_bootstrap.cc:390] No previous blocks or log segments found for tablet: 7da93570cdfa4b389b1e8c39a6b5d30b creating new one.
I0327 18:03:09.343237 17789 ts_tablet_manager.cc:336] Time spent starting tablet 1b7500a196d84fb891bb9706eaa3686a: real 0.181s user 0.003s sys 0.002s
I0327 18:03:09.343238 17762 ts_tablet_manager.cc:336] Time spent starting tablet 0b158ca5d7b34c9f8e987ad5a4839350: real 0.043s user 0.001s sys 0.001s
I0327 18:03:09.343963 17773 change_config_transaction.cc:131] T 2f8ec35c2ca3496087e91fd07ffe0225 P fbf9fbe2f25e412893de7862bff86251: Configuration changed Changed from: opid_index: -1 local: true peers { permanent_uuid: "fbf9fbe2f25e412893de7862bff86251" role: CANDIDATE last_known_addr { host: "127.0.0.1" port: 34436 } } Changed to: opid_index: 1 local: true peers { permanent_uuid: "fbf9fbe2f25e412893de7862bff86251" role: LEADER last_known_addr { host: "127.0.0.1" port: 34436 } }
I0327 18:03:09.344528 17838 tablet_bootstrap.cc:390] No previous blocks or log segments found for tablet: 22764de28d14431890ab824b910f8641 creating new one.
I0327 18:03:09.344689 17852 tablet_bootstrap.cc:390] No previous blocks or log segments found for tablet: dae48e97e8e343249d8ef0e214959686 creating new one.
I0327 18:03:09.346979 17886 tablet_bootstrap.cc:390] No previous blocks or log segments found for tablet: 374bf80d0ca94879b87514008f4cdd4c creating new one.
I0327 18:03:09.346945 17773 change_config_transaction.cc:131] T afd77a3c23a249559ebf026bb9fb90cc P fbf9fbe2f25e412893de7862bff86251: Configuration changed Changed from: opid_index: -1 local: true peers { permanent_uuid: "fbf9fbe2f25e412893de7862bff86251" role: CANDIDATE last_known_addr { host: "127.0.0.1" port: 34436 } } Changed to: opid_index: 1 local: true peers { permanent_uuid: "fbf9fbe2f25e412893de7862bff86251" role: LEADER last_known_addr { host: "127.0.0.1" port: 34436 } }
I0327 18:03:09.348367 17763 ts_tablet_manager.cc:336] Time spent starting tablet c8adb524102845f48f73efb30938df59: real 0.157s user 0.001s sys 0.003s
W0327 18:03:09.349547 17734 heartbeater.cc:352] Failed to heartbeat to 127.0.0.1:54775: Network error: Failed to send heartbeat: Client connection negotiation failed: client Connection to 127.0.0.1:54775: connect: Connection refused (error 111)
I0327 18:03:09.352186 17791 ts_tablet_manager.cc:336] Time spent starting tablet 79f3874bf9dc48dc983514afde7061eb: real 0.015s user 0.002s sys 0.000s
I0327 18:03:09.352639 17810 ts_tablet_manager.cc:336] Time spent starting tablet 917b67f56d304fc0967c334f6f5eead0: real 0.148s user 0.002s sys 0.001s
I0327 18:03:09.353277 14789 rpc_server.cc:110] RPC server started. Bound to: 127.0.0.1:54775
I0327 18:03:09.353332 14789 webserver.cc:108] Starting webserver on 0.0.0.0:60280
I0327 18:03:09.353353 14789 webserver.cc:117] Document root disabled
I0327 18:03:09.354372 17858 tablet_bootstrap.cc:297] Tablet 6c53b2219b1d4e71bff6902eb2c68d3c: No bootstrap required, opened a new log
I0327 18:03:09.354488 17858 ts_tablet_manager.cc:316] Time spent tablet 6c53b2219b1d4e71bff6902eb2c68d3c bootstrap: real 0.186s user 0.001s sys 0.004s
I0327 18:03:09.354650 17773 change_config_transaction.cc:131] T 79f3874bf9dc48dc983514afde7061eb P fbf9fbe2f25e412893de7862bff86251: Configuration changed Changed from: opid_index: -1 local: true peers { permanent_uuid: "fbf9fbe2f25e412893de7862bff86251" role: CANDIDATE last_known_addr { host: "127.0.0.1" port: 34436 } } Changed to: opid_index: 1 local: true peers { permanent_uuid: "fbf9fbe2f25e412893de7862bff86251" role: LEADER last_known_addr { host: "127.0.0.1" port: 34436 } }
I0327 18:03:09.354974 14789 webserver.cc:197] Webserver started. Bound to: http://0.0.0.0:60280/
I0327 18:03:09.355799 17754 ts_tablet_manager.cc:336] Time spent starting tablet 25594f31f8bf4bf09db14baf685637a2: real 0.140s user 0.002s sys 0.001s
I0327 18:03:09.356335 17843 tablet_bootstrap.cc:390] No previous blocks or log segments found for tablet: ef22633da2bc47448fc7fe0c30e93529 creating new one.
I0327 18:03:09.356765 17891 tablet_bootstrap.cc:390] No previous blocks or log segments found for tablet: f0d164809e0e4738abe1f5b3a01cb3e1 creating new one.
I0327 18:03:09.357146 17886 tablet_bootstrap.cc:297] Tablet 374bf80d0ca94879b87514008f4cdd4c: No bootstrap required, opened a new log
I0327 18:03:09.357264 17886 ts_tablet_manager.cc:316] Time spent tablet 374bf80d0ca94879b87514008f4cdd4c bootstrap: real 0.144s user 0.001s sys 0.004s
I0327 18:03:09.357918 17880 tablet_bootstrap.cc:390] No previous blocks or log segments found for tablet: cc6cb96cb5ea4f5f807487a8b74d4dae creating new one.
I0327 18:03:09.360007 17834 tablet_bootstrap.cc:390] No previous blocks or log segments found for tablet: baa29b18b3924ffbb174acfedd920526 creating new one.
I0327 18:03:09.360623 17802 ts_tablet_manager.cc:336] Time spent starting tablet 2f8ec35c2ca3496087e91fd07ffe0225: real 0.043s user 0.002s sys 0.001s
I0327 18:03:09.361136 17760 tablet_bootstrap.cc:390] No previous blocks or log segments found for tablet: 835a2321677a4932815e87e8377651a2 creating new one.
I0327 18:03:09.363452 17765 ts_tablet_manager.cc:336] Time spent starting tablet 69d9e8d8b07b484eb076d10ba43a43c4: real 0.082s user 0.002s sys 0.001s
I0327 18:03:09.363518 17865 tablet_bootstrap.cc:390] No previous blocks or log segments found for tablet: 2c616b44b6ef4030932f828f403ffed0 creating new one.
I0327 18:03:09.363978 17869 ts_tablet_manager.cc:336] Time spent starting tablet afd77a3c23a249559ebf026bb9fb90cc: real 0.041s user 0.001s sys 0.002s
I0327 18:03:09.364210 17863 tablet_bootstrap.cc:297] Tablet 7637e93e0aef401da1fb33cc1c19f0b8: No bootstrap required, opened a new log
I0327 18:03:09.364348 17863 ts_tablet_manager.cc:316] Time spent tablet 7637e93e0aef401da1fb33cc1c19f0b8 bootstrap: real 0.176s user 0.002s sys 0.003s
I0327 18:03:09.364948 17895 tablet_bootstrap.cc:297] Tablet a782e421ca554b68b1135eba58d7b1c6: No bootstrap required, opened a new log
I0327 18:03:09.365063 17895 ts_tablet_manager.cc:316] Time spent tablet a782e421ca554b68b1135eba58d7b1c6 bootstrap: real 0.132s user 0.004s sys 0.001s
I0327 18:03:09.365095 17773 change_config_transaction.cc:131] T 69d9e8d8b07b484eb076d10ba43a43c4 P fbf9fbe2f25e412893de7862bff86251: Configuration changed Changed from: opid_index: -1 local: true peers { permanent_uuid: "fbf9fbe2f25e412893de7862bff86251" role: CANDIDATE last_known_addr { host: "127.0.0.1" port: 34436 } } Changed to: opid_index: 1 local: true peers { permanent_uuid: "fbf9fbe2f25e412893de7862bff86251" role: LEADER last_known_addr { host: "127.0.0.1" port: 34436 } }
I0327 18:03:09.366374 17773 change_config_transaction.cc:131] T 3070b134273544a3930d3ad1138140db P fbf9fbe2f25e412893de7862bff86251: Configuration changed Changed from: opid_index: -1 local: true peers { permanent_uuid: "fbf9fbe2f25e412893de7862bff86251" role: CANDIDATE last_known_addr { host: "127.0.0.1" port: 34436 } } Changed to: opid_index: 1 local: true peers { permanent_uuid: "fbf9fbe2f25e412893de7862bff86251" role: LEADER last_known_addr { host: "127.0.0.1" port: 34436 } }
W0327 18:03:09.367401 17734 heartbeater.cc:352] Failed to heartbeat to 127.0.0.1:54775: Service unavailable: catalog manager has not been initialized
I0327 18:03:09.368670 17885 tablet_bootstrap.cc:390] No previous blocks or log segments found for tablet: 06c2b6f9f13549b8a75b0e96f89b1fcc creating new one.
I0327 18:03:09.369268 17773 change_config_transaction.cc:131] T 6c53b2219b1d4e71bff6902eb2c68d3c P fbf9fbe2f25e412893de7862bff86251: Configuration changed Changed from: opid_index: -1 local: true peers { permanent_uuid: "fbf9fbe2f25e412893de7862bff86251" role: CANDIDATE last_known_addr { host: "127.0.0.1" port: 34436 } } Changed to: opid_index: 1 local: true peers { permanent_uuid: "fbf9fbe2f25e412893de7862bff86251" role: LEADER last_known_addr { host: "127.0.0.1" port: 34436 } }
I0327 18:03:09.369674 17990 tablet_bootstrap.cc:297] Tablet 00000000000000000000000000000000: Bootstrap starting.
I0327 18:03:09.370041 17870 tablet_bootstrap.cc:297] Tablet fbb9df5f3b7944eda6c7608ec208d73d: No bootstrap required, opened a new log
I0327 18:03:09.370172 17870 ts_tablet_manager.cc:316] Time spent tablet fbb9df5f3b7944eda6c7608ec208d73d bootstrap: real 0.166s user 0.004s sys 0.001s
I0327 18:03:09.368861 17858 ts_tablet_manager.cc:336] Time spent starting tablet 6c53b2219b1d4e71bff6902eb2c68d3c: real 0.014s user 0.002s sys 0.001s
I0327 18:03:09.371122 17990 tablet_bootstrap.cc:529] Will attempt to recover log segment: /data1/test-tmp/create-table-stress-test.CreateTableStressTest.RestartMasterDuringCreation.1427504587531994-14789/minicluster-data/master-0-root/wals/00000000000000000000000000000000/wal-000000001 to: /data1/test-tmp/create-table-stress-test.CreateTableStressTest.RestartMasterDuringCreation.1427504587531994-14789/minicluster-data/master-0-root/wals/00000000000000000000000000000000.recovery/wal-000000001
I0327 18:03:09.371202 17990 tablet_bootstrap.cc:539] Moved log directory: /data1/test-tmp/create-table-stress-test.CreateTableStressTest.RestartMasterDuringCreation.1427504587531994-14789/minicluster-data/master-0-root/wals/00000000000000000000000000000000 to recovery directory: /data1/test-tmp/create-table-stress-test.CreateTableStressTest.RestartMasterDuringCreation.1427504587531994-14789/minicluster-data/master-0-root/wals/00000000000000000000000000000000.recovery
I0327 18:03:09.378398 17843 tablet_bootstrap.cc:297] Tablet ef22633da2bc47448fc7fe0c30e93529: No bootstrap required, opened a new log
W0327 18:03:09.378495 17734 heartbeater.cc:352] Failed to heartbeat to 127.0.0.1:54775: Service unavailable: catalog manager has not been initialized
I0327 18:03:09.378528 17843 ts_tablet_manager.cc:316] Time spent tablet ef22633da2bc47448fc7fe0c30e93529 bootstrap: real 0.226s user 0.003s sys 0.003s
I0327 18:03:09.378829 17856 tablet_bootstrap.cc:390] No previous blocks or log segments found for tablet: a14f8e681db84596874bd81e529ceea9 creating new one.
I0327 18:03:09.380123 17773 change_config_transaction.cc:131] T 374bf80d0ca94879b87514008f4cdd4c P fbf9fbe2f25e412893de7862bff86251: Configuration changed Changed from: opid_index: -1 local: true peers { permanent_uuid: "fbf9fbe2f25e412893de7862bff86251" role: CANDIDATE last_known_addr { host: "127.0.0.1" port: 34436 } } Changed to: opid_index: 1 local: true peers { permanent_uuid: "fbf9fbe2f25e412893de7862bff86251" role: LEADER last_known_addr { host: "127.0.0.1" port: 34436 } }
I0327 18:03:09.381230 17783 tablet_bootstrap.cc:390] No previous blocks or log segments found for tablet: 43466b2da8b34d32862ee39ae86cf4d4 creating new one.
I0327 18:03:09.381636 17886 ts_tablet_manager.cc:336] Time spent starting tablet 374bf80d0ca94879b87514008f4cdd4c: real 0.024s user 0.000s sys 0.002s
I0327 18:03:09.381947 17775 tablet_bootstrap.cc:390] No previous blocks or log segments found for tablet: eea2994ccf664e40b95132d4f720fbd7 creating new one.
I0327 18:03:09.382040 17861 tablet_bootstrap.cc:390] No previous blocks or log segments found for tablet: fd69702bd5a1476d97d8e0b3a8e9dd56 creating new one.
I0327 18:03:09.382108 17893 tablet_bootstrap.cc:390] No previous blocks or log segments found for tablet: a3dbdf5c19754b28887a34bcb1b13ca2 creating new one.
I0327 18:03:09.384851 17753 ts_tablet_manager.cc:336] Time spent starting tablet 3070b134273544a3930d3ad1138140db: real 0.069s user 0.000s sys 0.003s
I0327 18:03:09.385551 17766 tablet_bootstrap.cc:390] No previous blocks or log segments found for tablet: 59dbeefce050484893d6a96994313814 creating new one.
I0327 18:03:09.386852 17902 tablet_bootstrap.cc:390] No previous blocks or log segments found for tablet: c4e0a5a782b94600bfa8406896b1afc6 creating new one.
I0327 18:03:09.387398 17906 tablet_bootstrap.cc:390] No previous blocks or log segments found for tablet: 627e56b170704125bf37ec9554440ad2 creating new one.
I0327 18:03:09.391947 17883 tablet_bootstrap.cc:297] Tablet e0e81fad900445dfbb0210f12d57a552: No bootstrap required, opened a new log
I0327 18:03:09.392081 17883 ts_tablet_manager.cc:316] Time spent tablet e0e81fad900445dfbb0210f12d57a552 bootstrap: real 0.182s user 0.002s sys 0.004s
I0327 18:03:09.394073 17834 tablet_bootstrap.cc:297] Tablet baa29b18b3924ffbb174acfedd920526: No bootstrap required, opened a new log
I0327 18:03:09.394202 17834 ts_tablet_manager.cc:316] Time spent tablet baa29b18b3924ffbb174acfedd920526 bootstrap: real 0.292s user 0.003s sys 0.003s
W0327 18:03:09.396493 17734 heartbeater.cc:352] Failed to heartbeat to 127.0.0.1:54775: Service unavailable: catalog manager has not been initialized
I0327 18:03:09.399230 17759 tablet_bootstrap.cc:297] Tablet e90aa3e5ac6043f29db825b5b82df487: No bootstrap required, opened a new log
I0327 18:03:09.399358 17759 ts_tablet_manager.cc:316] Time spent tablet e90aa3e5ac6043f29db825b5b82df487 bootstrap: real 0.191s user 0.003s sys 0.002s
I0327 18:03:09.401510 17783 tablet_bootstrap.cc:297] Tablet 43466b2da8b34d32862ee39ae86cf4d4: No bootstrap required, opened a new log
I0327 18:03:09.401629 17783 ts_tablet_manager.cc:316] Time spent tablet 43466b2da8b34d32862ee39ae86cf4d4 bootstrap: real 0.087s user 0.000s sys 0.004s
I0327 18:03:09.402009 17852 tablet_bootstrap.cc:297] Tablet dae48e97e8e343249d8ef0e214959686: No bootstrap required, opened a new log
I0327 18:03:09.402145 17852 ts_tablet_manager.cc:316] Time spent tablet dae48e97e8e343249d8ef0e214959686 bootstrap: real 0.236s user 0.003s sys 0.002s
I0327 18:03:09.402415 17773 change_config_transaction.cc:131] T 7637e93e0aef401da1fb33cc1c19f0b8 P fbf9fbe2f25e412893de7862bff86251: Configuration changed Changed from: opid_index: -1 local: true peers { permanent_uuid: "fbf9fbe2f25e412893de7862bff86251" role: CANDIDATE last_known_addr { host: "127.0.0.1" port: 34436 } } Changed to: opid_index: 1 local: true peers { permanent_uuid: "fbf9fbe2f25e412893de7862bff86251" role: LEADER last_known_addr { host: "127.0.0.1" port: 34436 } }
I0327 18:03:09.403034 17838 tablet_bootstrap.cc:297] Tablet 22764de28d14431890ab824b910f8641: No bootstrap required, opened a new log
I0327 18:03:09.403158 17838 ts_tablet_manager.cc:316] Time spent tablet 22764de28d14431890ab824b910f8641 bootstrap: real 0.268s user 0.004s sys 0.004s
I0327 18:03:09.405118 17757 tablet_bootstrap.cc:297] Tablet ad3def20ec61421cb1a05a6bf0204e09: No bootstrap required, opened a new log
I0327 18:03:09.405252 17757 ts_tablet_manager.cc:316] Time spent tablet ad3def20ec61421cb1a05a6bf0204e09 bootstrap: real 0.359s user 0.003s sys 0.006s
I0327 18:03:09.406921 17891 tablet_bootstrap.cc:297] Tablet f0d164809e0e4738abe1f5b3a01cb3e1: No bootstrap required, opened a new log
I0327 18:03:09.407130 17891 ts_tablet_manager.cc:316] Time spent tablet f0d164809e0e4738abe1f5b3a01cb3e1 bootstrap: real 0.180s user 0.005s sys 0.001s
I0327 18:03:09.408270 17865 tablet_bootstrap.cc:297] Tablet 2c616b44b6ef4030932f828f403ffed0: No bootstrap required, opened a new log
I0327 18:03:09.408391 17865 ts_tablet_manager.cc:316] Time spent tablet 2c616b44b6ef4030932f828f403ffed0 bootstrap: real 0.247s user 0.005s sys 0.002s
W0327 18:03:09.408807 17734 heartbeater.cc:352] Failed to heartbeat to 127.0.0.1:54775: Service unavailable: catalog manager has not been initialized
I0327 18:03:09.408849 17773 change_config_transaction.cc:131] T a782e421ca554b68b1135eba58d7b1c6 P fbf9fbe2f25e412893de7862bff86251: Configuration changed Changed from: opid_index: -1 local: true peers { permanent_uuid: "fbf9fbe2f25e412893de7862bff86251" role: CANDIDATE last_known_addr { host: "127.0.0.1" port: 34436 } } Changed to: opid_index: 1 local: true peers { permanent_uuid: "fbf9fbe2f25e412893de7862bff86251" role: LEADER last_known_addr { host: "127.0.0.1" port: 34436 } }
I0327 18:03:09.411303 17773 change_config_transaction.cc:131] T 9fbf692f73aa4ea89f213519272064cf P fbf9fbe2f25e412893de7862bff86251: Configuration changed Changed from: opid_index: -1 local: true peers { permanent_uuid: "fbf9fbe2f25e412893de7862bff86251" role: CANDIDATE last_known_addr { host: "127.0.0.1" port: 34436 } } Changed to: opid_index: 1 local: true peers { permanent_uuid: "fbf9fbe2f25e412893de7862bff86251" role: LEADER last_known_addr { host: "127.0.0.1" port: 34436 } }
I0327 18:03:09.415617 17870 ts_tablet_manager.cc:336] Time spent starting tablet fbb9df5f3b7944eda6c7608ec208d73d: real 0.045s user 0.002s sys 0.001s
I0327 18:03:09.415942 17845 tablet_bootstrap.cc:390] No previous blocks or log segments found for tablet: 411b908b8818475fb906ee6e28b01f33 creating new one.
I0327 18:03:09.416257 17773 change_config_transaction.cc:131] T fbb9df5f3b7944eda6c7608ec208d73d P fbf9fbe2f25e412893de7862bff86251: Configuration changed Changed from: opid_index: -1 local: true peers { permanent_uuid: "fbf9fbe2f25e412893de7862bff86251" role: CANDIDATE last_known_addr { host: "127.0.0.1" port: 34436 } } Changed to: opid_index: 1 local: true peers { permanent_uuid: "fbf9fbe2f25e412893de7862bff86251" role: LEADER last_known_addr { host: "127.0.0.1" port: 34436 } }
I0327 18:03:09.416864 17792 ts_tablet_manager.cc:336] Time spent starting tablet 06efafc68c6d4aa1aa488782e545de34: real 0.108s user 0.002s sys 0.001s
I0327 18:03:09.416935 17846 tablet_bootstrap.cc:297] Tablet 97772270037d44d9a0ec1244dce6adc7: No bootstrap required, opened a new log
