I0327 18:03:09.417054 17846 ts_tablet_manager.cc:316] Time spent tablet 97772270037d44d9a0ec1244dce6adc7 bootstrap: real 0.254s user 0.004s sys 0.002s
I0327 18:03:09.417237 17856 tablet_bootstrap.cc:297] Tablet a14f8e681db84596874bd81e529ceea9: No bootstrap required, opened a new log
I0327 18:03:09.417356 17856 ts_tablet_manager.cc:316] Time spent tablet a14f8e681db84596874bd81e529ceea9 bootstrap: real 0.252s user 0.004s sys 0.002s
I0327 18:03:09.418228 17760 tablet_bootstrap.cc:297] Tablet 835a2321677a4932815e87e8377651a2: No bootstrap required, opened a new log
I0327 18:03:09.418340 17760 ts_tablet_manager.cc:316] Time spent tablet 835a2321677a4932815e87e8377651a2 bootstrap: real 0.368s user 0.005s sys 0.003s
I0327 18:03:09.419031 17793 tablet_bootstrap.cc:390] No previous blocks or log segments found for tablet: 361dbe6095fe4e278fb8e7f95289482d creating new one.
I0327 18:03:09.419598 17755 tablet_bootstrap.cc:390] No previous blocks or log segments found for tablet: 21962360549247948c7eca057baa568b creating new one.
I0327 18:03:09.420158 17842 tablet_bootstrap.cc:390] No previous blocks or log segments found for tablet: 5ec7f049a535431d92379a7e85e3a8a6 creating new one.
I0327 18:03:09.421185 18092 change_config_transaction.cc:131] T 06efafc68c6d4aa1aa488782e545de34 P fbf9fbe2f25e412893de7862bff86251: Configuration changed Changed from: opid_index: -1 local: true peers { permanent_uuid: "fbf9fbe2f25e412893de7862bff86251" role: CANDIDATE last_known_addr { host: "127.0.0.1" port: 34436 } } Changed to: opid_index: 1 local: true peers { permanent_uuid: "fbf9fbe2f25e412893de7862bff86251" role: LEADER last_known_addr { host: "127.0.0.1" port: 34436 } }
I0327 18:03:09.421458 17990 tablet_bootstrap.cc:297] Tablet 00000000000000000000000000000000: Bootstrap replayed 1/1 log segments. Stats: ops{read=4 overwritten=0 applied=4} inserts{seen=101 ignored=0} mutations{seen=100 ignored=0} orphaned_commits=0. Pending: 0 replicates
I0327 18:03:09.421542 17990 tablet_bootstrap.cc:928] ReplayState: Previous OpId: 0.4, Committed OpId: 0.4, Pending Replicates: 0, Pending Commits: 0
I0327 18:03:09.424325 17895 ts_tablet_manager.cc:336] Time spent starting tablet a782e421ca554b68b1135eba58d7b1c6: real 0.059s user 0.001s sys 0.001s
I0327 18:03:09.424449 17882 tablet_bootstrap.cc:390] No previous blocks or log segments found for tablet: 440df2a5b4da4f63b9343579e54ab1e5 creating new one.
I0327 18:03:09.424717 17860 ts_tablet_manager.cc:336] Time spent starting tablet 9fbf692f73aa4ea89f213519272064cf: real 0.098s user 0.003s sys 0.000s
W0327 18:03:09.426364 17734 heartbeater.cc:352] Failed to heartbeat to 127.0.0.1:54775: Service unavailable: catalog manager has not been initialized
I0327 18:03:09.430541 17863 ts_tablet_manager.cc:336] Time spent starting tablet 7637e93e0aef401da1fb33cc1c19f0b8: real 0.066s user 0.002s sys 0.002s
I0327 18:03:09.431483 17873 tablet_bootstrap.cc:390] No previous blocks or log segments found for tablet: c4bcde0b2d7a49a6856ec3d4b6e853fb creating new one.
I0327 18:03:09.434125 17990 tablet_bootstrap.cc:557] Renamed old recovery dir from: /data1/test-tmp/create-table-stress-test.CreateTableStressTest.RestartMasterDuringCreation.1427504587531994-14789/minicluster-data/master-0-root/wals/00000000000000000000000000000000.recovery to: /data1/test-tmp/create-table-stress-test.CreateTableStressTest.RestartMasterDuringCreation.1427504587531994-14789/minicluster-data/master-0-root/wals/00000000000000000000000000000000.recovery-1427504589433969
I0327 18:03:09.434386 17990 tablet_bootstrap.cc:565] Removed renamed recovery dir: /data1/test-tmp/create-table-stress-test.CreateTableStressTest.RestartMasterDuringCreation.1427504587531994-14789/minicluster-data/master-0-root/wals/00000000000000000000000000000000.recovery-1427504589433969
I0327 18:03:09.434407 17990 tablet_bootstrap.cc:297] Tablet 00000000000000000000000000000000: Bootstrap complete.
I0327 18:03:09.437711 17773 change_config_transaction.cc:131] T ad3def20ec61421cb1a05a6bf0204e09 P fbf9fbe2f25e412893de7862bff86251: Configuration changed Changed from: opid_index: -1 local: true peers { permanent_uuid: "fbf9fbe2f25e412893de7862bff86251" role: CANDIDATE last_known_addr { host: "127.0.0.1" port: 34436 } } Changed to: opid_index: 1 local: true peers { permanent_uuid: "fbf9fbe2f25e412893de7862bff86251" role: LEADER last_known_addr { host: "127.0.0.1" port: 34436 } }
W0327 18:03:09.437855 17734 heartbeater.cc:352] Failed to heartbeat to 127.0.0.1:54775: Service unavailable: catalog manager has not been initialized
I0327 18:03:09.447834 17766 tablet_bootstrap.cc:297] Tablet 59dbeefce050484893d6a96994313814: No bootstrap required, opened a new log
I0327 18:03:09.447957 17766 ts_tablet_manager.cc:316] Time spent tablet 59dbeefce050484893d6a96994313814 bootstrap: real 0.140s user 0.002s sys 0.003s
I0327 18:03:09.448060 17885 tablet_bootstrap.cc:297] Tablet 06c2b6f9f13549b8a75b0e96f89b1fcc: No bootstrap required, opened a new log
I0327 18:03:09.448163 17885 ts_tablet_manager.cc:316] Time spent tablet 06c2b6f9f13549b8a75b0e96f89b1fcc bootstrap: real 0.236s user 0.000s sys 0.006s
I0327 18:03:09.448477 17783 ts_tablet_manager.cc:336] Time spent starting tablet 43466b2da8b34d32862ee39ae86cf4d4: real 0.047s user 0.000s sys 0.003s
I0327 18:03:09.448577 18092 change_config_transaction.cc:131] T ef22633da2bc47448fc7fe0c30e93529 P fbf9fbe2f25e412893de7862bff86251: Configuration changed Changed from: opid_index: -1 local: true peers { permanent_uuid: "fbf9fbe2f25e412893de7862bff86251" role: CANDIDATE last_known_addr { host: "127.0.0.1" port: 34436 } } Changed to: opid_index: 1 local: true peers { permanent_uuid: "fbf9fbe2f25e412893de7862bff86251" role: LEADER last_known_addr { host: "127.0.0.1" port: 34436 } }
I0327 18:03:09.449697 17867 tablet_bootstrap.cc:297] Tablet d0f78a3527624d38a2cc388b9b513cb7: No bootstrap required, opened a new log
I0327 18:03:09.449826 17867 ts_tablet_manager.cc:316] Time spent tablet d0f78a3527624d38a2cc388b9b513cb7 bootstrap: real 0.254s user 0.002s sys 0.004s
I0327 18:03:09.451050 17773 change_config_transaction.cc:131] T 43466b2da8b34d32862ee39ae86cf4d4 P fbf9fbe2f25e412893de7862bff86251: Configuration changed Changed from: opid_index: -1 local: true peers { permanent_uuid: "fbf9fbe2f25e412893de7862bff86251" role: CANDIDATE last_known_addr { host: "127.0.0.1" port: 34436 } } Changed to: opid_index: 1 local: true peers { permanent_uuid: "fbf9fbe2f25e412893de7862bff86251" role: LEADER last_known_addr { host: "127.0.0.1" port: 34436 } }
I0327 18:03:09.452853 17838 ts_tablet_manager.cc:336] Time spent starting tablet 22764de28d14431890ab824b910f8641: real 0.050s user 0.002s sys 0.000s
I0327 18:03:09.453021 17882 tablet_bootstrap.cc:297] Tablet 440df2a5b4da4f63b9343579e54ab1e5: No bootstrap required, opened a new log
I0327 18:03:09.453135 17882 ts_tablet_manager.cc:316] Time spent tablet 440df2a5b4da4f63b9343579e54ab1e5 bootstrap: real 0.241s user 0.003s sys 0.003s
W0327 18:03:09.453635 17734 heartbeater.cc:352] Failed to heartbeat to 127.0.0.1:54775: Service unavailable: catalog manager has not been initialized
I0327 18:03:09.455214 18092 change_config_transaction.cc:131] T e90aa3e5ac6043f29db825b5b82df487 P fbf9fbe2f25e412893de7862bff86251: Configuration changed Changed from: opid_index: -1 local: true peers { permanent_uuid: "fbf9fbe2f25e412893de7862bff86251" role: CANDIDATE last_known_addr { host: "127.0.0.1" port: 34436 } } Changed to: opid_index: 1 local: true peers { permanent_uuid: "fbf9fbe2f25e412893de7862bff86251" role: LEADER last_known_addr { host: "127.0.0.1" port: 34436 } }
I0327 18:03:09.455636 17834 ts_tablet_manager.cc:336] Time spent starting tablet baa29b18b3924ffbb174acfedd920526: real 0.061s user 0.003s sys 0.000s
I0327 18:03:09.455981 17893 tablet_bootstrap.cc:297] Tablet a3dbdf5c19754b28887a34bcb1b13ca2: No bootstrap required, opened a new log
I0327 18:03:09.456099 17893 ts_tablet_manager.cc:316] Time spent tablet a3dbdf5c19754b28887a34bcb1b13ca2 bootstrap: real 0.221s user 0.004s sys 0.001s
I0327 18:03:09.456167 17861 tablet_bootstrap.cc:297] Tablet fd69702bd5a1476d97d8e0b3a8e9dd56: No bootstrap required, opened a new log
I0327 18:03:09.456295 17861 ts_tablet_manager.cc:316] Time spent tablet fd69702bd5a1476d97d8e0b3a8e9dd56 bootstrap: real 0.268s user 0.003s sys 0.003s
I0327 18:03:09.459528 17755 tablet_bootstrap.cc:297] Tablet 21962360549247948c7eca057baa568b: No bootstrap required, opened a new log
I0327 18:03:09.459652 17755 ts_tablet_manager.cc:316] Time spent tablet 21962360549247948c7eca057baa568b bootstrap: real 0.166s user 0.002s sys 0.002s
I0327 18:03:09.460945 17842 tablet_bootstrap.cc:297] Tablet 5ec7f049a535431d92379a7e85e3a8a6: No bootstrap required, opened a new log
I0327 18:03:09.461060 17842 ts_tablet_manager.cc:316] Time spent tablet 5ec7f049a535431d92379a7e85e3a8a6 bootstrap: real 0.326s user 0.005s sys 0.001s
I0327 18:03:09.461458 17757 ts_tablet_manager.cc:336] Time spent starting tablet ad3def20ec61421cb1a05a6bf0204e09: real 0.056s user 0.001s sys 0.001s
I0327 18:03:09.461622 17793 tablet_bootstrap.cc:297] Tablet 361dbe6095fe4e278fb8e7f95289482d: No bootstrap required, opened a new log
I0327 18:03:09.461742 17793 ts_tablet_manager.cc:316] Time spent tablet 361dbe6095fe4e278fb8e7f95289482d bootstrap: real 0.183s user 0.002s sys 0.002s
I0327 18:03:09.461875 17773 change_config_transaction.cc:131] T 22764de28d14431890ab824b910f8641 P fbf9fbe2f25e412893de7862bff86251: Configuration changed Changed from: opid_index: -1 local: true peers { permanent_uuid: "fbf9fbe2f25e412893de7862bff86251" role: CANDIDATE last_known_addr { host: "127.0.0.1" port: 34436 } } Changed to: opid_index: 1 local: true peers { permanent_uuid: "fbf9fbe2f25e412893de7862bff86251" role: LEADER last_known_addr { host: "127.0.0.1" port: 34436 } }
I0327 18:03:09.463428 17843 ts_tablet_manager.cc:336] Time spent starting tablet ef22633da2bc47448fc7fe0c30e93529: real 0.085s user 0.003s sys 0.000s
I0327 18:03:09.463491 17759 ts_tablet_manager.cc:336] Time spent starting tablet e90aa3e5ac6043f29db825b5b82df487: real 0.064s user 0.002s sys 0.000s
I0327 18:03:09.464179 17846 ts_tablet_manager.cc:336] Time spent starting tablet 97772270037d44d9a0ec1244dce6adc7: real 0.047s user 0.002s sys 0.000s
I0327 18:03:09.464189 17775 tablet_bootstrap.cc:297] Tablet eea2994ccf664e40b95132d4f720fbd7: No bootstrap required, opened a new log
I0327 18:03:09.464329 17775 ts_tablet_manager.cc:316] Time spent tablet eea2994ccf664e40b95132d4f720fbd7 bootstrap: real 0.198s user 0.002s sys 0.002s
I0327 18:03:09.467140 17880 tablet_bootstrap.cc:297] Tablet cc6cb96cb5ea4f5f807487a8b74d4dae: No bootstrap required, opened a new log
I0327 18:03:09.467268 17880 ts_tablet_manager.cc:316] Time spent tablet cc6cb96cb5ea4f5f807487a8b74d4dae bootstrap: real 0.259s user 0.005s sys 0.001s
I0327 18:03:09.467748 18092 change_config_transaction.cc:131] T baa29b18b3924ffbb174acfedd920526 P fbf9fbe2f25e412893de7862bff86251: Configuration changed Changed from: opid_index: -1 local: true peers { permanent_uuid: "fbf9fbe2f25e412893de7862bff86251" role: CANDIDATE last_known_addr { host: "127.0.0.1" port: 34436 } } Changed to: opid_index: 1 local: true peers { permanent_uuid: "fbf9fbe2f25e412893de7862bff86251" role: LEADER last_known_addr { host: "127.0.0.1" port: 34436 } }
W0327 18:03:09.468747 17734 heartbeater.cc:352] Failed to heartbeat to 127.0.0.1:54775: Service unavailable: catalog manager has not been initialized
I0327 18:03:09.468952 17873 tablet_bootstrap.cc:297] Tablet c4bcde0b2d7a49a6856ec3d4b6e853fb: No bootstrap required, opened a new log
I0327 18:03:09.469079 17873 ts_tablet_manager.cc:316] Time spent tablet c4bcde0b2d7a49a6856ec3d4b6e853fb bootstrap: real 0.259s user 0.003s sys 0.002s
I0327 18:03:09.477632 17773 change_config_transaction.cc:131] T 97772270037d44d9a0ec1244dce6adc7 P fbf9fbe2f25e412893de7862bff86251: Configuration changed Changed from: opid_index: -1 local: true peers { permanent_uuid: "fbf9fbe2f25e412893de7862bff86251" role: CANDIDATE last_known_addr { host: "127.0.0.1" port: 34436 } } Changed to: opid_index: 1 local: true peers { permanent_uuid: "fbf9fbe2f25e412893de7862bff86251" role: LEADER last_known_addr { host: "127.0.0.1" port: 34436 } }
I0327 18:03:09.479643 17902 tablet_bootstrap.cc:297] Tablet c4e0a5a782b94600bfa8406896b1afc6: No bootstrap required, opened a new log
I0327 18:03:09.479780 17902 ts_tablet_manager.cc:316] Time spent tablet c4e0a5a782b94600bfa8406896b1afc6 bootstrap: real 0.242s user 0.003s sys 0.003s
I0327 18:03:09.480691 17883 ts_tablet_manager.cc:336] Time spent starting tablet e0e81fad900445dfbb0210f12d57a552: real 0.089s user 0.000s sys 0.002s
W0327 18:03:09.480701 17734 heartbeater.cc:352] Failed to heartbeat to 127.0.0.1:54775: Service unavailable: catalog manager has not been initialized
I0327 18:03:09.480798 17865 ts_tablet_manager.cc:336] Time spent starting tablet 2c616b44b6ef4030932f828f403ffed0: real 0.072s user 0.002s sys 0.000s
I0327 18:03:09.480877 17891 ts_tablet_manager.cc:336] Time spent starting tablet f0d164809e0e4738abe1f5b3a01cb3e1: real 0.074s user 0.002s sys 0.001s
I0327 18:03:09.486562 17852 ts_tablet_manager.cc:336] Time spent starting tablet dae48e97e8e343249d8ef0e214959686: real 0.084s user 0.003s sys 0.000s
I0327 18:03:09.487115 17888 tablet_bootstrap.cc:297] Tablet 7da93570cdfa4b389b1e8c39a6b5d30b: No bootstrap required, opened a new log
I0327 18:03:09.487242 17888 ts_tablet_manager.cc:316] Time spent tablet 7da93570cdfa4b389b1e8c39a6b5d30b bootstrap: real 0.274s user 0.003s sys 0.003s
I0327 18:03:09.488595 17906 tablet_bootstrap.cc:297] Tablet 627e56b170704125bf37ec9554440ad2: No bootstrap required, opened a new log
I0327 18:03:09.488725 17845 tablet_bootstrap.cc:297] Tablet 411b908b8818475fb906ee6e28b01f33: No bootstrap required, opened a new log
I0327 18:03:09.488862 17845 ts_tablet_manager.cc:316] Time spent tablet 411b908b8818475fb906ee6e28b01f33 bootstrap: real 0.336s user 0.003s sys 0.003s
I0327 18:03:09.488709 17906 ts_tablet_manager.cc:316] Time spent tablet 627e56b170704125bf37ec9554440ad2 bootstrap: real 0.249s user 0.003s sys 0.003s
I0327 18:03:09.490061 18092 change_config_transaction.cc:131] T e0e81fad900445dfbb0210f12d57a552 P fbf9fbe2f25e412893de7862bff86251: Configuration changed Changed from: opid_index: -1 local: true peers { permanent_uuid: "fbf9fbe2f25e412893de7862bff86251" role: CANDIDATE last_known_addr { host: "127.0.0.1" port: 34436 } } Changed to: opid_index: 1 local: true peers { permanent_uuid: "fbf9fbe2f25e412893de7862bff86251" role: LEADER last_known_addr { host: "127.0.0.1" port: 34436 } }
I0327 18:03:09.491472 17773 change_config_transaction.cc:131] T f0d164809e0e4738abe1f5b3a01cb3e1 P fbf9fbe2f25e412893de7862bff86251: Configuration changed Changed from: opid_index: -1 local: true peers { permanent_uuid: "fbf9fbe2f25e412893de7862bff86251" role: CANDIDATE last_known_addr { host: "127.0.0.1" port: 34436 } } Changed to: opid_index: 1 local: true peers { permanent_uuid: "fbf9fbe2f25e412893de7862bff86251" role: LEADER last_known_addr { host: "127.0.0.1" port: 34436 } }
I0327 18:03:09.493561 17867 ts_tablet_manager.cc:336] Time spent starting tablet d0f78a3527624d38a2cc388b9b513cb7: real 0.044s user 0.001s sys 0.001s
W0327 18:03:09.494457 17734 heartbeater.cc:352] Failed to heartbeat to 127.0.0.1:54775: Service unavailable: catalog manager has not been initialized
I0327 18:03:09.496209 17856 ts_tablet_manager.cc:336] Time spent starting tablet a14f8e681db84596874bd81e529ceea9: real 0.079s user 0.003s sys 0.000s
I0327 18:03:09.496863 18092 change_config_transaction.cc:131] T dae48e97e8e343249d8ef0e214959686 P fbf9fbe2f25e412893de7862bff86251: Configuration changed Changed from: opid_index: -1 local: true peers { permanent_uuid: "fbf9fbe2f25e412893de7862bff86251" role: CANDIDATE last_known_addr { host: "127.0.0.1" port: 34436 } } Changed to: opid_index: 1 local: true peers { permanent_uuid: "fbf9fbe2f25e412893de7862bff86251" role: LEADER last_known_addr { host: "127.0.0.1" port: 34436 } }
I0327 18:03:09.496912 17755 ts_tablet_manager.cc:336] Time spent starting tablet 21962360549247948c7eca057baa568b: real 0.037s user 0.000s sys 0.002s
I0327 18:03:09.497225 17773 change_config_transaction.cc:131] T 2c616b44b6ef4030932f828f403ffed0 P fbf9fbe2f25e412893de7862bff86251: Configuration changed Changed from: opid_index: -1 local: true peers { permanent_uuid: "fbf9fbe2f25e412893de7862bff86251" role: CANDIDATE last_known_addr { host: "127.0.0.1" port: 34436 } } Changed to: opid_index: 1 local: true peers { permanent_uuid: "fbf9fbe2f25e412893de7862bff86251" role: LEADER last_known_addr { host: "127.0.0.1" port: 34436 } }
I0327 18:03:09.497951 17861 ts_tablet_manager.cc:336] Time spent starting tablet fd69702bd5a1476d97d8e0b3a8e9dd56: real 0.042s user 0.001s sys 0.001s
I0327 18:03:09.498144 18171 change_config_transaction.cc:131] T 00000000000000000000000000000000 P ae1d040c7ce5468796f99816e0b439ae: Configuration changed Changed from: opid_index: 1 local: true peers { permanent_uuid: "ae1d040c7ce5468796f99816e0b439ae" role: LEADER } Changed to: opid_index: 5 local: true peers { permanent_uuid: "ae1d040c7ce5468796f99816e0b439ae" role: LEADER }
I0327 18:03:09.499076 17842 ts_tablet_manager.cc:336] Time spent starting tablet 5ec7f049a535431d92379a7e85e3a8a6: real 0.038s user 0.002s sys 0.001s
I0327 18:03:09.499361 17990 sys_catalog.cc:268] T 00000000000000000000000000000000 P ae1d040c7ce5468796f99816e0b439ae [sys.catalog]: configured and running, proceeding with master startup.
I0327 18:03:09.499418 18171 sys_catalog.cc:201] T 00000000000000000000000000000000 P ae1d040c7ce5468796f99816e0b439ae [sys.catalog]: SysCatalogTable state changed. New quorum config:opid_index: 5 local: true peers { permanent_uuid: "ae1d040c7ce5468796f99816e0b439ae" role: LEADER }
I0327 18:03:09.499498 18171 sys_catalog.cc:204] T 00000000000000000000000000000000 P ae1d040c7ce5468796f99816e0b439ae [sys.catalog]: This master's current role is: LEADER, previous role was: FOLLOWER
I0327 18:03:09.500133 17885 ts_tablet_manager.cc:336] Time spent starting tablet 06c2b6f9f13549b8a75b0e96f89b1fcc: real 0.052s user 0.002s sys 0.000s
I0327 18:03:09.501072 17893 ts_tablet_manager.cc:336] Time spent starting tablet a3dbdf5c19754b28887a34bcb1b13ca2: real 0.045s user 0.001s sys 0.002s
I0327 18:03:09.501176 17882 ts_tablet_manager.cc:336] Time spent starting tablet 440df2a5b4da4f63b9343579e54ab1e5: real 0.048s user 0.000s sys 0.002s
I0327 18:03:09.501266 17760 ts_tablet_manager.cc:336] Time spent starting tablet 835a2321677a4932815e87e8377651a2: real 0.083s user 0.001s sys 0.001s
I0327 18:03:09.501610 17793 ts_tablet_manager.cc:336] Time spent starting tablet 361dbe6095fe4e278fb8e7f95289482d: real 0.040s user 0.002s sys 0.000s
I0327 18:03:09.501924 18092 change_config_transaction.cc:131] T d0f78a3527624d38a2cc388b9b513cb7 P fbf9fbe2f25e412893de7862bff86251: Configuration changed Changed from: opid_index: -1 local: true peers { permanent_uuid: "fbf9fbe2f25e412893de7862bff86251" role: CANDIDATE last_known_addr { host: "127.0.0.1" port: 34436 } } Changed to: opid_index: 1 local: true peers { permanent_uuid: "fbf9fbe2f25e412893de7862bff86251" role: LEADER last_known_addr { host: "127.0.0.1" port: 34436 } }
I0327 18:03:09.501956 17773 change_config_transaction.cc:131] T a14f8e681db84596874bd81e529ceea9 P fbf9fbe2f25e412893de7862bff86251: Configuration changed Changed from: opid_index: -1 local: true peers { permanent_uuid: "fbf9fbe2f25e412893de7862bff86251" role: CANDIDATE last_known_addr { host: "127.0.0.1" port: 34436 } } Changed to: opid_index: 1 local: true peers { permanent_uuid: "fbf9fbe2f25e412893de7862bff86251" role: LEADER last_known_addr { host: "127.0.0.1" port: 34436 } }
I0327 18:03:09.502540 18092 change_config_transaction.cc:131] T 21962360549247948c7eca057baa568b P fbf9fbe2f25e412893de7862bff86251: Configuration changed Changed from: opid_index: -1 local: true peers { permanent_uuid: "fbf9fbe2f25e412893de7862bff86251" role: CANDIDATE last_known_addr { host: "127.0.0.1" port: 34436 } } Changed to: opid_index: 1 local: true peers { permanent_uuid: "fbf9fbe2f25e412893de7862bff86251" role: LEADER last_known_addr { host: "127.0.0.1" port: 34436 } }
I0327 18:03:09.503304 17773 change_config_transaction.cc:131] T fd69702bd5a1476d97d8e0b3a8e9dd56 P fbf9fbe2f25e412893de7862bff86251: Configuration changed Changed from: opid_index: -1 local: true peers { permanent_uuid: "fbf9fbe2f25e412893de7862bff86251" role: CANDIDATE last_known_addr { host: "127.0.0.1" port: 34436 } } Changed to: opid_index: 1 local: true peers { permanent_uuid: "fbf9fbe2f25e412893de7862bff86251" role: LEADER last_known_addr { host: "127.0.0.1" port: 34436 } }
I0327 18:03:09.503872 17880 ts_tablet_manager.cc:336] Time spent starting tablet cc6cb96cb5ea4f5f807487a8b74d4dae: real 0.037s user 0.002s sys 0.000s
I0327 18:03:09.504271 17775 ts_tablet_manager.cc:336] Time spent starting tablet eea2994ccf664e40b95132d4f720fbd7: real 0.040s user 0.000s sys 0.002s
I0327 18:03:09.505522 17766 ts_tablet_manager.cc:336] Time spent starting tablet 59dbeefce050484893d6a96994313814: real 0.058s user 0.000s sys 0.003s
I0327 18:03:09.505604 17873 ts_tablet_manager.cc:336] Time spent starting tablet c4bcde0b2d7a49a6856ec3d4b6e853fb: real 0.036s user 0.002s sys 0.000s
W0327 18:03:09.507195 17734 heartbeater.cc:352] Failed to heartbeat to 127.0.0.1:54775: Service unavailable: catalog manager has not been initialized
I0327 18:03:09.507354 18092 change_config_transaction.cc:131] T 440df2a5b4da4f63b9343579e54ab1e5 P fbf9fbe2f25e412893de7862bff86251: Configuration changed Changed from: opid_index: -1 local: true peers { permanent_uuid: "fbf9fbe2f25e412893de7862bff86251" role: CANDIDATE last_known_addr { host: "127.0.0.1" port: 34436 } } Changed to: opid_index: 1 local: true peers { permanent_uuid: "fbf9fbe2f25e412893de7862bff86251" role: LEADER last_known_addr { host: "127.0.0.1" port: 34436 } }
I0327 18:03:09.507872 17902 ts_tablet_manager.cc:336] Time spent starting tablet c4e0a5a782b94600bfa8406896b1afc6: real 0.028s user 0.001s sys 0.001s
I0327 18:03:09.507983 17773 change_config_transaction.cc:131] T 06c2b6f9f13549b8a75b0e96f89b1fcc P fbf9fbe2f25e412893de7862bff86251: Configuration changed Changed from: opid_index: -1 local: true peers { permanent_uuid: "fbf9fbe2f25e412893de7862bff86251" role: CANDIDATE last_known_addr { host: "127.0.0.1" port: 34436 } } Changed to: opid_index: 1 local: true peers { permanent_uuid: "fbf9fbe2f25e412893de7862bff86251" role: LEADER last_known_addr { host: "127.0.0.1" port: 34436 } }
I0327 18:03:09.508097 17773 change_config_transaction.cc:131] T a3dbdf5c19754b28887a34bcb1b13ca2 P fbf9fbe2f25e412893de7862bff86251: Configuration changed Changed from: opid_index: -1 local: true peers { permanent_uuid: "fbf9fbe2f25e412893de7862bff86251" role: CANDIDATE last_known_addr { host: "127.0.0.1" port: 34436 } } Changed to: opid_index: 1 local: true peers { permanent_uuid: "fbf9fbe2f25e412893de7862bff86251" role: LEADER last_known_addr { host: "127.0.0.1" port: 34436 } }
I0327 18:03:09.508550 18224 catalog_manager.cc:397] Loading tables and tablets metadata into memory...
I0327 18:03:09.508740 17888 ts_tablet_manager.cc:336] Time spent starting tablet 7da93570cdfa4b389b1e8c39a6b5d30b: real 0.021s user 0.002s sys 0.000s
I0327 18:03:09.510278 17773 change_config_transaction.cc:131] T cc6cb96cb5ea4f5f807487a8b74d4dae P fbf9fbe2f25e412893de7862bff86251: Configuration changed Changed from: opid_index: -1 local: true peers { permanent_uuid: "fbf9fbe2f25e412893de7862bff86251" role: CANDIDATE last_known_addr { host: "127.0.0.1" port: 34436 } } Changed to: opid_index: 1 local: true peers { permanent_uuid: "fbf9fbe2f25e412893de7862bff86251" role: LEADER last_known_addr { host: "127.0.0.1" port: 34436 } }
I0327 18:03:09.510980 18092 change_config_transaction.cc:131] T 361dbe6095fe4e278fb8e7f95289482d P fbf9fbe2f25e412893de7862bff86251: Configuration changed Changed from: opid_index: -1 local: true peers { permanent_uuid: "fbf9fbe2f25e412893de7862bff86251" role: CANDIDATE last_known_addr { host: "127.0.0.1" port: 34436 } } Changed to: opid_index: 1 local: true peers { permanent_uuid: "fbf9fbe2f25e412893de7862bff86251" role: LEADER last_known_addr { host: "127.0.0.1" port: 34436 } }
W0327 18:03:09.511428 18244 compilation_manager.cc:64] Failed compilation of row projector from base schema Schema [ 10:entry_type[uint8 NOT NULL], 11:entry_id[string NOT NULL], 12:metadata[string NOT NULL] ] to projection schema Schema [ 10:entry_type[uint8 NOT NULL], 11:entry_id[string NOT NULL], 12:metadata[string NOT NULL] ]: Not implemented: Code generation has been disabled at compile time.
I0327 18:03:09.514300 17773 change_config_transaction.cc:131] T 835a2321677a4932815e87e8377651a2 P fbf9fbe2f25e412893de7862bff86251: Configuration changed Changed from: opid_index: -1 local: true peers { permanent_uuid: "fbf9fbe2f25e412893de7862bff86251" role: CANDIDATE last_known_addr { host: "127.0.0.1" port: 34436 } } Changed to: opid_index: 1 local: true peers { permanent_uuid: "fbf9fbe2f25e412893de7862bff86251" role: LEADER last_known_addr { host: "127.0.0.1" port: 34436 } }
I0327 18:03:09.515414 18092 change_config_transaction.cc:131] T 5ec7f049a535431d92379a7e85e3a8a6 P fbf9fbe2f25e412893de7862bff86251: Configuration changed Changed from: opid_index: -1 local: true peers { permanent_uuid: "fbf9fbe2f25e412893de7862bff86251" role: CANDIDATE last_known_addr { host: "127.0.0.1" port: 34436 } } Changed to: opid_index: 1 local: true peers { permanent_uuid: "fbf9fbe2f25e412893de7862bff86251" role: LEADER last_known_addr { host: "127.0.0.1" port: 34436 } }
I0327 18:03:09.516280 17906 ts_tablet_manager.cc:336] Time spent starting tablet 627e56b170704125bf37ec9554440ad2: real 0.027s user 0.002s sys 0.000s
I0327 18:03:09.516297 17773 change_config_transaction.cc:131] T c4bcde0b2d7a49a6856ec3d4b6e853fb P fbf9fbe2f25e412893de7862bff86251: Configuration changed Changed from: opid_index: -1 local: true peers { permanent_uuid: "fbf9fbe2f25e412893de7862bff86251" role: CANDIDATE last_known_addr { host: "127.0.0.1" port: 34436 } } Changed to: opid_index: 1 local: true peers { permanent_uuid: "fbf9fbe2f25e412893de7862bff86251" role: LEADER last_known_addr { host: "127.0.0.1" port: 34436 } }
I0327 18:03:09.517069 17845 ts_tablet_manager.cc:336] Time spent starting tablet 411b908b8818475fb906ee6e28b01f33: real 0.028s user 0.001s sys 0.001s
I0327 18:03:09.517282 18092 change_config_transaction.cc:131] T c4e0a5a782b94600bfa8406896b1afc6 P fbf9fbe2f25e412893de7862bff86251: Configuration changed Changed from: opid_index: -1 local: true peers { permanent_uuid: "fbf9fbe2f25e412893de7862bff86251" role: CANDIDATE last_known_addr { host: "127.0.0.1" port: 34436 } } Changed to: opid_index: 1 local: true peers { permanent_uuid: "fbf9fbe2f25e412893de7862bff86251" role: LEADER last_known_addr { host: "127.0.0.1" port: 34436 } }
I0327 18:03:09.517590 17773 change_config_transaction.cc:131] T 7da93570cdfa4b389b1e8c39a6b5d30b P fbf9fbe2f25e412893de7862bff86251: Configuration changed Changed from: opid_index: -1 local: true peers { permanent_uuid: "fbf9fbe2f25e412893de7862bff86251" role: CANDIDATE last_known_addr { host: "127.0.0.1" port: 34436 } } Changed to: opid_index: 1 local: true peers { permanent_uuid: "fbf9fbe2f25e412893de7862bff86251" role: LEADER last_known_addr { host: "127.0.0.1" port: 34436 } }
I0327 18:03:09.518180 18092 change_config_transaction.cc:131] T 627e56b170704125bf37ec9554440ad2 P fbf9fbe2f25e412893de7862bff86251: Configuration changed Changed from: opid_index: -1 local: true peers { permanent_uuid: "fbf9fbe2f25e412893de7862bff86251" role: CANDIDATE last_known_addr { host: "127.0.0.1" port: 34436 } } Changed to: opid_index: 1 local: true peers { permanent_uuid: "fbf9fbe2f25e412893de7862bff86251" role: LEADER last_known_addr { host: "127.0.0.1" port: 34436 } }
W0327 18:03:09.520277 17734 heartbeater.cc:352] Failed to heartbeat to 127.0.0.1:54775: Service unavailable: catalog manager has not been initialized
I0327 18:03:09.520306 18224 catalog_manager.cc:121] Loaded metadata for table [id=f33dbbd69f5342a0b20aadc7f23dae40]
I0327 18:03:09.521476 18224 catalog_manager.cc:182] Loaded metadata for tablet 014472ce303243d08735a9ecff26959c (table test_table [id=f33dbbd69f5342a0b20aadc7f23dae40])
I0327 18:03:09.521555 18224 catalog_manager.cc:182] Loaded metadata for tablet 04256824a49a475b9405ace33dc8a702 (table test_table [id=f33dbbd69f5342a0b20aadc7f23dae40])
I0327 18:03:09.521625 18224 catalog_manager.cc:182] Loaded metadata for tablet 06c2b6f9f13549b8a75b0e96f89b1fcc (table test_table [id=f33dbbd69f5342a0b20aadc7f23dae40])
I0327 18:03:09.521700 18224 catalog_manager.cc:182] Loaded metadata for tablet 06efafc68c6d4aa1aa488782e545de34 (table test_table [id=f33dbbd69f5342a0b20aadc7f23dae40])
I0327 18:03:09.521770 18224 catalog_manager.cc:182] Loaded metadata for tablet 0b158ca5d7b34c9f8e987ad5a4839350 (table test_table [id=f33dbbd69f5342a0b20aadc7f23dae40])
I0327 18:03:09.521847 18224 catalog_manager.cc:182] Loaded metadata for tablet 17b97cbf531b4154b6c5a5819c7064af (table test_table [id=f33dbbd69f5342a0b20aadc7f23dae40])
I0327 18:03:09.521932 18224 catalog_manager.cc:182] Loaded metadata for tablet 17c8ef35cdb74cdb977e8dbde9ea600e (table test_table [id=f33dbbd69f5342a0b20aadc7f23dae40])
I0327 18:03:09.522006 18224 catalog_manager.cc:182] Loaded metadata for tablet 1b7500a196d84fb891bb9706eaa3686a (table test_table [id=f33dbbd69f5342a0b20aadc7f23dae40])
I0327 18:03:09.522075 18224 catalog_manager.cc:182] Loaded metadata for tablet 21962360549247948c7eca057baa568b (table test_table [id=f33dbbd69f5342a0b20aadc7f23dae40])
I0327 18:03:09.522145 18224 catalog_manager.cc:182] Loaded metadata for tablet 22764de28d14431890ab824b910f8641 (table test_table [id=f33dbbd69f5342a0b20aadc7f23dae40])
I0327 18:03:09.522217 18224 catalog_manager.cc:182] Loaded metadata for tablet 2364fbc699a6462489be6b956f390e8b (table test_table [id=f33dbbd69f5342a0b20aadc7f23dae40])
I0327 18:03:09.522291 18224 catalog_manager.cc:182] Loaded metadata for tablet 23a03fe7da0b42f7a7f0318a18fb70bb (table test_table [id=f33dbbd69f5342a0b20aadc7f23dae40])
I0327 18:03:09.522362 18224 catalog_manager.cc:182] Loaded metadata for tablet 25594f31f8bf4bf09db14baf685637a2 (table test_table [id=f33dbbd69f5342a0b20aadc7f23dae40])
I0327 18:03:09.522433 18224 catalog_manager.cc:182] Loaded metadata for tablet 25896c4cb47f4a189fa4967bf09a15a3 (table test_table [id=f33dbbd69f5342a0b20aadc7f23dae40])
I0327 18:03:09.522505 18224 catalog_manager.cc:182] Loaded metadata for tablet 29b145b70c294beb8d3d115a931ccdb6 (table test_table [id=f33dbbd69f5342a0b20aadc7f23dae40])
I0327 18:03:09.522583 18224 catalog_manager.cc:182] Loaded metadata for tablet 2c616b44b6ef4030932f828f403ffed0 (table test_table [id=f33dbbd69f5342a0b20aadc7f23dae40])
I0327 18:03:09.522653 18224 catalog_manager.cc:182] Loaded metadata for tablet 2f8ec35c2ca3496087e91fd07ffe0225 (table test_table [id=f33dbbd69f5342a0b20aadc7f23dae40])
I0327 18:03:09.522729 18224 catalog_manager.cc:182] Loaded metadata for tablet 3070b134273544a3930d3ad1138140db (table test_table [id=f33dbbd69f5342a0b20aadc7f23dae40])
I0327 18:03:09.522804 18224 catalog_manager.cc:182] Loaded metadata for tablet 361dbe6095fe4e278fb8e7f95289482d (table test_table [id=f33dbbd69f5342a0b20aadc7f23dae40])
I0327 18:03:09.522883 18224 catalog_manager.cc:182] Loaded metadata for tablet 36a94e3b725044f0b1e8e14fb31fe714 (table test_table [id=f33dbbd69f5342a0b20aadc7f23dae40])
I0327 18:03:09.522970 18224 catalog_manager.cc:182] Loaded metadata for tablet 374bf80d0ca94879b87514008f4cdd4c (table test_table [id=f33dbbd69f5342a0b20aadc7f23dae40])
I0327 18:03:09.523043 18224 catalog_manager.cc:182] Loaded metadata for tablet 38afb5c695c44892bf1306da0196a554 (table test_table [id=f33dbbd69f5342a0b20aadc7f23dae40])
I0327 18:03:09.523115 18224 catalog_manager.cc:182] Loaded metadata for tablet 38c73bfa90ee4435abeb1bd4986ee126 (table test_table [id=f33dbbd69f5342a0b20aadc7f23dae40])
I0327 18:03:09.523197 18224 catalog_manager.cc:182] Loaded metadata for tablet 4029d24db8544bc99f6b9bc9bc1eed43 (table test_table [id=f33dbbd69f5342a0b20aadc7f23dae40])
I0327 18:03:09.523270 18224 catalog_manager.cc:182] Loaded metadata for tablet 411b908b8818475fb906ee6e28b01f33 (table test_table [id=f33dbbd69f5342a0b20aadc7f23dae40])
I0327 18:03:09.523344 18224 catalog_manager.cc:182] Loaded metadata for tablet 43466b2da8b34d32862ee39ae86cf4d4 (table test_table [id=f33dbbd69f5342a0b20aadc7f23dae40])
I0327 18:03:09.523421 18224 catalog_manager.cc:182] Loaded metadata for tablet 440df2a5b4da4f63b9343579e54ab1e5 (table test_table [id=f33dbbd69f5342a0b20aadc7f23dae40])
I0327 18:03:09.523491 18224 catalog_manager.cc:182] Loaded metadata for tablet 4aa0ce87cf6c4611b019822b5ad11b53 (table test_table [id=f33dbbd69f5342a0b20aadc7f23dae40])
I0327 18:03:09.523571 18224 catalog_manager.cc:182] Loaded metadata for tablet 59dbeefce050484893d6a96994313814 (table test_table [id=f33dbbd69f5342a0b20aadc7f23dae40])
I0327 18:03:09.523641 18224 catalog_manager.cc:182] Loaded metadata for tablet 5ec7f049a535431d92379a7e85e3a8a6 (table test_table [id=f33dbbd69f5342a0b20aadc7f23dae40])
I0327 18:03:09.523717 18224 catalog_manager.cc:182] Loaded metadata for tablet 5f01d2e88ce54921ae5597c1d75d3dfe (table test_table [id=f33dbbd69f5342a0b20aadc7f23dae40])
I0327 18:03:09.523792 18224 catalog_manager.cc:182] Loaded metadata for tablet 6279f29354a9479781f5ae265ef42b6a (table test_table [id=f33dbbd69f5342a0b20aadc7f23dae40])
I0327 18:03:09.523874 18224 catalog_manager.cc:182] Loaded metadata for tablet 627e56b170704125bf37ec9554440ad2 (table test_table [id=f33dbbd69f5342a0b20aadc7f23dae40])
I0327 18:03:09.523975 18224 catalog_manager.cc:182] Loaded metadata for tablet 62ef5c004fa84130b2e67671e1f4b8f1 (table test_table [id=f33dbbd69f5342a0b20aadc7f23dae40])
W0327 18:03:09.523948 18244 compilation_manager.cc:64] Failed compilation of row projector from base schema Schema [ 10:entry_type[uint8 NOT NULL], 11:entry_id[string NOT NULL], 12:metadata[string NOT NULL] ] to projection schema Schema [ 10:entry_type[uint8 NOT NULL], 11:entry_id[string NOT NULL], 12:metadata[string NOT NULL] ]: Not implemented: Code generation has been disabled at compile time.
I0327 18:03:09.524060 18224 catalog_manager.cc:182] Loaded metadata for tablet 69d9e8d8b07b484eb076d10ba43a43c4 (table test_table [id=f33dbbd69f5342a0b20aadc7f23dae40])
I0327 18:03:09.524132 18224 catalog_manager.cc:182] Loaded metadata for tablet 6a673e1368004bbbb1f4b1cebc45ea80 (table test_table [id=f33dbbd69f5342a0b20aadc7f23dae40])
I0327 18:03:09.524209 18224 catalog_manager.cc:182] Loaded metadata for tablet 6c53b2219b1d4e71bff6902eb2c68d3c (table test_table [id=f33dbbd69f5342a0b20aadc7f23dae40])
I0327 18:03:09.524281 18224 catalog_manager.cc:182] Loaded metadata for tablet 72c3c79d82d14594a2513d5769b5a78b (table test_table [id=f33dbbd69f5342a0b20aadc7f23dae40])
I0327 18:03:09.524360 18224 catalog_manager.cc:182] Loaded metadata for tablet 7637e93e0aef401da1fb33cc1c19f0b8 (table test_table [id=f33dbbd69f5342a0b20aadc7f23dae40])
I0327 18:03:09.524435 18224 catalog_manager.cc:182] Loaded metadata for tablet 79f3874bf9dc48dc983514afde7061eb (table test_table [id=f33dbbd69f5342a0b20aadc7f23dae40])
I0327 18:03:09.524508 18224 catalog_manager.cc:182] Loaded metadata for tablet 7da93570cdfa4b389b1e8c39a6b5d30b (table test_table [id=f33dbbd69f5342a0b20aadc7f23dae40])
I0327 18:03:09.524581 18224 catalog_manager.cc:182] Loaded metadata for tablet 7ffc2e26d7a14f3e8e5580592324fb79 (table test_table [id=f33dbbd69f5342a0b20aadc7f23dae40])
I0327 18:03:09.524653 18224 catalog_manager.cc:182] Loaded metadata for tablet 8173fddd107145e69c8e058f009553cf (table test_table [id=f33dbbd69f5342a0b20aadc7f23dae40])
I0327 18:03:09.524727 18224 catalog_manager.cc:182] Loaded metadata for tablet 822e5c636b6d4a2585b6d9ee37075f6c (table test_table [id=f33dbbd69f5342a0b20aadc7f23dae40])
I0327 18:03:09.524797 18224 catalog_manager.cc:182] Loaded metadata for tablet 823f1a3cc9ae41a5b09ad0b0ebec267c (table test_table [id=f33dbbd69f5342a0b20aadc7f23dae40])
I0327 18:03:09.524868 18224 catalog_manager.cc:182] Loaded metadata for tablet 835a2321677a4932815e87e8377651a2 (table test_table [id=f33dbbd69f5342a0b20aadc7f23dae40])
I0327 18:03:09.524955 18224 catalog_manager.cc:182] Loaded metadata for tablet 83ba267e76474c9aac542e017df10d18 (table test_table [id=f33dbbd69f5342a0b20aadc7f23dae40])
I0327 18:03:09.525038 18224 catalog_manager.cc:182] Loaded metadata for tablet 8aea18aef2494313908d1da7797f0ce9 (table test_table [id=f33dbbd69f5342a0b20aadc7f23dae40])
I0327 18:03:09.525112 18224 catalog_manager.cc:182] Loaded metadata for tablet 8bdd876ec6b24468a6ac00a98369a73c (table test_table [id=f33dbbd69f5342a0b20aadc7f23dae40])
I0327 18:03:09.525214 18224 catalog_manager.cc:182] Loaded metadata for tablet 917b67f56d304fc0967c334f6f5eead0 (table test_table [id=f33dbbd69f5342a0b20aadc7f23dae40])
I0327 18:03:09.525317 18224 catalog_manager.cc:182] Loaded metadata for tablet 97772270037d44d9a0ec1244dce6adc7 (table test_table [id=f33dbbd69f5342a0b20aadc7f23dae40])
I0327 18:03:09.525416 18224 catalog_manager.cc:182] Loaded metadata for tablet 9b118df7acae404ba59b115d4f68306a (table test_table [id=f33dbbd69f5342a0b20aadc7f23dae40])
I0327 18:03:09.525518 18224 catalog_manager.cc:182] Loaded metadata for tablet 9fbf692f73aa4ea89f213519272064cf (table test_table [id=f33dbbd69f5342a0b20aadc7f23dae40])
I0327 18:03:09.525619 18224 catalog_manager.cc:182] Loaded metadata for tablet a10077a0cfa14cb6959aea9fb9c36958 (table test_table [id=f33dbbd69f5342a0b20aadc7f23dae40])
I0327 18:03:09.525717 18224 catalog_manager.cc:182] Loaded metadata for tablet a14f8e681db84596874bd81e529ceea9 (table test_table [id=f33dbbd69f5342a0b20aadc7f23dae40])
I0327 18:03:09.525815 18224 catalog_manager.cc:182] Loaded metadata for tablet a2a5a8084ab2484d88d5a0507ceb55c0 (table test_table [id=f33dbbd69f5342a0b20aadc7f23dae40])
I0327 18:03:09.525928 18224 catalog_manager.cc:182] Loaded metadata for tablet a321a0ccc04840c7ace8cd3c25b486eb (table test_table [id=f33dbbd69f5342a0b20aadc7f23dae40])
I0327 18:03:09.526027 18224 catalog_manager.cc:182] Loaded metadata for tablet a3dbdf5c19754b28887a34bcb1b13ca2 (table test_table [id=f33dbbd69f5342a0b20aadc7f23dae40])
I0327 18:03:09.526316 18224 catalog_manager.cc:182] Loaded metadata for tablet a6a2e0f1b6094e0bae540c712b89de35 (table test_table [id=f33dbbd69f5342a0b20aadc7f23dae40])
I0327 18:03:09.526415 18224 catalog_manager.cc:182] Loaded metadata for tablet a782e421ca554b68b1135eba58d7b1c6 (table test_table [id=f33dbbd69f5342a0b20aadc7f23dae40])
I0327 18:03:09.526515 18224 catalog_manager.cc:182] Loaded metadata for tablet aa39a71ad3744a408065b9ea2cc5581b (table test_table [id=f33dbbd69f5342a0b20aadc7f23dae40])
I0327 18:03:09.526612 18224 catalog_manager.cc:182] Loaded metadata for tablet ad3def20ec61421cb1a05a6bf0204e09 (table test_table [id=f33dbbd69f5342a0b20aadc7f23dae40])
I0327 18:03:09.526711 18224 catalog_manager.cc:182] Loaded metadata for tablet afd77a3c23a249559ebf026bb9fb90cc (table test_table [id=f33dbbd69f5342a0b20aadc7f23dae40])
I0327 18:03:09.526808 18224 catalog_manager.cc:182] Loaded metadata for tablet b17ac183b0234fe397a4b1ff29749750 (table test_table [id=f33dbbd69f5342a0b20aadc7f23dae40])
I0327 18:03:09.526918 18224 catalog_manager.cc:182] Loaded metadata for tablet b1f91a20d22740a59ebb705e899e108c (table test_table [id=f33dbbd69f5342a0b20aadc7f23dae40])
I0327 18:03:09.527015 18224 catalog_manager.cc:182] Loaded metadata for tablet b4b88e1d35094358b09246877b3c3f87 (table test_table [id=f33dbbd69f5342a0b20aadc7f23dae40])
I0327 18:03:09.527115 18224 catalog_manager.cc:182] Loaded metadata for tablet b88ee31a49044728b19d24f4315f9ccb (table test_table [id=f33dbbd69f5342a0b20aadc7f23dae40])
I0327 18:03:09.527217 18224 catalog_manager.cc:182] Loaded metadata for tablet ba65f59e80b94d91932eefeb6605ea08 (table test_table [id=f33dbbd69f5342a0b20aadc7f23dae40])
I0327 18:03:09.527324 18224 catalog_manager.cc:182] Loaded metadata for tablet baa29b18b3924ffbb174acfedd920526 (table test_table [id=f33dbbd69f5342a0b20aadc7f23dae40])
I0327 18:03:09.527427 18224 catalog_manager.cc:182] Loaded metadata for tablet be46dd665815436085829ce4d36b19fd (table test_table [id=f33dbbd69f5342a0b20aadc7f23dae40])
I0327 18:03:09.527526 18224 catalog_manager.cc:182] Loaded metadata for tablet c04e9b8b942643d99efda508fb870b5d (table test_table [id=f33dbbd69f5342a0b20aadc7f23dae40])
I0327 18:03:09.527627 18224 catalog_manager.cc:182] Loaded metadata for tablet c2d323a5e97449afb43f4319b8e45956 (table test_table [id=f33dbbd69f5342a0b20aadc7f23dae40])
I0327 18:03:09.527724 18224 catalog_manager.cc:182] Loaded metadata for tablet c36a0719236b43d8b62b06dfd3a6ea1f (table test_table [id=f33dbbd69f5342a0b20aadc7f23dae40])
I0327 18:03:09.527824 18224 catalog_manager.cc:182] Loaded metadata for tablet c4bcde0b2d7a49a6856ec3d4b6e853fb (table test_table [id=f33dbbd69f5342a0b20aadc7f23dae40])
I0327 18:03:09.527935 18224 catalog_manager.cc:182] Loaded metadata for tablet c4e0a5a782b94600bfa8406896b1afc6 (table test_table [id=f33dbbd69f5342a0b20aadc7f23dae40])
I0327 18:03:09.528035 18224 catalog_manager.cc:182] Loaded metadata for tablet c8adb524102845f48f73efb30938df59 (table test_table [id=f33dbbd69f5342a0b20aadc7f23dae40])
I0327 18:03:09.528136 18224 catalog_manager.cc:182] Loaded metadata for tablet caf10b54f24a424ca211517602edae61 (table test_table [id=f33dbbd69f5342a0b20aadc7f23dae40])
I0327 18:03:09.528234 18224 catalog_manager.cc:182] Loaded metadata for tablet cc6cb96cb5ea4f5f807487a8b74d4dae (table test_table [id=f33dbbd69f5342a0b20aadc7f23dae40])
I0327 18:03:09.528332 18224 catalog_manager.cc:182] Loaded metadata for tablet d0f78a3527624d38a2cc388b9b513cb7 (table test_table [id=f33dbbd69f5342a0b20aadc7f23dae40])
I0327 18:03:09.528431 18224 catalog_manager.cc:182] Loaded metadata for tablet d7de40ba9bab47798a5734dc6d2c4787 (table test_table [id=f33dbbd69f5342a0b20aadc7f23dae40])
I0327 18:03:09.528529 18224 catalog_manager.cc:182] Loaded metadata for tablet d88b14b7da0b4fcd9933493086ac5c07 (table test_table [id=f33dbbd69f5342a0b20aadc7f23dae40])
I0327 18:03:09.528632 18224 catalog_manager.cc:182] Loaded metadata for tablet dae48e97e8e343249d8ef0e214959686 (table test_table [id=f33dbbd69f5342a0b20aadc7f23dae40])
I0327 18:03:09.528734 18224 catalog_manager.cc:182] Loaded metadata for tablet dcbe5d6a231247ada517eb64b834caa3 (table test_table [id=f33dbbd69f5342a0b20aadc7f23dae40])
I0327 18:03:09.528833 18224 catalog_manager.cc:182] Loaded metadata for tablet e0e81fad900445dfbb0210f12d57a552 (table test_table [id=f33dbbd69f5342a0b20aadc7f23dae40])
I0327 18:03:09.528946 18224 catalog_manager.cc:182] Loaded metadata for tablet e2138ec7ff894b319db5d32485f8fb77 (table test_table [id=f33dbbd69f5342a0b20aadc7f23dae40])
I0327 18:03:09.529047 18224 catalog_manager.cc:182] Loaded metadata for tablet e71817fa520444a5a2b8598fa92a11d1 (table test_table [id=f33dbbd69f5342a0b20aadc7f23dae40])
I0327 18:03:09.529147 18224 catalog_manager.cc:182] Loaded metadata for tablet e90aa3e5ac6043f29db825b5b82df487 (table test_table [id=f33dbbd69f5342a0b20aadc7f23dae40])
I0327 18:03:09.529247 18224 catalog_manager.cc:182] Loaded metadata for tablet ea2d2fff8da0498a8b40d672a97ea0e1 (table test_table [id=f33dbbd69f5342a0b20aadc7f23dae40])
I0327 18:03:09.529345 18224 catalog_manager.cc:182] Loaded metadata for tablet eaa0533fd2a44f4fbe30c812b3987cbd (table test_table [id=f33dbbd69f5342a0b20aadc7f23dae40])
I0327 18:03:09.529441 18224 catalog_manager.cc:182] Loaded metadata for tablet eea2994ccf664e40b95132d4f720fbd7 (table test_table [id=f33dbbd69f5342a0b20aadc7f23dae40])
I0327 18:03:09.529541 18224 catalog_manager.cc:182] Loaded metadata for tablet ef22633da2bc47448fc7fe0c30e93529 (table test_table [id=f33dbbd69f5342a0b20aadc7f23dae40])
I0327 18:03:09.529636 18224 catalog_manager.cc:182] Loaded metadata for tablet f0d164809e0e4738abe1f5b3a01cb3e1 (table test_table [id=f33dbbd69f5342a0b20aadc7f23dae40])
I0327 18:03:09.529736 18224 catalog_manager.cc:182] Loaded metadata for tablet f8540d91c6e948eca96171e5550a8a3d (table test_table [id=f33dbbd69f5342a0b20aadc7f23dae40])
I0327 18:03:09.529835 18224 catalog_manager.cc:182] Loaded metadata for tablet f856afd55835496699cc9eaa0f8207e6 (table test_table [id=f33dbbd69f5342a0b20aadc7f23dae40])
I0327 18:03:09.529947 18224 catalog_manager.cc:182] Loaded metadata for tablet f9063a0276ee4777a427efcb3e00cc14 (table test_table [id=f33dbbd69f5342a0b20aadc7f23dae40])
I0327 18:03:09.530048 18224 catalog_manager.cc:182] Loaded metadata for tablet fb147521187e41f4a9914b4eb27aa6c4 (table test_table [id=f33dbbd69f5342a0b20aadc7f23dae40])
I0327 18:03:09.530144 18224 catalog_manager.cc:182] Loaded metadata for tablet fbb9df5f3b7944eda6c7608ec208d73d (table test_table [id=f33dbbd69f5342a0b20aadc7f23dae40])
I0327 18:03:09.530256 18224 catalog_manager.cc:182] Loaded metadata for tablet fd69702bd5a1476d97d8e0b3a8e9dd56 (table test_table [id=f33dbbd69f5342a0b20aadc7f23dae40])
I0327 18:03:09.530355 18224 catalog_manager.cc:182] Loaded metadata for tablet fec0020adf4f405796308b282fdeddc1 (table test_table [id=f33dbbd69f5342a0b20aadc7f23dae40])
W0327 18:03:09.531792 17734 heartbeater.cc:352] Failed to heartbeat to 127.0.0.1:54775: Service unavailable: catalog manager has not been initialized
I0327 18:03:09.532266 17773 change_config_transaction.cc:131] T 59dbeefce050484893d6a96994313814 P fbf9fbe2f25e412893de7862bff86251: Configuration changed Changed from: opid_index: -1 local: true peers { permanent_uuid: "fbf9fbe2f25e412893de7862bff86251" role: CANDIDATE last_known_addr { host: "127.0.0.1" port: 34436 } } Changed to: opid_index: 1 local: true peers { permanent_uuid: "fbf9fbe2f25e412893de7862bff86251" role: LEADER last_known_addr { host: "127.0.0.1" port: 34436 } }
I0327 18:03:09.532400 18092 change_config_transaction.cc:131] T eea2994ccf664e40b95132d4f720fbd7 P fbf9fbe2f25e412893de7862bff86251: Configuration changed Changed from: opid_index: -1 local: true peers { permanent_uuid: "fbf9fbe2f25e412893de7862bff86251" role: CANDIDATE last_known_addr { host: "127.0.0.1" port: 34436 } } Changed to: opid_index: 1 local: true peers { permanent_uuid: "fbf9fbe2f25e412893de7862bff86251" role: LEADER last_known_addr { host: "127.0.0.1" port: 34436 } }
I0327 18:03:09.532501 18262 change_config_transaction.cc:131] T 411b908b8818475fb906ee6e28b01f33 P fbf9fbe2f25e412893de7862bff86251: Configuration changed Changed from: opid_index: -1 local: true peers { permanent_uuid: "fbf9fbe2f25e412893de7862bff86251" role: CANDIDATE last_known_addr { host: "127.0.0.1" port: 34436 } } Changed to: opid_index: 1 local: true peers { permanent_uuid: "fbf9fbe2f25e412893de7862bff86251" role: LEADER last_known_addr { host: "127.0.0.1" port: 34436 } }
I0327 18:03:09.533010 18224 catalog_manager.cc:182] Loaded metadata for tablet ffe91790ba6546ec842fa6e9a5e58ea8 (table test_table [id=f33dbbd69f5342a0b20aadc7f23dae40])
W0327 18:03:09.534217 18285 catalog_manager.cc:270] Catalog manager is not initialized!
I0327 18:03:09.534493 14789 create-table-stress-test.cc:135] Master restarted.
I0327 18:03:09.535222 14789 create-table-stress-test.cc:133] Restarting master...
I0327 18:03:09.535269 14789 master.cc:134] Master@127.0.0.1:54775 shutting down...
I0327 18:03:09.543668 17949 master_service.cc:152] Got heartbeat from unknown tablet server { permanent_uuid: "fbf9fbe2f25e412893de7862bff86251" instance_seqno: 1427504588852715 } as {real_user=jenkins, eff_user=} at 127.0.0.1:49604; Asking this server to re-register.
I0327 18:03:09.544293 17734 heartbeater.cc:289] Registering TS with master...
I0327 18:03:09.544332 17734 heartbeater.cc:295] Sending a full tablet report to master...
I0327 18:03:09.545240 17950 ts_manager.cc:66] Registered new tablet server { permanent_uuid: "fbf9fbe2f25e412893de7862bff86251" instance_seqno: 1427504588852715 } with Master
I0327 18:03:09.546304 17950 catalog_manager.cc:1288] Tablet: aa39a71ad3744a408065b9ea2cc5581b reported quorum change. New quorum: opid_index: 1 local: true peers { permanent_uuid: "fbf9fbe2f25e412893de7862bff86251" role: LEADER last_known_addr { host: "127.0.0.1" port: 34436 } }
I0327 18:03:09.547242 17950 catalog_manager.cc:1288] Tablet: 22764de28d14431890ab824b910f8641 reported quorum change. New quorum: opid_index: 1 local: true peers { permanent_uuid: "fbf9fbe2f25e412893de7862bff86251" role: LEADER last_known_addr { host: "127.0.0.1" port: 34436 } }
I0327 18:03:09.548138 17950 catalog_manager.cc:1288] Tablet: 7da93570cdfa4b389b1e8c39a6b5d30b reported quorum change. New quorum: opid_index: 1 local: true peers { permanent_uuid: "fbf9fbe2f25e412893de7862bff86251" role: LEADER last_known_addr { host: "127.0.0.1" port: 34436 } }
I0327 18:03:09.548862 17950 catalog_manager.cc:1288] Tablet: eea2994ccf664e40b95132d4f720fbd7 reported quorum change. New quorum: opid_index: 1 local: true peers { permanent_uuid: "fbf9fbe2f25e412893de7862bff86251" role: LEADER last_known_addr { host: "127.0.0.1" port: 34436 } }
I0327 18:03:09.549736 17950 catalog_manager.cc:1288] Tablet: c4e0a5a782b94600bfa8406896b1afc6 reported quorum change. New quorum: opid_index: 1 local: true peers { permanent_uuid: "fbf9fbe2f25e412893de7862bff86251" role: LEADER last_known_addr { host: "127.0.0.1" port: 34436 } }
I0327 18:03:09.550493 17950 catalog_manager.cc:1288] Tablet: e71817fa520444a5a2b8598fa92a11d1 reported quorum change. New quorum: opid_index: 1 local: true peers { permanent_uuid: "fbf9fbe2f25e412893de7862bff86251" role: LEADER last_known_addr { host: "127.0.0.1" port: 34436 } }
I0327 18:03:09.551136 17950 catalog_manager.cc:1288] Tablet: 3070b134273544a3930d3ad1138140db reported quorum change. New quorum: opid_index: 1 local: true peers { permanent_uuid: "fbf9fbe2f25e412893de7862bff86251" role: LEADER last_known_addr { host: "127.0.0.1" port: 34436 } }
