I0327 18:03:08.972322 17645 service_pool.cc:113] CreateTablet request on kudu.tserver.TabletServerAdminService from 127.0.0.1:60423 dropped due to backpressure. The service queue is full; it has 50 items. Contents of service queue: Call kudu.tserver.TabletServerAdminService.CreateTablet from 127.0.0.1:60423 (request call id 22) Call kudu.tserver.TabletServerAdminService.CreateTablet from 127.0.0.1:60423 (request call id 23) Call kudu.tserver.TabletServerAdminService.CreateTablet from 127.0.0.1:60423 (request call id 24) Call kudu.tserver.TabletServerAdminService.CreateTablet from 127.0.0.1:60423 (request call id 25) Call kudu.tserver.TabletServerAdminService.CreateTablet from 127.0.0.1:60423 (request call id 26) Call kudu.tserver.TabletServerAdminService.CreateTablet from 127.0.0.1:60423 (request call id 27) Call kudu.tserver.TabletServerAdminService.CreateTablet from 127.0.0.1:60423 (request call id 28) Call kudu.tserver.TabletServerAdminService.CreateTablet from 127.0.0.1:60423 (request call id 29) Call kudu.tserver.TabletServerAdminService.CreateTablet from 127.0.0.1:60423 (request call id 30) Call kudu.tserver.TabletServerAdminService.CreateTablet from 127.0.0.1:60423 (request call id 31) Call kudu.tserver.TabletServerAdminService.CreateTablet from 127.0.0.1:60423 (request call id 32) Call kudu.tserver.TabletServerAdminService.CreateTablet from 127.0.0.1:60423 (request call id 33) Call kudu.tserver.TabletServerAdminService.CreateTablet from 127.0.0.1:60423 (request call id 34) Call kudu.tserver.TabletServerAdminService.CreateTablet from 127.0.0.1:60423 (request call id 35) Call kudu.tserver.TabletServerAdminService.CreateTablet from 127.0.0.1:60423 (request call id 36) Call kudu.tserver.TabletServerAdminService.CreateTablet from 127.0.0.1:60423 (request call id 37) Call kudu.tserver.TabletServerAdminService.CreateTablet from 127.0.0.1:60423 (request call id 38) Call kudu.tserver.TabletServerAdminService.CreateTablet from 127.0.0.1:60423 (request call id 39) Call kudu.tserver.TabletServerAdminService.CreateTablet from 127.0.0.1:60423 (request call id 40) Call kudu.tserver.TabletServerAdminService.CreateTablet from 127.0.0.1:60423 (request call id 41) Call kudu.tserver.TabletServerAdminService.CreateTablet from 127.0.0.1:60423 (request call id 42) Call kudu.tserver.TabletServerAdminService.CreateTablet from 127.0.0.1:60423 (request call id 43) Call kudu.tserver.TabletServerAdminService.CreateTablet from 127.0.0.1:60423 (request call id 44) Call kudu.tserver.TabletServerAdminService.CreateTablet from 127.0.0.1:60423 (request call id 45) Call kudu.tserver.TabletServerAdminService.CreateTablet from 127.0.0.1:60423 (request call id 46) Call kudu.tserver.TabletServerAdminService.CreateTablet from 127.0.0.1:60423 (request call id 47) Call kudu.tserver.TabletServerAdminService.CreateTablet from 127.0.0.1:60423 (request call id 48) Call kudu.tserver.TabletServerAdminService.CreateTablet from 127.0.0.1:60423 (request call id 49) Call kudu.tserver.TabletServerAdminService.CreateTablet from 127.0.0.1:60423 (request call id 50) Call kudu.tserver.TabletServerAdminService.CreateTablet from 127.0.0.1:60423 (request call id 51) Call kudu.tserver.TabletServerAdminService.CreateTablet from 127.0.0.1:60423 (request call id 52) Call kudu.tserver.TabletServerAdminService.CreateTablet from 127.0.0.1:60423 (request call id 53) Call kudu.tserver.TabletServerAdminService.CreateTablet from 127.0.0.1:60423 (request call id 54) Call kudu.tserver.TabletServerAdminService.CreateTablet from 127.0.0.1:60423 (request call id 55) Call kudu.tserver.TabletServerAdminService.CreateTablet from 127.0.0.1:60423 (request call id 56) Call kudu.tserver.TabletServerAdminService.CreateTablet from 127.0.0.1:60423 (request call id 57) Call kudu.tserver.TabletServerAdminService.CreateTablet from 127.0.0.1:60423 (request call id 58) Call kudu.tserver.TabletServerAdminService.CreateTablet from 127.0.0.1:60423 (request call id 59) Call kudu.tserver.TabletServerAdminService.CreateTablet from 127.0.0.1:60423 (request call id 60) Call kudu.tserver.TabletServerAdminService.CreateTablet from 127.0.0.1:60423 (request call id 76) Call kudu.tserver.TabletServerAdminService.CreateTablet from 127.0.0.1:60423 (request call id 78) Call kudu.tserver.TabletServerAdminService.CreateTablet from 127.0.0.1:60423 (request call id 92) Call kudu.tserver.TabletServerAdminService.CreateTablet from 127.0.0.1:60423 (request call id 94) Call kudu.tserver.TabletServerAdminService.CreateTablet from 127.0.0.1:60423 (request call id 96) Call kudu.tserver.TabletServerAdminService.CreateTablet from 127.0.0.1:60423 (request call id 97) Call kudu.tserver.TabletServerAdminService.CreateTablet from 127.0.0.1:60423 (request call id 98) Call kudu.tserver.TabletServerAdminService.CreateTablet from 127.0.0.1:60423 (request call id 102) Call kudu.tserver.TabletServerAdminService.CreateTablet from 127.0.0.1:60423 (request call id 107) Call kudu.tserver.TabletServerAdminService.CreateTablet from 127.0.0.1:60423 (request call id 109) Call kudu.tserver.TabletServerAdminService.CreateTablet from 127.0.0.1:60423 (request call id 110)
I0327 18:03:08.972929 17564 messenger.cc:194] Service unavailable: service kudu.master.MasterService not registered on Master
I0327 18:03:08.973939 17757 ts_tablet_manager.cc:336] Time spent starting tablet c2d323a5e97449afb43f4319b8e45956: real 0.003s user 0.002s sys 0.000s
W0327 18:03:08.975867 17645 messenger.cc:200] Unable to handle RPC call: Service unavailable: CreateTablet request on kudu.tserver.TabletServerAdminService from 127.0.0.1:60423 dropped due to backpressure. The service queue is full; it has 50 items.
I0327 18:03:08.975229 17755 tablet_bootstrap.cc:297] Tablet 38afb5c695c44892bf1306da0196a554: Bootstrap starting.
W0327 18:03:08.975970 17566 catalog_manager.cc:1464] TS fbf9fbe2f25e412893de7862bff86251: Create Tablet RPC failed for tablet a2a5a8084ab2484d88d5a0507ceb55c0: Remote error: Service unavailable: CreateTablet request on kudu.tserver.TabletServerAdminService from 127.0.0.1:60423 dropped due to backpressure. The service queue is full; it has 50 items.
W0327 18:03:08.976022 17734 heartbeater.cc:352] Failed to heartbeat to 127.0.0.1:54775: Remote error: Failed to send heartbeat: Service unavailable: service kudu.master.MasterService not registered on Master
I0327 18:03:08.976533 17755 tablet_bootstrap.cc:390] No previous blocks or log segments found for tablet: 38afb5c695c44892bf1306da0196a554 creating new one.
I0327 18:03:08.976814 17680 tablet_service.cc:424] Processing CreateTablet for tablet 06efafc68c6d4aa1aa488782e545de34 (table=test_table [id=f33dbbd69f5342a0b20aadc7f23dae40]), range=["k_00078", "k_00079"]
I0327 18:03:08.977416 17773 change_config_transaction.cc:131] T c2d323a5e97449afb43f4319b8e45956 P fbf9fbe2f25e412893de7862bff86251: Configuration changed Changed from: opid_index: -1 local: true peers { permanent_uuid: "fbf9fbe2f25e412893de7862bff86251" role: CANDIDATE last_known_addr { host: "127.0.0.1" port: 34436 } } Changed to: opid_index: 1 local: true peers { permanent_uuid: "fbf9fbe2f25e412893de7862bff86251" role: LEADER last_known_addr { host: "127.0.0.1" port: 34436 } }
I0327 18:03:08.980190 17680 ts_tablet_manager.cc:446] Registered tablet 06efafc68c6d4aa1aa488782e545de34
I0327 18:03:08.980334 17758 tablet_bootstrap.cc:297] Tablet c04e9b8b942643d99efda508fb870b5d: No bootstrap required, opened a new log
I0327 18:03:08.980432 17758 ts_tablet_manager.cc:316] Time spent tablet c04e9b8b942643d99efda508fb870b5d bootstrap: real 0.031s user 0.000s sys 0.004s
I0327 18:03:08.981259 17753 tablet_bootstrap.cc:297] Tablet ba65f59e80b94d91932eefeb6605ea08: No bootstrap required, opened a new log
I0327 18:03:08.981360 17753 ts_tablet_manager.cc:316] Time spent tablet ba65f59e80b94d91932eefeb6605ea08 bootstrap: real 0.032s user 0.002s sys 0.001s
I0327 18:03:08.982856 17758 ts_tablet_manager.cc:336] Time spent starting tablet c04e9b8b942643d99efda508fb870b5d: real 0.002s user 0.000s sys 0.002s
I0327 18:03:08.983721 17754 ts_tablet_manager.cc:336] Time spent starting tablet 38c73bfa90ee4435abeb1bd4986ee126: real 0.015s user 0.002s sys 0.000s
I0327 18:03:08.984735 17753 ts_tablet_manager.cc:336] Time spent starting tablet ba65f59e80b94d91932eefeb6605ea08: real 0.003s user 0.002s sys 0.000s
I0327 18:03:08.984817 17755 tablet_bootstrap.cc:297] Tablet 38afb5c695c44892bf1306da0196a554: No bootstrap required, opened a new log
I0327 18:03:08.984915 17755 ts_tablet_manager.cc:316] Time spent tablet 38afb5c695c44892bf1306da0196a554 bootstrap: real 0.017s user 0.002s sys 0.001s
I0327 18:03:08.985493 17773 change_config_transaction.cc:131] T 38c73bfa90ee4435abeb1bd4986ee126 P fbf9fbe2f25e412893de7862bff86251: Configuration changed Changed from: opid_index: -1 local: true peers { permanent_uuid: "fbf9fbe2f25e412893de7862bff86251" role: CANDIDATE last_known_addr { host: "127.0.0.1" port: 34436 } } Changed to: opid_index: 1 local: true peers { permanent_uuid: "fbf9fbe2f25e412893de7862bff86251" role: LEADER last_known_addr { host: "127.0.0.1" port: 34436 } }
I0327 18:03:08.986253 17773 change_config_transaction.cc:131] T ba65f59e80b94d91932eefeb6605ea08 P fbf9fbe2f25e412893de7862bff86251: Configuration changed Changed from: opid_index: -1 local: true peers { permanent_uuid: "fbf9fbe2f25e412893de7862bff86251" role: CANDIDATE last_known_addr { host: "127.0.0.1" port: 34436 } } Changed to: opid_index: 1 local: true peers { permanent_uuid: "fbf9fbe2f25e412893de7862bff86251" role: LEADER last_known_addr { host: "127.0.0.1" port: 34436 } }
I0327 18:03:08.986364 17564 messenger.cc:194] Service unavailable: service kudu.master.MasterService not registered on Master
W0327 18:03:08.986598 17734 heartbeater.cc:352] Failed to heartbeat to 127.0.0.1:54775: Remote error: Failed to send heartbeat: Service unavailable: service kudu.master.MasterService not registered on Master
I0327 18:03:08.989800 17759 ts_tablet_manager.cc:311] Bootstrapping tablet: 29b145b70c294beb8d3d115a931ccdb6
I0327 18:03:08.989853 17682 tablet_service.cc:424] Processing CreateTablet for tablet 835a2321677a4932815e87e8377651a2 (table=test_table [id=f33dbbd69f5342a0b20aadc7f23dae40]), range=["k_00079", "k_00080"]
I0327 18:03:08.990700 17759 tablet_bootstrap.cc:297] Tablet 29b145b70c294beb8d3d115a931ccdb6: Bootstrap starting.
I0327 18:03:08.991080 17759 tablet_bootstrap.cc:390] No previous blocks or log segments found for tablet: 29b145b70c294beb8d3d115a931ccdb6 creating new one.
I0327 18:03:08.991572 17760 ts_tablet_manager.cc:311] Bootstrapping tablet: 04256824a49a475b9405ace33dc8a702
I0327 18:03:08.991641 17762 ts_tablet_manager.cc:311] Bootstrapping tablet: c36a0719236b43d8b62b06dfd3a6ea1f
I0327 18:03:08.992240 17760 tablet_bootstrap.cc:297] Tablet 04256824a49a475b9405ace33dc8a702: Bootstrap starting.
I0327 18:03:08.992705 17763 ts_tablet_manager.cc:311] Bootstrapping tablet: fec0020adf4f405796308b282fdeddc1
I0327 18:03:08.995267 17762 tablet_bootstrap.cc:297] Tablet c36a0719236b43d8b62b06dfd3a6ea1f: Bootstrap starting.
I0327 18:03:08.996043 17760 tablet_bootstrap.cc:390] No previous blocks or log segments found for tablet: 04256824a49a475b9405ace33dc8a702 creating new one.
I0327 18:03:08.996165 17682 ts_tablet_manager.cc:446] Registered tablet 835a2321677a4932815e87e8377651a2
I0327 18:03:08.996703 17763 tablet_bootstrap.cc:297] Tablet fec0020adf4f405796308b282fdeddc1: Bootstrap starting.
I0327 18:03:08.997022 17564 messenger.cc:194] Service unavailable: service kudu.master.MasterService not registered on Master
I0327 18:03:08.997450 17763 tablet_bootstrap.cc:390] No previous blocks or log segments found for tablet: fec0020adf4f405796308b282fdeddc1 creating new one.
W0327 18:03:08.997472 17734 heartbeater.cc:352] Failed to heartbeat to 127.0.0.1:54775: Remote error: Failed to send heartbeat: Service unavailable: service kudu.master.MasterService not registered on Master
I0327 18:03:08.999038 17773 change_config_transaction.cc:131] T c04e9b8b942643d99efda508fb870b5d P fbf9fbe2f25e412893de7862bff86251: Configuration changed Changed from: opid_index: -1 local: true peers { permanent_uuid: "fbf9fbe2f25e412893de7862bff86251" role: CANDIDATE last_known_addr { host: "127.0.0.1" port: 34436 } } Changed to: opid_index: 1 local: true peers { permanent_uuid: "fbf9fbe2f25e412893de7862bff86251" role: LEADER last_known_addr { host: "127.0.0.1" port: 34436 } }
I0327 18:03:08.999747 17762 tablet_bootstrap.cc:390] No previous blocks or log segments found for tablet: c36a0719236b43d8b62b06dfd3a6ea1f creating new one.
I0327 18:03:09.003832 17755 ts_tablet_manager.cc:336] Time spent starting tablet 38afb5c695c44892bf1306da0196a554: real 0.019s user 0.001s sys 0.001s
I0327 18:03:09.004315 17773 change_config_transaction.cc:131] T 38afb5c695c44892bf1306da0196a554 P fbf9fbe2f25e412893de7862bff86251: Configuration changed Changed from: opid_index: -1 local: true peers { permanent_uuid: "fbf9fbe2f25e412893de7862bff86251" role: CANDIDATE last_known_addr { host: "127.0.0.1" port: 34436 } } Changed to: opid_index: 1 local: true peers { permanent_uuid: "fbf9fbe2f25e412893de7862bff86251" role: LEADER last_known_addr { host: "127.0.0.1" port: 34436 } }
I0327 18:03:09.007060 17760 tablet_bootstrap.cc:297] Tablet 04256824a49a475b9405ace33dc8a702: No bootstrap required, opened a new log
I0327 18:03:09.007169 17760 ts_tablet_manager.cc:316] Time spent tablet 04256824a49a475b9405ace33dc8a702 bootstrap: real 0.016s user 0.002s sys 0.000s
I0327 18:03:09.007467 17690 tablet_service.cc:424] Processing CreateTablet for tablet e71817fa520444a5a2b8598fa92a11d1 (table=test_table [id=f33dbbd69f5342a0b20aadc7f23dae40]), range=["k_00020", "k_00021"]
I0327 18:03:09.007858 17564 messenger.cc:194] Service unavailable: service kudu.master.MasterService not registered on Master
W0327 18:03:09.008049 17734 heartbeater.cc:352] Failed to heartbeat to 127.0.0.1:54775: Remote error: Failed to send heartbeat: Service unavailable: service kudu.master.MasterService not registered on Master
I0327 18:03:09.008121 17683 tablet_service.cc:424] Processing CreateTablet for tablet 2f8ec35c2ca3496087e91fd07ffe0225 (table=test_table [id=f33dbbd69f5342a0b20aadc7f23dae40]), range=["k_00023", "k_00024"]
I0327 18:03:09.008615 17764 ts_tablet_manager.cc:311] Bootstrapping tablet: 6279f29354a9479781f5ae265ef42b6a
I0327 18:03:09.008985 17679 tablet_service.cc:424] Processing CreateTablet for tablet aa39a71ad3744a408065b9ea2cc5581b (table=test_table [id=f33dbbd69f5342a0b20aadc7f23dae40]), range=["k_00008", "k_00009"]
I0327 18:03:09.011528 17676 tablet_service.cc:424] Processing CreateTablet for tablet fb147521187e41f4a9914b4eb27aa6c4 (table=test_table [id=f33dbbd69f5342a0b20aadc7f23dae40]), range=["k_00084", "k_00085"]
I0327 18:03:09.011540 17760 ts_tablet_manager.cc:336] Time spent starting tablet 04256824a49a475b9405ace33dc8a702: real 0.004s user 0.001s sys 0.001s
I0327 18:03:09.012408 17764 tablet_bootstrap.cc:297] Tablet 6279f29354a9479781f5ae265ef42b6a: Bootstrap starting.
I0327 18:03:09.012907 17764 tablet_bootstrap.cc:390] No previous blocks or log segments found for tablet: 6279f29354a9479781f5ae265ef42b6a creating new one.
I0327 18:03:09.014894 17678 tablet_service.cc:424] Processing CreateTablet for tablet c8adb524102845f48f73efb30938df59 (table=test_table [id=f33dbbd69f5342a0b20aadc7f23dae40]), range=["k_00076", "k_00077"]
I0327 18:03:09.015115 17690 ts_tablet_manager.cc:446] Registered tablet e71817fa520444a5a2b8598fa92a11d1
I0327 18:03:09.015563 17683 ts_tablet_manager.cc:446] Registered tablet 2f8ec35c2ca3496087e91fd07ffe0225
I0327 18:03:09.016579 17763 tablet_bootstrap.cc:297] Tablet fec0020adf4f405796308b282fdeddc1: No bootstrap required, opened a new log
I0327 18:03:09.016688 17763 ts_tablet_manager.cc:316] Time spent tablet fec0020adf4f405796308b282fdeddc1 bootstrap: real 0.024s user 0.001s sys 0.001s
I0327 18:03:09.017753 17679 ts_tablet_manager.cc:446] Registered tablet aa39a71ad3744a408065b9ea2cc5581b
I0327 18:03:09.017910 17690 tablet_service.cc:424] Processing CreateTablet for tablet 917b67f56d304fc0967c334f6f5eead0 (table=test_table [id=f33dbbd69f5342a0b20aadc7f23dae40]), range=["k_00058", "k_00059"]
I0327 18:03:09.018435 17564 messenger.cc:194] Service unavailable: service kudu.master.MasterService not registered on Master
W0327 18:03:09.018604 17734 heartbeater.cc:352] Failed to heartbeat to 127.0.0.1:54775: Remote error: Failed to send heartbeat: Service unavailable: service kudu.master.MasterService not registered on Master
I0327 18:03:09.018859 17765 ts_tablet_manager.cc:311] Bootstrapping tablet: 8173fddd107145e69c8e058f009553cf
I0327 18:03:09.018896 17773 change_config_transaction.cc:131] T 04256824a49a475b9405ace33dc8a702 P fbf9fbe2f25e412893de7862bff86251: Configuration changed Changed from: opid_index: -1 local: true peers { permanent_uuid: "fbf9fbe2f25e412893de7862bff86251" role: CANDIDATE last_known_addr { host: "127.0.0.1" port: 34436 } } Changed to: opid_index: 1 local: true peers { permanent_uuid: "fbf9fbe2f25e412893de7862bff86251" role: LEADER last_known_addr { host: "127.0.0.1" port: 34436 } }
I0327 18:03:09.020440 17676 ts_tablet_manager.cc:446] Registered tablet fb147521187e41f4a9914b4eb27aa6c4
I0327 18:03:09.020560 17764 tablet_bootstrap.cc:297] Tablet 6279f29354a9479781f5ae265ef42b6a: No bootstrap required, opened a new log
I0327 18:03:09.020670 17764 ts_tablet_manager.cc:316] Time spent tablet 6279f29354a9479781f5ae265ef42b6a bootstrap: real 0.012s user 0.002s sys 0.000s
I0327 18:03:09.020980 17765 tablet_bootstrap.cc:297] Tablet 8173fddd107145e69c8e058f009553cf: Bootstrap starting.
I0327 18:03:09.021699 17765 tablet_bootstrap.cc:390] No previous blocks or log segments found for tablet: 8173fddd107145e69c8e058f009553cf creating new one.
I0327 18:03:09.023538 17762 tablet_bootstrap.cc:297] Tablet c36a0719236b43d8b62b06dfd3a6ea1f: No bootstrap required, opened a new log
I0327 18:03:09.023596 17759 tablet_bootstrap.cc:297] Tablet 29b145b70c294beb8d3d115a931ccdb6: No bootstrap required, opened a new log
I0327 18:03:09.023660 17762 ts_tablet_manager.cc:316] Time spent tablet c36a0719236b43d8b62b06dfd3a6ea1f bootstrap: real 0.032s user 0.001s sys 0.003s
I0327 18:03:09.023699 17759 ts_tablet_manager.cc:316] Time spent tablet 29b145b70c294beb8d3d115a931ccdb6 bootstrap: real 0.034s user 0.002s sys 0.001s
I0327 18:03:09.024976 17685 tablet_service.cc:424] Processing CreateTablet for tablet 014472ce303243d08735a9ecff26959c (table=test_table [id=f33dbbd69f5342a0b20aadc7f23dae40]), range=["k_00012", "k_00013"]
I0327 18:03:09.028640 17764 ts_tablet_manager.cc:336] Time spent starting tablet 6279f29354a9479781f5ae265ef42b6a: real 0.008s user 0.002s sys 0.001s
I0327 18:03:09.029064 17564 messenger.cc:194] Service unavailable: service kudu.master.MasterService not registered on Master
I0327 18:03:09.029208 17678 ts_tablet_manager.cc:446] Registered tablet c8adb524102845f48f73efb30938df59
W0327 18:03:09.029240 17734 heartbeater.cc:352] Failed to heartbeat to 127.0.0.1:54775: Remote error: Failed to send heartbeat: Service unavailable: service kudu.master.MasterService not registered on Master
I0327 18:03:09.033004 17773 change_config_transaction.cc:131] T 6279f29354a9479781f5ae265ef42b6a P fbf9fbe2f25e412893de7862bff86251: Configuration changed Changed from: opid_index: -1 local: true peers { permanent_uuid: "fbf9fbe2f25e412893de7862bff86251" role: CANDIDATE last_known_addr { host: "127.0.0.1" port: 34436 } } Changed to: opid_index: 1 local: true peers { permanent_uuid: "fbf9fbe2f25e412893de7862bff86251" role: LEADER last_known_addr { host: "127.0.0.1" port: 34436 } }
I0327 18:03:09.033577 17763 ts_tablet_manager.cc:336] Time spent starting tablet fec0020adf4f405796308b282fdeddc1: real 0.017s user 0.001s sys 0.002s
I0327 18:03:09.034011 17773 change_config_transaction.cc:131] T fec0020adf4f405796308b282fdeddc1 P fbf9fbe2f25e412893de7862bff86251: Configuration changed Changed from: opid_index: -1 local: true peers { permanent_uuid: "fbf9fbe2f25e412893de7862bff86251" role: CANDIDATE last_known_addr { host: "127.0.0.1" port: 34436 } } Changed to: opid_index: 1 local: true peers { permanent_uuid: "fbf9fbe2f25e412893de7862bff86251" role: LEADER last_known_addr { host: "127.0.0.1" port: 34436 } }
I0327 18:03:09.039276 17759 ts_tablet_manager.cc:336] Time spent starting tablet 29b145b70c294beb8d3d115a931ccdb6: real 0.016s user 0.002s sys 0.000s
I0327 18:03:09.039660 17564 messenger.cc:194] Service unavailable: service kudu.master.MasterService not registered on Master
W0327 18:03:09.039839 17734 heartbeater.cc:352] Failed to heartbeat to 127.0.0.1:54775: Remote error: Failed to send heartbeat: Service unavailable: service kudu.master.MasterService not registered on Master
I0327 18:03:09.039896 17690 ts_tablet_manager.cc:446] Registered tablet 917b67f56d304fc0967c334f6f5eead0
I0327 18:03:09.040585 17685 ts_tablet_manager.cc:446] Registered tablet 014472ce303243d08735a9ecff26959c
I0327 18:03:09.045871 17677 tablet_service.cc:424] Processing CreateTablet for tablet b4b88e1d35094358b09246877b3c3f87 (table=test_table [id=f33dbbd69f5342a0b20aadc7f23dae40]), range=["k_00082", "k_00083"]
I0327 18:03:09.046311 17757 ts_tablet_manager.cc:311] Bootstrapping tablet: ad3def20ec61421cb1a05a6bf0204e09
I0327 18:03:09.046342 17766 ts_tablet_manager.cc:311] Bootstrapping tablet: 4aa0ce87cf6c4611b019822b5ad11b53
I0327 18:03:09.046749 17758 ts_tablet_manager.cc:311] Bootstrapping tablet: f856afd55835496699cc9eaa0f8207e6
I0327 18:03:09.046849 17765 tablet_bootstrap.cc:297] Tablet 8173fddd107145e69c8e058f009553cf: No bootstrap required, opened a new log
I0327 18:03:09.046972 17765 ts_tablet_manager.cc:316] Time spent tablet 8173fddd107145e69c8e058f009553cf bootstrap: real 0.028s user 0.002s sys 0.002s
I0327 18:03:09.047345 17773 change_config_transaction.cc:131] T 29b145b70c294beb8d3d115a931ccdb6 P fbf9fbe2f25e412893de7862bff86251: Configuration changed Changed from: opid_index: -1 local: true peers { permanent_uuid: "fbf9fbe2f25e412893de7862bff86251" role: CANDIDATE last_known_addr { host: "127.0.0.1" port: 34436 } } Changed to: opid_index: 1 local: true peers { permanent_uuid: "fbf9fbe2f25e412893de7862bff86251" role: LEADER last_known_addr { host: "127.0.0.1" port: 34436 } }
I0327 18:03:09.047675 17754 ts_tablet_manager.cc:311] Bootstrapping tablet: 25594f31f8bf4bf09db14baf685637a2
I0327 18:03:09.047754 17753 ts_tablet_manager.cc:311] Bootstrapping tablet: 72c3c79d82d14594a2513d5769b5a78b
I0327 18:03:09.048789 17680 tablet_service.cc:424] Processing CreateTablet for tablet 2c616b44b6ef4030932f828f403ffed0 (table=test_table [id=f33dbbd69f5342a0b20aadc7f23dae40]), range=["k_00083", "k_00084"]
I0327 18:03:09.048900 17775 ts_tablet_manager.cc:311] Bootstrapping tablet: 7ffc2e26d7a14f3e8e5580592324fb79
I0327 18:03:09.049408 17682 tablet_service.cc:424] Processing CreateTablet for tablet dae48e97e8e343249d8ef0e214959686 (table=test_table [id=f33dbbd69f5342a0b20aadc7f23dae40]), range=["k_00019", "k_00020"]
I0327 18:03:09.049810 17755 ts_tablet_manager.cc:311] Bootstrapping tablet: 83ba267e76474c9aac542e017df10d18
I0327 18:03:09.050081 17760 ts_tablet_manager.cc:311] Bootstrapping tablet: 835a2321677a4932815e87e8377651a2
I0327 18:03:09.050238 17564 messenger.cc:194] Service unavailable: service kudu.master.MasterService not registered on Master
I0327 18:03:09.050406 17762 ts_tablet_manager.cc:336] Time spent starting tablet c36a0719236b43d8b62b06dfd3a6ea1f: real 0.027s user 0.002s sys 0.001s
I0327 18:03:09.050453 17789 ts_tablet_manager.cc:311] Bootstrapping tablet: 1b7500a196d84fb891bb9706eaa3686a
W0327 18:03:09.050406 17734 heartbeater.cc:352] Failed to heartbeat to 127.0.0.1:54775: Remote error: Failed to send heartbeat: Service unavailable: service kudu.master.MasterService not registered on Master
I0327 18:03:09.050611 17676 tablet_service.cc:424] Processing CreateTablet for tablet 69d9e8d8b07b484eb076d10ba43a43c4 (table=test_table [id=f33dbbd69f5342a0b20aadc7f23dae40]), range=["k_00061", "k_00062"]
I0327 18:03:09.050631 17678 tablet_service.cc:424] Processing CreateTablet for tablet 5ec7f049a535431d92379a7e85e3a8a6 (table=test_table [id=f33dbbd69f5342a0b20aadc7f23dae40]), range=["", "k_00001"]
I0327 18:03:09.050674 17683 tablet_service.cc:424] Processing CreateTablet for tablet ef22633da2bc47448fc7fe0c30e93529 (table=test_table [id=f33dbbd69f5342a0b20aadc7f23dae40]), range=["k_00031", "k_00032"]
I0327 18:03:09.050694 17783 ts_tablet_manager.cc:311] Bootstrapping tablet: e71817fa520444a5a2b8598fa92a11d1
I0327 18:03:09.051007 17673 tablet_service.cc:424] Processing CreateTablet for tablet 22764de28d14431890ab824b910f8641 (table=test_table [id=f33dbbd69f5342a0b20aadc7f23dae40]), range=["k_00041", "k_00042"]
I0327 18:03:09.051049 17762 ts_tablet_manager.cc:311] Bootstrapping tablet: 9b118df7acae404ba59b115d4f68306a
I0327 18:03:09.051851 17791 ts_tablet_manager.cc:311] Bootstrapping tablet: 79f3874bf9dc48dc983514afde7061eb
I0327 18:03:09.051887 17792 ts_tablet_manager.cc:311] Bootstrapping tablet: 06efafc68c6d4aa1aa488782e545de34
I0327 18:03:09.051885 17679 tablet_service.cc:424] Processing CreateTablet for tablet baa29b18b3924ffbb174acfedd920526 (table=test_table [id=f33dbbd69f5342a0b20aadc7f23dae40]), range=["k_00063", "k_00064"]
I0327 18:03:09.052546 17775 tablet_bootstrap.cc:297] Tablet 7ffc2e26d7a14f3e8e5580592324fb79: Bootstrap starting.
I0327 18:03:09.053647 17793 ts_tablet_manager.cc:311] Bootstrapping tablet: aa39a71ad3744a408065b9ea2cc5581b
I0327 18:03:09.053769 17775 tablet_bootstrap.cc:390] No previous blocks or log segments found for tablet: 7ffc2e26d7a14f3e8e5580592324fb79 creating new one.
I0327 18:03:09.053867 17755 tablet_bootstrap.cc:297] Tablet 83ba267e76474c9aac542e017df10d18: Bootstrap starting.
I0327 18:03:09.055583 17773 change_config_transaction.cc:131] T c36a0719236b43d8b62b06dfd3a6ea1f P fbf9fbe2f25e412893de7862bff86251: Configuration changed Changed from: opid_index: -1 local: true peers { permanent_uuid: "fbf9fbe2f25e412893de7862bff86251" role: CANDIDATE last_known_addr { host: "127.0.0.1" port: 34436 } } Changed to: opid_index: 1 local: true peers { permanent_uuid: "fbf9fbe2f25e412893de7862bff86251" role: LEADER last_known_addr { host: "127.0.0.1" port: 34436 } }
I0327 18:03:09.056978 17783 tablet_bootstrap.cc:297] Tablet e71817fa520444a5a2b8598fa92a11d1: Bootstrap starting.
I0327 18:03:09.058423 17802 ts_tablet_manager.cc:311] Bootstrapping tablet: 2f8ec35c2ca3496087e91fd07ffe0225
I0327 18:03:09.058614 17690 tablet_service.cc:424] Processing CreateTablet for tablet a10077a0cfa14cb6959aea9fb9c36958 (table=test_table [id=f33dbbd69f5342a0b20aadc7f23dae40]), range=["k_00033", "k_00034"]
I0327 18:03:09.058665 17805 ts_tablet_manager.cc:311] Bootstrapping tablet: fb147521187e41f4a9914b4eb27aa6c4
I0327 18:03:09.059108 17685 tablet_service.cc:424] Processing CreateTablet for tablet 97772270037d44d9a0ec1244dce6adc7 (table=test_table [id=f33dbbd69f5342a0b20aadc7f23dae40]), range=["k_00068", "k_00069"]
I0327 18:03:09.060502 17763 ts_tablet_manager.cc:311] Bootstrapping tablet: c8adb524102845f48f73efb30938df59
I0327 18:03:09.060988 17564 messenger.cc:194] Service unavailable: service kudu.master.MasterService not registered on Master
I0327 18:03:09.061202 17764 ts_tablet_manager.cc:311] Bootstrapping tablet: 014472ce303243d08735a9ecff26959c
W0327 18:03:09.061252 17734 heartbeater.cc:352] Failed to heartbeat to 127.0.0.1:54775: Remote error: Failed to send heartbeat: Service unavailable: service kudu.master.MasterService not registered on Master
I0327 18:03:09.064056 17762 tablet_bootstrap.cc:297] Tablet 9b118df7acae404ba59b115d4f68306a: Bootstrap starting.
I0327 18:03:09.065387 17792 tablet_bootstrap.cc:297] Tablet 06efafc68c6d4aa1aa488782e545de34: Bootstrap starting.
I0327 18:03:09.065932 17754 tablet_bootstrap.cc:297] Tablet 25594f31f8bf4bf09db14baf685637a2: Bootstrap starting.
I0327 18:03:09.066793 17766 tablet_bootstrap.cc:297] Tablet 4aa0ce87cf6c4611b019822b5ad11b53: Bootstrap starting.
I0327 18:03:09.069947 17758 tablet_bootstrap.cc:297] Tablet f856afd55835496699cc9eaa0f8207e6: Bootstrap starting.
I0327 18:03:09.072262 17564 messenger.cc:194] Service unavailable: service kudu.master.MasterService not registered on Master
I0327 18:03:09.072381 17677 ts_tablet_manager.cc:446] Registered tablet b4b88e1d35094358b09246877b3c3f87
W0327 18:03:09.072474 17734 heartbeater.cc:352] Failed to heartbeat to 127.0.0.1:54775: Remote error: Failed to send heartbeat: Service unavailable: service kudu.master.MasterService not registered on Master
I0327 18:03:09.072495 17677 tablet_service.cc:424] Processing CreateTablet for tablet 411b908b8818475fb906ee6e28b01f33 (table=test_table [id=f33dbbd69f5342a0b20aadc7f23dae40]), range=["k_00069", "k_00070"]
I0327 18:03:09.073787 17759 ts_tablet_manager.cc:311] Bootstrapping tablet: b4b88e1d35094358b09246877b3c3f87
I0327 18:03:09.075137 17760 tablet_bootstrap.cc:297] Tablet 835a2321677a4932815e87e8377651a2: Bootstrap starting.
I0327 18:03:09.076086 17789 tablet_bootstrap.cc:297] Tablet 1b7500a196d84fb891bb9706eaa3686a: Bootstrap starting.
I0327 18:03:09.076386 17810 ts_tablet_manager.cc:311] Bootstrapping tablet: 917b67f56d304fc0967c334f6f5eead0
I0327 18:03:09.077944 17679 ts_tablet_manager.cc:446] Registered tablet baa29b18b3924ffbb174acfedd920526
I0327 18:03:09.078379 17773 change_config_transaction.cc:131] T 8173fddd107145e69c8e058f009553cf P fbf9fbe2f25e412893de7862bff86251: Configuration changed Changed from: opid_index: -1 local: true peers { permanent_uuid: "fbf9fbe2f25e412893de7862bff86251" role: CANDIDATE last_known_addr { host: "127.0.0.1" port: 34436 } } Changed to: opid_index: 1 local: true peers { permanent_uuid: "fbf9fbe2f25e412893de7862bff86251" role: LEADER last_known_addr { host: "127.0.0.1" port: 34436 } }
I0327 18:03:09.080032 17673 ts_tablet_manager.cc:446] Registered tablet 22764de28d14431890ab824b910f8641
I0327 18:03:09.080214 17676 ts_tablet_manager.cc:446] Registered tablet 69d9e8d8b07b484eb076d10ba43a43c4
I0327 18:03:09.080514 17762 tablet_bootstrap.cc:390] No previous blocks or log segments found for tablet: 9b118df7acae404ba59b115d4f68306a creating new one.
I0327 18:03:09.082876 17679 tablet_service.cc:424] Processing CreateTablet for tablet a14f8e681db84596874bd81e529ceea9 (table=test_table [id=f33dbbd69f5342a0b20aadc7f23dae40]), range=["k_00024", "k_00025"]
I0327 18:03:09.083318 17564 messenger.cc:194] Service unavailable: service kudu.master.MasterService not registered on Master
W0327 18:03:09.083580 17734 heartbeater.cc:352] Failed to heartbeat to 127.0.0.1:54775: Remote error: Failed to send heartbeat: Service unavailable: service kudu.master.MasterService not registered on Master
I0327 18:03:09.084149 17678 ts_tablet_manager.cc:446] Registered tablet 5ec7f049a535431d92379a7e85e3a8a6
I0327 18:03:09.085157 17683 ts_tablet_manager.cc:446] Registered tablet ef22633da2bc47448fc7fe0c30e93529
I0327 18:03:09.088943 17677 ts_tablet_manager.cc:446] Registered tablet 411b908b8818475fb906ee6e28b01f33
I0327 18:03:09.090698 17680 ts_tablet_manager.cc:446] Registered tablet 2c616b44b6ef4030932f828f403ffed0
I0327 18:03:09.090860 17685 ts_tablet_manager.cc:446] Registered tablet 97772270037d44d9a0ec1244dce6adc7
I0327 18:03:09.091114 17690 ts_tablet_manager.cc:446] Registered tablet a10077a0cfa14cb6959aea9fb9c36958
I0327 18:03:09.091354 17759 tablet_bootstrap.cc:297] Tablet b4b88e1d35094358b09246877b3c3f87: Bootstrap starting.
I0327 18:03:09.092162 17793 tablet_bootstrap.cc:297] Tablet aa39a71ad3744a408065b9ea2cc5581b: Bootstrap starting.
I0327 18:03:09.093765 17764 tablet_bootstrap.cc:297] Tablet 014472ce303243d08735a9ecff26959c: Bootstrap starting.
I0327 18:03:09.094117 17564 messenger.cc:194] Service unavailable: service kudu.master.MasterService not registered on Master
W0327 18:03:09.094306 17734 heartbeater.cc:352] Failed to heartbeat to 127.0.0.1:54775: Remote error: Failed to send heartbeat: Service unavailable: service kudu.master.MasterService not registered on Master
I0327 18:03:09.095147 17805 tablet_bootstrap.cc:297] Tablet fb147521187e41f4a9914b4eb27aa6c4: Bootstrap starting.
I0327 18:03:09.097064 17791 tablet_bootstrap.cc:297] Tablet 79f3874bf9dc48dc983514afde7061eb: Bootstrap starting.
I0327 18:03:09.097451 17673 tablet_service.cc:424] Processing CreateTablet for tablet 6c53b2219b1d4e71bff6902eb2c68d3c (table=test_table [id=f33dbbd69f5342a0b20aadc7f23dae40]), range=["k_00042", "k_00043"]
I0327 18:03:09.097628 17753 tablet_bootstrap.cc:297] Tablet 72c3c79d82d14594a2513d5769b5a78b: Bootstrap starting.
I0327 18:03:09.098244 17757 tablet_bootstrap.cc:297] Tablet ad3def20ec61421cb1a05a6bf0204e09: Bootstrap starting.
I0327 18:03:09.099895 17802 tablet_bootstrap.cc:297] Tablet 2f8ec35c2ca3496087e91fd07ffe0225: Bootstrap starting.
I0327 18:03:09.100324 17810 tablet_bootstrap.cc:297] Tablet 917b67f56d304fc0967c334f6f5eead0: Bootstrap starting.
I0327 18:03:09.101505 17763 tablet_bootstrap.cc:297] Tablet c8adb524102845f48f73efb30938df59: Bootstrap starting.
I0327 18:03:09.101683 17834 ts_tablet_manager.cc:311] Bootstrapping tablet: baa29b18b3924ffbb174acfedd920526
I0327 18:03:09.103377 17765 ts_tablet_manager.cc:336] Time spent starting tablet 8173fddd107145e69c8e058f009553cf: real 0.056s user 0.000s sys 0.003s
I0327 18:03:09.103442 17682 ts_tablet_manager.cc:446] Registered tablet dae48e97e8e343249d8ef0e214959686
I0327 18:03:09.103879 17679 ts_tablet_manager.cc:446] Registered tablet a14f8e681db84596874bd81e529ceea9
I0327 18:03:09.104030 17676 tablet_service.cc:424] Processing CreateTablet for tablet 9fbf692f73aa4ea89f213519272064cf (table=test_table [id=f33dbbd69f5342a0b20aadc7f23dae40]), range=["k_00050", "k_00051"]
I0327 18:03:09.104518 17775 tablet_bootstrap.cc:297] Tablet 7ffc2e26d7a14f3e8e5580592324fb79: No bootstrap required, opened a new log
I0327 18:03:09.104630 17775 ts_tablet_manager.cc:316] Time spent tablet 7ffc2e26d7a14f3e8e5580592324fb79 bootstrap: real 0.056s user 0.001s sys 0.001s
I0327 18:03:09.104779 17564 messenger.cc:194] Service unavailable: service kudu.master.MasterService not registered on Master
W0327 18:03:09.105118 17734 heartbeater.cc:352] Failed to heartbeat to 127.0.0.1:54775: Remote error: Failed to send heartbeat: Service unavailable: service kudu.master.MasterService not registered on Master
I0327 18:03:09.106715 17764 tablet_bootstrap.cc:390] No previous blocks or log segments found for tablet: 014472ce303243d08735a9ecff26959c creating new one.
I0327 18:03:09.107447 17673 ts_tablet_manager.cc:446] Registered tablet 6c53b2219b1d4e71bff6902eb2c68d3c
I0327 18:03:09.114215 17834 tablet_bootstrap.cc:297] Tablet baa29b18b3924ffbb174acfedd920526: Bootstrap starting.
I0327 18:03:09.114228 17678 tablet_service.cc:424] Processing CreateTablet for tablet 0b158ca5d7b34c9f8e987ad5a4839350 (table=test_table [id=f33dbbd69f5342a0b20aadc7f23dae40]), range=["k_00087", "k_00088"]
I0327 18:03:09.115528 17564 messenger.cc:194] Service unavailable: service kudu.master.MasterService not registered on Master
W0327 18:03:09.115716 17734 heartbeater.cc:352] Failed to heartbeat to 127.0.0.1:54775: Remote error: Failed to send heartbeat: Service unavailable: service kudu.master.MasterService not registered on Master
I0327 18:03:09.116613 17683 tablet_service.cc:424] Processing CreateTablet for tablet e90aa3e5ac6043f29db825b5b82df487 (table=test_table [id=f33dbbd69f5342a0b20aadc7f23dae40]), range=["k_00017", "k_00018"]
I0327 18:03:09.117311 17762 tablet_bootstrap.cc:297] Tablet 9b118df7acae404ba59b115d4f68306a: No bootstrap required, opened a new log
I0327 18:03:09.117439 17762 ts_tablet_manager.cc:316] Time spent tablet 9b118df7acae404ba59b115d4f68306a bootstrap: real 0.066s user 0.001s sys 0.002s
I0327 18:03:09.120105 17678 ts_tablet_manager.cc:446] Registered tablet 0b158ca5d7b34c9f8e987ad5a4839350
I0327 18:03:09.120441 17677 tablet_service.cc:424] Processing CreateTablet for tablet 7637e93e0aef401da1fb33cc1c19f0b8 (table=test_table [id=f33dbbd69f5342a0b20aadc7f23dae40]), range=["k_00039", "k_00040"]
I0327 18:03:09.121109 17676 ts_tablet_manager.cc:446] Registered tablet 9fbf692f73aa4ea89f213519272064cf
I0327 18:03:09.121822 17759 tablet_bootstrap.cc:390] No previous blocks or log segments found for tablet: b4b88e1d35094358b09246877b3c3f87 creating new one.
I0327 18:03:09.122490 17758 tablet_bootstrap.cc:390] No previous blocks or log segments found for tablet: f856afd55835496699cc9eaa0f8207e6 creating new one.
I0327 18:03:09.123705 17783 tablet_bootstrap.cc:390] No previous blocks or log segments found for tablet: e71817fa520444a5a2b8598fa92a11d1 creating new one.
I0327 18:03:09.125406 17683 ts_tablet_manager.cc:446] Registered tablet e90aa3e5ac6043f29db825b5b82df487
I0327 18:03:09.126235 17564 messenger.cc:194] Service unavailable: service kudu.master.MasterService not registered on Master
W0327 18:03:09.126428 17734 heartbeater.cc:352] Failed to heartbeat to 127.0.0.1:54775: Remote error: Failed to send heartbeat: Service unavailable: service kudu.master.MasterService not registered on Master
I0327 18:03:09.126664 17680 tablet_service.cc:424] Processing CreateTablet for tablet d0f78a3527624d38a2cc388b9b513cb7 (table=test_table [id=f33dbbd69f5342a0b20aadc7f23dae40]), range=["k_00081", "k_00082"]
I0327 18:03:09.127454 17766 tablet_bootstrap.cc:390] No previous blocks or log segments found for tablet: 4aa0ce87cf6c4611b019822b5ad11b53 creating new one.
I0327 18:03:09.127507 17763 tablet_bootstrap.cc:390] No previous blocks or log segments found for tablet: c8adb524102845f48f73efb30938df59 creating new one.
I0327 18:03:09.129328 17677 ts_tablet_manager.cc:446] Registered tablet 7637e93e0aef401da1fb33cc1c19f0b8
I0327 18:03:09.130219 17753 tablet_bootstrap.cc:390] No previous blocks or log segments found for tablet: 72c3c79d82d14594a2513d5769b5a78b creating new one.
I0327 18:03:09.130847 17764 tablet_bootstrap.cc:297] Tablet 014472ce303243d08735a9ecff26959c: No bootstrap required, opened a new log
I0327 18:03:09.130960 17764 ts_tablet_manager.cc:316] Time spent tablet 014472ce303243d08735a9ecff26959c bootstrap: real 0.070s user 0.000s sys 0.004s
I0327 18:03:09.132254 17685 tablet_service.cc:424] Processing CreateTablet for tablet 823f1a3cc9ae41a5b09ad0b0ebec267c (table=test_table [id=f33dbbd69f5342a0b20aadc7f23dae40]), range=["k_00094", "k_00095"]
I0327 18:03:09.133563 17759 tablet_bootstrap.cc:297] Tablet b4b88e1d35094358b09246877b3c3f87: No bootstrap required, opened a new log
I0327 18:03:09.133622 17690 tablet_service.cc:424] Processing CreateTablet for tablet afd77a3c23a249559ebf026bb9fb90cc (table=test_table [id=f33dbbd69f5342a0b20aadc7f23dae40]), range=["k_00066", "k_00067"]
I0327 18:03:09.133635 17773 change_config_transaction.cc:131] T 9b118df7acae404ba59b115d4f68306a P fbf9fbe2f25e412893de7862bff86251: Configuration changed Changed from: opid_index: -1 local: true peers { permanent_uuid: "fbf9fbe2f25e412893de7862bff86251" role: CANDIDATE last_known_addr { host: "127.0.0.1" port: 34436 } } Changed to: opid_index: 1 local: true peers { permanent_uuid: "fbf9fbe2f25e412893de7862bff86251" role: LEADER last_known_addr { host: "127.0.0.1" port: 34436 } }
I0327 18:03:09.133697 17759 ts_tablet_manager.cc:316] Time spent tablet b4b88e1d35094358b09246877b3c3f87 bootstrap: real 0.060s user 0.001s sys 0.004s
I0327 18:03:09.133895 17765 ts_tablet_manager.cc:311] Bootstrapping tablet: 69d9e8d8b07b484eb076d10ba43a43c4
I0327 18:03:09.133937 17766 tablet_bootstrap.cc:297] Tablet 4aa0ce87cf6c4611b019822b5ad11b53: No bootstrap required, opened a new log
I0327 18:03:09.134052 17766 ts_tablet_manager.cc:316] Time spent tablet 4aa0ce87cf6c4611b019822b5ad11b53 bootstrap: real 0.088s user 0.002s sys 0.002s
I0327 18:03:09.134773 17682 tablet_service.cc:424] Processing CreateTablet for tablet fbb9df5f3b7944eda6c7608ec208d73d (table=test_table [id=f33dbbd69f5342a0b20aadc7f23dae40]), range=["k_00072", "k_00073"]
I0327 18:03:09.134805 17842 ts_tablet_manager.cc:311] Bootstrapping tablet: 5ec7f049a535431d92379a7e85e3a8a6
I0327 18:03:09.135175 17838 ts_tablet_manager.cc:311] Bootstrapping tablet: 22764de28d14431890ab824b910f8641
I0327 18:03:09.138967 17564 messenger.cc:194] Service unavailable: service kudu.master.MasterService not registered on Master
I0327 18:03:09.139762 17680 ts_tablet_manager.cc:446] Registered tablet d0f78a3527624d38a2cc388b9b513cb7
I0327 18:03:09.141392 17838 tablet_bootstrap.cc:297] Tablet 22764de28d14431890ab824b910f8641: Bootstrap starting.
I0327 18:03:09.143888 17690 ts_tablet_manager.cc:446] Registered tablet afd77a3c23a249559ebf026bb9fb90cc
I0327 18:03:09.144143 17682 ts_tablet_manager.cc:446] Registered tablet fbb9df5f3b7944eda6c7608ec208d73d
I0327 18:03:09.144395 17685 ts_tablet_manager.cc:446] Registered tablet 823f1a3cc9ae41a5b09ad0b0ebec267c
I0327 18:03:09.144604 17753 tablet_bootstrap.cc:297] Tablet 72c3c79d82d14594a2513d5769b5a78b: No bootstrap required, opened a new log
I0327 18:03:09.144744 17753 ts_tablet_manager.cc:316] Time spent tablet 72c3c79d82d14594a2513d5769b5a78b bootstrap: real 0.097s user 0.003s sys 0.003s
I0327 18:03:09.147984 17679 tablet_service.cc:424] Processing CreateTablet for tablet c4bcde0b2d7a49a6856ec3d4b6e853fb (table=test_table [id=f33dbbd69f5342a0b20aadc7f23dae40]), range=["k_00089", "k_00090"]
I0327 18:03:09.148668 17810 tablet_bootstrap.cc:390] No previous blocks or log segments found for tablet: 917b67f56d304fc0967c334f6f5eead0 creating new one.
W0327 18:03:09.149206 17734 heartbeater.cc:352] Failed to heartbeat to 127.0.0.1:54775: Remote error: Failed to send heartbeat: Service unavailable: service kudu.master.MasterService not registered on Master
I0327 18:03:09.149044 17762 ts_tablet_manager.cc:336] Time spent starting tablet 9b118df7acae404ba59b115d4f68306a: real 0.031s user 0.003s sys 0.000s
I0327 18:03:09.149374 17765 tablet_bootstrap.cc:297] Tablet 69d9e8d8b07b484eb076d10ba43a43c4: Bootstrap starting.
I0327 18:03:09.150840 17754 tablet_bootstrap.cc:390] No previous blocks or log segments found for tablet: 25594f31f8bf4bf09db14baf685637a2 creating new one.
I0327 18:03:09.150876 17789 tablet_bootstrap.cc:390] No previous blocks or log segments found for tablet: 1b7500a196d84fb891bb9706eaa3686a creating new one.
I0327 18:03:09.151566 17842 tablet_bootstrap.cc:297] Tablet 5ec7f049a535431d92379a7e85e3a8a6: Bootstrap starting.
I0327 18:03:09.151952 17673 tablet_service.cc:424] Processing CreateTablet for tablet fd69702bd5a1476d97d8e0b3a8e9dd56 (table=test_table [id=f33dbbd69f5342a0b20aadc7f23dae40]), range=["k_00095", "k_00096"]
I0327 18:03:09.152303 17843 ts_tablet_manager.cc:311] Bootstrapping tablet: ef22633da2bc47448fc7fe0c30e93529
I0327 18:03:09.152616 17845 ts_tablet_manager.cc:311] Bootstrapping tablet: 411b908b8818475fb906ee6e28b01f33
I0327 18:03:09.153815 17679 ts_tablet_manager.cc:446] Registered tablet c4bcde0b2d7a49a6856ec3d4b6e853fb
I0327 18:03:09.155838 17845 tablet_bootstrap.cc:297] Tablet 411b908b8818475fb906ee6e28b01f33: Bootstrap starting.
I0327 18:03:09.156062 17843 tablet_bootstrap.cc:297] Tablet ef22633da2bc47448fc7fe0c30e93529: Bootstrap starting.
I0327 18:03:09.157210 17678 tablet_service.cc:424] Processing CreateTablet for tablet cc6cb96cb5ea4f5f807487a8b74d4dae (table=test_table [id=f33dbbd69f5342a0b20aadc7f23dae40]), range=["k_00010", "k_00011"]
I0327 18:03:09.158576 17676 tablet_service.cc:424] Processing CreateTablet for tablet 440df2a5b4da4f63b9343579e54ab1e5 (table=test_table [id=f33dbbd69f5342a0b20aadc7f23dae40]), range=["k_00038", "k_00039"]
I0327 18:03:09.158748 17673 ts_tablet_manager.cc:446] Registered tablet fd69702bd5a1476d97d8e0b3a8e9dd56
I0327 18:03:09.159662 17564 messenger.cc:194] Service unavailable: service kudu.master.MasterService not registered on Master
W0327 18:03:09.159811 17734 heartbeater.cc:352] Failed to heartbeat to 127.0.0.1:54775: Remote error: Failed to send heartbeat: Service unavailable: service kudu.master.MasterService not registered on Master
I0327 18:03:09.160543 17673 tablet_service.cc:424] Processing CreateTablet for tablet 06c2b6f9f13549b8a75b0e96f89b1fcc (table=test_table [id=f33dbbd69f5342a0b20aadc7f23dae40]), range=["k_00037", "k_00038"]
I0327 18:03:09.160967 17789 tablet_bootstrap.cc:297] Tablet 1b7500a196d84fb891bb9706eaa3686a: No bootstrap required, opened a new log
I0327 18:03:09.161128 17865 ts_tablet_manager.cc:311] Bootstrapping tablet: 2c616b44b6ef4030932f828f403ffed0
I0327 18:03:09.161273 17848 ts_tablet_manager.cc:311] Bootstrapping tablet: a10077a0cfa14cb6959aea9fb9c36958
I0327 18:03:09.162077 17789 ts_tablet_manager.cc:316] Time spent tablet 1b7500a196d84fb891bb9706eaa3686a bootstrap: real 0.112s user 0.000s sys 0.005s
I0327 18:03:09.162647 17846 ts_tablet_manager.cc:311] Bootstrapping tablet: 97772270037d44d9a0ec1244dce6adc7
I0327 18:03:09.163894 17678 ts_tablet_manager.cc:446] Registered tablet cc6cb96cb5ea4f5f807487a8b74d4dae
I0327 18:03:09.164013 17677 tablet_service.cc:424] Processing CreateTablet for tablet e0e81fad900445dfbb0210f12d57a552 (table=test_table [id=f33dbbd69f5342a0b20aadc7f23dae40]), range=["k_00027", "k_00028"]
I0327 18:03:09.165498 17856 ts_tablet_manager.cc:311] Bootstrapping tablet: a14f8e681db84596874bd81e529ceea9
I0327 18:03:09.166350 17852 ts_tablet_manager.cc:311] Bootstrapping tablet: dae48e97e8e343249d8ef0e214959686
I0327 18:03:09.166396 17676 ts_tablet_manager.cc:446] Registered tablet 440df2a5b4da4f63b9343579e54ab1e5
I0327 18:03:09.167275 17848 tablet_bootstrap.cc:297] Tablet a10077a0cfa14cb6959aea9fb9c36958: Bootstrap starting.
I0327 18:03:09.167707 17852 tablet_bootstrap.cc:297] Tablet dae48e97e8e343249d8ef0e214959686: Bootstrap starting.
I0327 18:03:09.167932 17858 ts_tablet_manager.cc:311] Bootstrapping tablet: 6c53b2219b1d4e71bff6902eb2c68d3c
I0327 18:03:09.167996 17758 tablet_bootstrap.cc:297] Tablet f856afd55835496699cc9eaa0f8207e6: No bootstrap required, opened a new log
I0327 18:03:09.168956 17865 tablet_bootstrap.cc:297] Tablet 2c616b44b6ef4030932f828f403ffed0: Bootstrap starting.
I0327 18:03:09.169508 17793 tablet_bootstrap.cc:390] No previous blocks or log segments found for tablet: aa39a71ad3744a408065b9ea2cc5581b creating new one.
I0327 18:03:09.170267 17564 messenger.cc:194] Service unavailable: service kudu.master.MasterService not registered on Master
W0327 18:03:09.170424 17734 heartbeater.cc:352] Failed to heartbeat to 127.0.0.1:54775: Remote error: Failed to send heartbeat: Service unavailable: service kudu.master.MasterService not registered on Master
I0327 18:03:09.170524 17846 tablet_bootstrap.cc:297] Tablet 97772270037d44d9a0ec1244dce6adc7: Bootstrap starting.
I0327 18:03:09.170558 17680 tablet_service.cc:424] Processing CreateTablet for tablet 374bf80d0ca94879b87514008f4cdd4c (table=test_table [id=f33dbbd69f5342a0b20aadc7f23dae40]), range=["k_00029", "k_00030"]
I0327 18:03:09.171416 17758 ts_tablet_manager.cc:316] Time spent tablet f856afd55835496699cc9eaa0f8207e6 bootstrap: real 0.125s user 0.004s sys 0.000s
I0327 18:03:09.171732 17677 ts_tablet_manager.cc:446] Registered tablet e0e81fad900445dfbb0210f12d57a552
I0327 18:03:09.171757 17856 tablet_bootstrap.cc:297] Tablet a14f8e681db84596874bd81e529ceea9: Bootstrap starting.
I0327 18:03:09.171936 17673 ts_tablet_manager.cc:446] Registered tablet 06c2b6f9f13549b8a75b0e96f89b1fcc
I0327 18:03:09.172292 17755 tablet_bootstrap.cc:390] No previous blocks or log segments found for tablet: 83ba267e76474c9aac542e017df10d18 creating new one.
I0327 18:03:09.172654 17690 tablet_service.cc:424] Processing CreateTablet for tablet 7da93570cdfa4b389b1e8c39a6b5d30b (table=test_table [id=f33dbbd69f5342a0b20aadc7f23dae40]), range=["k_00051", "k_00052"]
I0327 18:03:09.175734 17758 ts_tablet_manager.cc:336] Time spent starting tablet f856afd55835496699cc9eaa0f8207e6: real 0.004s user 0.000s sys 0.002s
I0327 18:03:09.178015 17680 ts_tablet_manager.cc:446] Registered tablet 374bf80d0ca94879b87514008f4cdd4c
I0327 18:03:09.178880 17773 change_config_transaction.cc:131] T f856afd55835496699cc9eaa0f8207e6 P fbf9fbe2f25e412893de7862bff86251: Configuration changed Changed from: opid_index: -1 local: true peers { permanent_uuid: "fbf9fbe2f25e412893de7862bff86251" role: CANDIDATE last_known_addr { host: "127.0.0.1" port: 34436 } } Changed to: opid_index: 1 local: true peers { permanent_uuid: "fbf9fbe2f25e412893de7862bff86251" role: LEADER last_known_addr { host: "127.0.0.1" port: 34436 } }
I0327 18:03:09.179399 17690 ts_tablet_manager.cc:446] Registered tablet 7da93570cdfa4b389b1e8c39a6b5d30b
I0327 18:03:09.180826 17564 messenger.cc:194] Service unavailable: service kudu.master.MasterService not registered on Master
W0327 18:03:09.180996 17734 heartbeater.cc:352] Failed to heartbeat to 127.0.0.1:54775: Remote error: Failed to send heartbeat: Service unavailable: service kudu.master.MasterService not registered on Master
I0327 18:03:09.182939 17682 tablet_service.cc:424] Processing CreateTablet for tablet a782e421ca554b68b1135eba58d7b1c6 (table=test_table [id=f33dbbd69f5342a0b20aadc7f23dae40]), range=["k_00090", "k_00091"]
I0327 18:03:09.183208 17755 tablet_bootstrap.cc:297] Tablet 83ba267e76474c9aac542e017df10d18: No bootstrap required, opened a new log
I0327 18:03:09.183348 17755 ts_tablet_manager.cc:316] Time spent tablet 83ba267e76474c9aac542e017df10d18 bootstrap: real 0.134s user 0.003s sys 0.003s
I0327 18:03:09.183588 17759 ts_tablet_manager.cc:336] Time spent starting tablet b4b88e1d35094358b09246877b3c3f87: real 0.050s user 0.001s sys 0.002s
I0327 18:03:09.184520 17805 tablet_bootstrap.cc:390] No previous blocks or log segments found for tablet: fb147521187e41f4a9914b4eb27aa6c4 creating new one.
I0327 18:03:09.185045 17685 tablet_service.cc:424] Processing CreateTablet for tablet a3dbdf5c19754b28887a34bcb1b13ca2 (table=test_table [id=f33dbbd69f5342a0b20aadc7f23dae40]), range=["k_00057", "k_00058"]
I0327 18:03:09.185449 17762 ts_tablet_manager.cc:311] Bootstrapping tablet: 0b158ca5d7b34c9f8e987ad5a4839350
I0327 18:03:09.185998 17860 ts_tablet_manager.cc:311] Bootstrapping tablet: 9fbf692f73aa4ea89f213519272064cf
