I0327 18:03:08.043242 15239 ts_tablet_manager.cc:446] Registered tablet bfea027cf62f4e5396d88acb8d6e49a1
I0327 18:03:08.043299 15747 tablet_bootstrap.cc:297] Tablet 90c789bea0eb49149e556a828c9df96d: Bootstrap starting.
I0327 18:03:08.044163 15227 ts_tablet_manager.cc:446] Registered tablet 2e1ba6581b894d298287b479a206fcd7
I0327 18:03:08.044651 15224 ts_tablet_manager.cc:446] Registered tablet a7d482a8b3f74081b5667ce9746d8e6f
I0327 18:03:08.045397 15229 ts_tablet_manager.cc:446] Registered tablet dadcd9702ef14951b9905b61dfa66554
I0327 18:03:08.046015 15601 ts_tablet_manager.cc:336] Time spent starting tablet 90aa001f9faf4a50a929102c72505ef2: real 0.191s user 0.002s sys 0.003s
I0327 18:03:08.046068 15601 ts_tablet_manager.cc:311] Bootstrapping tablet: ec9e2a09f62e442ea57d7e1d00779ac1
I0327 18:03:08.047771 15225 ts_tablet_manager.cc:446] Registered tablet 185d448af807497fabce06949826add4
I0327 18:03:08.048575 15601 tablet_bootstrap.cc:297] Tablet ec9e2a09f62e442ea57d7e1d00779ac1: Bootstrap starting.
I0327 18:03:08.048795 15783 tablet_bootstrap.cc:297] Tablet da2b7d8affea4f3aa5cce26de6d2d3e1: No bootstrap required, opened a new log
I0327 18:03:08.048924 15783 ts_tablet_manager.cc:316] Time spent tablet da2b7d8affea4f3aa5cce26de6d2d3e1 bootstrap: real 0.278s user 0.006s sys 0.000s
I0327 18:03:08.049075 15594 tablet_bootstrap.cc:390] No previous blocks or log segments found for tablet: 00bbae36b92442dda9321ffea6acdcef creating new one.
I0327 18:03:08.049612 15237 ts_tablet_manager.cc:446] Registered tablet 3f481ade4949442daf7e9f5a74b74ecf
I0327 18:03:08.050143 15570 tablet_bootstrap.cc:390] No previous blocks or log segments found for tablet: 5575686cbcc14a049f3f3f1362b39608 creating new one.
I0327 18:03:08.050967 16046 tablet_bootstrap.cc:390] No previous blocks or log segments found for tablet: a9bfcd52f03b4372a7ff8cc6a9852efe creating new one.
I0327 18:03:08.051018 15594 tablet_bootstrap.cc:297] Tablet 00bbae36b92442dda9321ffea6acdcef: No bootstrap required, opened a new log
I0327 18:03:08.051144 15594 ts_tablet_manager.cc:316] Time spent tablet 00bbae36b92442dda9321ffea6acdcef bootstrap: real 0.342s user 0.002s sys 0.005s
I0327 18:03:08.051895 15763 tablet_bootstrap.cc:390] No previous blocks or log segments found for tablet: 4b2e1bb2f6524b25bfa33b2467953e20 creating new one.
I0327 18:03:08.051913 16402 change_config_transaction.cc:131] T da2b7d8affea4f3aa5cce26de6d2d3e1 P 530c0b4a6ad04c6ba6fc596d21dd74c6: Configuration changed Changed from: opid_index: -1 local: true peers { permanent_uuid: "530c0b4a6ad04c6ba6fc596d21dd74c6" role: CANDIDATE last_known_addr { host: "127.0.0.1" port: 44690 } } Changed to: opid_index: 1 local: true peers { permanent_uuid: "530c0b4a6ad04c6ba6fc596d21dd74c6" role: LEADER last_known_addr { host: "127.0.0.1" port: 44690 } }
I0327 18:03:08.052737 15699 tablet_bootstrap.cc:390] No previous blocks or log segments found for tablet: a35c06c14ffb4faaa90cbe5ead5372e1 creating new one.
I0327 18:03:08.053621 15580 tablet_bootstrap.cc:390] No previous blocks or log segments found for tablet: f5d6a222ec534f8aade06206b6935922 creating new one.
I0327 18:03:08.054507 15563 ts_tablet_manager.cc:336] Time spent starting tablet 9e62a7a671564f499757de3513759a05: real 0.028s user 0.002s sys 0.000s
I0327 18:03:08.054543 15747 tablet_bootstrap.cc:390] No previous blocks or log segments found for tablet: 90c789bea0eb49149e556a828c9df96d creating new one.
I0327 18:03:08.054559 15563 ts_tablet_manager.cc:311] Bootstrapping tablet: 278cb0f0e40946e6b87b91adf2cfd4c8
I0327 18:03:08.054752 15566 ts_tablet_manager.cc:336] Time spent starting tablet 21dd70bf74be47dd8a8afd5e0292a933: real 0.091s user 0.002s sys 0.001s
I0327 18:03:08.054810 15566 ts_tablet_manager.cc:311] Bootstrapping tablet: a30023e490054a1cb72874128625e8e2
I0327 18:03:08.055485 16402 change_config_transaction.cc:131] T 9e62a7a671564f499757de3513759a05 P 530c0b4a6ad04c6ba6fc596d21dd74c6: Configuration changed Changed from: opid_index: -1 local: true peers { permanent_uuid: "530c0b4a6ad04c6ba6fc596d21dd74c6" role: CANDIDATE last_known_addr { host: "127.0.0.1" port: 44690 } } Changed to: opid_index: 1 local: true peers { permanent_uuid: "530c0b4a6ad04c6ba6fc596d21dd74c6" role: LEADER last_known_addr { host: "127.0.0.1" port: 44690 } }
I0327 18:03:08.055919 15737 tablet_bootstrap.cc:297] Tablet 4021fd7aa32f42e4b1c90c8a2f34a9d3: No bootstrap required, opened a new log
I0327 18:03:08.056038 15737 ts_tablet_manager.cc:316] Time spent tablet 4021fd7aa32f42e4b1c90c8a2f34a9d3 bootstrap: real 0.305s user 0.000s sys 0.007s
I0327 18:03:08.056573 15661 tablet_bootstrap.cc:297] Tablet 70409a506ee8459bb8173ca6ff46021c: No bootstrap required, opened a new log
I0327 18:03:08.056653 15563 tablet_bootstrap.cc:297] Tablet 278cb0f0e40946e6b87b91adf2cfd4c8: Bootstrap starting.
I0327 18:03:08.056687 15661 ts_tablet_manager.cc:316] Time spent tablet 70409a506ee8459bb8173ca6ff46021c bootstrap: real 0.329s user 0.005s sys 0.003s
I0327 18:03:08.058025 15809 tablet_bootstrap.cc:390] No previous blocks or log segments found for tablet: 33ecd524e7824bfbb773aaa144e31bac creating new one.
I0327 18:03:08.059532 15728 tablet_bootstrap.cc:390] No previous blocks or log segments found for tablet: 57f2fb17d5f5455dabf5ae10078c2137 creating new one.
I0327 18:03:08.060931 14926 catalog_manager.cc:1288] Tablet: da2b7d8affea4f3aa5cce26de6d2d3e1 reported quorum change. New quorum: opid_index: 1 local: true peers { permanent_uuid: "530c0b4a6ad04c6ba6fc596d21dd74c6" role: LEADER last_known_addr { host: "127.0.0.1" port: 44690 } }
I0327 18:03:08.063338 15566 tablet_bootstrap.cc:297] Tablet a30023e490054a1cb72874128625e8e2: Bootstrap starting.
I0327 18:03:08.066370 15783 ts_tablet_manager.cc:336] Time spent starting tablet da2b7d8affea4f3aa5cce26de6d2d3e1: real 0.017s user 0.002s sys 0.000s
I0327 18:03:08.066431 15783 ts_tablet_manager.cc:311] Bootstrapping tablet: 9b4a63667e8a49759974f54591379c03
I0327 18:03:08.066975 15577 tablet_bootstrap.cc:390] No previous blocks or log segments found for tablet: ade67b9ab6d146db9a3dfd7588d5551d creating new one.
I0327 18:03:08.067061 15565 tablet_bootstrap.cc:297] Tablet b0d7502b983c4713a9a5ec53334fdc3a: No bootstrap required, opened a new log
I0327 18:03:08.067173 15565 ts_tablet_manager.cc:316] Time spent tablet b0d7502b983c4713a9a5ec53334fdc3a bootstrap: real 0.372s user 0.006s sys 0.002s
I0327 18:03:08.067957 15742 tablet_bootstrap.cc:390] No previous blocks or log segments found for tablet: 275778c251e147ff92a289b73c1a28af creating new one.
I0327 18:03:08.069947 15693 tablet_bootstrap.cc:297] Tablet 88da91df0fd74943af8d555c0d0bb540: No bootstrap required, opened a new log
I0327 18:03:08.070056 15693 ts_tablet_manager.cc:316] Time spent tablet 88da91df0fd74943af8d555c0d0bb540 bootstrap: real 0.341s user 0.004s sys 0.004s
I0327 18:03:08.070535 15936 tablet_bootstrap.cc:390] No previous blocks or log segments found for tablet: 306dcef7683a4c919aa27c834b897ece creating new one.
I0327 18:03:08.070685 15783 tablet_bootstrap.cc:297] Tablet 9b4a63667e8a49759974f54591379c03: Bootstrap starting.
I0327 18:03:08.071383 15629 tablet_bootstrap.cc:390] No previous blocks or log segments found for tablet: dbf1398cbc6e4e9583c82712a98e94b6 creating new one.
I0327 18:03:08.071864 15753 tablet_bootstrap.cc:390] No previous blocks or log segments found for tablet: 501504ed725f42f58cbb2f7fcc036d5f creating new one.
I0327 18:03:08.074239 15966 tablet_bootstrap.cc:390] No previous blocks or log segments found for tablet: 5f88c90d708b4ec0a716b555ab4f39e4 creating new one.
I0327 18:03:08.074518 16402 change_config_transaction.cc:131] T 4021fd7aa32f42e4b1c90c8a2f34a9d3 P 530c0b4a6ad04c6ba6fc596d21dd74c6: Configuration changed Changed from: opid_index: -1 local: true peers { permanent_uuid: "530c0b4a6ad04c6ba6fc596d21dd74c6" role: CANDIDATE last_known_addr { host: "127.0.0.1" port: 44690 } } Changed to: opid_index: 1 local: true peers { permanent_uuid: "530c0b4a6ad04c6ba6fc596d21dd74c6" role: LEADER last_known_addr { host: "127.0.0.1" port: 44690 } }
I0327 18:03:08.075712 15577 tablet_bootstrap.cc:297] Tablet ade67b9ab6d146db9a3dfd7588d5551d: No bootstrap required, opened a new log
I0327 18:03:08.075750 15763 tablet_bootstrap.cc:297] Tablet 4b2e1bb2f6524b25bfa33b2467953e20: No bootstrap required, opened a new log
I0327 18:03:08.075827 15577 ts_tablet_manager.cc:316] Time spent tablet ade67b9ab6d146db9a3dfd7588d5551d bootstrap: real 0.371s user 0.000s sys 0.008s
I0327 18:03:08.075860 15763 ts_tablet_manager.cc:316] Time spent tablet 4b2e1bb2f6524b25bfa33b2467953e20 bootstrap: real 0.310s user 0.002s sys 0.004s
I0327 18:03:08.076541 16402 change_config_transaction.cc:131] T 70409a506ee8459bb8173ca6ff46021c P 530c0b4a6ad04c6ba6fc596d21dd74c6: Configuration changed Changed from: opid_index: -1 local: true peers { permanent_uuid: "530c0b4a6ad04c6ba6fc596d21dd74c6" role: CANDIDATE last_known_addr { host: "127.0.0.1" port: 44690 } } Changed to: opid_index: 1 local: true peers { permanent_uuid: "530c0b4a6ad04c6ba6fc596d21dd74c6" role: LEADER last_known_addr { host: "127.0.0.1" port: 44690 } }
I0327 18:03:08.078367 15571 tablet_bootstrap.cc:390] No previous blocks or log segments found for tablet: aece7b2fe8f8479589a8b6b599a5bada creating new one.
I0327 18:03:08.079027 15923 tablet_bootstrap.cc:297] Tablet 253d0f638e674c179ba509d9a9b7ea72: No bootstrap required, opened a new log
I0327 18:03:08.079143 15923 ts_tablet_manager.cc:316] Time spent tablet 253d0f638e674c179ba509d9a9b7ea72 bootstrap: real 0.255s user 0.003s sys 0.003s
I0327 18:03:08.079730 16047 tablet_bootstrap.cc:390] No previous blocks or log segments found for tablet: cfac2ee80379412b851db584406682db creating new one.
I0327 18:03:08.081612 15569 ts_tablet_manager.cc:336] Time spent starting tablet 4e3ca48ab63842c08fce48a9ecf9ef1b: real 0.282s user 0.003s sys 0.002s
I0327 18:03:08.081666 15661 ts_tablet_manager.cc:336] Time spent starting tablet 70409a506ee8459bb8173ca6ff46021c: real 0.025s user 0.001s sys 0.001s
I0327 18:03:08.081675 15569 ts_tablet_manager.cc:311] Bootstrapping tablet: 73fc217d40a94f40bd16086dac77547b
I0327 18:03:08.081717 15661 ts_tablet_manager.cc:311] Bootstrapping tablet: 85dbe1e276e7426ea5556efbd5715122
I0327 18:03:08.082989 15980 tablet_bootstrap.cc:390] No previous blocks or log segments found for tablet: 3f33675c8b914f89904d30081f2806ee creating new one.
I0327 18:03:08.083437 15744 tablet_bootstrap.cc:297] Tablet f0571c2fe553457992bb127677127391: No bootstrap required, opened a new log
I0327 18:03:08.083562 15744 ts_tablet_manager.cc:316] Time spent tablet f0571c2fe553457992bb127677127391 bootstrap: real 0.327s user 0.002s sys 0.005s
I0327 18:03:08.083983 15737 ts_tablet_manager.cc:336] Time spent starting tablet 4021fd7aa32f42e4b1c90c8a2f34a9d3: real 0.028s user 0.002s sys 0.000s
I0327 18:03:08.084038 15737 ts_tablet_manager.cc:311] Bootstrapping tablet: 501ad38f7c6a4d17acd4dcf6f0437ab9
I0327 18:03:08.087100 15793 tablet_bootstrap.cc:390] No previous blocks or log segments found for tablet: 2cb986d4be444376a60afd7c1a37897b creating new one.
I0327 18:03:08.088018 15569 tablet_bootstrap.cc:297] Tablet 73fc217d40a94f40bd16086dac77547b: Bootstrap starting.
I0327 18:03:08.088932 15737 tablet_bootstrap.cc:297] Tablet 501ad38f7c6a4d17acd4dcf6f0437ab9: Bootstrap starting.
I0327 18:03:08.089056 14928 catalog_manager.cc:1288] Tablet: 9e62a7a671564f499757de3513759a05 reported quorum change. New quorum: opid_index: 1 local: true peers { permanent_uuid: "530c0b4a6ad04c6ba6fc596d21dd74c6" role: LEADER last_known_addr { host: "127.0.0.1" port: 44690 } }
I0327 18:03:08.089779 15661 tablet_bootstrap.cc:297] Tablet 85dbe1e276e7426ea5556efbd5715122: Bootstrap starting.
I0327 18:03:08.090215 15568 tablet_bootstrap.cc:390] No previous blocks or log segments found for tablet: 3fb574c80ee54740b77890f81186723f creating new one.
I0327 18:03:08.091349 15855 tablet_bootstrap.cc:390] No previous blocks or log segments found for tablet: 868f545ec2e2456cb5bb844b1f3307ad creating new one.
I0327 18:03:08.093024 15568 tablet_bootstrap.cc:297] Tablet 3fb574c80ee54740b77890f81186723f: No bootstrap required, opened a new log
I0327 18:03:08.093137 15568 ts_tablet_manager.cc:316] Time spent tablet 3fb574c80ee54740b77890f81186723f bootstrap: real 0.390s user 0.003s sys 0.005s
I0327 18:03:08.093161 15956 tablet_bootstrap.cc:390] No previous blocks or log segments found for tablet: 92215638a434473fb2f09c5faf9d3b8d creating new one.
I0327 18:03:08.096631 15936 tablet_bootstrap.cc:297] Tablet 306dcef7683a4c919aa27c834b897ece: No bootstrap required, opened a new log
I0327 18:03:08.096776 15936 ts_tablet_manager.cc:316] Time spent tablet 306dcef7683a4c919aa27c834b897ece bootstrap: real 0.292s user 0.000s sys 0.007s
I0327 18:03:08.096879 15742 tablet_bootstrap.cc:297] Tablet 275778c251e147ff92a289b73c1a28af: No bootstrap required, opened a new log
I0327 18:03:08.096995 15742 ts_tablet_manager.cc:316] Time spent tablet 275778c251e147ff92a289b73c1a28af bootstrap: real 0.345s user 0.005s sys 0.003s
I0327 18:03:08.100227 16046 tablet_bootstrap.cc:297] Tablet a9bfcd52f03b4372a7ff8cc6a9852efe: No bootstrap required, opened a new log
I0327 18:03:08.100349 16046 ts_tablet_manager.cc:316] Time spent tablet a9bfcd52f03b4372a7ff8cc6a9852efe bootstrap: real 0.248s user 0.003s sys 0.004s
I0327 18:03:08.102860 16053 tablet_bootstrap.cc:390] No previous blocks or log segments found for tablet: 4369b605b9e14d868890de2860c8e9c2 creating new one.
I0327 18:03:08.102985 15571 tablet_bootstrap.cc:297] Tablet aece7b2fe8f8479589a8b6b599a5bada: No bootstrap required, opened a new log
I0327 18:03:08.103102 15571 ts_tablet_manager.cc:316] Time spent tablet aece7b2fe8f8479589a8b6b599a5bada bootstrap: real 0.401s user 0.006s sys 0.002s
I0327 18:03:08.104223 16402 change_config_transaction.cc:131] T ade67b9ab6d146db9a3dfd7588d5551d P 530c0b4a6ad04c6ba6fc596d21dd74c6: Configuration changed Changed from: opid_index: -1 local: true peers { permanent_uuid: "530c0b4a6ad04c6ba6fc596d21dd74c6" role: CANDIDATE last_known_addr { host: "127.0.0.1" port: 44690 } } Changed to: opid_index: 1 local: true peers { permanent_uuid: "530c0b4a6ad04c6ba6fc596d21dd74c6" role: LEADER last_known_addr { host: "127.0.0.1" port: 44690 } }
I0327 18:03:08.104351 14927 catalog_manager.cc:1288] Tablet: 70409a506ee8459bb8173ca6ff46021c reported quorum change. New quorum: opid_index: 1 local: true peers { permanent_uuid: "530c0b4a6ad04c6ba6fc596d21dd74c6" role: LEADER last_known_addr { host: "127.0.0.1" port: 44690 } }
I0327 18:03:08.104363 16402 change_config_transaction.cc:131] T 3fb574c80ee54740b77890f81186723f P 530c0b4a6ad04c6ba6fc596d21dd74c6: Configuration changed Changed from: opid_index: -1 local: true peers { permanent_uuid: "530c0b4a6ad04c6ba6fc596d21dd74c6" role: CANDIDATE last_known_addr { host: "127.0.0.1" port: 44690 } } Changed to: opid_index: 1 local: true peers { permanent_uuid: "530c0b4a6ad04c6ba6fc596d21dd74c6" role: LEADER last_known_addr { host: "127.0.0.1" port: 44690 } }
I0327 18:03:08.105180 15699 tablet_bootstrap.cc:297] Tablet a35c06c14ffb4faaa90cbe5ead5372e1: No bootstrap required, opened a new log
I0327 18:03:08.105304 15699 ts_tablet_manager.cc:316] Time spent tablet a35c06c14ffb4faaa90cbe5ead5372e1 bootstrap: real 0.356s user 0.003s sys 0.005s
I0327 18:03:08.105511 14789 master-test-util.h:49] Waiting for 100 tablets for table test_table. So far we have 7
I0327 18:03:08.106011 14927 catalog_manager.cc:1288] Tablet: 4021fd7aa32f42e4b1c90c8a2f34a9d3 reported quorum change. New quorum: opid_index: 1 local: true peers { permanent_uuid: "530c0b4a6ad04c6ba6fc596d21dd74c6" role: LEADER last_known_addr { host: "127.0.0.1" port: 44690 } }
I0327 18:03:08.106510 15728 tablet_bootstrap.cc:297] Tablet 57f2fb17d5f5455dabf5ae10078c2137: No bootstrap required, opened a new log
I0327 18:03:08.106534 16402 change_config_transaction.cc:131] T 630a7b53c0e24b56be0895ccb603e38d P 530c0b4a6ad04c6ba6fc596d21dd74c6: Configuration changed Changed from: opid_index: -1 local: true peers { permanent_uuid: "530c0b4a6ad04c6ba6fc596d21dd74c6" role: CANDIDATE last_known_addr { host: "127.0.0.1" port: 44690 } } Changed to: opid_index: 1 local: true peers { permanent_uuid: "530c0b4a6ad04c6ba6fc596d21dd74c6" role: LEADER last_known_addr { host: "127.0.0.1" port: 44690 } }
I0327 18:03:08.106637 15728 ts_tablet_manager.cc:316] Time spent tablet 57f2fb17d5f5455dabf5ae10078c2137 bootstrap: real 0.368s user 0.006s sys 0.002s
I0327 18:03:08.107333 16054 tablet_bootstrap.cc:390] No previous blocks or log segments found for tablet: 6a5ae2453ddf440fb8d54a7f5b18f7f9 creating new one.
I0327 18:03:08.111193 15744 ts_tablet_manager.cc:336] Time spent starting tablet f0571c2fe553457992bb127677127391: real 0.028s user 0.001s sys 0.001s
I0327 18:03:08.111253 15744 ts_tablet_manager.cc:311] Bootstrapping tablet: f2045d118ead49a4916b6705ba6549a9
I0327 18:03:08.112180 15568 ts_tablet_manager.cc:336] Time spent starting tablet 3fb574c80ee54740b77890f81186723f: real 0.019s user 0.000s sys 0.002s
I0327 18:03:08.112231 15568 ts_tablet_manager.cc:311] Bootstrapping tablet: 19e05ff1b89a42e7ac5dd4d65deea211
I0327 18:03:08.112526 16656 change_config_transaction.cc:131] T f0571c2fe553457992bb127677127391 P 530c0b4a6ad04c6ba6fc596d21dd74c6: Configuration changed Changed from: opid_index: -1 local: true peers { permanent_uuid: "530c0b4a6ad04c6ba6fc596d21dd74c6" role: CANDIDATE last_known_addr { host: "127.0.0.1" port: 44690 } } Changed to: opid_index: 1 local: true peers { permanent_uuid: "530c0b4a6ad04c6ba6fc596d21dd74c6" role: LEADER last_known_addr { host: "127.0.0.1" port: 44690 } }
I0327 18:03:08.113322 15570 tablet_bootstrap.cc:297] Tablet 5575686cbcc14a049f3f3f1362b39608: No bootstrap required, opened a new log
I0327 18:03:08.113445 15570 ts_tablet_manager.cc:316] Time spent tablet 5575686cbcc14a049f3f3f1362b39608 bootstrap: real 0.408s user 0.004s sys 0.004s
I0327 18:03:08.114758 15629 tablet_bootstrap.cc:297] Tablet dbf1398cbc6e4e9583c82712a98e94b6: No bootstrap required, opened a new log
I0327 18:03:08.114907 15629 ts_tablet_manager.cc:316] Time spent tablet dbf1398cbc6e4e9583c82712a98e94b6 bootstrap: real 0.402s user 0.002s sys 0.007s
I0327 18:03:08.115597 15744 tablet_bootstrap.cc:297] Tablet f2045d118ead49a4916b6705ba6549a9: Bootstrap starting.
I0327 18:03:08.116508 15944 tablet_bootstrap.cc:390] No previous blocks or log segments found for tablet: bb60380ccdc94398bd022e23aac31518 creating new one.
I0327 18:03:08.117372 15563 tablet_bootstrap.cc:390] No previous blocks or log segments found for tablet: 278cb0f0e40946e6b87b91adf2cfd4c8 creating new one.
I0327 18:03:08.121713 15577 ts_tablet_manager.cc:336] Time spent starting tablet ade67b9ab6d146db9a3dfd7588d5551d: real 0.046s user 0.003s sys 0.000s
I0327 18:03:08.121773 15577 ts_tablet_manager.cc:311] Bootstrapping tablet: f157a55e75c648369cf92a0bb5153bc8
I0327 18:03:08.123409 16402 change_config_transaction.cc:131] T 57f2fb17d5f5455dabf5ae10078c2137 P 530c0b4a6ad04c6ba6fc596d21dd74c6: Configuration changed Changed from: opid_index: -1 local: true peers { permanent_uuid: "530c0b4a6ad04c6ba6fc596d21dd74c6" role: CANDIDATE last_known_addr { host: "127.0.0.1" port: 44690 } } Changed to: opid_index: 1 local: true peers { permanent_uuid: "530c0b4a6ad04c6ba6fc596d21dd74c6" role: LEADER last_known_addr { host: "127.0.0.1" port: 44690 } }
I0327 18:03:08.123908 15568 tablet_bootstrap.cc:297] Tablet 19e05ff1b89a42e7ac5dd4d65deea211: Bootstrap starting.
I0327 18:03:08.124614 16656 change_config_transaction.cc:131] T 4b2e1bb2f6524b25bfa33b2467953e20 P 530c0b4a6ad04c6ba6fc596d21dd74c6: Configuration changed Changed from: opid_index: -1 local: true peers { permanent_uuid: "530c0b4a6ad04c6ba6fc596d21dd74c6" role: CANDIDATE last_known_addr { host: "127.0.0.1" port: 44690 } } Changed to: opid_index: 1 local: true peers { permanent_uuid: "530c0b4a6ad04c6ba6fc596d21dd74c6" role: LEADER last_known_addr { host: "127.0.0.1" port: 44690 } }
I0327 18:03:08.124737 15563 tablet_bootstrap.cc:297] Tablet 278cb0f0e40946e6b87b91adf2cfd4c8: No bootstrap required, opened a new log
I0327 18:03:08.124852 15563 ts_tablet_manager.cc:316] Time spent tablet 278cb0f0e40946e6b87b91adf2cfd4c8 bootstrap: real 0.070s user 0.003s sys 0.000s
I0327 18:03:08.126411 15577 tablet_bootstrap.cc:297] Tablet f157a55e75c648369cf92a0bb5153bc8: Bootstrap starting.
I0327 18:03:08.128548 16402 change_config_transaction.cc:131] T aece7b2fe8f8479589a8b6b599a5bada P 530c0b4a6ad04c6ba6fc596d21dd74c6: Configuration changed Changed from: opid_index: -1 local: true peers { permanent_uuid: "530c0b4a6ad04c6ba6fc596d21dd74c6" role: CANDIDATE last_known_addr { host: "127.0.0.1" port: 44690 } } Changed to: opid_index: 1 local: true peers { permanent_uuid: "530c0b4a6ad04c6ba6fc596d21dd74c6" role: LEADER last_known_addr { host: "127.0.0.1" port: 44690 } }
I0327 18:03:08.128695 16402 change_config_transaction.cc:131] T a35c06c14ffb4faaa90cbe5ead5372e1 P 530c0b4a6ad04c6ba6fc596d21dd74c6: Configuration changed Changed from: opid_index: -1 local: true peers { permanent_uuid: "530c0b4a6ad04c6ba6fc596d21dd74c6" role: CANDIDATE last_known_addr { host: "127.0.0.1" port: 44690 } } Changed to: opid_index: 1 local: true peers { permanent_uuid: "530c0b4a6ad04c6ba6fc596d21dd74c6" role: LEADER last_known_addr { host: "127.0.0.1" port: 44690 } }
I0327 18:03:08.128972 16027 tablet_bootstrap.cc:390] No previous blocks or log segments found for tablet: a9dee6c4541f4583b54f7ae326e249ec creating new one.
I0327 18:03:08.129485 14929 catalog_manager.cc:1288] Tablet: 3fb574c80ee54740b77890f81186723f reported quorum change. New quorum: opid_index: 1 local: true peers { permanent_uuid: "530c0b4a6ad04c6ba6fc596d21dd74c6" role: LEADER last_known_addr { host: "127.0.0.1" port: 44690 } }
I0327 18:03:08.129675 15809 tablet_bootstrap.cc:297] Tablet 33ecd524e7824bfbb773aaa144e31bac: No bootstrap required, opened a new log
I0327 18:03:08.129765 15914 tablet_bootstrap.cc:390] No previous blocks or log segments found for tablet: 801b02c7826c41af9623fc187689b484 creating new one.
I0327 18:03:08.129791 15809 ts_tablet_manager.cc:316] Time spent tablet 33ecd524e7824bfbb773aaa144e31bac bootstrap: real 0.333s user 0.005s sys 0.003s
I0327 18:03:08.130617 14929 catalog_manager.cc:1288] Tablet: 630a7b53c0e24b56be0895ccb603e38d reported quorum change. New quorum: opid_index: 1 local: true peers { permanent_uuid: "530c0b4a6ad04c6ba6fc596d21dd74c6" role: LEADER last_known_addr { host: "127.0.0.1" port: 44690 } }
I0327 18:03:08.131326 14929 catalog_manager.cc:1288] Tablet: ade67b9ab6d146db9a3dfd7588d5551d reported quorum change. New quorum: opid_index: 1 local: true peers { permanent_uuid: "530c0b4a6ad04c6ba6fc596d21dd74c6" role: LEADER last_known_addr { host: "127.0.0.1" port: 44690 } }
I0327 18:03:08.132802 14929 catalog_manager.cc:1288] Tablet: f0571c2fe553457992bb127677127391 reported quorum change. New quorum: opid_index: 1 local: true peers { permanent_uuid: "530c0b4a6ad04c6ba6fc596d21dd74c6" role: LEADER last_known_addr { host: "127.0.0.1" port: 44690 } }
I0327 18:03:08.133739 15914 tablet_bootstrap.cc:297] Tablet 801b02c7826c41af9623fc187689b484: No bootstrap required, opened a new log
I0327 18:03:08.133854 15914 ts_tablet_manager.cc:316] Time spent tablet 801b02c7826c41af9623fc187689b484 bootstrap: real 0.332s user 0.000s sys 0.007s
I0327 18:03:08.134222 15566 tablet_bootstrap.cc:390] No previous blocks or log segments found for tablet: a30023e490054a1cb72874128625e8e2 creating new one.
I0327 18:03:08.135263 15855 tablet_bootstrap.cc:297] Tablet 868f545ec2e2456cb5bb844b1f3307ad: No bootstrap required, opened a new log
I0327 18:03:08.135383 15855 ts_tablet_manager.cc:316] Time spent tablet 868f545ec2e2456cb5bb844b1f3307ad bootstrap: real 0.333s user 0.002s sys 0.005s
I0327 18:03:08.135457 16656 change_config_transaction.cc:131] T 5575686cbcc14a049f3f3f1362b39608 P 530c0b4a6ad04c6ba6fc596d21dd74c6: Configuration changed Changed from: opid_index: -1 local: true peers { permanent_uuid: "530c0b4a6ad04c6ba6fc596d21dd74c6" role: CANDIDATE last_known_addr { host: "127.0.0.1" port: 44690 } } Changed to: opid_index: 1 local: true peers { permanent_uuid: "530c0b4a6ad04c6ba6fc596d21dd74c6" role: LEADER last_known_addr { host: "127.0.0.1" port: 44690 } }
I0327 18:03:08.136098 15753 tablet_bootstrap.cc:297] Tablet 501504ed725f42f58cbb2f7fcc036d5f: No bootstrap required, opened a new log
I0327 18:03:08.136222 15753 ts_tablet_manager.cc:316] Time spent tablet 501504ed725f42f58cbb2f7fcc036d5f bootstrap: real 0.375s user 0.003s sys 0.004s
I0327 18:03:08.138361 16047 tablet_bootstrap.cc:297] Tablet cfac2ee80379412b851db584406682db: No bootstrap required, opened a new log
I0327 18:03:08.138408 15696 tablet_bootstrap.cc:390] No previous blocks or log segments found for tablet: a817e9ff160b4635bb217da3f98dff95 creating new one.
I0327 18:03:08.138484 16047 ts_tablet_manager.cc:316] Time spent tablet cfac2ee80379412b851db584406682db bootstrap: real 0.289s user 0.004s sys 0.003s
I0327 18:03:08.142206 15580 tablet_bootstrap.cc:297] Tablet f5d6a222ec534f8aade06206b6935922: No bootstrap required, opened a new log
I0327 18:03:08.142330 15580 ts_tablet_manager.cc:316] Time spent tablet f5d6a222ec534f8aade06206b6935922 bootstrap: real 0.433s user 0.004s sys 0.005s
I0327 18:03:08.143278 15661 tablet_bootstrap.cc:390] No previous blocks or log segments found for tablet: 85dbe1e276e7426ea5556efbd5715122 creating new one.
I0327 18:03:08.145280 15708 tablet_bootstrap.cc:390] No previous blocks or log segments found for tablet: 8bc31aad719147628258a1cd79734bd3 creating new one.
I0327 18:03:08.146857 15696 tablet_bootstrap.cc:297] Tablet a817e9ff160b4635bb217da3f98dff95: No bootstrap required, opened a new log
I0327 18:03:08.146977 15696 ts_tablet_manager.cc:316] Time spent tablet a817e9ff160b4635bb217da3f98dff95 bootstrap: real 0.404s user 0.002s sys 0.006s
I0327 18:03:08.148552 15824 tablet_bootstrap.cc:390] No previous blocks or log segments found for tablet: 45ed6ee190d34e209dbd7b2978f3b899 creating new one.
I0327 18:03:08.148957 16402 change_config_transaction.cc:131] T 253d0f638e674c179ba509d9a9b7ea72 P 530c0b4a6ad04c6ba6fc596d21dd74c6: Configuration changed Changed from: opid_index: -1 local: true peers { permanent_uuid: "530c0b4a6ad04c6ba6fc596d21dd74c6" role: CANDIDATE last_known_addr { host: "127.0.0.1" port: 44690 } } Changed to: opid_index: 1 local: true peers { permanent_uuid: "530c0b4a6ad04c6ba6fc596d21dd74c6" role: LEADER last_known_addr { host: "127.0.0.1" port: 44690 } }
I0327 18:03:08.150884 16656 change_config_transaction.cc:131] T b0d7502b983c4713a9a5ec53334fdc3a P 530c0b4a6ad04c6ba6fc596d21dd74c6: Configuration changed Changed from: opid_index: -1 local: true peers { permanent_uuid: "530c0b4a6ad04c6ba6fc596d21dd74c6" role: CANDIDATE last_known_addr { host: "127.0.0.1" port: 44690 } } Changed to: opid_index: 1 local: true peers { permanent_uuid: "530c0b4a6ad04c6ba6fc596d21dd74c6" role: LEADER last_known_addr { host: "127.0.0.1" port: 44690 } }
I0327 18:03:08.151489 15601 tablet_bootstrap.cc:390] No previous blocks or log segments found for tablet: ec9e2a09f62e442ea57d7e1d00779ac1 creating new one.
I0327 18:03:08.152400 14931 catalog_manager.cc:1288] Tablet: aece7b2fe8f8479589a8b6b599a5bada reported quorum change. New quorum: opid_index: 1 local: true peers { permanent_uuid: "530c0b4a6ad04c6ba6fc596d21dd74c6" role: LEADER last_known_addr { host: "127.0.0.1" port: 44690 } }
I0327 18:03:08.152789 16402 change_config_transaction.cc:131] T f5d6a222ec534f8aade06206b6935922 P 530c0b4a6ad04c6ba6fc596d21dd74c6: Configuration changed Changed from: opid_index: -1 local: true peers { permanent_uuid: "530c0b4a6ad04c6ba6fc596d21dd74c6" role: CANDIDATE last_known_addr { host: "127.0.0.1" port: 44690 } } Changed to: opid_index: 1 local: true peers { permanent_uuid: "530c0b4a6ad04c6ba6fc596d21dd74c6" role: LEADER last_known_addr { host: "127.0.0.1" port: 44690 } }
I0327 18:03:08.155131 15980 tablet_bootstrap.cc:297] Tablet 3f33675c8b914f89904d30081f2806ee: No bootstrap required, opened a new log
I0327 18:03:08.155247 15980 ts_tablet_manager.cc:316] Time spent tablet 3f33675c8b914f89904d30081f2806ee bootstrap: real 0.326s user 0.004s sys 0.003s
I0327 18:03:08.155977 15561 tablet_bootstrap.cc:390] No previous blocks or log segments found for tablet: 2194380e4ede4e679630d1c10ce05348 creating new one.
I0327 18:03:08.156762 15763 ts_tablet_manager.cc:336] Time spent starting tablet 4b2e1bb2f6524b25bfa33b2467953e20: real 0.081s user 0.003s sys 0.000s
I0327 18:03:08.156821 15763 ts_tablet_manager.cc:311] Bootstrapping tablet: 2a2695075db44c5398520b2a84a0b941
I0327 18:03:08.156810 14931 catalog_manager.cc:1288] Tablet: 4b2e1bb2f6524b25bfa33b2467953e20 reported quorum change. New quorum: opid_index: 1 local: true peers { permanent_uuid: "530c0b4a6ad04c6ba6fc596d21dd74c6" role: LEADER last_known_addr { host: "127.0.0.1" port: 44690 } }
I0327 18:03:08.156888 16656 change_config_transaction.cc:131] T 00bbae36b92442dda9321ffea6acdcef P 530c0b4a6ad04c6ba6fc596d21dd74c6: Configuration changed Changed from: opid_index: -1 local: true peers { permanent_uuid: "530c0b4a6ad04c6ba6fc596d21dd74c6" role: CANDIDATE last_known_addr { host: "127.0.0.1" port: 44690 } } Changed to: opid_index: 1 local: true peers { permanent_uuid: "530c0b4a6ad04c6ba6fc596d21dd74c6" role: LEADER last_known_addr { host: "127.0.0.1" port: 44690 } }
I0327 18:03:08.157587 14931 catalog_manager.cc:1288] Tablet: 57f2fb17d5f5455dabf5ae10078c2137 reported quorum change. New quorum: opid_index: 1 local: true peers { permanent_uuid: "530c0b4a6ad04c6ba6fc596d21dd74c6" role: LEADER last_known_addr { host: "127.0.0.1" port: 44690 } }
I0327 18:03:08.158766 14931 catalog_manager.cc:1288] Tablet: a35c06c14ffb4faaa90cbe5ead5372e1 reported quorum change. New quorum: opid_index: 1 local: true peers { permanent_uuid: "530c0b4a6ad04c6ba6fc596d21dd74c6" role: LEADER last_known_addr { host: "127.0.0.1" port: 44690 } }
I0327 18:03:08.159709 14931 catalog_manager.cc:1288] Tablet: 5575686cbcc14a049f3f3f1362b39608 reported quorum change. New quorum: opid_index: 1 local: true peers { permanent_uuid: "530c0b4a6ad04c6ba6fc596d21dd74c6" role: LEADER last_known_addr { host: "127.0.0.1" port: 44690 } }
I0327 18:03:08.159811 16402 change_config_transaction.cc:131] T 278cb0f0e40946e6b87b91adf2cfd4c8 P 530c0b4a6ad04c6ba6fc596d21dd74c6: Configuration changed Changed from: opid_index: -1 local: true peers { permanent_uuid: "530c0b4a6ad04c6ba6fc596d21dd74c6" role: CANDIDATE last_known_addr { host: "127.0.0.1" port: 44690 } } Changed to: opid_index: 1 local: true peers { permanent_uuid: "530c0b4a6ad04c6ba6fc596d21dd74c6" role: LEADER last_known_addr { host: "127.0.0.1" port: 44690 } }
I0327 18:03:08.161006 15571 ts_tablet_manager.cc:336] Time spent starting tablet aece7b2fe8f8479589a8b6b599a5bada: real 0.058s user 0.002s sys 0.000s
I0327 18:03:08.161062 15571 ts_tablet_manager.cc:311] Bootstrapping tablet: 9a91002b7cd74e3bb5f0f764551a646e
I0327 18:03:08.161075 15708 tablet_bootstrap.cc:297] Tablet 8bc31aad719147628258a1cd79734bd3: No bootstrap required, opened a new log
I0327 18:03:08.161200 15708 ts_tablet_manager.cc:316] Time spent tablet 8bc31aad719147628258a1cd79734bd3 bootstrap: real 0.137s user 0.004s sys 0.000s
I0327 18:03:08.164345 15956 tablet_bootstrap.cc:297] Tablet 92215638a434473fb2f09c5faf9d3b8d: No bootstrap required, opened a new log
I0327 18:03:08.164463 15956 ts_tablet_manager.cc:316] Time spent tablet 92215638a434473fb2f09c5faf9d3b8d bootstrap: real 0.353s user 0.005s sys 0.002s
I0327 18:03:08.166369 15793 tablet_bootstrap.cc:297] Tablet 2cb986d4be444376a60afd7c1a37897b: No bootstrap required, opened a new log
I0327 18:03:08.166493 15793 ts_tablet_manager.cc:316] Time spent tablet 2cb986d4be444376a60afd7c1a37897b bootstrap: real 0.394s user 0.004s sys 0.004s
I0327 18:03:08.166774 15570 ts_tablet_manager.cc:336] Time spent starting tablet 5575686cbcc14a049f3f3f1362b39608: real 0.053s user 0.001s sys 0.002s
I0327 18:03:08.166833 15570 ts_tablet_manager.cc:311] Bootstrapping tablet: 964f48cdca7148b48b09bec5e92d60dc
I0327 18:03:08.167832 16656 change_config_transaction.cc:131] T 33ecd524e7824bfbb773aaa144e31bac P 530c0b4a6ad04c6ba6fc596d21dd74c6: Configuration changed Changed from: opid_index: -1 local: true peers { permanent_uuid: "530c0b4a6ad04c6ba6fc596d21dd74c6" role: CANDIDATE last_known_addr { host: "127.0.0.1" port: 44690 } } Changed to: opid_index: 1 local: true peers { permanent_uuid: "530c0b4a6ad04c6ba6fc596d21dd74c6" role: LEADER last_known_addr { host: "127.0.0.1" port: 44690 } }
I0327 18:03:08.169523 15571 tablet_bootstrap.cc:297] Tablet 9a91002b7cd74e3bb5f0f764551a646e: Bootstrap starting.
I0327 18:03:08.170127 15570 tablet_bootstrap.cc:297] Tablet 964f48cdca7148b48b09bec5e92d60dc: Bootstrap starting.
I0327 18:03:08.171772 15763 tablet_bootstrap.cc:297] Tablet 2a2695075db44c5398520b2a84a0b941: Bootstrap starting.
I0327 18:03:08.172324 15577 tablet_bootstrap.cc:390] No previous blocks or log segments found for tablet: f157a55e75c648369cf92a0bb5153bc8 creating new one.
I0327 18:03:08.172602 15824 tablet_bootstrap.cc:297] Tablet 45ed6ee190d34e209dbd7b2978f3b899: No bootstrap required, opened a new log
I0327 18:03:08.172719 15824 ts_tablet_manager.cc:316] Time spent tablet 45ed6ee190d34e209dbd7b2978f3b899 bootstrap: real 0.378s user 0.004s sys 0.004s
I0327 18:03:08.172945 15801 tablet_bootstrap.cc:390] No previous blocks or log segments found for tablet: 47001c4c2332470b95371ddc4400f478 creating new one.
I0327 18:03:08.173089 15561 tablet_bootstrap.cc:297] Tablet 2194380e4ede4e679630d1c10ce05348: No bootstrap required, opened a new log
I0327 18:03:08.173210 15561 ts_tablet_manager.cc:316] Time spent tablet 2194380e4ede4e679630d1c10ce05348 bootstrap: real 0.487s user 0.002s sys 0.007s
I0327 18:03:08.175887 15565 ts_tablet_manager.cc:336] Time spent starting tablet b0d7502b983c4713a9a5ec53334fdc3a: real 0.109s user 0.001s sys 0.002s
I0327 18:03:08.175963 15565 ts_tablet_manager.cc:311] Bootstrapping tablet: 7bffb0a3f43a4ea4a1020ca847fa726e
I0327 18:03:08.176343 15747 tablet_bootstrap.cc:297] Tablet 90c789bea0eb49149e556a828c9df96d: No bootstrap required, opened a new log
I0327 18:03:08.176458 15747 ts_tablet_manager.cc:316] Time spent tablet 90c789bea0eb49149e556a828c9df96d bootstrap: real 0.152s user 0.003s sys 0.001s
I0327 18:03:08.177018 15744 tablet_bootstrap.cc:390] No previous blocks or log segments found for tablet: f2045d118ead49a4916b6705ba6549a9 creating new one.
I0327 18:03:08.178442 15565 tablet_bootstrap.cc:297] Tablet 7bffb0a3f43a4ea4a1020ca847fa726e: Bootstrap starting.
I0327 18:03:08.180197 16402 change_config_transaction.cc:131] T 501504ed725f42f58cbb2f7fcc036d5f P 530c0b4a6ad04c6ba6fc596d21dd74c6: Configuration changed Changed from: opid_index: -1 local: true peers { permanent_uuid: "530c0b4a6ad04c6ba6fc596d21dd74c6" role: CANDIDATE last_known_addr { host: "127.0.0.1" port: 44690 } } Changed to: opid_index: 1 local: true peers { permanent_uuid: "530c0b4a6ad04c6ba6fc596d21dd74c6" role: LEADER last_known_addr { host: "127.0.0.1" port: 44690 } }
I0327 18:03:08.180277 15572 tablet_bootstrap.cc:297] Tablet b7c0302a7f8044dfa2936130234c6966: No bootstrap required, opened a new log
I0327 18:03:08.180393 15572 ts_tablet_manager.cc:316] Time spent tablet b7c0302a7f8044dfa2936130234c6966 bootstrap: real 0.477s user 0.004s sys 0.004s
I0327 18:03:08.182835 14934 catalog_manager.cc:1288] Tablet: b0d7502b983c4713a9a5ec53334fdc3a reported quorum change. New quorum: opid_index: 1 local: true peers { permanent_uuid: "530c0b4a6ad04c6ba6fc596d21dd74c6" role: LEADER last_known_addr { host: "127.0.0.1" port: 44690 } }
I0327 18:03:08.183303 15893 ts_tablet_manager.cc:336] Time spent starting tablet 630a7b53c0e24b56be0895ccb603e38d: real 0.164s user 0.001s sys 0.002s
I0327 18:03:08.183364 15893 ts_tablet_manager.cc:311] Bootstrapping tablet: a1c863bf795047c6b95238a054ea9451
I0327 18:03:08.184166 15601 tablet_bootstrap.cc:297] Tablet ec9e2a09f62e442ea57d7e1d00779ac1: No bootstrap required, opened a new log
I0327 18:03:08.184293 15601 ts_tablet_manager.cc:316] Time spent tablet ec9e2a09f62e442ea57d7e1d00779ac1 bootstrap: real 0.138s user 0.000s sys 0.004s
I0327 18:03:08.184319 16053 tablet_bootstrap.cc:297] Tablet 4369b605b9e14d868890de2860c8e9c2: No bootstrap required, opened a new log
I0327 18:03:08.184423 16053 ts_tablet_manager.cc:316] Time spent tablet 4369b605b9e14d868890de2860c8e9c2 bootstrap: real 0.327s user 0.004s sys 0.003s
I0327 18:03:08.184715 14934 catalog_manager.cc:1288] Tablet: 278cb0f0e40946e6b87b91adf2cfd4c8 reported quorum change. New quorum: opid_index: 1 local: true peers { permanent_uuid: "530c0b4a6ad04c6ba6fc596d21dd74c6" role: LEADER last_known_addr { host: "127.0.0.1" port: 44690 } }
I0327 18:03:08.185564 14934 catalog_manager.cc:1288] Tablet: 00bbae36b92442dda9321ffea6acdcef reported quorum change. New quorum: opid_index: 1 local: true peers { permanent_uuid: "530c0b4a6ad04c6ba6fc596d21dd74c6" role: LEADER last_known_addr { host: "127.0.0.1" port: 44690 } }
I0327 18:03:08.187597 14934 catalog_manager.cc:1288] Tablet: 253d0f638e674c179ba509d9a9b7ea72 reported quorum change. New quorum: opid_index: 1 local: true peers { permanent_uuid: "530c0b4a6ad04c6ba6fc596d21dd74c6" role: LEADER last_known_addr { host: "127.0.0.1" port: 44690 } }
I0327 18:03:08.188074 15753 ts_tablet_manager.cc:336] Time spent starting tablet 501504ed725f42f58cbb2f7fcc036d5f: real 0.052s user 0.002s sys 0.001s
I0327 18:03:08.188133 15753 ts_tablet_manager.cc:311] Bootstrapping tablet: f18dee85ac0d4e85abce9ec2256405eb
I0327 18:03:08.188766 15577 tablet_bootstrap.cc:297] Tablet f157a55e75c648369cf92a0bb5153bc8: No bootstrap required, opened a new log
I0327 18:03:08.188905 15577 ts_tablet_manager.cc:316] Time spent tablet f157a55e75c648369cf92a0bb5153bc8 bootstrap: real 0.067s user 0.003s sys 0.000s
I0327 18:03:08.189137 14934 catalog_manager.cc:1288] Tablet: f5d6a222ec534f8aade06206b6935922 reported quorum change. New quorum: opid_index: 1 local: true peers { permanent_uuid: "530c0b4a6ad04c6ba6fc596d21dd74c6" role: LEADER last_known_addr { host: "127.0.0.1" port: 44690 } }
I0327 18:03:08.189913 15565 tablet_bootstrap.cc:390] No previous blocks or log segments found for tablet: 7bffb0a3f43a4ea4a1020ca847fa726e creating new one.
I0327 18:03:08.190059 15594 ts_tablet_manager.cc:336] Time spent starting tablet 00bbae36b92442dda9321ffea6acdcef: real 0.139s user 0.002s sys 0.001s
I0327 18:03:08.190109 15594 ts_tablet_manager.cc:311] Bootstrapping tablet: bb31d317eb8345008b791de2d292787f
I0327 18:03:08.191069 15893 tablet_bootstrap.cc:297] Tablet a1c863bf795047c6b95238a054ea9451: Bootstrap starting.
I0327 18:03:08.191335 15728 ts_tablet_manager.cc:336] Time spent starting tablet 57f2fb17d5f5455dabf5ae10078c2137: real 0.085s user 0.002s sys 0.000s
I0327 18:03:08.191393 15728 ts_tablet_manager.cc:311] Bootstrapping tablet: e3a3c99034194f458adbf49e36f77088
I0327 18:03:08.191488 15763 tablet_bootstrap.cc:390] No previous blocks or log segments found for tablet: 2a2695075db44c5398520b2a84a0b941 creating new one.
I0327 18:03:08.191973 15753 tablet_bootstrap.cc:297] Tablet f18dee85ac0d4e85abce9ec2256405eb: Bootstrap starting.
I0327 18:03:08.192224 14934 catalog_manager.cc:1288] Tablet: 33ecd524e7824bfbb773aaa144e31bac reported quorum change. New quorum: opid_index: 1 local: true peers { permanent_uuid: "530c0b4a6ad04c6ba6fc596d21dd74c6" role: LEADER last_known_addr { host: "127.0.0.1" port: 44690 } }
I0327 18:03:08.195273 15661 tablet_bootstrap.cc:297] Tablet 85dbe1e276e7426ea5556efbd5715122: No bootstrap required, opened a new log
I0327 18:03:08.195405 15661 ts_tablet_manager.cc:316] Time spent tablet 85dbe1e276e7426ea5556efbd5715122 bootstrap: real 0.114s user 0.001s sys 0.002s
I0327 18:03:08.196970 15809 ts_tablet_manager.cc:336] Time spent starting tablet 33ecd524e7824bfbb773aaa144e31bac: real 0.067s user 0.003s sys 0.000s
I0327 18:03:08.197027 15809 ts_tablet_manager.cc:311] Bootstrapping tablet: e32c2a37e5eb4bb7aaadf87337ebf674
I0327 18:03:08.198117 16656 change_config_transaction.cc:131] T 275778c251e147ff92a289b73c1a28af P 530c0b4a6ad04c6ba6fc596d21dd74c6: Configuration changed Changed from: opid_index: -1 local: true peers { permanent_uuid: "530c0b4a6ad04c6ba6fc596d21dd74c6" role: CANDIDATE last_known_addr { host: "127.0.0.1" port: 44690 } } Changed to: opid_index: 1 local: true peers { permanent_uuid: "530c0b4a6ad04c6ba6fc596d21dd74c6" role: LEADER last_known_addr { host: "127.0.0.1" port: 44690 } }
I0327 18:03:08.200103 16402 change_config_transaction.cc:131] T 2194380e4ede4e679630d1c10ce05348 P 530c0b4a6ad04c6ba6fc596d21dd74c6: Configuration changed Changed from: opid_index: -1 local: true peers { permanent_uuid: "530c0b4a6ad04c6ba6fc596d21dd74c6" role: CANDIDATE last_known_addr { host: "127.0.0.1" port: 44690 } } Changed to: opid_index: 1 local: true peers { permanent_uuid: "530c0b4a6ad04c6ba6fc596d21dd74c6" role: LEADER last_known_addr { host: "127.0.0.1" port: 44690 } }
I0327 18:03:08.200562 16656 change_config_transaction.cc:131] T 868f545ec2e2456cb5bb844b1f3307ad P 530c0b4a6ad04c6ba6fc596d21dd74c6: Configuration changed Changed from: opid_index: -1 local: true peers { permanent_uuid: "530c0b4a6ad04c6ba6fc596d21dd74c6" role: CANDIDATE last_known_addr { host: "127.0.0.1" port: 44690 } } Changed to: opid_index: 1 local: true peers { permanent_uuid: "530c0b4a6ad04c6ba6fc596d21dd74c6" role: LEADER last_known_addr { host: "127.0.0.1" port: 44690 } }
I0327 18:03:08.201422 15563 ts_tablet_manager.cc:336] Time spent starting tablet 278cb0f0e40946e6b87b91adf2cfd4c8: real 0.077s user 0.002s sys 0.001s
I0327 18:03:08.201479 15563 ts_tablet_manager.cc:311] Bootstrapping tablet: 0d687b72b5f8410899fb950099132cca
I0327 18:03:08.201493 16046 ts_tablet_manager.cc:336] Time spent starting tablet a9bfcd52f03b4372a7ff8cc6a9852efe: real 0.101s user 0.003s sys 0.000s
I0327 18:03:08.201556 16046 ts_tablet_manager.cc:311] Bootstrapping tablet: a0a2ade3a336459f9da274cad5a8252e
I0327 18:03:08.201606 16402 change_config_transaction.cc:131] T 92215638a434473fb2f09c5faf9d3b8d P 530c0b4a6ad04c6ba6fc596d21dd74c6: Configuration changed Changed from: opid_index: -1 local: true peers { permanent_uuid: "530c0b4a6ad04c6ba6fc596d21dd74c6" role: CANDIDATE last_known_addr { host: "127.0.0.1" port: 44690 } } Changed to: opid_index: 1 local: true peers { permanent_uuid: "530c0b4a6ad04c6ba6fc596d21dd74c6" role: LEADER last_known_addr { host: "127.0.0.1" port: 44690 } }
I0327 18:03:08.202486 15728 tablet_bootstrap.cc:297] Tablet e3a3c99034194f458adbf49e36f77088: Bootstrap starting.
I0327 18:03:08.203088 16656 change_config_transaction.cc:131] T a9bfcd52f03b4372a7ff8cc6a9852efe P 530c0b4a6ad04c6ba6fc596d21dd74c6: Configuration changed Changed from: opid_index: -1 local: true peers { permanent_uuid: "530c0b4a6ad04c6ba6fc596d21dd74c6" role: CANDIDATE last_known_addr { host: "127.0.0.1" port: 44690 } } Changed to: opid_index: 1 local: true peers { permanent_uuid: "530c0b4a6ad04c6ba6fc596d21dd74c6" role: LEADER last_known_addr { host: "127.0.0.1" port: 44690 } }
I0327 18:03:08.204243 15594 tablet_bootstrap.cc:297] Tablet bb31d317eb8345008b791de2d292787f: Bootstrap starting.
I0327 18:03:08.204645 15809 tablet_bootstrap.cc:297] Tablet e32c2a37e5eb4bb7aaadf87337ebf674: Bootstrap starting.
I0327 18:03:08.205394 16402 change_config_transaction.cc:131] T 2cb986d4be444376a60afd7c1a37897b P 530c0b4a6ad04c6ba6fc596d21dd74c6: Configuration changed Changed from: opid_index: -1 local: true peers { permanent_uuid: "530c0b4a6ad04c6ba6fc596d21dd74c6" role: CANDIDATE last_known_addr { host: "127.0.0.1" port: 44690 } } Changed to: opid_index: 1 local: true peers { permanent_uuid: "530c0b4a6ad04c6ba6fc596d21dd74c6" role: LEADER last_known_addr { host: "127.0.0.1" port: 44690 } }
I0327 18:03:08.206370 14941 catalog_manager.cc:1288] Tablet: 92215638a434473fb2f09c5faf9d3b8d reported quorum change. New quorum: opid_index: 1 local: true peers { permanent_uuid: "530c0b4a6ad04c6ba6fc596d21dd74c6" role: LEADER last_known_addr { host: "127.0.0.1" port: 44690 } }
I0327 18:03:08.207242 15563 tablet_bootstrap.cc:297] Tablet 0d687b72b5f8410899fb950099132cca: Bootstrap starting.
I0327 18:03:08.207890 16046 tablet_bootstrap.cc:297] Tablet a0a2ade3a336459f9da274cad5a8252e: Bootstrap starting.
I0327 18:03:08.208319 14941 catalog_manager.cc:1288] Tablet: 501504ed725f42f58cbb2f7fcc036d5f reported quorum change. New quorum: opid_index: 1 local: true peers { permanent_uuid: "530c0b4a6ad04c6ba6fc596d21dd74c6" role: LEADER last_known_addr { host: "127.0.0.1" port: 44690 } }
I0327 18:03:08.208401 15923 ts_tablet_manager.cc:336] Time spent starting tablet 253d0f638e674c179ba509d9a9b7ea72: real 0.129s user 0.002s sys 0.001s
I0327 18:03:08.208461 15923 ts_tablet_manager.cc:311] Bootstrapping tablet: 2a43f1c26dc0458bbe65e3127ddc34fe
I0327 18:03:08.208679 15699 ts_tablet_manager.cc:336] Time spent starting tablet a35c06c14ffb4faaa90cbe5ead5372e1: real 0.103s user 0.002s sys 0.000s
I0327 18:03:08.208737 15699 ts_tablet_manager.cc:311] Bootstrapping tablet: 7e4bb5366c184cc594fb317d24de95ac
I0327 18:03:08.209578 15893 tablet_bootstrap.cc:390] No previous blocks or log segments found for tablet: a1c863bf795047c6b95238a054ea9451 creating new one.
I0327 18:03:08.210096 14941 catalog_manager.cc:1288] Tablet: a9bfcd52f03b4372a7ff8cc6a9852efe reported quorum change. New quorum: opid_index: 1 local: true peers { permanent_uuid: "530c0b4a6ad04c6ba6fc596d21dd74c6" role: LEADER last_known_addr { host: "127.0.0.1" port: 44690 } }
I0327 18:03:08.210600 16027 tablet_bootstrap.cc:297] Tablet a9dee6c4541f4583b54f7ae326e249ec: No bootstrap required, opened a new log
I0327 18:03:08.210727 16027 ts_tablet_manager.cc:316] Time spent tablet a9dee6c4541f4583b54f7ae326e249ec bootstrap: real 0.372s user 0.002s sys 0.005s
I0327 18:03:08.212311 15923 tablet_bootstrap.cc:297] Tablet 2a43f1c26dc0458bbe65e3127ddc34fe: Bootstrap starting.
I0327 18:03:08.213290 15699 tablet_bootstrap.cc:297] Tablet 7e4bb5366c184cc594fb317d24de95ac: Bootstrap starting.
I0327 18:03:08.213640 14941 catalog_manager.cc:1288] Tablet: 868f545ec2e2456cb5bb844b1f3307ad reported quorum change. New quorum: opid_index: 1 local: true peers { permanent_uuid: "530c0b4a6ad04c6ba6fc596d21dd74c6" role: LEADER last_known_addr { host: "127.0.0.1" port: 44690 } }
I0327 18:03:08.213874 15568 tablet_bootstrap.cc:390] No previous blocks or log segments found for tablet: 19e05ff1b89a42e7ac5dd4d65deea211 creating new one.
I0327 18:03:08.214496 14789 master-test-util.h:49] Waiting for 100 tablets for table test_table. So far we have 27
I0327 18:03:08.214619 15580 ts_tablet_manager.cc:336] Time spent starting tablet f5d6a222ec534f8aade06206b6935922: real 0.072s user 0.001s sys 0.001s
I0327 18:03:08.214678 15580 ts_tablet_manager.cc:311] Bootstrapping tablet: b54c112e9cfb4759ac933b90afca5153
I0327 18:03:08.215091 14941 catalog_manager.cc:1288] Tablet: 2194380e4ede4e679630d1c10ce05348 reported quorum change. New quorum: opid_index: 1 local: true peers { permanent_uuid: "530c0b4a6ad04c6ba6fc596d21dd74c6" role: LEADER last_known_addr { host: "127.0.0.1" port: 44690 } }
I0327 18:03:08.215875 14941 catalog_manager.cc:1288] Tablet: 275778c251e147ff92a289b73c1a28af reported quorum change. New quorum: opid_index: 1 local: true peers { permanent_uuid: "530c0b4a6ad04c6ba6fc596d21dd74c6" role: LEADER last_known_addr { host: "127.0.0.1" port: 44690 } }
I0327 18:03:08.217494 15580 tablet_bootstrap.cc:297] Tablet b54c112e9cfb4759ac933b90afca5153: Bootstrap starting.
I0327 18:03:08.218400 15966 tablet_bootstrap.cc:297] Tablet 5f88c90d708b4ec0a716b555ab4f39e4: No bootstrap required, opened a new log
I0327 18:03:08.218513 15966 ts_tablet_manager.cc:316] Time spent tablet 5f88c90d708b4ec0a716b555ab4f39e4 bootstrap: real 0.404s user 0.004s sys 0.004s
I0327 18:03:08.218551 16656 change_config_transaction.cc:131] T 85dbe1e276e7426ea5556efbd5715122 P 530c0b4a6ad04c6ba6fc596d21dd74c6: Configuration changed Changed from: opid_index: -1 local: true peers { permanent_uuid: "530c0b4a6ad04c6ba6fc596d21dd74c6" role: CANDIDATE last_known_addr { host: "127.0.0.1" port: 44690 } } Changed to: opid_index: 1 local: true peers { permanent_uuid: "530c0b4a6ad04c6ba6fc596d21dd74c6" role: LEADER last_known_addr { host: "127.0.0.1" port: 44690 } }
I0327 18:03:08.218806 16402 change_config_transaction.cc:131] T dbf1398cbc6e4e9583c82712a98e94b6 P 530c0b4a6ad04c6ba6fc596d21dd74c6: Configuration changed Changed from: opid_index: -1 local: true peers { permanent_uuid: "530c0b4a6ad04c6ba6fc596d21dd74c6" role: CANDIDATE last_known_addr { host: "127.0.0.1" port: 44690 } } Changed to: opid_index: 1 local: true peers { permanent_uuid: "530c0b4a6ad04c6ba6fc596d21dd74c6" role: LEADER last_known_addr { host: "127.0.0.1" port: 44690 } }
I0327 18:03:08.220058 15737 tablet_bootstrap.cc:390] No previous blocks or log segments found for tablet: 501ad38f7c6a4d17acd4dcf6f0437ab9 creating new one.
I0327 18:03:08.221897 15742 ts_tablet_manager.cc:336] Time spent starting tablet 275778c251e147ff92a289b73c1a28af: real 0.125s user 0.003s sys 0.000s
I0327 18:03:08.221966 15742 ts_tablet_manager.cc:311] Bootstrapping tablet: 4f53d4e7c8ff4bb994bf779bc9ec8ebc
I0327 18:03:08.221968 15565 tablet_bootstrap.cc:297] Tablet 7bffb0a3f43a4ea4a1020ca847fa726e: No bootstrap required, opened a new log
I0327 18:03:08.222218 15565 ts_tablet_manager.cc:316] Time spent tablet 7bffb0a3f43a4ea4a1020ca847fa726e bootstrap: real 0.046s user 0.003s sys 0.000s
I0327 18:03:08.222092 15577 ts_tablet_manager.cc:336] Time spent starting tablet f157a55e75c648369cf92a0bb5153bc8: real 0.033s user 0.000s sys 0.002s
I0327 18:03:08.222456 15577 ts_tablet_manager.cc:311] Bootstrapping tablet: fad839df32844999b7605cd9a3a97cf3
I0327 18:03:08.222524 15763 tablet_bootstrap.cc:297] Tablet 2a2695075db44c5398520b2a84a0b941: No bootstrap required, opened a new log
