I0302 15:32:02.852020 30179 webserver.cc:108] Starting webserver on localhost:40132
I0302 15:32:02.852061 30179 webserver.cc:117] Document root disabled
I0302 15:32:02.852970 30179 webserver.cc:197] Webserver started. Bound to: http://127.0.0.1:40132/
I0302 15:32:02.853350 30179 server_base.cc:170] Dumped server information to /data1/test-tmp/linked_list-test.LinkedListTest.TestLoadAndVerify.1425339087178522-28280/linked-list-cluster/ts-0/info.pb
I0302 15:32:02.853710 30179 maintenance_manager.cc:111] MaintenanceManager: targeting memory size of 23.515860 GB
I0302 15:32:02.853883 30179 tablet_server_main.cc:44] Tablet server successfully started.
I0302 15:32:02.855911 30222 heartbeater.cc:219] Connected to a leader master server at 127.0.0.1:50914
I0302 15:32:02.856086 30222 heartbeater.cc:289] Registering TS with master...
I0302 15:32:02.856186 30222 heartbeater.cc:295] Sending a full tablet report to master...
I0302 15:32:02.856506 28293 ts_manager.cc:71] Re-registered known tablet server { permanent_uuid: "892c1da145ed4847b1dfd57983516d8f" instance_seqno: 1425339122851025 } with Master
I0302 15:32:02.861335 28280 external_mini_cluster.cc:416] Started /data1/jenkins-workspace/kudu-gerrit/BUILD_TYPE/LEAKCHECK/label/kudu-gerrit-slaves/build/release/kudu-tablet_server as pid 30179
I0302 15:32:02.861651 28280 external_mini_cluster.cc:382] Running /data1/jenkins-workspace/kudu-gerrit/BUILD_TYPE/LEAKCHECK/label/kudu-gerrit-slaves/build/release/kudu-tablet_server kudu-tablet_server --tablet_server_wal_dir=/data1/test-tmp/linked_list-test.LinkedListTest.TestLoadAndVerify.1425339087178522-28280/linked-list-cluster/ts-1 --tablet_server_data_dirs=/data1/test-tmp/linked_list-test.LinkedListTest.TestLoadAndVerify.1425339087178522-28280/linked-list-cluster/ts-1 --tablet_server_rpc_bind_addresses=127.0.0.1:7051 --tablet_server_web_port=55689 --tablet_server_master_addrs=127.0.0.1:50914 --skip_remove_old_recovery_dir --enable_leader_failure_detection=true --tablet_server_rpc_bind_addresses=127.0.0.1:7051 --flush_threshold_mb=1 --log_segment_size_mb=1 --server_dump_info_path=/data1/test-tmp/linked_list-test.LinkedListTest.TestLoadAndVerify.1425339087178522-28280/linked-list-cluster/ts-1/info.pb --server_dump_info_format=pb --logtostderr --logbuflevel=-1 --webserver_interface=localhost WARNING: Perftools heap leak checker is active -- Performance may suffer
I0302 15:32:02.889874 30225 tablet_server_main.cc:38] Initializing tablet server...
I0302 15:32:02.891872 30225 fs_manager.cc:132] Opened local filesystem: /data1/test-tmp/linked_list-test.LinkedListTest.TestLoadAndVerify.1425339087178522-28280/linked-list-cluster/ts-1 uuid: "5748afe5294c41b89cbb67f8edbee2a1" format_stamp: "Formatted at 2015-03-02 23:31:27 on boost-static-burst-slave-cc0.vpc.cloudera.com"
I0302 15:32:02.893271 30185 log_util.cc:468] Scanning /data1/test-tmp/linked_list-test.LinkedListTest.TestLoadAndVerify.1425339087178522-28280/linked-list-cluster/ts-0/wals/36005aaac18b4c70b2fc03d1382ca7c3.recovery/wal-000000002 for valid entry headers following offset 240073...
I0302 15:32:02.894515 30185 log_util.cc:505] Found no log entry headers
I0302 15:32:02.894569 30185 log_util.cc:437] Ignoring corruption Corruption: CRC mismatch in log header: Log file corrupted. Failed trying to read batch #653 at offset 240061 for segment at /data1/test-tmp/linked_list-test.LinkedListTest.TestLoadAndVerify.1425339087178522-28280/linked-list-cluster/ts-0/wals/36005aaac18b4c70b2fc03d1382ca7c3.recovery/wal-000000002. Prior batch offsets: 239391 239525 239659 240061: there were no further log entries following this one, so likely the log was truncated during writing
I0302 15:32:02.894636 30185 log_util.cc:197] Successfully rebuilt footer for segment: /data1/test-tmp/linked_list-test.LinkedListTest.TestLoadAndVerify.1425339087178522-28280/linked-list-cluster/ts-0/wals/36005aaac18b4c70b2fc03d1382ca7c3.recovery/wal-000000002 (valid entries through byte offset 240061)
I0302 15:32:02.894754 30225 ts_tablet_manager.cc:285] Loading master block 36005aaac18b4c70b2fc03d1382ca7c3
I0302 15:32:02.895894 30225 ts_tablet_manager.cc:449] Registered tablet 36005aaac18b4c70b2fc03d1382ca7c3
I0302 15:32:02.896016 30225 ts_tablet_manager.cc:285] Loading master block ad1251b8988446ffa0348b542d353bd4
I0302 15:32:02.896036 30231 ts_tablet_manager.cc:314] Bootstrapping tablet: 36005aaac18b4c70b2fc03d1382ca7c3
I0302 15:32:02.898391 30231 tablet_bootstrap.cc:290] Tablet 36005aaac18b4c70b2fc03d1382ca7c3: Bootstrap starting.
I0302 15:32:02.898931 30225 ts_tablet_manager.cc:449] Registered tablet ad1251b8988446ffa0348b542d353bd4
I0302 15:32:02.899325 30225 ts_tablet_manager.cc:285] Loading master block 4129cb7b8c2b4cdcbcdee9f8ecb69ae7
I0302 15:32:02.899358 30232 ts_tablet_manager.cc:314] Bootstrapping tablet: ad1251b8988446ffa0348b542d353bd4
I0302 15:32:02.900254 30231 delta_tracker.cc:69] Successfully opened UNDO delta file 8742962816284c9e8fad0726169d72bead4442d8f88a4c5bb47839c7997b3c95
I0302 15:32:02.901044 30231 delta_tracker.cc:69] Successfully opened UNDO delta file 8742962816284c9e8fad0726169d72bec75dde950c4547139c428a3c6b050c76
I0302 15:32:02.901857 30231 delta_tracker.cc:69] Successfully opened UNDO delta file 8742962816284c9e8fad0726169d72bef585995b307447f693b55fc62f93290f
I0302 15:32:02.902779 30231 delta_tracker.cc:69] Successfully opened UNDO delta file 8742962816284c9e8fad0726169d72be35c6deaff23a4fa1a7f0dd6e1fad61aa
I0302 15:32:02.903036 30187 log_util.cc:468] Scanning /data1/test-tmp/linked_list-test.LinkedListTest.TestLoadAndVerify.1425339087178522-28280/linked-list-cluster/ts-0/wals/4129cb7b8c2b4cdcbcdee9f8ecb69ae7.recovery/wal-000000002 for valid entry headers following offset 255151...
I0302 15:32:02.903156 30231 tablet_bootstrap.cc:471] Replaying from previous recovery directory: /data1/test-tmp/linked_list-test.LinkedListTest.TestLoadAndVerify.1425339087178522-28280/linked-list-cluster/ts-1/wals/36005aaac18b4c70b2fc03d1382ca7c3.recovery
I0302 15:32:02.903291 30231 tablet_bootstrap.cc:481] Removing old log file from previous aborted recovery attempt: /data1/test-tmp/linked_list-test.LinkedListTest.TestLoadAndVerify.1425339087178522-28280/linked-list-cluster/ts-1/wals/36005aaac18b4c70b2fc03d1382ca7c3/wal-000000001
I0302 15:32:02.903628 30225 ts_tablet_manager.cc:449] Registered tablet 4129cb7b8c2b4cdcbcdee9f8ecb69ae7
I0302 15:32:02.903666 30232 tablet_bootstrap.cc:290] Tablet ad1251b8988446ffa0348b542d353bd4: Bootstrap starting.
I0302 15:32:02.903885 30233 ts_tablet_manager.cc:314] Bootstrapping tablet: 4129cb7b8c2b4cdcbcdee9f8ecb69ae7
W0302 15:32:02.903885 30231 log_util.cc:147] Could not read footer for segment: /data1/test-tmp/linked_list-test.LinkedListTest.TestLoadAndVerify.1425339087178522-28280/linked-list-cluster/ts-1/wals/36005aaac18b4c70b2fc03d1382ca7c3.recovery/wal-000000002. Status: Not found: Footer not found. Footer magic doesn't match
W0302 15:32:02.904104 30231 log_reader.cc:136] Segment: /data1/test-tmp/linked_list-test.LinkedListTest.TestLoadAndVerify.1425339087178522-28280/linked-list-cluster/ts-1/wals/36005aaac18b4c70b2fc03d1382ca7c3.recovery/wal-000000002 was likely left in-progress after a previous crash. Will try to rebuild footer by scanning data
I0302 15:32:02.904196 30187 log_util.cc:505] Found no log entry headers
I0302 15:32:02.904242 30187 log_util.cc:437] Ignoring corruption Corruption: CRC mismatch in log header: Log file corrupted. Failed trying to read batch #691 at offset 255139 for segment at /data1/test-tmp/linked_list-test.LinkedListTest.TestLoadAndVerify.1425339087178522-28280/linked-list-cluster/ts-0/wals/4129cb7b8c2b4cdcbcdee9f8ecb69ae7.recovery/wal-000000002. Prior batch offsets: 254148 254627 254737 255139: there were no further log entries following this one, so likely the log was truncated during writing
I0302 15:32:02.904289 30187 log_util.cc:197] Successfully rebuilt footer for segment: /data1/test-tmp/linked_list-test.LinkedListTest.TestLoadAndVerify.1425339087178522-28280/linked-list-cluster/ts-0/wals/4129cb7b8c2b4cdcbcdee9f8ecb69ae7.recovery/wal-000000002 (valid entries through byte offset 255139)
I0302 15:32:02.905086 30186 log_util.cc:468] Scanning /data1/test-tmp/linked_list-test.LinkedListTest.TestLoadAndVerify.1425339087178522-28280/linked-list-cluster/ts-0/wals/ad1251b8988446ffa0348b542d353bd4.recovery/wal-000000002 for valid entry headers following offset 271817...
I0302 15:32:02.905138 30225 tablet_server_main.cc:41] Starting tablet server...
I0302 15:32:02.905377 30232 delta_tracker.cc:69] Successfully opened UNDO delta file 8742962816284c9e8fad0726169d72be72a54de22165444091e572d1415cbc7c
I0302 15:32:02.905772 30232 tablet_bootstrap.cc:471] Replaying from previous recovery directory: /data1/test-tmp/linked_list-test.LinkedListTest.TestLoadAndVerify.1425339087178522-28280/linked-list-cluster/ts-1/wals/ad1251b8988446ffa0348b542d353bd4.recovery
I0302 15:32:02.905930 30232 tablet_bootstrap.cc:481] Removing old log file from previous aborted recovery attempt: /data1/test-tmp/linked_list-test.LinkedListTest.TestLoadAndVerify.1425339087178522-28280/linked-list-cluster/ts-1/wals/ad1251b8988446ffa0348b542d353bd4/wal-000000001
W0302 15:32:02.906569 30232 log_util.cc:147] Could not read footer for segment: /data1/test-tmp/linked_list-test.LinkedListTest.TestLoadAndVerify.1425339087178522-28280/linked-list-cluster/ts-1/wals/ad1251b8988446ffa0348b542d353bd4.recovery/wal-000000002. Status: Not found: Footer not found. Footer magic doesn't match
I0302 15:32:02.906580 30186 log_util.cc:505] Found no log entry headers
I0302 15:32:02.906615 30186 log_util.cc:437] Ignoring corruption Corruption: CRC mismatch in log header: Log file corrupted. Failed trying to read batch #725 at offset 271805 for segment at /data1/test-tmp/linked_list-test.LinkedListTest.TestLoadAndVerify.1425339087178522-28280/linked-list-cluster/ts-0/wals/ad1251b8988446ffa0348b542d353bd4.recovery/wal-000000002. Prior batch offsets: 270739 271478 271632 271805: there were no further log entries following this one, so likely the log was truncated during writing
I0302 15:32:02.906673 30186 log_util.cc:197] Successfully rebuilt footer for segment: /data1/test-tmp/linked_list-test.LinkedListTest.TestLoadAndVerify.1425339087178522-28280/linked-list-cluster/ts-0/wals/ad1251b8988446ffa0348b542d353bd4.recovery/wal-000000002 (valid entries through byte offset 271805)
W0302 15:32:02.907943 30232 log_reader.cc:136] Segment: /data1/test-tmp/linked_list-test.LinkedListTest.TestLoadAndVerify.1425339087178522-28280/linked-list-cluster/ts-1/wals/ad1251b8988446ffa0348b542d353bd4.recovery/wal-000000002 was likely left in-progress after a previous crash. Will try to rebuild footer by scanning data
I0302 15:32:02.910890 30233 tablet_bootstrap.cc:290] Tablet 4129cb7b8c2b4cdcbcdee9f8ecb69ae7: Bootstrap starting.
I0302 15:32:02.913231 30233 delta_tracker.cc:69] Successfully opened UNDO delta file 8742962816284c9e8fad0726169d72beb08e33164a81448e9f5ec5c5ca811276
I0302 15:32:02.914480 30233 delta_tracker.cc:69] Successfully opened UNDO delta file 8742962816284c9e8fad0726169d72bef11abc766bd346bf8310f49ad099ba21
I0302 15:32:02.914968 30233 tablet_bootstrap.cc:471] Replaying from previous recovery directory: /data1/test-tmp/linked_list-test.LinkedListTest.TestLoadAndVerify.1425339087178522-28280/linked-list-cluster/ts-1/wals/4129cb7b8c2b4cdcbcdee9f8ecb69ae7.recovery
I0302 15:32:02.915094 30233 tablet_bootstrap.cc:481] Removing old log file from previous aborted recovery attempt: /data1/test-tmp/linked_list-test.LinkedListTest.TestLoadAndVerify.1425339087178522-28280/linked-list-cluster/ts-1/wals/4129cb7b8c2b4cdcbcdee9f8ecb69ae7/wal-000000001
W0302 15:32:02.915844 30233 log_util.cc:147] Could not read footer for segment: /data1/test-tmp/linked_list-test.LinkedListTest.TestLoadAndVerify.1425339087178522-28280/linked-list-cluster/ts-1/wals/4129cb7b8c2b4cdcbcdee9f8ecb69ae7.recovery/wal-000000002. Status: Not found: Footer not found. Footer magic doesn't match
W0302 15:32:02.915887 30233 log_reader.cc:136] Segment: /data1/test-tmp/linked_list-test.LinkedListTest.TestLoadAndVerify.1425339087178522-28280/linked-list-cluster/ts-1/wals/4129cb7b8c2b4cdcbcdee9f8ecb69ae7.recovery/wal-000000002 was likely left in-progress after a previous crash. Will try to rebuild footer by scanning data
I0302 15:32:02.916458 30225 rpc_server.cc:110] RPC server started. Bound to: 127.0.0.1:7051
I0302 15:32:02.916668 30225 webserver.cc:108] Starting webserver on localhost:55689
I0302 15:32:02.916692 30225 webserver.cc:117] Document root disabled
I0302 15:32:02.917562 30225 webserver.cc:197] Webserver started. Bound to: http://127.0.0.1:55689/
I0302 15:32:02.918001 30225 server_base.cc:170] Dumped server information to /data1/test-tmp/linked_list-test.LinkedListTest.TestLoadAndVerify.1425339087178522-28280/linked-list-cluster/ts-1/info.pb
I0302 15:32:02.918215 30225 maintenance_manager.cc:111] MaintenanceManager: targeting memory size of 23.515860 GB
I0302 15:32:02.918544 30225 tablet_server_main.cc:44] Tablet server successfully started.
I0302 15:32:02.919684 28280 external_mini_cluster.cc:416] Started /data1/jenkins-workspace/kudu-gerrit/BUILD_TYPE/LEAKCHECK/label/kudu-gerrit-slaves/build/release/kudu-tablet_server as pid 30225
I0302 15:32:02.919940 28280 external_mini_cluster.cc:382] Running /data1/jenkins-workspace/kudu-gerrit/BUILD_TYPE/LEAKCHECK/label/kudu-gerrit-slaves/build/release/kudu-tablet_server kudu-tablet_server --tablet_server_wal_dir=/data1/test-tmp/linked_list-test.LinkedListTest.TestLoadAndVerify.1425339087178522-28280/linked-list-cluster/ts-2 --tablet_server_data_dirs=/data1/test-tmp/linked_list-test.LinkedListTest.TestLoadAndVerify.1425339087178522-28280/linked-list-cluster/ts-2 --tablet_server_rpc_bind_addresses=127.0.0.1:7052 --tablet_server_web_port=43948 --tablet_server_master_addrs=127.0.0.1:50914 --skip_remove_old_recovery_dir --enable_leader_failure_detection=true --tablet_server_rpc_bind_addresses=127.0.0.1:7052 --flush_threshold_mb=1 --log_segment_size_mb=1 --server_dump_info_path=/data1/test-tmp/linked_list-test.LinkedListTest.TestLoadAndVerify.1425339087178522-28280/linked-list-cluster/ts-2/info.pb --server_dump_info_format=pb --logtostderr --logbuflevel=-1 --webserver_interface=localhost
I0302 15:32:02.920884 30187 log.cc:257] Log is configured to *not* fsync() on all Append() calls
I0302 15:32:02.922811 30268 heartbeater.cc:219] Connected to a leader master server at 127.0.0.1:50914
I0302 15:32:02.922907 30268 heartbeater.cc:289] Registering TS with master...
I0302 15:32:02.923082 30268 heartbeater.cc:295] Sending a full tablet report to master...
I0302 15:32:02.923512 28301 ts_manager.cc:71] Re-registered known tablet server { permanent_uuid: "5748afe5294c41b89cbb67f8edbee2a1" instance_seqno: 1425339122915906 } with Master WARNING: Perftools heap leak checker is active -- Performance may suffer
I0302 15:32:02.956804 30275 tablet_server_main.cc:38] Initializing tablet server...
I0302 15:32:02.958395 30231 log_util.cc:468] Scanning /data1/test-tmp/linked_list-test.LinkedListTest.TestLoadAndVerify.1425339087178522-28280/linked-list-cluster/ts-1/wals/36005aaac18b4c70b2fc03d1382ca7c3.recovery/wal-000000002 for valid entry headers following offset 243447...
I0302 15:32:02.959455 30275 fs_manager.cc:132] Opened local filesystem: /data1/test-tmp/linked_list-test.LinkedListTest.TestLoadAndVerify.1425339087178522-28280/linked-list-cluster/ts-2 uuid: "3e41e55c8a3a40e3bf81f862aaadfd20" format_stamp: "Formatted at 2015-03-02 23:31:27 on boost-static-burst-slave-cc0.vpc.cloudera.com"
I0302 15:32:02.960043 30231 log_util.cc:505] Found no log entry headers
I0302 15:32:02.960105 30231 log_util.cc:437] Ignoring corruption Corruption: CRC mismatch in log header: Log file corrupted. Failed trying to read batch #663 at offset 243435 for segment at /data1/test-tmp/linked_list-test.LinkedListTest.TestLoadAndVerify.1425339087178522-28280/linked-list-cluster/ts-1/wals/36005aaac18b4c70b2fc03d1382ca7c3.recovery/wal-000000002. Prior batch offsets: 242584 243167 243301 243435: there were no further log entries following this one, so likely the log was truncated during writing
I0302 15:32:02.960177 30231 log_util.cc:197] Successfully rebuilt footer for segment: /data1/test-tmp/linked_list-test.LinkedListTest.TestLoadAndVerify.1425339087178522-28280/linked-list-cluster/ts-1/wals/36005aaac18b4c70b2fc03d1382ca7c3.recovery/wal-000000002 (valid entries through byte offset 243435)
I0302 15:32:02.963503 30275 ts_tablet_manager.cc:285] Loading master block 36005aaac18b4c70b2fc03d1382ca7c3
I0302 15:32:02.965270 30275 ts_tablet_manager.cc:449] Registered tablet 36005aaac18b4c70b2fc03d1382ca7c3
I0302 15:32:02.965400 30275 ts_tablet_manager.cc:285] Loading master block ad1251b8988446ffa0348b542d353bd4
I0302 15:32:02.965421 30283 ts_tablet_manager.cc:314] Bootstrapping tablet: 36005aaac18b4c70b2fc03d1382ca7c3
I0302 15:32:02.968845 30283 tablet_bootstrap.cc:290] Tablet 36005aaac18b4c70b2fc03d1382ca7c3: Bootstrap starting.
I0302 15:32:02.969300 30275 ts_tablet_manager.cc:449] Registered tablet ad1251b8988446ffa0348b542d353bd4
I0302 15:32:02.969655 30275 ts_tablet_manager.cc:285] Loading master block 4129cb7b8c2b4cdcbcdee9f8ecb69ae7
I0302 15:32:02.969940 30232 log_util.cc:468] Scanning /data1/test-tmp/linked_list-test.LinkedListTest.TestLoadAndVerify.1425339087178522-28280/linked-list-cluster/ts-1/wals/ad1251b8988446ffa0348b542d353bd4.recovery/wal-000000002 for valid entry headers following offset 250016...
I0302 15:32:02.970234 30284 ts_tablet_manager.cc:314] Bootstrapping tablet: ad1251b8988446ffa0348b542d353bd4
I0302 15:32:02.970855 30233 log_util.cc:468] Scanning /data1/test-tmp/linked_list-test.LinkedListTest.TestLoadAndVerify.1425339087178522-28280/linked-list-cluster/ts-1/wals/4129cb7b8c2b4cdcbcdee9f8ecb69ae7.recovery/wal-000000002 for valid entry headers following offset 258139...
I0302 15:32:02.971544 30232 log_util.cc:505] Found no log entry headers
I0302 15:32:02.971595 30232 log_util.cc:437] Ignoring corruption Corruption: CRC mismatch in log header: Log file corrupted. Failed trying to read batch #666 at offset 250004 for segment at /data1/test-tmp/linked_list-test.LinkedListTest.TestLoadAndVerify.1425339087178522-28280/linked-list-cluster/ts-1/wals/ad1251b8988446ffa0348b542d353bd4.recovery/wal-000000002. Prior batch offsets: 248938 249092 249831 250004: there were no further log entries following this one, so likely the log was truncated during writing
I0302 15:32:02.971673 30232 log_util.cc:197] Successfully rebuilt footer for segment: /data1/test-tmp/linked_list-test.LinkedListTest.TestLoadAndVerify.1425339087178522-28280/linked-list-cluster/ts-1/wals/ad1251b8988446ffa0348b542d353bd4.recovery/wal-000000002 (valid entries through byte offset 250004)
I0302 15:32:02.972503 30233 log_util.cc:505] Found no log entry headers
I0302 15:32:02.972551 30233 log_util.cc:437] Ignoring corruption Corruption: CRC mismatch in log header: Log file corrupted. Failed trying to read batch #699 at offset 258127 for segment at /data1/test-tmp/linked_list-test.LinkedListTest.TestLoadAndVerify.1425339087178522-28280/linked-list-cluster/ts-1/wals/4129cb7b8c2b4cdcbcdee9f8ecb69ae7.recovery/wal-000000002. Prior batch offsets: 257410 257889 258017 258127: there were no further log entries following this one, so likely the log was truncated during writing
I0302 15:32:02.972621 30233 log_util.cc:197] Successfully rebuilt footer for segment: /data1/test-tmp/linked_list-test.LinkedListTest.TestLoadAndVerify.1425339087178522-28280/linked-list-cluster/ts-1/wals/4129cb7b8c2b4cdcbcdee9f8ecb69ae7.recovery/wal-000000002 (valid entries through byte offset 258127)
I0302 15:32:02.973067 30275 ts_tablet_manager.cc:449] Registered tablet 4129cb7b8c2b4cdcbcdee9f8ecb69ae7
I0302 15:32:02.973093 30284 tablet_bootstrap.cc:290] Tablet ad1251b8988446ffa0348b542d353bd4: Bootstrap starting.
I0302 15:32:02.973222 30283 delta_tracker.cc:69] Successfully opened UNDO delta file c9cbc432f1724eaea323b101cf10d8b6d59ab141729e454f835e75a375829585
I0302 15:32:02.974197 30283 delta_tracker.cc:69] Successfully opened UNDO delta file c9cbc432f1724eaea323b101cf10d8b6654790b613054f94b64ae19aec5cde7b
I0302 15:32:02.974452 30284 delta_tracker.cc:69] Successfully opened UNDO delta file c9cbc432f1724eaea323b101cf10d8b627d873184b28487489260eb509383a6d
I0302 15:32:02.974740 30284 tablet_bootstrap.cc:471] Replaying from previous recovery directory: /data1/test-tmp/linked_list-test.LinkedListTest.TestLoadAndVerify.1425339087178522-28280/linked-list-cluster/ts-2/wals/ad1251b8988446ffa0348b542d353bd4.recovery
I0302 15:32:02.974859 30284 tablet_bootstrap.cc:481] Removing old log file from previous aborted recovery attempt: /data1/test-tmp/linked_list-test.LinkedListTest.TestLoadAndVerify.1425339087178522-28280/linked-list-cluster/ts-2/wals/ad1251b8988446ffa0348b542d353bd4/wal-000000001
I0302 15:32:02.974910 30283 delta_tracker.cc:69] Successfully opened UNDO delta file c9cbc432f1724eaea323b101cf10d8b66ffb4ca7d00a46e3a88582582f2b2043
W0302 15:32:02.975347 30284 log_util.cc:147] Could not read footer for segment: /data1/test-tmp/linked_list-test.LinkedListTest.TestLoadAndVerify.1425339087178522-28280/linked-list-cluster/ts-2/wals/ad1251b8988446ffa0348b542d353bd4.recovery/wal-000000002. Status: Not found: Footer not found. Footer magic doesn't match
W0302 15:32:02.975389 30284 log_reader.cc:136] Segment: /data1/test-tmp/linked_list-test.LinkedListTest.TestLoadAndVerify.1425339087178522-28280/linked-list-cluster/ts-2/wals/ad1251b8988446ffa0348b542d353bd4.recovery/wal-000000002 was likely left in-progress after a previous crash. Will try to rebuild footer by scanning data
I0302 15:32:02.975654 30283 delta_tracker.cc:69] Successfully opened UNDO delta file c9cbc432f1724eaea323b101cf10d8b62d39fc392434431dad71818933282f76
I0302 15:32:02.975894 30283 tablet_bootstrap.cc:471] Replaying from previous recovery directory: /data1/test-tmp/linked_list-test.LinkedListTest.TestLoadAndVerify.1425339087178522-28280/linked-list-cluster/ts-2/wals/36005aaac18b4c70b2fc03d1382ca7c3.recovery
I0302 15:32:02.976002 30283 tablet_bootstrap.cc:481] Removing old log file from previous aborted recovery attempt: /data1/test-tmp/linked_list-test.LinkedListTest.TestLoadAndVerify.1425339087178522-28280/linked-list-cluster/ts-2/wals/36005aaac18b4c70b2fc03d1382ca7c3/wal-000000001
W0302 15:32:02.976495 30283 log_util.cc:147] Could not read footer for segment: /data1/test-tmp/linked_list-test.LinkedListTest.TestLoadAndVerify.1425339087178522-28280/linked-list-cluster/ts-2/wals/36005aaac18b4c70b2fc03d1382ca7c3.recovery/wal-000000002. Status: Not found: Footer not found. Footer magic doesn't match
W0302 15:32:02.976557 30283 log_reader.cc:136] Segment: /data1/test-tmp/linked_list-test.LinkedListTest.TestLoadAndVerify.1425339087178522-28280/linked-list-cluster/ts-2/wals/36005aaac18b4c70b2fc03d1382ca7c3.recovery/wal-000000002 was likely left in-progress after a previous crash. Will try to rebuild footer by scanning data
I0302 15:32:02.980587 30285 ts_tablet_manager.cc:314] Bootstrapping tablet: 4129cb7b8c2b4cdcbcdee9f8ecb69ae7
I0302 15:32:02.980978 30231 log.cc:257] Log is configured to *not* fsync() on all Append() calls
I0302 15:32:02.981784 30275 tablet_server_main.cc:41] Starting tablet server...
I0302 15:32:02.987658 30285 tablet_bootstrap.cc:290] Tablet 4129cb7b8c2b4cdcbcdee9f8ecb69ae7: Bootstrap starting.
I0302 15:32:02.992689 30285 delta_tracker.cc:69] Successfully opened UNDO delta file c9cbc432f1724eaea323b101cf10d8b6e1e0289b14fc4d739f6ab75e5a218947
I0302 15:32:02.993111 30285 tablet_bootstrap.cc:471] Replaying from previous recovery directory: /data1/test-tmp/linked_list-test.LinkedListTest.TestLoadAndVerify.1425339087178522-28280/linked-list-cluster/ts-2/wals/4129cb7b8c2b4cdcbcdee9f8ecb69ae7.recovery
I0302 15:32:02.993237 30285 tablet_bootstrap.cc:481] Removing old log file from previous aborted recovery attempt: /data1/test-tmp/linked_list-test.LinkedListTest.TestLoadAndVerify.1425339087178522-28280/linked-list-cluster/ts-2/wals/4129cb7b8c2b4cdcbcdee9f8ecb69ae7/wal-000000001
W0302 15:32:02.993940 30285 log_util.cc:147] Could not read footer for segment: /data1/test-tmp/linked_list-test.LinkedListTest.TestLoadAndVerify.1425339087178522-28280/linked-list-cluster/ts-2/wals/4129cb7b8c2b4cdcbcdee9f8ecb69ae7.recovery/wal-000000002. Status: Not found: Footer not found. Footer magic doesn't match
W0302 15:32:02.994007 30285 log_reader.cc:136] Segment: /data1/test-tmp/linked_list-test.LinkedListTest.TestLoadAndVerify.1425339087178522-28280/linked-list-cluster/ts-2/wals/4129cb7b8c2b4cdcbcdee9f8ecb69ae7.recovery/wal-000000002 was likely left in-progress after a previous crash. Will try to rebuild footer by scanning data
I0302 15:32:02.995748 30275 rpc_server.cc:110] RPC server started. Bound to: 127.0.0.1:7052
I0302 15:32:02.996014 30275 webserver.cc:108] Starting webserver on localhost:43948
I0302 15:32:02.996047 30275 webserver.cc:117] Document root disabled
I0302 15:32:02.996961 30275 webserver.cc:197] Webserver started. Bound to: http://127.0.0.1:43948/
I0302 15:32:02.997385 30275 server_base.cc:170] Dumped server information to /data1/test-tmp/linked_list-test.LinkedListTest.TestLoadAndVerify.1425339087178522-28280/linked-list-cluster/ts-2/info.pb
I0302 15:32:02.999397 28280 external_mini_cluster.cc:416] Started /data1/jenkins-workspace/kudu-gerrit/BUILD_TYPE/LEAKCHECK/label/kudu-gerrit-slaves/build/release/kudu-tablet_server as pid 30275
I0302 15:32:03.002908 30275 maintenance_manager.cc:111] MaintenanceManager: targeting memory size of 23.515860 GB
I0302 15:32:03.005635 30275 tablet_server_main.cc:44] Tablet server successfully started.
I0302 15:32:03.008328 30322 heartbeater.cc:219] Connected to a leader master server at 127.0.0.1:50914
I0302 15:32:03.008388 30322 heartbeater.cc:289] Registering TS with master...
I0302 15:32:03.008469 30322 heartbeater.cc:295] Sending a full tablet report to master...
I0302 15:32:03.008783 28292 ts_manager.cc:71] Re-registered known tablet server { permanent_uuid: "3e41e55c8a3a40e3bf81f862aaadfd20" instance_seqno: 1425339122995351 } with Master
I0302 15:32:03.013067 28280 linked_list-test-util.h:571] Table not yet ready: 0/517150 rows (status: Illegal state: Couldn't open scanner: Tablet not RUNNING: BOOTSTRAPPING)
I0302 15:32:03.013903 30283 log_util.cc:468] Scanning /data1/test-tmp/linked_list-test.LinkedListTest.TestLoadAndVerify.1425339087178522-28280/linked-list-cluster/ts-2/wals/36005aaac18b4c70b2fc03d1382ca7c3.recovery/wal-000000002 for valid entry headers following offset 243307...
I0302 15:32:03.015329 30283 log_util.cc:505] Found no log entry headers
I0302 15:32:03.015375 30283 log_util.cc:437] Ignoring corruption Corruption: CRC mismatch in log header: Log file corrupted. Failed trying to read batch #662 at offset 243295 for segment at /data1/test-tmp/linked_list-test.LinkedListTest.TestLoadAndVerify.1425339087178522-28280/linked-list-cluster/ts-2/wals/36005aaac18b4c70b2fc03d1382ca7c3.recovery/wal-000000002. Prior batch offsets: 242444 242578 243161 243295: there were no further log entries following this one, so likely the log was truncated during writing
I0302 15:32:03.015429 30283 log_util.cc:197] Successfully rebuilt footer for segment: /data1/test-tmp/linked_list-test.LinkedListTest.TestLoadAndVerify.1425339087178522-28280/linked-list-cluster/ts-2/wals/36005aaac18b4c70b2fc03d1382ca7c3.recovery/wal-000000002 (valid entries through byte offset 243295)
I0302 15:32:03.025070 30283 log.cc:257] Log is configured to *not* fsync() on all Append() calls
I0302 15:32:03.042831 28280 linked_list-test-util.h:571] Table not yet ready: 0/517150 rows (status: Illegal state: Couldn't open scanner: Tablet not RUNNING: BOOTSTRAPPING)
I0302 15:32:03.044306 30284 log_util.cc:468] Scanning /data1/test-tmp/linked_list-test.LinkedListTest.TestLoadAndVerify.1425339087178522-28280/linked-list-cluster/ts-2/wals/ad1251b8988446ffa0348b542d353bd4.recovery/wal-000000002 for valid entry headers following offset 248090...
I0302 15:32:03.045994 30284 log_util.cc:505] Found no log entry headers
I0302 15:32:03.046020 30284 log_util.cc:437] Ignoring corruption Corruption: CRC mismatch in log header: Log file corrupted. Failed trying to read batch #659 at offset 248078 for segment at /data1/test-tmp/linked_list-test.LinkedListTest.TestLoadAndVerify.1425339087178522-28280/linked-list-cluster/ts-2/wals/ad1251b8988446ffa0348b542d353bd4.recovery/wal-000000002. Prior batch offsets: 247349 247503 247676 248078: there were no further log entries following this one, so likely the log was truncated during writing
I0302 15:32:03.046072 30284 log_util.cc:197] Successfully rebuilt footer for segment: /data1/test-tmp/linked_list-test.LinkedListTest.TestLoadAndVerify.1425339087178522-28280/linked-list-cluster/ts-2/wals/ad1251b8988446ffa0348b542d353bd4.recovery/wal-000000002 (valid entries through byte offset 248078)
I0302 15:32:03.048485 30285 log_util.cc:468] Scanning /data1/test-tmp/linked_list-test.LinkedListTest.TestLoadAndVerify.1425339087178522-28280/linked-list-cluster/ts-2/wals/4129cb7b8c2b4cdcbcdee9f8ecb69ae7.recovery/wal-000000002 for valid entry headers following offset 254065...
I0302 15:32:03.049610 30285 log_util.cc:505] Found no log entry headers
I0302 15:32:03.049649 30285 log_util.cc:437] Ignoring corruption Corruption: CRC mismatch in log header: Log file corrupted. Failed trying to read batch #688 at offset 254053 for segment at /data1/test-tmp/linked_list-test.LinkedListTest.TestLoadAndVerify.1425339087178522-28280/linked-list-cluster/ts-2/wals/4129cb7b8c2b4cdcbcdee9f8ecb69ae7.recovery/wal-000000002. Prior batch offsets: 253336 253815 253943 254053: there were no further log entries following this one, so likely the log was truncated during writing
I0302 15:32:03.049701 30285 log_util.cc:197] Successfully rebuilt footer for segment: /data1/test-tmp/linked_list-test.LinkedListTest.TestLoadAndVerify.1425339087178522-28280/linked-list-cluster/ts-2/wals/4129cb7b8c2b4cdcbcdee9f8ecb69ae7.recovery/wal-000000002 (valid entries through byte offset 254053)
I0302 15:32:03.064538 28280 linked_list-test-util.h:571] Table not yet ready: 0/517150 rows (status: Illegal state: Couldn't open scanner: Tablet not RUNNING: BOOTSTRAPPING)
I0302 15:32:03.090610 28280 linked_list-test-util.h:571] Table not yet ready: 0/517150 rows (status: Illegal state: Couldn't open scanner: Tablet not RUNNING: BOOTSTRAPPING)
I0302 15:32:03.112463 28280 linked_list-test-util.h:571] Table not yet ready: 0/517150 rows (status: Illegal state: Couldn't open scanner: Tablet not RUNNING: BOOTSTRAPPING)
I0302 15:32:03.134181 28280 linked_list-test-util.h:571] Table not yet ready: 0/517150 rows (status: Illegal state: Couldn't open scanner: Tablet not RUNNING: BOOTSTRAPPING)
I0302 15:32:03.156323 28280 linked_list-test-util.h:571] Table not yet ready: 0/517150 rows (status: Illegal state: Couldn't open scanner: Tablet not RUNNING: BOOTSTRAPPING)
I0302 15:32:03.178042 28280 linked_list-test-util.h:571] Table not yet ready: 0/517150 rows (status: Illegal state: Couldn't open scanner: Tablet not RUNNING: BOOTSTRAPPING)
I0302 15:32:03.199503 28280 linked_list-test-util.h:571] Table not yet ready: 0/517150 rows (status: Illegal state: Couldn't open scanner: Tablet not RUNNING: BOOTSTRAPPING)
I0302 15:32:03.226425 28280 linked_list-test-util.h:571] Table not yet ready: 0/517150 rows (status: Illegal state: Couldn't open scanner: Tablet not RUNNING: BOOTSTRAPPING)
I0302 15:32:03.247987 28280 linked_list-test-util.h:571] Table not yet ready: 0/517150 rows (status: Illegal state: Couldn't open scanner: Tablet not RUNNING: BOOTSTRAPPING)
I0302 15:32:03.269213 28280 linked_list-test-util.h:571] Table not yet ready: 0/517150 rows (status: Illegal state: Couldn't open scanner: Tablet not RUNNING: BOOTSTRAPPING)
I0302 15:32:03.289934 28547 linked_list-test-util.h:284] Curling URL http://127.0.0.1:40132/jsonmetricz
I0302 15:32:03.290779 28280 linked_list-test-util.h:571] Table not yet ready: 0/517150 rows (status: Illegal state: Couldn't open scanner: Tablet not RUNNING: BOOTSTRAPPING)
I0302 15:32:03.312388 28280 linked_list-test-util.h:571] Table not yet ready: 0/517150 rows (status: Illegal state: Couldn't open scanner: Tablet not RUNNING: BOOTSTRAPPING)
I0302 15:32:03.338079 28280 linked_list-test-util.h:571] Table not yet ready: 0/517150 rows (status: Illegal state: Couldn't open scanner: Tablet not RUNNING: BOOTSTRAPPING)
I0302 15:32:03.359648 28280 linked_list-test-util.h:571] Table not yet ready: 0/517150 rows (status: Illegal state: Couldn't open scanner: Tablet not RUNNING: BOOTSTRAPPING)
I0302 15:32:03.381067 28280 linked_list-test-util.h:571] Table not yet ready: 0/517150 rows (status: Illegal state: Couldn't open scanner: Tablet not RUNNING: BOOTSTRAPPING)
I0302 15:32:03.402365 28280 linked_list-test-util.h:571] Table not yet ready: 0/517150 rows (status: Illegal state: Couldn't open scanner: Tablet not RUNNING: BOOTSTRAPPING)
I0302 15:32:03.424914 28280 linked_list-test-util.h:571] Table not yet ready: 0/517150 rows (status: Illegal state: Couldn't open scanner: Tablet not RUNNING: BOOTSTRAPPING)
I0302 15:32:03.446151 28280 linked_list-test-util.h:571] Table not yet ready: 0/517150 rows (status: Illegal state: Couldn't open scanner: Tablet not RUNNING: BOOTSTRAPPING)
I0302 15:32:03.467509 28280 linked_list-test-util.h:571] Table not yet ready: 0/517150 rows (status: Illegal state: Couldn't open scanner: Tablet not RUNNING: BOOTSTRAPPING)
I0302 15:32:03.488821 28280 linked_list-test-util.h:571] Table not yet ready: 0/517150 rows (status: Illegal state: Couldn't open scanner: Tablet not RUNNING: BOOTSTRAPPING)
I0302 15:32:03.510169 28280 linked_list-test-util.h:571] Table not yet ready: 0/517150 rows (status: Illegal state: Couldn't open scanner: Tablet not RUNNING: BOOTSTRAPPING)
I0302 15:32:03.531410 28280 linked_list-test-util.h:571] Table not yet ready: 0/517150 rows (status: Illegal state: Couldn't open scanner: Tablet not RUNNING: BOOTSTRAPPING)
I0302 15:32:03.552618 28280 linked_list-test-util.h:571] Table not yet ready: 0/517150 rows (status: Illegal state: Couldn't open scanner: Tablet not RUNNING: BOOTSTRAPPING)
I0302 15:32:03.574694 28280 linked_list-test-util.h:571] Table not yet ready: 0/517150 rows (status: Illegal state: Couldn't open scanner: Tablet not RUNNING: BOOTSTRAPPING)
I0302 15:32:03.595751 28280 linked_list-test-util.h:571] Table not yet ready: 0/517150 rows (status: Illegal state: Couldn't open scanner: Tablet not RUNNING: BOOTSTRAPPING)
I0302 15:32:03.616974 28280 linked_list-test-util.h:571] Table not yet ready: 0/517150 rows (status: Illegal state: Couldn't open scanner: Tablet not RUNNING: BOOTSTRAPPING)
I0302 15:32:03.638227 28280 linked_list-test-util.h:571] Table not yet ready: 0/517150 rows (status: Illegal state: Couldn't open scanner: Tablet not RUNNING: BOOTSTRAPPING)
I0302 15:32:03.659550 28280 linked_list-test-util.h:571] Table not yet ready: 0/517150 rows (status: Illegal state: Couldn't open scanner: Tablet not RUNNING: BOOTSTRAPPING)
I0302 15:32:03.680850 28280 linked_list-test-util.h:571] Table not yet ready: 0/517150 rows (status: Illegal state: Couldn't open scanner: Tablet not RUNNING: BOOTSTRAPPING)
I0302 15:32:03.702210 28280 linked_list-test-util.h:571] Table not yet ready: 0/517150 rows (status: Illegal state: Couldn't open scanner: Tablet not RUNNING: BOOTSTRAPPING)
I0302 15:32:03.723408 28280 linked_list-test-util.h:571] Table not yet ready: 0/517150 rows (status: Illegal state: Couldn't open scanner: Tablet not RUNNING: BOOTSTRAPPING)
I0302 15:32:03.745872 28280 linked_list-test-util.h:571] Table not yet ready: 0/517150 rows (status: Illegal state: Couldn't open scanner: Tablet not RUNNING: BOOTSTRAPPING)
I0302 15:32:03.767141 28280 linked_list-test-util.h:571] Table not yet ready: 0/517150 rows (status: Illegal state: Couldn't open scanner: Tablet not RUNNING: BOOTSTRAPPING)
I0302 15:32:03.788424 28280 linked_list-test-util.h:571] Table not yet ready: 0/517150 rows (status: Illegal state: Couldn't open scanner: Tablet not RUNNING: BOOTSTRAPPING)
I0302 15:32:03.809757 28280 linked_list-test-util.h:571] Table not yet ready: 0/517150 rows (status: Illegal state: Couldn't open scanner: Tablet not RUNNING: BOOTSTRAPPING)
I0302 15:32:03.831078 28280 linked_list-test-util.h:571] Table not yet ready: 0/517150 rows (status: Illegal state: Couldn't open scanner: Tablet not RUNNING: BOOTSTRAPPING)
I0302 15:32:03.852412 28280 linked_list-test-util.h:571] Table not yet ready: 0/517150 rows (status: Illegal state: Couldn't open scanner: Tablet not RUNNING: BOOTSTRAPPING)
I0302 15:32:03.854969 30185 tablet_bootstrap.cc:290] Tablet 36005aaac18b4c70b2fc03d1382ca7c3: Bootstrap replayed 1/2 log segments. Stats: ops{read=1465 overwritten=0 applied=1464} inserts{seen=24527 ignored=24527} mutations{seen=0 ignored=0} orphaned_commits=0. Pending: 1 replicates
I0302 15:32:03.873540 28280 linked_list-test-util.h:571] Table not yet ready: 0/517150 rows (status: Illegal state: Couldn't open scanner: Tablet not RUNNING: BOOTSTRAPPING)
I0302 15:32:03.894969 28280 linked_list-test-util.h:571] Table not yet ready: 0/517150 rows (status: Illegal state: Couldn't open scanner: Tablet not RUNNING: BOOTSTRAPPING)
I0302 15:32:03.900707 30185 log.cc:415] Max segment size reached. Starting new segment allocation.
I0302 15:32:03.903360 30185 log.cc:306] Rolled over to a new segment: /data1/test-tmp/linked_list-test.LinkedListTest.TestLoadAndVerify.1425339087178522-28280/linked-list-cluster/ts-0/wals/36005aaac18b4c70b2fc03d1382ca7c3/wal-000000002
I0302 15:32:03.916270 28280 linked_list-test-util.h:571] Table not yet ready: 0/517150 rows (status: Illegal state: Couldn't open scanner: Tablet not RUNNING: BOOTSTRAPPING)
I0302 15:32:03.937582 28280 linked_list-test-util.h:571] Table not yet ready: 0/517150 rows (status: Illegal state: Couldn't open scanner: Tablet not RUNNING: BOOTSTRAPPING)
I0302 15:32:03.958748 28280 linked_list-test-util.h:571] Table not yet ready: 0/517150 rows (status: Illegal state: Couldn't open scanner: Tablet not RUNNING: BOOTSTRAPPING)
I0302 15:32:03.980146 28280 linked_list-test-util.h:571] Table not yet ready: 0/517150 rows (status: Illegal state: Couldn't open scanner: Tablet not RUNNING: BOOTSTRAPPING)
I0302 15:32:04.001708 28280 linked_list-test-util.h:571] Table not yet ready: 0/517150 rows (status: Illegal state: Couldn't open scanner: Tablet not RUNNING: BOOTSTRAPPING)
I0302 15:32:04.011270 30283 tablet_bootstrap.cc:290] Tablet 36005aaac18b4c70b2fc03d1382ca7c3: Bootstrap replayed 1/2 log segments. Stats: ops{read=1460 overwritten=0 applied=1459} inserts{seen=24435 ignored=24435} mutations{seen=0 ignored=0} orphaned_commits=0. Pending: 1 replicates
I0302 15:32:04.023425 28280 linked_list-test-util.h:571] Table not yet ready: 0/517150 rows (status: Illegal state: Couldn't open scanner: Tablet not RUNNING: BOOTSTRAPPING)
I0302 15:32:04.044942 28280 linked_list-test-util.h:571] Table not yet ready: 0/517150 rows (status: Illegal state: Couldn't open scanner: Tablet not RUNNING: BOOTSTRAPPING)
I0302 15:32:04.061214 30283 log.cc:415] Max segment size reached. Starting new segment allocation.
I0302 15:32:04.064527 30283 log.cc:306] Rolled over to a new segment: /data1/test-tmp/linked_list-test.LinkedListTest.TestLoadAndVerify.1425339087178522-28280/linked-list-cluster/ts-2/wals/36005aaac18b4c70b2fc03d1382ca7c3/wal-000000002
I0302 15:32:04.066463 28280 linked_list-test-util.h:571] Table not yet ready: 0/517150 rows (status: Illegal state: Couldn't open scanner: Tablet not RUNNING: BOOTSTRAPPING)
I0302 15:32:04.088009 28280 linked_list-test-util.h:571] Table not yet ready: 0/517150 rows (status: Illegal state: Couldn't open scanner: Tablet not RUNNING: BOOTSTRAPPING)
I0302 15:32:04.094936 30185 tablet_bootstrap.cc:290] Tablet 36005aaac18b4c70b2fc03d1382ca7c3: Bootstrap replayed 2/2 log segments. Stats: ops{read=1791 overwritten=0 applied=1790} inserts{seen=29933 ignored=29933} mutations{seen=0 ignored=0} orphaned_commits=0. Pending: 1 replicates
I0302 15:32:04.097697 30233 tablet_bootstrap.cc:290] Tablet 4129cb7b8c2b4cdcbcdee9f8ecb69ae7: Bootstrap replayed 1/2 log segments. Stats: ops{read=1469 overwritten=0 applied=1467} inserts{seen=24530 ignored=24530} mutations{seen=0 ignored=0} orphaned_commits=0. Pending: 2 replicates
I0302 15:32:04.103816 30185 tablet_bootstrap.cc:894] ReplayState: Previous OpId: 2.10275, Committed OpId: 1.10274, Pending Replicates: 1, Pending Commits: 0
I0302 15:32:04.103868 30185 tablet_bootstrap.cc:894] Dumping REPLICATES:
I0302 15:32:04.103901 30185 tablet_bootstrap.cc:894] type: REPLICATE replicate { id { term: 2 index: 10275 } op_type: CHANGE_CONFIG_OP change_config_request { tablet_id: "36005aaac18b4c70b2fc03d1382ca7c3" old_config { opid_index: 1 local: false peers { permanent_uuid: "892c1da145ed4847b1dfd57983516d8f" role: FOLLOWER last_known_addr { host: "127.0.0.1" port: 7050 } } peers { permanent_uuid: "3e41e55c8a3a40e3bf81f862aaadfd20" role: LEADER last_known_addr { host: "127.0.0.1" port: 7052 } } peers { permanent_uuid: "5748afe5294c41b89cbb67f8edbee2a1" role: FOLLOWER last_known_addr { host: "127.0.0.1" port: 7051 } } } new_config { local: false peers { permanent_uuid: "892c1da145ed4847b1dfd57983516d8f" role: LEADER last_known_addr { host: "127.0.0.1" port: 7050 } } peers { permanent_uuid: "3e41e55c8a3a40e3bf81f862aaadfd20" role: FOLLOWER last_known_addr { host: "127.0.0.1" port: 7052 } } peers { permanent_uuid: "5748afe5294c41b89cbb67f8edbee2a1" role: FOLLOWER last_known_addr { host: "127.0.0.1" port: 7051 } } } } }
I0302 15:32:04.103960 30284 log.cc:415] Max segment size reached. Starting new segment allocation.
I0302 15:32:04.106729 30284 log.cc:306] Rolled over to a new segment: /data1/test-tmp/linked_list-test.LinkedListTest.TestLoadAndVerify.1425339087178522-28280/linked-list-cluster/ts-2/wals/ad1251b8988446ffa0348b542d353bd4/wal-000000002
I0302 15:32:04.107409 30185 tablet_bootstrap.cc:537] Renamed old recovery dir from: /data1/test-tmp/linked_list-test.LinkedListTest.TestLoadAndVerify.1425339087178522-28280/linked-list-cluster/ts-0/wals/36005aaac18b4c70b2fc03d1382ca7c3.recovery to: /data1/test-tmp/linked_list-test.LinkedListTest.TestLoadAndVerify.1425339087178522-28280/linked-list-cluster/ts-0/wals/36005aaac18b4c70b2fc03d1382ca7c3.recovery-1425339124107356
I0302 15:32:04.107460 30185 tablet_bootstrap.cc:540] --skip_remove_old_recovery_dir enabled. NOT removing /data1/test-tmp/linked_list-test.LinkedListTest.TestLoadAndVerify.1425339087178522-28280/linked-list-cluster/ts-0/wals/36005aaac18b4c70b2fc03d1382ca7c3.recovery-1425339124107356
I0302 15:32:04.107503 30185 tablet_bootstrap.cc:290] Tablet 36005aaac18b4c70b2fc03d1382ca7c3: Bootstrap complete.
I0302 15:32:04.108543 30185 ts_tablet_manager.cc:319] Time spent tablet 36005aaac18b4c70b2fc03d1382ca7c3 bootstrap: real 1.272s user 0.682s sys 0.411s
I0302 15:32:04.110718 30284 tablet_bootstrap.cc:290] Tablet ad1251b8988446ffa0348b542d353bd4: Bootstrap replayed 1/2 log segments. Stats: ops{read=1470 overwritten=0 applied=1469} inserts{seen=24680 ignored=19769} mutations{seen=0 ignored=0} orphaned_commits=0. Pending: 1 replicates
I0302 15:32:04.111999 30231 tablet_bootstrap.cc:290] Tablet 36005aaac18b4c70b2fc03d1382ca7c3: Bootstrap replayed 1/2 log segments. Stats: ops{read=1460 overwritten=0 applied=1458} inserts{seen=24418 ignored=24418} mutations{seen=0 ignored=0} orphaned_commits=0. Pending: 2 replicates
I0302 15:32:04.118221 30185 raft_consensus.cc:194] T 36005aaac18b4c70b2fc03d1382ca7c3 P 892c1da145ed4847b1dfd57983516d8f [FOLLOWER]: Replica starting. Triggering 1 pending transactions.
I0302 15:32:04.118420 28280 linked_list-test-util.h:571] Table not yet ready: 0/517150 rows (status: Illegal state: Couldn't open scanner: Tablet not RUNNING: BOOTSTRAPPING)
I0302 15:32:04.118829 30187 log.cc:415] Max segment size reached. Starting new segment allocation.
I0302 15:32:04.118844 30185 raft_consensus.cc:211] T 36005aaac18b4c70b2fc03d1382ca7c3 P 892c1da145ed4847b1dfd57983516d8f [FOLLOWER]: Initializing failure detector for fast election at startup
I0302 15:32:04.118970 30185 raft_consensus.cc:399] T 36005aaac18b4c70b2fc03d1382ca7c3 P 892c1da145ed4847b1dfd57983516d8f [FOLLOWER]: Becoming Follower/Learner. State: Replica: 892c1da145ed4847b1dfd57983516d8f, State: 1, Role: FOLLOWER Watermarks: {Received: term: 2 index: 10275 Committed: term: 1 index: 10274}
I0302 15:32:04.120213 30185 consensus_queue.cc:127] T 36005aaac18b4c70b2fc03d1382ca7c3 P 892c1da145ed4847b1dfd57983516d8f [NON_LEADER]: queue going to NON_LEADER mode. State: All replicated op: 0.0, Majority replicated op: 0.0, Committed index: 0.0, Last appended: 2.10275, Current term: 0, Majority size: 1, State: 1, Mode: NON_LEADER
I0302 15:32:04.120367 30185 ts_tablet_manager.cc:339] Time spent starting tablet 36005aaac18b4c70b2fc03d1382ca7c3: real 0.012s user 0.005s sys 0.000s
I0302 15:32:04.122409 30187 log.cc:306] Rolled over to a new segment: /data1/test-tmp/linked_list-test.LinkedListTest.TestLoadAndVerify.1425339087178522-28280/linked-list-cluster/ts-0/wals/4129cb7b8c2b4cdcbcdee9f8ecb69ae7/wal-000000002
I0302 15:32:04.123062 30187 tablet_bootstrap.cc:290] Tablet 4129cb7b8c2b4cdcbcdee9f8ecb69ae7: Bootstrap replayed 1/2 log segments. Stats: ops{read=1473 overwritten=0 applied=1472} inserts{seen=24617 ignored=19467} mutations{seen=0 ignored=0} orphaned_commits=0. Pending: 1 replicates
I0302 15:32:04.131410 30232 log.cc:415] Max segment size reached. Starting new segment allocation.
I0302 15:32:04.133179 30232 log.cc:306] Rolled over to a new segment: /data1/test-tmp/linked_list-test.LinkedListTest.TestLoadAndVerify.1425339087178522-28280/linked-list-cluster/ts-1/wals/ad1251b8988446ffa0348b542d353bd4/wal-000000002
I0302 15:32:04.134726 30232 tablet_bootstrap.cc:290] Tablet ad1251b8988446ffa0348b542d353bd4: Bootstrap replayed 1/2 log segments. Stats: ops{read=1466 overwritten=0 applied=1465} inserts{seen=24632 ignored=19474} mutations{seen=0 ignored=0} orphaned_commits=0. Pending: 1 replicates
I0302 15:32:04.140266 28280 linked_list-test-util.h:571] Table not yet ready: 0/517150 rows (status: Illegal state: Couldn't open scanner: Tablet not RUNNING: BOOTSTRAPPING)
I0302 15:32:04.159091 30233 log.cc:415] Max segment size reached. Starting new segment allocation.
I0302 15:32:04.163604 30233 log.cc:306] Rolled over to a new segment: /data1/test-tmp/linked_list-test.LinkedListTest.TestLoadAndVerify.1425339087178522-28280/linked-list-cluster/ts-1/wals/4129cb7b8c2b4cdcbcdee9f8ecb69ae7/wal-000000002
I0302 15:32:04.177554 30231 log.cc:415] Max segment size reached. Starting new segment allocation.
I0302 15:32:04.178360 30231 log.cc:306] Rolled over to a new segment: /data1/test-tmp/linked_list-test.LinkedListTest.TestLoadAndVerify.1425339087178522-28280/linked-list-cluster/ts-1/wals/36005aaac18b4c70b2fc03d1382ca7c3/wal-000000002
I0302 15:32:04.205564 28280 linked_list-test-util.h:571] Table not yet ready: 0/517150 rows (status: Illegal state: Tablet not RUNNING: BOOTSTRAPPING)
I0302 15:32:04.238715 30283 tablet_bootstrap.cc:290] Tablet 36005aaac18b4c70b2fc03d1382ca7c3: Bootstrap replayed 2/2 log segments. Stats: ops{read=1790 overwritten=0 applied=1790} inserts{seen=29933 ignored=29933} mutations{seen=0 ignored=0} orphaned_commits=0. Pending: 0 replicates
I0302 15:32:04.238776 30283 tablet_bootstrap.cc:894] ReplayState: Previous OpId: 1.10274, Committed OpId: 1.10274, Pending Replicates: 0, Pending Commits: 0
I0302 15:32:04.250524 28280 linked_list-test-util.h:571] Table not yet ready: 0/517150 rows (status: Illegal state: Tablet not RUNNING: BOOTSTRAPPING)
I0302 15:32:04.252100 30283 tablet_bootstrap.cc:537] Renamed old recovery dir from: /data1/test-tmp/linked_list-test.LinkedListTest.TestLoadAndVerify.1425339087178522-28280/linked-list-cluster/ts-2/wals/36005aaac18b4c70b2fc03d1382ca7c3.recovery to: /data1/test-tmp/linked_list-test.LinkedListTest.TestLoadAndVerify.1425339087178522-28280/linked-list-cluster/ts-2/wals/36005aaac18b4c70b2fc03d1382ca7c3.recovery-1425339124252049
I0302 15:32:04.252151 30283 tablet_bootstrap.cc:540] --skip_remove_old_recovery_dir enabled. NOT removing /data1/test-tmp/linked_list-test.LinkedListTest.TestLoadAndVerify.1425339087178522-28280/linked-list-cluster/ts-2/wals/36005aaac18b4c70b2fc03d1382ca7c3.recovery-1425339124252049
I0302 15:32:04.252195 30283 tablet_bootstrap.cc:290] Tablet 36005aaac18b4c70b2fc03d1382ca7c3: Bootstrap complete.
I0302 15:32:04.253851 30283 ts_tablet_manager.cc:319] Time spent tablet 36005aaac18b4c70b2fc03d1382ca7c3 bootstrap: real 1.288s user 0.604s sys 0.378s
I0302 15:32:04.257860 30283 raft_consensus.cc:194] T 36005aaac18b4c70b2fc03d1382ca7c3 P 3e41e55c8a3a40e3bf81f862aaadfd20 [FOLLOWER]: Replica starting. Triggering 0 pending transactions.
I0302 15:32:04.257932 30283 raft_consensus.cc:211] T 36005aaac18b4c70b2fc03d1382ca7c3 P 3e41e55c8a3a40e3bf81f862aaadfd20 [FOLLOWER]: Initializing failure detector for fast election at startup
I0302 15:32:04.258024 30283 raft_consensus.cc:399] T 36005aaac18b4c70b2fc03d1382ca7c3 P 3e41e55c8a3a40e3bf81f862aaadfd20 [FOLLOWER]: Becoming Follower/Learner. State: Replica: 3e41e55c8a3a40e3bf81f862aaadfd20, State: 1, Role: FOLLOWER Watermarks: {Received: term: 1 index: 10274 Committed: term: 1 index: 10274}
I0302 15:32:04.258100 30283 consensus_queue.cc:127] T 36005aaac18b4c70b2fc03d1382ca7c3 P 3e41e55c8a3a40e3bf81f862aaadfd20 [NON_LEADER]: queue going to NON_LEADER mode. State: All replicated op: 0.0, Majority replicated op: 0.0, Committed index: 0.0, Last appended: 1.10274, Current term: 0, Majority size: 1, State: 1, Mode: NON_LEADER
I0302 15:32:04.258292 30283 ts_tablet_manager.cc:339] Time spent starting tablet 36005aaac18b4c70b2fc03d1382ca7c3: real 0.004s user 0.002s sys 0.000s
I0302 15:32:04.290017 28547 linked_list-test-util.h:284] Curling URL http://127.0.0.1:40132/tablets
