I0302 15:32:02.457576 30003 ts_tablet_manager.cc:449] Registered tablet 36005aaac18b4c70b2fc03d1382ca7c3
I0302 15:32:02.457690 30003 ts_tablet_manager.cc:285] Loading master block ad1251b8988446ffa0348b542d353bd4
I0302 15:32:02.457706 30009 ts_tablet_manager.cc:314] Bootstrapping tablet: 36005aaac18b4c70b2fc03d1382ca7c3
I0302 15:32:02.459980 30003 ts_tablet_manager.cc:449] Registered tablet ad1251b8988446ffa0348b542d353bd4
I0302 15:32:02.460070 30009 tablet_bootstrap.cc:290] Tablet 36005aaac18b4c70b2fc03d1382ca7c3: Bootstrap starting.
I0302 15:32:02.460258 30003 ts_tablet_manager.cc:285] Loading master block 4129cb7b8c2b4cdcbcdee9f8ecb69ae7
I0302 15:32:02.460386 30010 ts_tablet_manager.cc:314] Bootstrapping tablet: ad1251b8988446ffa0348b542d353bd4
I0302 15:32:02.461771 30009 delta_tracker.cc:69] Successfully opened UNDO delta file cb8ec8ace5794df5bd0c9c859c1b8dea9bd1cf650f6841ea921cc25b115b7599
I0302 15:32:02.462695 30009 delta_tracker.cc:69] Successfully opened UNDO delta file cb8ec8ace5794df5bd0c9c859c1b8dea171b83c561774b4d8978141b2a2c76e8
I0302 15:32:02.463174 30009 tablet_bootstrap.cc:509] Will attempt to recover log segment: /data1/test-tmp/linked_list-test.LinkedListTest.TestLoadAndVerify.1425339087178522-28280/linked-list-cluster/ts-0/wals/36005aaac18b4c70b2fc03d1382ca7c3/wal-000000001 to: /data1/test-tmp/linked_list-test.LinkedListTest.TestLoadAndVerify.1425339087178522-28280/linked-list-cluster/ts-0/wals/36005aaac18b4c70b2fc03d1382ca7c3.recovery/wal-000000001
I0302 15:32:02.463220 30009 tablet_bootstrap.cc:509] Will attempt to recover log segment: /data1/test-tmp/linked_list-test.LinkedListTest.TestLoadAndVerify.1425339087178522-28280/linked-list-cluster/ts-0/wals/36005aaac18b4c70b2fc03d1382ca7c3/wal-000000002 to: /data1/test-tmp/linked_list-test.LinkedListTest.TestLoadAndVerify.1425339087178522-28280/linked-list-cluster/ts-0/wals/36005aaac18b4c70b2fc03d1382ca7c3.recovery/wal-000000002
I0302 15:32:02.463299 30009 tablet_bootstrap.cc:519] Moved log directory: /data1/test-tmp/linked_list-test.LinkedListTest.TestLoadAndVerify.1425339087178522-28280/linked-list-cluster/ts-0/wals/36005aaac18b4c70b2fc03d1382ca7c3 to recovery directory: /data1/test-tmp/linked_list-test.LinkedListTest.TestLoadAndVerify.1425339087178522-28280/linked-list-cluster/ts-0/wals/36005aaac18b4c70b2fc03d1382ca7c3.recovery
I0302 15:32:02.463829 30010 tablet_bootstrap.cc:290] Tablet ad1251b8988446ffa0348b542d353bd4: Bootstrap starting.
W0302 15:32:02.463831 30009 log_util.cc:147] Could not read footer for segment: /data1/test-tmp/linked_list-test.LinkedListTest.TestLoadAndVerify.1425339087178522-28280/linked-list-cluster/ts-0/wals/36005aaac18b4c70b2fc03d1382ca7c3.recovery/wal-000000002. Status: Not found: Footer not found. Footer magic doesn't match
W0302 15:32:02.463914 30009 log_reader.cc:136] Segment: /data1/test-tmp/linked_list-test.LinkedListTest.TestLoadAndVerify.1425339087178522-28280/linked-list-cluster/ts-0/wals/36005aaac18b4c70b2fc03d1382ca7c3.recovery/wal-000000002 was likely left in-progress after a previous crash. Will try to rebuild footer by scanning data
I0302 15:32:02.464699 30003 ts_tablet_manager.cc:449] Registered tablet 4129cb7b8c2b4cdcbcdee9f8ecb69ae7
I0302 15:32:02.464885 30011 ts_tablet_manager.cc:314] Bootstrapping tablet: 4129cb7b8c2b4cdcbcdee9f8ecb69ae7
I0302 15:32:02.465095 30010 delta_tracker.cc:69] Successfully opened UNDO delta file cb8ec8ace5794df5bd0c9c859c1b8dea44e22d92a0ca4491a60972ad44ec5738
I0302 15:32:02.465193 30003 tablet_server_main.cc:41] Starting tablet server...
I0302 15:32:02.466171 30010 delta_tracker.cc:69] Successfully opened UNDO delta file cb8ec8ace5794df5bd0c9c859c1b8dea83cdf644557f408f9285368e15c73ba2
I0302 15:32:02.466630 30010 tablet_bootstrap.cc:509] Will attempt to recover log segment: /data1/test-tmp/linked_list-test.LinkedListTest.TestLoadAndVerify.1425339087178522-28280/linked-list-cluster/ts-0/wals/ad1251b8988446ffa0348b542d353bd4/wal-000000001 to: /data1/test-tmp/linked_list-test.LinkedListTest.TestLoadAndVerify.1425339087178522-28280/linked-list-cluster/ts-0/wals/ad1251b8988446ffa0348b542d353bd4.recovery/wal-000000001
I0302 15:32:02.466707 30010 tablet_bootstrap.cc:509] Will attempt to recover log segment: /data1/test-tmp/linked_list-test.LinkedListTest.TestLoadAndVerify.1425339087178522-28280/linked-list-cluster/ts-0/wals/ad1251b8988446ffa0348b542d353bd4/wal-000000002 to: /data1/test-tmp/linked_list-test.LinkedListTest.TestLoadAndVerify.1425339087178522-28280/linked-list-cluster/ts-0/wals/ad1251b8988446ffa0348b542d353bd4.recovery/wal-000000002
I0302 15:32:02.466816 30010 tablet_bootstrap.cc:519] Moved log directory: /data1/test-tmp/linked_list-test.LinkedListTest.TestLoadAndVerify.1425339087178522-28280/linked-list-cluster/ts-0/wals/ad1251b8988446ffa0348b542d353bd4 to recovery directory: /data1/test-tmp/linked_list-test.LinkedListTest.TestLoadAndVerify.1425339087178522-28280/linked-list-cluster/ts-0/wals/ad1251b8988446ffa0348b542d353bd4.recovery
W0302 15:32:02.467332 30010 log_util.cc:147] Could not read footer for segment: /data1/test-tmp/linked_list-test.LinkedListTest.TestLoadAndVerify.1425339087178522-28280/linked-list-cluster/ts-0/wals/ad1251b8988446ffa0348b542d353bd4.recovery/wal-000000002. Status: Not found: Footer not found. Footer magic doesn't match
W0302 15:32:02.467375 30010 log_reader.cc:136] Segment: /data1/test-tmp/linked_list-test.LinkedListTest.TestLoadAndVerify.1425339087178522-28280/linked-list-cluster/ts-0/wals/ad1251b8988446ffa0348b542d353bd4.recovery/wal-000000002 was likely left in-progress after a previous crash. Will try to rebuild footer by scanning data
I0302 15:32:02.469563 30011 tablet_bootstrap.cc:290] Tablet 4129cb7b8c2b4cdcbcdee9f8ecb69ae7: Bootstrap starting.
I0302 15:32:02.471297 30011 delta_tracker.cc:69] Successfully opened UNDO delta file cb8ec8ace5794df5bd0c9c859c1b8dea2d7431b6bf064aa2a1d05d2f528ad249
I0302 15:32:02.471704 30011 tablet_bootstrap.cc:509] Will attempt to recover log segment: /data1/test-tmp/linked_list-test.LinkedListTest.TestLoadAndVerify.1425339087178522-28280/linked-list-cluster/ts-0/wals/4129cb7b8c2b4cdcbcdee9f8ecb69ae7/wal-000000001 to: /data1/test-tmp/linked_list-test.LinkedListTest.TestLoadAndVerify.1425339087178522-28280/linked-list-cluster/ts-0/wals/4129cb7b8c2b4cdcbcdee9f8ecb69ae7.recovery/wal-000000001
I0302 15:32:02.471792 30011 tablet_bootstrap.cc:509] Will attempt to recover log segment: /data1/test-tmp/linked_list-test.LinkedListTest.TestLoadAndVerify.1425339087178522-28280/linked-list-cluster/ts-0/wals/4129cb7b8c2b4cdcbcdee9f8ecb69ae7/wal-000000002 to: /data1/test-tmp/linked_list-test.LinkedListTest.TestLoadAndVerify.1425339087178522-28280/linked-list-cluster/ts-0/wals/4129cb7b8c2b4cdcbcdee9f8ecb69ae7.recovery/wal-000000002
I0302 15:32:02.471824 30003 rpc_server.cc:110] RPC server started. Bound to: 127.0.0.1:7050
I0302 15:32:02.471865 30011 tablet_bootstrap.cc:519] Moved log directory: /data1/test-tmp/linked_list-test.LinkedListTest.TestLoadAndVerify.1425339087178522-28280/linked-list-cluster/ts-0/wals/4129cb7b8c2b4cdcbcdee9f8ecb69ae7 to recovery directory: /data1/test-tmp/linked_list-test.LinkedListTest.TestLoadAndVerify.1425339087178522-28280/linked-list-cluster/ts-0/wals/4129cb7b8c2b4cdcbcdee9f8ecb69ae7.recovery
I0302 15:32:02.472033 30003 webserver.cc:108] Starting webserver on localhost:40132
I0302 15:32:02.472064 30003 webserver.cc:117] Document root disabled
W0302 15:32:02.472575 30011 log_util.cc:147] Could not read footer for segment: /data1/test-tmp/linked_list-test.LinkedListTest.TestLoadAndVerify.1425339087178522-28280/linked-list-cluster/ts-0/wals/4129cb7b8c2b4cdcbcdee9f8ecb69ae7.recovery/wal-000000002. Status: Not found: Footer not found. Footer magic doesn't match
W0302 15:32:02.472591 30011 log_reader.cc:136] Segment: /data1/test-tmp/linked_list-test.LinkedListTest.TestLoadAndVerify.1425339087178522-28280/linked-list-cluster/ts-0/wals/4129cb7b8c2b4cdcbcdee9f8ecb69ae7.recovery/wal-000000002 was likely left in-progress after a previous crash. Will try to rebuild footer by scanning data
I0302 15:32:02.472977 30003 webserver.cc:197] Webserver started. Bound to: http://127.0.0.1:40132/
I0302 15:32:02.473290 30003 server_base.cc:170] Dumped server information to /data1/test-tmp/linked_list-test.LinkedListTest.TestLoadAndVerify.1425339087178522-28280/linked-list-cluster/ts-0/info.pb
I0302 15:32:02.473938 30003 maintenance_manager.cc:111] MaintenanceManager: targeting memory size of 23.515860 GB
I0302 15:32:02.474104 30003 tablet_server_main.cc:44] Tablet server successfully started.
I0302 15:32:02.475877 30046 heartbeater.cc:219] Connected to a leader master server at 127.0.0.1:50914
I0302 15:32:02.475975 30046 heartbeater.cc:289] Registering TS with master...
I0302 15:32:02.476047 30046 heartbeater.cc:295] Sending a full tablet report to master...
I0302 15:32:02.476336 28297 ts_manager.cc:71] Re-registered known tablet server { permanent_uuid: "892c1da145ed4847b1dfd57983516d8f" instance_seqno: 1425339122471420 } with Master
I0302 15:32:02.482980 28280 external_mini_cluster.cc:416] Started /data1/jenkins-workspace/kudu-gerrit/BUILD_TYPE/LEAKCHECK/label/kudu-gerrit-slaves/build/release/kudu-tablet_server as pid 30003
I0302 15:32:02.483319 28280 external_mini_cluster.cc:382] Running /data1/jenkins-workspace/kudu-gerrit/BUILD_TYPE/LEAKCHECK/label/kudu-gerrit-slaves/build/release/kudu-tablet_server kudu-tablet_server --tablet_server_wal_dir=/data1/test-tmp/linked_list-test.LinkedListTest.TestLoadAndVerify.1425339087178522-28280/linked-list-cluster/ts-1 --tablet_server_data_dirs=/data1/test-tmp/linked_list-test.LinkedListTest.TestLoadAndVerify.1425339087178522-28280/linked-list-cluster/ts-1 --tablet_server_rpc_bind_addresses=127.0.0.1:7051 --tablet_server_web_port=55689 --tablet_server_master_addrs=127.0.0.1:50914 --skip_remove_old_recovery_dir --enable_leader_failure_detection=true --tablet_server_rpc_bind_addresses=127.0.0.1:7051 --flush_threshold_mb=1 --log_segment_size_mb=1 --server_dump_info_path=/data1/test-tmp/linked_list-test.LinkedListTest.TestLoadAndVerify.1425339087178522-28280/linked-list-cluster/ts-1/info.pb --server_dump_info_format=pb --logtostderr --logbuflevel=-1 --webserver_interface=localhost WARNING: Perftools heap leak checker is active -- Performance may suffer
I0302 15:32:02.514143 30050 tablet_server_main.cc:38] Initializing tablet server...
I0302 15:32:02.517494 30050 fs_manager.cc:132] Opened local filesystem: /data1/test-tmp/linked_list-test.LinkedListTest.TestLoadAndVerify.1425339087178522-28280/linked-list-cluster/ts-1 uuid: "5748afe5294c41b89cbb67f8edbee2a1" format_stamp: "Formatted at 2015-03-02 23:31:27 on boost-static-burst-slave-cc0.vpc.cloudera.com"
I0302 15:32:02.519568 30009 log_util.cc:468] Scanning /data1/test-tmp/linked_list-test.LinkedListTest.TestLoadAndVerify.1425339087178522-28280/linked-list-cluster/ts-0/wals/36005aaac18b4c70b2fc03d1382ca7c3.recovery/wal-000000002 for valid entry headers following offset 240073...
I0302 15:32:02.521662 30009 log_util.cc:505] Found no log entry headers
I0302 15:32:02.521706 30050 ts_tablet_manager.cc:285] Loading master block 36005aaac18b4c70b2fc03d1382ca7c3
I0302 15:32:02.521754 30009 log_util.cc:437] Ignoring corruption Corruption: CRC mismatch in log header: Log file corrupted. Failed trying to read batch #653 at offset 240061 for segment at /data1/test-tmp/linked_list-test.LinkedListTest.TestLoadAndVerify.1425339087178522-28280/linked-list-cluster/ts-0/wals/36005aaac18b4c70b2fc03d1382ca7c3.recovery/wal-000000002. Prior batch offsets: 239391 239525 239659 240061: there were no further log entries following this one, so likely the log was truncated during writing
I0302 15:32:02.521839 30009 log_util.cc:197] Successfully rebuilt footer for segment: /data1/test-tmp/linked_list-test.LinkedListTest.TestLoadAndVerify.1425339087178522-28280/linked-list-cluster/ts-0/wals/36005aaac18b4c70b2fc03d1382ca7c3.recovery/wal-000000002 (valid entries through byte offset 240061)
I0302 15:32:02.523314 30050 ts_tablet_manager.cc:449] Registered tablet 36005aaac18b4c70b2fc03d1382ca7c3
I0302 15:32:02.523463 30050 ts_tablet_manager.cc:285] Loading master block ad1251b8988446ffa0348b542d353bd4
I0302 15:32:02.523490 30067 ts_tablet_manager.cc:314] Bootstrapping tablet: 36005aaac18b4c70b2fc03d1382ca7c3
I0302 15:32:02.525470 30011 log_util.cc:468] Scanning /data1/test-tmp/linked_list-test.LinkedListTest.TestLoadAndVerify.1425339087178522-28280/linked-list-cluster/ts-0/wals/4129cb7b8c2b4cdcbcdee9f8ecb69ae7.recovery/wal-000000002 for valid entry headers following offset 255151...
I0302 15:32:02.526867 30067 tablet_bootstrap.cc:290] Tablet 36005aaac18b4c70b2fc03d1382ca7c3: Bootstrap starting.
I0302 15:32:02.527020 30010 log_util.cc:468] Scanning /data1/test-tmp/linked_list-test.LinkedListTest.TestLoadAndVerify.1425339087178522-28280/linked-list-cluster/ts-0/wals/ad1251b8988446ffa0348b542d353bd4.recovery/wal-000000002 for valid entry headers following offset 271817...
I0302 15:32:02.527441 30050 ts_tablet_manager.cc:449] Registered tablet ad1251b8988446ffa0348b542d353bd4
I0302 15:32:02.527637 30050 ts_tablet_manager.cc:285] Loading master block 4129cb7b8c2b4cdcbcdee9f8ecb69ae7
I0302 15:32:02.527675 30011 log_util.cc:505] Found no log entry headers
I0302 15:32:02.527690 30068 ts_tablet_manager.cc:314] Bootstrapping tablet: ad1251b8988446ffa0348b542d353bd4
I0302 15:32:02.527740 30011 log_util.cc:437] Ignoring corruption Corruption: CRC mismatch in log header: Log file corrupted. Failed trying to read batch #691 at offset 255139 for segment at /data1/test-tmp/linked_list-test.LinkedListTest.TestLoadAndVerify.1425339087178522-28280/linked-list-cluster/ts-0/wals/4129cb7b8c2b4cdcbcdee9f8ecb69ae7.recovery/wal-000000002. Prior batch offsets: 254148 254627 254737 255139: there were no further log entries following this one, so likely the log was truncated during writing
I0302 15:32:02.527825 30011 log_util.cc:197] Successfully rebuilt footer for segment: /data1/test-tmp/linked_list-test.LinkedListTest.TestLoadAndVerify.1425339087178522-28280/linked-list-cluster/ts-0/wals/4129cb7b8c2b4cdcbcdee9f8ecb69ae7.recovery/wal-000000002 (valid entries through byte offset 255139)
I0302 15:32:02.528923 30067 delta_tracker.cc:69] Successfully opened UNDO delta file 8742962816284c9e8fad0726169d72bead4442d8f88a4c5bb47839c7997b3c95
I0302 15:32:02.529034 30010 log_util.cc:505] Found no log entry headers
I0302 15:32:02.529099 30010 log_util.cc:437] Ignoring corruption Corruption: CRC mismatch in log header: Log file corrupted. Failed trying to read batch #725 at offset 271805 for segment at /data1/test-tmp/linked_list-test.LinkedListTest.TestLoadAndVerify.1425339087178522-28280/linked-list-cluster/ts-0/wals/ad1251b8988446ffa0348b542d353bd4.recovery/wal-000000002. Prior batch offsets: 270739 271478 271632 271805: there were no further log entries following this one, so likely the log was truncated during writing
I0302 15:32:02.529182 30010 log_util.cc:197] Successfully rebuilt footer for segment: /data1/test-tmp/linked_list-test.LinkedListTest.TestLoadAndVerify.1425339087178522-28280/linked-list-cluster/ts-0/wals/ad1251b8988446ffa0348b542d353bd4.recovery/wal-000000002 (valid entries through byte offset 271805)
I0302 15:32:02.529906 30067 delta_tracker.cc:69] Successfully opened UNDO delta file 8742962816284c9e8fad0726169d72bec75dde950c4547139c428a3c6b050c76
I0302 15:32:02.531028 30067 delta_tracker.cc:69] Successfully opened UNDO delta file 8742962816284c9e8fad0726169d72bef585995b307447f693b55fc62f93290f
I0302 15:32:02.531842 30050 ts_tablet_manager.cc:449] Registered tablet 4129cb7b8c2b4cdcbcdee9f8ecb69ae7
I0302 15:32:02.531849 30067 delta_tracker.cc:69] Successfully opened UNDO delta file 8742962816284c9e8fad0726169d72be35c6deaff23a4fa1a7f0dd6e1fad61aa
I0302 15:32:02.532199 30068 tablet_bootstrap.cc:290] Tablet ad1251b8988446ffa0348b542d353bd4: Bootstrap starting.
I0302 15:32:02.532359 30067 tablet_bootstrap.cc:509] Will attempt to recover log segment: /data1/test-tmp/linked_list-test.LinkedListTest.TestLoadAndVerify.1425339087178522-28280/linked-list-cluster/ts-1/wals/36005aaac18b4c70b2fc03d1382ca7c3/wal-000000001 to: /data1/test-tmp/linked_list-test.LinkedListTest.TestLoadAndVerify.1425339087178522-28280/linked-list-cluster/ts-1/wals/36005aaac18b4c70b2fc03d1382ca7c3.recovery/wal-000000001
I0302 15:32:02.532361 30069 ts_tablet_manager.cc:314] Bootstrapping tablet: 4129cb7b8c2b4cdcbcdee9f8ecb69ae7
I0302 15:32:02.532392 30067 tablet_bootstrap.cc:509] Will attempt to recover log segment: /data1/test-tmp/linked_list-test.LinkedListTest.TestLoadAndVerify.1425339087178522-28280/linked-list-cluster/ts-1/wals/36005aaac18b4c70b2fc03d1382ca7c3/wal-000000002 to: /data1/test-tmp/linked_list-test.LinkedListTest.TestLoadAndVerify.1425339087178522-28280/linked-list-cluster/ts-1/wals/36005aaac18b4c70b2fc03d1382ca7c3.recovery/wal-000000002
I0302 15:32:02.532477 30050 tablet_server_main.cc:41] Starting tablet server...
I0302 15:32:02.532490 30067 tablet_bootstrap.cc:519] Moved log directory: /data1/test-tmp/linked_list-test.LinkedListTest.TestLoadAndVerify.1425339087178522-28280/linked-list-cluster/ts-1/wals/36005aaac18b4c70b2fc03d1382ca7c3 to recovery directory: /data1/test-tmp/linked_list-test.LinkedListTest.TestLoadAndVerify.1425339087178522-28280/linked-list-cluster/ts-1/wals/36005aaac18b4c70b2fc03d1382ca7c3.recovery
W0302 15:32:02.533689 30067 log_util.cc:147] Could not read footer for segment: /data1/test-tmp/linked_list-test.LinkedListTest.TestLoadAndVerify.1425339087178522-28280/linked-list-cluster/ts-1/wals/36005aaac18b4c70b2fc03d1382ca7c3.recovery/wal-000000002. Status: Not found: Footer not found. Footer magic doesn't match
W0302 15:32:02.533880 30067 log_reader.cc:136] Segment: /data1/test-tmp/linked_list-test.LinkedListTest.TestLoadAndVerify.1425339087178522-28280/linked-list-cluster/ts-1/wals/36005aaac18b4c70b2fc03d1382ca7c3.recovery/wal-000000002 was likely left in-progress after a previous crash. Will try to rebuild footer by scanning data
I0302 15:32:02.534698 30069 tablet_bootstrap.cc:290] Tablet 4129cb7b8c2b4cdcbcdee9f8ecb69ae7: Bootstrap starting.
I0302 15:32:02.535338 30068 delta_tracker.cc:69] Successfully opened UNDO delta file 8742962816284c9e8fad0726169d72be72a54de22165444091e572d1415cbc7c
I0302 15:32:02.535825 30068 tablet_bootstrap.cc:509] Will attempt to recover log segment: /data1/test-tmp/linked_list-test.LinkedListTest.TestLoadAndVerify.1425339087178522-28280/linked-list-cluster/ts-1/wals/ad1251b8988446ffa0348b542d353bd4/wal-000000001 to: /data1/test-tmp/linked_list-test.LinkedListTest.TestLoadAndVerify.1425339087178522-28280/linked-list-cluster/ts-1/wals/ad1251b8988446ffa0348b542d353bd4.recovery/wal-000000001
I0302 15:32:02.536566 30068 tablet_bootstrap.cc:509] Will attempt to recover log segment: /data1/test-tmp/linked_list-test.LinkedListTest.TestLoadAndVerify.1425339087178522-28280/linked-list-cluster/ts-1/wals/ad1251b8988446ffa0348b542d353bd4/wal-000000002 to: /data1/test-tmp/linked_list-test.LinkedListTest.TestLoadAndVerify.1425339087178522-28280/linked-list-cluster/ts-1/wals/ad1251b8988446ffa0348b542d353bd4.recovery/wal-000000002
I0302 15:32:02.536286 30069 delta_tracker.cc:69] Successfully opened UNDO delta file 8742962816284c9e8fad0726169d72beb08e33164a81448e9f5ec5c5ca811276
I0302 15:32:02.536742 30068 tablet_bootstrap.cc:519] Moved log directory: /data1/test-tmp/linked_list-test.LinkedListTest.TestLoadAndVerify.1425339087178522-28280/linked-list-cluster/ts-1/wals/ad1251b8988446ffa0348b542d353bd4 to recovery directory: /data1/test-tmp/linked_list-test.LinkedListTest.TestLoadAndVerify.1425339087178522-28280/linked-list-cluster/ts-1/wals/ad1251b8988446ffa0348b542d353bd4.recovery
W0302 15:32:02.537521 30068 log_util.cc:147] Could not read footer for segment: /data1/test-tmp/linked_list-test.LinkedListTest.TestLoadAndVerify.1425339087178522-28280/linked-list-cluster/ts-1/wals/ad1251b8988446ffa0348b542d353bd4.recovery/wal-000000002. Status: Not found: Footer not found. Footer magic doesn't match
W0302 15:32:02.537572 30068 log_reader.cc:136] Segment: /data1/test-tmp/linked_list-test.LinkedListTest.TestLoadAndVerify.1425339087178522-28280/linked-list-cluster/ts-1/wals/ad1251b8988446ffa0348b542d353bd4.recovery/wal-000000002 was likely left in-progress after a previous crash. Will try to rebuild footer by scanning data
I0302 15:32:02.537523 30069 delta_tracker.cc:69] Successfully opened UNDO delta file 8742962816284c9e8fad0726169d72bef11abc766bd346bf8310f49ad099ba21
I0302 15:32:02.537971 30069 tablet_bootstrap.cc:509] Will attempt to recover log segment: /data1/test-tmp/linked_list-test.LinkedListTest.TestLoadAndVerify.1425339087178522-28280/linked-list-cluster/ts-1/wals/4129cb7b8c2b4cdcbcdee9f8ecb69ae7/wal-000000001 to: /data1/test-tmp/linked_list-test.LinkedListTest.TestLoadAndVerify.1425339087178522-28280/linked-list-cluster/ts-1/wals/4129cb7b8c2b4cdcbcdee9f8ecb69ae7.recovery/wal-000000001
I0302 15:32:02.538014 30069 tablet_bootstrap.cc:509] Will attempt to recover log segment: /data1/test-tmp/linked_list-test.LinkedListTest.TestLoadAndVerify.1425339087178522-28280/linked-list-cluster/ts-1/wals/4129cb7b8c2b4cdcbcdee9f8ecb69ae7/wal-000000002 to: /data1/test-tmp/linked_list-test.LinkedListTest.TestLoadAndVerify.1425339087178522-28280/linked-list-cluster/ts-1/wals/4129cb7b8c2b4cdcbcdee9f8ecb69ae7.recovery/wal-000000002
I0302 15:32:02.538089 30069 tablet_bootstrap.cc:519] Moved log directory: /data1/test-tmp/linked_list-test.LinkedListTest.TestLoadAndVerify.1425339087178522-28280/linked-list-cluster/ts-1/wals/4129cb7b8c2b4cdcbcdee9f8ecb69ae7 to recovery directory: /data1/test-tmp/linked_list-test.LinkedListTest.TestLoadAndVerify.1425339087178522-28280/linked-list-cluster/ts-1/wals/4129cb7b8c2b4cdcbcdee9f8ecb69ae7.recovery
W0302 15:32:02.538507 30069 log_util.cc:147] Could not read footer for segment: /data1/test-tmp/linked_list-test.LinkedListTest.TestLoadAndVerify.1425339087178522-28280/linked-list-cluster/ts-1/wals/4129cb7b8c2b4cdcbcdee9f8ecb69ae7.recovery/wal-000000002. Status: Not found: Footer not found. Footer magic doesn't match
W0302 15:32:02.538549 30069 log_reader.cc:136] Segment: /data1/test-tmp/linked_list-test.LinkedListTest.TestLoadAndVerify.1425339087178522-28280/linked-list-cluster/ts-1/wals/4129cb7b8c2b4cdcbcdee9f8ecb69ae7.recovery/wal-000000002 was likely left in-progress after a previous crash. Will try to rebuild footer by scanning data
I0302 15:32:02.547498 30009 log.cc:257] Log is configured to *not* fsync() on all Append() calls
I0302 15:32:02.576568 30050 rpc_server.cc:110] RPC server started. Bound to: 127.0.0.1:7051
I0302 15:32:02.576771 30050 webserver.cc:108] Starting webserver on localhost:55689
I0302 15:32:02.576792 30050 webserver.cc:117] Document root disabled
I0302 15:32:02.577628 30050 webserver.cc:197] Webserver started. Bound to: http://127.0.0.1:55689/
I0302 15:32:02.577987 30050 server_base.cc:170] Dumped server information to /data1/test-tmp/linked_list-test.LinkedListTest.TestLoadAndVerify.1425339087178522-28280/linked-list-cluster/ts-1/info.pb
I0302 15:32:02.578212 30050 maintenance_manager.cc:111] MaintenanceManager: targeting memory size of 23.515860 GB
I0302 15:32:02.578541 30050 tablet_server_main.cc:44] Tablet server successfully started.
I0302 15:32:02.580817 30110 heartbeater.cc:219] Connected to a leader master server at 127.0.0.1:50914
I0302 15:32:02.580901 30110 heartbeater.cc:289] Registering TS with master...
I0302 15:32:02.581075 30110 heartbeater.cc:295] Sending a full tablet report to master...
I0302 15:32:02.581404 28299 ts_manager.cc:71] Re-registered known tablet server { permanent_uuid: "5748afe5294c41b89cbb67f8edbee2a1" instance_seqno: 1425339122576124 } with Master
I0302 15:32:02.583173 28280 external_mini_cluster.cc:416] Started /data1/jenkins-workspace/kudu-gerrit/BUILD_TYPE/LEAKCHECK/label/kudu-gerrit-slaves/build/release/kudu-tablet_server as pid 30050
I0302 15:32:02.583513 28280 external_mini_cluster.cc:382] Running /data1/jenkins-workspace/kudu-gerrit/BUILD_TYPE/LEAKCHECK/label/kudu-gerrit-slaves/build/release/kudu-tablet_server kudu-tablet_server --tablet_server_wal_dir=/data1/test-tmp/linked_list-test.LinkedListTest.TestLoadAndVerify.1425339087178522-28280/linked-list-cluster/ts-2 --tablet_server_data_dirs=/data1/test-tmp/linked_list-test.LinkedListTest.TestLoadAndVerify.1425339087178522-28280/linked-list-cluster/ts-2 --tablet_server_rpc_bind_addresses=127.0.0.1:7052 --tablet_server_web_port=43948 --tablet_server_master_addrs=127.0.0.1:50914 --skip_remove_old_recovery_dir --enable_leader_failure_detection=true --tablet_server_rpc_bind_addresses=127.0.0.1:7052 --flush_threshold_mb=1 --log_segment_size_mb=1 --server_dump_info_path=/data1/test-tmp/linked_list-test.LinkedListTest.TestLoadAndVerify.1425339087178522-28280/linked-list-cluster/ts-2/info.pb --server_dump_info_format=pb --logtostderr --logbuflevel=-1 --webserver_interface=localhost
I0302 15:32:02.583755 30067 log_util.cc:468] Scanning /data1/test-tmp/linked_list-test.LinkedListTest.TestLoadAndVerify.1425339087178522-28280/linked-list-cluster/ts-1/wals/36005aaac18b4c70b2fc03d1382ca7c3.recovery/wal-000000002 for valid entry headers following offset 243447...
I0302 15:32:02.586135 30067 log_util.cc:505] Found no log entry headers
I0302 15:32:02.586161 30067 log_util.cc:437] Ignoring corruption Corruption: CRC mismatch in log header: Log file corrupted. Failed trying to read batch #663 at offset 243435 for segment at /data1/test-tmp/linked_list-test.LinkedListTest.TestLoadAndVerify.1425339087178522-28280/linked-list-cluster/ts-1/wals/36005aaac18b4c70b2fc03d1382ca7c3.recovery/wal-000000002. Prior batch offsets: 242584 243167 243301 243435: there were no further log entries following this one, so likely the log was truncated during writing
I0302 15:32:02.586221 30067 log_util.cc:197] Successfully rebuilt footer for segment: /data1/test-tmp/linked_list-test.LinkedListTest.TestLoadAndVerify.1425339087178522-28280/linked-list-cluster/ts-1/wals/36005aaac18b4c70b2fc03d1382ca7c3.recovery/wal-000000002 (valid entries through byte offset 243435)
I0302 15:32:02.606848 30069 log_util.cc:468] Scanning /data1/test-tmp/linked_list-test.LinkedListTest.TestLoadAndVerify.1425339087178522-28280/linked-list-cluster/ts-1/wals/4129cb7b8c2b4cdcbcdee9f8ecb69ae7.recovery/wal-000000002 for valid entry headers following offset 258139...
I0302 15:32:02.607594 30068 log_util.cc:468] Scanning /data1/test-tmp/linked_list-test.LinkedListTest.TestLoadAndVerify.1425339087178522-28280/linked-list-cluster/ts-1/wals/ad1251b8988446ffa0348b542d353bd4.recovery/wal-000000002 for valid entry headers following offset 250016...
I0302 15:32:02.609149 30067 log.cc:257] Log is configured to *not* fsync() on all Append() calls
I0302 15:32:02.609465 30069 log_util.cc:505] Found no log entry headers
I0302 15:32:02.609514 30069 log_util.cc:437] Ignoring corruption Corruption: CRC mismatch in log header: Log file corrupted. Failed trying to read batch #699 at offset 258127 for segment at /data1/test-tmp/linked_list-test.LinkedListTest.TestLoadAndVerify.1425339087178522-28280/linked-list-cluster/ts-1/wals/4129cb7b8c2b4cdcbcdee9f8ecb69ae7.recovery/wal-000000002. Prior batch offsets: 257410 257889 258017 258127: there were no further log entries following this one, so likely the log was truncated during writing
I0302 15:32:02.609578 30069 log_util.cc:197] Successfully rebuilt footer for segment: /data1/test-tmp/linked_list-test.LinkedListTest.TestLoadAndVerify.1425339087178522-28280/linked-list-cluster/ts-1/wals/4129cb7b8c2b4cdcbcdee9f8ecb69ae7.recovery/wal-000000002 (valid entries through byte offset 258127)
I0302 15:32:02.616812 30068 log_util.cc:505] Found no log entry headers
I0302 15:32:02.616850 30068 log_util.cc:437] Ignoring corruption Corruption: CRC mismatch in log header: Log file corrupted. Failed trying to read batch #666 at offset 250004 for segment at /data1/test-tmp/linked_list-test.LinkedListTest.TestLoadAndVerify.1425339087178522-28280/linked-list-cluster/ts-1/wals/ad1251b8988446ffa0348b542d353bd4.recovery/wal-000000002. Prior batch offsets: 248938 249092 249831 250004: there were no further log entries following this one, so likely the log was truncated during writing
I0302 15:32:02.616905 30068 log_util.cc:197] Successfully rebuilt footer for segment: /data1/test-tmp/linked_list-test.LinkedListTest.TestLoadAndVerify.1425339087178522-28280/linked-list-cluster/ts-1/wals/ad1251b8988446ffa0348b542d353bd4.recovery/wal-000000002 (valid entries through byte offset 250004) WARNING: Perftools heap leak checker is active -- Performance may suffer
I0302 15:32:02.625717 30113 tablet_server_main.cc:38] Initializing tablet server...
I0302 15:32:02.628510 30113 fs_manager.cc:132] Opened local filesystem: /data1/test-tmp/linked_list-test.LinkedListTest.TestLoadAndVerify.1425339087178522-28280/linked-list-cluster/ts-2 uuid: "3e41e55c8a3a40e3bf81f862aaadfd20" format_stamp: "Formatted at 2015-03-02 23:31:27 on boost-static-burst-slave-cc0.vpc.cloudera.com"
I0302 15:32:02.633131 30113 ts_tablet_manager.cc:285] Loading master block 36005aaac18b4c70b2fc03d1382ca7c3
I0302 15:32:02.634858 30113 ts_tablet_manager.cc:449] Registered tablet 36005aaac18b4c70b2fc03d1382ca7c3
I0302 15:32:02.634997 30113 ts_tablet_manager.cc:285] Loading master block ad1251b8988446ffa0348b542d353bd4
I0302 15:32:02.635025 30123 ts_tablet_manager.cc:314] Bootstrapping tablet: 36005aaac18b4c70b2fc03d1382ca7c3
I0302 15:32:02.638293 30113 ts_tablet_manager.cc:449] Registered tablet ad1251b8988446ffa0348b542d353bd4
I0302 15:32:02.638604 30113 ts_tablet_manager.cc:285] Loading master block 4129cb7b8c2b4cdcbcdee9f8ecb69ae7
I0302 15:32:02.638651 30126 ts_tablet_manager.cc:314] Bootstrapping tablet: ad1251b8988446ffa0348b542d353bd4
I0302 15:32:02.640979 30113 ts_tablet_manager.cc:449] Registered tablet 4129cb7b8c2b4cdcbcdee9f8ecb69ae7
I0302 15:32:02.641412 30123 tablet_bootstrap.cc:290] Tablet 36005aaac18b4c70b2fc03d1382ca7c3: Bootstrap starting.
I0302 15:32:02.641612 30127 ts_tablet_manager.cc:314] Bootstrapping tablet: 4129cb7b8c2b4cdcbcdee9f8ecb69ae7
I0302 15:32:02.643595 30126 tablet_bootstrap.cc:290] Tablet ad1251b8988446ffa0348b542d353bd4: Bootstrap starting.
I0302 15:32:02.645424 30123 delta_tracker.cc:69] Successfully opened UNDO delta file c9cbc432f1724eaea323b101cf10d8b6d59ab141729e454f835e75a375829585
I0302 15:32:02.645649 30126 delta_tracker.cc:69] Successfully opened UNDO delta file c9cbc432f1724eaea323b101cf10d8b627d873184b28487489260eb509383a6d
I0302 15:32:02.646338 30126 tablet_bootstrap.cc:509] Will attempt to recover log segment: /data1/test-tmp/linked_list-test.LinkedListTest.TestLoadAndVerify.1425339087178522-28280/linked-list-cluster/ts-2/wals/ad1251b8988446ffa0348b542d353bd4/wal-000000001 to: /data1/test-tmp/linked_list-test.LinkedListTest.TestLoadAndVerify.1425339087178522-28280/linked-list-cluster/ts-2/wals/ad1251b8988446ffa0348b542d353bd4.recovery/wal-000000001
I0302 15:32:02.646394 30126 tablet_bootstrap.cc:509] Will attempt to recover log segment: /data1/test-tmp/linked_list-test.LinkedListTest.TestLoadAndVerify.1425339087178522-28280/linked-list-cluster/ts-2/wals/ad1251b8988446ffa0348b542d353bd4/wal-000000002 to: /data1/test-tmp/linked_list-test.LinkedListTest.TestLoadAndVerify.1425339087178522-28280/linked-list-cluster/ts-2/wals/ad1251b8988446ffa0348b542d353bd4.recovery/wal-000000002
I0302 15:32:02.646497 30126 tablet_bootstrap.cc:519] Moved log directory: /data1/test-tmp/linked_list-test.LinkedListTest.TestLoadAndVerify.1425339087178522-28280/linked-list-cluster/ts-2/wals/ad1251b8988446ffa0348b542d353bd4 to recovery directory: /data1/test-tmp/linked_list-test.LinkedListTest.TestLoadAndVerify.1425339087178522-28280/linked-list-cluster/ts-2/wals/ad1251b8988446ffa0348b542d353bd4.recovery
I0302 15:32:02.646508 30123 delta_tracker.cc:69] Successfully opened UNDO delta file c9cbc432f1724eaea323b101cf10d8b6654790b613054f94b64ae19aec5cde7b
I0302 15:32:02.647085 30127 tablet_bootstrap.cc:290] Tablet 4129cb7b8c2b4cdcbcdee9f8ecb69ae7: Bootstrap starting.
W0302 15:32:02.647526 30126 log_util.cc:147] Could not read footer for segment: /data1/test-tmp/linked_list-test.LinkedListTest.TestLoadAndVerify.1425339087178522-28280/linked-list-cluster/ts-2/wals/ad1251b8988446ffa0348b542d353bd4.recovery/wal-000000002. Status: Not found: Footer not found. Footer magic doesn't match
W0302 15:32:02.647950 30126 log_reader.cc:136] Segment: /data1/test-tmp/linked_list-test.LinkedListTest.TestLoadAndVerify.1425339087178522-28280/linked-list-cluster/ts-2/wals/ad1251b8988446ffa0348b542d353bd4.recovery/wal-000000002 was likely left in-progress after a previous crash. Will try to rebuild footer by scanning data
I0302 15:32:02.648996 30123 delta_tracker.cc:69] Successfully opened UNDO delta file c9cbc432f1724eaea323b101cf10d8b66ffb4ca7d00a46e3a88582582f2b2043
I0302 15:32:02.649699 30123 delta_tracker.cc:69] Successfully opened UNDO delta file c9cbc432f1724eaea323b101cf10d8b62d39fc392434431dad71818933282f76
I0302 15:32:02.650362 30123 tablet_bootstrap.cc:509] Will attempt to recover log segment: /data1/test-tmp/linked_list-test.LinkedListTest.TestLoadAndVerify.1425339087178522-28280/linked-list-cluster/ts-2/wals/36005aaac18b4c70b2fc03d1382ca7c3/wal-000000001 to: /data1/test-tmp/linked_list-test.LinkedListTest.TestLoadAndVerify.1425339087178522-28280/linked-list-cluster/ts-2/wals/36005aaac18b4c70b2fc03d1382ca7c3.recovery/wal-000000001
I0302 15:32:02.650431 30123 tablet_bootstrap.cc:509] Will attempt to recover log segment: /data1/test-tmp/linked_list-test.LinkedListTest.TestLoadAndVerify.1425339087178522-28280/linked-list-cluster/ts-2/wals/36005aaac18b4c70b2fc03d1382ca7c3/wal-000000002 to: /data1/test-tmp/linked_list-test.LinkedListTest.TestLoadAndVerify.1425339087178522-28280/linked-list-cluster/ts-2/wals/36005aaac18b4c70b2fc03d1382ca7c3.recovery/wal-000000002
I0302 15:32:02.651196 30123 tablet_bootstrap.cc:519] Moved log directory: /data1/test-tmp/linked_list-test.LinkedListTest.TestLoadAndVerify.1425339087178522-28280/linked-list-cluster/ts-2/wals/36005aaac18b4c70b2fc03d1382ca7c3 to recovery directory: /data1/test-tmp/linked_list-test.LinkedListTest.TestLoadAndVerify.1425339087178522-28280/linked-list-cluster/ts-2/wals/36005aaac18b4c70b2fc03d1382ca7c3.recovery
I0302 15:32:02.651432 30127 delta_tracker.cc:69] Successfully opened UNDO delta file c9cbc432f1724eaea323b101cf10d8b6e1e0289b14fc4d739f6ab75e5a218947
W0302 15:32:02.651672 30123 log_util.cc:147] Could not read footer for segment: /data1/test-tmp/linked_list-test.LinkedListTest.TestLoadAndVerify.1425339087178522-28280/linked-list-cluster/ts-2/wals/36005aaac18b4c70b2fc03d1382ca7c3.recovery/wal-000000002. Status: Not found: Footer not found. Footer magic doesn't match
W0302 15:32:02.651692 30123 log_reader.cc:136] Segment: /data1/test-tmp/linked_list-test.LinkedListTest.TestLoadAndVerify.1425339087178522-28280/linked-list-cluster/ts-2/wals/36005aaac18b4c70b2fc03d1382ca7c3.recovery/wal-000000002 was likely left in-progress after a previous crash. Will try to rebuild footer by scanning data
I0302 15:32:02.651734 30127 tablet_bootstrap.cc:509] Will attempt to recover log segment: /data1/test-tmp/linked_list-test.LinkedListTest.TestLoadAndVerify.1425339087178522-28280/linked-list-cluster/ts-2/wals/4129cb7b8c2b4cdcbcdee9f8ecb69ae7/wal-000000001 to: /data1/test-tmp/linked_list-test.LinkedListTest.TestLoadAndVerify.1425339087178522-28280/linked-list-cluster/ts-2/wals/4129cb7b8c2b4cdcbcdee9f8ecb69ae7.recovery/wal-000000001
I0302 15:32:02.651801 30127 tablet_bootstrap.cc:509] Will attempt to recover log segment: /data1/test-tmp/linked_list-test.LinkedListTest.TestLoadAndVerify.1425339087178522-28280/linked-list-cluster/ts-2/wals/4129cb7b8c2b4cdcbcdee9f8ecb69ae7/wal-000000002 to: /data1/test-tmp/linked_list-test.LinkedListTest.TestLoadAndVerify.1425339087178522-28280/linked-list-cluster/ts-2/wals/4129cb7b8c2b4cdcbcdee9f8ecb69ae7.recovery/wal-000000002
I0302 15:32:02.651888 30127 tablet_bootstrap.cc:519] Moved log directory: /data1/test-tmp/linked_list-test.LinkedListTest.TestLoadAndVerify.1425339087178522-28280/linked-list-cluster/ts-2/wals/4129cb7b8c2b4cdcbcdee9f8ecb69ae7 to recovery directory: /data1/test-tmp/linked_list-test.LinkedListTest.TestLoadAndVerify.1425339087178522-28280/linked-list-cluster/ts-2/wals/4129cb7b8c2b4cdcbcdee9f8ecb69ae7.recovery
W0302 15:32:02.652384 30127 log_util.cc:147] Could not read footer for segment: /data1/test-tmp/linked_list-test.LinkedListTest.TestLoadAndVerify.1425339087178522-28280/linked-list-cluster/ts-2/wals/4129cb7b8c2b4cdcbcdee9f8ecb69ae7.recovery/wal-000000002. Status: Not found: Footer not found. Footer magic doesn't match
W0302 15:32:02.652426 30127 log_reader.cc:136] Segment: /data1/test-tmp/linked_list-test.LinkedListTest.TestLoadAndVerify.1425339087178522-28280/linked-list-cluster/ts-2/wals/4129cb7b8c2b4cdcbcdee9f8ecb69ae7.recovery/wal-000000002 was likely left in-progress after a previous crash. Will try to rebuild footer by scanning data
I0302 15:32:02.653133 30113 tablet_server_main.cc:41] Starting tablet server...
I0302 15:32:02.667810 30113 rpc_server.cc:110] RPC server started. Bound to: 127.0.0.1:7052
I0302 15:32:02.668089 30113 webserver.cc:108] Starting webserver on localhost:43948
I0302 15:32:02.668109 30113 webserver.cc:117] Document root disabled
I0302 15:32:02.669265 30113 webserver.cc:197] Webserver started. Bound to: http://127.0.0.1:43948/
I0302 15:32:02.670063 30113 server_base.cc:170] Dumped server information to /data1/test-tmp/linked_list-test.LinkedListTest.TestLoadAndVerify.1425339087178522-28280/linked-list-cluster/ts-2/info.pb
I0302 15:32:02.670959 30113 maintenance_manager.cc:111] MaintenanceManager: targeting memory size of 23.515860 GB
I0302 15:32:02.671286 30113 tablet_server_main.cc:44] Tablet server successfully started.
I0302 15:32:02.672965 28280 external_mini_cluster.cc:416] Started /data1/jenkins-workspace/kudu-gerrit/BUILD_TYPE/LEAKCHECK/label/kudu-gerrit-slaves/build/release/kudu-tablet_server as pid 30113
I0302 15:32:02.678566 30162 heartbeater.cc:219] Connected to a leader master server at 127.0.0.1:50914
I0302 15:32:02.678632 30162 heartbeater.cc:289] Registering TS with master...
I0302 15:32:02.678699 30162 heartbeater.cc:295] Sending a full tablet report to master...
I0302 15:32:02.679632 28296 ts_manager.cc:71] Re-registered known tablet server { permanent_uuid: "3e41e55c8a3a40e3bf81f862aaadfd20" instance_seqno: 1425339122667406 } with Master
I0302 15:32:02.714407 30123 log_util.cc:468] Scanning /data1/test-tmp/linked_list-test.LinkedListTest.TestLoadAndVerify.1425339087178522-28280/linked-list-cluster/ts-2/wals/36005aaac18b4c70b2fc03d1382ca7c3.recovery/wal-000000002 for valid entry headers following offset 243307...
I0302 15:32:02.716333 30123 log_util.cc:505] Found no log entry headers
I0302 15:32:02.716403 30123 log_util.cc:437] Ignoring corruption Corruption: CRC mismatch in log header: Log file corrupted. Failed trying to read batch #662 at offset 243295 for segment at /data1/test-tmp/linked_list-test.LinkedListTest.TestLoadAndVerify.1425339087178522-28280/linked-list-cluster/ts-2/wals/36005aaac18b4c70b2fc03d1382ca7c3.recovery/wal-000000002. Prior batch offsets: 242444 242578 243161 243295: there were no further log entries following this one, so likely the log was truncated during writing
I0302 15:32:02.716909 30123 log_util.cc:197] Successfully rebuilt footer for segment: /data1/test-tmp/linked_list-test.LinkedListTest.TestLoadAndVerify.1425339087178522-28280/linked-list-cluster/ts-2/wals/36005aaac18b4c70b2fc03d1382ca7c3.recovery/wal-000000002 (valid entries through byte offset 243295)
I0302 15:32:02.720614 30127 log_util.cc:468] Scanning /data1/test-tmp/linked_list-test.LinkedListTest.TestLoadAndVerify.1425339087178522-28280/linked-list-cluster/ts-2/wals/4129cb7b8c2b4cdcbcdee9f8ecb69ae7.recovery/wal-000000002 for valid entry headers following offset 254065...
I0302 15:32:02.722602 30127 log_util.cc:505] Found no log entry headers
I0302 15:32:02.722667 30127 log_util.cc:437] Ignoring corruption Corruption: CRC mismatch in log header: Log file corrupted. Failed trying to read batch #688 at offset 254053 for segment at /data1/test-tmp/linked_list-test.LinkedListTest.TestLoadAndVerify.1425339087178522-28280/linked-list-cluster/ts-2/wals/4129cb7b8c2b4cdcbcdee9f8ecb69ae7.recovery/wal-000000002. Prior batch offsets: 253336 253815 253943 254053: there were no further log entries following this one, so likely the log was truncated during writing
I0302 15:32:02.722750 30127 log_util.cc:197] Successfully rebuilt footer for segment: /data1/test-tmp/linked_list-test.LinkedListTest.TestLoadAndVerify.1425339087178522-28280/linked-list-cluster/ts-2/wals/4129cb7b8c2b4cdcbcdee9f8ecb69ae7.recovery/wal-000000002 (valid entries through byte offset 254053)
I0302 15:32:02.728458 30126 log_util.cc:468] Scanning /data1/test-tmp/linked_list-test.LinkedListTest.TestLoadAndVerify.1425339087178522-28280/linked-list-cluster/ts-2/wals/ad1251b8988446ffa0348b542d353bd4.recovery/wal-000000002 for valid entry headers following offset 248090...
I0302 15:32:02.729872 30126 log_util.cc:505] Found no log entry headers
I0302 15:32:02.729902 30126 log_util.cc:437] Ignoring corruption Corruption: CRC mismatch in log header: Log file corrupted. Failed trying to read batch #659 at offset 248078 for segment at /data1/test-tmp/linked_list-test.LinkedListTest.TestLoadAndVerify.1425339087178522-28280/linked-list-cluster/ts-2/wals/ad1251b8988446ffa0348b542d353bd4.recovery/wal-000000002. Prior batch offsets: 247349 247503 247676 248078: there were no further log entries following this one, so likely the log was truncated during writing
I0302 15:32:02.729936 30126 log_util.cc:197] Successfully rebuilt footer for segment: /data1/test-tmp/linked_list-test.LinkedListTest.TestLoadAndVerify.1425339087178522-28280/linked-list-cluster/ts-2/wals/ad1251b8988446ffa0348b542d353bd4.recovery/wal-000000002 (valid entries through byte offset 248078)
I0302 15:32:02.741082 30123 log.cc:257] Log is configured to *not* fsync() on all Append() calls
I0302 15:32:02.783108 28280 external_mini_cluster.cc:446] Killing /data1/jenkins-workspace/kudu-gerrit/BUILD_TYPE/LEAKCHECK/label/kudu-gerrit-slaves/build/release/kudu-tablet_server with pid 30003
I0302 15:32:02.790982 28280 external_mini_cluster.cc:446] Killing /data1/jenkins-workspace/kudu-gerrit/BUILD_TYPE/LEAKCHECK/label/kudu-gerrit-slaves/build/release/kudu-tablet_server with pid 30050
I0302 15:32:02.800652 28280 external_mini_cluster.cc:446] Killing /data1/jenkins-workspace/kudu-gerrit/BUILD_TYPE/LEAKCHECK/label/kudu-gerrit-slaves/build/release/kudu-tablet_server with pid 30113
I0302 15:32:02.805047 28280 external_mini_cluster.cc:382] Running /data1/jenkins-workspace/kudu-gerrit/BUILD_TYPE/LEAKCHECK/label/kudu-gerrit-slaves/build/release/kudu-tablet_server kudu-tablet_server --tablet_server_wal_dir=/data1/test-tmp/linked_list-test.LinkedListTest.TestLoadAndVerify.1425339087178522-28280/linked-list-cluster/ts-0 --tablet_server_data_dirs=/data1/test-tmp/linked_list-test.LinkedListTest.TestLoadAndVerify.1425339087178522-28280/linked-list-cluster/ts-0 --tablet_server_rpc_bind_addresses=127.0.0.1:7050 --tablet_server_web_port=40132 --tablet_server_master_addrs=127.0.0.1:50914 --skip_remove_old_recovery_dir --enable_leader_failure_detection=true --tablet_server_rpc_bind_addresses=127.0.0.1:7050 --flush_threshold_mb=1 --log_segment_size_mb=1 --server_dump_info_path=/data1/test-tmp/linked_list-test.LinkedListTest.TestLoadAndVerify.1425339087178522-28280/linked-list-cluster/ts-0/info.pb --server_dump_info_format=pb --logtostderr --logbuflevel=-1 --webserver_interface=localhost WARNING: Perftools heap leak checker is active -- Performance may suffer
I0302 15:32:02.830706 30179 tablet_server_main.cc:38] Initializing tablet server...
I0302 15:32:02.832682 30179 fs_manager.cc:132] Opened local filesystem: /data1/test-tmp/linked_list-test.LinkedListTest.TestLoadAndVerify.1425339087178522-28280/linked-list-cluster/ts-0 uuid: "892c1da145ed4847b1dfd57983516d8f" format_stamp: "Formatted at 2015-03-02 23:31:27 on boost-static-burst-slave-cc0.vpc.cloudera.com"
I0302 15:32:02.835528 30179 ts_tablet_manager.cc:285] Loading master block 36005aaac18b4c70b2fc03d1382ca7c3
I0302 15:32:02.836572 30179 ts_tablet_manager.cc:449] Registered tablet 36005aaac18b4c70b2fc03d1382ca7c3
I0302 15:32:02.836684 30179 ts_tablet_manager.cc:285] Loading master block ad1251b8988446ffa0348b542d353bd4
I0302 15:32:02.836704 30185 ts_tablet_manager.cc:314] Bootstrapping tablet: 36005aaac18b4c70b2fc03d1382ca7c3
I0302 15:32:02.839256 30179 ts_tablet_manager.cc:449] Registered tablet ad1251b8988446ffa0348b542d353bd4
I0302 15:32:02.839277 30185 tablet_bootstrap.cc:290] Tablet 36005aaac18b4c70b2fc03d1382ca7c3: Bootstrap starting.
I0302 15:32:02.839491 30179 ts_tablet_manager.cc:285] Loading master block 4129cb7b8c2b4cdcbcdee9f8ecb69ae7
I0302 15:32:02.839509 30186 ts_tablet_manager.cc:314] Bootstrapping tablet: ad1251b8988446ffa0348b542d353bd4
I0302 15:32:02.840891 30185 delta_tracker.cc:69] Successfully opened UNDO delta file cb8ec8ace5794df5bd0c9c859c1b8dea9bd1cf650f6841ea921cc25b115b7599
I0302 15:32:02.841759 30185 delta_tracker.cc:69] Successfully opened UNDO delta file cb8ec8ace5794df5bd0c9c859c1b8dea171b83c561774b4d8978141b2a2c76e8
I0302 15:32:02.842140 30185 tablet_bootstrap.cc:471] Replaying from previous recovery directory: /data1/test-tmp/linked_list-test.LinkedListTest.TestLoadAndVerify.1425339087178522-28280/linked-list-cluster/ts-0/wals/36005aaac18b4c70b2fc03d1382ca7c3.recovery
I0302 15:32:02.842257 30185 tablet_bootstrap.cc:481] Removing old log file from previous aborted recovery attempt: /data1/test-tmp/linked_list-test.LinkedListTest.TestLoadAndVerify.1425339087178522-28280/linked-list-cluster/ts-0/wals/36005aaac18b4c70b2fc03d1382ca7c3/wal-000000001
W0302 15:32:02.842789 30185 log_util.cc:147] Could not read footer for segment: /data1/test-tmp/linked_list-test.LinkedListTest.TestLoadAndVerify.1425339087178522-28280/linked-list-cluster/ts-0/wals/36005aaac18b4c70b2fc03d1382ca7c3.recovery/wal-000000002. Status: Not found: Footer not found. Footer magic doesn't match
W0302 15:32:02.842823 30185 log_reader.cc:136] Segment: /data1/test-tmp/linked_list-test.LinkedListTest.TestLoadAndVerify.1425339087178522-28280/linked-list-cluster/ts-0/wals/36005aaac18b4c70b2fc03d1382ca7c3.recovery/wal-000000002 was likely left in-progress after a previous crash. Will try to rebuild footer by scanning data
I0302 15:32:02.843062 30186 tablet_bootstrap.cc:290] Tablet ad1251b8988446ffa0348b542d353bd4: Bootstrap starting.
I0302 15:32:02.843937 30179 ts_tablet_manager.cc:449] Registered tablet 4129cb7b8c2b4cdcbcdee9f8ecb69ae7
I0302 15:32:02.844269 30187 ts_tablet_manager.cc:314] Bootstrapping tablet: 4129cb7b8c2b4cdcbcdee9f8ecb69ae7
I0302 15:32:02.844317 30186 delta_tracker.cc:69] Successfully opened UNDO delta file cb8ec8ace5794df5bd0c9c859c1b8dea44e22d92a0ca4491a60972ad44ec5738
I0302 15:32:02.844550 30179 tablet_server_main.cc:41] Starting tablet server...
I0302 15:32:02.845360 30186 delta_tracker.cc:69] Successfully opened UNDO delta file cb8ec8ace5794df5bd0c9c859c1b8dea83cdf644557f408f9285368e15c73ba2
I0302 15:32:02.845799 30186 tablet_bootstrap.cc:471] Replaying from previous recovery directory: /data1/test-tmp/linked_list-test.LinkedListTest.TestLoadAndVerify.1425339087178522-28280/linked-list-cluster/ts-0/wals/ad1251b8988446ffa0348b542d353bd4.recovery
I0302 15:32:02.846089 30186 tablet_bootstrap.cc:481] Removing old log file from previous aborted recovery attempt: /data1/test-tmp/linked_list-test.LinkedListTest.TestLoadAndVerify.1425339087178522-28280/linked-list-cluster/ts-0/wals/ad1251b8988446ffa0348b542d353bd4/wal-000000001
W0302 15:32:02.846773 30186 log_util.cc:147] Could not read footer for segment: /data1/test-tmp/linked_list-test.LinkedListTest.TestLoadAndVerify.1425339087178522-28280/linked-list-cluster/ts-0/wals/ad1251b8988446ffa0348b542d353bd4.recovery/wal-000000002. Status: Not found: Footer not found. Footer magic doesn't match
W0302 15:32:02.846796 30186 log_reader.cc:136] Segment: /data1/test-tmp/linked_list-test.LinkedListTest.TestLoadAndVerify.1425339087178522-28280/linked-list-cluster/ts-0/wals/ad1251b8988446ffa0348b542d353bd4.recovery/wal-000000002 was likely left in-progress after a previous crash. Will try to rebuild footer by scanning data
I0302 15:32:02.848305 30187 tablet_bootstrap.cc:290] Tablet 4129cb7b8c2b4cdcbcdee9f8ecb69ae7: Bootstrap starting.
I0302 15:32:02.850327 30187 delta_tracker.cc:69] Successfully opened UNDO delta file cb8ec8ace5794df5bd0c9c859c1b8dea2d7431b6bf064aa2a1d05d2f528ad249
I0302 15:32:02.850644 30187 tablet_bootstrap.cc:471] Replaying from previous recovery directory: /data1/test-tmp/linked_list-test.LinkedListTest.TestLoadAndVerify.1425339087178522-28280/linked-list-cluster/ts-0/wals/4129cb7b8c2b4cdcbcdee9f8ecb69ae7.recovery
I0302 15:32:02.850745 30187 tablet_bootstrap.cc:481] Removing old log file from previous aborted recovery attempt: /data1/test-tmp/linked_list-test.LinkedListTest.TestLoadAndVerify.1425339087178522-28280/linked-list-cluster/ts-0/wals/4129cb7b8c2b4cdcbcdee9f8ecb69ae7/wal-000000001
I0302 15:32:02.851235 30179 rpc_server.cc:110] RPC server started. Bound to: 127.0.0.1:7050
W0302 15:32:02.851351 30187 log_util.cc:147] Could not read footer for segment: /data1/test-tmp/linked_list-test.LinkedListTest.TestLoadAndVerify.1425339087178522-28280/linked-list-cluster/ts-0/wals/4129cb7b8c2b4cdcbcdee9f8ecb69ae7.recovery/wal-000000002. Status: Not found: Footer not found. Footer magic doesn't match
W0302 15:32:02.851734 30187 log_reader.cc:136] Segment: /data1/test-tmp/linked_list-test.LinkedListTest.TestLoadAndVerify.1425339087178522-28280/linked-list-cluster/ts-0/wals/4129cb7b8c2b4cdcbcdee9f8ecb69ae7.recovery/wal-000000002 was likely left in-progress after a previous crash. Will try to rebuild footer by scanning data
