I0302 15:32:06.045727 30183 raft_consensus.cc:361] T 36005aaac18b4c70b2fc03d1382ca7c3 P 892c1da145ed4847b1dfd57983516d8f [LEADER]: Becoming Leader. State: Replica: 892c1da145ed4847b1dfd57983516d8f, State: 1, Role: LEADER Watermarks: {Received: term: 2 index: 10275 Committed: term: 1 index: 10274}
I0302 15:32:06.045752 30183 consensus_queue.cc:119] T 36005aaac18b4c70b2fc03d1382ca7c3 P 892c1da145ed4847b1dfd57983516d8f [LEADER]: queue going to LEADER mode. State: All replicated op: 0.0, Majority replicated op: 1.10274, Committed index: 1.10274, Last appended: 2.10275, Current term: 4, Majority size: 2, State: 1, Mode: LEADER
W0302 15:32:06.046550 30620 raft_consensus_state.cc:477] T 36005aaac18b4c70b2fc03d1382ca7c3 P 892c1da145ed4847b1dfd57983516d8f [LEADER]: Can't advance the committed index across term boundaries yet. Last committed operation was: term: 1 index: 10274 New majority replicated is: term: 1 index: 10274. Current term is: 4
I0302 15:32:06.053925 28280 linked_list-test-util.h:571] Table not yet ready: 515107/517150 rows (status: Corruption: Had one or more errors during verification (see log))
I0302 15:32:06.065887 30562 raft_consensus.cc:327] T ad1251b8988446ffa0348b542d353bd4 P 5748afe5294c41b89cbb67f8edbee2a1 [FOLLOWER]: Failure of peer election-timer detected. Triggering leader election
I0302 15:32:06.066781 30562 raft_consensus.cc:1299] T ad1251b8988446ffa0348b542d353bd4 P 5748afe5294c41b89cbb67f8edbee2a1 [CANDIDATE]: Snoozing failure detection for an additional: 1.500s
I0302 15:32:06.066820 30562 raft_consensus.cc:294] T ad1251b8988446ffa0348b542d353bd4 P 5748afe5294c41b89cbb67f8edbee2a1 [CANDIDATE]: Starting election with quorum: local: false peers { permanent_uuid: "892c1da145ed4847b1dfd57983516d8f" role: FOLLOWER last_known_addr { host: "127.0.0.1" port: 7050 } } peers { permanent_uuid: "3e41e55c8a3a40e3bf81f862aaadfd20" role: FOLLOWER last_known_addr { host: "127.0.0.1" port: 7052 } } peers { permanent_uuid: "5748afe5294c41b89cbb67f8edbee2a1" role: CANDIDATE last_known_addr { host: "127.0.0.1" port: 7051 } }
I0302 15:32:06.067832 30562 leader_election.cc:187] T ad1251b8988446ffa0348b542d353bd4 P 5748afe5294c41b89cbb67f8edbee2a1 [CANDIDATE]: Term 3 election: Requesting vote from peer 892c1da145ed4847b1dfd57983516d8f
I0302 15:32:06.067864 30562 leader_election.cc:187] T ad1251b8988446ffa0348b542d353bd4 P 5748afe5294c41b89cbb67f8edbee2a1 [CANDIDATE]: Term 3 election: Requesting vote from peer 3e41e55c8a3a40e3bf81f862aaadfd20
I0302 15:32:06.068048 30313 raft_consensus.cc:1336] T ad1251b8988446ffa0348b542d353bd4 P 3e41e55c8a3a40e3bf81f862aaadfd20 [FOLLOWER]: Advancing to term 3
I0302 15:32:06.068056 30212 raft_consensus.cc:1336] T ad1251b8988446ffa0348b542d353bd4 P 892c1da145ed4847b1dfd57983516d8f [FOLLOWER]: Advancing to term 3
I0302 15:32:06.068867 30313 raft_consensus.cc:1121] T ad1251b8988446ffa0348b542d353bd4 P 3e41e55c8a3a40e3bf81f862aaadfd20 [FOLLOWER]: Leader election vote request: Denying vote to candidate 5748afe5294c41b89cbb67f8edbee2a1 for term 3 because replica has last-logged OpId of term: 2 index: 10275, which is greater than that of the candidate, which has last-logged OpId of term: 1 index: 10274.
I0302 15:32:06.069010 30229 leader_election.cc:322] T ad1251b8988446ffa0348b542d353bd4 P 5748afe5294c41b89cbb67f8edbee2a1 [CANDIDATE]: Term 3 election: Vote denied by peer 3e41e55c8a3a40e3bf81f862aaadfd20. Message: Invalid argument: T ad1251b8988446ffa0348b542d353bd4 P 3e41e55c8a3a40e3bf81f862aaadfd20 [FOLLOWER]: Leader election vote request: Denying vote to candidate 5748afe5294c41b89cbb67f8edbee2a1 for term 3 because replica has last-logged OpId of term: 2 index: 10275, which is greater than that of the candidate, which has last-logged OpId of term: 1 index: 10274.
I0302 15:32:06.069010 30212 raft_consensus.cc:1299] T ad1251b8988446ffa0348b542d353bd4 P 892c1da145ed4847b1dfd57983516d8f [FOLLOWER]: Snoozing failure detection for an additional: 1.500s
I0302 15:32:06.070018 30212 raft_consensus.cc:1136] T ad1251b8988446ffa0348b542d353bd4 P 892c1da145ed4847b1dfd57983516d8f [FOLLOWER]: Leader election vote request: Granting yes vote for candidate 5748afe5294c41b89cbb67f8edbee2a1 in term 3.
I0302 15:32:06.070140 30229 leader_election.cc:308] T ad1251b8988446ffa0348b542d353bd4 P 5748afe5294c41b89cbb67f8edbee2a1 [CANDIDATE]: Term 3 election: Vote granted by peer 892c1da145ed4847b1dfd57983516d8f
I0302 15:32:06.070158 30229 leader_election.cc:281] T ad1251b8988446ffa0348b542d353bd4 P 5748afe5294c41b89cbb67f8edbee2a1 [CANDIDATE]: Term 3 election: Election decided. Result: candidate won.
I0302 15:32:06.070173 30229 raft_consensus.cc:1299] T ad1251b8988446ffa0348b542d353bd4 P 5748afe5294c41b89cbb67f8edbee2a1 [CANDIDATE]: Snoozing failure detection for an additional: 1.500s
I0302 15:32:06.070184 30229 raft_consensus.cc:1237] T ad1251b8988446ffa0348b542d353bd4 P 5748afe5294c41b89cbb67f8edbee2a1 [CANDIDATE]: Leader election won for term 3
I0302 15:32:06.070238 30229 raft_consensus.cc:361] T ad1251b8988446ffa0348b542d353bd4 P 5748afe5294c41b89cbb67f8edbee2a1 [LEADER]: Becoming Leader. State: Replica: 5748afe5294c41b89cbb67f8edbee2a1, State: 1, Role: LEADER Watermarks: {Received: term: 1 index: 10274 Committed: term: 1 index: 10274}
I0302 15:32:06.070258 30229 consensus_queue.cc:119] T ad1251b8988446ffa0348b542d353bd4 P 5748afe5294c41b89cbb67f8edbee2a1 [LEADER]: queue going to LEADER mode. State: All replicated op: 0.0, Majority replicated op: 1.10274, Committed index: 1.10274, Last appended: 1.10274, Current term: 3, Majority size: 2, State: 1, Mode: LEADER
W0302 15:32:06.070879 30624 raft_consensus_state.cc:477] T ad1251b8988446ffa0348b542d353bd4 P 5748afe5294c41b89cbb67f8edbee2a1 [LEADER]: Can't advance the committed index across term boundaries yet. Last committed operation was: term: 1 index: 10274 New majority replicated is: term: 1 index: 10274. Current term is: 3
I0302 15:32:06.110584 28280 linked_list-test-util.h:656] Done collecting results (512208 rows in 33.1791ms)
I0302 15:32:06.178658 28280 linked_list-test-util.h:571] Table not yet ready: 512208/517150 rows (status: Corruption: Had one or more errors during verification (see log))
I0302 15:32:06.244578 28280 linked_list-test-util.h:656] Done collecting results (515107 rows in 41.4619ms)
I0302 15:32:06.290313 28547 linked_list-test-util.h:284] Curling URL http://127.0.0.1:55689/tablets
I0302 15:32:06.323060 28280 linked_list-test-util.h:571] Table not yet ready: 515107/517150 rows (status: Corruption: Had one or more errors during verification (see log))
I0302 15:32:06.382552 28280 linked_list-test-util.h:656] Done collecting results (516971 rows in 36.0671ms)
I0302 15:32:06.469805 28280 linked_list-test-util.h:571] Table not yet ready: 516971/517150 rows (status: Corruption: Had one or more errors during verification (see log))
I0302 15:32:06.480195 30314 raft_consensus.cc:642] T 4129cb7b8c2b4cdcbcdee9f8ecb69ae7 P 3e41e55c8a3a40e3bf81f862aaadfd20 [CANDIDATE]: Refusing update from remote peer 892c1da145ed4847b1dfd57983516d8f: Log matching property violated. Preceding OpId in replica: term: 1 index: 10276. Preceding OpId from leader: term: 3 index: 10278.
I0302 15:32:06.480360 30259 raft_consensus.cc:642] T 4129cb7b8c2b4cdcbcdee9f8ecb69ae7 P 5748afe5294c41b89cbb67f8edbee2a1 [FOLLOWER]: Refusing update from remote peer 892c1da145ed4847b1dfd57983516d8f: Log matching property violated. Preceding OpId in replica: term: 1 index: 10276. Preceding OpId from leader: term: 3 index: 10278.
I0302 15:32:06.480376 30183 consensus_queue.cc:428] T 4129cb7b8c2b4cdcbcdee9f8ecb69ae7 P 892c1da145ed4847b1dfd57983516d8f [LEADER]: Connected to new peer: Peer: 3e41e55c8a3a40e3bf81f862aaadfd20, New: false, Last received: 1.10276, Last sent , Last known committed idx: 10276 Last exchange result: ERROR
I0302 15:32:06.480661 30183 consensus_queue.cc:428] T 4129cb7b8c2b4cdcbcdee9f8ecb69ae7 P 892c1da145ed4847b1dfd57983516d8f [LEADER]: Connected to new peer: Peer: 5748afe5294c41b89cbb67f8edbee2a1, New: false, Last received: 1.10276, Last sent , Last known committed idx: 10276 Last exchange result: ERROR
I0302 15:32:06.480787 30627 log_cache.cc:332] T 4129cb7b8c2b4cdcbcdee9f8ecb69ae7 P 892c1da145ed4847b1dfd57983516d8f: Loaded operations into the cache after: 1.10276 to: 2.10277 for a total of: 2. Current state: Preceding Op: 1.10276, Pinned index: 0, LogCacheStats(num_ops=1, bytes=1262)
I0302 15:32:06.480911 30315 raft_consensus.cc:642] T 4129cb7b8c2b4cdcbcdee9f8ecb69ae7 P 3e41e55c8a3a40e3bf81f862aaadfd20 [CANDIDATE]: Refusing update from remote peer 892c1da145ed4847b1dfd57983516d8f: Log matching property violated. Preceding OpId in replica: term: 1 index: 10276. Preceding OpId from leader: term: 3 index: 10278.
I0302 15:32:06.480912 30260 raft_consensus.cc:642] T 4129cb7b8c2b4cdcbcdee9f8ecb69ae7 P 5748afe5294c41b89cbb67f8edbee2a1 [FOLLOWER]: Refusing update from remote peer 892c1da145ed4847b1dfd57983516d8f: Log matching property violated. Preceding OpId in replica: term: 1 index: 10276. Preceding OpId from leader: term: 3 index: 10278.
I0302 15:32:06.481046 30183 consensus_queue.cc:431] T 4129cb7b8c2b4cdcbcdee9f8ecb69ae7 P 892c1da145ed4847b1dfd57983516d8f [LEADER]: Got LMP mismatch error from peer: Peer: 5748afe5294c41b89cbb67f8edbee2a1, New: false, Last received: 1.10276, Last sent , Last known committed idx: 10276 Last exchange result: ERROR
I0302 15:32:06.481079 30183 consensus_queue.cc:431] T 4129cb7b8c2b4cdcbcdee9f8ecb69ae7 P 892c1da145ed4847b1dfd57983516d8f [LEADER]: Got LMP mismatch error from peer: Peer: 3e41e55c8a3a40e3bf81f862aaadfd20, New: false, Last received: 1.10276, Last sent , Last known committed idx: 10276 Last exchange result: ERROR
I0302 15:32:06.507441 30560 raft_consensus.cc:327] T ad1251b8988446ffa0348b542d353bd4 P 3e41e55c8a3a40e3bf81f862aaadfd20 [FOLLOWER]: Failure of peer election-timer detected. Triggering leader election
I0302 15:32:06.509002 30560 raft_consensus.cc:1299] T ad1251b8988446ffa0348b542d353bd4 P 3e41e55c8a3a40e3bf81f862aaadfd20 [CANDIDATE]: Snoozing failure detection for an additional: 1.500s
I0302 15:32:06.509059 30560 raft_consensus.cc:294] T ad1251b8988446ffa0348b542d353bd4 P 3e41e55c8a3a40e3bf81f862aaadfd20 [CANDIDATE]: Starting election with quorum: local: false peers { permanent_uuid: "892c1da145ed4847b1dfd57983516d8f" role: FOLLOWER last_known_addr { host: "127.0.0.1" port: 7050 } } peers { permanent_uuid: "3e41e55c8a3a40e3bf81f862aaadfd20" role: CANDIDATE last_known_addr { host: "127.0.0.1" port: 7052 } } peers { permanent_uuid: "5748afe5294c41b89cbb67f8edbee2a1" role: FOLLOWER last_known_addr { host: "127.0.0.1" port: 7051 } }
I0302 15:32:06.510617 30560 leader_election.cc:187] T ad1251b8988446ffa0348b542d353bd4 P 3e41e55c8a3a40e3bf81f862aaadfd20 [CANDIDATE]: Term 4 election: Requesting vote from peer 892c1da145ed4847b1dfd57983516d8f
I0302 15:32:06.510666 30560 leader_election.cc:187] T ad1251b8988446ffa0348b542d353bd4 P 3e41e55c8a3a40e3bf81f862aaadfd20 [CANDIDATE]: Term 4 election: Requesting vote from peer 5748afe5294c41b89cbb67f8edbee2a1
I0302 15:32:06.510854 30213 raft_consensus.cc:1336] T ad1251b8988446ffa0348b542d353bd4 P 892c1da145ed4847b1dfd57983516d8f [FOLLOWER]: Advancing to term 4
I0302 15:32:06.510880 30261 raft_consensus.cc:1322] T ad1251b8988446ffa0348b542d353bd4 P 5748afe5294c41b89cbb67f8edbee2a1 [LEADER]: Stepping down as leader of term 3
I0302 15:32:06.510907 30261 raft_consensus.cc:399] T ad1251b8988446ffa0348b542d353bd4 P 5748afe5294c41b89cbb67f8edbee2a1 [LEADER]: Becoming Follower/Learner. State: Replica: 5748afe5294c41b89cbb67f8edbee2a1, State: 1, Role: LEADER Watermarks: {Received: term: 3 index: 10275 Committed: term: 1 index: 10274}
I0302 15:32:06.510927 30261 consensus_queue.cc:127] T ad1251b8988446ffa0348b542d353bd4 P 5748afe5294c41b89cbb67f8edbee2a1 [NON_LEADER]: queue going to NON_LEADER mode. State: All replicated op: 0.0, Majority replicated op: 1.10274, Committed index: 1.10274, Last appended: 3.10275, Current term: 3, Majority size: 1, State: 1, Mode: NON_LEADER
I0302 15:32:06.511024 30261 consensus_peers.cc:211] T ad1251b8988446ffa0348b542d353bd4 P 5748afe5294c41b89cbb67f8edbee2a1: Closing peer: 3e41e55c8a3a40e3bf81f862aaadfd20
I0302 15:32:06.511102 30261 consensus_peers.cc:211] T ad1251b8988446ffa0348b542d353bd4 P 5748afe5294c41b89cbb67f8edbee2a1: Closing peer: 892c1da145ed4847b1dfd57983516d8f
I0302 15:32:06.511159 30261 raft_consensus.cc:1336] T ad1251b8988446ffa0348b542d353bd4 P 5748afe5294c41b89cbb67f8edbee2a1 [FOLLOWER]: Advancing to term 4
I0302 15:32:06.512104 30261 raft_consensus.cc:1121] T ad1251b8988446ffa0348b542d353bd4 P 5748afe5294c41b89cbb67f8edbee2a1 [FOLLOWER]: Leader election vote request: Denying vote to candidate 3e41e55c8a3a40e3bf81f862aaadfd20 for term 4 because replica has last-logged OpId of term: 3 index: 10275, which is greater than that of the candidate, which has last-logged OpId of term: 2 index: 10275.
I0302 15:32:06.512224 30281 leader_election.cc:322] T ad1251b8988446ffa0348b542d353bd4 P 3e41e55c8a3a40e3bf81f862aaadfd20 [CANDIDATE]: Term 4 election: Vote denied by peer 5748afe5294c41b89cbb67f8edbee2a1. Message: Invalid argument: T ad1251b8988446ffa0348b542d353bd4 P 5748afe5294c41b89cbb67f8edbee2a1 [FOLLOWER]: Leader election vote request: Denying vote to candidate 3e41e55c8a3a40e3bf81f862aaadfd20 for term 4 because replica has last-logged OpId of term: 3 index: 10275, which is greater than that of the candidate, which has last-logged OpId of term: 2 index: 10275.
I0302 15:32:06.512275 30213 raft_consensus.cc:1299] T ad1251b8988446ffa0348b542d353bd4 P 892c1da145ed4847b1dfd57983516d8f [FOLLOWER]: Snoozing failure detection for an additional: 1.500s
I0302 15:32:06.513681 30213 raft_consensus.cc:1136] T ad1251b8988446ffa0348b542d353bd4 P 892c1da145ed4847b1dfd57983516d8f [FOLLOWER]: Leader election vote request: Granting yes vote for candidate 3e41e55c8a3a40e3bf81f862aaadfd20 in term 4.
I0302 15:32:06.513803 30281 leader_election.cc:308] T ad1251b8988446ffa0348b542d353bd4 P 3e41e55c8a3a40e3bf81f862aaadfd20 [CANDIDATE]: Term 4 election: Vote granted by peer 892c1da145ed4847b1dfd57983516d8f
I0302 15:32:06.513820 30281 leader_election.cc:281] T ad1251b8988446ffa0348b542d353bd4 P 3e41e55c8a3a40e3bf81f862aaadfd20 [CANDIDATE]: Term 4 election: Election decided. Result: candidate won.
I0302 15:32:06.513839 30281 raft_consensus.cc:1299] T ad1251b8988446ffa0348b542d353bd4 P 3e41e55c8a3a40e3bf81f862aaadfd20 [CANDIDATE]: Snoozing failure detection for an additional: 1.500s
I0302 15:32:06.513850 30281 raft_consensus.cc:1237] T ad1251b8988446ffa0348b542d353bd4 P 3e41e55c8a3a40e3bf81f862aaadfd20 [CANDIDATE]: Leader election won for term 4
I0302 15:32:06.513907 30281 raft_consensus.cc:361] T ad1251b8988446ffa0348b542d353bd4 P 3e41e55c8a3a40e3bf81f862aaadfd20 [LEADER]: Becoming Leader. State: Replica: 3e41e55c8a3a40e3bf81f862aaadfd20, State: 1, Role: LEADER Watermarks: {Received: term: 2 index: 10275 Committed: term: 1 index: 10274}
I0302 15:32:06.513936 30281 consensus_queue.cc:119] T ad1251b8988446ffa0348b542d353bd4 P 3e41e55c8a3a40e3bf81f862aaadfd20 [LEADER]: queue going to LEADER mode. State: All replicated op: 0.0, Majority replicated op: 1.10274, Committed index: 1.10274, Last appended: 2.10275, Current term: 4, Majority size: 2, State: 1, Mode: LEADER
W0302 15:32:06.514775 30631 raft_consensus_state.cc:477] T ad1251b8988446ffa0348b542d353bd4 P 3e41e55c8a3a40e3bf81f862aaadfd20 [LEADER]: Can't advance the committed index across term boundaries yet. Last committed operation was: term: 1 index: 10274 New majority replicated is: term: 1 index: 10274. Current term is: 4
I0302 15:32:06.541015 28280 linked_list-test-util.h:656] Done collecting results (512208 rows in 47.8704ms)
I0302 15:32:06.546309 30316 raft_consensus.cc:642] T 36005aaac18b4c70b2fc03d1382ca7c3 P 3e41e55c8a3a40e3bf81f862aaadfd20 [FOLLOWER]: Refusing update from remote peer 892c1da145ed4847b1dfd57983516d8f: Log matching property violated. Preceding OpId in replica: term: 1 index: 10274. Preceding OpId from leader: term: 4 index: 10276.
I0302 15:32:06.546389 30262 raft_consensus.cc:642] T 36005aaac18b4c70b2fc03d1382ca7c3 P 5748afe5294c41b89cbb67f8edbee2a1 [FOLLOWER]: Refusing update from remote peer 892c1da145ed4847b1dfd57983516d8f: Log matching property violated. Preceding OpId in replica: term: 3 index: 10275. Preceding OpId from leader: term: 4 index: 10276.
I0302 15:32:06.546519 30183 consensus_queue.cc:428] T 36005aaac18b4c70b2fc03d1382ca7c3 P 892c1da145ed4847b1dfd57983516d8f [LEADER]: Connected to new peer: Peer: 5748afe5294c41b89cbb67f8edbee2a1, New: false, Last received: 3.10275, Last sent , Last known committed idx: 10274 Last exchange result: ERROR
I0302 15:32:06.546679 30183 consensus_queue.cc:428] T 36005aaac18b4c70b2fc03d1382ca7c3 P 892c1da145ed4847b1dfd57983516d8f [LEADER]: Connected to new peer: Peer: 3e41e55c8a3a40e3bf81f862aaadfd20, New: false, Last received: 1.10274, Last sent , Last known committed idx: 10274 Last exchange result: ERROR
I0302 15:32:06.546816 30632 log_cache.cc:332] T 36005aaac18b4c70b2fc03d1382ca7c3 P 892c1da145ed4847b1dfd57983516d8f: Loaded operations into the cache after: 1.10274 to: 2.10275 for a total of: 2. Current state: Preceding Op: 1.10274, Pinned index: 0, LogCacheStats(num_ops=1, bytes=1262)
I0302 15:32:06.546890 30317 raft_consensus.cc:642] T 36005aaac18b4c70b2fc03d1382ca7c3 P 3e41e55c8a3a40e3bf81f862aaadfd20 [FOLLOWER]: Refusing update from remote peer 892c1da145ed4847b1dfd57983516d8f: Log matching property violated. Preceding OpId in replica: term: 1 index: 10274. Preceding OpId from leader: term: 4 index: 10276.
I0302 15:32:06.546896 30263 raft_consensus.cc:642] T 36005aaac18b4c70b2fc03d1382ca7c3 P 5748afe5294c41b89cbb67f8edbee2a1 [FOLLOWER]: Refusing update from remote peer 892c1da145ed4847b1dfd57983516d8f: Log matching property violated. Preceding OpId in replica: term: 3 index: 10275. Preceding OpId from leader: term: 4 index: 10276.
I0302 15:32:06.547021 30183 consensus_queue.cc:431] T 36005aaac18b4c70b2fc03d1382ca7c3 P 892c1da145ed4847b1dfd57983516d8f [LEADER]: Got LMP mismatch error from peer: Peer: 5748afe5294c41b89cbb67f8edbee2a1, New: false, Last received: 3.10275, Last sent , Last known committed idx: 10274 Last exchange result: ERROR
I0302 15:32:06.547049 30183 consensus_queue.cc:431] T 36005aaac18b4c70b2fc03d1382ca7c3 P 892c1da145ed4847b1dfd57983516d8f [LEADER]: Got LMP mismatch error from peer: Peer: 3e41e55c8a3a40e3bf81f862aaadfd20, New: false, Last received: 1.10274, Last sent , Last known committed idx: 10274 Last exchange result: ERROR
I0302 15:32:06.622967 28280 linked_list-test-util.h:571] Table not yet ready: 512208/517150 rows (status: Corruption: Had one or more errors during verification (see log))
I0302 15:32:06.699065 28280 linked_list-test-util.h:656] Done collecting results (516971 rows in 51.8008ms)
I0302 15:32:06.791839 28280 linked_list-test-util.h:571] Table not yet ready: 516971/517150 rows (status: Corruption: Had one or more errors during verification (see log))
I0302 15:32:06.867329 28280 linked_list-test-util.h:656] Done collecting results (516971 rows in 51.9193ms)
I0302 15:32:06.968230 28280 linked_list-test-util.h:571] Table not yet ready: 516971/517150 rows (status: Corruption: Had one or more errors during verification (see log))
I0302 15:32:06.983710 30272 change_config_transaction.cc:135] T 4129cb7b8c2b4cdcbcdee9f8ecb69ae7 P 892c1da145ed4847b1dfd57983516d8f: Configuration changed Changed from: opid_index: 1 local: false peers { permanent_uuid: "892c1da145ed4847b1dfd57983516d8f" role: LEADER last_known_addr { host: "127.0.0.1" port: 7050 } } peers { permanent_uuid: "3e41e55c8a3a40e3bf81f862aaadfd20" role: FOLLOWER last_known_addr { host: "127.0.0.1" port: 7052 } } peers { permanent_uuid: "5748afe5294c41b89cbb67f8edbee2a1" role: FOLLOWER last_known_addr { host: "127.0.0.1" port: 7051 } } Changed to: opid_index: 10277 local: false peers { permanent_uuid: "892c1da145ed4847b1dfd57983516d8f" role: LEADER last_known_addr { host: "127.0.0.1" port: 7050 } } peers { permanent_uuid: "3e41e55c8a3a40e3bf81f862aaadfd20" role: FOLLOWER last_known_addr { host: "127.0.0.1" port: 7052 } } peers { permanent_uuid: "5748afe5294c41b89cbb67f8edbee2a1" role: FOLLOWER last_known_addr { host: "127.0.0.1" port: 7051 } }
I0302 15:32:06.985353 30635 raft_consensus_state.cc:470] T 4129cb7b8c2b4cdcbcdee9f8ecb69ae7 P 892c1da145ed4847b1dfd57983516d8f [LEADER]: Advanced the committed_index across terms. Last committed operation was: term: 1 index: 10276 New committed index is: term: 3 index: 10278
I0302 15:32:06.985448 30272 change_config_transaction.cc:135] T 4129cb7b8c2b4cdcbcdee9f8ecb69ae7 P 892c1da145ed4847b1dfd57983516d8f: Configuration changed Changed from: opid_index: 1 local: false peers { permanent_uuid: "892c1da145ed4847b1dfd57983516d8f" role: LEADER last_known_addr { host: "127.0.0.1" port: 7050 } } peers { permanent_uuid: "3e41e55c8a3a40e3bf81f862aaadfd20" role: FOLLOWER last_known_addr { host: "127.0.0.1" port: 7052 } } peers { permanent_uuid: "5748afe5294c41b89cbb67f8edbee2a1" role: FOLLOWER last_known_addr { host: "127.0.0.1" port: 7051 } } Changed to: opid_index: 10278 local: false peers { permanent_uuid: "892c1da145ed4847b1dfd57983516d8f" role: LEADER last_known_addr { host: "127.0.0.1" port: 7050 } } peers { permanent_uuid: "3e41e55c8a3a40e3bf81f862aaadfd20" role: FOLLOWER last_known_addr { host: "127.0.0.1" port: 7052 } } peers { permanent_uuid: "5748afe5294c41b89cbb67f8edbee2a1" role: FOLLOWER last_known_addr { host: "127.0.0.1" port: 7051 } }
I0302 15:32:07.014493 30214 raft_consensus.cc:642] T ad1251b8988446ffa0348b542d353bd4 P 892c1da145ed4847b1dfd57983516d8f [FOLLOWER]: Refusing update from remote peer 3e41e55c8a3a40e3bf81f862aaadfd20: Log matching property violated. Preceding OpId in replica: term: 1 index: 10274. Preceding OpId from leader: term: 4 index: 10276.
I0302 15:32:07.014538 30265 raft_consensus.cc:642] T ad1251b8988446ffa0348b542d353bd4 P 5748afe5294c41b89cbb67f8edbee2a1 [FOLLOWER]: Refusing update from remote peer 3e41e55c8a3a40e3bf81f862aaadfd20: Log matching property violated. Preceding OpId in replica: term: 3 index: 10275. Preceding OpId from leader: term: 4 index: 10276.
I0302 15:32:07.014868 30281 consensus_queue.cc:428] T ad1251b8988446ffa0348b542d353bd4 P 3e41e55c8a3a40e3bf81f862aaadfd20 [LEADER]: Connected to new peer: Peer: 5748afe5294c41b89cbb67f8edbee2a1, New: false, Last received: 3.10275, Last sent , Last known committed idx: 10274 Last exchange result: ERROR
I0302 15:32:07.015326 30637 log_cache.cc:332] T ad1251b8988446ffa0348b542d353bd4 P 3e41e55c8a3a40e3bf81f862aaadfd20: Loaded operations into the cache after: 1.10274 to: 2.10275 for a total of: 2. Current state: Preceding Op: 1.10274, Pinned index: 0, LogCacheStats(num_ops=1, bytes=1262)
I0302 15:32:07.015393 30281 consensus_queue.cc:428] T ad1251b8988446ffa0348b542d353bd4 P 3e41e55c8a3a40e3bf81f862aaadfd20 [LEADER]: Connected to new peer: Peer: 892c1da145ed4847b1dfd57983516d8f, New: false, Last received: 1.10274, Last sent , Last known committed idx: 10274 Last exchange result: ERROR
I0302 15:32:07.015599 30256 raft_consensus.cc:642] T ad1251b8988446ffa0348b542d353bd4 P 5748afe5294c41b89cbb67f8edbee2a1 [FOLLOWER]: Refusing update from remote peer 3e41e55c8a3a40e3bf81f862aaadfd20: Log matching property violated. Preceding OpId in replica: term: 3 index: 10275. Preceding OpId from leader: term: 4 index: 10276.
I0302 15:32:07.015753 30281 consensus_queue.cc:431] T ad1251b8988446ffa0348b542d353bd4 P 3e41e55c8a3a40e3bf81f862aaadfd20 [LEADER]: Got LMP mismatch error from peer: Peer: 5748afe5294c41b89cbb67f8edbee2a1, New: false, Last received: 3.10275, Last sent , Last known committed idx: 10274 Last exchange result: ERROR
I0302 15:32:07.018283 30343 change_config_transaction.cc:135] T ad1251b8988446ffa0348b542d353bd4 P 3e41e55c8a3a40e3bf81f862aaadfd20: Configuration changed Changed from: opid_index: 1 local: false peers { permanent_uuid: "892c1da145ed4847b1dfd57983516d8f" role: FOLLOWER last_known_addr { host: "127.0.0.1" port: 7050 } } peers { permanent_uuid: "3e41e55c8a3a40e3bf81f862aaadfd20" role: FOLLOWER last_known_addr { host: "127.0.0.1" port: 7052 } } peers { permanent_uuid: "5748afe5294c41b89cbb67f8edbee2a1" role: LEADER last_known_addr { host: "127.0.0.1" port: 7051 } } Changed to: opid_index: 10275 local: false peers { permanent_uuid: "892c1da145ed4847b1dfd57983516d8f" role: FOLLOWER last_known_addr { host: "127.0.0.1" port: 7050 } } peers { permanent_uuid: "3e41e55c8a3a40e3bf81f862aaadfd20" role: LEADER last_known_addr { host: "127.0.0.1" port: 7052 } } peers { permanent_uuid: "5748afe5294c41b89cbb67f8edbee2a1" role: FOLLOWER last_known_addr { host: "127.0.0.1" port: 7051 } }
I0302 15:32:07.018997 30639 raft_consensus_state.cc:470] T ad1251b8988446ffa0348b542d353bd4 P 3e41e55c8a3a40e3bf81f862aaadfd20 [LEADER]: Advanced the committed_index across terms. Last committed operation was: term: 1 index: 10274 New committed index is: term: 4 index: 10276
I0302 15:32:07.019100 30343 change_config_transaction.cc:135] T ad1251b8988446ffa0348b542d353bd4 P 3e41e55c8a3a40e3bf81f862aaadfd20: Configuration changed Changed from: opid_index: 1 local: false peers { permanent_uuid: "892c1da145ed4847b1dfd57983516d8f" role: FOLLOWER last_known_addr { host: "127.0.0.1" port: 7050 } } peers { permanent_uuid: "3e41e55c8a3a40e3bf81f862aaadfd20" role: FOLLOWER last_known_addr { host: "127.0.0.1" port: 7052 } } peers { permanent_uuid: "5748afe5294c41b89cbb67f8edbee2a1" role: LEADER last_known_addr { host: "127.0.0.1" port: 7051 } } Changed to: opid_index: 10276 local: false peers { permanent_uuid: "892c1da145ed4847b1dfd57983516d8f" role: FOLLOWER last_known_addr { host: "127.0.0.1" port: 7050 } } peers { permanent_uuid: "3e41e55c8a3a40e3bf81f862aaadfd20" role: LEADER last_known_addr { host: "127.0.0.1" port: 7052 } } peers { permanent_uuid: "5748afe5294c41b89cbb67f8edbee2a1" role: FOLLOWER last_known_addr { host: "127.0.0.1" port: 7051 } }
I0302 15:32:07.045297 28280 linked_list-test-util.h:656] Done collecting results (512208 rows in 53.6108ms)
I0302 15:32:07.046715 30257 raft_consensus_state.cc:389] T 36005aaac18b4c70b2fc03d1382ca7c3 P 5748afe5294c41b89cbb67f8edbee2a1 [FOLLOWER]: Aborting all transactions after (but not including): 10274. Current State: Replica: 5748afe5294c41b89cbb67f8edbee2a1, State: 1, Role: FOLLOWER Watermarks: {Received: term: 3 index: 10275 Committed: term: 1 index: 10274}
I0302 15:32:07.046746 30257 raft_consensus_state.cc:414] T 36005aaac18b4c70b2fc03d1382ca7c3 P 5748afe5294c41b89cbb67f8edbee2a1 [FOLLOWER]: Aborting uncommitted operation due to leader change: 3.10275
I0302 15:32:07.049036 30274 change_config_transaction.cc:135] T 36005aaac18b4c70b2fc03d1382ca7c3 P 892c1da145ed4847b1dfd57983516d8f: Configuration changed Changed from: opid_index: 1 local: false peers { permanent_uuid: "892c1da145ed4847b1dfd57983516d8f" role: FOLLOWER last_known_addr { host: "127.0.0.1" port: 7050 } } peers { permanent_uuid: "3e41e55c8a3a40e3bf81f862aaadfd20" role: LEADER last_known_addr { host: "127.0.0.1" port: 7052 } } peers { permanent_uuid: "5748afe5294c41b89cbb67f8edbee2a1" role: FOLLOWER last_known_addr { host: "127.0.0.1" port: 7051 } } Changed to: opid_index: 10275 local: false peers { permanent_uuid: "892c1da145ed4847b1dfd57983516d8f" role: LEADER last_known_addr { host: "127.0.0.1" port: 7050 } } peers { permanent_uuid: "3e41e55c8a3a40e3bf81f862aaadfd20" role: FOLLOWER last_known_addr { host: "127.0.0.1" port: 7052 } } peers { permanent_uuid: "5748afe5294c41b89cbb67f8edbee2a1" role: FOLLOWER last_known_addr { host: "127.0.0.1" port: 7051 } }
I0302 15:32:07.050223 30644 raft_consensus_state.cc:470] T 36005aaac18b4c70b2fc03d1382ca7c3 P 892c1da145ed4847b1dfd57983516d8f [LEADER]: Advanced the committed_index across terms. Last committed operation was: term: 1 index: 10274 New committed index is: term: 4 index: 10276
I0302 15:32:07.050300 30274 change_config_transaction.cc:135] T 36005aaac18b4c70b2fc03d1382ca7c3 P 892c1da145ed4847b1dfd57983516d8f: Configuration changed Changed from: opid_index: 1 local: false peers { permanent_uuid: "892c1da145ed4847b1dfd57983516d8f" role: FOLLOWER last_known_addr { host: "127.0.0.1" port: 7050 } } peers { permanent_uuid: "3e41e55c8a3a40e3bf81f862aaadfd20" role: LEADER last_known_addr { host: "127.0.0.1" port: 7052 } } peers { permanent_uuid: "5748afe5294c41b89cbb67f8edbee2a1" role: FOLLOWER last_known_addr { host: "127.0.0.1" port: 7051 } } Changed to: opid_index: 10276 local: false peers { permanent_uuid: "892c1da145ed4847b1dfd57983516d8f" role: LEADER last_known_addr { host: "127.0.0.1" port: 7050 } } peers { permanent_uuid: "3e41e55c8a3a40e3bf81f862aaadfd20" role: FOLLOWER last_known_addr { host: "127.0.0.1" port: 7052 } } peers { permanent_uuid: "5748afe5294c41b89cbb67f8edbee2a1" role: FOLLOWER last_known_addr { host: "127.0.0.1" port: 7051 } }
I0302 15:32:07.127820 28280 linked_list-test-util.h:571] Table not yet ready: 512208/517150 rows (status: Corruption: Had one or more errors during verification (see log))
I0302 15:32:07.201939 28280 linked_list-test-util.h:656] Done collecting results (512208 rows in 50.4796ms)
I0302 15:32:07.284370 28280 linked_list-test-util.h:571] Table not yet ready: 512208/517150 rows (status: Corruption: Had one or more errors during verification (see log))
I0302 15:32:07.290470 28547 linked_list-test-util.h:284] Curling URL http://127.0.0.1:43948/jsonmetricz
I0302 15:32:07.361310 28280 linked_list-test-util.h:656] Done collecting results (516971 rows in 52.639ms)
I0302 15:32:07.465647 28280 linked_list-test-util.h:571] Table not yet ready: 516971/517150 rows (status: Corruption: Had one or more errors during verification (see log))
I0302 15:32:07.482161 30327 change_config_transaction.cc:135] T 4129cb7b8c2b4cdcbcdee9f8ecb69ae7 P 5748afe5294c41b89cbb67f8edbee2a1: Configuration changed Changed from: opid_index: 1 local: false peers { permanent_uuid: "892c1da145ed4847b1dfd57983516d8f" role: LEADER last_known_addr { host: "127.0.0.1" port: 7050 } } peers { permanent_uuid: "3e41e55c8a3a40e3bf81f862aaadfd20" role: FOLLOWER last_known_addr { host: "127.0.0.1" port: 7052 } } peers { permanent_uuid: "5748afe5294c41b89cbb67f8edbee2a1" role: FOLLOWER last_known_addr { host: "127.0.0.1" port: 7051 } } Changed to: opid_index: 10277 local: false peers { permanent_uuid: "892c1da145ed4847b1dfd57983516d8f" role: LEADER last_known_addr { host: "127.0.0.1" port: 7050 } } peers { permanent_uuid: "3e41e55c8a3a40e3bf81f862aaadfd20" role: FOLLOWER last_known_addr { host: "127.0.0.1" port: 7052 } } peers { permanent_uuid: "5748afe5294c41b89cbb67f8edbee2a1" role: FOLLOWER last_known_addr { host: "127.0.0.1" port: 7051 } }
I0302 15:32:07.482435 30344 change_config_transaction.cc:135] T 4129cb7b8c2b4cdcbcdee9f8ecb69ae7 P 3e41e55c8a3a40e3bf81f862aaadfd20: Configuration changed Changed from: opid_index: 1 local: false peers { permanent_uuid: "892c1da145ed4847b1dfd57983516d8f" role: LEADER last_known_addr { host: "127.0.0.1" port: 7050 } } peers { permanent_uuid: "3e41e55c8a3a40e3bf81f862aaadfd20" role: FOLLOWER last_known_addr { host: "127.0.0.1" port: 7052 } } peers { permanent_uuid: "5748afe5294c41b89cbb67f8edbee2a1" role: FOLLOWER last_known_addr { host: "127.0.0.1" port: 7051 } } Changed to: opid_index: 10277 local: false peers { permanent_uuid: "892c1da145ed4847b1dfd57983516d8f" role: LEADER last_known_addr { host: "127.0.0.1" port: 7050 } } peers { permanent_uuid: "3e41e55c8a3a40e3bf81f862aaadfd20" role: FOLLOWER last_known_addr { host: "127.0.0.1" port: 7052 } } peers { permanent_uuid: "5748afe5294c41b89cbb67f8edbee2a1" role: FOLLOWER last_known_addr { host: "127.0.0.1" port: 7051 } }
I0302 15:32:07.483381 30327 change_config_transaction.cc:135] T 4129cb7b8c2b4cdcbcdee9f8ecb69ae7 P 5748afe5294c41b89cbb67f8edbee2a1: Configuration changed Changed from: opid_index: 1 local: false peers { permanent_uuid: "892c1da145ed4847b1dfd57983516d8f" role: LEADER last_known_addr { host: "127.0.0.1" port: 7050 } } peers { permanent_uuid: "3e41e55c8a3a40e3bf81f862aaadfd20" role: FOLLOWER last_known_addr { host: "127.0.0.1" port: 7052 } } peers { permanent_uuid: "5748afe5294c41b89cbb67f8edbee2a1" role: FOLLOWER last_known_addr { host: "127.0.0.1" port: 7051 } } Changed to: opid_index: 10278 local: false peers { permanent_uuid: "892c1da145ed4847b1dfd57983516d8f" role: LEADER last_known_addr { host: "127.0.0.1" port: 7050 } } peers { permanent_uuid: "3e41e55c8a3a40e3bf81f862aaadfd20" role: FOLLOWER last_known_addr { host: "127.0.0.1" port: 7052 } } peers { permanent_uuid: "5748afe5294c41b89cbb67f8edbee2a1" role: FOLLOWER last_known_addr { host: "127.0.0.1" port: 7051 } }
I0302 15:32:07.483628 30344 change_config_transaction.cc:135] T 4129cb7b8c2b4cdcbcdee9f8ecb69ae7 P 3e41e55c8a3a40e3bf81f862aaadfd20: Configuration changed Changed from: opid_index: 1 local: false peers { permanent_uuid: "892c1da145ed4847b1dfd57983516d8f" role: LEADER last_known_addr { host: "127.0.0.1" port: 7050 } } peers { permanent_uuid: "3e41e55c8a3a40e3bf81f862aaadfd20" role: FOLLOWER last_known_addr { host: "127.0.0.1" port: 7052 } } peers { permanent_uuid: "5748afe5294c41b89cbb67f8edbee2a1" role: FOLLOWER last_known_addr { host: "127.0.0.1" port: 7051 } } Changed to: opid_index: 10278 local: false peers { permanent_uuid: "892c1da145ed4847b1dfd57983516d8f" role: LEADER last_known_addr { host: "127.0.0.1" port: 7050 } } peers { permanent_uuid: "3e41e55c8a3a40e3bf81f862aaadfd20" role: FOLLOWER last_known_addr { host: "127.0.0.1" port: 7052 } } peers { permanent_uuid: "5748afe5294c41b89cbb67f8edbee2a1" role: FOLLOWER last_known_addr { host: "127.0.0.1" port: 7051 } }
I0302 15:32:07.514776 30259 raft_consensus_state.cc:389] T ad1251b8988446ffa0348b542d353bd4 P 5748afe5294c41b89cbb67f8edbee2a1 [FOLLOWER]: Aborting all transactions after (but not including): 10274. Current State: Replica: 5748afe5294c41b89cbb67f8edbee2a1, State: 1, Role: FOLLOWER Watermarks: {Received: term: 3 index: 10275 Committed: term: 1 index: 10274}
I0302 15:32:07.514802 30259 raft_consensus_state.cc:414] T ad1251b8988446ffa0348b542d353bd4 P 5748afe5294c41b89cbb67f8edbee2a1 [FOLLOWER]: Aborting uncommitted operation due to leader change: 3.10275
I0302 15:32:07.516572 30331 change_config_transaction.cc:135] T ad1251b8988446ffa0348b542d353bd4 P 5748afe5294c41b89cbb67f8edbee2a1: Configuration changed Changed from: opid_index: 1 local: false peers { permanent_uuid: "892c1da145ed4847b1dfd57983516d8f" role: FOLLOWER last_known_addr { host: "127.0.0.1" port: 7050 } } peers { permanent_uuid: "3e41e55c8a3a40e3bf81f862aaadfd20" role: FOLLOWER last_known_addr { host: "127.0.0.1" port: 7052 } } peers { permanent_uuid: "5748afe5294c41b89cbb67f8edbee2a1" role: LEADER last_known_addr { host: "127.0.0.1" port: 7051 } } Changed to: opid_index: 10275 local: false peers { permanent_uuid: "892c1da145ed4847b1dfd57983516d8f" role: FOLLOWER last_known_addr { host: "127.0.0.1" port: 7050 } } peers { permanent_uuid: "3e41e55c8a3a40e3bf81f862aaadfd20" role: LEADER last_known_addr { host: "127.0.0.1" port: 7052 } } peers { permanent_uuid: "5748afe5294c41b89cbb67f8edbee2a1" role: FOLLOWER last_known_addr { host: "127.0.0.1" port: 7051 } }
I0302 15:32:07.517488 30277 change_config_transaction.cc:135] T ad1251b8988446ffa0348b542d353bd4 P 892c1da145ed4847b1dfd57983516d8f: Configuration changed Changed from: opid_index: 1 local: false peers { permanent_uuid: "892c1da145ed4847b1dfd57983516d8f" role: FOLLOWER last_known_addr { host: "127.0.0.1" port: 7050 } } peers { permanent_uuid: "3e41e55c8a3a40e3bf81f862aaadfd20" role: FOLLOWER last_known_addr { host: "127.0.0.1" port: 7052 } } peers { permanent_uuid: "5748afe5294c41b89cbb67f8edbee2a1" role: LEADER last_known_addr { host: "127.0.0.1" port: 7051 } } Changed to: opid_index: 10275 local: false peers { permanent_uuid: "892c1da145ed4847b1dfd57983516d8f" role: FOLLOWER last_known_addr { host: "127.0.0.1" port: 7050 } } peers { permanent_uuid: "3e41e55c8a3a40e3bf81f862aaadfd20" role: LEADER last_known_addr { host: "127.0.0.1" port: 7052 } } peers { permanent_uuid: "5748afe5294c41b89cbb67f8edbee2a1" role: FOLLOWER last_known_addr { host: "127.0.0.1" port: 7051 } }
I0302 15:32:07.517690 30331 change_config_transaction.cc:135] T ad1251b8988446ffa0348b542d353bd4 P 5748afe5294c41b89cbb67f8edbee2a1: Configuration changed Changed from: opid_index: 1 local: false peers { permanent_uuid: "892c1da145ed4847b1dfd57983516d8f" role: FOLLOWER last_known_addr { host: "127.0.0.1" port: 7050 } } peers { permanent_uuid: "3e41e55c8a3a40e3bf81f862aaadfd20" role: FOLLOWER last_known_addr { host: "127.0.0.1" port: 7052 } } peers { permanent_uuid: "5748afe5294c41b89cbb67f8edbee2a1" role: LEADER last_known_addr { host: "127.0.0.1" port: 7051 } } Changed to: opid_index: 10276 local: false peers { permanent_uuid: "892c1da145ed4847b1dfd57983516d8f" role: FOLLOWER last_known_addr { host: "127.0.0.1" port: 7050 } } peers { permanent_uuid: "3e41e55c8a3a40e3bf81f862aaadfd20" role: LEADER last_known_addr { host: "127.0.0.1" port: 7052 } } peers { permanent_uuid: "5748afe5294c41b89cbb67f8edbee2a1" role: FOLLOWER last_known_addr { host: "127.0.0.1" port: 7051 } }
I0302 15:32:07.518654 30277 change_config_transaction.cc:135] T ad1251b8988446ffa0348b542d353bd4 P 892c1da145ed4847b1dfd57983516d8f: Configuration changed Changed from: opid_index: 1 local: false peers { permanent_uuid: "892c1da145ed4847b1dfd57983516d8f" role: FOLLOWER last_known_addr { host: "127.0.0.1" port: 7050 } } peers { permanent_uuid: "3e41e55c8a3a40e3bf81f862aaadfd20" role: FOLLOWER last_known_addr { host: "127.0.0.1" port: 7052 } } peers { permanent_uuid: "5748afe5294c41b89cbb67f8edbee2a1" role: LEADER last_known_addr { host: "127.0.0.1" port: 7051 } } Changed to: opid_index: 10276 local: false peers { permanent_uuid: "892c1da145ed4847b1dfd57983516d8f" role: FOLLOWER last_known_addr { host: "127.0.0.1" port: 7050 } } peers { permanent_uuid: "3e41e55c8a3a40e3bf81f862aaadfd20" role: LEADER last_known_addr { host: "127.0.0.1" port: 7052 } } peers { permanent_uuid: "5748afe5294c41b89cbb67f8edbee2a1" role: FOLLOWER last_known_addr { host: "127.0.0.1" port: 7051 } }
I0302 15:32:07.533769 28280 linked_list-test-util.h:656] Done collecting results (512208 rows in 44.5577ms)
I0302 15:32:07.548213 30336 change_config_transaction.cc:135] T 36005aaac18b4c70b2fc03d1382ca7c3 P 3e41e55c8a3a40e3bf81f862aaadfd20: Configuration changed Changed from: opid_index: 1 local: false peers { permanent_uuid: "892c1da145ed4847b1dfd57983516d8f" role: FOLLOWER last_known_addr { host: "127.0.0.1" port: 7050 } } peers { permanent_uuid: "3e41e55c8a3a40e3bf81f862aaadfd20" role: LEADER last_known_addr { host: "127.0.0.1" port: 7052 } } peers { permanent_uuid: "5748afe5294c41b89cbb67f8edbee2a1" role: FOLLOWER last_known_addr { host: "127.0.0.1" port: 7051 } } Changed to: opid_index: 10275 local: false peers { permanent_uuid: "892c1da145ed4847b1dfd57983516d8f" role: LEADER last_known_addr { host: "127.0.0.1" port: 7050 } } peers { permanent_uuid: "3e41e55c8a3a40e3bf81f862aaadfd20" role: FOLLOWER last_known_addr { host: "127.0.0.1" port: 7052 } } peers { permanent_uuid: "5748afe5294c41b89cbb67f8edbee2a1" role: FOLLOWER last_known_addr { host: "127.0.0.1" port: 7051 } }
I0302 15:32:07.548854 30288 change_config_transaction.cc:135] T 36005aaac18b4c70b2fc03d1382ca7c3 P 5748afe5294c41b89cbb67f8edbee2a1: Configuration changed Changed from: opid_index: 1 local: false peers { permanent_uuid: "892c1da145ed4847b1dfd57983516d8f" role: FOLLOWER last_known_addr { host: "127.0.0.1" port: 7050 } } peers { permanent_uuid: "3e41e55c8a3a40e3bf81f862aaadfd20" role: LEADER last_known_addr { host: "127.0.0.1" port: 7052 } } peers { permanent_uuid: "5748afe5294c41b89cbb67f8edbee2a1" role: FOLLOWER last_known_addr { host: "127.0.0.1" port: 7051 } } Changed to: opid_index: 10275 local: false peers { permanent_uuid: "892c1da145ed4847b1dfd57983516d8f" role: LEADER last_known_addr { host: "127.0.0.1" port: 7050 } } peers { permanent_uuid: "3e41e55c8a3a40e3bf81f862aaadfd20" role: FOLLOWER last_known_addr { host: "127.0.0.1" port: 7052 } } peers { permanent_uuid: "5748afe5294c41b89cbb67f8edbee2a1" role: FOLLOWER last_known_addr { host: "127.0.0.1" port: 7051 } }
I0302 15:32:07.549237 30336 change_config_transaction.cc:135] T 36005aaac18b4c70b2fc03d1382ca7c3 P 3e41e55c8a3a40e3bf81f862aaadfd20: Configuration changed Changed from: opid_index: 1 local: false peers { permanent_uuid: "892c1da145ed4847b1dfd57983516d8f" role: FOLLOWER last_known_addr { host: "127.0.0.1" port: 7050 } } peers { permanent_uuid: "3e41e55c8a3a40e3bf81f862aaadfd20" role: LEADER last_known_addr { host: "127.0.0.1" port: 7052 } } peers { permanent_uuid: "5748afe5294c41b89cbb67f8edbee2a1" role: FOLLOWER last_known_addr { host: "127.0.0.1" port: 7051 } } Changed to: opid_index: 10276 local: false peers { permanent_uuid: "892c1da145ed4847b1dfd57983516d8f" role: LEADER last_known_addr { host: "127.0.0.1" port: 7050 } } peers { permanent_uuid: "3e41e55c8a3a40e3bf81f862aaadfd20" role: FOLLOWER last_known_addr { host: "127.0.0.1" port: 7052 } } peers { permanent_uuid: "5748afe5294c41b89cbb67f8edbee2a1" role: FOLLOWER last_known_addr { host: "127.0.0.1" port: 7051 } }
I0302 15:32:07.549245 30288 change_config_transaction.cc:135] T 36005aaac18b4c70b2fc03d1382ca7c3 P 5748afe5294c41b89cbb67f8edbee2a1: Configuration changed Changed from: opid_index: 1 local: false peers { permanent_uuid: "892c1da145ed4847b1dfd57983516d8f" role: FOLLOWER last_known_addr { host: "127.0.0.1" port: 7050 } } peers { permanent_uuid: "3e41e55c8a3a40e3bf81f862aaadfd20" role: LEADER last_known_addr { host: "127.0.0.1" port: 7052 } } peers { permanent_uuid: "5748afe5294c41b89cbb67f8edbee2a1" role: FOLLOWER last_known_addr { host: "127.0.0.1" port: 7051 } } Changed to: opid_index: 10276 local: false peers { permanent_uuid: "892c1da145ed4847b1dfd57983516d8f" role: LEADER last_known_addr { host: "127.0.0.1" port: 7050 } } peers { permanent_uuid: "3e41e55c8a3a40e3bf81f862aaadfd20" role: FOLLOWER last_known_addr { host: "127.0.0.1" port: 7052 } } peers { permanent_uuid: "5748afe5294c41b89cbb67f8edbee2a1" role: FOLLOWER last_known_addr { host: "127.0.0.1" port: 7051 } }
I0302 15:32:07.610112 28280 linked_list-test-util.h:571] Table not yet ready: 512208/517150 rows (status: Corruption: Had one or more errors during verification (see log))
I0302 15:32:07.668712 28280 linked_list-test-util.h:656] Done collecting results (515107 rows in 35.2124ms)
I0302 15:32:07.744218 28280 linked_list-test-util.h:571] Table not yet ready: 515107/517150 rows (status: Corruption: Had one or more errors during verification (see log))
I0302 15:32:07.811719 28280 linked_list-test-util.h:656] Done collecting results (515107 rows in 43.6235ms)
I0302 15:32:07.862687 28297 catalog_manager.cc:1283] Tablet: 4129cb7b8c2b4cdcbcdee9f8ecb69ae7 reported quorum change. New quorum: opid_index: 10278 local: false peers { permanent_uuid: "892c1da145ed4847b1dfd57983516d8f" role: LEADER last_known_addr { host: "127.0.0.1" port: 7050 } } peers { permanent_uuid: "3e41e55c8a3a40e3bf81f862aaadfd20" role: FOLLOWER last_known_addr { host: "127.0.0.1" port: 7052 } } peers { permanent_uuid: "5748afe5294c41b89cbb67f8edbee2a1" role: FOLLOWER last_known_addr { host: "127.0.0.1" port: 7051 } }
I0302 15:32:07.863904 28297 catalog_manager.cc:1283] Tablet: ad1251b8988446ffa0348b542d353bd4 reported quorum change. New quorum: opid_index: 10276 local: false peers { permanent_uuid: "892c1da145ed4847b1dfd57983516d8f" role: FOLLOWER last_known_addr { host: "127.0.0.1" port: 7050 } } peers { permanent_uuid: "3e41e55c8a3a40e3bf81f862aaadfd20" role: LEADER last_known_addr { host: "127.0.0.1" port: 7052 } } peers { permanent_uuid: "5748afe5294c41b89cbb67f8edbee2a1" role: FOLLOWER last_known_addr { host: "127.0.0.1" port: 7051 } }
I0302 15:32:07.864284 28297 catalog_manager.cc:1283] Tablet: 36005aaac18b4c70b2fc03d1382ca7c3 reported quorum change. New quorum: opid_index: 10276 local: false peers { permanent_uuid: "892c1da145ed4847b1dfd57983516d8f" role: LEADER last_known_addr { host: "127.0.0.1" port: 7050 } } peers { permanent_uuid: "3e41e55c8a3a40e3bf81f862aaadfd20" role: FOLLOWER last_known_addr { host: "127.0.0.1" port: 7052 } } peers { permanent_uuid: "5748afe5294c41b89cbb67f8edbee2a1" role: FOLLOWER last_known_addr { host: "127.0.0.1" port: 7051 } }
I0302 15:32:07.892282 28280 linked_list-test-util.h:571] Table not yet ready: 515107/517150 rows (status: Corruption: Had one or more errors during verification (see log))
I0302 15:32:07.956368 28280 linked_list-test-util.h:656] Done collecting results (512208 rows in 40.2194ms)
I0302 15:32:08.028822 28280 linked_list-test-util.h:571] Table not yet ready: 512208/517150 rows (status: Corruption: Had one or more errors during verification (see log))
I0302 15:32:08.089702 28280 linked_list-test-util.h:656] Done collecting results (516971 rows in 37.0895ms)
I0302 15:32:08.171455 28280 linked_list-test-util.h:571] Table not yet ready: 516971/517150 rows (status: Corruption: Had one or more errors during verification (see log))
I0302 15:32:08.233201 28280 linked_list-test-util.h:656] Done collecting results (515107 rows in 37.9712ms)
I0302 15:32:08.290638 28547 linked_list-test-util.h:284] Curling URL http://127.0.0.1:43948/tablets
I0302 15:32:08.308260 28280 linked_list-test-util.h:571] Table not yet ready: 515107/517150 rows (status: Corruption: Had one or more errors during verification (see log))
I0302 15:32:08.378775 28280 linked_list-test-util.h:656] Done collecting results (512208 rows in 46.4721ms)
I0302 15:32:08.463295 28280 linked_list-test-util.h:571] Table not yet ready: 512208/517150 rows (status: Corruption: Had one or more errors during verification (see log))
I0302 15:32:08.535569 28280 linked_list-test-util.h:656] Done collecting results (516971 rows in 48.9851ms)
I0302 15:32:08.627140 28280 linked_list-test-util.h:571] Table not yet ready: 516971/517150 rows (status: Corruption: Had one or more errors during verification (see log))
I0302 15:32:08.699735 28280 linked_list-test-util.h:656] Done collecting results (515107 rows in 47.7857ms)
I0302 15:32:08.782465 28280 linked_list-test-util.h:571] Table not yet ready: 515107/517150 rows (status: Corruption: Had one or more errors during verification (see log))
I0302 15:32:08.855113 28280 linked_list-test-util.h:656] Done collecting results (516971 rows in 48.5559ms)
I0302 15:32:08.955171 28280 linked_list-test-util.h:571] Table not yet ready: 516971/517150 rows (status: Corruption: Had one or more errors during verification (see log))
I0302 15:32:09.026746 28280 linked_list-test-util.h:656] Done collecting results (512208 rows in 46.9756ms)
I0302 15:32:09.107004 28280 linked_list-test-util.h:571] Table not yet ready: 512208/517150 rows (status: Corruption: Had one or more errors during verification (see log))
I0302 15:32:09.172668 28280 linked_list-test-util.h:656] Done collecting results (512208 rows in 41.5488ms)
I0302 15:32:09.259107 30278 tablet.cc:1081] Compaction: stage 1 complete, picked 4 rowsets to compact
I0302 15:32:09.259132 30278 compaction.cc:552] Selected 4 rowsets to compact:
I0302 15:32:09.259145 30278 compaction.cc:555] RowSet(13)(current size on disk: ~3085353 bytes)
I0302 15:32:09.259152 30278 compaction.cc:555] RowSet(14)(current size on disk: ~445137 bytes)
I0302 15:32:09.259161 30278 compaction.cc:555] RowSet(15)(current size on disk: ~286253 bytes)
I0302 15:32:09.259169 30278 compaction.cc:555] RowSet(16)(current size on disk: ~314213 bytes)
I0302 15:32:09.259182 30278 tablet.cc:878] Compaction: entering phase 1 (flushing snapshot). Phase 1 snapshot: MvccSnapshot[committed={T|T < 30844 or (T in {30844})}]
I0302 15:32:09.259737 30278 multi_column_writer.cc:71] Opened CFile writer for column rand_key[uint64 NOT NULL]
I0302 15:32:09.259970 30278 multi_column_writer.cc:71] Opened CFile writer for column link_to[uint64 NOT NULL]
I0302 15:32:09.260149 30278 multi_column_writer.cc:71] Opened CFile writer for column insert_ts[uint64 NOT NULL]
I0302 15:32:09.260273 28280 linked_list-test-util.h:571] Table not yet ready: 512208/517150 rows (status: Corruption: Had one or more errors during verification (see log))
I0302 15:32:09.260397 30278 multi_column_writer.cc:71] Opened CFile writer for column updated[bool NOT NULL]
I0302 15:32:09.290799 28547 linked_list-test-util.h:284] Curling URL http://127.0.0.1:41309/jsonmetricz
I0302 15:32:09.328294 28280 linked_list-test-util.h:656] Done collecting results (516971 rows in 44.1951ms)
I0302 15:32:09.357548 30180 tablet.cc:1081] Compaction: stage 1 complete, picked 2 rowsets to compact
I0302 15:32:09.357574 30180 compaction.cc:552] Selected 2 rowsets to compact:
I0302 15:32:09.357585 30180 compaction.cc:555] RowSet(16)(current size on disk: ~3836425 bytes)
I0302 15:32:09.357597 30180 compaction.cc:555] RowSet(17)(current size on disk: ~293837 bytes)
I0302 15:32:09.357628 30180 tablet.cc:878] Compaction: entering phase 1 (flushing snapshot). Phase 1 snapshot: MvccSnapshot[committed={T|T < 30869 or (T in {30869})}]
I0302 15:32:09.358194 30180 multi_column_writer.cc:71] Opened CFile writer for column rand_key[uint64 NOT NULL]
I0302 15:32:09.358415 30180 multi_column_writer.cc:71] Opened CFile writer for column link_to[uint64 NOT NULL]
I0302 15:32:09.358654 30180 multi_column_writer.cc:71] Opened CFile writer for column insert_ts[uint64 NOT NULL]
I0302 15:32:09.358847 30180 multi_column_writer.cc:71] Opened CFile writer for column updated[bool NOT NULL]
I0302 15:32:09.421986 30226 tablet.cc:1081] Compaction: stage 1 complete, picked 4 rowsets to compact
I0302 15:32:09.422014 30226 compaction.cc:552] Selected 4 rowsets to compact:
I0302 15:32:09.422024 30226 compaction.cc:555] RowSet(13)(current size on disk: ~3080121 bytes)
I0302 15:32:09.422034 30226 compaction.cc:555] RowSet(14)(current size on disk: ~444177 bytes)
