I0302 15:32:00.158404 29777 rpc_server.cc:110] RPC server started. Bound to: 127.0.0.1:7050
I0302 15:32:00.158562 29777 webserver.cc:108] Starting webserver on localhost:40132
I0302 15:32:00.158596 29777 webserver.cc:117] Document root disabled
I0302 15:32:00.159402 29777 webserver.cc:197] Webserver started. Bound to: http://127.0.0.1:40132/
I0302 15:32:00.159706 29777 server_base.cc:170] Dumped server information to /data1/test-tmp/linked_list-test.LinkedListTest.TestLoadAndVerify.1425339087178522-28280/linked-list-cluster/ts-0/info.pb
I0302 15:32:00.159873 29777 maintenance_manager.cc:111] MaintenanceManager: targeting memory size of 23.515860 GB
I0302 15:32:00.160209 29777 tablet_server_main.cc:44] Tablet server successfully started.
I0302 15:32:00.161929 29820 heartbeater.cc:219] Connected to a leader master server at 127.0.0.1:50914
I0302 15:32:00.162027 29820 heartbeater.cc:289] Registering TS with master...
I0302 15:32:00.162160 29820 heartbeater.cc:295] Sending a full tablet report to master...
I0302 15:32:00.162457 28301 ts_manager.cc:71] Re-registered known tablet server { permanent_uuid: "892c1da145ed4847b1dfd57983516d8f" instance_seqno: 1425339120158214 } with Master
I0302 15:32:00.167884 28280 external_mini_cluster.cc:416] Started /data1/jenkins-workspace/kudu-gerrit/BUILD_TYPE/LEAKCHECK/label/kudu-gerrit-slaves/build/release/kudu-tablet_server as pid 29777
I0302 15:32:00.168133 28280 external_mini_cluster.cc:382] Running /data1/jenkins-workspace/kudu-gerrit/BUILD_TYPE/LEAKCHECK/label/kudu-gerrit-slaves/build/release/kudu-tablet_server kudu-tablet_server --tablet_server_wal_dir=/data1/test-tmp/linked_list-test.LinkedListTest.TestLoadAndVerify.1425339087178522-28280/linked-list-cluster/ts-1 --tablet_server_data_dirs=/data1/test-tmp/linked_list-test.LinkedListTest.TestLoadAndVerify.1425339087178522-28280/linked-list-cluster/ts-1 --tablet_server_rpc_bind_addresses=127.0.0.1:7051 --tablet_server_web_port=55689 --tablet_server_master_addrs=127.0.0.1:50914 --skip_remove_old_recovery_dir --enable_leader_failure_detection=true --tablet_server_rpc_bind_addresses=127.0.0.1:7051 --flush_threshold_mb=1 --log_segment_size_mb=1 --server_dump_info_path=/data1/test-tmp/linked_list-test.LinkedListTest.TestLoadAndVerify.1425339087178522-28280/linked-list-cluster/ts-1/info.pb --server_dump_info_format=pb --logtostderr --logbuflevel=-1 --webserver_interface=localhost WARNING: Perftools heap leak checker is active -- Performance may suffer
I0302 15:32:00.194726 29825 tablet_server_main.cc:38] Initializing tablet server...
I0302 15:32:00.196689 29825 fs_manager.cc:132] Opened local filesystem: /data1/test-tmp/linked_list-test.LinkedListTest.TestLoadAndVerify.1425339087178522-28280/linked-list-cluster/ts-1 uuid: "5748afe5294c41b89cbb67f8edbee2a1" format_stamp: "Formatted at 2015-03-02 23:31:27 on boost-static-burst-slave-cc0.vpc.cloudera.com"
I0302 15:32:00.200228 29825 ts_tablet_manager.cc:285] Loading master block 36005aaac18b4c70b2fc03d1382ca7c3
I0302 15:32:00.201390 29825 ts_tablet_manager.cc:449] Registered tablet 36005aaac18b4c70b2fc03d1382ca7c3
I0302 15:32:00.201520 29825 ts_tablet_manager.cc:285] Loading master block ad1251b8988446ffa0348b542d353bd4
I0302 15:32:00.201545 29831 ts_tablet_manager.cc:314] Bootstrapping tablet: 36005aaac18b4c70b2fc03d1382ca7c3
I0302 15:32:00.203733 29831 tablet_bootstrap.cc:290] Tablet 36005aaac18b4c70b2fc03d1382ca7c3: Bootstrap starting.
I0302 15:32:00.204406 29825 ts_tablet_manager.cc:449] Registered tablet ad1251b8988446ffa0348b542d353bd4
I0302 15:32:00.204705 29825 ts_tablet_manager.cc:285] Loading master block 4129cb7b8c2b4cdcbcdee9f8ecb69ae7
I0302 15:32:00.204767 29832 ts_tablet_manager.cc:314] Bootstrapping tablet: ad1251b8988446ffa0348b542d353bd4
I0302 15:32:00.205565 29831 delta_tracker.cc:69] Successfully opened UNDO delta file 8742962816284c9e8fad0726169d72bead4442d8f88a4c5bb47839c7997b3c95
I0302 15:32:00.206409 29831 delta_tracker.cc:69] Successfully opened UNDO delta file 8742962816284c9e8fad0726169d72bec75dde950c4547139c428a3c6b050c76
I0302 15:32:00.207485 29831 delta_tracker.cc:69] Successfully opened UNDO delta file 8742962816284c9e8fad0726169d72bef585995b307447f693b55fc62f93290f
I0302 15:32:00.208061 29831 tablet_bootstrap.cc:509] Will attempt to recover log segment: /data1/test-tmp/linked_list-test.LinkedListTest.TestLoadAndVerify.1425339087178522-28280/linked-list-cluster/ts-1/wals/36005aaac18b4c70b2fc03d1382ca7c3/wal-000000008 to: /data1/test-tmp/linked_list-test.LinkedListTest.TestLoadAndVerify.1425339087178522-28280/linked-list-cluster/ts-1/wals/36005aaac18b4c70b2fc03d1382ca7c3.recovery/wal-000000008
I0302 15:32:00.208124 29831 tablet_bootstrap.cc:509] Will attempt to recover log segment: /data1/test-tmp/linked_list-test.LinkedListTest.TestLoadAndVerify.1425339087178522-28280/linked-list-cluster/ts-1/wals/36005aaac18b4c70b2fc03d1382ca7c3/wal-000000007 to: /data1/test-tmp/linked_list-test.LinkedListTest.TestLoadAndVerify.1425339087178522-28280/linked-list-cluster/ts-1/wals/36005aaac18b4c70b2fc03d1382ca7c3.recovery/wal-000000007
I0302 15:32:00.208214 29831 tablet_bootstrap.cc:519] Moved log directory: /data1/test-tmp/linked_list-test.LinkedListTest.TestLoadAndVerify.1425339087178522-28280/linked-list-cluster/ts-1/wals/36005aaac18b4c70b2fc03d1382ca7c3 to recovery directory: /data1/test-tmp/linked_list-test.LinkedListTest.TestLoadAndVerify.1425339087178522-28280/linked-list-cluster/ts-1/wals/36005aaac18b4c70b2fc03d1382ca7c3.recovery
W0302 15:32:00.208685 29831 log_util.cc:147] Could not read footer for segment: /data1/test-tmp/linked_list-test.LinkedListTest.TestLoadAndVerify.1425339087178522-28280/linked-list-cluster/ts-1/wals/36005aaac18b4c70b2fc03d1382ca7c3.recovery/wal-000000008. Status: Not found: Footer not found. Footer magic doesn't match
I0302 15:32:00.208998 29783 log_util.cc:468] Scanning /data1/test-tmp/linked_list-test.LinkedListTest.TestLoadAndVerify.1425339087178522-28280/linked-list-cluster/ts-0/wals/36005aaac18b4c70b2fc03d1382ca7c3.recovery/wal-000000008 for valid entry headers following offset 277615...
I0302 15:32:00.208953 29832 tablet_bootstrap.cc:290] Tablet ad1251b8988446ffa0348b542d353bd4: Bootstrap starting.
W0302 15:32:00.209225 29831 log_reader.cc:136] Segment: /data1/test-tmp/linked_list-test.LinkedListTest.TestLoadAndVerify.1425339087178522-28280/linked-list-cluster/ts-1/wals/36005aaac18b4c70b2fc03d1382ca7c3.recovery/wal-000000008 was likely left in-progress after a previous crash. Will try to rebuild footer by scanning data
I0302 15:32:00.209452 29825 ts_tablet_manager.cc:449] Registered tablet 4129cb7b8c2b4cdcbcdee9f8ecb69ae7
I0302 15:32:00.209647 29833 ts_tablet_manager.cc:314] Bootstrapping tablet: 4129cb7b8c2b4cdcbcdee9f8ecb69ae7
I0302 15:32:00.209920 29825 tablet_server_main.cc:41] Starting tablet server...
I0302 15:32:00.210897 29783 log_util.cc:505] Found no log entry headers
I0302 15:32:00.210971 29783 log_util.cc:437] Ignoring corruption Corruption: CRC mismatch in log header: Log file corrupted. Failed trying to read batch #752 at offset 277603 for segment at /data1/test-tmp/linked_list-test.LinkedListTest.TestLoadAndVerify.1425339087178522-28280/linked-list-cluster/ts-0/wals/36005aaac18b4c70b2fc03d1382ca7c3.recovery/wal-000000008. Prior batch offsets: 276752 277335 277469 277603: there were no further log entries following this one, so likely the log was truncated during writing
I0302 15:32:00.211077 29783 log_util.cc:197] Successfully rebuilt footer for segment: /data1/test-tmp/linked_list-test.LinkedListTest.TestLoadAndVerify.1425339087178522-28280/linked-list-cluster/ts-0/wals/36005aaac18b4c70b2fc03d1382ca7c3.recovery/wal-000000008 (valid entries through byte offset 277603)
I0302 15:32:00.211161 29832 delta_tracker.cc:69] Successfully opened UNDO delta file 8742962816284c9e8fad0726169d72be72a54de22165444091e572d1415cbc7c
I0302 15:32:00.211755 29832 tablet_bootstrap.cc:509] Will attempt to recover log segment: /data1/test-tmp/linked_list-test.LinkedListTest.TestLoadAndVerify.1425339087178522-28280/linked-list-cluster/ts-1/wals/ad1251b8988446ffa0348b542d353bd4/wal-000000008 to: /data1/test-tmp/linked_list-test.LinkedListTest.TestLoadAndVerify.1425339087178522-28280/linked-list-cluster/ts-1/wals/ad1251b8988446ffa0348b542d353bd4.recovery/wal-000000008
I0302 15:32:00.211825 29832 tablet_bootstrap.cc:509] Will attempt to recover log segment: /data1/test-tmp/linked_list-test.LinkedListTest.TestLoadAndVerify.1425339087178522-28280/linked-list-cluster/ts-1/wals/ad1251b8988446ffa0348b542d353bd4/wal-000000007 to: /data1/test-tmp/linked_list-test.LinkedListTest.TestLoadAndVerify.1425339087178522-28280/linked-list-cluster/ts-1/wals/ad1251b8988446ffa0348b542d353bd4.recovery/wal-000000007
I0302 15:32:00.211915 29832 tablet_bootstrap.cc:519] Moved log directory: /data1/test-tmp/linked_list-test.LinkedListTest.TestLoadAndVerify.1425339087178522-28280/linked-list-cluster/ts-1/wals/ad1251b8988446ffa0348b542d353bd4 to recovery directory: /data1/test-tmp/linked_list-test.LinkedListTest.TestLoadAndVerify.1425339087178522-28280/linked-list-cluster/ts-1/wals/ad1251b8988446ffa0348b542d353bd4.recovery
W0302 15:32:00.212371 29832 log_util.cc:147] Could not read footer for segment: /data1/test-tmp/linked_list-test.LinkedListTest.TestLoadAndVerify.1425339087178522-28280/linked-list-cluster/ts-1/wals/ad1251b8988446ffa0348b542d353bd4.recovery/wal-000000008. Status: Not found: Footer not found. Footer magic doesn't match
W0302 15:32:00.212415 29832 log_reader.cc:136] Segment: /data1/test-tmp/linked_list-test.LinkedListTest.TestLoadAndVerify.1425339087178522-28280/linked-list-cluster/ts-1/wals/ad1251b8988446ffa0348b542d353bd4.recovery/wal-000000008 was likely left in-progress after a previous crash. Will try to rebuild footer by scanning data
I0302 15:32:00.213670 29784 log_util.cc:468] Scanning /data1/test-tmp/linked_list-test.LinkedListTest.TestLoadAndVerify.1425339087178522-28280/linked-list-cluster/ts-0/wals/ad1251b8988446ffa0348b542d353bd4.recovery/wal-000000008 for valid entry headers following offset 291329...
I0302 15:32:00.215400 29833 tablet_bootstrap.cc:290] Tablet 4129cb7b8c2b4cdcbcdee9f8ecb69ae7: Bootstrap starting.
I0302 15:32:00.215508 29785 log_util.cc:468] Scanning /data1/test-tmp/linked_list-test.LinkedListTest.TestLoadAndVerify.1425339087178522-28280/linked-list-cluster/ts-0/wals/4129cb7b8c2b4cdcbcdee9f8ecb69ae7.recovery/wal-000000008 for valid entry headers following offset 297254...
I0302 15:32:00.215528 29784 log_util.cc:505] Found no log entry headers
I0302 15:32:00.215597 29784 log_util.cc:437] Ignoring corruption Corruption: CRC mismatch in log header: Log file corrupted. Failed trying to read batch #776 at offset 291317 for segment at /data1/test-tmp/linked_list-test.LinkedListTest.TestLoadAndVerify.1425339087178522-28280/linked-list-cluster/ts-0/wals/ad1251b8988446ffa0348b542d353bd4.recovery/wal-000000008. Prior batch offsets: 290251 290990 291144 291317: there were no further log entries following this one, so likely the log was truncated during writing
I0302 15:32:00.215672 29784 log_util.cc:197] Successfully rebuilt footer for segment: /data1/test-tmp/linked_list-test.LinkedListTest.TestLoadAndVerify.1425339087178522-28280/linked-list-cluster/ts-0/wals/ad1251b8988446ffa0348b542d353bd4.recovery/wal-000000008 (valid entries through byte offset 291317)
I0302 15:32:00.217026 29785 log_util.cc:505] Found no log entry headers
I0302 15:32:00.217067 29785 log_util.cc:437] Ignoring corruption Corruption: CRC mismatch in log header: Log file corrupted. Failed trying to read batch #806 at offset 297242 for segment at /data1/test-tmp/linked_list-test.LinkedListTest.TestLoadAndVerify.1425339087178522-28280/linked-list-cluster/ts-0/wals/4129cb7b8c2b4cdcbcdee9f8ecb69ae7.recovery/wal-000000008. Prior batch offsets: 296525 296653 297132 297242: there were no further log entries following this one, so likely the log was truncated during writing
I0302 15:32:00.217134 29785 log_util.cc:197] Successfully rebuilt footer for segment: /data1/test-tmp/linked_list-test.LinkedListTest.TestLoadAndVerify.1425339087178522-28280/linked-list-cluster/ts-0/wals/4129cb7b8c2b4cdcbcdee9f8ecb69ae7.recovery/wal-000000008 (valid entries through byte offset 297242)
I0302 15:32:00.217285 29825 rpc_server.cc:110] RPC server started. Bound to: 127.0.0.1:7051
I0302 15:32:00.217495 29825 webserver.cc:108] Starting webserver on localhost:55689
I0302 15:32:00.217536 29825 webserver.cc:117] Document root disabled
I0302 15:32:00.217777 29833 delta_tracker.cc:69] Successfully opened UNDO delta file 8742962816284c9e8fad0726169d72beb08e33164a81448e9f5ec5c5ca811276
I0302 15:32:00.218111 29833 tablet_bootstrap.cc:509] Will attempt to recover log segment: /data1/test-tmp/linked_list-test.LinkedListTest.TestLoadAndVerify.1425339087178522-28280/linked-list-cluster/ts-1/wals/4129cb7b8c2b4cdcbcdee9f8ecb69ae7/wal-000000008 to: /data1/test-tmp/linked_list-test.LinkedListTest.TestLoadAndVerify.1425339087178522-28280/linked-list-cluster/ts-1/wals/4129cb7b8c2b4cdcbcdee9f8ecb69ae7.recovery/wal-000000008
I0302 15:32:00.218184 29833 tablet_bootstrap.cc:509] Will attempt to recover log segment: /data1/test-tmp/linked_list-test.LinkedListTest.TestLoadAndVerify.1425339087178522-28280/linked-list-cluster/ts-1/wals/4129cb7b8c2b4cdcbcdee9f8ecb69ae7/wal-000000007 to: /data1/test-tmp/linked_list-test.LinkedListTest.TestLoadAndVerify.1425339087178522-28280/linked-list-cluster/ts-1/wals/4129cb7b8c2b4cdcbcdee9f8ecb69ae7.recovery/wal-000000007
I0302 15:32:00.218271 29833 tablet_bootstrap.cc:519] Moved log directory: /data1/test-tmp/linked_list-test.LinkedListTest.TestLoadAndVerify.1425339087178522-28280/linked-list-cluster/ts-1/wals/4129cb7b8c2b4cdcbcdee9f8ecb69ae7 to recovery directory: /data1/test-tmp/linked_list-test.LinkedListTest.TestLoadAndVerify.1425339087178522-28280/linked-list-cluster/ts-1/wals/4129cb7b8c2b4cdcbcdee9f8ecb69ae7.recovery
I0302 15:32:00.218385 29825 webserver.cc:197] Webserver started. Bound to: http://127.0.0.1:55689/
W0302 15:32:00.218668 29833 log_util.cc:147] Could not read footer for segment: /data1/test-tmp/linked_list-test.LinkedListTest.TestLoadAndVerify.1425339087178522-28280/linked-list-cluster/ts-1/wals/4129cb7b8c2b4cdcbcdee9f8ecb69ae7.recovery/wal-000000008. Status: Not found: Footer not found. Footer magic doesn't match
W0302 15:32:00.218713 29833 log_reader.cc:136] Segment: /data1/test-tmp/linked_list-test.LinkedListTest.TestLoadAndVerify.1425339087178522-28280/linked-list-cluster/ts-1/wals/4129cb7b8c2b4cdcbcdee9f8ecb69ae7.recovery/wal-000000008 was likely left in-progress after a previous crash. Will try to rebuild footer by scanning data
I0302 15:32:00.218861 29825 server_base.cc:170] Dumped server information to /data1/test-tmp/linked_list-test.LinkedListTest.TestLoadAndVerify.1425339087178522-28280/linked-list-cluster/ts-1/info.pb
I0302 15:32:00.219081 29825 maintenance_manager.cc:111] MaintenanceManager: targeting memory size of 23.515860 GB
I0302 15:32:00.219555 29825 tablet_server_main.cc:44] Tablet server successfully started.
I0302 15:32:00.221417 29868 heartbeater.cc:219] Connected to a leader master server at 127.0.0.1:50914
I0302 15:32:00.221596 29868 heartbeater.cc:289] Registering TS with master...
I0302 15:32:00.221798 29868 heartbeater.cc:295] Sending a full tablet report to master...
I0302 15:32:00.222141 28294 ts_manager.cc:71] Re-registered known tablet server { permanent_uuid: "5748afe5294c41b89cbb67f8edbee2a1" instance_seqno: 1425339120216913 } with Master
I0302 15:32:00.225386 28280 external_mini_cluster.cc:416] Started /data1/jenkins-workspace/kudu-gerrit/BUILD_TYPE/LEAKCHECK/label/kudu-gerrit-slaves/build/release/kudu-tablet_server as pid 29825
I0302 15:32:00.225651 28280 external_mini_cluster.cc:382] Running /data1/jenkins-workspace/kudu-gerrit/BUILD_TYPE/LEAKCHECK/label/kudu-gerrit-slaves/build/release/kudu-tablet_server kudu-tablet_server --tablet_server_wal_dir=/data1/test-tmp/linked_list-test.LinkedListTest.TestLoadAndVerify.1425339087178522-28280/linked-list-cluster/ts-2 --tablet_server_data_dirs=/data1/test-tmp/linked_list-test.LinkedListTest.TestLoadAndVerify.1425339087178522-28280/linked-list-cluster/ts-2 --tablet_server_rpc_bind_addresses=127.0.0.1:7052 --tablet_server_web_port=43948 --tablet_server_master_addrs=127.0.0.1:50914 --skip_remove_old_recovery_dir --enable_leader_failure_detection=true --tablet_server_rpc_bind_addresses=127.0.0.1:7052 --flush_threshold_mb=1 --log_segment_size_mb=1 --server_dump_info_path=/data1/test-tmp/linked_list-test.LinkedListTest.TestLoadAndVerify.1425339087178522-28280/linked-list-cluster/ts-2/info.pb --server_dump_info_format=pb --logtostderr --logbuflevel=-1 --webserver_interface=localhost
I0302 15:32:00.245163 29785 log.cc:257] Log is configured to *not* fsync() on all Append() calls WARNING: Perftools heap leak checker is active -- Performance may suffer
I0302 15:32:00.258906 29871 tablet_server_main.cc:38] Initializing tablet server...
I0302 15:32:00.260545 29831 log_util.cc:468] Scanning /data1/test-tmp/linked_list-test.LinkedListTest.TestLoadAndVerify.1425339087178522-28280/linked-list-cluster/ts-1/wals/36005aaac18b4c70b2fc03d1382ca7c3.recovery/wal-000000008 for valid entry headers following offset 277615...
I0302 15:32:00.261522 29871 fs_manager.cc:132] Opened local filesystem: /data1/test-tmp/linked_list-test.LinkedListTest.TestLoadAndVerify.1425339087178522-28280/linked-list-cluster/ts-2 uuid: "3e41e55c8a3a40e3bf81f862aaadfd20" format_stamp: "Formatted at 2015-03-02 23:31:27 on boost-static-burst-slave-cc0.vpc.cloudera.com"
I0302 15:32:00.262022 29831 log_util.cc:505] Found no log entry headers
I0302 15:32:00.262187 29831 log_util.cc:437] Ignoring corruption Corruption: CRC mismatch in log header: Log file corrupted. Failed trying to read batch #752 at offset 277603 for segment at /data1/test-tmp/linked_list-test.LinkedListTest.TestLoadAndVerify.1425339087178522-28280/linked-list-cluster/ts-1/wals/36005aaac18b4c70b2fc03d1382ca7c3.recovery/wal-000000008. Prior batch offsets: 276752 277335 277469 277603: there were no further log entries following this one, so likely the log was truncated during writing
I0302 15:32:00.262277 29831 log_util.cc:197] Successfully rebuilt footer for segment: /data1/test-tmp/linked_list-test.LinkedListTest.TestLoadAndVerify.1425339087178522-28280/linked-list-cluster/ts-1/wals/36005aaac18b4c70b2fc03d1382ca7c3.recovery/wal-000000008 (valid entries through byte offset 277603)
I0302 15:32:00.265462 29871 ts_tablet_manager.cc:285] Loading master block 36005aaac18b4c70b2fc03d1382ca7c3
I0302 15:32:00.267031 29871 ts_tablet_manager.cc:449] Registered tablet 36005aaac18b4c70b2fc03d1382ca7c3
I0302 15:32:00.267169 29871 ts_tablet_manager.cc:285] Loading master block ad1251b8988446ffa0348b542d353bd4
I0302 15:32:00.267192 29883 ts_tablet_manager.cc:314] Bootstrapping tablet: 36005aaac18b4c70b2fc03d1382ca7c3
I0302 15:32:00.270262 29883 tablet_bootstrap.cc:290] Tablet 36005aaac18b4c70b2fc03d1382ca7c3: Bootstrap starting.
I0302 15:32:00.271067 29871 ts_tablet_manager.cc:449] Registered tablet ad1251b8988446ffa0348b542d353bd4
I0302 15:32:00.271432 29871 ts_tablet_manager.cc:285] Loading master block 4129cb7b8c2b4cdcbcdee9f8ecb69ae7
I0302 15:32:00.271783 29884 ts_tablet_manager.cc:314] Bootstrapping tablet: ad1251b8988446ffa0348b542d353bd4
I0302 15:32:00.274731 29884 tablet_bootstrap.cc:290] Tablet ad1251b8988446ffa0348b542d353bd4: Bootstrap starting.
I0302 15:32:00.274911 29871 ts_tablet_manager.cc:449] Registered tablet 4129cb7b8c2b4cdcbcdee9f8ecb69ae7
I0302 15:32:00.275111 29883 delta_tracker.cc:69] Successfully opened UNDO delta file c9cbc432f1724eaea323b101cf10d8b6d59ab141729e454f835e75a375829585
I0302 15:32:00.276095 29883 delta_tracker.cc:69] Successfully opened UNDO delta file c9cbc432f1724eaea323b101cf10d8b6654790b613054f94b64ae19aec5cde7b
I0302 15:32:00.276305 29884 delta_tracker.cc:69] Successfully opened UNDO delta file c9cbc432f1724eaea323b101cf10d8b627d873184b28487489260eb509383a6d
I0302 15:32:00.276695 29884 tablet_bootstrap.cc:509] Will attempt to recover log segment: /data1/test-tmp/linked_list-test.LinkedListTest.TestLoadAndVerify.1425339087178522-28280/linked-list-cluster/ts-2/wals/ad1251b8988446ffa0348b542d353bd4/wal-000000008 to: /data1/test-tmp/linked_list-test.LinkedListTest.TestLoadAndVerify.1425339087178522-28280/linked-list-cluster/ts-2/wals/ad1251b8988446ffa0348b542d353bd4.recovery/wal-000000008
I0302 15:32:00.276741 29884 tablet_bootstrap.cc:509] Will attempt to recover log segment: /data1/test-tmp/linked_list-test.LinkedListTest.TestLoadAndVerify.1425339087178522-28280/linked-list-cluster/ts-2/wals/ad1251b8988446ffa0348b542d353bd4/wal-000000007 to: /data1/test-tmp/linked_list-test.LinkedListTest.TestLoadAndVerify.1425339087178522-28280/linked-list-cluster/ts-2/wals/ad1251b8988446ffa0348b542d353bd4.recovery/wal-000000007
I0302 15:32:00.276818 29884 tablet_bootstrap.cc:519] Moved log directory: /data1/test-tmp/linked_list-test.LinkedListTest.TestLoadAndVerify.1425339087178522-28280/linked-list-cluster/ts-2/wals/ad1251b8988446ffa0348b542d353bd4 to recovery directory: /data1/test-tmp/linked_list-test.LinkedListTest.TestLoadAndVerify.1425339087178522-28280/linked-list-cluster/ts-2/wals/ad1251b8988446ffa0348b542d353bd4.recovery
I0302 15:32:00.276938 29885 ts_tablet_manager.cc:314] Bootstrapping tablet: 4129cb7b8c2b4cdcbcdee9f8ecb69ae7
W0302 15:32:00.277297 29884 log_util.cc:147] Could not read footer for segment: /data1/test-tmp/linked_list-test.LinkedListTest.TestLoadAndVerify.1425339087178522-28280/linked-list-cluster/ts-2/wals/ad1251b8988446ffa0348b542d353bd4.recovery/wal-000000008. Status: Not found: Footer not found. Footer magic doesn't match
W0302 15:32:00.277343 29884 log_reader.cc:136] Segment: /data1/test-tmp/linked_list-test.LinkedListTest.TestLoadAndVerify.1425339087178522-28280/linked-list-cluster/ts-2/wals/ad1251b8988446ffa0348b542d353bd4.recovery/wal-000000008 was likely left in-progress after a previous crash. Will try to rebuild footer by scanning data
I0302 15:32:00.277624 29883 delta_tracker.cc:69] Successfully opened UNDO delta file c9cbc432f1724eaea323b101cf10d8b66ffb4ca7d00a46e3a88582582f2b2043
I0302 15:32:00.278257 29883 tablet_bootstrap.cc:509] Will attempt to recover log segment: /data1/test-tmp/linked_list-test.LinkedListTest.TestLoadAndVerify.1425339087178522-28280/linked-list-cluster/ts-2/wals/36005aaac18b4c70b2fc03d1382ca7c3/wal-000000008 to: /data1/test-tmp/linked_list-test.LinkedListTest.TestLoadAndVerify.1425339087178522-28280/linked-list-cluster/ts-2/wals/36005aaac18b4c70b2fc03d1382ca7c3.recovery/wal-000000008
I0302 15:32:00.278327 29883 tablet_bootstrap.cc:509] Will attempt to recover log segment: /data1/test-tmp/linked_list-test.LinkedListTest.TestLoadAndVerify.1425339087178522-28280/linked-list-cluster/ts-2/wals/36005aaac18b4c70b2fc03d1382ca7c3/wal-000000007 to: /data1/test-tmp/linked_list-test.LinkedListTest.TestLoadAndVerify.1425339087178522-28280/linked-list-cluster/ts-2/wals/36005aaac18b4c70b2fc03d1382ca7c3.recovery/wal-000000007
I0302 15:32:00.278410 29883 tablet_bootstrap.cc:519] Moved log directory: /data1/test-tmp/linked_list-test.LinkedListTest.TestLoadAndVerify.1425339087178522-28280/linked-list-cluster/ts-2/wals/36005aaac18b4c70b2fc03d1382ca7c3 to recovery directory: /data1/test-tmp/linked_list-test.LinkedListTest.TestLoadAndVerify.1425339087178522-28280/linked-list-cluster/ts-2/wals/36005aaac18b4c70b2fc03d1382ca7c3.recovery
W0302 15:32:00.278928 29883 log_util.cc:147] Could not read footer for segment: /data1/test-tmp/linked_list-test.LinkedListTest.TestLoadAndVerify.1425339087178522-28280/linked-list-cluster/ts-2/wals/36005aaac18b4c70b2fc03d1382ca7c3.recovery/wal-000000008. Status: Not found: Footer not found. Footer magic doesn't match
W0302 15:32:00.279031 29883 log_reader.cc:136] Segment: /data1/test-tmp/linked_list-test.LinkedListTest.TestLoadAndVerify.1425339087178522-28280/linked-list-cluster/ts-2/wals/36005aaac18b4c70b2fc03d1382ca7c3.recovery/wal-000000008 was likely left in-progress after a previous crash. Will try to rebuild footer by scanning data
I0302 15:32:00.280375 29885 tablet_bootstrap.cc:290] Tablet 4129cb7b8c2b4cdcbcdee9f8ecb69ae7: Bootstrap starting.
I0302 15:32:00.282266 29885 delta_tracker.cc:69] Successfully opened UNDO delta file c9cbc432f1724eaea323b101cf10d8b6e1e0289b14fc4d739f6ab75e5a218947
I0302 15:32:00.282744 29832 log_util.cc:468] Scanning /data1/test-tmp/linked_list-test.LinkedListTest.TestLoadAndVerify.1425339087178522-28280/linked-list-cluster/ts-1/wals/ad1251b8988446ffa0348b542d353bd4.recovery/wal-000000008 for valid entry headers following offset 291329...
I0302 15:32:00.282788 29885 tablet_bootstrap.cc:509] Will attempt to recover log segment: /data1/test-tmp/linked_list-test.LinkedListTest.TestLoadAndVerify.1425339087178522-28280/linked-list-cluster/ts-2/wals/4129cb7b8c2b4cdcbcdee9f8ecb69ae7/wal-000000008 to: /data1/test-tmp/linked_list-test.LinkedListTest.TestLoadAndVerify.1425339087178522-28280/linked-list-cluster/ts-2/wals/4129cb7b8c2b4cdcbcdee9f8ecb69ae7.recovery/wal-000000008
I0302 15:32:00.282845 29885 tablet_bootstrap.cc:509] Will attempt to recover log segment: /data1/test-tmp/linked_list-test.LinkedListTest.TestLoadAndVerify.1425339087178522-28280/linked-list-cluster/ts-2/wals/4129cb7b8c2b4cdcbcdee9f8ecb69ae7/wal-000000007 to: /data1/test-tmp/linked_list-test.LinkedListTest.TestLoadAndVerify.1425339087178522-28280/linked-list-cluster/ts-2/wals/4129cb7b8c2b4cdcbcdee9f8ecb69ae7.recovery/wal-000000007
I0302 15:32:00.282979 29885 tablet_bootstrap.cc:519] Moved log directory: /data1/test-tmp/linked_list-test.LinkedListTest.TestLoadAndVerify.1425339087178522-28280/linked-list-cluster/ts-2/wals/4129cb7b8c2b4cdcbcdee9f8ecb69ae7 to recovery directory: /data1/test-tmp/linked_list-test.LinkedListTest.TestLoadAndVerify.1425339087178522-28280/linked-list-cluster/ts-2/wals/4129cb7b8c2b4cdcbcdee9f8ecb69ae7.recovery
W0302 15:32:00.283532 29885 log_util.cc:147] Could not read footer for segment: /data1/test-tmp/linked_list-test.LinkedListTest.TestLoadAndVerify.1425339087178522-28280/linked-list-cluster/ts-2/wals/4129cb7b8c2b4cdcbcdee9f8ecb69ae7.recovery/wal-000000008. Status: Not found: Footer not found. Footer magic doesn't match
I0302 15:32:00.283866 29871 tablet_server_main.cc:41] Starting tablet server...
W0302 15:32:00.284028 29885 log_reader.cc:136] Segment: /data1/test-tmp/linked_list-test.LinkedListTest.TestLoadAndVerify.1425339087178522-28280/linked-list-cluster/ts-2/wals/4129cb7b8c2b4cdcbcdee9f8ecb69ae7.recovery/wal-000000008 was likely left in-progress after a previous crash. Will try to rebuild footer by scanning data
I0302 15:32:00.284679 29832 log_util.cc:505] Found no log entry headers
I0302 15:32:00.284726 29832 log_util.cc:437] Ignoring corruption Corruption: CRC mismatch in log header: Log file corrupted. Failed trying to read batch #776 at offset 291317 for segment at /data1/test-tmp/linked_list-test.LinkedListTest.TestLoadAndVerify.1425339087178522-28280/linked-list-cluster/ts-1/wals/ad1251b8988446ffa0348b542d353bd4.recovery/wal-000000008. Prior batch offsets: 290251 290405 291144 291317: there were no further log entries following this one, so likely the log was truncated during writing
I0302 15:32:00.284788 29832 log_util.cc:197] Successfully rebuilt footer for segment: /data1/test-tmp/linked_list-test.LinkedListTest.TestLoadAndVerify.1425339087178522-28280/linked-list-cluster/ts-1/wals/ad1251b8988446ffa0348b542d353bd4.recovery/wal-000000008 (valid entries through byte offset 291317)
I0302 15:32:00.285521 29831 log.cc:257] Log is configured to *not* fsync() on all Append() calls
I0302 15:32:00.289422 28547 linked_list-test-util.h:284] Curling URL http://127.0.0.1:41309/masterz
I0302 15:32:00.298825 29833 log_util.cc:468] Scanning /data1/test-tmp/linked_list-test.LinkedListTest.TestLoadAndVerify.1425339087178522-28280/linked-list-cluster/ts-1/wals/4129cb7b8c2b4cdcbcdee9f8ecb69ae7.recovery/wal-000000008 for valid entry headers following offset 297394...
I0302 15:32:00.300783 29833 log_util.cc:505] Found no log entry headers
I0302 15:32:00.300839 29833 log_util.cc:437] Ignoring corruption Corruption: CRC mismatch in log header: Log file corrupted. Failed trying to read batch #807 at offset 297382 for segment at /data1/test-tmp/linked_list-test.LinkedListTest.TestLoadAndVerify.1425339087178522-28280/linked-list-cluster/ts-1/wals/4129cb7b8c2b4cdcbcdee9f8ecb69ae7.recovery/wal-000000008. Prior batch offsets: 296665 297144 297272 297382: there were no further log entries following this one, so likely the log was truncated during writing
I0302 15:32:00.300910 29833 log_util.cc:197] Successfully rebuilt footer for segment: /data1/test-tmp/linked_list-test.LinkedListTest.TestLoadAndVerify.1425339087178522-28280/linked-list-cluster/ts-1/wals/4129cb7b8c2b4cdcbcdee9f8ecb69ae7.recovery/wal-000000008 (valid entries through byte offset 297382)
I0302 15:32:00.314908 29871 rpc_server.cc:110] RPC server started. Bound to: 127.0.0.1:7052
I0302 15:32:00.315281 29871 webserver.cc:108] Starting webserver on localhost:43948
I0302 15:32:00.315306 29871 webserver.cc:117] Document root disabled
I0302 15:32:00.316011 29871 webserver.cc:197] Webserver started. Bound to: http://127.0.0.1:43948/
I0302 15:32:00.316370 29871 server_base.cc:170] Dumped server information to /data1/test-tmp/linked_list-test.LinkedListTest.TestLoadAndVerify.1425339087178522-28280/linked-list-cluster/ts-2/info.pb
I0302 15:32:00.317060 29871 maintenance_manager.cc:111] MaintenanceManager: targeting memory size of 23.515860 GB
I0302 15:32:00.318330 29871 tablet_server_main.cc:44] Tablet server successfully started.
I0302 15:32:00.323652 28280 external_mini_cluster.cc:416] Started /data1/jenkins-workspace/kudu-gerrit/BUILD_TYPE/LEAKCHECK/label/kudu-gerrit-slaves/build/release/kudu-tablet_server as pid 29871
I0302 15:32:00.327152 29922 heartbeater.cc:219] Connected to a leader master server at 127.0.0.1:50914
I0302 15:32:00.327205 29922 heartbeater.cc:289] Registering TS with master...
I0302 15:32:00.327296 29922 heartbeater.cc:295] Sending a full tablet report to master...
I0302 15:32:00.327581 28296 ts_manager.cc:71] Re-registered known tablet server { permanent_uuid: "3e41e55c8a3a40e3bf81f862aaadfd20" instance_seqno: 1425339120314509 } with Master
I0302 15:32:00.330476 28280 linked_list-test.cc:164] Verifying rows after restarting entire cluster.
I0302 15:32:00.339746 28280 linked_list-test-util.h:571] Table not yet ready: 0/517150 rows (status: Illegal state: Couldn't open scanner: Tablet not RUNNING: BOOTSTRAPPING)
I0302 15:32:00.349187 29884 log_util.cc:468] Scanning /data1/test-tmp/linked_list-test.LinkedListTest.TestLoadAndVerify.1425339087178522-28280/linked-list-cluster/ts-2/wals/ad1251b8988446ffa0348b542d353bd4.recovery/wal-000000008 for valid entry headers following offset 291457...
I0302 15:32:00.350836 29883 log_util.cc:468] Scanning /data1/test-tmp/linked_list-test.LinkedListTest.TestLoadAndVerify.1425339087178522-28280/linked-list-cluster/ts-2/wals/36005aaac18b4c70b2fc03d1382ca7c3.recovery/wal-000000008 for valid entry headers following offset 277615...
I0302 15:32:00.352792 29883 log_util.cc:505] Found no log entry headers
I0302 15:32:00.352841 29883 log_util.cc:437] Ignoring corruption Corruption: CRC mismatch in log header: Log file corrupted. Failed trying to read batch #752 at offset 277603 for segment at /data1/test-tmp/linked_list-test.LinkedListTest.TestLoadAndVerify.1425339087178522-28280/linked-list-cluster/ts-2/wals/36005aaac18b4c70b2fc03d1382ca7c3.recovery/wal-000000008. Prior batch offsets: 276752 276886 277469 277603: there were no further log entries following this one, so likely the log was truncated during writing
I0302 15:32:00.352910 29883 log_util.cc:197] Successfully rebuilt footer for segment: /data1/test-tmp/linked_list-test.LinkedListTest.TestLoadAndVerify.1425339087178522-28280/linked-list-cluster/ts-2/wals/36005aaac18b4c70b2fc03d1382ca7c3.recovery/wal-000000008 (valid entries through byte offset 277603)
I0302 15:32:00.353165 29884 log_util.cc:505] Found no log entry headers
I0302 15:32:00.353236 29884 log_util.cc:437] Ignoring corruption Corruption: CRC mismatch in log header: Log file corrupted. Failed trying to read batch #777 at offset 291445 for segment at /data1/test-tmp/linked_list-test.LinkedListTest.TestLoadAndVerify.1425339087178522-28280/linked-list-cluster/ts-2/wals/ad1251b8988446ffa0348b542d353bd4.recovery/wal-000000008. Prior batch offsets: 290379 291118 291272 291445: there were no further log entries following this one, so likely the log was truncated during writing
I0302 15:32:00.353292 29884 log_util.cc:197] Successfully rebuilt footer for segment: /data1/test-tmp/linked_list-test.LinkedListTest.TestLoadAndVerify.1425339087178522-28280/linked-list-cluster/ts-2/wals/ad1251b8988446ffa0348b542d353bd4.recovery/wal-000000008 (valid entries through byte offset 291445)
I0302 15:32:00.358063 29885 log_util.cc:468] Scanning /data1/test-tmp/linked_list-test.LinkedListTest.TestLoadAndVerify.1425339087178522-28280/linked-list-cluster/ts-2/wals/4129cb7b8c2b4cdcbcdee9f8ecb69ae7.recovery/wal-000000008 for valid entry headers following offset 296671...
I0302 15:32:00.359760 29885 log_util.cc:505] Found no log entry headers
I0302 15:32:00.359817 29885 log_util.cc:437] Ignoring corruption Corruption: CRC mismatch in log header: Log file corrupted. Failed trying to read batch #805 at offset 296659 for segment at /data1/test-tmp/linked_list-test.LinkedListTest.TestLoadAndVerify.1425339087178522-28280/linked-list-cluster/ts-2/wals/4129cb7b8c2b4cdcbcdee9f8ecb69ae7.recovery/wal-000000008. Prior batch offsets: 295942 296421 296549 296659: there were no further log entries following this one, so likely the log was truncated during writing
I0302 15:32:00.360117 29885 log_util.cc:197] Successfully rebuilt footer for segment: /data1/test-tmp/linked_list-test.LinkedListTest.TestLoadAndVerify.1425339087178522-28280/linked-list-cluster/ts-2/wals/4129cb7b8c2b4cdcbcdee9f8ecb69ae7.recovery/wal-000000008 (valid entries through byte offset 296659)
I0302 15:32:00.366185 28280 linked_list-test-util.h:571] Table not yet ready: 0/517150 rows (status: Illegal state: Couldn't open scanner: Tablet not RUNNING: BOOTSTRAPPING)
I0302 15:32:00.385277 29883 log.cc:257] Log is configured to *not* fsync() on all Append() calls
I0302 15:32:00.387517 28280 linked_list-test-util.h:571] Table not yet ready: 0/517150 rows (status: Illegal state: Couldn't open scanner: Tablet not RUNNING: BOOTSTRAPPING)
I0302 15:32:00.408906 28280 linked_list-test-util.h:571] Table not yet ready: 0/517150 rows (status: Illegal state: Couldn't open scanner: Tablet not RUNNING: BOOTSTRAPPING)
I0302 15:32:00.436108 28280 linked_list-test-util.h:571] Table not yet ready: 0/517150 rows (status: Illegal state: Couldn't open scanner: Tablet not RUNNING: BOOTSTRAPPING)
I0302 15:32:00.457533 28280 linked_list-test-util.h:571] Table not yet ready: 0/517150 rows (status: Illegal state: Couldn't open scanner: Tablet not RUNNING: BOOTSTRAPPING)
I0302 15:32:00.479333 28280 linked_list-test-util.h:571] Table not yet ready: 0/517150 rows (status: Illegal state: Couldn't open scanner: Tablet not RUNNING: BOOTSTRAPPING)
I0302 15:32:00.500643 28280 linked_list-test-util.h:571] Table not yet ready: 0/517150 rows (status: Illegal state: Couldn't open scanner: Tablet not RUNNING: BOOTSTRAPPING)
I0302 15:32:00.522032 28280 linked_list-test-util.h:571] Table not yet ready: 0/517150 rows (status: Illegal state: Couldn't open scanner: Tablet not RUNNING: BOOTSTRAPPING)
I0302 15:32:00.543346 28280 linked_list-test-util.h:571] Table not yet ready: 0/517150 rows (status: Illegal state: Couldn't open scanner: Tablet not RUNNING: BOOTSTRAPPING)
I0302 15:32:00.564641 28280 linked_list-test-util.h:571] Table not yet ready: 0/517150 rows (status: Illegal state: Couldn't open scanner: Tablet not RUNNING: BOOTSTRAPPING)
I0302 15:32:00.585759 28280 linked_list-test-util.h:571] Table not yet ready: 0/517150 rows (status: Illegal state: Couldn't open scanner: Tablet not RUNNING: BOOTSTRAPPING)
I0302 15:32:00.606974 28280 linked_list-test-util.h:571] Table not yet ready: 0/517150 rows (status: Illegal state: Couldn't open scanner: Tablet not RUNNING: BOOTSTRAPPING)
I0302 15:32:00.628211 28280 linked_list-test-util.h:571] Table not yet ready: 0/517150 rows (status: Illegal state: Couldn't open scanner: Tablet not RUNNING: BOOTSTRAPPING)
I0302 15:32:00.649612 28280 linked_list-test-util.h:571] Table not yet ready: 0/517150 rows (status: Illegal state: Couldn't open scanner: Tablet not RUNNING: BOOTSTRAPPING)
I0302 15:32:00.670882 28280 linked_list-test-util.h:571] Table not yet ready: 0/517150 rows (status: Illegal state: Couldn't open scanner: Tablet not RUNNING: BOOTSTRAPPING)
I0302 15:32:00.692518 28280 linked_list-test-util.h:571] Table not yet ready: 0/517150 rows (status: Illegal state: Couldn't open scanner: Tablet not RUNNING: BOOTSTRAPPING)
I0302 15:32:00.713871 28280 linked_list-test-util.h:571] Table not yet ready: 0/517150 rows (status: Illegal state: Couldn't open scanner: Tablet not RUNNING: BOOTSTRAPPING)
I0302 15:32:00.735374 28280 linked_list-test-util.h:571] Table not yet ready: 0/517150 rows (status: Illegal state: Couldn't open scanner: Tablet not RUNNING: BOOTSTRAPPING)
I0302 15:32:00.756980 28280 linked_list-test-util.h:571] Table not yet ready: 0/517150 rows (status: Illegal state: Couldn't open scanner: Tablet not RUNNING: BOOTSTRAPPING)
I0302 15:32:00.778218 28280 linked_list-test-util.h:571] Table not yet ready: 0/517150 rows (status: Illegal state: Couldn't open scanner: Tablet not RUNNING: BOOTSTRAPPING)
I0302 15:32:00.799494 28280 linked_list-test-util.h:571] Table not yet ready: 0/517150 rows (status: Illegal state: Couldn't open scanner: Tablet not RUNNING: BOOTSTRAPPING)
I0302 15:32:00.820690 28280 linked_list-test-util.h:571] Table not yet ready: 0/517150 rows (status: Illegal state: Couldn't open scanner: Tablet not RUNNING: BOOTSTRAPPING)
I0302 15:32:00.841956 28280 linked_list-test-util.h:571] Table not yet ready: 0/517150 rows (status: Illegal state: Couldn't open scanner: Tablet not RUNNING: BOOTSTRAPPING)
I0302 15:32:00.863263 28280 linked_list-test-util.h:571] Table not yet ready: 0/517150 rows (status: Illegal state: Couldn't open scanner: Tablet not RUNNING: BOOTSTRAPPING)
I0302 15:32:00.884485 28280 linked_list-test-util.h:571] Table not yet ready: 0/517150 rows (status: Illegal state: Couldn't open scanner: Tablet not RUNNING: BOOTSTRAPPING)
I0302 15:32:00.905697 28280 linked_list-test-util.h:571] Table not yet ready: 0/517150 rows (status: Illegal state: Couldn't open scanner: Tablet not RUNNING: BOOTSTRAPPING)
I0302 15:32:00.926954 28280 linked_list-test-util.h:571] Table not yet ready: 0/517150 rows (status: Illegal state: Couldn't open scanner: Tablet not RUNNING: BOOTSTRAPPING)
I0302 15:32:00.948468 28280 linked_list-test-util.h:571] Table not yet ready: 0/517150 rows (status: Illegal state: Couldn't open scanner: Tablet not RUNNING: BOOTSTRAPPING)
I0302 15:32:00.969866 28280 linked_list-test-util.h:571] Table not yet ready: 0/517150 rows (status: Illegal state: Couldn't open scanner: Tablet not RUNNING: BOOTSTRAPPING)
I0302 15:32:00.991119 28280 linked_list-test-util.h:571] Table not yet ready: 0/517150 rows (status: Illegal state: Couldn't open scanner: Tablet not RUNNING: BOOTSTRAPPING)
I0302 15:32:01.012557 28280 linked_list-test-util.h:571] Table not yet ready: 0/517150 rows (status: Illegal state: Couldn't open scanner: Tablet not RUNNING: BOOTSTRAPPING)
I0302 15:32:01.033862 28280 linked_list-test-util.h:571] Table not yet ready: 0/517150 rows (status: Illegal state: Couldn't open scanner: Tablet not RUNNING: BOOTSTRAPPING)
I0302 15:32:01.055403 28280 linked_list-test-util.h:571] Table not yet ready: 0/517150 rows (status: Illegal state: Couldn't open scanner: Tablet not RUNNING: BOOTSTRAPPING)
I0302 15:32:01.076968 28280 linked_list-test-util.h:571] Table not yet ready: 0/517150 rows (status: Illegal state: Couldn't open scanner: Tablet not RUNNING: BOOTSTRAPPING)
I0302 15:32:01.098273 28280 linked_list-test-util.h:571] Table not yet ready: 0/517150 rows (status: Illegal state: Couldn't open scanner: Tablet not RUNNING: BOOTSTRAPPING)
I0302 15:32:01.119578 28280 linked_list-test-util.h:571] Table not yet ready: 0/517150 rows (status: Illegal state: Couldn't open scanner: Tablet not RUNNING: BOOTSTRAPPING)
I0302 15:32:01.140854 28280 linked_list-test-util.h:571] Table not yet ready: 0/517150 rows (status: Illegal state: Couldn't open scanner: Tablet not RUNNING: BOOTSTRAPPING)
I0302 15:32:01.162114 28280 linked_list-test-util.h:571] Table not yet ready: 0/517150 rows (status: Illegal state: Couldn't open scanner: Tablet not RUNNING: BOOTSTRAPPING)
I0302 15:32:01.183593 28280 linked_list-test-util.h:571] Table not yet ready: 0/517150 rows (status: Illegal state: Couldn't open scanner: Tablet not RUNNING: BOOTSTRAPPING)
I0302 15:32:01.204859 28280 linked_list-test-util.h:571] Table not yet ready: 0/517150 rows (status: Illegal state: Couldn't open scanner: Tablet not RUNNING: BOOTSTRAPPING)
I0302 15:32:01.226218 28280 linked_list-test-util.h:571] Table not yet ready: 0/517150 rows (status: Illegal state: Couldn't open scanner: Tablet not RUNNING: BOOTSTRAPPING)
I0302 15:32:01.247520 28280 linked_list-test-util.h:571] Table not yet ready: 0/517150 rows (status: Illegal state: Couldn't open scanner: Tablet not RUNNING: BOOTSTRAPPING)
I0302 15:32:01.268934 28280 linked_list-test-util.h:571] Table not yet ready: 0/517150 rows (status: Illegal state: Couldn't open scanner: Tablet not RUNNING: BOOTSTRAPPING)
I0302 15:32:01.289607 28547 linked_list-test-util.h:284] Curling URL http://127.0.0.1:41309/tablez
I0302 15:32:01.291348 28280 linked_list-test-util.h:571] Table not yet ready: 0/517150 rows (status: Illegal state: Couldn't open scanner: Tablet not RUNNING: BOOTSTRAPPING)
I0302 15:32:01.312703 28280 linked_list-test-util.h:571] Table not yet ready: 0/517150 rows (status: Illegal state: Couldn't open scanner: Tablet not RUNNING: BOOTSTRAPPING)
I0302 15:32:01.333993 28280 linked_list-test-util.h:571] Table not yet ready: 0/517150 rows (status: Illegal state: Couldn't open scanner: Tablet not RUNNING: BOOTSTRAPPING)
I0302 15:32:01.355309 28280 linked_list-test-util.h:571] Table not yet ready: 0/517150 rows (status: Illegal state: Couldn't open scanner: Tablet not RUNNING: BOOTSTRAPPING)
I0302 15:32:01.379271 28280 linked_list-test-util.h:571] Table not yet ready: 0/517150 rows (status: Illegal state: Couldn't open scanner: Tablet not RUNNING: BOOTSTRAPPING)
I0302 15:32:01.400667 28280 linked_list-test-util.h:571] Table not yet ready: 0/517150 rows (status: Illegal state: Couldn't open scanner: Tablet not RUNNING: BOOTSTRAPPING)
I0302 15:32:01.422067 28280 linked_list-test-util.h:571] Table not yet ready: 0/517150 rows (status: Illegal state: Couldn't open scanner: Tablet not RUNNING: BOOTSTRAPPING)
I0302 15:32:01.443649 28280 linked_list-test-util.h:571] Table not yet ready: 0/517150 rows (status: Illegal state: Couldn't open scanner: Tablet not RUNNING: BOOTSTRAPPING)
I0302 15:32:01.455458 29833 tablet_bootstrap.cc:290] Tablet 4129cb7b8c2b4cdcbcdee9f8ecb69ae7: Bootstrap replayed 1/2 log segments. Stats: ops{read=1415 overwritten=0 applied=1413} inserts{seen=23650 ignored=18394} mutations{seen=0 ignored=0} orphaned_commits=1. Pending: 2 replicates
I0302 15:32:01.465215 28280 linked_list-test-util.h:571] Table not yet ready: 0/517150 rows (status: Illegal state: Couldn't open scanner: Tablet not RUNNING: BOOTSTRAPPING)
I0302 15:32:01.486934 28280 linked_list-test-util.h:571] Table not yet ready: 0/517150 rows (status: Illegal state: Couldn't open scanner: Tablet not RUNNING: BOOTSTRAPPING)
I0302 15:32:01.491387 29785 tablet_bootstrap.cc:290] Tablet 4129cb7b8c2b4cdcbcdee9f8ecb69ae7: Bootstrap replayed 1/2 log segments. Stats: ops{read=1415 overwritten=0 applied=1414} inserts{seen=23667 ignored=19467} mutations{seen=0 ignored=0} orphaned_commits=0. Pending: 1 replicates
I0302 15:32:01.508471 28280 linked_list-test-util.h:571] Table not yet ready: 0/517150 rows (status: Illegal state: Couldn't open scanner: Tablet not RUNNING: BOOTSTRAPPING)
I0302 15:32:01.515949 29783 tablet_bootstrap.cc:290] Tablet 36005aaac18b4c70b2fc03d1382ca7c3: Bootstrap replayed 1/2 log segments. Stats: ops{read=1415 overwritten=0 applied=1414} inserts{seen=23660 ignored=17706} mutations{seen=0 ignored=0} orphaned_commits=1. Pending: 1 replicates
I0302 15:32:01.530102 28280 linked_list-test-util.h:571] Table not yet ready: 0/517150 rows (status: Illegal state: Couldn't open scanner: Tablet not RUNNING: BOOTSTRAPPING)
I0302 15:32:01.551316 29833 log.cc:415] Max segment size reached. Starting new segment allocation.
I0302 15:32:01.551632 28280 linked_list-test-util.h:571] Table not yet ready: 0/517150 rows (status: Illegal state: Couldn't open scanner: Tablet not RUNNING: BOOTSTRAPPING)
I0302 15:32:01.558951 29833 log.cc:306] Rolled over to a new segment: /data1/test-tmp/linked_list-test.LinkedListTest.TestLoadAndVerify.1425339087178522-28280/linked-list-cluster/ts-1/wals/4129cb7b8c2b4cdcbcdee9f8ecb69ae7/wal-000000002
I0302 15:32:01.573175 28280 linked_list-test-util.h:571] Table not yet ready: 0/517150 rows (status: Illegal state: Couldn't open scanner: Tablet not RUNNING: BOOTSTRAPPING)
I0302 15:32:01.594594 28280 linked_list-test-util.h:571] Table not yet ready: 0/517150 rows (status: Illegal state: Couldn't open scanner: Tablet not RUNNING: BOOTSTRAPPING)
I0302 15:32:01.599985 29785 log.cc:415] Max segment size reached. Starting new segment allocation.
I0302 15:32:01.604243 29785 log.cc:306] Rolled over to a new segment: /data1/test-tmp/linked_list-test.LinkedListTest.TestLoadAndVerify.1425339087178522-28280/linked-list-cluster/ts-0/wals/4129cb7b8c2b4cdcbcdee9f8ecb69ae7/wal-000000002
I0302 15:32:01.608297 29783 log.cc:415] Max segment size reached. Starting new segment allocation.
I0302 15:32:01.611701 29783 log.cc:306] Rolled over to a new segment: /data1/test-tmp/linked_list-test.LinkedListTest.TestLoadAndVerify.1425339087178522-28280/linked-list-cluster/ts-0/wals/36005aaac18b4c70b2fc03d1382ca7c3/wal-000000002
I0302 15:32:01.616209 28280 linked_list-test-util.h:571] Table not yet ready: 0/517150 rows (status: Illegal state: Couldn't open scanner: Tablet not RUNNING: BOOTSTRAPPING)
I0302 15:32:01.637681 28280 linked_list-test-util.h:571] Table not yet ready: 0/517150 rows (status: Illegal state: Couldn't open scanner: Tablet not RUNNING: BOOTSTRAPPING)
I0302 15:32:01.654693 29832 tablet_bootstrap.cc:290] Tablet ad1251b8988446ffa0348b542d353bd4: Bootstrap replayed 1/2 log segments. Stats: ops{read=1411 overwritten=0 applied=1410} inserts{seen=23695 ignored=19474} mutations{seen=0 ignored=0} orphaned_commits=1. Pending: 1 replicates
I0302 15:32:01.659279 28280 linked_list-test-util.h:571] Table not yet ready: 0/517150 rows (status: Illegal state: Couldn't open scanner: Tablet not RUNNING: BOOTSTRAPPING)
I0302 15:32:01.673727 29885 tablet_bootstrap.cc:290] Tablet 4129cb7b8c2b4cdcbcdee9f8ecb69ae7: Bootstrap replayed 1/2 log segments. Stats: ops{read=1415 overwritten=0 applied=1413} inserts{seen=23651 ignored=18707} mutations{seen=0 ignored=0} orphaned_commits=1. Pending: 2 replicates
I0302 15:32:01.680835 28280 linked_list-test-util.h:571] Table not yet ready: 0/517150 rows (status: Illegal state: Couldn't open scanner: Tablet not RUNNING: BOOTSTRAPPING)
I0302 15:32:01.702332 28280 linked_list-test-util.h:571] Table not yet ready: 0/517150 rows (status: Illegal state: Couldn't open scanner: Tablet not RUNNING: BOOTSTRAPPING)
I0302 15:32:01.723964 28280 linked_list-test-util.h:571] Table not yet ready: 0/517150 rows (status: Illegal state: Couldn't open scanner: Tablet not RUNNING: BOOTSTRAPPING)
I0302 15:32:01.725811 29884 tablet_bootstrap.cc:290] Tablet ad1251b8988446ffa0348b542d353bd4: Bootstrap replayed 1/2 log segments. Stats: ops{read=1411 overwritten=0 applied=1409} inserts{seen=23680 ignored=19769} mutations{seen=0 ignored=0} orphaned_commits=1. Pending: 2 replicates
I0302 15:32:01.737450 29831 tablet_bootstrap.cc:290] Tablet 36005aaac18b4c70b2fc03d1382ca7c3: Bootstrap replayed 1/2 log segments. Stats: ops{read=1415 overwritten=0 applied=1414} inserts{seen=23660 ignored=16560} mutations{seen=0 ignored=0} orphaned_commits=2. Pending: 1 replicates
I0302 15:32:01.739179 29832 log.cc:415] Max segment size reached. Starting new segment allocation.
I0302 15:32:01.745508 28280 linked_list-test-util.h:571] Table not yet ready: 0/517150 rows (status: Illegal state: Couldn't open scanner: Tablet not RUNNING: BOOTSTRAPPING)
I0302 15:32:01.746088 29832 log.cc:306] Rolled over to a new segment: /data1/test-tmp/linked_list-test.LinkedListTest.TestLoadAndVerify.1425339087178522-28280/linked-list-cluster/ts-1/wals/ad1251b8988446ffa0348b542d353bd4/wal-000000002
I0302 15:32:01.763517 29883 tablet_bootstrap.cc:290] Tablet 36005aaac18b4c70b2fc03d1382ca7c3: Bootstrap replayed 1/2 log segments. Stats: ops{read=1415 overwritten=0 applied=1414} inserts{seen=23660 ignored=16857} mutations{seen=0 ignored=0} orphaned_commits=1. Pending: 1 replicates
I0302 15:32:01.767025 28280 linked_list-test-util.h:571] Table not yet ready: 0/517150 rows (status: Illegal state: Couldn't open scanner: Tablet not RUNNING: BOOTSTRAPPING)
I0302 15:32:01.769464 29885 log.cc:415] Max segment size reached. Starting new segment allocation.
I0302 15:32:01.776430 29885 log.cc:306] Rolled over to a new segment: /data1/test-tmp/linked_list-test.LinkedListTest.TestLoadAndVerify.1425339087178522-28280/linked-list-cluster/ts-2/wals/4129cb7b8c2b4cdcbcdee9f8ecb69ae7/wal-000000002
