I0302 15:31:56.959722 28413 delta_tracker.cc:69] Successfully opened UNDO delta file c9cbc432f1724eaea323b101cf10d8b66ffb4ca7d00a46e3a88582582f2b2043
I0302 15:31:56.959838 28413 tablet.cc:964] Flush: entering phase 2 (starting to duplicate updates in new rowsets)
I0302 15:31:56.960103 28413 tablet.cc:1026] Flush Phase 2: carrying over any updates which arrived during Phase 1
I0302 15:31:56.960139 28413 tablet.cc:1027] Phase 2 snapshot: MvccSnapshot[committed={T|T < 28527 or (T in {28527})}]
I0302 15:31:56.963845 28413 tablet.cc:1059] Flush successful on 11911 rows (302570 bytes)
I0302 15:31:56.964031 28413 maintenance_manager.cc:316] Time spent running FlushMRSOp(36005aaac18b4c70b2fc03d1382ca7c3): real 0.059s user 0.012s sys 0.005s
I0302 15:31:57.038365 28324 tablet.cc:573] Flush: entering stage 1 (old memrowset already frozen for inserts)
I0302 15:31:57.038400 28324 compaction.cc:552] Selected 1 rowsets to compact:
I0302 15:31:57.038415 28324 compaction.cc:555] memrowset(current size on disk: ~0 bytes)
I0302 15:31:57.038430 28324 tablet.cc:575] Memstore in-memory size: 2039575 bytes
I0302 15:31:57.038452 28324 tablet.cc:878] Flush: entering phase 1 (flushing snapshot). Phase 1 snapshot: MvccSnapshot[committed={T|T < 28630 or (T in {28630})}]
I0302 15:31:57.038846 28324 multi_column_writer.cc:71] Opened CFile writer for column rand_key[uint64 NOT NULL]
I0302 15:31:57.039104 28324 multi_column_writer.cc:71] Opened CFile writer for column link_to[uint64 NOT NULL]
I0302 15:31:57.039371 28324 multi_column_writer.cc:71] Opened CFile writer for column insert_ts[uint64 NOT NULL]
I0302 15:31:57.039638 28324 multi_column_writer.cc:71] Opened CFile writer for column updated[bool NOT NULL]
I0302 15:31:57.095844 28324 delta_tracker.cc:69] Successfully opened UNDO delta file cb8ec8ace5794df5bd0c9c859c1b8deaba46ca42ebcd4a1393befa73e433599a
I0302 15:31:57.095924 28324 tablet.cc:964] Flush: entering phase 2 (starting to duplicate updates in new rowsets)
I0302 15:31:57.097765 28324 tablet.cc:1026] Flush Phase 2: carrying over any updates which arrived during Phase 1
I0302 15:31:57.097820 28324 tablet.cc:1027] Phase 2 snapshot: MvccSnapshot[committed={T|T < 28686 or (T in {28686,28689})}]
I0302 15:31:57.101130 28368 tablet.cc:573] Flush: entering stage 1 (old memrowset already frozen for inserts)
I0302 15:31:57.101148 28368 compaction.cc:552] Selected 1 rowsets to compact:
I0302 15:31:57.101158 28368 compaction.cc:555] memrowset(current size on disk: ~0 bytes)
I0302 15:31:57.101169 28368 tablet.cc:575] Memstore in-memory size: 2039575 bytes
I0302 15:31:57.101182 28368 tablet.cc:878] Flush: entering phase 1 (flushing snapshot). Phase 1 snapshot: MvccSnapshot[committed={T|T < 28678 or (T in {28678})}]
I0302 15:31:57.101943 28368 multi_column_writer.cc:71] Opened CFile writer for column rand_key[uint64 NOT NULL]
I0302 15:31:57.102210 28368 multi_column_writer.cc:71] Opened CFile writer for column link_to[uint64 NOT NULL]
I0302 15:31:57.102530 28368 multi_column_writer.cc:71] Opened CFile writer for column insert_ts[uint64 NOT NULL]
I0302 15:31:57.103339 28368 multi_column_writer.cc:71] Opened CFile writer for column updated[bool NOT NULL]
I0302 15:31:57.103585 28324 tablet.cc:1059] Flush successful on 11058 rows (282098 bytes)
I0302 15:31:57.103694 28324 maintenance_manager.cc:316] Time spent running FlushMRSOp(36005aaac18b4c70b2fc03d1382ca7c3): real 0.066s user 0.012s sys 0.004s
I0302 15:31:57.153203 28368 delta_tracker.cc:69] Successfully opened UNDO delta file 8742962816284c9e8fad0726169d72be5c54cf76eca34d55a1abc4107ce9c10d
I0302 15:31:57.153306 28368 tablet.cc:964] Flush: entering phase 2 (starting to duplicate updates in new rowsets)
I0302 15:31:57.156487 28413 tablet.cc:573] Flush: entering stage 1 (old memrowset already frozen for inserts)
I0302 15:31:57.156507 28413 compaction.cc:552] Selected 1 rowsets to compact:
I0302 15:31:57.156517 28413 compaction.cc:555] memrowset(current size on disk: ~0 bytes)
I0302 15:31:57.156533 28413 tablet.cc:575] Memstore in-memory size: 2039575 bytes
I0302 15:31:57.156589 28368 tablet.cc:1026] Flush Phase 2: carrying over any updates which arrived during Phase 1
I0302 15:31:57.156595 28413 tablet.cc:878] Flush: entering phase 1 (flushing snapshot). Phase 1 snapshot: MvccSnapshot[committed={T|T < 28735 or (T in {28735})}]
I0302 15:31:57.156637 28368 tablet.cc:1027] Phase 2 snapshot: MvccSnapshot[committed={T|T < 28733 or (T in {28733,28736,28739})}]
I0302 15:31:57.156906 28413 multi_column_writer.cc:71] Opened CFile writer for column rand_key[uint64 NOT NULL]
I0302 15:31:57.157096 28413 multi_column_writer.cc:71] Opened CFile writer for column link_to[uint64 NOT NULL]
I0302 15:31:57.157258 28413 multi_column_writer.cc:71] Opened CFile writer for column insert_ts[uint64 NOT NULL]
I0302 15:31:57.157513 28413 multi_column_writer.cc:71] Opened CFile writer for column updated[bool NOT NULL]
I0302 15:31:57.165781 28368 tablet.cc:1059] Flush successful on 12277 rows (311354 bytes)
I0302 15:31:57.166333 28368 maintenance_manager.cc:316] Time spent running FlushMRSOp(4129cb7b8c2b4cdcbcdee9f8ecb69ae7): real 0.066s user 0.009s sys 0.008s
I0302 15:31:57.239161 28413 delta_tracker.cc:69] Successfully opened UNDO delta file c9cbc432f1724eaea323b101cf10d8b6dd4b592496704326902e9b1a21462ad1
I0302 15:31:57.239220 28413 tablet.cc:964] Flush: entering phase 2 (starting to duplicate updates in new rowsets)
I0302 15:31:57.241591 28413 tablet.cc:1026] Flush Phase 2: carrying over any updates which arrived during Phase 1
I0302 15:31:57.241642 28413 tablet.cc:1027] Phase 2 snapshot: MvccSnapshot[committed={T|T < 28807 or (T in {28807,28810,28813})}]
I0302 15:31:57.245637 28413 tablet.cc:1059] Flush successful on 12326 rows (312530 bytes)
I0302 15:31:57.245844 28413 maintenance_manager.cc:316] Time spent running FlushMRSOp(4129cb7b8c2b4cdcbcdee9f8ecb69ae7): real 0.090s user 0.015s sys 0.002s
I0302 15:31:57.288136 28324 tablet.cc:573] Flush: entering stage 1 (old memrowset already frozen for inserts)
I0302 15:31:57.288162 28324 compaction.cc:552] Selected 1 rowsets to compact:
I0302 15:31:57.288190 28324 compaction.cc:555] memrowset(current size on disk: ~0 bytes)
I0302 15:31:57.288207 28324 tablet.cc:575] Memstore in-memory size: 2039575 bytes
I0302 15:31:57.288236 28324 tablet.cc:878] Flush: entering phase 1 (flushing snapshot). Phase 1 snapshot: MvccSnapshot[committed={T|T < 28885 or (T in {28885})}]
I0302 15:31:57.288604 28324 multi_column_writer.cc:71] Opened CFile writer for column rand_key[uint64 NOT NULL]
I0302 15:31:57.288790 28324 multi_column_writer.cc:71] Opened CFile writer for column link_to[uint64 NOT NULL]
I0302 15:31:57.288812 28547 linked_list-test-util.h:284] Curling URL http://127.0.0.1:43948/jsonmetricz
I0302 15:31:57.288986 28324 multi_column_writer.cc:71] Opened CFile writer for column insert_ts[uint64 NOT NULL]
I0302 15:31:57.289194 28324 multi_column_writer.cc:71] Opened CFile writer for column updated[bool NOT NULL]
I0302 15:31:57.355744 28368 tablet.cc:573] Flush: entering stage 1 (old memrowset already frozen for inserts)
I0302 15:31:57.355780 28368 compaction.cc:552] Selected 1 rowsets to compact:
I0302 15:31:57.355798 28368 compaction.cc:555] memrowset(current size on disk: ~0 bytes)
I0302 15:31:57.355810 28368 tablet.cc:575] Memstore in-memory size: 2039575 bytes
I0302 15:31:57.355824 28368 tablet.cc:878] Flush: entering phase 1 (flushing snapshot). Phase 1 snapshot: MvccSnapshot[committed={T|T < 28931 or (T in {28931})}]
I0302 15:31:57.356124 28368 multi_column_writer.cc:71] Opened CFile writer for column rand_key[uint64 NOT NULL]
I0302 15:31:57.356370 28368 multi_column_writer.cc:71] Opened CFile writer for column link_to[uint64 NOT NULL]
I0302 15:31:57.356616 28368 multi_column_writer.cc:71] Opened CFile writer for column insert_ts[uint64 NOT NULL]
I0302 15:31:57.356887 28368 multi_column_writer.cc:71] Opened CFile writer for column updated[bool NOT NULL]
I0302 15:31:57.369695 28324 delta_tracker.cc:69] Successfully opened UNDO delta file cb8ec8ace5794df5bd0c9c859c1b8deab4e26263bf2f48a2a4fd5b624d91fe55
I0302 15:31:57.369869 28324 tablet.cc:964] Flush: entering phase 2 (starting to duplicate updates in new rowsets)
I0302 15:31:57.369999 28324 tablet.cc:1026] Flush Phase 2: carrying over any updates which arrived during Phase 1
I0302 15:31:57.370044 28324 tablet.cc:1027] Phase 2 snapshot: MvccSnapshot[committed={T|T < 28954 or (T in {28954})}]
I0302 15:31:57.385612 28324 tablet.cc:1059] Flush successful on 11161 rows (284570 bytes)
I0302 15:31:57.386255 28324 maintenance_manager.cc:316] Time spent running FlushMRSOp(4129cb7b8c2b4cdcbcdee9f8ecb69ae7): real 0.098s user 0.007s sys 0.009s
I0302 15:31:57.406383 28413 tablet.cc:573] Flush: entering stage 1 (old memrowset already frozen for inserts)
I0302 15:31:57.406409 28413 compaction.cc:552] Selected 1 rowsets to compact:
I0302 15:31:57.406424 28413 compaction.cc:555] memrowset(current size on disk: ~0 bytes)
I0302 15:31:57.406438 28413 tablet.cc:575] Memstore in-memory size: 2039575 bytes
I0302 15:31:57.406461 28413 tablet.cc:878] Flush: entering phase 1 (flushing snapshot). Phase 1 snapshot: MvccSnapshot[committed={T|T < 28973 or (T in {28973})}]
I0302 15:31:57.408797 28413 multi_column_writer.cc:71] Opened CFile writer for column rand_key[uint64 NOT NULL]
I0302 15:31:57.408998 28413 multi_column_writer.cc:71] Opened CFile writer for column link_to[uint64 NOT NULL]
I0302 15:31:57.409180 28413 multi_column_writer.cc:71] Opened CFile writer for column insert_ts[uint64 NOT NULL]
I0302 15:31:57.409368 28413 multi_column_writer.cc:71] Opened CFile writer for column updated[bool NOT NULL]
I0302 15:31:57.498989 28368 delta_tracker.cc:69] Successfully opened UNDO delta file 8742962816284c9e8fad0726169d72be703d934a07a54340b3b849272c7f123c
I0302 15:31:57.499042 28368 tablet.cc:964] Flush: entering phase 2 (starting to duplicate updates in new rowsets)
I0302 15:31:57.500752 28368 tablet.cc:1026] Flush Phase 2: carrying over any updates which arrived during Phase 1
I0302 15:31:57.500784 28368 tablet.cc:1027] Phase 2 snapshot: MvccSnapshot[committed={T|T < 29048 or (T in {29048,29051})}]
I0302 15:31:57.509627 28368 tablet.cc:1059] Flush successful on 11031 rows (281450 bytes)
I0302 15:31:57.509716 28368 maintenance_manager.cc:316] Time spent running FlushMRSOp(ad1251b8988446ffa0348b542d353bd4): real 0.160s user 0.013s sys 0.005s
I0302 15:31:57.524912 28413 delta_tracker.cc:69] Successfully opened UNDO delta file c9cbc432f1724eaea323b101cf10d8b6754fa259317a4abfa7f2b2ae8fb8c4ed
I0302 15:31:57.525038 28413 tablet.cc:964] Flush: entering phase 2 (starting to duplicate updates in new rowsets)
I0302 15:31:57.528004 28413 tablet.cc:1026] Flush Phase 2: carrying over any updates which arrived during Phase 1
I0302 15:31:57.528033 28413 tablet.cc:1027] Phase 2 snapshot: MvccSnapshot[committed={T|T < 29066 or (T in {29066,29070})}]
I0302 15:31:57.532256 28413 tablet.cc:1059] Flush successful on 12442 rows (315314 bytes)
I0302 15:31:57.532448 28413 maintenance_manager.cc:316] Time spent running FlushMRSOp(ad1251b8988446ffa0348b542d353bd4): real 0.127s user 0.013s sys 0.005s
I0302 15:31:57.537837 28324 tablet.cc:1081] Compaction: stage 1 complete, picked 3 rowsets to compact
I0302 15:31:57.537856 28324 compaction.cc:552] Selected 3 rowsets to compact:
I0302 15:31:57.537866 28324 compaction.cc:555] RowSet(13)(current size on disk: ~3114177 bytes)
I0302 15:31:57.537875 28324 compaction.cc:555] RowSet(14)(current size on disk: ~500433 bytes)
I0302 15:31:57.537883 28324 compaction.cc:555] RowSet(15)(current size on disk: ~268253 bytes)
I0302 15:31:57.537895 28324 tablet.cc:878] Compaction: entering phase 1 (flushing snapshot). Phase 1 snapshot: MvccSnapshot[committed={T|T < 29097 or (T in {29097})}]
I0302 15:31:57.538250 28324 multi_column_writer.cc:71] Opened CFile writer for column rand_key[uint64 NOT NULL]
I0302 15:31:57.538442 28324 multi_column_writer.cc:71] Opened CFile writer for column link_to[uint64 NOT NULL]
I0302 15:31:57.538705 28324 multi_column_writer.cc:71] Opened CFile writer for column insert_ts[uint64 NOT NULL]
I0302 15:31:57.539022 28324 multi_column_writer.cc:71] Opened CFile writer for column updated[bool NOT NULL]
I0302 15:31:57.600747 28368 tablet.cc:1081] Compaction: stage 1 complete, picked 3 rowsets to compact
I0302 15:31:57.600778 28368 compaction.cc:552] Selected 3 rowsets to compact:
I0302 15:31:57.600798 28368 compaction.cc:555] RowSet(12)(current size on disk: ~3246601 bytes)
I0302 15:31:57.600818 28368 compaction.cc:555] RowSet(13)(current size on disk: ~368669 bytes)
I0302 15:31:57.600839 28368 compaction.cc:555] RowSet(14)(current size on disk: ~265133 bytes)
I0302 15:31:57.600870 28368 tablet.cc:878] Compaction: entering phase 1 (flushing snapshot). Phase 1 snapshot: MvccSnapshot[committed={T|T < 29157 or (T in {29157})}]
I0302 15:31:57.601320 28368 multi_column_writer.cc:71] Opened CFile writer for column rand_key[uint64 NOT NULL]
I0302 15:31:57.601572 28368 multi_column_writer.cc:71] Opened CFile writer for column link_to[uint64 NOT NULL]
I0302 15:31:57.601863 28368 multi_column_writer.cc:71] Opened CFile writer for column insert_ts[uint64 NOT NULL]
I0302 15:31:57.602063 28368 multi_column_writer.cc:71] Opened CFile writer for column updated[bool NOT NULL]
I0302 15:31:57.655879 28413 tablet.cc:1081] Compaction: stage 1 complete, picked 3 rowsets to compact
I0302 15:31:57.655910 28413 compaction.cc:552] Selected 3 rowsets to compact:
I0302 15:31:57.655926 28413 compaction.cc:555] RowSet(13)(current size on disk: ~3128169 bytes)
I0302 15:31:57.655939 28413 compaction.cc:555] RowSet(14)(current size on disk: ~440625 bytes)
I0302 15:31:57.655952 28413 compaction.cc:555] RowSet(15)(current size on disk: ~296213 bytes)
I0302 15:31:57.655972 28413 tablet.cc:878] Compaction: entering phase 1 (flushing snapshot). Phase 1 snapshot: MvccSnapshot[committed={T|T < 29208 or (T in {29208})}]
I0302 15:31:57.656498 28413 multi_column_writer.cc:71] Opened CFile writer for column rand_key[uint64 NOT NULL]
I0302 15:31:57.656736 28413 multi_column_writer.cc:71] Opened CFile writer for column link_to[uint64 NOT NULL]
I0302 15:31:57.656960 28413 multi_column_writer.cc:71] Opened CFile writer for column insert_ts[uint64 NOT NULL]
I0302 15:31:57.657253 28413 multi_column_writer.cc:71] Opened CFile writer for column updated[bool NOT NULL]
I0302 15:31:57.967712 28324 delta_tracker.cc:69] Successfully opened UNDO delta file cb8ec8ace5794df5bd0c9c859c1b8dea2d7431b6bf064aa2a1d05d2f528ad249
I0302 15:31:57.967792 28324 tablet.cc:964] Compaction: entering phase 2 (starting to duplicate updates in new rowsets)
I0302 15:31:57.967872 28324 tablet.cc:1026] Compaction Phase 2: carrying over any updates which arrived during Phase 1
I0302 15:31:57.968411 28324 tablet.cc:1027] Phase 2 snapshot: MvccSnapshot[committed={T|T < 29416 or (T in {29416})}]
I0302 15:31:58.076856 28324 tablet.cc:1059] Compaction successful on 161726 rows (4079762 bytes)
I0302 15:31:58.092733 28324 maintenance_manager.cc:316] Time spent running CompactRowSetsOp(4129cb7b8c2b4cdcbcdee9f8ecb69ae7): real 0.555s user 0.147s sys 0.029s
I0302 15:31:58.102668 28368 delta_tracker.cc:69] Successfully opened UNDO delta file 8742962816284c9e8fad0726169d72be72a54de22165444091e572d1415cbc7c
I0302 15:31:58.102721 28368 tablet.cc:964] Compaction: entering phase 2 (starting to duplicate updates in new rowsets)
I0302 15:31:58.102855 28368 tablet.cc:1026] Compaction Phase 2: carrying over any updates which arrived during Phase 1
I0302 15:31:58.102890 28368 tablet.cc:1027] Phase 2 snapshot: MvccSnapshot[committed={T|T < 29515 or (T in {29515})}]
I0302 15:31:58.132860 28413 delta_tracker.cc:69] Successfully opened UNDO delta file c9cbc432f1724eaea323b101cf10d8b6e1e0289b14fc4d739f6ab75e5a218947
I0302 15:31:58.133003 28413 tablet.cc:964] Compaction: entering phase 2 (starting to duplicate updates in new rowsets)
I0302 15:31:58.133633 28413 tablet.cc:1026] Compaction Phase 2: carrying over any updates which arrived during Phase 1
I0302 15:31:58.133669 28413 tablet.cc:1027] Phase 2 snapshot: MvccSnapshot[committed={T|T < 29535 or (T in {29535,29539})}]
I0302 15:31:58.143245 28368 tablet.cc:1059] Compaction successful on 161620 rows (4077218 bytes)
I0302 15:31:58.151726 28368 maintenance_manager.cc:316] Time spent running CompactRowSetsOp(ad1251b8988446ffa0348b542d353bd4): real 0.551s user 0.158s sys 0.028s
I0302 15:31:58.178442 28413 tablet.cc:1059] Compaction successful on 160982 rows (4061906 bytes)
I0302 15:31:58.185012 28413 maintenance_manager.cc:316] Time spent running CompactRowSetsOp(4129cb7b8c2b4cdcbcdee9f8ecb69ae7): real 0.529s user 0.147s sys 0.032s
I0302 15:31:58.211612 28476 log.cc:415] Max segment size reached. Starting new segment allocation.
I0302 15:31:58.211987 28497 log.cc:415] Max segment size reached. Starting new segment allocation.
I0302 15:31:58.212803 28497 log.cc:306] Rolled over to a new segment: /data1/test-tmp/linked_list-test.LinkedListTest.TestLoadAndVerify.1425339087178522-28280/linked-list-cluster/ts-1/wals/4129cb7b8c2b4cdcbcdee9f8ecb69ae7/wal-000000008
I0302 15:31:58.213098 28476 log.cc:306] Rolled over to a new segment: /data1/test-tmp/linked_list-test.LinkedListTest.TestLoadAndVerify.1425339087178522-28280/linked-list-cluster/ts-0/wals/4129cb7b8c2b4cdcbcdee9f8ecb69ae7/wal-000000008
I0302 15:31:58.214887 28495 log.cc:415] Max segment size reached. Starting new segment allocation.
I0302 15:31:58.215602 28495 log.cc:306] Rolled over to a new segment: /data1/test-tmp/linked_list-test.LinkedListTest.TestLoadAndVerify.1425339087178522-28280/linked-list-cluster/ts-2/wals/4129cb7b8c2b4cdcbcdee9f8ecb69ae7/wal-000000008
I0302 15:31:58.253303 28478 log.cc:415] Max segment size reached. Starting new segment allocation.
I0302 15:31:58.253564 28484 log.cc:415] Max segment size reached. Starting new segment allocation.
I0302 15:31:58.253792 28489 log.cc:415] Max segment size reached. Starting new segment allocation.
I0302 15:31:58.254575 28484 log.cc:306] Rolled over to a new segment: /data1/test-tmp/linked_list-test.LinkedListTest.TestLoadAndVerify.1425339087178522-28280/linked-list-cluster/ts-2/wals/ad1251b8988446ffa0348b542d353bd4/wal-000000008
I0302 15:31:58.254844 28478 log.cc:306] Rolled over to a new segment: /data1/test-tmp/linked_list-test.LinkedListTest.TestLoadAndVerify.1425339087178522-28280/linked-list-cluster/ts-1/wals/ad1251b8988446ffa0348b542d353bd4/wal-000000008
I0302 15:31:58.256779 28489 log.cc:306] Rolled over to a new segment: /data1/test-tmp/linked_list-test.LinkedListTest.TestLoadAndVerify.1425339087178522-28280/linked-list-cluster/ts-0/wals/ad1251b8988446ffa0348b542d353bd4/wal-000000008
I0302 15:31:58.280663 28473 log.cc:415] Max segment size reached. Starting new segment allocation.
I0302 15:31:58.280956 28496 log.cc:415] Max segment size reached. Starting new segment allocation.
I0302 15:31:58.281600 28475 log.cc:415] Max segment size reached. Starting new segment allocation.
I0302 15:31:58.282400 28473 log.cc:306] Rolled over to a new segment: /data1/test-tmp/linked_list-test.LinkedListTest.TestLoadAndVerify.1425339087178522-28280/linked-list-cluster/ts-2/wals/36005aaac18b4c70b2fc03d1382ca7c3/wal-000000008
I0302 15:31:58.283980 28496 log.cc:306] Rolled over to a new segment: /data1/test-tmp/linked_list-test.LinkedListTest.TestLoadAndVerify.1425339087178522-28280/linked-list-cluster/ts-1/wals/36005aaac18b4c70b2fc03d1382ca7c3/wal-000000008
I0302 15:31:58.284409 28475 log.cc:306] Rolled over to a new segment: /data1/test-tmp/linked_list-test.LinkedListTest.TestLoadAndVerify.1425339087178522-28280/linked-list-cluster/ts-0/wals/36005aaac18b4c70b2fc03d1382ca7c3/wal-000000008
I0302 15:31:58.288147 28324 log_reader.cc:396] T 36005aaac18b4c70b2fc03d1382ca7c3: removed 1 log segments from log reader
I0302 15:31:58.288164 28324 log.cc:623] Deleting log segment in path: /data1/test-tmp/linked_list-test.LinkedListTest.TestLoadAndVerify.1425339087178522-28280/linked-list-cluster/ts-0/wals/36005aaac18b4c70b2fc03d1382ca7c3/wal-000000006 (GCed ops < 9537)
I0302 15:31:58.288681 28324 maintenance_manager.cc:316] Time spent running LogGCOp(36005aaac18b4c70b2fc03d1382ca7c3): real 0.001s user 0.000s sys 0.001s
I0302 15:31:58.289054 28547 linked_list-test-util.h:284] Curling URL http://127.0.0.1:43948/tablets
I0302 15:31:58.350561 28368 log_reader.cc:396] T 36005aaac18b4c70b2fc03d1382ca7c3: removed 1 log segments from log reader
I0302 15:31:58.350586 28368 log.cc:623] Deleting log segment in path: /data1/test-tmp/linked_list-test.LinkedListTest.TestLoadAndVerify.1425339087178522-28280/linked-list-cluster/ts-1/wals/36005aaac18b4c70b2fc03d1382ca7c3/wal-000000006 (GCed ops < 9470)
I0302 15:31:58.351191 28368 maintenance_manager.cc:316] Time spent running LogGCOp(36005aaac18b4c70b2fc03d1382ca7c3): real 0.001s user 0.000s sys 0.001s
I0302 15:31:58.369760 28280 linked_list-test-util.h:402] Written 500000 rows in chain ------------------------------------------------------------ Histogram for latency of insert operations (microseconds) Note: each insert is a batch of 50 rows. ------------------------------------------------------------ Count: 10000 Mean: 2480.42 Percentiles: 0% (min) = 1156 25% = 2048 50% (med) = 2218 75% = 2450 95% = 3588 99% = 7920 99.9% = 23168 99.99% = 44032 100% (max) = 109102
I0302 15:31:58.406189 28413 log_reader.cc:396] T 36005aaac18b4c70b2fc03d1382ca7c3: removed 1 log segments from log reader
I0302 15:31:58.406219 28413 log.cc:623] Deleting log segment in path: /data1/test-tmp/linked_list-test.LinkedListTest.TestLoadAndVerify.1425339087178522-28280/linked-list-cluster/ts-2/wals/36005aaac18b4c70b2fc03d1382ca7c3/wal-000000006 (GCed ops < 9488)
I0302 15:31:58.406785 28413 maintenance_manager.cc:316] Time spent running LogGCOp(36005aaac18b4c70b2fc03d1382ca7c3): real 0.001s user 0.000s sys 0.001s
I0302 15:31:58.538275 28324 log_reader.cc:396] T 4129cb7b8c2b4cdcbcdee9f8ecb69ae7: removed 1 log segments from log reader
I0302 15:31:58.538307 28324 log.cc:623] Deleting log segment in path: /data1/test-tmp/linked_list-test.LinkedListTest.TestLoadAndVerify.1425339087178522-28280/linked-list-cluster/ts-0/wals/4129cb7b8c2b4cdcbcdee9f8ecb69ae7/wal-000000006 (GCed ops < 9624)
I0302 15:31:58.538908 28324 maintenance_manager.cc:316] Time spent running LogGCOp(4129cb7b8c2b4cdcbcdee9f8ecb69ae7): real 0.001s user 0.000s sys 0.001s
I0302 15:31:58.600744 28368 log_reader.cc:396] T 4129cb7b8c2b4cdcbcdee9f8ecb69ae7: removed 1 log segments from log reader
I0302 15:31:58.600772 28368 log.cc:623] Deleting log segment in path: /data1/test-tmp/linked_list-test.LinkedListTest.TestLoadAndVerify.1425339087178522-28280/linked-list-cluster/ts-1/wals/4129cb7b8c2b4cdcbcdee9f8ecb69ae7/wal-000000006 (GCed ops < 9559)
I0302 15:31:58.601428 28368 maintenance_manager.cc:316] Time spent running LogGCOp(4129cb7b8c2b4cdcbcdee9f8ecb69ae7): real 0.001s user 0.000s sys 0.000s
I0302 15:31:58.656345 28413 log_reader.cc:396] T 4129cb7b8c2b4cdcbcdee9f8ecb69ae7: removed 1 log segments from log reader
I0302 15:31:58.656380 28413 log.cc:623] Deleting log segment in path: /data1/test-tmp/linked_list-test.LinkedListTest.TestLoadAndVerify.1425339087178522-28280/linked-list-cluster/ts-2/wals/4129cb7b8c2b4cdcbcdee9f8ecb69ae7/wal-000000006 (GCed ops < 9579)
I0302 15:31:58.656985 28413 maintenance_manager.cc:316] Time spent running LogGCOp(4129cb7b8c2b4cdcbcdee9f8ecb69ae7): real 0.001s user 0.000s sys 0.001s
I0302 15:31:58.788379 28324 log_reader.cc:396] T ad1251b8988446ffa0348b542d353bd4: removed 1 log segments from log reader
I0302 15:31:58.788404 28324 log.cc:623] Deleting log segment in path: /data1/test-tmp/linked_list-test.LinkedListTest.TestLoadAndVerify.1425339087178522-28280/linked-list-cluster/ts-0/wals/ad1251b8988446ffa0348b542d353bd4/wal-000000006 (GCed ops < 9050)
I0302 15:31:58.789120 28324 maintenance_manager.cc:316] Time spent running LogGCOp(ad1251b8988446ffa0348b542d353bd4): real 0.001s user 0.000s sys 0.001s
I0302 15:31:58.850813 28368 log_reader.cc:396] T ad1251b8988446ffa0348b542d353bd4: removed 1 log segments from log reader
I0302 15:31:58.850839 28368 log.cc:623] Deleting log segment in path: /data1/test-tmp/linked_list-test.LinkedListTest.TestLoadAndVerify.1425339087178522-28280/linked-list-cluster/ts-1/wals/ad1251b8988446ffa0348b542d353bd4/wal-000000006 (GCed ops < 9640)
I0302 15:31:58.851502 28368 maintenance_manager.cc:316] Time spent running LogGCOp(ad1251b8988446ffa0348b542d353bd4): real 0.001s user 0.000s sys 0.000s
I0302 15:31:58.906450 28413 log_reader.cc:396] T ad1251b8988446ffa0348b542d353bd4: removed 1 log segments from log reader
I0302 15:31:58.906479 28413 log.cc:623] Deleting log segment in path: /data1/test-tmp/linked_list-test.LinkedListTest.TestLoadAndVerify.1425339087178522-28280/linked-list-cluster/ts-2/wals/ad1251b8988446ffa0348b542d353bd4/wal-000000006 (GCed ops < 9655)
I0302 15:31:58.907081 28413 maintenance_manager.cc:316] Time spent running LogGCOp(ad1251b8988446ffa0348b542d353bd4): real 0.001s user 0.000s sys 0.001s
I0302 15:31:59.038624 28324 tablet.cc:1081] Compaction: stage 1 complete, picked 3 rowsets to compact
I0302 15:31:59.038661 28324 compaction.cc:552] Selected 3 rowsets to compact:
I0302 15:31:59.038729 28324 compaction.cc:555] RowSet(13)(current size on disk: ~3072825 bytes)
I0302 15:31:59.038758 28324 compaction.cc:555] RowSet(14)(current size on disk: ~498513 bytes)
I0302 15:31:59.038779 28324 compaction.cc:555] RowSet(15)(current size on disk: ~265781 bytes)
I0302 15:31:59.038812 28324 tablet.cc:878] Compaction: entering phase 1 (flushing snapshot). Phase 1 snapshot: MvccSnapshot[committed={T|T < 30615 or (T in {30615})}]
I0302 15:31:59.039813 28324 multi_column_writer.cc:71] Opened CFile writer for column rand_key[uint64 NOT NULL]
I0302 15:31:59.040027 28324 multi_column_writer.cc:71] Opened CFile writer for column link_to[uint64 NOT NULL]
I0302 15:31:59.040313 28324 multi_column_writer.cc:71] Opened CFile writer for column insert_ts[uint64 NOT NULL]
I0302 15:31:59.040582 28324 multi_column_writer.cc:71] Opened CFile writer for column updated[bool NOT NULL]
I0302 15:31:59.101068 28368 tablet.cc:1081] Compaction: stage 1 complete, picked 3 rowsets to compact
I0302 15:31:59.101109 28368 compaction.cc:552] Selected 3 rowsets to compact:
I0302 15:31:59.101131 28368 compaction.cc:555] RowSet(13)(current size on disk: ~3121689 bytes)
I0302 15:31:59.101161 28368 compaction.cc:555] RowSet(14)(current size on disk: ~440385 bytes)
I0302 15:31:59.101178 28368 compaction.cc:555] RowSet(15)(current size on disk: ~295037 bytes)
I0302 15:31:59.101212 28368 tablet.cc:878] Compaction: entering phase 1 (flushing snapshot). Phase 1 snapshot: MvccSnapshot[committed={T|T < 30666 or (T in {30666})}]
I0302 15:31:59.101763 28368 multi_column_writer.cc:71] Opened CFile writer for column rand_key[uint64 NOT NULL]
I0302 15:31:59.101968 28368 multi_column_writer.cc:71] Opened CFile writer for column link_to[uint64 NOT NULL]
I0302 15:31:59.102236 28368 multi_column_writer.cc:71] Opened CFile writer for column insert_ts[uint64 NOT NULL]
I0302 15:31:59.102419 28368 multi_column_writer.cc:71] Opened CFile writer for column updated[bool NOT NULL]
I0302 15:31:59.156744 28413 tablet.cc:1081] Compaction: stage 1 complete, picked 3 rowsets to compact
I0302 15:31:59.156776 28413 compaction.cc:552] Selected 3 rowsets to compact:
I0302 15:31:59.156792 28413 compaction.cc:555] RowSet(12)(current size on disk: ~3252481 bytes)
I0302 15:31:59.156805 28413 compaction.cc:555] RowSet(13)(current size on disk: ~336005 bytes)
I0302 15:31:59.156817 28413 compaction.cc:555] RowSet(14)(current size on disk: ~298997 bytes)
I0302 15:31:59.156836 28413 tablet.cc:878] Compaction: entering phase 1 (flushing snapshot). Phase 1 snapshot: MvccSnapshot[committed={T|T < 30720 or (T in {30720})}]
I0302 15:31:59.157811 28413 multi_column_writer.cc:71] Opened CFile writer for column rand_key[uint64 NOT NULL]
I0302 15:31:59.158130 28413 multi_column_writer.cc:71] Opened CFile writer for column link_to[uint64 NOT NULL]
I0302 15:31:59.158366 28413 multi_column_writer.cc:71] Opened CFile writer for column insert_ts[uint64 NOT NULL]
I0302 15:31:59.158550 28413 multi_column_writer.cc:71] Opened CFile writer for column updated[bool NOT NULL]
I0302 15:31:59.283243 28280 linked_list-test-util.h:407] Finished inserting list. Added 517150 in chain
I0302 15:31:59.283290 28280 linked_list-test-util.h:408] Last entries inserted had keys:
I0302 15:31:59.283314 28280 linked_list-test-util.h:410] 0: 323495273466835968
I0302 15:31:59.283336 28280 linked_list-test-util.h:410] 1: 14056083109460633345
I0302 15:31:59.283359 28280 linked_list-test-util.h:410] 2: 9341926321989064962
I0302 15:31:59.283381 28280 linked_list-test-util.h:410] 3: 4627768984761682947
I0302 15:31:59.283403 28280 linked_list-test-util.h:410] 4: 237108020512764676
I0302 15:31:59.283426 28280 linked_list-test-util.h:410] 5: 13969694756994934277
I0302 15:31:59.283447 28280 linked_list-test-util.h:410] 6: 9255538519279180038
I0302 15:31:59.283469 28280 linked_list-test-util.h:410] 7: 4541381182051798023
I0302 15:31:59.283491 28280 linked_list-test-util.h:410] 8: 150720217802879752
I0302 15:31:59.283514 28280 linked_list-test-util.h:410] 9: 13883306954285049353
I0302 15:31:59.283535 28280 linked_list-test-util.h:410] 10: 9169150166813480970
I0302 15:31:59.283558 28280 linked_list-test-util.h:410] 11: 4454992829586098955
I0302 15:31:59.283581 28280 linked_list-test-util.h:410] 12: 64332964848808460
I0302 15:31:59.283603 28280 linked_list-test-util.h:410] 13: 13796919701330978061
I0302 15:31:59.283638 28280 linked_list-test-util.h:410] 14: 9082762364103596046
I0302 15:31:59.283659 28280 linked_list-test-util.h:410] 15: 4368605026876214031
I0302 15:31:59.283681 28280 linked_list-test-util.h:410] 16: 18424688136336847376
I0302 15:31:59.283704 28280 linked_list-test-util.h:410] 17: 13710530799109465361
I0302 15:31:59.283726 28280 linked_list-test-util.h:410] 18: 8996375111149524754
I0302 15:31:59.283748 28280 linked_list-test-util.h:410] 19: 4282217773922142739
I0302 15:31:59.283771 28280 linked_list-test-util.h:410] 20: 18338300883382776084
I0302 15:31:59.283792 28280 linked_list-test-util.h:410] 21: 13624143546155394069
I0302 15:31:59.283814 28280 linked_list-test-util.h:410] 22: 8909986208928012054
I0302 15:31:59.283836 28280 linked_list-test-util.h:410] 23: 4195828871700630039
I0302 15:31:59.283859 28280 linked_list-test-util.h:410] 24: 18251913080672891160
I0302 15:31:59.283880 28280 linked_list-test-util.h:410] 25: 13537755743445509145
I0302 15:31:59.283902 28280 linked_list-test-util.h:410] 26: 8823598406218127130
I0302 15:31:59.283926 28280 linked_list-test-util.h:410] 27: 4432937441969208859
I0302 15:31:59.283948 28280 linked_list-test-util.h:410] 28: 18165524728207192092
I0302 15:31:59.283970 28280 linked_list-test-util.h:410] 29: 13451368490491437853
I0302 15:31:59.283993 28280 linked_list-test-util.h:410] 30: 8737211153264055838
I0302 15:31:59.284014 28280 linked_list-test-util.h:410] 31: 4346550189015137567
I0302 15:31:59.284036 28280 linked_list-test-util.h:410] 32: 18079136925497307168
I0302 15:31:59.284060 28280 linked_list-test-util.h:410] 33: 13364979588269925153
I0302 15:31:59.284081 28280 linked_list-test-util.h:410] 34: 8650822251042543138
I0302 15:31:59.284103 28280 linked_list-test-util.h:410] 35: 4260162386305252643
I0302 15:31:59.284126 28280 linked_list-test-util.h:410] 36: 17992749672543235876
I0302 15:31:59.284147 28280 linked_list-test-util.h:410] 37: 13278592335315853861
I0302 15:31:59.284169 28280 linked_list-test-util.h:410] 38: 8564434998088471846
I0302 15:31:59.284211 28280 linked_list-test-util.h:410] 39: 4173774033839553575
I0302 15:31:59.284236 28280 linked_list-test-util.h:410] 40: 17906360770321723176
I0302 15:31:59.284258 28280 linked_list-test-util.h:410] 41: 13192204532605968937
I0302 15:31:59.284281 28280 linked_list-test-util.h:410] 42: 8478047195378586922
I0302 15:31:59.284303 28280 linked_list-test-util.h:410] 43: 4087386231129668651
I0302 15:31:59.284325 28280 linked_list-test-util.h:410] 44: 17819973517367651884
I0302 15:31:59.284348 28280 linked_list-test-util.h:410] 45: 13105816180140269869
I0302 15:31:59.284370 28280 linked_list-test-util.h:410] 46: 8391658842912887854
I0302 15:31:59.284392 28280 linked_list-test-util.h:410] 47: 4000998978175597359
I0302 15:31:59.284415 28280 linked_list-test-util.h:410] 48: 17733585714657766960
I0302 15:31:59.284437 28280 linked_list-test-util.h:410] 49: 13019428377430384945
I0302 15:31:59.289201 28547 linked_list-test-util.h:284] Curling URL http://127.0.0.1:41309/jsonmetricz
I0302 15:31:59.357300 28280 linked_list-test-util.h:656] Done collecting results (517138 rows in 59.2146ms)
I0302 15:31:59.364913 28324 delta_tracker.cc:69] Successfully opened UNDO delta file cb8ec8ace5794df5bd0c9c859c1b8dea9bd1cf650f6841ea921cc25b115b7599
I0302 15:31:59.365021 28324 tablet.cc:964] Compaction: entering phase 2 (starting to duplicate updates in new rowsets)
I0302 15:31:59.424162 28280 linked_list-test-util.h:571] Table not yet ready: 517138/517150 rows (status: Illegal state: Missing rows, but with no broken link in the chain. This means that a suffix of the inserted rows went missing. Expected=517150, seen=517138.)
I0302 15:31:59.483878 28280 linked_list-test-util.h:656] Done collecting results (517116 rows in 34.7941ms)
I0302 15:31:59.517604 28368 delta_tracker.cc:69] Successfully opened UNDO delta file 8742962816284c9e8fad0726169d72beb08e33164a81448e9f5ec5c5ca811276
I0302 15:31:59.517668 28368 tablet.cc:964] Compaction: entering phase 2 (starting to duplicate updates in new rowsets)
I0302 15:31:59.530287 28413 delta_tracker.cc:69] Successfully opened UNDO delta file c9cbc432f1724eaea323b101cf10d8b627d873184b28487489260eb509383a6d
I0302 15:31:59.530359 28413 tablet.cc:964] Compaction: entering phase 2 (starting to duplicate updates in new rowsets)
I0302 15:31:59.546021 28280 linked_list-test-util.h:571] Table not yet ready: 517116/517150 rows (status: Illegal state: Missing rows, but with no broken link in the chain. This means that a suffix of the inserted rows went missing. Expected=517150, seen=517116.)
I0302 15:31:59.613235 28280 linked_list-test-util.h:656] Done collecting results (517128 rows in 43.4047ms)
I0302 15:31:59.692385 28280 linked_list-test-util.h:571] Table not yet ready: 517128/517150 rows (status: Illegal state: Missing rows, but with no broken link in the chain. This means that a suffix of the inserted rows went missing. Expected=517150, seen=517128.)
I0302 15:31:59.749912 28280 linked_list-test-util.h:656] Done collecting results (517112 rows in 32.1478ms)
I0302 15:31:59.782680 28413 tablet.cc:1026] Compaction Phase 2: carrying over any updates which arrived during Phase 1
I0302 15:31:59.782714 28413 tablet.cc:1027] Phase 2 snapshot: MvccSnapshot[committed={T|T < 30828 or (T in {30828,30832})}]
I0302 15:31:59.782801 28368 tablet.cc:1026] Compaction Phase 2: carrying over any updates which arrived during Phase 1
I0302 15:31:59.782822 28368 tablet.cc:1027] Phase 2 snapshot: MvccSnapshot[committed={T|T < 30834 or (T in {30834,30837})}]
I0302 15:31:59.782855 28324 tablet.cc:1026] Compaction Phase 2: carrying over any updates which arrived during Phase 1
I0302 15:31:59.782876 28324 tablet.cc:1027] Phase 2 snapshot: MvccSnapshot[committed={T|T < 30845 or (T in {30845,30848})}]
I0302 15:31:59.813168 28368 tablet.cc:1059] Compaction successful on 160653 rows (4049890 bytes)
I0302 15:31:59.814604 28280 linked_list-test-util.h:571] Table not yet ready: 517112/517150 rows (status: Illegal state: Missing rows, but with no broken link in the chain. This means that a suffix of the inserted rows went missing. Expected=517150, seen=517112.)
I0302 15:31:59.817852 28413 tablet.cc:1059] Compaction successful on 161915 rows (4084298 bytes)
I0302 15:31:59.817873 28324 tablet.cc:1059] Compaction successful on 159820 rows (4029898 bytes)
I0302 15:31:59.819548 28368 maintenance_manager.cc:316] Time spent running CompactRowSetsOp(4129cb7b8c2b4cdcbcdee9f8ecb69ae7): real 0.719s user 0.144s sys 0.033s
I0302 15:31:59.821606 28413 maintenance_manager.cc:316] Time spent running CompactRowSetsOp(ad1251b8988446ffa0348b542d353bd4): real 0.665s user 0.143s sys 0.032s
I0302 15:31:59.822089 28324 maintenance_manager.cc:316] Time spent running CompactRowSetsOp(36005aaac18b4c70b2fc03d1382ca7c3): real 0.784s user 0.147s sys 0.032s
I0302 15:31:59.851356 28368 tablet.cc:1081] Compaction: stage 1 complete, picked 3 rowsets to compact
I0302 15:31:59.851408 28368 compaction.cc:552] Selected 3 rowsets to compact:
I0302 15:31:59.851887 28368 compaction.cc:555] RowSet(13)(current size on disk: ~3080121 bytes)
I0302 15:31:59.851920 28368 compaction.cc:555] RowSet(14)(current size on disk: ~444177 bytes)
I0302 15:31:59.851946 28368 compaction.cc:555] RowSet(15)(current size on disk: ~285317 bytes)
I0302 15:31:59.851976 28368 tablet.cc:878] Compaction: entering phase 1 (flushing snapshot). Phase 1 snapshot: MvccSnapshot[committed={T|T < 30836 or (T in {30836})}]
I0302 15:31:59.852424 28368 multi_column_writer.cc:71] Opened CFile writer for column rand_key[uint64 NOT NULL]
I0302 15:31:59.852629 28368 multi_column_writer.cc:71] Opened CFile writer for column link_to[uint64 NOT NULL]
I0302 15:31:59.852841 28368 multi_column_writer.cc:71] Opened CFile writer for column insert_ts[uint64 NOT NULL]
I0302 15:31:59.853039 28368 multi_column_writer.cc:71] Opened CFile writer for column updated[bool NOT NULL]
I0302 15:31:59.879395 28280 linked_list-test-util.h:656] Done collecting results (517150 rows in 40.7983ms)
I0302 15:31:59.906980 28413 tablet.cc:1081] Compaction: stage 1 complete, picked 3 rowsets to compact
I0302 15:31:59.907029 28413 compaction.cc:552] Selected 3 rowsets to compact:
I0302 15:31:59.907064 28413 compaction.cc:555] RowSet(13)(current size on disk: ~3085353 bytes)
I0302 15:31:59.907102 28413 compaction.cc:555] RowSet(14)(current size on disk: ~445137 bytes)
I0302 15:31:59.907138 28413 compaction.cc:555] RowSet(15)(current size on disk: ~286253 bytes)
I0302 15:31:59.907183 28413 tablet.cc:878] Compaction: entering phase 1 (flushing snapshot). Phase 1 snapshot: MvccSnapshot[committed={T|T < 30830 or (T in {30830})}]
I0302 15:31:59.907773 28413 multi_column_writer.cc:71] Opened CFile writer for column rand_key[uint64 NOT NULL]
I0302 15:31:59.908067 28413 multi_column_writer.cc:71] Opened CFile writer for column link_to[uint64 NOT NULL]
I0302 15:31:59.908351 28413 multi_column_writer.cc:71] Opened CFile writer for column insert_ts[uint64 NOT NULL]
I0302 15:31:59.908622 28413 multi_column_writer.cc:71] Opened CFile writer for column updated[bool NOT NULL]
I0302 15:31:59.941745 28280 linked_list-test-util.h:585] Successfully verified 517150 rows
I0302 15:31:59.944679 28280 linked_list-test.cc:147] Successfully verified 517150 rows before killing any servers.
I0302 15:31:59.946569 28280 linked_list-test.cc:154] Killing TS: 892c1da145ed4847b1dfd57983516d8f, leader of tablet: 4129cb7b8c2b4cdcbcdee9f8ecb69ae7 and verifying that we can still read all results
I0302 15:31:59.946604 28280 external_mini_cluster.cc:446] Killing /data1/jenkins-workspace/kudu-gerrit/BUILD_TYPE/LEAKCHECK/label/kudu-gerrit-slaves/build/release/kudu-tablet_server with pid 28315
W0302 15:31:59.984426 28280 meta_cache.cc:164] Tablet 4129cb7b8c2b4cdcbcdee9f8ecb69ae7: Replica 892c1da145ed4847b1dfd57983516d8f has failed: Network error: TS failed: Client connection negotiation failed: client Connection to 127.0.0.1:7050: connect: Connection refused (error 111)
W0302 15:31:59.984483 28280 meta_cache.cc:164] Tablet 36005aaac18b4c70b2fc03d1382ca7c3: Replica 892c1da145ed4847b1dfd57983516d8f has failed: Network error: TS failed: Client connection negotiation failed: client Connection to 127.0.0.1:7050: connect: Connection refused (error 111)
W0302 15:31:59.984521 28280 meta_cache.cc:164] Tablet ad1251b8988446ffa0348b542d353bd4: Replica 892c1da145ed4847b1dfd57983516d8f has failed: Network error: TS failed: Client connection negotiation failed: client Connection to 127.0.0.1:7050: connect: Connection refused (error 111)
I0302 15:31:59.995348 28280 linked_list-test-util.h:656] Done collecting results (517150 rows in 31.3614ms)
I0302 15:32:00.068558 28280 linked_list-test-util.h:585] Successfully verified 517150 rows
I0302 15:32:00.069382 28280 external_mini_cluster.cc:446] Killing /data1/jenkins-workspace/kudu-gerrit/BUILD_TYPE/LEAKCHECK/label/kudu-gerrit-slaves/build/release/kudu-tablet_server with pid 28367
I0302 15:32:00.093940 28280 external_mini_cluster.cc:446] Killing /data1/jenkins-workspace/kudu-gerrit/BUILD_TYPE/LEAKCHECK/label/kudu-gerrit-slaves/build/release/kudu-tablet_server with pid 28410
I0302 15:32:00.111704 28280 external_mini_cluster.cc:382] Running /data1/jenkins-workspace/kudu-gerrit/BUILD_TYPE/LEAKCHECK/label/kudu-gerrit-slaves/build/release/kudu-tablet_server kudu-tablet_server --tablet_server_wal_dir=/data1/test-tmp/linked_list-test.LinkedListTest.TestLoadAndVerify.1425339087178522-28280/linked-list-cluster/ts-0 --tablet_server_data_dirs=/data1/test-tmp/linked_list-test.LinkedListTest.TestLoadAndVerify.1425339087178522-28280/linked-list-cluster/ts-0 --tablet_server_rpc_bind_addresses=127.0.0.1:7050 --tablet_server_web_port=40132 --tablet_server_master_addrs=127.0.0.1:50914 --skip_remove_old_recovery_dir --enable_leader_failure_detection=true --tablet_server_rpc_bind_addresses=127.0.0.1:7050 --flush_threshold_mb=1 --log_segment_size_mb=1 --server_dump_info_path=/data1/test-tmp/linked_list-test.LinkedListTest.TestLoadAndVerify.1425339087178522-28280/linked-list-cluster/ts-0/info.pb --server_dump_info_format=pb --logtostderr --logbuflevel=-1 --webserver_interface=localhost WARNING: Perftools heap leak checker is active -- Performance may suffer
I0302 15:32:00.136961 29777 tablet_server_main.cc:38] Initializing tablet server...
I0302 15:32:00.138902 29777 fs_manager.cc:132] Opened local filesystem: /data1/test-tmp/linked_list-test.LinkedListTest.TestLoadAndVerify.1425339087178522-28280/linked-list-cluster/ts-0 uuid: "892c1da145ed4847b1dfd57983516d8f" format_stamp: "Formatted at 2015-03-02 23:31:27 on boost-static-burst-slave-cc0.vpc.cloudera.com"
I0302 15:32:00.141608 29777 ts_tablet_manager.cc:285] Loading master block 36005aaac18b4c70b2fc03d1382ca7c3
I0302 15:32:00.142941 29777 ts_tablet_manager.cc:449] Registered tablet 36005aaac18b4c70b2fc03d1382ca7c3
I0302 15:32:00.143054 29777 ts_tablet_manager.cc:285] Loading master block ad1251b8988446ffa0348b542d353bd4
I0302 15:32:00.143076 29783 ts_tablet_manager.cc:314] Bootstrapping tablet: 36005aaac18b4c70b2fc03d1382ca7c3
I0302 15:32:00.145362 29777 ts_tablet_manager.cc:449] Registered tablet ad1251b8988446ffa0348b542d353bd4
I0302 15:32:00.145449 29783 tablet_bootstrap.cc:290] Tablet 36005aaac18b4c70b2fc03d1382ca7c3: Bootstrap starting.
I0302 15:32:00.145648 29777 ts_tablet_manager.cc:285] Loading master block 4129cb7b8c2b4cdcbcdee9f8ecb69ae7
I0302 15:32:00.145669 29784 ts_tablet_manager.cc:314] Bootstrapping tablet: ad1251b8988446ffa0348b542d353bd4
I0302 15:32:00.147007 29783 delta_tracker.cc:69] Successfully opened UNDO delta file cb8ec8ace5794df5bd0c9c859c1b8dea9bd1cf650f6841ea921cc25b115b7599
I0302 15:32:00.147480 29783 tablet_bootstrap.cc:509] Will attempt to recover log segment: /data1/test-tmp/linked_list-test.LinkedListTest.TestLoadAndVerify.1425339087178522-28280/linked-list-cluster/ts-0/wals/36005aaac18b4c70b2fc03d1382ca7c3/wal-000000008 to: /data1/test-tmp/linked_list-test.LinkedListTest.TestLoadAndVerify.1425339087178522-28280/linked-list-cluster/ts-0/wals/36005aaac18b4c70b2fc03d1382ca7c3.recovery/wal-000000008
I0302 15:32:00.147531 29783 tablet_bootstrap.cc:509] Will attempt to recover log segment: /data1/test-tmp/linked_list-test.LinkedListTest.TestLoadAndVerify.1425339087178522-28280/linked-list-cluster/ts-0/wals/36005aaac18b4c70b2fc03d1382ca7c3/wal-000000007 to: /data1/test-tmp/linked_list-test.LinkedListTest.TestLoadAndVerify.1425339087178522-28280/linked-list-cluster/ts-0/wals/36005aaac18b4c70b2fc03d1382ca7c3.recovery/wal-000000007
I0302 15:32:00.147604 29783 tablet_bootstrap.cc:519] Moved log directory: /data1/test-tmp/linked_list-test.LinkedListTest.TestLoadAndVerify.1425339087178522-28280/linked-list-cluster/ts-0/wals/36005aaac18b4c70b2fc03d1382ca7c3 to recovery directory: /data1/test-tmp/linked_list-test.LinkedListTest.TestLoadAndVerify.1425339087178522-28280/linked-list-cluster/ts-0/wals/36005aaac18b4c70b2fc03d1382ca7c3.recovery
W0302 15:32:00.148205 29783 log_util.cc:147] Could not read footer for segment: /data1/test-tmp/linked_list-test.LinkedListTest.TestLoadAndVerify.1425339087178522-28280/linked-list-cluster/ts-0/wals/36005aaac18b4c70b2fc03d1382ca7c3.recovery/wal-000000008. Status: Not found: Footer not found. Footer magic doesn't match
W0302 15:32:00.148241 29783 log_reader.cc:136] Segment: /data1/test-tmp/linked_list-test.LinkedListTest.TestLoadAndVerify.1425339087178522-28280/linked-list-cluster/ts-0/wals/36005aaac18b4c70b2fc03d1382ca7c3.recovery/wal-000000008 was likely left in-progress after a previous crash. Will try to rebuild footer by scanning data
I0302 15:32:00.149369 29784 tablet_bootstrap.cc:290] Tablet ad1251b8988446ffa0348b542d353bd4: Bootstrap starting.
I0302 15:32:00.149829 29777 ts_tablet_manager.cc:449] Registered tablet 4129cb7b8c2b4cdcbcdee9f8ecb69ae7
I0302 15:32:00.150482 29784 delta_tracker.cc:69] Successfully opened UNDO delta file cb8ec8ace5794df5bd0c9c859c1b8dea44e22d92a0ca4491a60972ad44ec5738
I0302 15:32:00.150723 29777 tablet_server_main.cc:41] Starting tablet server...
I0302 15:32:00.150799 29785 ts_tablet_manager.cc:314] Bootstrapping tablet: 4129cb7b8c2b4cdcbcdee9f8ecb69ae7
I0302 15:32:00.151396 29784 delta_tracker.cc:69] Successfully opened UNDO delta file cb8ec8ace5794df5bd0c9c859c1b8dea83cdf644557f408f9285368e15c73ba2
I0302 15:32:00.151864 29784 tablet_bootstrap.cc:509] Will attempt to recover log segment: /data1/test-tmp/linked_list-test.LinkedListTest.TestLoadAndVerify.1425339087178522-28280/linked-list-cluster/ts-0/wals/ad1251b8988446ffa0348b542d353bd4/wal-000000008 to: /data1/test-tmp/linked_list-test.LinkedListTest.TestLoadAndVerify.1425339087178522-28280/linked-list-cluster/ts-0/wals/ad1251b8988446ffa0348b542d353bd4.recovery/wal-000000008
I0302 15:32:00.151892 29784 tablet_bootstrap.cc:509] Will attempt to recover log segment: /data1/test-tmp/linked_list-test.LinkedListTest.TestLoadAndVerify.1425339087178522-28280/linked-list-cluster/ts-0/wals/ad1251b8988446ffa0348b542d353bd4/wal-000000007 to: /data1/test-tmp/linked_list-test.LinkedListTest.TestLoadAndVerify.1425339087178522-28280/linked-list-cluster/ts-0/wals/ad1251b8988446ffa0348b542d353bd4.recovery/wal-000000007
I0302 15:32:00.151947 29784 tablet_bootstrap.cc:519] Moved log directory: /data1/test-tmp/linked_list-test.LinkedListTest.TestLoadAndVerify.1425339087178522-28280/linked-list-cluster/ts-0/wals/ad1251b8988446ffa0348b542d353bd4 to recovery directory: /data1/test-tmp/linked_list-test.LinkedListTest.TestLoadAndVerify.1425339087178522-28280/linked-list-cluster/ts-0/wals/ad1251b8988446ffa0348b542d353bd4.recovery
W0302 15:32:00.152856 29784 log_util.cc:147] Could not read footer for segment: /data1/test-tmp/linked_list-test.LinkedListTest.TestLoadAndVerify.1425339087178522-28280/linked-list-cluster/ts-0/wals/ad1251b8988446ffa0348b542d353bd4.recovery/wal-000000008. Status: Not found: Footer not found. Footer magic doesn't match
W0302 15:32:00.152874 29784 log_reader.cc:136] Segment: /data1/test-tmp/linked_list-test.LinkedListTest.TestLoadAndVerify.1425339087178522-28280/linked-list-cluster/ts-0/wals/ad1251b8988446ffa0348b542d353bd4.recovery/wal-000000008 was likely left in-progress after a previous crash. Will try to rebuild footer by scanning data
I0302 15:32:00.154899 29785 tablet_bootstrap.cc:290] Tablet 4129cb7b8c2b4cdcbcdee9f8ecb69ae7: Bootstrap starting.
I0302 15:32:00.156759 29785 delta_tracker.cc:69] Successfully opened UNDO delta file cb8ec8ace5794df5bd0c9c859c1b8dea2d7431b6bf064aa2a1d05d2f528ad249
I0302 15:32:00.157083 29785 tablet_bootstrap.cc:509] Will attempt to recover log segment: /data1/test-tmp/linked_list-test.LinkedListTest.TestLoadAndVerify.1425339087178522-28280/linked-list-cluster/ts-0/wals/4129cb7b8c2b4cdcbcdee9f8ecb69ae7/wal-000000008 to: /data1/test-tmp/linked_list-test.LinkedListTest.TestLoadAndVerify.1425339087178522-28280/linked-list-cluster/ts-0/wals/4129cb7b8c2b4cdcbcdee9f8ecb69ae7.recovery/wal-000000008
I0302 15:32:00.157114 29785 tablet_bootstrap.cc:509] Will attempt to recover log segment: /data1/test-tmp/linked_list-test.LinkedListTest.TestLoadAndVerify.1425339087178522-28280/linked-list-cluster/ts-0/wals/4129cb7b8c2b4cdcbcdee9f8ecb69ae7/wal-000000007 to: /data1/test-tmp/linked_list-test.LinkedListTest.TestLoadAndVerify.1425339087178522-28280/linked-list-cluster/ts-0/wals/4129cb7b8c2b4cdcbcdee9f8ecb69ae7.recovery/wal-000000007
I0302 15:32:00.157153 29785 tablet_bootstrap.cc:519] Moved log directory: /data1/test-tmp/linked_list-test.LinkedListTest.TestLoadAndVerify.1425339087178522-28280/linked-list-cluster/ts-0/wals/4129cb7b8c2b4cdcbcdee9f8ecb69ae7 to recovery directory: /data1/test-tmp/linked_list-test.LinkedListTest.TestLoadAndVerify.1425339087178522-28280/linked-list-cluster/ts-0/wals/4129cb7b8c2b4cdcbcdee9f8ecb69ae7.recovery
W0302 15:32:00.157469 29785 log_util.cc:147] Could not read footer for segment: /data1/test-tmp/linked_list-test.LinkedListTest.TestLoadAndVerify.1425339087178522-28280/linked-list-cluster/ts-0/wals/4129cb7b8c2b4cdcbcdee9f8ecb69ae7.recovery/wal-000000008. Status: Not found: Footer not found. Footer magic doesn't match
W0302 15:32:00.157487 29785 log_reader.cc:136] Segment: /data1/test-tmp/linked_list-test.LinkedListTest.TestLoadAndVerify.1425339087178522-28280/linked-list-cluster/ts-0/wals/4129cb7b8c2b4cdcbcdee9f8ecb69ae7.recovery/wal-000000008 was likely left in-progress after a previous crash. Will try to rebuild footer by scanning data
