I0302 15:32:01.781170 29784 tablet_bootstrap.cc:290] Tablet ad1251b8988446ffa0348b542d353bd4: Bootstrap replayed 1/2 log segments. Stats: ops{read=1411 overwritten=0 applied=1410} inserts{seen=23695 ignored=9574} mutations{seen=0 ignored=0} orphaned_commits=1. Pending: 1 replicates
I0302 15:32:01.788497 28280 linked_list-test-util.h:571] Table not yet ready: 0/517150 rows (status: Illegal state: Couldn't open scanner: Tablet not RUNNING: BOOTSTRAPPING)
I0302 15:32:01.810153 28280 linked_list-test-util.h:571] Table not yet ready: 0/517150 rows (status: Illegal state: Couldn't open scanner: Tablet not RUNNING: BOOTSTRAPPING)
I0302 15:32:01.831707 28280 linked_list-test-util.h:571] Table not yet ready: 0/517150 rows (status: Illegal state: Couldn't open scanner: Tablet not RUNNING: BOOTSTRAPPING)
I0302 15:32:01.833488 29833 tablet_bootstrap.cc:290] Tablet 4129cb7b8c2b4cdcbcdee9f8ecb69ae7: Bootstrap replayed 2/2 log segments. Stats: ops{read=1817 overwritten=0 applied=1817} inserts{seen=30380 ignored=18394} mutations{seen=0 ignored=0} orphaned_commits=1. Pending: 0 replicates
I0302 15:32:01.833560 29833 tablet_bootstrap.cc:894] ReplayState: Previous OpId: 1.10276, Committed OpId: 1.10276, Pending Replicates: 0, Pending Commits: 0
I0302 15:32:01.837729 29884 log.cc:415] Max segment size reached. Starting new segment allocation.
I0302 15:32:01.843567 29884 log.cc:306] Rolled over to a new segment: /data1/test-tmp/linked_list-test.LinkedListTest.TestLoadAndVerify.1425339087178522-28280/linked-list-cluster/ts-2/wals/ad1251b8988446ffa0348b542d353bd4/wal-000000002
I0302 15:32:01.844147 29833 tablet_bootstrap.cc:537] Renamed old recovery dir from: /data1/test-tmp/linked_list-test.LinkedListTest.TestLoadAndVerify.1425339087178522-28280/linked-list-cluster/ts-1/wals/4129cb7b8c2b4cdcbcdee9f8ecb69ae7.recovery to: /data1/test-tmp/linked_list-test.LinkedListTest.TestLoadAndVerify.1425339087178522-28280/linked-list-cluster/ts-1/wals/4129cb7b8c2b4cdcbcdee9f8ecb69ae7.recovery-1425339121844102
I0302 15:32:01.844197 29833 tablet_bootstrap.cc:540] --skip_remove_old_recovery_dir enabled. NOT removing /data1/test-tmp/linked_list-test.LinkedListTest.TestLoadAndVerify.1425339087178522-28280/linked-list-cluster/ts-1/wals/4129cb7b8c2b4cdcbcdee9f8ecb69ae7.recovery-1425339121844102
I0302 15:32:01.844238 29833 tablet_bootstrap.cc:290] Tablet 4129cb7b8c2b4cdcbcdee9f8ecb69ae7: Bootstrap complete.
I0302 15:32:01.845293 29833 ts_tablet_manager.cc:319] Time spent tablet 4129cb7b8c2b4cdcbcdee9f8ecb69ae7 bootstrap: real 1.636s user 0.863s sys 0.491s
I0302 15:32:01.849664 29833 raft_consensus.cc:194] T 4129cb7b8c2b4cdcbcdee9f8ecb69ae7 P 5748afe5294c41b89cbb67f8edbee2a1 [FOLLOWER]: Replica starting. Triggering 0 pending transactions.
I0302 15:32:01.849733 29833 raft_consensus.cc:211] T 4129cb7b8c2b4cdcbcdee9f8ecb69ae7 P 5748afe5294c41b89cbb67f8edbee2a1 [FOLLOWER]: Initializing failure detector for fast election at startup
I0302 15:32:01.849884 29833 raft_consensus.cc:399] T 4129cb7b8c2b4cdcbcdee9f8ecb69ae7 P 5748afe5294c41b89cbb67f8edbee2a1 [FOLLOWER]: Becoming Follower/Learner. State: Replica: 5748afe5294c41b89cbb67f8edbee2a1, State: 1, Role: FOLLOWER Watermarks: {Received: term: 1 index: 10276 Committed: term: 1 index: 10276}
I0302 15:32:01.849949 29833 consensus_queue.cc:127] T 4129cb7b8c2b4cdcbcdee9f8ecb69ae7 P 5748afe5294c41b89cbb67f8edbee2a1 [NON_LEADER]: queue going to NON_LEADER mode. State: All replicated op: 0.0, Majority replicated op: 0.0, Committed index: 0.0, Last appended: 1.10276, Current term: 0, Majority size: 1, State: 1, Mode: NON_LEADER
I0302 15:32:01.850251 29833 ts_tablet_manager.cc:339] Time spent starting tablet 4129cb7b8c2b4cdcbcdee9f8ecb69ae7: real 0.005s user 0.001s sys 0.004s
I0302 15:32:01.851923 29883 log.cc:415] Max segment size reached. Starting new segment allocation.
I0302 15:32:01.853327 29883 log.cc:306] Rolled over to a new segment: /data1/test-tmp/linked_list-test.LinkedListTest.TestLoadAndVerify.1425339087178522-28280/linked-list-cluster/ts-2/wals/36005aaac18b4c70b2fc03d1382ca7c3/wal-000000002
I0302 15:32:01.853363 28280 linked_list-test-util.h:571] Table not yet ready: 0/517150 rows (status: Illegal state: Couldn't open scanner: Tablet not RUNNING: BOOTSTRAPPING)
I0302 15:32:01.853950 29831 log.cc:415] Max segment size reached. Starting new segment allocation.
I0302 15:32:01.854971 29831 log.cc:306] Rolled over to a new segment: /data1/test-tmp/linked_list-test.LinkedListTest.TestLoadAndVerify.1425339087178522-28280/linked-list-cluster/ts-1/wals/36005aaac18b4c70b2fc03d1382ca7c3/wal-000000002
I0302 15:32:01.856976 29784 log.cc:415] Max segment size reached. Starting new segment allocation.
I0302 15:32:01.858453 29784 log.cc:306] Rolled over to a new segment: /data1/test-tmp/linked_list-test.LinkedListTest.TestLoadAndVerify.1425339087178522-28280/linked-list-cluster/ts-0/wals/ad1251b8988446ffa0348b542d353bd4/wal-000000002
I0302 15:32:01.875056 28280 linked_list-test-util.h:571] Table not yet ready: 0/517150 rows (status: Illegal state: Couldn't open scanner: Tablet not RUNNING: BOOTSTRAPPING)
I0302 15:32:01.896587 28280 linked_list-test-util.h:571] Table not yet ready: 0/517150 rows (status: Illegal state: Couldn't open scanner: Tablet not RUNNING: BOOTSTRAPPING)
I0302 15:32:01.917199 29783 tablet_bootstrap.cc:290] Tablet 36005aaac18b4c70b2fc03d1382ca7c3: Bootstrap replayed 2/2 log segments. Stats: ops{read=1790 overwritten=0 applied=1790} inserts{seen=29933 ignored=17706} mutations{seen=0 ignored=0} orphaned_commits=1. Pending: 0 replicates
I0302 15:32:01.917317 29783 tablet_bootstrap.cc:894] ReplayState: Previous OpId: 1.10274, Committed OpId: 1.10274, Pending Replicates: 0, Pending Commits: 0
I0302 15:32:01.918145 28280 linked_list-test-util.h:571] Table not yet ready: 0/517150 rows (status: Illegal state: Couldn't open scanner: Tablet not RUNNING: BOOTSTRAPPING)
I0302 15:32:01.919440 29785 tablet_bootstrap.cc:290] Tablet 4129cb7b8c2b4cdcbcdee9f8ecb69ae7: Bootstrap replayed 2/2 log segments. Stats: ops{read=1817 overwritten=0 applied=1817} inserts{seen=30380 ignored=19467} mutations{seen=0 ignored=0} orphaned_commits=0. Pending: 0 replicates
I0302 15:32:01.919509 29785 tablet_bootstrap.cc:894] ReplayState: Previous OpId: 1.10276, Committed OpId: 1.10276, Pending Replicates: 0, Pending Commits: 0
I0302 15:32:01.928519 29785 tablet_bootstrap.cc:537] Renamed old recovery dir from: /data1/test-tmp/linked_list-test.LinkedListTest.TestLoadAndVerify.1425339087178522-28280/linked-list-cluster/ts-0/wals/4129cb7b8c2b4cdcbcdee9f8ecb69ae7.recovery to: /data1/test-tmp/linked_list-test.LinkedListTest.TestLoadAndVerify.1425339087178522-28280/linked-list-cluster/ts-0/wals/4129cb7b8c2b4cdcbcdee9f8ecb69ae7.recovery-1425339121928472
I0302 15:32:01.928568 29785 tablet_bootstrap.cc:540] --skip_remove_old_recovery_dir enabled. NOT removing /data1/test-tmp/linked_list-test.LinkedListTest.TestLoadAndVerify.1425339087178522-28280/linked-list-cluster/ts-0/wals/4129cb7b8c2b4cdcbcdee9f8ecb69ae7.recovery-1425339121928472
I0302 15:32:01.928596 29783 tablet_bootstrap.cc:537] Renamed old recovery dir from: /data1/test-tmp/linked_list-test.LinkedListTest.TestLoadAndVerify.1425339087178522-28280/linked-list-cluster/ts-0/wals/36005aaac18b4c70b2fc03d1382ca7c3.recovery to: /data1/test-tmp/linked_list-test.LinkedListTest.TestLoadAndVerify.1425339087178522-28280/linked-list-cluster/ts-0/wals/36005aaac18b4c70b2fc03d1382ca7c3.recovery-1425339121928558
I0302 15:32:01.930497 29785 tablet_bootstrap.cc:290] Tablet 4129cb7b8c2b4cdcbcdee9f8ecb69ae7: Bootstrap complete.
I0302 15:32:01.930533 29783 tablet_bootstrap.cc:540] --skip_remove_old_recovery_dir enabled. NOT removing /data1/test-tmp/linked_list-test.LinkedListTest.TestLoadAndVerify.1425339087178522-28280/linked-list-cluster/ts-0/wals/36005aaac18b4c70b2fc03d1382ca7c3.recovery-1425339121928558
I0302 15:32:01.930627 29783 tablet_bootstrap.cc:290] Tablet 36005aaac18b4c70b2fc03d1382ca7c3: Bootstrap complete.
I0302 15:32:01.932131 29785 ts_tablet_manager.cc:319] Time spent tablet 4129cb7b8c2b4cdcbcdee9f8ecb69ae7 bootstrap: real 1.781s user 0.843s sys 0.606s
I0302 15:32:01.932610 29783 ts_tablet_manager.cc:319] Time spent tablet 36005aaac18b4c70b2fc03d1382ca7c3 bootstrap: real 1.789s user 0.868s sys 0.610s
I0302 15:32:01.938323 29783 raft_consensus.cc:194] T 36005aaac18b4c70b2fc03d1382ca7c3 P 892c1da145ed4847b1dfd57983516d8f [FOLLOWER]: Replica starting. Triggering 0 pending transactions.
I0302 15:32:01.938364 29785 raft_consensus.cc:194] T 4129cb7b8c2b4cdcbcdee9f8ecb69ae7 P 892c1da145ed4847b1dfd57983516d8f [FOLLOWER]: Replica starting. Triggering 0 pending transactions.
I0302 15:32:01.938386 29783 raft_consensus.cc:211] T 36005aaac18b4c70b2fc03d1382ca7c3 P 892c1da145ed4847b1dfd57983516d8f [FOLLOWER]: Initializing failure detector for fast election at startup
I0302 15:32:01.938390 29785 raft_consensus.cc:211] T 4129cb7b8c2b4cdcbcdee9f8ecb69ae7 P 892c1da145ed4847b1dfd57983516d8f [FOLLOWER]: Initializing failure detector for fast election at startup
I0302 15:32:01.938509 29785 raft_consensus.cc:399] T 4129cb7b8c2b4cdcbcdee9f8ecb69ae7 P 892c1da145ed4847b1dfd57983516d8f [FOLLOWER]: Becoming Follower/Learner. State: Replica: 892c1da145ed4847b1dfd57983516d8f, State: 1, Role: FOLLOWER Watermarks: {Received: term: 1 index: 10276 Committed: term: 1 index: 10276}
I0302 15:32:01.938534 29783 raft_consensus.cc:399] T 36005aaac18b4c70b2fc03d1382ca7c3 P 892c1da145ed4847b1dfd57983516d8f [FOLLOWER]: Becoming Follower/Learner. State: Replica: 892c1da145ed4847b1dfd57983516d8f, State: 1, Role: FOLLOWER Watermarks: {Received: term: 1 index: 10274 Committed: term: 1 index: 10274}
I0302 15:32:01.938582 29783 consensus_queue.cc:127] T 36005aaac18b4c70b2fc03d1382ca7c3 P 892c1da145ed4847b1dfd57983516d8f [NON_LEADER]: queue going to NON_LEADER mode. State: All replicated op: 0.0, Majority replicated op: 0.0, Committed index: 0.0, Last appended: 1.10274, Current term: 0, Majority size: 1, State: 1, Mode: NON_LEADER
I0302 15:32:01.938583 29785 consensus_queue.cc:127] T 4129cb7b8c2b4cdcbcdee9f8ecb69ae7 P 892c1da145ed4847b1dfd57983516d8f [NON_LEADER]: queue going to NON_LEADER mode. State: All replicated op: 0.0, Majority replicated op: 0.0, Committed index: 0.0, Last appended: 1.10276, Current term: 0, Majority size: 1, State: 1, Mode: NON_LEADER
I0302 15:32:01.938779 29783 ts_tablet_manager.cc:339] Time spent starting tablet 36005aaac18b4c70b2fc03d1382ca7c3: real 0.006s user 0.003s sys 0.003s
I0302 15:32:01.938791 29785 ts_tablet_manager.cc:339] Time spent starting tablet 4129cb7b8c2b4cdcbcdee9f8ecb69ae7: real 0.007s user 0.002s sys 0.004s
I0302 15:32:01.939662 28280 linked_list-test-util.h:571] Table not yet ready: 0/517150 rows (status: Illegal state: Couldn't open scanner: Tablet not RUNNING: BOOTSTRAPPING)
I0302 15:32:01.948309 29969 raft_consensus.cc:327] T 4129cb7b8c2b4cdcbcdee9f8ecb69ae7 P 892c1da145ed4847b1dfd57983516d8f [FOLLOWER]: Failure of peer election-timer detected. Triggering leader election
I0302 15:32:01.950952 29969 raft_consensus.cc:1299] T 4129cb7b8c2b4cdcbcdee9f8ecb69ae7 P 892c1da145ed4847b1dfd57983516d8f [CANDIDATE]: Snoozing failure detection for an additional: 1.500s
I0302 15:32:01.951118 29969 raft_consensus.cc:294] T 4129cb7b8c2b4cdcbcdee9f8ecb69ae7 P 892c1da145ed4847b1dfd57983516d8f [CANDIDATE]: Starting election with quorum: local: false peers { permanent_uuid: "892c1da145ed4847b1dfd57983516d8f" role: CANDIDATE last_known_addr { host: "127.0.0.1" port: 7050 } } peers { permanent_uuid: "3e41e55c8a3a40e3bf81f862aaadfd20" role: FOLLOWER last_known_addr { host: "127.0.0.1" port: 7052 } } peers { permanent_uuid: "5748afe5294c41b89cbb67f8edbee2a1" role: FOLLOWER last_known_addr { host: "127.0.0.1" port: 7051 } }
I0302 15:32:01.953724 29969 leader_election.cc:187] T 4129cb7b8c2b4cdcbcdee9f8ecb69ae7 P 892c1da145ed4847b1dfd57983516d8f [CANDIDATE]: Term 2 election: Requesting vote from peer 3e41e55c8a3a40e3bf81f862aaadfd20
I0302 15:32:01.953817 29969 leader_election.cc:187] T 4129cb7b8c2b4cdcbcdee9f8ecb69ae7 P 892c1da145ed4847b1dfd57983516d8f [CANDIDATE]: Term 2 election: Requesting vote from peer 5748afe5294c41b89cbb67f8edbee2a1
I0302 15:32:01.955652 29856 raft_consensus.cc:1336] T 4129cb7b8c2b4cdcbcdee9f8ecb69ae7 P 5748afe5294c41b89cbb67f8edbee2a1 [FOLLOWER]: Advancing to term 2
I0302 15:32:01.960073 29856 raft_consensus.cc:1299] T 4129cb7b8c2b4cdcbcdee9f8ecb69ae7 P 5748afe5294c41b89cbb67f8edbee2a1 [FOLLOWER]: Snoozing failure detection for an additional: 1.500s
I0302 15:32:01.961211 28280 linked_list-test-util.h:571] Table not yet ready: 0/517150 rows (status: Illegal state: Couldn't open scanner: Tablet not RUNNING: BOOTSTRAPPING)
W0302 15:32:01.961623 29781 leader_election.cc:232] T 4129cb7b8c2b4cdcbcdee9f8ecb69ae7 P 892c1da145ed4847b1dfd57983516d8f [CANDIDATE]: Term 2 election: Tablet error from VoteRequest() call to peer 3e41e55c8a3a40e3bf81f862aaadfd20: Illegal state: Tablet not RUNNING: BOOTSTRAPPING
I0302 15:32:01.964082 29856 raft_consensus.cc:1136] T 4129cb7b8c2b4cdcbcdee9f8ecb69ae7 P 5748afe5294c41b89cbb67f8edbee2a1 [FOLLOWER]: Leader election vote request: Granting yes vote for candidate 892c1da145ed4847b1dfd57983516d8f in term 2.
I0302 15:32:01.964275 29781 leader_election.cc:308] T 4129cb7b8c2b4cdcbcdee9f8ecb69ae7 P 892c1da145ed4847b1dfd57983516d8f [CANDIDATE]: Term 2 election: Vote granted by peer 5748afe5294c41b89cbb67f8edbee2a1
I0302 15:32:01.964304 29781 leader_election.cc:281] T 4129cb7b8c2b4cdcbcdee9f8ecb69ae7 P 892c1da145ed4847b1dfd57983516d8f [CANDIDATE]: Term 2 election: Election decided. Result: candidate won.
I0302 15:32:01.964344 29781 raft_consensus.cc:1299] T 4129cb7b8c2b4cdcbcdee9f8ecb69ae7 P 892c1da145ed4847b1dfd57983516d8f [CANDIDATE]: Snoozing failure detection for an additional: 1.500s
I0302 15:32:01.964375 29781 raft_consensus.cc:1237] T 4129cb7b8c2b4cdcbcdee9f8ecb69ae7 P 892c1da145ed4847b1dfd57983516d8f [CANDIDATE]: Leader election won for term 2
I0302 15:32:01.964521 29781 raft_consensus.cc:361] T 4129cb7b8c2b4cdcbcdee9f8ecb69ae7 P 892c1da145ed4847b1dfd57983516d8f [LEADER]: Becoming Leader. State: Replica: 892c1da145ed4847b1dfd57983516d8f, State: 1, Role: LEADER Watermarks: {Received: term: 1 index: 10276 Committed: term: 1 index: 10276}
I0302 15:32:01.964563 29781 consensus_queue.cc:119] T 4129cb7b8c2b4cdcbcdee9f8ecb69ae7 P 892c1da145ed4847b1dfd57983516d8f [LEADER]: queue going to LEADER mode. State: All replicated op: 0.0, Majority replicated op: 1.10276, Committed index: 1.10276, Last appended: 1.10276, Current term: 2, Majority size: 2, State: 1, Mode: LEADER
W0302 15:32:01.965742 29977 raft_consensus_state.cc:477] T 4129cb7b8c2b4cdcbcdee9f8ecb69ae7 P 892c1da145ed4847b1dfd57983516d8f [LEADER]: Can't advance the committed index across term boundaries yet. Last committed operation was: term: 1 index: 10276 New majority replicated is: term: 1 index: 10276. Current term is: 2
I0302 15:32:01.970649 29826 tablet.cc:573] Flush: entering stage 1 (old memrowset already frozen for inserts)
I0302 15:32:01.970688 29826 compaction.cc:552] Selected 1 rowsets to compact:
I0302 15:32:01.970722 29826 compaction.cc:555] memrowset(current size on disk: ~0 bytes)
I0302 15:32:01.970742 29826 tablet.cc:575] Memstore in-memory size: 2039575 bytes
I0302 15:32:01.970782 29826 tablet.cc:878] Flush: entering phase 1 (flushing snapshot). Phase 1 snapshot: MvccSnapshot[committed={T|T < 30835 or (T in {30835})}]
I0302 15:32:01.972306 29826 multi_column_writer.cc:71] Opened CFile writer for column rand_key[uint64 NOT NULL]
I0302 15:32:01.972844 29826 multi_column_writer.cc:71] Opened CFile writer for column link_to[uint64 NOT NULL]
I0302 15:32:01.973242 29826 multi_column_writer.cc:71] Opened CFile writer for column insert_ts[uint64 NOT NULL]
I0302 15:32:01.973589 29826 multi_column_writer.cc:71] Opened CFile writer for column updated[bool NOT NULL]
I0302 15:32:01.982848 28280 linked_list-test-util.h:571] Table not yet ready: 0/517150 rows (status: Illegal state: Couldn't open scanner: Tablet not RUNNING: BOOTSTRAPPING)
I0302 15:32:02.005719 29832 tablet_bootstrap.cc:290] Tablet ad1251b8988446ffa0348b542d353bd4: Bootstrap replayed 2/2 log segments. Stats: ops{read=1798 overwritten=0 applied=1798} inserts{seen=30318 ignored=19474} mutations{seen=0 ignored=0} orphaned_commits=1. Pending: 0 replicates
I0302 15:32:02.005756 29832 tablet_bootstrap.cc:894] ReplayState: Previous OpId: 1.10274, Committed OpId: 1.10274, Pending Replicates: 0, Pending Commits: 0
I0302 15:32:02.009099 29832 tablet_bootstrap.cc:537] Renamed old recovery dir from: /data1/test-tmp/linked_list-test.LinkedListTest.TestLoadAndVerify.1425339087178522-28280/linked-list-cluster/ts-1/wals/ad1251b8988446ffa0348b542d353bd4.recovery to: /data1/test-tmp/linked_list-test.LinkedListTest.TestLoadAndVerify.1425339087178522-28280/linked-list-cluster/ts-1/wals/ad1251b8988446ffa0348b542d353bd4.recovery-1425339122009058
I0302 15:32:02.009814 29832 tablet_bootstrap.cc:540] --skip_remove_old_recovery_dir enabled. NOT removing /data1/test-tmp/linked_list-test.LinkedListTest.TestLoadAndVerify.1425339087178522-28280/linked-list-cluster/ts-1/wals/ad1251b8988446ffa0348b542d353bd4.recovery-1425339122009058
I0302 15:32:02.009865 29832 tablet_bootstrap.cc:290] Tablet ad1251b8988446ffa0348b542d353bd4: Bootstrap complete.
I0302 15:32:02.012228 29832 ts_tablet_manager.cc:319] Time spent tablet ad1251b8988446ffa0348b542d353bd4 bootstrap: real 1.807s user 0.832s sys 0.521s
I0302 15:32:02.014992 29832 raft_consensus.cc:194] T ad1251b8988446ffa0348b542d353bd4 P 5748afe5294c41b89cbb67f8edbee2a1 [FOLLOWER]: Replica starting. Triggering 0 pending transactions.
I0302 15:32:02.015044 29832 raft_consensus.cc:211] T ad1251b8988446ffa0348b542d353bd4 P 5748afe5294c41b89cbb67f8edbee2a1 [FOLLOWER]: Initializing failure detector for fast election at startup
I0302 15:32:02.015117 29832 raft_consensus.cc:399] T ad1251b8988446ffa0348b542d353bd4 P 5748afe5294c41b89cbb67f8edbee2a1 [FOLLOWER]: Becoming Follower/Learner. State: Replica: 5748afe5294c41b89cbb67f8edbee2a1, State: 1, Role: FOLLOWER Watermarks: {Received: term: 1 index: 10274 Committed: term: 1 index: 10274}
I0302 15:32:02.015172 29832 consensus_queue.cc:127] T ad1251b8988446ffa0348b542d353bd4 P 5748afe5294c41b89cbb67f8edbee2a1 [NON_LEADER]: queue going to NON_LEADER mode. State: All replicated op: 0.0, Majority replicated op: 0.0, Committed index: 0.0, Last appended: 1.10274, Current term: 0, Majority size: 1, State: 1, Mode: NON_LEADER
I0302 15:32:02.015282 29832 ts_tablet_manager.cc:339] Time spent starting tablet ad1251b8988446ffa0348b542d353bd4: real 0.003s user 0.002s sys 0.000s
I0302 15:32:02.023865 29826 delta_tracker.cc:69] Successfully opened UNDO delta file 8742962816284c9e8fad0726169d72bef11abc766bd346bf8310f49ad099ba21
I0302 15:32:02.023967 29826 tablet.cc:964] Flush: entering phase 2 (starting to duplicate updates in new rowsets)
I0302 15:32:02.024106 29826 tablet.cc:1026] Flush Phase 2: carrying over any updates which arrived during Phase 1
I0302 15:32:02.024127 29826 tablet.cc:1027] Phase 2 snapshot: MvccSnapshot[committed={T|T < 30835 or (T in {30835})}]
I0302 15:32:02.028902 29826 tablet.cc:1059] Flush successful on 11986 rows (304370 bytes)
I0302 15:32:02.029062 29826 maintenance_manager.cc:316] Time spent running FlushMRSOp(4129cb7b8c2b4cdcbcdee9f8ecb69ae7): real 0.059s user 0.014s sys 0.009s
I0302 15:32:02.041049 28280 linked_list-test-util.h:571] Table not yet ready: 0/517150 rows (status: Illegal state: Tablet not RUNNING: BOOTSTRAPPING)
I0302 15:32:02.062688 28280 linked_list-test-util.h:571] Table not yet ready: 0/517150 rows (status: Illegal state: Couldn't open scanner: Tablet not RUNNING: BOOTSTRAPPING)
I0302 15:32:02.084487 28280 linked_list-test-util.h:571] Table not yet ready: 0/517150 rows (status: Illegal state: Couldn't open scanner: Tablet not RUNNING: BOOTSTRAPPING)
I0302 15:32:02.099443 29884 tablet_bootstrap.cc:290] Tablet ad1251b8988446ffa0348b542d353bd4: Bootstrap replayed 2/2 log segments. Stats: ops{read=1798 overwritten=0 applied=1798} inserts{seen=30318 ignored=19769} mutations{seen=0 ignored=0} orphaned_commits=1. Pending: 0 replicates
I0302 15:32:02.099516 29884 tablet_bootstrap.cc:894] ReplayState: Previous OpId: 1.10274, Committed OpId: 1.10274, Pending Replicates: 0, Pending Commits: 0
I0302 15:32:02.103934 29885 tablet_bootstrap.cc:290] Tablet 4129cb7b8c2b4cdcbcdee9f8ecb69ae7: Bootstrap replayed 2/2 log segments. Stats: ops{read=1816 overwritten=0 applied=1816} inserts{seen=30364 ignored=18707} mutations{seen=0 ignored=0} orphaned_commits=1. Pending: 0 replicates
I0302 15:32:02.104002 29885 tablet_bootstrap.cc:894] ReplayState: Previous OpId: 1.10276, Committed OpId: 1.10276, Pending Replicates: 0, Pending Commits: 0
I0302 15:32:02.105988 28280 linked_list-test-util.h:571] Table not yet ready: 0/517150 rows (status: Illegal state: Couldn't open scanner: Tablet not RUNNING: BOOTSTRAPPING)
I0302 15:32:02.107075 29884 tablet_bootstrap.cc:537] Renamed old recovery dir from: /data1/test-tmp/linked_list-test.LinkedListTest.TestLoadAndVerify.1425339087178522-28280/linked-list-cluster/ts-2/wals/ad1251b8988446ffa0348b542d353bd4.recovery to: /data1/test-tmp/linked_list-test.LinkedListTest.TestLoadAndVerify.1425339087178522-28280/linked-list-cluster/ts-2/wals/ad1251b8988446ffa0348b542d353bd4.recovery-1425339122107037
I0302 15:32:02.107115 29884 tablet_bootstrap.cc:540] --skip_remove_old_recovery_dir enabled. NOT removing /data1/test-tmp/linked_list-test.LinkedListTest.TestLoadAndVerify.1425339087178522-28280/linked-list-cluster/ts-2/wals/ad1251b8988446ffa0348b542d353bd4.recovery-1425339122107037
I0302 15:32:02.107147 29884 tablet_bootstrap.cc:290] Tablet ad1251b8988446ffa0348b542d353bd4: Bootstrap complete.
I0302 15:32:02.108011 29884 ts_tablet_manager.cc:319] Time spent tablet ad1251b8988446ffa0348b542d353bd4 bootstrap: real 1.836s user 0.999s sys 0.741s
I0302 15:32:02.110018 29885 tablet_bootstrap.cc:537] Renamed old recovery dir from: /data1/test-tmp/linked_list-test.LinkedListTest.TestLoadAndVerify.1425339087178522-28280/linked-list-cluster/ts-2/wals/4129cb7b8c2b4cdcbcdee9f8ecb69ae7.recovery to: /data1/test-tmp/linked_list-test.LinkedListTest.TestLoadAndVerify.1425339087178522-28280/linked-list-cluster/ts-2/wals/4129cb7b8c2b4cdcbcdee9f8ecb69ae7.recovery-1425339122109968
I0302 15:32:02.110074 29885 tablet_bootstrap.cc:540] --skip_remove_old_recovery_dir enabled. NOT removing /data1/test-tmp/linked_list-test.LinkedListTest.TestLoadAndVerify.1425339087178522-28280/linked-list-cluster/ts-2/wals/4129cb7b8c2b4cdcbcdee9f8ecb69ae7.recovery-1425339122109968
I0302 15:32:02.110134 29885 tablet_bootstrap.cc:290] Tablet 4129cb7b8c2b4cdcbcdee9f8ecb69ae7: Bootstrap complete.
I0302 15:32:02.111246 29831 tablet_bootstrap.cc:290] Tablet 36005aaac18b4c70b2fc03d1382ca7c3: Bootstrap replayed 2/2 log segments. Stats: ops{read=1790 overwritten=0 applied=1790} inserts{seen=29933 ignored=16560} mutations{seen=0 ignored=0} orphaned_commits=2. Pending: 0 replicates
I0302 15:32:02.111273 29885 ts_tablet_manager.cc:319] Time spent tablet 4129cb7b8c2b4cdcbcdee9f8ecb69ae7 bootstrap: real 1.834s user 0.962s sys 0.730s
I0302 15:32:02.111310 29831 tablet_bootstrap.cc:894] ReplayState: Previous OpId: 1.10274, Committed OpId: 1.10274, Pending Replicates: 0, Pending Commits: 0
I0302 15:32:02.111968 29884 raft_consensus.cc:194] T ad1251b8988446ffa0348b542d353bd4 P 3e41e55c8a3a40e3bf81f862aaadfd20 [FOLLOWER]: Replica starting. Triggering 0 pending transactions.
I0302 15:32:02.112040 29884 raft_consensus.cc:211] T ad1251b8988446ffa0348b542d353bd4 P 3e41e55c8a3a40e3bf81f862aaadfd20 [FOLLOWER]: Initializing failure detector for fast election at startup
I0302 15:32:02.112179 29884 raft_consensus.cc:399] T ad1251b8988446ffa0348b542d353bd4 P 3e41e55c8a3a40e3bf81f862aaadfd20 [FOLLOWER]: Becoming Follower/Learner. State: Replica: 3e41e55c8a3a40e3bf81f862aaadfd20, State: 1, Role: FOLLOWER Watermarks: {Received: term: 1 index: 10274 Committed: term: 1 index: 10274}
I0302 15:32:02.112259 29884 consensus_queue.cc:127] T ad1251b8988446ffa0348b542d353bd4 P 3e41e55c8a3a40e3bf81f862aaadfd20 [NON_LEADER]: queue going to NON_LEADER mode. State: All replicated op: 0.0, Majority replicated op: 0.0, Committed index: 0.0, Last appended: 1.10274, Current term: 0, Majority size: 1, State: 1, Mode: NON_LEADER
I0302 15:32:02.112509 29884 ts_tablet_manager.cc:339] Time spent starting tablet ad1251b8988446ffa0348b542d353bd4: real 0.004s user 0.004s sys 0.000s
I0302 15:32:02.113085 29831 tablet_bootstrap.cc:537] Renamed old recovery dir from: /data1/test-tmp/linked_list-test.LinkedListTest.TestLoadAndVerify.1425339087178522-28280/linked-list-cluster/ts-1/wals/36005aaac18b4c70b2fc03d1382ca7c3.recovery to: /data1/test-tmp/linked_list-test.LinkedListTest.TestLoadAndVerify.1425339087178522-28280/linked-list-cluster/ts-1/wals/36005aaac18b4c70b2fc03d1382ca7c3.recovery-1425339122113046
I0302 15:32:02.113128 29831 tablet_bootstrap.cc:540] --skip_remove_old_recovery_dir enabled. NOT removing /data1/test-tmp/linked_list-test.LinkedListTest.TestLoadAndVerify.1425339087178522-28280/linked-list-cluster/ts-1/wals/36005aaac18b4c70b2fc03d1382ca7c3.recovery-1425339122113046
I0302 15:32:02.113163 29831 tablet_bootstrap.cc:290] Tablet 36005aaac18b4c70b2fc03d1382ca7c3: Bootstrap complete.
I0302 15:32:02.114143 29784 tablet_bootstrap.cc:290] Tablet ad1251b8988446ffa0348b542d353bd4: Bootstrap replayed 2/2 log segments. Stats: ops{read=1798 overwritten=0 applied=1798} inserts{seen=30318 ignored=9574} mutations{seen=0 ignored=0} orphaned_commits=1. Pending: 0 replicates
I0302 15:32:02.114158 29831 ts_tablet_manager.cc:319] Time spent tablet 36005aaac18b4c70b2fc03d1382ca7c3 bootstrap: real 1.913s user 0.913s sys 0.506s
I0302 15:32:02.114207 29784 tablet_bootstrap.cc:894] ReplayState: Previous OpId: 1.10274, Committed OpId: 1.10274, Pending Replicates: 0, Pending Commits: 0
I0302 15:32:02.114766 29885 raft_consensus.cc:194] T 4129cb7b8c2b4cdcbcdee9f8ecb69ae7 P 3e41e55c8a3a40e3bf81f862aaadfd20 [FOLLOWER]: Replica starting. Triggering 0 pending transactions.
I0302 15:32:02.114832 29885 raft_consensus.cc:211] T 4129cb7b8c2b4cdcbcdee9f8ecb69ae7 P 3e41e55c8a3a40e3bf81f862aaadfd20 [FOLLOWER]: Initializing failure detector for fast election at startup
I0302 15:32:02.114918 29885 raft_consensus.cc:399] T 4129cb7b8c2b4cdcbcdee9f8ecb69ae7 P 3e41e55c8a3a40e3bf81f862aaadfd20 [FOLLOWER]: Becoming Follower/Learner. State: Replica: 3e41e55c8a3a40e3bf81f862aaadfd20, State: 1, Role: FOLLOWER Watermarks: {Received: term: 1 index: 10276 Committed: term: 1 index: 10276}
I0302 15:32:02.114992 29885 consensus_queue.cc:127] T 4129cb7b8c2b4cdcbcdee9f8ecb69ae7 P 3e41e55c8a3a40e3bf81f862aaadfd20 [NON_LEADER]: queue going to NON_LEADER mode. State: All replicated op: 0.0, Majority replicated op: 0.0, Committed index: 0.0, Last appended: 1.10276, Current term: 0, Majority size: 1, State: 1, Mode: NON_LEADER
I0302 15:32:02.115119 29885 ts_tablet_manager.cc:339] Time spent starting tablet 4129cb7b8c2b4cdcbcdee9f8ecb69ae7: real 0.004s user 0.003s sys 0.001s
I0302 15:32:02.115331 29831 raft_consensus.cc:194] T 36005aaac18b4c70b2fc03d1382ca7c3 P 5748afe5294c41b89cbb67f8edbee2a1 [FOLLOWER]: Replica starting. Triggering 0 pending transactions.
I0302 15:32:02.115382 29831 raft_consensus.cc:211] T 36005aaac18b4c70b2fc03d1382ca7c3 P 5748afe5294c41b89cbb67f8edbee2a1 [FOLLOWER]: Initializing failure detector for fast election at startup
I0302 15:32:02.115444 29831 raft_consensus.cc:399] T 36005aaac18b4c70b2fc03d1382ca7c3 P 5748afe5294c41b89cbb67f8edbee2a1 [FOLLOWER]: Becoming Follower/Learner. State: Replica: 5748afe5294c41b89cbb67f8edbee2a1, State: 1, Role: FOLLOWER Watermarks: {Received: term: 1 index: 10274 Committed: term: 1 index: 10274}
I0302 15:32:02.115911 29831 consensus_queue.cc:127] T 36005aaac18b4c70b2fc03d1382ca7c3 P 5748afe5294c41b89cbb67f8edbee2a1 [NON_LEADER]: queue going to NON_LEADER mode. State: All replicated op: 0.0, Majority replicated op: 0.0, Committed index: 0.0, Last appended: 1.10274, Current term: 0, Majority size: 1, State: 1, Mode: NON_LEADER
I0302 15:32:02.116044 29831 ts_tablet_manager.cc:339] Time spent starting tablet 36005aaac18b4c70b2fc03d1382ca7c3: real 0.002s user 0.001s sys 0.000s
I0302 15:32:02.116255 29784 tablet_bootstrap.cc:537] Renamed old recovery dir from: /data1/test-tmp/linked_list-test.LinkedListTest.TestLoadAndVerify.1425339087178522-28280/linked-list-cluster/ts-0/wals/ad1251b8988446ffa0348b542d353bd4.recovery to: /data1/test-tmp/linked_list-test.LinkedListTest.TestLoadAndVerify.1425339087178522-28280/linked-list-cluster/ts-0/wals/ad1251b8988446ffa0348b542d353bd4.recovery-1425339122116215
I0302 15:32:02.116298 29784 tablet_bootstrap.cc:540] --skip_remove_old_recovery_dir enabled. NOT removing /data1/test-tmp/linked_list-test.LinkedListTest.TestLoadAndVerify.1425339087178522-28280/linked-list-cluster/ts-0/wals/ad1251b8988446ffa0348b542d353bd4.recovery-1425339122116215
I0302 15:32:02.116334 29784 tablet_bootstrap.cc:290] Tablet ad1251b8988446ffa0348b542d353bd4: Bootstrap complete.
I0302 15:32:02.117528 29784 ts_tablet_manager.cc:319] Time spent tablet ad1251b8988446ffa0348b542d353bd4 bootstrap: real 1.972s user 0.988s sys 0.619s
I0302 15:32:02.119704 29784 raft_consensus.cc:194] T ad1251b8988446ffa0348b542d353bd4 P 892c1da145ed4847b1dfd57983516d8f [FOLLOWER]: Replica starting. Triggering 0 pending transactions.
I0302 15:32:02.119760 29784 raft_consensus.cc:211] T ad1251b8988446ffa0348b542d353bd4 P 892c1da145ed4847b1dfd57983516d8f [FOLLOWER]: Initializing failure detector for fast election at startup
I0302 15:32:02.119839 29784 raft_consensus.cc:399] T ad1251b8988446ffa0348b542d353bd4 P 892c1da145ed4847b1dfd57983516d8f [FOLLOWER]: Becoming Follower/Learner. State: Replica: 892c1da145ed4847b1dfd57983516d8f, State: 1, Role: FOLLOWER Watermarks: {Received: term: 1 index: 10274 Committed: term: 1 index: 10274}
I0302 15:32:02.119894 29784 consensus_queue.cc:127] T ad1251b8988446ffa0348b542d353bd4 P 892c1da145ed4847b1dfd57983516d8f [NON_LEADER]: queue going to NON_LEADER mode. State: All replicated op: 0.0, Majority replicated op: 0.0, Committed index: 0.0, Last appended: 1.10274, Current term: 0, Majority size: 1, State: 1, Mode: NON_LEADER
I0302 15:32:02.120023 29784 ts_tablet_manager.cc:339] Time spent starting tablet ad1251b8988446ffa0348b542d353bd4: real 0.002s user 0.001s sys 0.001s
I0302 15:32:02.121842 29981 raft_consensus.cc:327] T ad1251b8988446ffa0348b542d353bd4 P 3e41e55c8a3a40e3bf81f862aaadfd20 [FOLLOWER]: Failure of peer election-timer detected. Triggering leader election
I0302 15:32:02.124193 29981 raft_consensus.cc:1299] T ad1251b8988446ffa0348b542d353bd4 P 3e41e55c8a3a40e3bf81f862aaadfd20 [CANDIDATE]: Snoozing failure detection for an additional: 1.500s
I0302 15:32:02.124318 29981 raft_consensus.cc:294] T ad1251b8988446ffa0348b542d353bd4 P 3e41e55c8a3a40e3bf81f862aaadfd20 [CANDIDATE]: Starting election with quorum: local: false peers { permanent_uuid: "892c1da145ed4847b1dfd57983516d8f" role: FOLLOWER last_known_addr { host: "127.0.0.1" port: 7050 } } peers { permanent_uuid: "3e41e55c8a3a40e3bf81f862aaadfd20" role: CANDIDATE last_known_addr { host: "127.0.0.1" port: 7052 } } peers { permanent_uuid: "5748afe5294c41b89cbb67f8edbee2a1" role: FOLLOWER last_known_addr { host: "127.0.0.1" port: 7051 } }
I0302 15:32:02.126396 29981 leader_election.cc:187] T ad1251b8988446ffa0348b542d353bd4 P 3e41e55c8a3a40e3bf81f862aaadfd20 [CANDIDATE]: Term 2 election: Requesting vote from peer 892c1da145ed4847b1dfd57983516d8f
I0302 15:32:02.126471 29981 leader_election.cc:187] T ad1251b8988446ffa0348b542d353bd4 P 3e41e55c8a3a40e3bf81f862aaadfd20 [CANDIDATE]: Term 2 election: Requesting vote from peer 5748afe5294c41b89cbb67f8edbee2a1
I0302 15:32:02.127605 29808 raft_consensus.cc:1336] T ad1251b8988446ffa0348b542d353bd4 P 892c1da145ed4847b1dfd57983516d8f [FOLLOWER]: Advancing to term 2
I0302 15:32:02.130509 29808 raft_consensus.cc:1299] T ad1251b8988446ffa0348b542d353bd4 P 892c1da145ed4847b1dfd57983516d8f [FOLLOWER]: Snoozing failure detection for an additional: 1.500s
I0302 15:32:02.132720 29857 raft_consensus.cc:1336] T ad1251b8988446ffa0348b542d353bd4 P 5748afe5294c41b89cbb67f8edbee2a1 [FOLLOWER]: Advancing to term 2
I0302 15:32:02.132761 29808 raft_consensus.cc:1136] T ad1251b8988446ffa0348b542d353bd4 P 892c1da145ed4847b1dfd57983516d8f [FOLLOWER]: Leader election vote request: Granting yes vote for candidate 3e41e55c8a3a40e3bf81f862aaadfd20 in term 2.
I0302 15:32:02.133186 29881 leader_election.cc:308] T ad1251b8988446ffa0348b542d353bd4 P 3e41e55c8a3a40e3bf81f862aaadfd20 [CANDIDATE]: Term 2 election: Vote granted by peer 892c1da145ed4847b1dfd57983516d8f
I0302 15:32:02.133245 29881 leader_election.cc:281] T ad1251b8988446ffa0348b542d353bd4 P 3e41e55c8a3a40e3bf81f862aaadfd20 [CANDIDATE]: Term 2 election: Election decided. Result: candidate won.
I0302 15:32:02.133318 29881 raft_consensus.cc:1299] T ad1251b8988446ffa0348b542d353bd4 P 3e41e55c8a3a40e3bf81f862aaadfd20 [CANDIDATE]: Snoozing failure detection for an additional: 1.500s
I0302 15:32:02.133363 29881 raft_consensus.cc:1237] T ad1251b8988446ffa0348b542d353bd4 P 3e41e55c8a3a40e3bf81f862aaadfd20 [CANDIDATE]: Leader election won for term 2
I0302 15:32:02.133543 29881 raft_consensus.cc:361] T ad1251b8988446ffa0348b542d353bd4 P 3e41e55c8a3a40e3bf81f862aaadfd20 [LEADER]: Becoming Leader. State: Replica: 3e41e55c8a3a40e3bf81f862aaadfd20, State: 1, Role: LEADER Watermarks: {Received: term: 1 index: 10274 Committed: term: 1 index: 10274}
I0302 15:32:02.133599 29881 consensus_queue.cc:119] T ad1251b8988446ffa0348b542d353bd4 P 3e41e55c8a3a40e3bf81f862aaadfd20 [LEADER]: queue going to LEADER mode. State: All replicated op: 0.0, Majority replicated op: 1.10274, Committed index: 1.10274, Last appended: 1.10274, Current term: 2, Majority size: 2, State: 1, Mode: LEADER
I0302 15:32:02.133630 29857 raft_consensus.cc:1299] T ad1251b8988446ffa0348b542d353bd4 P 5748afe5294c41b89cbb67f8edbee2a1 [FOLLOWER]: Snoozing failure detection for an additional: 1.500s
I0302 15:32:02.134575 29857 raft_consensus.cc:1136] T ad1251b8988446ffa0348b542d353bd4 P 5748afe5294c41b89cbb67f8edbee2a1 [FOLLOWER]: Leader election vote request: Granting yes vote for candidate 3e41e55c8a3a40e3bf81f862aaadfd20 in term 2.
W0302 15:32:02.134660 29988 raft_consensus_state.cc:477] T ad1251b8988446ffa0348b542d353bd4 P 3e41e55c8a3a40e3bf81f862aaadfd20 [LEADER]: Can't advance the committed index across term boundaries yet. Last committed operation was: term: 1 index: 10274 New majority replicated is: term: 1 index: 10274. Current term is: 2
I0302 15:32:02.134697 29881 leader_election.cc:308] T ad1251b8988446ffa0348b542d353bd4 P 3e41e55c8a3a40e3bf81f862aaadfd20 [CANDIDATE]: Term 2 election: Vote granted by peer 5748afe5294c41b89cbb67f8edbee2a1
I0302 15:32:02.152308 29883 tablet_bootstrap.cc:290] Tablet 36005aaac18b4c70b2fc03d1382ca7c3: Bootstrap replayed 2/2 log segments. Stats: ops{read=1790 overwritten=0 applied=1790} inserts{seen=29933 ignored=16857} mutations{seen=0 ignored=0} orphaned_commits=1. Pending: 0 replicates
I0302 15:32:02.152374 29883 tablet_bootstrap.cc:894] ReplayState: Previous OpId: 1.10274, Committed OpId: 1.10274, Pending Replicates: 0, Pending Commits: 0
I0302 15:32:02.153787 29883 tablet_bootstrap.cc:537] Renamed old recovery dir from: /data1/test-tmp/linked_list-test.LinkedListTest.TestLoadAndVerify.1425339087178522-28280/linked-list-cluster/ts-2/wals/36005aaac18b4c70b2fc03d1382ca7c3.recovery to: /data1/test-tmp/linked_list-test.LinkedListTest.TestLoadAndVerify.1425339087178522-28280/linked-list-cluster/ts-2/wals/36005aaac18b4c70b2fc03d1382ca7c3.recovery-1425339122153752
I0302 15:32:02.153821 29883 tablet_bootstrap.cc:540] --skip_remove_old_recovery_dir enabled. NOT removing /data1/test-tmp/linked_list-test.LinkedListTest.TestLoadAndVerify.1425339087178522-28280/linked-list-cluster/ts-2/wals/36005aaac18b4c70b2fc03d1382ca7c3.recovery-1425339122153752
I0302 15:32:02.153848 29883 tablet_bootstrap.cc:290] Tablet 36005aaac18b4c70b2fc03d1382ca7c3: Bootstrap complete.
I0302 15:32:02.154670 29883 ts_tablet_manager.cc:319] Time spent tablet 36005aaac18b4c70b2fc03d1382ca7c3 bootstrap: real 1.887s user 1.023s sys 0.754s
I0302 15:32:02.156394 29883 raft_consensus.cc:194] T 36005aaac18b4c70b2fc03d1382ca7c3 P 3e41e55c8a3a40e3bf81f862aaadfd20 [FOLLOWER]: Replica starting. Triggering 0 pending transactions.
I0302 15:32:02.156447 29883 raft_consensus.cc:211] T 36005aaac18b4c70b2fc03d1382ca7c3 P 3e41e55c8a3a40e3bf81f862aaadfd20 [FOLLOWER]: Initializing failure detector for fast election at startup
I0302 15:32:02.156517 29883 raft_consensus.cc:399] T 36005aaac18b4c70b2fc03d1382ca7c3 P 3e41e55c8a3a40e3bf81f862aaadfd20 [FOLLOWER]: Becoming Follower/Learner. State: Replica: 3e41e55c8a3a40e3bf81f862aaadfd20, State: 1, Role: FOLLOWER Watermarks: {Received: term: 1 index: 10274 Committed: term: 1 index: 10274}
I0302 15:32:02.156576 29883 consensus_queue.cc:127] T 36005aaac18b4c70b2fc03d1382ca7c3 P 3e41e55c8a3a40e3bf81f862aaadfd20 [NON_LEADER]: queue going to NON_LEADER mode. State: All replicated op: 0.0, Majority replicated op: 0.0, Committed index: 0.0, Last appended: 1.10274, Current term: 0, Majority size: 1, State: 1, Mode: NON_LEADER
I0302 15:32:02.156869 29883 ts_tablet_manager.cc:339] Time spent starting tablet 36005aaac18b4c70b2fc03d1382ca7c3: real 0.002s user 0.001s sys 0.000s
I0302 15:32:02.162045 29778 tablet.cc:573] Flush: entering stage 1 (old memrowset already frozen for inserts)
I0302 15:32:02.162076 29778 compaction.cc:552] Selected 1 rowsets to compact:
I0302 15:32:02.162096 29778 compaction.cc:555] memrowset(current size on disk: ~0 bytes)
I0302 15:32:02.162111 29778 tablet.cc:575] Memstore in-memory size: 2039575 bytes
I0302 15:32:02.162133 29778 tablet.cc:878] Flush: entering phase 1 (flushing snapshot). Phase 1 snapshot: MvccSnapshot[committed={T|T < 30900 or (T in {30900})}]
I0302 15:32:02.162633 29778 multi_column_writer.cc:71] Opened CFile writer for column rand_key[uint64 NOT NULL]
I0302 15:32:02.162945 29778 multi_column_writer.cc:71] Opened CFile writer for column link_to[uint64 NOT NULL]
I0302 15:32:02.163219 29778 multi_column_writer.cc:71] Opened CFile writer for column insert_ts[uint64 NOT NULL]
I0302 15:32:02.163507 29778 multi_column_writer.cc:71] Opened CFile writer for column updated[bool NOT NULL]
I0302 15:32:02.190914 28280 linked_list-test-util.h:656] Done collecting results (517150 rows in 57.7622ms)
I0302 15:32:02.220516 29826 tablet.cc:573] Flush: entering stage 1 (old memrowset already frozen for inserts)
I0302 15:32:02.220543 29826 compaction.cc:552] Selected 1 rowsets to compact:
I0302 15:32:02.220561 29826 compaction.cc:555] memrowset(current size on disk: ~0 bytes)
I0302 15:32:02.220571 29826 tablet.cc:575] Memstore in-memory size: 2039575 bytes
I0302 15:32:02.220589 29826 tablet.cc:878] Flush: entering phase 1 (flushing snapshot). Phase 1 snapshot: MvccSnapshot[committed={T|T < 31425 or (T in {31425})}]
I0302 15:32:02.221238 29826 multi_column_writer.cc:71] Opened CFile writer for column rand_key[uint64 NOT NULL]
I0302 15:32:02.222043 29826 multi_column_writer.cc:71] Opened CFile writer for column link_to[uint64 NOT NULL]
I0302 15:32:02.223927 29826 multi_column_writer.cc:71] Opened CFile writer for column insert_ts[uint64 NOT NULL]
I0302 15:32:02.224227 29968 raft_consensus.cc:327] T 36005aaac18b4c70b2fc03d1382ca7c3 P 892c1da145ed4847b1dfd57983516d8f [FOLLOWER]: Failure of peer election-timer detected. Triggering leader election
I0302 15:32:02.226196 29826 multi_column_writer.cc:71] Opened CFile writer for column updated[bool NOT NULL]
I0302 15:32:02.227665 29968 raft_consensus.cc:1299] T 36005aaac18b4c70b2fc03d1382ca7c3 P 892c1da145ed4847b1dfd57983516d8f [CANDIDATE]: Snoozing failure detection for an additional: 1.500s
I0302 15:32:02.227741 29968 raft_consensus.cc:294] T 36005aaac18b4c70b2fc03d1382ca7c3 P 892c1da145ed4847b1dfd57983516d8f [CANDIDATE]: Starting election with quorum: local: false peers { permanent_uuid: "892c1da145ed4847b1dfd57983516d8f" role: CANDIDATE last_known_addr { host: "127.0.0.1" port: 7050 } } peers { permanent_uuid: "3e41e55c8a3a40e3bf81f862aaadfd20" role: FOLLOWER last_known_addr { host: "127.0.0.1" port: 7052 } } peers { permanent_uuid: "5748afe5294c41b89cbb67f8edbee2a1" role: FOLLOWER last_known_addr { host: "127.0.0.1" port: 7051 } }
I0302 15:32:02.235790 29968 leader_election.cc:187] T 36005aaac18b4c70b2fc03d1382ca7c3 P 892c1da145ed4847b1dfd57983516d8f [CANDIDATE]: Term 2 election: Requesting vote from peer 3e41e55c8a3a40e3bf81f862aaadfd20
I0302 15:32:02.235847 29968 leader_election.cc:187] T 36005aaac18b4c70b2fc03d1382ca7c3 P 892c1da145ed4847b1dfd57983516d8f [CANDIDATE]: Term 2 election: Requesting vote from peer 5748afe5294c41b89cbb67f8edbee2a1
I0302 15:32:02.236114 29858 raft_consensus.cc:1336] T 36005aaac18b4c70b2fc03d1382ca7c3 P 5748afe5294c41b89cbb67f8edbee2a1 [FOLLOWER]: Advancing to term 2
I0302 15:32:02.236126 29911 raft_consensus.cc:1336] T 36005aaac18b4c70b2fc03d1382ca7c3 P 3e41e55c8a3a40e3bf81f862aaadfd20 [FOLLOWER]: Advancing to term 2
I0302 15:32:02.238454 29858 raft_consensus.cc:1299] T 36005aaac18b4c70b2fc03d1382ca7c3 P 5748afe5294c41b89cbb67f8edbee2a1 [FOLLOWER]: Snoozing failure detection for an additional: 1.500s
I0302 15:32:02.238457 29911 raft_consensus.cc:1299] T 36005aaac18b4c70b2fc03d1382ca7c3 P 3e41e55c8a3a40e3bf81f862aaadfd20 [FOLLOWER]: Snoozing failure detection for an additional: 1.500s
I0302 15:32:02.240469 29858 raft_consensus.cc:1136] T 36005aaac18b4c70b2fc03d1382ca7c3 P 5748afe5294c41b89cbb67f8edbee2a1 [FOLLOWER]: Leader election vote request: Granting yes vote for candidate 892c1da145ed4847b1dfd57983516d8f in term 2.
I0302 15:32:02.240489 29911 raft_consensus.cc:1136] T 36005aaac18b4c70b2fc03d1382ca7c3 P 3e41e55c8a3a40e3bf81f862aaadfd20 [FOLLOWER]: Leader election vote request: Granting yes vote for candidate 892c1da145ed4847b1dfd57983516d8f in term 2.
I0302 15:32:02.240680 29781 leader_election.cc:308] T 36005aaac18b4c70b2fc03d1382ca7c3 P 892c1da145ed4847b1dfd57983516d8f [CANDIDATE]: Term 2 election: Vote granted by peer 5748afe5294c41b89cbb67f8edbee2a1
I0302 15:32:02.240708 29781 leader_election.cc:281] T 36005aaac18b4c70b2fc03d1382ca7c3 P 892c1da145ed4847b1dfd57983516d8f [CANDIDATE]: Term 2 election: Election decided. Result: candidate won.
I0302 15:32:02.240743 29781 raft_consensus.cc:1299] T 36005aaac18b4c70b2fc03d1382ca7c3 P 892c1da145ed4847b1dfd57983516d8f [CANDIDATE]: Snoozing failure detection for an additional: 1.500s
I0302 15:32:02.240809 29781 raft_consensus.cc:1237] T 36005aaac18b4c70b2fc03d1382ca7c3 P 892c1da145ed4847b1dfd57983516d8f [CANDIDATE]: Leader election won for term 2
I0302 15:32:02.240967 29781 raft_consensus.cc:361] T 36005aaac18b4c70b2fc03d1382ca7c3 P 892c1da145ed4847b1dfd57983516d8f [LEADER]: Becoming Leader. State: Replica: 892c1da145ed4847b1dfd57983516d8f, State: 1, Role: LEADER Watermarks: {Received: term: 1 index: 10274 Committed: term: 1 index: 10274}
I0302 15:32:02.241014 29781 consensus_queue.cc:119] T 36005aaac18b4c70b2fc03d1382ca7c3 P 892c1da145ed4847b1dfd57983516d8f [LEADER]: queue going to LEADER mode. State: All replicated op: 0.0, Majority replicated op: 1.10274, Committed index: 1.10274, Last appended: 1.10274, Current term: 2, Majority size: 2, State: 1, Mode: LEADER
I0302 15:32:02.241762 29781 leader_election.cc:308] T 36005aaac18b4c70b2fc03d1382ca7c3 P 892c1da145ed4847b1dfd57983516d8f [CANDIDATE]: Term 2 election: Vote granted by peer 3e41e55c8a3a40e3bf81f862aaadfd20
W0302 15:32:02.241937 29999 raft_consensus_state.cc:477] T 36005aaac18b4c70b2fc03d1382ca7c3 P 892c1da145ed4847b1dfd57983516d8f [LEADER]: Can't advance the committed index across term boundaries yet. Last committed operation was: term: 1 index: 10274 New majority replicated is: term: 1 index: 10274. Current term is: 2
I0302 15:32:02.252480 29778 delta_tracker.cc:69] Successfully opened UNDO delta file cb8ec8ace5794df5bd0c9c859c1b8dea171b83c561774b4d8978141b2a2c76e8
I0302 15:32:02.252611 29778 tablet.cc:964] Flush: entering phase 2 (starting to duplicate updates in new rowsets)
I0302 15:32:02.252756 29778 tablet.cc:1026] Flush Phase 2: carrying over any updates which arrived during Phase 1
I0302 15:32:02.252779 29778 tablet.cc:1027] Phase 2 snapshot: MvccSnapshot[committed={T|T < 30900 or (T in {30900})}]
I0302 15:32:02.257235 29778 tablet.cc:1059] Flush successful on 12227 rows (310154 bytes)
I0302 15:32:02.257436 29778 maintenance_manager.cc:316] Time spent running FlushMRSOp(36005aaac18b4c70b2fc03d1382ca7c3): real 0.096s user 0.017s sys 0.003s
I0302 15:32:02.269847 28280 linked_list-test-util.h:585] Successfully verified 517150 rows
I0302 15:32:02.273289 28280 linked_list-test.cc:177] Killing TS: 892c1da145ed4847b1dfd57983516d8f, leader of tablet: 4129cb7b8c2b4cdcbcdee9f8ecb69ae7 and verifying that we can still read all results
I0302 15:32:02.273342 28280 external_mini_cluster.cc:446] Killing /data1/jenkins-workspace/kudu-gerrit/BUILD_TYPE/LEAKCHECK/label/kudu-gerrit-slaves/build/release/kudu-tablet_server with pid 29777
I0302 15:32:02.274961 29826 delta_tracker.cc:69] Successfully opened UNDO delta file 8742962816284c9e8fad0726169d72be35c6deaff23a4fa1a7f0dd6e1fad61aa
I0302 15:32:02.275061 29826 tablet.cc:964] Flush: entering phase 2 (starting to duplicate updates in new rowsets)
I0302 15:32:02.275192 29826 tablet.cc:1026] Flush Phase 2: carrying over any updates which arrived during Phase 1
I0302 15:32:02.275228 29826 tablet.cc:1027] Phase 2 snapshot: MvccSnapshot[committed={T|T < 31425 or (T in {31425})}]
I0302 15:32:02.280128 29826 tablet.cc:1059] Flush successful on 13373 rows (337658 bytes)
I0302 15:32:02.280257 29826 maintenance_manager.cc:316] Time spent running FlushMRSOp(36005aaac18b4c70b2fc03d1382ca7c3): real 0.060s user 0.015s sys 0.005s
I0302 15:32:02.289753 28547 linked_list-test-util.h:284] Curling URL http://127.0.0.1:41309/tablet-servers
I0302 15:32:02.319138 29878 tablet.cc:573] Flush: entering stage 1 (old memrowset already frozen for inserts)
I0302 15:32:02.319171 29878 compaction.cc:552] Selected 1 rowsets to compact:
I0302 15:32:02.319185 29878 compaction.cc:555] memrowset(current size on disk: ~0 bytes)
I0302 15:32:02.319195 29878 tablet.cc:575] Memstore in-memory size: 2039575 bytes
I0302 15:32:02.319222 29878 tablet.cc:878] Flush: entering phase 1 (flushing snapshot). Phase 1 snapshot: MvccSnapshot[committed={T|T < 31006 or (T in {31006})}]
I0302 15:32:02.319850 29878 multi_column_writer.cc:71] Opened CFile writer for column rand_key[uint64 NOT NULL]
I0302 15:32:02.320134 29878 multi_column_writer.cc:71] Opened CFile writer for column link_to[uint64 NOT NULL]
I0302 15:32:02.320411 29878 multi_column_writer.cc:71] Opened CFile writer for column insert_ts[uint64 NOT NULL]
I0302 15:32:02.320794 29878 multi_column_writer.cc:71] Opened CFile writer for column updated[bool NOT NULL]
I0302 15:32:02.328162 28280 linked_list-test-util.h:656] Done collecting results (517150 rows in 38.8875ms)
I0302 15:32:02.382591 29878 delta_tracker.cc:69] Successfully opened UNDO delta file c9cbc432f1724eaea323b101cf10d8b62d39fc392434431dad71818933282f76
I0302 15:32:02.382813 29878 tablet.cc:964] Flush: entering phase 2 (starting to duplicate updates in new rowsets)
I0302 15:32:02.383018 29878 tablet.cc:1026] Flush Phase 2: carrying over any updates which arrived during Phase 1
I0302 15:32:02.383069 29878 tablet.cc:1027] Phase 2 snapshot: MvccSnapshot[committed={T|T < 31006 or (T in {31006})}]
I0302 15:32:02.394246 29878 tablet.cc:1059] Flush successful on 13076 rows (330530 bytes)
I0302 15:32:02.394501 29878 maintenance_manager.cc:316] Time spent running FlushMRSOp(36005aaac18b4c70b2fc03d1382ca7c3): real 0.076s user 0.016s sys 0.005s
I0302 15:32:02.405431 28280 linked_list-test-util.h:585] Successfully verified 517150 rows
I0302 15:32:02.406158 28280 external_mini_cluster.cc:446] Killing /data1/jenkins-workspace/kudu-gerrit/BUILD_TYPE/LEAKCHECK/label/kudu-gerrit-slaves/build/release/kudu-tablet_server with pid 29825
I0302 15:32:02.415863 28280 external_mini_cluster.cc:446] Killing /data1/jenkins-workspace/kudu-gerrit/BUILD_TYPE/LEAKCHECK/label/kudu-gerrit-slaves/build/release/kudu-tablet_server with pid 29871
I0302 15:32:02.426208 28280 external_mini_cluster.cc:382] Running /data1/jenkins-workspace/kudu-gerrit/BUILD_TYPE/LEAKCHECK/label/kudu-gerrit-slaves/build/release/kudu-tablet_server kudu-tablet_server --tablet_server_wal_dir=/data1/test-tmp/linked_list-test.LinkedListTest.TestLoadAndVerify.1425339087178522-28280/linked-list-cluster/ts-0 --tablet_server_data_dirs=/data1/test-tmp/linked_list-test.LinkedListTest.TestLoadAndVerify.1425339087178522-28280/linked-list-cluster/ts-0 --tablet_server_rpc_bind_addresses=127.0.0.1:7050 --tablet_server_web_port=40132 --tablet_server_master_addrs=127.0.0.1:50914 --skip_remove_old_recovery_dir --enable_leader_failure_detection=true --tablet_server_rpc_bind_addresses=127.0.0.1:7050 --flush_threshold_mb=1 --log_segment_size_mb=1 --server_dump_info_path=/data1/test-tmp/linked_list-test.LinkedListTest.TestLoadAndVerify.1425339087178522-28280/linked-list-cluster/ts-0/info.pb --server_dump_info_format=pb --logtostderr --logbuflevel=-1 --webserver_interface=localhost WARNING: Perftools heap leak checker is active -- Performance may suffer
I0302 15:32:02.451899 30003 tablet_server_main.cc:38] Initializing tablet server...
I0302 15:32:02.453835 30003 fs_manager.cc:132] Opened local filesystem: /data1/test-tmp/linked_list-test.LinkedListTest.TestLoadAndVerify.1425339087178522-28280/linked-list-cluster/ts-0 uuid: "892c1da145ed4847b1dfd57983516d8f" format_stamp: "Formatted at 2015-03-02 23:31:27 on boost-static-burst-slave-cc0.vpc.cloudera.com"
I0302 15:32:02.456545 30003 ts_tablet_manager.cc:285] Loading master block 36005aaac18b4c70b2fc03d1382ca7c3
