I0219 21:02:59.648072 18449 rpc_server.cc:110] RPC server started. Bound to: 127.0.0.1:59226
I0219 21:02:59.648617 18449 webserver.cc:108] Starting webserver on 0.0.0.0:0
I0219 21:02:59.648733 18449 webserver.cc:117] Document root disabled
I0219 21:02:59.649507 18449 webserver.cc:197] Webserver started. Bound to: http://0.0.0.0:52644/
I0219 21:02:59.673554 20047 tablet_bootstrap.cc:290] Tablet 00000000000000000000000000000000: Bootstrap starting.
I0219 21:02:59.677551 20047 tablet_bootstrap.cc:387] No previous blocks or log segments found for tablet: 00000000000000000000000000000000 creating new one.
I0219 21:02:59.714498 20047 tablet_bootstrap.cc:290] Tablet 00000000000000000000000000000000: No bootstrap required, opened a new log
I0219 21:02:59.758831 20050 change_config_transaction.cc:129] T 00000000000000000000000000000000 P bf695c6bf23342528700b945916882a4: Configuration changed Changed from: opid_index: -1 local: true peers { permanent_uuid: "bf695c6bf23342528700b945916882a4" role: LEADER } Changed to: opid_index: 1 local: true peers { permanent_uuid: "bf695c6bf23342528700b945916882a4" role: LEADER }
I0219 21:02:59.759268 20047 sys_catalog.cc:268] T 00000000000000000000000000000000 P bf695c6bf23342528700b945916882a4 [sys.catalog]: configured and running, proceeding with master startup.
I0219 21:02:59.759274 20050 sys_catalog.cc:202] T 00000000000000000000000000000000 P bf695c6bf23342528700b945916882a4 [sys.catalog]: SysCatalogTable state changed. New quorum config:opid_index: 1 local: true peers { permanent_uuid: "bf695c6bf23342528700b945916882a4" role: LEADER }
I0219 21:02:59.761219 20050 sys_catalog.cc:205] T 00000000000000000000000000000000 P bf695c6bf23342528700b945916882a4 [sys.catalog]: This master's current role is: LEADER, previous role was: FOLLOWER
I0219 21:02:59.763442 20064 catalog_manager.cc:397] Loading tables and tablets metadata into memory...
I0219 21:02:59.826340 18449 fs_manager.cc:193] Generated new instance metadata in path /data1/test-tmp/ksck_remote-test.RemoteKsckTest.TestTableConsistency.1424408574588976-18449/minicluster-data/ts-0-root/instance: uuid: "24762863e7904854bc0111677b169201" format_stamp: "Formatted at 2015-02-20 05:02:59 on boost-static-burst-slave-1172.vpc.cloudera.com"
I0219 21:02:59.849529 18449 fs_manager.cc:131] Opened local filesystem: /data1/test-tmp/ksck_remote-test.RemoteKsckTest.TestTableConsistency.1424408574588976-18449/minicluster-data/ts-0-root uuid: "24762863e7904854bc0111677b169201" format_stamp: "Formatted at 2015-02-20 05:02:59 on boost-static-burst-slave-1172.vpc.cloudera.com"
I0219 21:02:59.876107 18449 rpc_server.cc:110] RPC server started. Bound to: 127.0.0.1:60547
I0219 21:02:59.876710 18449 webserver.cc:108] Starting webserver on 0.0.0.0:0
I0219 21:02:59.876826 18449 webserver.cc:117] Document root disabled
I0219 21:02:59.877646 18449 webserver.cc:197] Webserver started. Bound to: http://0.0.0.0:34431/
I0219 21:02:59.878207 18449 maintenance_manager.cc:111] MaintenanceManager: targeting memory size of 23.515860 GB
I0219 21:02:59.886924 20120 heartbeater.cc:219] Connected to a leader master server at 127.0.0.1:59226
I0219 21:02:59.887066 20120 heartbeater.cc:289] Registering TS with master...
I0219 21:02:59.887213 20120 heartbeater.cc:295] Sending a full tablet report to master...
I0219 21:02:59.888082 20022 ts_manager.cc:66] Registered new tablet server { permanent_uuid: "24762863e7904854bc0111677b169201" instance_seqno: 1424408579875301 } with Master
I0219 21:02:59.917155 18449 fs_manager.cc:193] Generated new instance metadata in path /data1/test-tmp/ksck_remote-test.RemoteKsckTest.TestTableConsistency.1424408574588976-18449/minicluster-data/ts-1-root/instance: uuid: "b1f1cbdf7d0649d9ac8ffdaaa4e75f15" format_stamp: "Formatted at 2015-02-20 05:02:59 on boost-static-burst-slave-1172.vpc.cloudera.com"
I0219 21:02:59.954041 18449 fs_manager.cc:131] Opened local filesystem: /data1/test-tmp/ksck_remote-test.RemoteKsckTest.TestTableConsistency.1424408574588976-18449/minicluster-data/ts-1-root uuid: "b1f1cbdf7d0649d9ac8ffdaaa4e75f15" format_stamp: "Formatted at 2015-02-20 05:02:59 on boost-static-burst-slave-1172.vpc.cloudera.com"
I0219 21:03:00.008872 18449 rpc_server.cc:110] RPC server started. Bound to: 127.0.0.1:35823
I0219 21:03:00.009419 18449 webserver.cc:108] Starting webserver on 0.0.0.0:0
I0219 21:03:00.009531 18449 webserver.cc:117] Document root disabled
I0219 21:03:00.010870 18449 webserver.cc:197] Webserver started. Bound to: http://0.0.0.0:54779/
I0219 21:03:00.012059 18449 maintenance_manager.cc:111] MaintenanceManager: targeting memory size of 23.515860 GB
I0219 21:03:00.017751 20169 heartbeater.cc:219] Connected to a leader master server at 127.0.0.1:59226
I0219 21:03:00.017922 20169 heartbeater.cc:289] Registering TS with master...
I0219 21:03:00.018103 20169 heartbeater.cc:295] Sending a full tablet report to master...
I0219 21:03:00.019322 20025 ts_manager.cc:66] Registered new tablet server { permanent_uuid: "b1f1cbdf7d0649d9ac8ffdaaa4e75f15" instance_seqno: 1424408580007333 } with Master
I0219 21:03:00.052701 18449 fs_manager.cc:193] Generated new instance metadata in path /data1/test-tmp/ksck_remote-test.RemoteKsckTest.TestTableConsistency.1424408574588976-18449/minicluster-data/ts-2-root/instance: uuid: "7b2410347ccc495b9ab91368eb08dcad" format_stamp: "Formatted at 2015-02-20 05:03:00 on boost-static-burst-slave-1172.vpc.cloudera.com"
I0219 21:03:00.082680 18449 fs_manager.cc:131] Opened local filesystem: /data1/test-tmp/ksck_remote-test.RemoteKsckTest.TestTableConsistency.1424408574588976-18449/minicluster-data/ts-2-root uuid: "7b2410347ccc495b9ab91368eb08dcad" format_stamp: "Formatted at 2015-02-20 05:03:00 on boost-static-burst-slave-1172.vpc.cloudera.com"
I0219 21:03:00.128952 18449 rpc_server.cc:110] RPC server started. Bound to: 127.0.0.1:43493
I0219 21:03:00.129324 18449 webserver.cc:108] Starting webserver on 0.0.0.0:0
I0219 21:03:00.129401 18449 webserver.cc:117] Document root disabled
I0219 21:03:00.130468 18449 webserver.cc:197] Webserver started. Bound to: http://0.0.0.0:36282/
I0219 21:03:00.131597 18449 maintenance_manager.cc:111] MaintenanceManager: targeting memory size of 23.515860 GB
I0219 21:03:00.136648 20215 heartbeater.cc:219] Connected to a leader master server at 127.0.0.1:59226
I0219 21:03:00.136863 20215 heartbeater.cc:289] Registering TS with master...
I0219 21:03:00.137099 20215 heartbeater.cc:295] Sending a full tablet report to master...
I0219 21:03:00.138234 20025 ts_manager.cc:66] Registered new tablet server { permanent_uuid: "7b2410347ccc495b9ab91368eb08dcad" instance_seqno: 1424408580127682 } with Master
I0219 21:03:00.138808 18449 mini_cluster.cc:276] 3 TS(s) registered with Master after 0.00585524s
I0219 21:03:00.150691 20032 catalog_manager.cc:562] CreateTable from {real_user=jenkins, eff_user=} at 127.0.0.1:34192: name: "ksck-test-table" schema { columns { name: "key" type: UINT32 is_key: true is_nullable: false encoding: AUTO_ENCODING compression: DEFAULT_COMPRESSION } columns { name: "int_val" type: UINT32 is_key: false is_nullable: false encoding: AUTO_ENCODING compression: DEFAULT_COMPRESSION } } pre_split_keys: "\000\000\000\000" pre_split_keys: "\000\000\000\001" num_replicas: 3
I0219 21:03:00.181020 20189 tablet_service.cc:389] Processing CreateTablet for tablet 8779f0797f3a4873b734f2da3cdf40b7 (table=ksck-test-table [id=465601cc46d84188851289da1a3681a3]), range=["", "\x00\x00\x00\x00"]
I0219 21:03:00.181504 20190 tablet_service.cc:389] Processing CreateTablet for tablet 160232a9df364ed6aa770e351dbde036 (table=ksck-test-table [id=465601cc46d84188851289da1a3681a3]), range=["\x00\x00\x00\x01", ""]
I0219 21:03:00.182366 20191 tablet_service.cc:389] Processing CreateTablet for tablet 51808f4979294e5b90477b8324ff8bfa (table=ksck-test-table [id=465601cc46d84188851289da1a3681a3]), range=["\x00\x00\x00\x00", "\x00\x00\x00\x01"]
I0219 21:03:00.193116 20099 tablet_service.cc:389] Processing CreateTablet for tablet 8779f0797f3a4873b734f2da3cdf40b7 (table=ksck-test-table [id=465601cc46d84188851289da1a3681a3]), range=["", "\x00\x00\x00\x00"]
I0219 21:03:00.193286 20100 tablet_service.cc:389] Processing CreateTablet for tablet 51808f4979294e5b90477b8324ff8bfa (table=ksck-test-table [id=465601cc46d84188851289da1a3681a3]), range=["\x00\x00\x00\x00", "\x00\x00\x00\x01"]
I0219 21:03:00.193470 20146 tablet_service.cc:389] Processing CreateTablet for tablet 8779f0797f3a4873b734f2da3cdf40b7 (table=ksck-test-table [id=465601cc46d84188851289da1a3681a3]), range=["", "\x00\x00\x00\x00"]
I0219 21:03:00.193714 20147 tablet_service.cc:389] Processing CreateTablet for tablet 160232a9df364ed6aa770e351dbde036 (table=ksck-test-table [id=465601cc46d84188851289da1a3681a3]), range=["\x00\x00\x00\x01", ""]
I0219 21:03:00.194044 20098 tablet_service.cc:389] Processing CreateTablet for tablet 160232a9df364ed6aa770e351dbde036 (table=ksck-test-table [id=465601cc46d84188851289da1a3681a3]), range=["\x00\x00\x00\x01", ""]
I0219 21:03:00.195133 20148 tablet_service.cc:389] Processing CreateTablet for tablet 51808f4979294e5b90477b8324ff8bfa (table=ksck-test-table [id=465601cc46d84188851289da1a3681a3]), range=["\x00\x00\x00\x00", "\x00\x00\x00\x01"]
I0219 21:03:00.260031 20191 ts_tablet_manager.cc:449] Registered tablet 51808f4979294e5b90477b8324ff8bfa
I0219 21:03:00.294311 20296 ts_tablet_manager.cc:314] Bootstrapping tablet: 51808f4979294e5b90477b8324ff8bfa
I0219 21:03:00.357206 20296 tablet_bootstrap.cc:290] Tablet 51808f4979294e5b90477b8324ff8bfa: Bootstrap starting.
I0219 21:03:00.366107 20296 tablet_bootstrap.cc:387] No previous blocks or log segments found for tablet: 51808f4979294e5b90477b8324ff8bfa creating new one.
I0219 21:03:00.530920 20189 ts_tablet_manager.cc:449] Registered tablet 8779f0797f3a4873b734f2da3cdf40b7
I0219 21:03:00.569402 20296 tablet_bootstrap.cc:290] Tablet 51808f4979294e5b90477b8324ff8bfa: No bootstrap required, opened a new log
I0219 21:03:00.571391 20296 ts_tablet_manager.cc:319] Time spent tablet 51808f4979294e5b90477b8324ff8bfa bootstrap: real 0.277s user 0.016s sys 0.013s
I0219 21:03:00.582393 20296 raft_consensus.cc:194] T 51808f4979294e5b90477b8324ff8bfa P 7b2410347ccc495b9ab91368eb08dcad [CANDIDATE]: Replica starting. Triggering 0 pending transactions.
I0219 21:03:00.633579 20408 ts_tablet_manager.cc:314] Bootstrapping tablet: 8779f0797f3a4873b734f2da3cdf40b7
I0219 21:03:00.664688 20099 ts_tablet_manager.cc:449] Registered tablet 8779f0797f3a4873b734f2da3cdf40b7
I0219 21:03:00.668587 20408 tablet_bootstrap.cc:290] Tablet 8779f0797f3a4873b734f2da3cdf40b7: Bootstrap starting.
I0219 21:03:00.729640 20408 tablet_bootstrap.cc:387] No previous blocks or log segments found for tablet: 8779f0797f3a4873b734f2da3cdf40b7 creating new one.
I0219 21:03:00.731060 20458 ts_tablet_manager.cc:314] Bootstrapping tablet: 8779f0797f3a4873b734f2da3cdf40b7
I0219 21:03:00.773618 20458 tablet_bootstrap.cc:290] Tablet 8779f0797f3a4873b734f2da3cdf40b7: Bootstrap starting.
I0219 21:03:00.788894 20458 tablet_bootstrap.cc:387] No previous blocks or log segments found for tablet: 8779f0797f3a4873b734f2da3cdf40b7 creating new one.
I0219 21:03:00.808789 20147 ts_tablet_manager.cc:449] Registered tablet 160232a9df364ed6aa770e351dbde036
I0219 21:03:00.817106 20408 tablet_bootstrap.cc:290] Tablet 8779f0797f3a4873b734f2da3cdf40b7: No bootstrap required, opened a new log
I0219 21:03:00.819511 20408 ts_tablet_manager.cc:319] Time spent tablet 8779f0797f3a4873b734f2da3cdf40b7 bootstrap: real 0.186s user 0.014s sys 0.010s
I0219 21:03:00.839953 20508 ts_tablet_manager.cc:314] Bootstrapping tablet: 160232a9df364ed6aa770e351dbde036
I0219 21:03:00.844363 20408 raft_consensus.cc:194] T 8779f0797f3a4873b734f2da3cdf40b7 P 7b2410347ccc495b9ab91368eb08dcad [FOLLOWER]: Replica starting. Triggering 0 pending transactions.
I0219 21:03:00.844801 20408 raft_consensus.cc:399] T 8779f0797f3a4873b734f2da3cdf40b7 P 7b2410347ccc495b9ab91368eb08dcad [FOLLOWER]: Becoming Follower/Learner. State: Replica: 7b2410347ccc495b9ab91368eb08dcad, State: 1, Role: FOLLOWER Watermarks: {Received: term: 0 index: 0 Committed: term: 0 index: 0}
I0219 21:03:00.847370 20408 consensus_queue.cc:127] T 8779f0797f3a4873b734f2da3cdf40b7 P 7b2410347ccc495b9ab91368eb08dcad [NON_LEADER]: queue going to NON_LEADER mode. State: All replicated op: 0.0, Majority replicated op: 0.0, Committed index: 0.0, Last appended: 0.0, Current term: 0, Majority size: 1, State: 1, Mode: NON_LEADER
I0219 21:03:00.851361 20148 ts_tablet_manager.cc:449] Registered tablet 51808f4979294e5b90477b8324ff8bfa
I0219 21:03:00.853871 20408 ts_tablet_manager.cc:339] Time spent starting tablet 8779f0797f3a4873b734f2da3cdf40b7: real 0.034s user 0.008s sys 0.002s
I0219 21:03:00.872191 20508 tablet_bootstrap.cc:290] Tablet 160232a9df364ed6aa770e351dbde036: Bootstrap starting.
I0219 21:03:00.875088 20458 tablet_bootstrap.cc:290] Tablet 8779f0797f3a4873b734f2da3cdf40b7: No bootstrap required, opened a new log
I0219 21:03:00.879184 20458 ts_tablet_manager.cc:319] Time spent tablet 8779f0797f3a4873b734f2da3cdf40b7 bootstrap: real 0.148s user 0.014s sys 0.010s
I0219 21:03:00.888578 20508 tablet_bootstrap.cc:387] No previous blocks or log segments found for tablet: 160232a9df364ed6aa770e351dbde036 creating new one.
I0219 21:03:00.899883 20458 raft_consensus.cc:194] T 8779f0797f3a4873b734f2da3cdf40b7 P 24762863e7904854bc0111677b169201 [CANDIDATE]: Replica starting. Triggering 0 pending transactions.
I0219 21:03:00.935272 20510 ts_tablet_manager.cc:314] Bootstrapping tablet: 51808f4979294e5b90477b8324ff8bfa
I0219 21:03:00.968139 20510 tablet_bootstrap.cc:290] Tablet 51808f4979294e5b90477b8324ff8bfa: Bootstrap starting.
I0219 21:03:00.986871 20510 tablet_bootstrap.cc:387] No previous blocks or log segments found for tablet: 51808f4979294e5b90477b8324ff8bfa creating new one.
I0219 21:03:00.990454 20508 tablet_bootstrap.cc:290] Tablet 160232a9df364ed6aa770e351dbde036: No bootstrap required, opened a new log
I0219 21:03:00.994400 20508 ts_tablet_manager.cc:319] Time spent tablet 160232a9df364ed6aa770e351dbde036 bootstrap: real 0.154s user 0.013s sys 0.012s
I0219 21:03:01.001696 20296 raft_consensus.cc:361] T 51808f4979294e5b90477b8324ff8bfa P 7b2410347ccc495b9ab91368eb08dcad [LEADER]: Becoming Leader. State: Replica: 7b2410347ccc495b9ab91368eb08dcad, State: 1, Role: LEADER Watermarks: {Received: term: 0 index: 0 Committed: term: 0 index: 0}
I0219 21:03:01.002413 20296 consensus_queue.cc:119] T 51808f4979294e5b90477b8324ff8bfa P 7b2410347ccc495b9ab91368eb08dcad [LEADER]: queue going to LEADER mode. State: All replicated op: 0.0, Majority replicated op: 0.0, Committed index: 0.0, Last appended: 0.0, Current term: 1, Majority size: 2, State: 1, Mode: LEADER
I0219 21:03:01.008663 20508 raft_consensus.cc:194] T 160232a9df364ed6aa770e351dbde036 P b1f1cbdf7d0649d9ac8ffdaaa4e75f15 [CANDIDATE]: Replica starting. Triggering 0 pending transactions.
I0219 21:03:01.016744 20190 ts_tablet_manager.cc:449] Registered tablet 160232a9df364ed6aa770e351dbde036
I0219 21:03:01.017307 20408 ts_tablet_manager.cc:314] Bootstrapping tablet: 160232a9df364ed6aa770e351dbde036
I0219 21:03:01.053982 20098 ts_tablet_manager.cc:449] Registered tablet 160232a9df364ed6aa770e351dbde036
I0219 21:03:01.055706 20510 tablet_bootstrap.cc:290] Tablet 51808f4979294e5b90477b8324ff8bfa: No bootstrap required, opened a new log
I0219 21:03:01.058646 20510 ts_tablet_manager.cc:319] Time spent tablet 51808f4979294e5b90477b8324ff8bfa bootstrap: real 0.123s user 0.014s sys 0.017s
I0219 21:03:01.069594 20408 tablet_bootstrap.cc:290] Tablet 160232a9df364ed6aa770e351dbde036: Bootstrap starting.
I0219 21:03:01.098258 20510 raft_consensus.cc:194] T 51808f4979294e5b90477b8324ff8bfa P b1f1cbdf7d0649d9ac8ffdaaa4e75f15 [FOLLOWER]: Replica starting. Triggering 0 pending transactions.
I0219 21:03:01.100623 20510 raft_consensus.cc:399] T 51808f4979294e5b90477b8324ff8bfa P b1f1cbdf7d0649d9ac8ffdaaa4e75f15 [FOLLOWER]: Becoming Follower/Learner. State: Replica: b1f1cbdf7d0649d9ac8ffdaaa4e75f15, State: 1, Role: FOLLOWER Watermarks: {Received: term: 0 index: 0 Committed: term: 0 index: 0}
I0219 21:03:01.101163 20510 consensus_queue.cc:127] T 51808f4979294e5b90477b8324ff8bfa P b1f1cbdf7d0649d9ac8ffdaaa4e75f15 [NON_LEADER]: queue going to NON_LEADER mode. State: All replicated op: 0.0, Majority replicated op: 0.0, Committed index: 0.0, Last appended: 0.0, Current term: 0, Majority size: 1, State: 1, Mode: NON_LEADER
I0219 21:03:01.106289 20510 ts_tablet_manager.cc:339] Time spent starting tablet 51808f4979294e5b90477b8324ff8bfa: real 0.047s user 0.003s sys 0.007s
I0219 21:03:01.114701 20408 tablet_bootstrap.cc:387] No previous blocks or log segments found for tablet: 160232a9df364ed6aa770e351dbde036 creating new one.
I0219 21:03:01.122151 20568 ts_tablet_manager.cc:314] Bootstrapping tablet: 160232a9df364ed6aa770e351dbde036
I0219 21:03:01.122870 20296 ts_tablet_manager.cc:339] Time spent starting tablet 51808f4979294e5b90477b8324ff8bfa: real 0.551s user 0.044s sys 0.023s
W0219 21:03:01.123090 20296 ts_tablet_manager.cc:373] Tablet startup for 51808f4979294e5b90477b8324ff8bfa took 551ms
W0219 21:03:01.125710 20575 raft_consensus_state.cc:477] T 51808f4979294e5b90477b8324ff8bfa P 7b2410347ccc495b9ab91368eb08dcad [LEADER]: Can't advance the committed index across term boundaries yet. Last committed operation was: term: 0 index: 0 New majority replicated is: term: 0 index: 0. Current term is: 1
W0219 21:03:01.123363 20296 ts_tablet_manager.cc:375] Trace: 0219 21:03:00.181108 (+ 0us) service_pool.cc:91] Inserting onto call queue 0219 21:03:00.182090 (+ 982us) service_pool.cc:152] Handling call 0219 21:03:00.183235 (+ 1145us) ts_tablet_manager.cc:203] Acquired tablet manager lock 0219 21:03:00.184393 (+ 1158us) ts_tablet_manager.cc:227] Creating new master block... 0219 21:03:00.184710 (+ 317us) tablet_metadata.cc:390] Writing metadata block 0219 21:03:00.196189 (+ 11479us) tablet_metadata.cc:334] Metadata flushed 0219 21:03:00.196413 (+ 224us) ts_tablet_manager.cc:240] Persisting new master block... 0219 21:03:00.294413 (+ 98000us) ts_tablet_manager.cc:315] Bootstrapping tablet 0219 21:03:00.295575 (+ 1162us) inbound_call.cc:90] Queueing success response 0219 21:03:00.462103 (+166528us) log.cc:726] Preallocating 67108864 byte segment in /data1/test-tmp/ksck_remote-test.RemoteKsckTest.TestTableConsistency.1424408574588976-18449/minicluster-data/ts-2-root/wals/51808f4979294e5b90477b8324ff8bfa/.tmp.newsegmentqGVkQH 0219 21:03:00.571642 (+109539us) ts_tablet_manager.cc:340] Initializing tablet peer 0219 21:03:00.571702 (+ 60us) tablet_peer.cc:109] Creating consensus instance 0219 21:03:00.581053 (+ 9351us) tablet_peer.cc:134] Starting instrumentation 0219 21:03:00.581254 (+ 201us) tablet_peer.cc:138] TabletPeer::Init() finished 0219 21:03:00.581350 (+ 96us) ts_tablet_manager.cc:354] Starting tablet peer 0219 21:03:00.581430 (+ 80us) tablet_peer.cc:145] Starting consensus 0219 21:03:01.078117 (+496687us) log.cc:352] Serialized 404 byte log entry Related trace: 0219 21:03:01.122405 (+ 0us) change_config_transaction.cc:69] PREPARE CHANGE CONFIG: Starting 0219 21:03:01.122602 (+ 197us) change_config_transaction.h:51] Acquiring the config sem.
I0219 21:03:01.134987 20568 tablet_bootstrap.cc:290] Tablet 160232a9df364ed6aa770e351dbde036: Bootstrap starting.
I0219 21:03:01.147871 20100 ts_tablet_manager.cc:449] Registered tablet 51808f4979294e5b90477b8324ff8bfa
I0219 21:03:01.159323 20568 tablet_bootstrap.cc:387] No previous blocks or log segments found for tablet: 160232a9df364ed6aa770e351dbde036 creating new one.
I0219 21:03:01.162605 20146 ts_tablet_manager.cc:449] Registered tablet 8779f0797f3a4873b734f2da3cdf40b7
I0219 21:03:01.163137 20510 ts_tablet_manager.cc:314] Bootstrapping tablet: 8779f0797f3a4873b734f2da3cdf40b7
I0219 21:03:01.181491 20581 ts_tablet_manager.cc:314] Bootstrapping tablet: 51808f4979294e5b90477b8324ff8bfa
I0219 21:03:01.187026 20510 tablet_bootstrap.cc:290] Tablet 8779f0797f3a4873b734f2da3cdf40b7: Bootstrap starting.
I0219 21:03:01.193898 20408 tablet_bootstrap.cc:290] Tablet 160232a9df364ed6aa770e351dbde036: No bootstrap required, opened a new log
I0219 21:03:01.196774 20408 ts_tablet_manager.cc:319] Time spent tablet 160232a9df364ed6aa770e351dbde036 bootstrap: real 0.179s user 0.012s sys 0.014s
I0219 21:03:01.199357 20458 raft_consensus.cc:361] T 8779f0797f3a4873b734f2da3cdf40b7 P 24762863e7904854bc0111677b169201 [LEADER]: Becoming Leader. State: Replica: 24762863e7904854bc0111677b169201, State: 1, Role: LEADER Watermarks: {Received: term: 0 index: 0 Committed: term: 0 index: 0}
I0219 21:03:01.199764 20458 consensus_queue.cc:119] T 8779f0797f3a4873b734f2da3cdf40b7 P 24762863e7904854bc0111677b169201 [LEADER]: queue going to LEADER mode. State: All replicated op: 0.0, Majority replicated op: 0.0, Committed index: 0.0, Last appended: 0.0, Current term: 1, Majority size: 2, State: 1, Mode: LEADER
I0219 21:03:01.203234 20568 tablet_bootstrap.cc:290] Tablet 160232a9df364ed6aa770e351dbde036: No bootstrap required, opened a new log
I0219 21:03:01.204577 20510 tablet_bootstrap.cc:387] No previous blocks or log segments found for tablet: 8779f0797f3a4873b734f2da3cdf40b7 creating new one.
I0219 21:03:01.206261 20568 ts_tablet_manager.cc:319] Time spent tablet 160232a9df364ed6aa770e351dbde036 bootstrap: real 0.084s user 0.013s sys 0.009s
I0219 21:03:01.207331 20581 tablet_bootstrap.cc:290] Tablet 51808f4979294e5b90477b8324ff8bfa: Bootstrap starting.
I0219 21:03:01.213382 20581 tablet_bootstrap.cc:387] No previous blocks or log segments found for tablet: 51808f4979294e5b90477b8324ff8bfa creating new one.
I0219 21:03:01.222651 20408 raft_consensus.cc:194] T 160232a9df364ed6aa770e351dbde036 P 7b2410347ccc495b9ab91368eb08dcad [FOLLOWER]: Replica starting. Triggering 0 pending transactions.
I0219 21:03:01.222918 20408 raft_consensus.cc:399] T 160232a9df364ed6aa770e351dbde036 P 7b2410347ccc495b9ab91368eb08dcad [FOLLOWER]: Becoming Follower/Learner. State: Replica: 7b2410347ccc495b9ab91368eb08dcad, State: 1, Role: FOLLOWER Watermarks: {Received: term: 0 index: 0 Committed: term: 0 index: 0}
I0219 21:03:01.223778 20408 consensus_queue.cc:127] T 160232a9df364ed6aa770e351dbde036 P 7b2410347ccc495b9ab91368eb08dcad [NON_LEADER]: queue going to NON_LEADER mode. State: All replicated op: 0.0, Majority replicated op: 0.0, Committed index: 0.0, Last appended: 0.0, Current term: 0, Majority size: 1, State: 1, Mode: NON_LEADER
I0219 21:03:01.227988 20568 raft_consensus.cc:194] T 160232a9df364ed6aa770e351dbde036 P 24762863e7904854bc0111677b169201 [FOLLOWER]: Replica starting. Triggering 0 pending transactions.
I0219 21:03:01.228411 20568 raft_consensus.cc:399] T 160232a9df364ed6aa770e351dbde036 P 24762863e7904854bc0111677b169201 [FOLLOWER]: Becoming Follower/Learner. State: Replica: 24762863e7904854bc0111677b169201, State: 1, Role: FOLLOWER Watermarks: {Received: term: 0 index: 0 Committed: term: 0 index: 0}
I0219 21:03:01.229372 20408 ts_tablet_manager.cc:339] Time spent starting tablet 160232a9df364ed6aa770e351dbde036: real 0.031s user 0.009s sys 0.001s
I0219 21:03:01.229346 20568 consensus_queue.cc:127] T 160232a9df364ed6aa770e351dbde036 P 24762863e7904854bc0111677b169201 [NON_LEADER]: queue going to NON_LEADER mode. State: All replicated op: 0.0, Majority replicated op: 0.0, Committed index: 0.0, Last appended: 0.0, Current term: 0, Majority size: 1, State: 1, Mode: NON_LEADER
I0219 21:03:01.230236 20568 ts_tablet_manager.cc:339] Time spent starting tablet 160232a9df364ed6aa770e351dbde036: real 0.024s user 0.007s sys 0.003s
I0219 21:03:01.235220 20508 raft_consensus.cc:361] T 160232a9df364ed6aa770e351dbde036 P b1f1cbdf7d0649d9ac8ffdaaa4e75f15 [LEADER]: Becoming Leader. State: Replica: b1f1cbdf7d0649d9ac8ffdaaa4e75f15, State: 1, Role: LEADER Watermarks: {Received: term: 0 index: 0 Committed: term: 0 index: 0}
I0219 21:03:01.235852 20508 consensus_queue.cc:119] T 160232a9df364ed6aa770e351dbde036 P b1f1cbdf7d0649d9ac8ffdaaa4e75f15 [LEADER]: queue going to LEADER mode. State: All replicated op: 0.0, Majority replicated op: 0.0, Committed index: 0.0, Last appended: 0.0, Current term: 1, Majority size: 2, State: 1, Mode: LEADER
I0219 21:03:01.237994 20458 ts_tablet_manager.cc:339] Time spent starting tablet 8779f0797f3a4873b734f2da3cdf40b7: real 0.359s user 0.037s sys 0.015s
I0219 21:03:01.240942 20510 tablet_bootstrap.cc:290] Tablet 8779f0797f3a4873b734f2da3cdf40b7: No bootstrap required, opened a new log
W0219 21:03:01.241580 20590 raft_consensus_state.cc:477] T 8779f0797f3a4873b734f2da3cdf40b7 P 24762863e7904854bc0111677b169201 [LEADER]: Can't advance the committed index across term boundaries yet. Last committed operation was: term: 0 index: 0 New majority replicated is: term: 0 index: 0. Current term is: 1
I0219 21:03:01.243376 20581 tablet_bootstrap.cc:290] Tablet 51808f4979294e5b90477b8324ff8bfa: No bootstrap required, opened a new log
I0219 21:03:01.245633 20581 ts_tablet_manager.cc:319] Time spent tablet 51808f4979294e5b90477b8324ff8bfa bootstrap: real 0.064s user 0.014s sys 0.010s
I0219 21:03:01.247464 20510 ts_tablet_manager.cc:319] Time spent tablet 8779f0797f3a4873b734f2da3cdf40b7 bootstrap: real 0.084s user 0.016s sys 0.007s
I0219 21:03:01.253437 18449 ksck_remote-test.cc:140] Consistency check attempt 1...
W0219 21:03:01.254021 20595 raft_consensus_state.cc:477] T 160232a9df364ed6aa770e351dbde036 P b1f1cbdf7d0649d9ac8ffdaaa4e75f15 [LEADER]: Can't advance the committed index across term boundaries yet. Last committed operation was: term: 0 index: 0 New majority replicated is: term: 0 index: 0. Current term is: 1
I0219 21:03:01.254359 20508 ts_tablet_manager.cc:339] Time spent starting tablet 160232a9df364ed6aa770e351dbde036: real 0.260s user 0.037s sys 0.021s
I0219 21:03:01.258072 20581 raft_consensus.cc:194] T 51808f4979294e5b90477b8324ff8bfa P 24762863e7904854bc0111677b169201 [FOLLOWER]: Replica starting. Triggering 0 pending transactions.
I0219 21:03:01.258278 20581 raft_consensus.cc:399] T 51808f4979294e5b90477b8324ff8bfa P 24762863e7904854bc0111677b169201 [FOLLOWER]: Becoming Follower/Learner. State: Replica: 24762863e7904854bc0111677b169201, State: 1, Role: FOLLOWER Watermarks: {Received: term: 0 index: 0 Committed: term: 0 index: 0}
I0219 21:03:01.258604 20581 consensus_queue.cc:127] T 51808f4979294e5b90477b8324ff8bfa P 24762863e7904854bc0111677b169201 [NON_LEADER]: queue going to NON_LEADER mode. State: All replicated op: 0.0, Majority replicated op: 0.0, Committed index: 0.0, Last appended: 0.0, Current term: 0, Majority size: 1, State: 1, Mode: NON_LEADER
I0219 21:03:01.259342 20581 ts_tablet_manager.cc:339] Time spent starting tablet 51808f4979294e5b90477b8324ff8bfa: real 0.014s user 0.006s sys 0.001s
I0219 21:03:01.260298 20510 raft_consensus.cc:194] T 8779f0797f3a4873b734f2da3cdf40b7 P b1f1cbdf7d0649d9ac8ffdaaa4e75f15 [FOLLOWER]: Replica starting. Triggering 0 pending transactions.
I0219 21:03:01.260504 20510 raft_consensus.cc:399] T 8779f0797f3a4873b734f2da3cdf40b7 P b1f1cbdf7d0649d9ac8ffdaaa4e75f15 [FOLLOWER]: Becoming Follower/Learner. State: Replica: b1f1cbdf7d0649d9ac8ffdaaa4e75f15, State: 1, Role: FOLLOWER Watermarks: {Received: term: 0 index: 0 Committed: term: 0 index: 0}
I0219 21:03:01.260886 20510 consensus_queue.cc:127] T 8779f0797f3a4873b734f2da3cdf40b7 P b1f1cbdf7d0649d9ac8ffdaaa4e75f15 [NON_LEADER]: queue going to NON_LEADER mode. State: All replicated op: 0.0, Majority replicated op: 0.0, Committed index: 0.0, Last appended: 0.0, Current term: 0, Majority size: 1, State: 1, Mode: NON_LEADER
I0219 21:03:01.261845 20510 ts_tablet_manager.cc:339] Time spent starting tablet 8779f0797f3a4873b734f2da3cdf40b7: real 0.014s user 0.004s sys 0.004s
I0219 21:03:01.551378 20108 raft_consensus.cc:1328] T 51808f4979294e5b90477b8324ff8bfa P 24762863e7904854bc0111677b169201 [FOLLOWER]: Advancing to term 1
I0219 21:03:01.556222 20108 raft_consensus.cc:634] T 51808f4979294e5b90477b8324ff8bfa P 24762863e7904854bc0111677b169201 [FOLLOWER]: Refusing update from remote peer 7b2410347ccc495b9ab91368eb08dcad: Log matching property violated. Preceding OpId in replica: term: 0 index: 0. Preceding OpId from leader: term: 1 index: 1.
I0219 21:03:01.557260 20176 consensus_queue.cc:428] T 51808f4979294e5b90477b8324ff8bfa P 7b2410347ccc495b9ab91368eb08dcad [LEADER]: Connected to new peer: Peer: 24762863e7904854bc0111677b169201, New: false, Last received: 0.0, Last sent , Last known committed idx: 0 Last exchange result: ERROR
I0219 21:03:01.568189 20575 raft_consensus_state.cc:470] T 51808f4979294e5b90477b8324ff8bfa P 7b2410347ccc495b9ab91368eb08dcad [LEADER]: Advanced the committed_index across terms. Last committed operation was: term: 0 index: 0 New committed index is: term: 1 index: 1
I0219 21:03:01.568956 20394 change_config_transaction.cc:129] T 51808f4979294e5b90477b8324ff8bfa P 7b2410347ccc495b9ab91368eb08dcad: Configuration changed Changed from: opid_index: -1 local: false peers { permanent_uuid: "7b2410347ccc495b9ab91368eb08dcad" role: CANDIDATE last_known_addr { host: "127.0.0.1" port: 43493 } } peers { permanent_uuid: "24762863e7904854bc0111677b169201" role: FOLLOWER last_known_addr { host: "127.0.0.1" port: 60547 } } peers { permanent_uuid: "b1f1cbdf7d0649d9ac8ffdaaa4e75f15" role: FOLLOWER last_known_addr { host: "127.0.0.1" port: 35823 } } Changed to: opid_index: 1 local: false peers { permanent_uuid: "7b2410347ccc495b9ab91368eb08dcad" role: LEADER last_known_addr { host: "127.0.0.1" port: 43493 } } peers { permanent_uuid: "24762863e7904854bc0111677b169201" role: FOLLOWER last_known_addr { host: "127.0.0.1" port: 60547 } } peers { permanent_uuid: "b1f1cbdf7d0649d9ac8ffdaaa4e75f15" role: FOLLOWER last_known_addr { host: "127.0.0.1" port: 35823 } }
I0219 21:03:01.577702 20025 catalog_manager.cc:1283] Tablet: 51808f4979294e5b90477b8324ff8bfa reported quorum change. New quorum: opid_index: 1 local: false peers { permanent_uuid: "7b2410347ccc495b9ab91368eb08dcad" role: LEADER last_known_addr { host: "127.0.0.1" port: 43493 } } peers { permanent_uuid: "24762863e7904854bc0111677b169201" role: FOLLOWER last_known_addr { host: "127.0.0.1" port: 60547 } } peers { permanent_uuid: "b1f1cbdf7d0649d9ac8ffdaaa4e75f15" role: FOLLOWER last_known_addr { host: "127.0.0.1" port: 35823 } }
I0219 21:03:01.612835 20156 raft_consensus.cc:1328] T 51808f4979294e5b90477b8324ff8bfa P b1f1cbdf7d0649d9ac8ffdaaa4e75f15 [FOLLOWER]: Advancing to term 1
I0219 21:03:01.617872 20156 raft_consensus.cc:634] T 51808f4979294e5b90477b8324ff8bfa P b1f1cbdf7d0649d9ac8ffdaaa4e75f15 [FOLLOWER]: Refusing update from remote peer 7b2410347ccc495b9ab91368eb08dcad: Log matching property violated. Preceding OpId in replica: term: 0 index: 0. Preceding OpId from leader: term: 1 index: 1.
I0219 21:03:01.618755 20175 consensus_queue.cc:428] T 51808f4979294e5b90477b8324ff8bfa P 7b2410347ccc495b9ab91368eb08dcad [LEADER]: Connected to new peer: Peer: b1f1cbdf7d0649d9ac8ffdaaa4e75f15, New: false, Last received: 0.0, Last sent , Last known committed idx: 0 Last exchange result: ERROR
I0219 21:03:01.631119 20551 change_config_transaction.cc:129] T 51808f4979294e5b90477b8324ff8bfa P b1f1cbdf7d0649d9ac8ffdaaa4e75f15: Configuration changed Changed from: opid_index: -1 local: false peers { permanent_uuid: "7b2410347ccc495b9ab91368eb08dcad" role: CANDIDATE last_known_addr { host: "127.0.0.1" port: 43493 } } peers { permanent_uuid: "24762863e7904854bc0111677b169201" role: FOLLOWER last_known_addr { host: "127.0.0.1" port: 60547 } } peers { permanent_uuid: "b1f1cbdf7d0649d9ac8ffdaaa4e75f15" role: FOLLOWER last_known_addr { host: "127.0.0.1" port: 35823 } } Changed to: opid_index: 1 local: false peers { permanent_uuid: "7b2410347ccc495b9ab91368eb08dcad" role: LEADER last_known_addr { host: "127.0.0.1" port: 43493 } } peers { permanent_uuid: "24762863e7904854bc0111677b169201" role: FOLLOWER last_known_addr { host: "127.0.0.1" port: 60547 } } peers { permanent_uuid: "b1f1cbdf7d0649d9ac8ffdaaa4e75f15" role: FOLLOWER last_known_addr { host: "127.0.0.1" port: 35823 } }
I0219 21:03:01.734603 20199 raft_consensus.cc:1328] T 8779f0797f3a4873b734f2da3cdf40b7 P 7b2410347ccc495b9ab91368eb08dcad [FOLLOWER]: Advancing to term 1
I0219 21:03:01.740231 20159 raft_consensus.cc:1328] T 8779f0797f3a4873b734f2da3cdf40b7 P b1f1cbdf7d0649d9ac8ffdaaa4e75f15 [FOLLOWER]: Advancing to term 1
I0219 21:03:01.741227 20199 raft_consensus.cc:634] T 8779f0797f3a4873b734f2da3cdf40b7 P 7b2410347ccc495b9ab91368eb08dcad [FOLLOWER]: Refusing update from remote peer 24762863e7904854bc0111677b169201: Log matching property violated. Preceding OpId in replica: term: 0 index: 0. Preceding OpId from leader: term: 1 index: 1.
I0219 21:03:01.742138 20082 consensus_queue.cc:428] T 8779f0797f3a4873b734f2da3cdf40b7 P 24762863e7904854bc0111677b169201 [LEADER]: Connected to new peer: Peer: 7b2410347ccc495b9ab91368eb08dcad, New: false, Last received: 0.0, Last sent , Last known committed idx: 0 Last exchange result: ERROR
I0219 21:03:01.754658 20202 raft_consensus.cc:1328] T 160232a9df364ed6aa770e351dbde036 P 7b2410347ccc495b9ab91368eb08dcad [FOLLOWER]: Advancing to term 1
I0219 21:03:01.768302 20110 raft_consensus.cc:1328] T 160232a9df364ed6aa770e351dbde036 P 24762863e7904854bc0111677b169201 [FOLLOWER]: Advancing to term 1
I0219 21:03:01.772759 20202 raft_consensus.cc:634] T 160232a9df364ed6aa770e351dbde036 P 7b2410347ccc495b9ab91368eb08dcad [FOLLOWER]: Refusing update from remote peer b1f1cbdf7d0649d9ac8ffdaaa4e75f15: Log matching property violated. Preceding OpId in replica: term: 0 index: 0. Preceding OpId from leader: term: 1 index: 1.
I0219 21:03:01.773624 20129 consensus_queue.cc:428] T 160232a9df364ed6aa770e351dbde036 P b1f1cbdf7d0649d9ac8ffdaaa4e75f15 [LEADER]: Connected to new peer: Peer: 7b2410347ccc495b9ab91368eb08dcad, New: false, Last received: 0.0, Last sent , Last known committed idx: 0 Last exchange result: ERROR
I0219 21:03:01.811962 20645 raft_consensus_state.cc:470] T 160232a9df364ed6aa770e351dbde036 P b1f1cbdf7d0649d9ac8ffdaaa4e75f15 [LEADER]: Advanced the committed_index across terms. Last committed operation was: term: 0 index: 0 New committed index is: term: 1 index: 1
I0219 21:03:01.812551 20529 change_config_transaction.cc:129] T 160232a9df364ed6aa770e351dbde036 P b1f1cbdf7d0649d9ac8ffdaaa4e75f15: Configuration changed Changed from: opid_index: -1 local: false peers { permanent_uuid: "7b2410347ccc495b9ab91368eb08dcad" role: FOLLOWER last_known_addr { host: "127.0.0.1" port: 43493 } } peers { permanent_uuid: "24762863e7904854bc0111677b169201" role: FOLLOWER last_known_addr { host: "127.0.0.1" port: 60547 } } peers { permanent_uuid: "b1f1cbdf7d0649d9ac8ffdaaa4e75f15" role: CANDIDATE last_known_addr { host: "127.0.0.1" port: 35823 } } Changed to: opid_index: 1 local: false peers { permanent_uuid: "7b2410347ccc495b9ab91368eb08dcad" role: FOLLOWER last_known_addr { host: "127.0.0.1" port: 43493 } } peers { permanent_uuid: "24762863e7904854bc0111677b169201" role: FOLLOWER last_known_addr { host: "127.0.0.1" port: 60547 } } peers { permanent_uuid: "b1f1cbdf7d0649d9ac8ffdaaa4e75f15" role: LEADER last_known_addr { host: "127.0.0.1" port: 35823 } }
I0219 21:03:01.845633 20021 catalog_manager.cc:1283] Tablet: 160232a9df364ed6aa770e351dbde036 reported quorum change. New quorum: opid_index: 1 local: false peers { permanent_uuid: "7b2410347ccc495b9ab91368eb08dcad" role: FOLLOWER last_known_addr { host: "127.0.0.1" port: 43493 } } peers { permanent_uuid: "24762863e7904854bc0111677b169201" role: FOLLOWER last_known_addr { host: "127.0.0.1" port: 60547 } } peers { permanent_uuid: "b1f1cbdf7d0649d9ac8ffdaaa4e75f15" role: LEADER last_known_addr { host: "127.0.0.1" port: 35823 } }
I0219 21:03:01.910200 20110 raft_consensus.cc:634] T 160232a9df364ed6aa770e351dbde036 P 24762863e7904854bc0111677b169201 [FOLLOWER]: Refusing update from remote peer b1f1cbdf7d0649d9ac8ffdaaa4e75f15: Log matching property violated. Preceding OpId in replica: term: 0 index: 0. Preceding OpId from leader: term: 1 index: 1.
I0219 21:03:01.911949 20132 consensus_queue.cc:428] T 160232a9df364ed6aa770e351dbde036 P b1f1cbdf7d0649d9ac8ffdaaa4e75f15 [LEADER]: Connected to new peer: Peer: 24762863e7904854bc0111677b169201, New: false, Last received: 0.0, Last sent , Last known committed idx: 0 Last exchange result: ERROR
I0219 21:03:01.930559 20159 raft_consensus.cc:634] T 8779f0797f3a4873b734f2da3cdf40b7 P b1f1cbdf7d0649d9ac8ffdaaa4e75f15 [FOLLOWER]: Refusing update from remote peer 24762863e7904854bc0111677b169201: Log matching property violated. Preceding OpId in replica: term: 0 index: 0. Preceding OpId from leader: term: 1 index: 1.
I0219 21:03:01.931728 20084 consensus_queue.cc:428] T 8779f0797f3a4873b734f2da3cdf40b7 P 24762863e7904854bc0111677b169201 [LEADER]: Connected to new peer: Peer: b1f1cbdf7d0649d9ac8ffdaaa4e75f15, New: false, Last received: 0.0, Last sent , Last known committed idx: 0 Last exchange result: ERROR
I0219 21:03:01.952536 20584 change_config_transaction.cc:129] T 160232a9df364ed6aa770e351dbde036 P 24762863e7904854bc0111677b169201: Configuration changed Changed from: opid_index: -1 local: false peers { permanent_uuid: "7b2410347ccc495b9ab91368eb08dcad" role: FOLLOWER last_known_addr { host: "127.0.0.1" port: 43493 } } peers { permanent_uuid: "24762863e7904854bc0111677b169201" role: FOLLOWER last_known_addr { host: "127.0.0.1" port: 60547 } } peers { permanent_uuid: "b1f1cbdf7d0649d9ac8ffdaaa4e75f15" role: CANDIDATE last_known_addr { host: "127.0.0.1" port: 35823 } } Changed to: opid_index: 1 local: false peers { permanent_uuid: "7b2410347ccc495b9ab91368eb08dcad" role: FOLLOWER last_known_addr { host: "127.0.0.1" port: 43493 } } peers { permanent_uuid: "24762863e7904854bc0111677b169201" role: FOLLOWER last_known_addr { host: "127.0.0.1" port: 60547 } } peers { permanent_uuid: "b1f1cbdf7d0649d9ac8ffdaaa4e75f15" role: LEADER last_known_addr { host: "127.0.0.1" port: 35823 } }
I0219 21:03:01.964740 20640 raft_consensus_state.cc:470] T 8779f0797f3a4873b734f2da3cdf40b7 P 24762863e7904854bc0111677b169201 [LEADER]: Advanced the committed_index across terms. Last committed operation was: term: 0 index: 0 New committed index is: term: 1 index: 1
I0219 21:03:01.964983 20509 change_config_transaction.cc:129] T 8779f0797f3a4873b734f2da3cdf40b7 P 24762863e7904854bc0111677b169201: Configuration changed Changed from: opid_index: -1 local: false peers { permanent_uuid: "7b2410347ccc495b9ab91368eb08dcad" role: FOLLOWER last_known_addr { host: "127.0.0.1" port: 43493 } } peers { permanent_uuid: "24762863e7904854bc0111677b169201" role: CANDIDATE last_known_addr { host: "127.0.0.1" port: 60547 } } peers { permanent_uuid: "b1f1cbdf7d0649d9ac8ffdaaa4e75f15" role: FOLLOWER last_known_addr { host: "127.0.0.1" port: 35823 } } Changed to: opid_index: 1 local: false peers { permanent_uuid: "7b2410347ccc495b9ab91368eb08dcad" role: FOLLOWER last_known_addr { host: "127.0.0.1" port: 43493 } } peers { permanent_uuid: "24762863e7904854bc0111677b169201" role: LEADER last_known_addr { host: "127.0.0.1" port: 60547 } } peers { permanent_uuid: "b1f1cbdf7d0649d9ac8ffdaaa4e75f15" role: FOLLOWER last_known_addr { host: "127.0.0.1" port: 35823 } }
I0219 21:03:01.983383 20021 catalog_manager.cc:1283] Tablet: 8779f0797f3a4873b734f2da3cdf40b7 reported quorum change. New quorum: opid_index: 1 local: false peers { permanent_uuid: "7b2410347ccc495b9ab91368eb08dcad" role: FOLLOWER last_known_addr { host: "127.0.0.1" port: 43493 } } peers { permanent_uuid: "24762863e7904854bc0111677b169201" role: LEADER last_known_addr { host: "127.0.0.1" port: 60547 } } peers { permanent_uuid: "b1f1cbdf7d0649d9ac8ffdaaa4e75f15" role: FOLLOWER last_known_addr { host: "127.0.0.1" port: 35823 } } INFO: Table ksck-test-table is HEALTHY INFO: The metadata for 1 tables is HEALTHY
I0219 21:03:02.019327 18449 tablet_server.cc:114] TabletServer shutting down...
I0219 21:03:02.056571 18449 ts_tablet_manager.cc:394] Shutting down tablet manager...
I0219 21:03:02.056721 18449 tablet_peer.cc:187] Initiating TabletPeer shutdown for tablet: 8779f0797f3a4873b734f2da3cdf40b7
I0219 21:03:02.056852 18449 maintenance_manager.cc:170] Unregistered op CompactRowSetsOp(8779f0797f3a4873b734f2da3cdf40b7)
I0219 21:03:02.056951 18449 raft_consensus.cc:983] T 8779f0797f3a4873b734f2da3cdf40b7 P 24762863e7904854bc0111677b169201 [LEADER]: Raft consensus shutting down.
I0219 21:03:02.057310 18449 consensus_peers.cc:211] T 8779f0797f3a4873b734f2da3cdf40b7 P 24762863e7904854bc0111677b169201: Closing peer: 7b2410347ccc495b9ab91368eb08dcad
I0219 21:03:02.058265 18449 consensus_peers.cc:211] T 8779f0797f3a4873b734f2da3cdf40b7 P 24762863e7904854bc0111677b169201: Closing peer: b1f1cbdf7d0649d9ac8ffdaaa4e75f15
I0219 21:03:02.058662 18449 raft_consensus_state.cc:365] T 8779f0797f3a4873b734f2da3cdf40b7 P 24762863e7904854bc0111677b169201 [LEADER]: Trying to abort 0 pending transactions.
I0219 21:03:02.058771 20083 messenger.cc:193] Service unavailable: service kudu.consensus.ConsensusService not registered on TabletServer
I0219 21:03:02.058967 18449 raft_consensus.cc:998] T 8779f0797f3a4873b734f2da3cdf40b7 P 24762863e7904854bc0111677b169201 [LEADER]: Raft consensus Shutdown!
W0219 21:03:02.059875 20176 consensus_peers.cc:189] T 51808f4979294e5b90477b8324ff8bfa P 7b2410347ccc495b9ab91368eb08dcad: Couldn't send request to peer 24762863e7904854bc0111677b169201 for tablet 51808f4979294e5b90477b8324ff8bfa Status: Remote error: Service unavailable: service kudu.consensus.ConsensusService not registered on TabletServer. Retrying in the next heartbeat period. Already tried 1 times.
I0219 21:03:02.062247 18449 tablet_peer.cc:187] Initiating TabletPeer shutdown for tablet: 51808f4979294e5b90477b8324ff8bfa
I0219 21:03:02.062373 18449 maintenance_manager.cc:170] Unregistered op CompactRowSetsOp(51808f4979294e5b90477b8324ff8bfa)
I0219 21:03:02.062475 18449 raft_consensus.cc:983] T 51808f4979294e5b90477b8324ff8bfa P 24762863e7904854bc0111677b169201 [FOLLOWER]: Raft consensus shutting down.
I0219 21:03:02.062613 18449 raft_consensus_state.cc:365] T 51808f4979294e5b90477b8324ff8bfa P 24762863e7904854bc0111677b169201 [FOLLOWER]: Trying to abort 1 pending transactions.
I0219 21:03:02.062712 18449 raft_consensus_state.cc:370] T 51808f4979294e5b90477b8324ff8bfa P 24762863e7904854bc0111677b169201 [FOLLOWER]: Aborting transaction as it isn't in flight: id { term: 1 index: 1 } op_type: CHANGE_CONFIG_OP change_config_request { tablet_id: "51808f4979294e5b90477b8324ff8bfa" old_config { opid_index: -1 local: false peers { permanent_uuid: "7b2410347ccc495b9ab91368eb08dcad" role: CANDIDATE last_known_addr { host: "127.0.0.1" port: 43493 } } peers { permanent_uuid: "24762863e7904854bc0111677b169201" role: FOLLOWER last_known_addr { host: "127.0.0.1" port: 60547 } } peers { permanent_uuid: "b1f1cbdf7d0649d9ac8ffdaaa4e75f15" role: FOLLOWER last_known_addr { host: "127.0.0.1" port: 35823 } } } new_config { local: false peers { permanent_uuid: "7b2410347ccc495b9ab91368eb08dcad" role: LEADER last_known_addr { host: "127.0.0.1" port: 43493 } } peers { permanent_uuid: "24762863e7904854bc0111677b169201" role: FOLLOWER last_known_addr { host: "127.0.0.1" port: 60547 } } peers { permanent_uuid: "b1f1cbdf7d0649d9ac8ffdaaa4e75f15" role: FOLLOWER last_known_addr { host: "127.0.0.1" port: 35823 } } } }
I0219 21:03:02.063333 20687 change_config_transaction.cc:129] T 51808f4979294e5b90477b8324ff8bfa P 24762863e7904854bc0111677b169201: Configuration changed Changed from: opid_index: -1 local: false peers { permanent_uuid: "7b2410347ccc495b9ab91368eb08dcad" role: CANDIDATE last_known_addr { host: "127.0.0.1" port: 43493 } } peers { permanent_uuid: "24762863e7904854bc0111677b169201" role: FOLLOWER last_known_addr { host: "127.0.0.1" port: 60547 } } peers { permanent_uuid: "b1f1cbdf7d0649d9ac8ffdaaa4e75f15" role: FOLLOWER last_known_addr { host: "127.0.0.1" port: 35823 } } Changed to: opid_index: 1 local: false peers { permanent_uuid: "7b2410347ccc495b9ab91368eb08dcad" role: LEADER last_known_addr { host: "127.0.0.1" port: 43493 } } peers { permanent_uuid: "24762863e7904854bc0111677b169201" role: FOLLOWER last_known_addr { host: "127.0.0.1" port: 60547 } } peers { permanent_uuid: "b1f1cbdf7d0649d9ac8ffdaaa4e75f15" role: FOLLOWER last_known_addr { host: "127.0.0.1" port: 35823 } }
I0219 21:03:02.064285 18449 raft_consensus.cc:998] T 51808f4979294e5b90477b8324ff8bfa P 24762863e7904854bc0111677b169201 [FOLLOWER]: Raft consensus Shutdown!
I0219 21:03:02.065088 18449 tablet_peer.cc:187] Initiating TabletPeer shutdown for tablet: 160232a9df364ed6aa770e351dbde036
I0219 21:03:02.065198 18449 maintenance_manager.cc:170] Unregistered op CompactRowSetsOp(160232a9df364ed6aa770e351dbde036)
I0219 21:03:02.065306 18449 raft_consensus.cc:983] T 160232a9df364ed6aa770e351dbde036 P 24762863e7904854bc0111677b169201 [FOLLOWER]: Raft consensus shutting down.
I0219 21:03:02.065565 18449 raft_consensus_state.cc:365] T 160232a9df364ed6aa770e351dbde036 P 24762863e7904854bc0111677b169201 [FOLLOWER]: Trying to abort 0 pending transactions.
I0219 21:03:02.065670 18449 raft_consensus.cc:998] T 160232a9df364ed6aa770e351dbde036 P 24762863e7904854bc0111677b169201 [FOLLOWER]: Raft consensus Shutdown!
I0219 21:03:02.069923 18449 maintenance_manager.cc:170] Unregistered op FlushMRSOp(8779f0797f3a4873b734f2da3cdf40b7)
I0219 21:03:02.070094 18449 maintenance_manager.cc:170] Unregistered op FlushDeltaMemStoresOp(8779f0797f3a4873b734f2da3cdf40b7)
I0219 21:03:02.070247 18449 maintenance_manager.cc:170] Unregistered op LogGCOp(8779f0797f3a4873b734f2da3cdf40b7)
I0219 21:03:02.071738 18449 maintenance_manager.cc:170] Unregistered op FlushMRSOp(51808f4979294e5b90477b8324ff8bfa)
I0219 21:03:02.071885 18449 maintenance_manager.cc:170] Unregistered op FlushDeltaMemStoresOp(51808f4979294e5b90477b8324ff8bfa)
I0219 21:03:02.072233 18449 maintenance_manager.cc:170] Unregistered op LogGCOp(51808f4979294e5b90477b8324ff8bfa)
I0219 21:03:02.073576 18449 maintenance_manager.cc:170] Unregistered op FlushMRSOp(160232a9df364ed6aa770e351dbde036)
I0219 21:03:02.073729 18449 maintenance_manager.cc:170] Unregistered op FlushDeltaMemStoresOp(160232a9df364ed6aa770e351dbde036)
I0219 21:03:02.073876 18449 maintenance_manager.cc:170] Unregistered op LogGCOp(160232a9df364ed6aa770e351dbde036)
I0219 21:03:02.075287 18449 tablet_server.cc:123] TabletServer shut down complete. Bye!
I0219 21:03:02.075364 18449 tablet_server.cc:114] TabletServer shutting down...
I0219 21:03:02.075479 18449 tablet_server.cc:123] TabletServer shut down complete. Bye!
I0219 21:03:02.080994 18449 tablet_server.cc:114] TabletServer shutting down...
I0219 21:03:02.101351 18449 ts_tablet_manager.cc:394] Shutting down tablet manager...
I0219 21:03:02.101563 18449 tablet_peer.cc:187] Initiating TabletPeer shutdown for tablet: 8779f0797f3a4873b734f2da3cdf40b7
I0219 21:03:02.102430 18449 maintenance_manager.cc:170] Unregistered op CompactRowSetsOp(8779f0797f3a4873b734f2da3cdf40b7)
I0219 21:03:02.102583 18449 raft_consensus.cc:983] T 8779f0797f3a4873b734f2da3cdf40b7 P b1f1cbdf7d0649d9ac8ffdaaa4e75f15 [FOLLOWER]: Raft consensus shutting down.
I0219 21:03:02.102790 18449 raft_consensus_state.cc:365] T 8779f0797f3a4873b734f2da3cdf40b7 P b1f1cbdf7d0649d9ac8ffdaaa4e75f15 [FOLLOWER]: Trying to abort 1 pending transactions.
I0219 21:03:02.102933 18449 raft_consensus_state.cc:370] T 8779f0797f3a4873b734f2da3cdf40b7 P b1f1cbdf7d0649d9ac8ffdaaa4e75f15 [FOLLOWER]: Aborting transaction as it isn't in flight: id { term: 1 index: 1 } op_type: CHANGE_CONFIG_OP change_config_request { tablet_id: "8779f0797f3a4873b734f2da3cdf40b7" old_config { opid_index: -1 local: false peers { permanent_uuid: "7b2410347ccc495b9ab91368eb08dcad" role: FOLLOWER last_known_addr { host: "127.0.0.1" port: 43493 } } peers { permanent_uuid: "24762863e7904854bc0111677b169201" role: CANDIDATE last_known_addr { host: "127.0.0.1" port: 60547 } } peers { permanent_uuid: "b1f1cbdf7d0649d9ac8ffdaaa4e75f15" role: FOLLOWER last_known_addr { host: "127.0.0.1" port: 35823 } } } new_config { local: false peers { permanent_uuid: "7b2410347ccc495b9ab91368eb08dcad" role: FOLLOWER last_known_addr { host: "127.0.0.1" port: 43493 } } peers { permanent_uuid: "24762863e7904854bc0111677b169201" role: LEADER last_known_addr { host: "127.0.0.1" port: 60547 } } peers { permanent_uuid: "b1f1cbdf7d0649d9ac8ffdaaa4e75f15" role: FOLLOWER last_known_addr { host: "127.0.0.1" port: 35823 } } } }
I0219 21:03:02.103850 20607 change_config_transaction.cc:129] T 8779f0797f3a4873b734f2da3cdf40b7 P b1f1cbdf7d0649d9ac8ffdaaa4e75f15: Configuration changed Changed from: opid_index: -1 local: false peers { permanent_uuid: "7b2410347ccc495b9ab91368eb08dcad" role: FOLLOWER last_known_addr { host: "127.0.0.1" port: 43493 } } peers { permanent_uuid: "24762863e7904854bc0111677b169201" role: CANDIDATE last_known_addr { host: "127.0.0.1" port: 60547 } } peers { permanent_uuid: "b1f1cbdf7d0649d9ac8ffdaaa4e75f15" role: FOLLOWER last_known_addr { host: "127.0.0.1" port: 35823 } } Changed to: opid_index: 1 local: false peers { permanent_uuid: "7b2410347ccc495b9ab91368eb08dcad" role: FOLLOWER last_known_addr { host: "127.0.0.1" port: 43493 } } peers { permanent_uuid: "24762863e7904854bc0111677b169201" role: LEADER last_known_addr { host: "127.0.0.1" port: 60547 } } peers { permanent_uuid: "b1f1cbdf7d0649d9ac8ffdaaa4e75f15" role: FOLLOWER last_known_addr { host: "127.0.0.1" port: 35823 } }
I0219 21:03:02.104399 18449 raft_consensus.cc:998] T 8779f0797f3a4873b734f2da3cdf40b7 P b1f1cbdf7d0649d9ac8ffdaaa4e75f15 [FOLLOWER]: Raft consensus Shutdown!
I0219 21:03:02.106622 18449 tablet_peer.cc:187] Initiating TabletPeer shutdown for tablet: 51808f4979294e5b90477b8324ff8bfa
I0219 21:03:02.106806 18449 maintenance_manager.cc:170] Unregistered op CompactRowSetsOp(51808f4979294e5b90477b8324ff8bfa)
I0219 21:03:02.106969 18449 raft_consensus.cc:983] T 51808f4979294e5b90477b8324ff8bfa P b1f1cbdf7d0649d9ac8ffdaaa4e75f15 [FOLLOWER]: Raft consensus shutting down.
