I0219 21:02:57.489636 18449 fs_manager.cc:193] Generated new instance metadata in path /data1/test-tmp/ksck_remote-test.RemoteKsckTest.TestTabletServersOk.1424408574588976-18449/minicluster-data/master-0-root/instance: uuid: "4417bee36eae44ad81fd4a8ca19b1b58" format_stamp: "Formatted at 2015-02-20 05:02:57 on boost-static-burst-slave-1172.vpc.cloudera.com"
I0219 21:02:57.507207 18449 fs_manager.cc:131] Opened local filesystem: /data1/test-tmp/ksck_remote-test.RemoteKsckTest.TestTabletServersOk.1424408574588976-18449/minicluster-data/master-0-root uuid: "4417bee36eae44ad81fd4a8ca19b1b58" format_stamp: "Formatted at 2015-02-20 05:02:57 on boost-static-burst-slave-1172.vpc.cloudera.com"
I0219 21:02:57.530879 18449 rpc_server.cc:110] RPC server started. Bound to: 127.0.0.1:37391
I0219 21:02:57.531555 18449 webserver.cc:108] Starting webserver on 0.0.0.0:0
I0219 21:02:57.531672 18449 webserver.cc:117] Document root disabled
I0219 21:02:57.532439 18449 webserver.cc:197] Webserver started. Bound to: http://0.0.0.0:60496/
I0219 21:02:57.554369 19349 tablet_bootstrap.cc:290] Tablet 00000000000000000000000000000000: Bootstrap starting.
I0219 21:02:57.560340 19349 tablet_bootstrap.cc:387] No previous blocks or log segments found for tablet: 00000000000000000000000000000000 creating new one.
I0219 21:02:57.565799 19349 tablet_bootstrap.cc:290] Tablet 00000000000000000000000000000000: No bootstrap required, opened a new log
I0219 21:02:57.588019 19367 change_config_transaction.cc:129] T 00000000000000000000000000000000 P 4417bee36eae44ad81fd4a8ca19b1b58: Configuration changed Changed from: opid_index: -1 local: true peers { permanent_uuid: "4417bee36eae44ad81fd4a8ca19b1b58" role: LEADER } Changed to: opid_index: 1 local: true peers { permanent_uuid: "4417bee36eae44ad81fd4a8ca19b1b58" role: LEADER }
I0219 21:02:57.588474 19367 sys_catalog.cc:202] T 00000000000000000000000000000000 P 4417bee36eae44ad81fd4a8ca19b1b58 [sys.catalog]: SysCatalogTable state changed. New quorum config:opid_index: 1 local: true peers { permanent_uuid: "4417bee36eae44ad81fd4a8ca19b1b58" role: LEADER }
I0219 21:02:57.588731 19367 sys_catalog.cc:205] T 00000000000000000000000000000000 P 4417bee36eae44ad81fd4a8ca19b1b58 [sys.catalog]: This master's current role is: LEADER, previous role was: FOLLOWER
I0219 21:02:57.588757 19349 sys_catalog.cc:268] T 00000000000000000000000000000000 P 4417bee36eae44ad81fd4a8ca19b1b58 [sys.catalog]: configured and running, proceeding with master startup.
I0219 21:02:57.591213 19390 catalog_manager.cc:397] Loading tables and tablets metadata into memory...
I0219 21:02:57.631036 18449 fs_manager.cc:193] Generated new instance metadata in path /data1/test-tmp/ksck_remote-test.RemoteKsckTest.TestTabletServersOk.1424408574588976-18449/minicluster-data/ts-0-root/instance: uuid: "f094cd13cf8c48fcadfd7dfd3976a398" format_stamp: "Formatted at 2015-02-20 05:02:57 on boost-static-burst-slave-1172.vpc.cloudera.com"
I0219 21:02:57.659009 18449 fs_manager.cc:131] Opened local filesystem: /data1/test-tmp/ksck_remote-test.RemoteKsckTest.TestTabletServersOk.1424408574588976-18449/minicluster-data/ts-0-root uuid: "f094cd13cf8c48fcadfd7dfd3976a398" format_stamp: "Formatted at 2015-02-20 05:02:57 on boost-static-burst-slave-1172.vpc.cloudera.com"
I0219 21:02:57.709427 18449 rpc_server.cc:110] RPC server started. Bound to: 127.0.0.1:59754
I0219 21:02:57.709993 18449 webserver.cc:108] Starting webserver on 0.0.0.0:0
I0219 21:02:57.710093 18449 webserver.cc:117] Document root disabled
I0219 21:02:57.714797 18449 webserver.cc:197] Webserver started. Bound to: http://0.0.0.0:35157/
I0219 21:02:57.721426 18449 maintenance_manager.cc:111] MaintenanceManager: targeting memory size of 23.515860 GB
I0219 21:02:57.741688 19455 heartbeater.cc:219] Connected to a leader master server at 127.0.0.1:37391
I0219 21:02:57.741829 19455 heartbeater.cc:289] Registering TS with master...
I0219 21:02:57.741986 19455 heartbeater.cc:295] Sending a full tablet report to master...
I0219 21:02:57.743048 19327 ts_manager.cc:66] Registered new tablet server { permanent_uuid: "f094cd13cf8c48fcadfd7dfd3976a398" instance_seqno: 1424408577708559 } with Master
I0219 21:02:57.783412 18449 fs_manager.cc:193] Generated new instance metadata in path /data1/test-tmp/ksck_remote-test.RemoteKsckTest.TestTabletServersOk.1424408574588976-18449/minicluster-data/ts-1-root/instance: uuid: "aa90039972cc480089bed3a1f3bf952c" format_stamp: "Formatted at 2015-02-20 05:02:57 on boost-static-burst-slave-1172.vpc.cloudera.com"
I0219 21:02:57.809964 18449 fs_manager.cc:131] Opened local filesystem: /data1/test-tmp/ksck_remote-test.RemoteKsckTest.TestTabletServersOk.1424408574588976-18449/minicluster-data/ts-1-root uuid: "aa90039972cc480089bed3a1f3bf952c" format_stamp: "Formatted at 2015-02-20 05:02:57 on boost-static-burst-slave-1172.vpc.cloudera.com"
I0219 21:02:57.952329 18449 rpc_server.cc:110] RPC server started. Bound to: 127.0.0.1:60838
I0219 21:02:57.952939 18449 webserver.cc:108] Starting webserver on 0.0.0.0:0
I0219 21:02:57.953050 18449 webserver.cc:117] Document root disabled
I0219 21:02:57.955327 18449 webserver.cc:197] Webserver started. Bound to: http://0.0.0.0:34023/
I0219 21:02:57.957242 18449 maintenance_manager.cc:111] MaintenanceManager: targeting memory size of 23.515860 GB
I0219 21:02:57.972631 19554 heartbeater.cc:219] Connected to a leader master server at 127.0.0.1:37391
I0219 21:02:57.976393 19554 heartbeater.cc:289] Registering TS with master...
I0219 21:02:57.976624 19554 heartbeater.cc:295] Sending a full tablet report to master...
I0219 21:02:57.979214 19328 ts_manager.cc:66] Registered new tablet server { permanent_uuid: "aa90039972cc480089bed3a1f3bf952c" instance_seqno: 1424408577950838 } with Master
I0219 21:02:58.000532 18449 fs_manager.cc:193] Generated new instance metadata in path /data1/test-tmp/ksck_remote-test.RemoteKsckTest.TestTabletServersOk.1424408574588976-18449/minicluster-data/ts-2-root/instance: uuid: "504935b256704386aff5580d38efd8da" format_stamp: "Formatted at 2015-02-20 05:02:57 on boost-static-burst-slave-1172.vpc.cloudera.com"
I0219 21:02:58.036079 18449 fs_manager.cc:131] Opened local filesystem: /data1/test-tmp/ksck_remote-test.RemoteKsckTest.TestTabletServersOk.1424408574588976-18449/minicluster-data/ts-2-root uuid: "504935b256704386aff5580d38efd8da" format_stamp: "Formatted at 2015-02-20 05:02:57 on boost-static-burst-slave-1172.vpc.cloudera.com"
I0219 21:02:58.087033 18449 rpc_server.cc:110] RPC server started. Bound to: 127.0.0.1:57762
I0219 21:02:58.087678 18449 webserver.cc:108] Starting webserver on 0.0.0.0:0
I0219 21:02:58.087776 18449 webserver.cc:117] Document root disabled
I0219 21:02:58.089198 18449 webserver.cc:197] Webserver started. Bound to: http://0.0.0.0:52161/
I0219 21:02:58.091564 18449 maintenance_manager.cc:111] MaintenanceManager: targeting memory size of 23.515860 GB
I0219 21:02:58.099016 19603 heartbeater.cc:219] Connected to a leader master server at 127.0.0.1:37391
I0219 21:02:58.099210 19603 heartbeater.cc:289] Registering TS with master...
I0219 21:02:58.099427 19603 heartbeater.cc:295] Sending a full tablet report to master...
I0219 21:02:58.100639 19329 ts_manager.cc:66] Registered new tablet server { permanent_uuid: "504935b256704386aff5580d38efd8da" instance_seqno: 1424408578084700 } with Master
I0219 21:02:58.101591 18449 mini_cluster.cc:276] 3 TS(s) registered with Master after 0.00759895s
I0219 21:02:58.115902 19335 catalog_manager.cc:562] CreateTable from {real_user=jenkins, eff_user=} at 127.0.0.1:46033: name: "ksck-test-table" schema { columns { name: "key" type: UINT32 is_key: true is_nullable: false encoding: AUTO_ENCODING compression: DEFAULT_COMPRESSION } columns { name: "int_val" type: UINT32 is_key: false is_nullable: false encoding: AUTO_ENCODING compression: DEFAULT_COMPRESSION } } pre_split_keys: "\000\000\000\000" pre_split_keys: "\000\000\000\001" num_replicas: 3
I0219 21:02:58.163501 19429 tablet_service.cc:389] Processing CreateTablet for tablet 36bdb5905c524c81b7b9050353dabda4 (table=ksck-test-table [id=f7fe9a8c227b4f8390e7e9f8997f9156]), range=["\x00\x00\x00\x01", ""]
I0219 21:02:58.163988 19432 tablet_service.cc:389] Processing CreateTablet for tablet 3278d9fd9fa94c2ca65a21e36b338e58 (table=ksck-test-table [id=f7fe9a8c227b4f8390e7e9f8997f9156]), range=["", "\x00\x00\x00\x00"]
I0219 21:02:58.163988 19430 tablet_service.cc:389] Processing CreateTablet for tablet 37ade4af36924cf1a3f53ac08ca30507 (table=ksck-test-table [id=f7fe9a8c227b4f8390e7e9f8997f9156]), range=["\x00\x00\x00\x00", "\x00\x00\x00\x01"]
I0219 21:02:58.164021 19519 tablet_service.cc:389] Processing CreateTablet for tablet 36bdb5905c524c81b7b9050353dabda4 (table=ksck-test-table [id=f7fe9a8c227b4f8390e7e9f8997f9156]), range=["\x00\x00\x00\x01", ""]
I0219 21:02:58.165596 19521 tablet_service.cc:389] Processing CreateTablet for tablet 37ade4af36924cf1a3f53ac08ca30507 (table=ksck-test-table [id=f7fe9a8c227b4f8390e7e9f8997f9156]), range=["\x00\x00\x00\x00", "\x00\x00\x00\x01"]
I0219 21:02:58.170505 19581 tablet_service.cc:389] Processing CreateTablet for tablet 36bdb5905c524c81b7b9050353dabda4 (table=ksck-test-table [id=f7fe9a8c227b4f8390e7e9f8997f9156]), range=["\x00\x00\x00\x01", ""]
I0219 21:02:58.171670 19582 tablet_service.cc:389] Processing CreateTablet for tablet 37ade4af36924cf1a3f53ac08ca30507 (table=ksck-test-table [id=f7fe9a8c227b4f8390e7e9f8997f9156]), range=["\x00\x00\x00\x00", "\x00\x00\x00\x01"]
I0219 21:02:58.171829 19522 tablet_service.cc:389] Processing CreateTablet for tablet 3278d9fd9fa94c2ca65a21e36b338e58 (table=ksck-test-table [id=f7fe9a8c227b4f8390e7e9f8997f9156]), range=["", "\x00\x00\x00\x00"]
I0219 21:02:58.173240 19583 tablet_service.cc:389] Processing CreateTablet for tablet 3278d9fd9fa94c2ca65a21e36b338e58 (table=ksck-test-table [id=f7fe9a8c227b4f8390e7e9f8997f9156]), range=["", "\x00\x00\x00\x00"]
I0219 21:02:58.384209 19522 ts_tablet_manager.cc:449] Registered tablet 3278d9fd9fa94c2ca65a21e36b338e58
I0219 21:02:58.454629 19675 ts_tablet_manager.cc:314] Bootstrapping tablet: 3278d9fd9fa94c2ca65a21e36b338e58
I0219 21:02:58.499446 19675 tablet_bootstrap.cc:290] Tablet 3278d9fd9fa94c2ca65a21e36b338e58: Bootstrap starting.
I0219 21:02:58.517772 19675 tablet_bootstrap.cc:387] No previous blocks or log segments found for tablet: 3278d9fd9fa94c2ca65a21e36b338e58 creating new one.
I0219 21:02:58.699744 19675 tablet_bootstrap.cc:290] Tablet 3278d9fd9fa94c2ca65a21e36b338e58: No bootstrap required, opened a new log
I0219 21:02:58.702491 19675 ts_tablet_manager.cc:319] Time spent tablet 3278d9fd9fa94c2ca65a21e36b338e58 bootstrap: real 0.248s user 0.015s sys 0.010s
I0219 21:02:58.722098 19675 raft_consensus.cc:194] T 3278d9fd9fa94c2ca65a21e36b338e58 P aa90039972cc480089bed3a1f3bf952c [FOLLOWER]: Replica starting. Triggering 0 pending transactions.
I0219 21:02:58.727948 19675 raft_consensus.cc:399] T 3278d9fd9fa94c2ca65a21e36b338e58 P aa90039972cc480089bed3a1f3bf952c [FOLLOWER]: Becoming Follower/Learner. State: Replica: aa90039972cc480089bed3a1f3bf952c, State: 1, Role: FOLLOWER Watermarks: {Received: term: 0 index: 0 Committed: term: 0 index: 0}
I0219 21:02:58.729825 19675 consensus_queue.cc:127] T 3278d9fd9fa94c2ca65a21e36b338e58 P aa90039972cc480089bed3a1f3bf952c [NON_LEADER]: queue going to NON_LEADER mode. State: All replicated op: 0.0, Majority replicated op: 0.0, Committed index: 0.0, Last appended: 0.0, Current term: 0, Majority size: 1, State: 1, Mode: NON_LEADER
I0219 21:02:58.735960 19675 ts_tablet_manager.cc:339] Time spent starting tablet 3278d9fd9fa94c2ca65a21e36b338e58: real 0.033s user 0.007s sys 0.004s
I0219 21:02:58.837553 19519 ts_tablet_manager.cc:449] Registered tablet 36bdb5905c524c81b7b9050353dabda4
I0219 21:02:58.838552 19521 ts_tablet_manager.cc:449] Registered tablet 37ade4af36924cf1a3f53ac08ca30507
I0219 21:02:58.851567 19675 ts_tablet_manager.cc:314] Bootstrapping tablet: 36bdb5905c524c81b7b9050353dabda4
I0219 21:02:58.892817 19583 ts_tablet_manager.cc:449] Registered tablet 3278d9fd9fa94c2ca65a21e36b338e58
I0219 21:02:58.904331 19675 tablet_bootstrap.cc:290] Tablet 36bdb5905c524c81b7b9050353dabda4: Bootstrap starting.
I0219 21:02:58.929595 19429 ts_tablet_manager.cc:449] Registered tablet 36bdb5905c524c81b7b9050353dabda4
I0219 21:02:58.934499 19675 tablet_bootstrap.cc:387] No previous blocks or log segments found for tablet: 36bdb5905c524c81b7b9050353dabda4 creating new one.
I0219 21:02:58.936933 19432 ts_tablet_manager.cc:449] Registered tablet 3278d9fd9fa94c2ca65a21e36b338e58
I0219 21:02:58.965581 19815 ts_tablet_manager.cc:314] Bootstrapping tablet: 37ade4af36924cf1a3f53ac08ca30507
I0219 21:02:59.000838 19823 ts_tablet_manager.cc:314] Bootstrapping tablet: 3278d9fd9fa94c2ca65a21e36b338e58
I0219 21:02:59.020458 19582 ts_tablet_manager.cc:449] Registered tablet 37ade4af36924cf1a3f53ac08ca30507
I0219 21:02:59.024431 19815 tablet_bootstrap.cc:290] Tablet 37ade4af36924cf1a3f53ac08ca30507: Bootstrap starting.
I0219 21:02:59.029597 19675 tablet_bootstrap.cc:290] Tablet 36bdb5905c524c81b7b9050353dabda4: No bootstrap required, opened a new log
I0219 21:02:59.034459 19828 ts_tablet_manager.cc:314] Bootstrapping tablet: 36bdb5905c524c81b7b9050353dabda4
I0219 21:02:59.036834 19675 ts_tablet_manager.cc:319] Time spent tablet 36bdb5905c524c81b7b9050353dabda4 bootstrap: real 0.185s user 0.014s sys 0.014s
I0219 21:02:59.037099 19845 ts_tablet_manager.cc:314] Bootstrapping tablet: 3278d9fd9fa94c2ca65a21e36b338e58
I0219 21:02:59.043422 19815 tablet_bootstrap.cc:387] No previous blocks or log segments found for tablet: 37ade4af36924cf1a3f53ac08ca30507 creating new one.
I0219 21:02:59.056216 19846 ts_tablet_manager.cc:314] Bootstrapping tablet: 37ade4af36924cf1a3f53ac08ca30507
I0219 21:02:59.059499 19823 tablet_bootstrap.cc:290] Tablet 3278d9fd9fa94c2ca65a21e36b338e58: Bootstrap starting.
I0219 21:02:59.066925 19823 tablet_bootstrap.cc:387] No previous blocks or log segments found for tablet: 3278d9fd9fa94c2ca65a21e36b338e58 creating new one.
I0219 21:02:59.085108 19675 raft_consensus.cc:194] T 36bdb5905c524c81b7b9050353dabda4 P aa90039972cc480089bed3a1f3bf952c [CANDIDATE]: Replica starting. Triggering 0 pending transactions.
I0219 21:02:59.089406 19430 ts_tablet_manager.cc:449] Registered tablet 37ade4af36924cf1a3f53ac08ca30507
I0219 21:02:59.089444 19828 tablet_bootstrap.cc:290] Tablet 36bdb5905c524c81b7b9050353dabda4: Bootstrap starting.
I0219 21:02:59.101096 19845 tablet_bootstrap.cc:290] Tablet 3278d9fd9fa94c2ca65a21e36b338e58: Bootstrap starting.
I0219 21:02:59.111173 19828 tablet_bootstrap.cc:387] No previous blocks or log segments found for tablet: 36bdb5905c524c81b7b9050353dabda4 creating new one.
I0219 21:02:59.115634 19581 ts_tablet_manager.cc:449] Registered tablet 36bdb5905c524c81b7b9050353dabda4
I0219 21:02:59.117660 19846 tablet_bootstrap.cc:290] Tablet 37ade4af36924cf1a3f53ac08ca30507: Bootstrap starting.
I0219 21:02:59.124902 19815 tablet_bootstrap.cc:290] Tablet 37ade4af36924cf1a3f53ac08ca30507: No bootstrap required, opened a new log
I0219 21:02:59.127923 19815 ts_tablet_manager.cc:319] Time spent tablet 37ade4af36924cf1a3f53ac08ca30507 bootstrap: real 0.162s user 0.015s sys 0.013s
I0219 21:02:59.132180 19846 tablet_bootstrap.cc:387] No previous blocks or log segments found for tablet: 37ade4af36924cf1a3f53ac08ca30507 creating new one.
I0219 21:02:59.132640 19823 tablet_bootstrap.cc:290] Tablet 3278d9fd9fa94c2ca65a21e36b338e58: No bootstrap required, opened a new log
I0219 21:02:59.134445 19845 tablet_bootstrap.cc:387] No previous blocks or log segments found for tablet: 3278d9fd9fa94c2ca65a21e36b338e58 creating new one.
I0219 21:02:59.135828 19851 ts_tablet_manager.cc:314] Bootstrapping tablet: 37ade4af36924cf1a3f53ac08ca30507
I0219 21:02:59.135459 19823 ts_tablet_manager.cc:319] Time spent tablet 3278d9fd9fa94c2ca65a21e36b338e58 bootstrap: real 0.134s user 0.009s sys 0.013s
I0219 21:02:59.150648 19856 ts_tablet_manager.cc:314] Bootstrapping tablet: 36bdb5905c524c81b7b9050353dabda4
I0219 21:02:59.155972 19823 raft_consensus.cc:194] T 3278d9fd9fa94c2ca65a21e36b338e58 P 504935b256704386aff5580d38efd8da [FOLLOWER]: Replica starting. Triggering 0 pending transactions.
I0219 21:02:59.158054 19815 raft_consensus.cc:194] T 37ade4af36924cf1a3f53ac08ca30507 P aa90039972cc480089bed3a1f3bf952c [FOLLOWER]: Replica starting. Triggering 0 pending transactions.
I0219 21:02:59.156641 19823 raft_consensus.cc:399] T 3278d9fd9fa94c2ca65a21e36b338e58 P 504935b256704386aff5580d38efd8da [FOLLOWER]: Becoming Follower/Learner. State: Replica: 504935b256704386aff5580d38efd8da, State: 1, Role: FOLLOWER Watermarks: {Received: term: 0 index: 0 Committed: term: 0 index: 0}
I0219 21:02:59.158360 19815 raft_consensus.cc:399] T 37ade4af36924cf1a3f53ac08ca30507 P aa90039972cc480089bed3a1f3bf952c [FOLLOWER]: Becoming Follower/Learner. State: Replica: aa90039972cc480089bed3a1f3bf952c, State: 1, Role: FOLLOWER Watermarks: {Received: term: 0 index: 0 Committed: term: 0 index: 0}
I0219 21:02:59.159497 19823 consensus_queue.cc:127] T 3278d9fd9fa94c2ca65a21e36b338e58 P 504935b256704386aff5580d38efd8da [NON_LEADER]: queue going to NON_LEADER mode. State: All replicated op: 0.0, Majority replicated op: 0.0, Committed index: 0.0, Last appended: 0.0, Current term: 0, Majority size: 1, State: 1, Mode: NON_LEADER
I0219 21:02:59.159276 19815 consensus_queue.cc:127] T 37ade4af36924cf1a3f53ac08ca30507 P aa90039972cc480089bed3a1f3bf952c [NON_LEADER]: queue going to NON_LEADER mode. State: All replicated op: 0.0, Majority replicated op: 0.0, Committed index: 0.0, Last appended: 0.0, Current term: 0, Majority size: 1, State: 1, Mode: NON_LEADER
I0219 21:02:59.160519 19823 ts_tablet_manager.cc:339] Time spent starting tablet 3278d9fd9fa94c2ca65a21e36b338e58: real 0.023s user 0.005s sys 0.005s
I0219 21:02:59.168112 19815 ts_tablet_manager.cc:339] Time spent starting tablet 37ade4af36924cf1a3f53ac08ca30507: real 0.040s user 0.007s sys 0.004s
I0219 21:02:59.178889 19851 tablet_bootstrap.cc:290] Tablet 37ade4af36924cf1a3f53ac08ca30507: Bootstrap starting.
I0219 21:02:59.198221 19856 tablet_bootstrap.cc:290] Tablet 36bdb5905c524c81b7b9050353dabda4: Bootstrap starting.
I0219 21:02:59.204244 19828 tablet_bootstrap.cc:290] Tablet 36bdb5905c524c81b7b9050353dabda4: No bootstrap required, opened a new log
I0219 21:02:59.207072 19828 ts_tablet_manager.cc:319] Time spent tablet 36bdb5905c524c81b7b9050353dabda4 bootstrap: real 0.172s user 0.013s sys 0.012s
I0219 21:02:59.213057 19856 tablet_bootstrap.cc:387] No previous blocks or log segments found for tablet: 36bdb5905c524c81b7b9050353dabda4 creating new one.
I0219 21:02:59.215829 19675 raft_consensus.cc:361] T 36bdb5905c524c81b7b9050353dabda4 P aa90039972cc480089bed3a1f3bf952c [LEADER]: Becoming Leader. State: Replica: aa90039972cc480089bed3a1f3bf952c, State: 1, Role: LEADER Watermarks: {Received: term: 0 index: 0 Committed: term: 0 index: 0}
I0219 21:02:59.216204 19675 consensus_queue.cc:119] T 36bdb5905c524c81b7b9050353dabda4 P aa90039972cc480089bed3a1f3bf952c [LEADER]: queue going to LEADER mode. State: All replicated op: 0.0, Majority replicated op: 0.0, Committed index: 0.0, Last appended: 0.0, Current term: 1, Majority size: 2, State: 1, Mode: LEADER
I0219 21:02:59.215627 19828 raft_consensus.cc:194] T 36bdb5905c524c81b7b9050353dabda4 P f094cd13cf8c48fcadfd7dfd3976a398 [FOLLOWER]: Replica starting. Triggering 0 pending transactions.
I0219 21:02:59.213394 19845 tablet_bootstrap.cc:290] Tablet 3278d9fd9fa94c2ca65a21e36b338e58: No bootstrap required, opened a new log
I0219 21:02:59.217866 19828 raft_consensus.cc:399] T 36bdb5905c524c81b7b9050353dabda4 P f094cd13cf8c48fcadfd7dfd3976a398 [FOLLOWER]: Becoming Follower/Learner. State: Replica: f094cd13cf8c48fcadfd7dfd3976a398, State: 1, Role: FOLLOWER Watermarks: {Received: term: 0 index: 0 Committed: term: 0 index: 0}
I0219 21:02:59.221590 19845 ts_tablet_manager.cc:319] Time spent tablet 3278d9fd9fa94c2ca65a21e36b338e58 bootstrap: real 0.182s user 0.016s sys 0.016s
I0219 21:02:59.221581 19828 consensus_queue.cc:127] T 36bdb5905c524c81b7b9050353dabda4 P f094cd13cf8c48fcadfd7dfd3976a398 [NON_LEADER]: queue going to NON_LEADER mode. State: All replicated op: 0.0, Majority replicated op: 0.0, Committed index: 0.0, Last appended: 0.0, Current term: 0, Majority size: 1, State: 1, Mode: NON_LEADER
I0219 21:02:59.218750 19851 tablet_bootstrap.cc:387] No previous blocks or log segments found for tablet: 37ade4af36924cf1a3f53ac08ca30507 creating new one.
I0219 21:02:59.224536 19828 ts_tablet_manager.cc:339] Time spent starting tablet 36bdb5905c524c81b7b9050353dabda4: real 0.017s user 0.008s sys 0.001s
I0219 21:02:59.226752 19846 tablet_bootstrap.cc:290] Tablet 37ade4af36924cf1a3f53ac08ca30507: No bootstrap required, opened a new log
I0219 21:02:59.231987 19846 ts_tablet_manager.cc:319] Time spent tablet 37ade4af36924cf1a3f53ac08ca30507 bootstrap: real 0.175s user 0.016s sys 0.009s
I0219 21:02:59.235818 19845 raft_consensus.cc:194] T 3278d9fd9fa94c2ca65a21e36b338e58 P f094cd13cf8c48fcadfd7dfd3976a398 [CANDIDATE]: Replica starting. Triggering 0 pending transactions.
I0219 21:02:59.252866 19845 raft_consensus.cc:361] T 3278d9fd9fa94c2ca65a21e36b338e58 P f094cd13cf8c48fcadfd7dfd3976a398 [LEADER]: Becoming Leader. State: Replica: f094cd13cf8c48fcadfd7dfd3976a398, State: 1, Role: LEADER Watermarks: {Received: term: 0 index: 0 Committed: term: 0 index: 0}
I0219 21:02:59.254120 19845 consensus_queue.cc:119] T 3278d9fd9fa94c2ca65a21e36b338e58 P f094cd13cf8c48fcadfd7dfd3976a398 [LEADER]: queue going to LEADER mode. State: All replicated op: 0.0, Majority replicated op: 0.0, Committed index: 0.0, Last appended: 0.0, Current term: 1, Majority size: 2, State: 1, Mode: LEADER
I0219 21:02:59.258013 19856 tablet_bootstrap.cc:290] Tablet 36bdb5905c524c81b7b9050353dabda4: No bootstrap required, opened a new log
I0219 21:02:59.257987 19846 raft_consensus.cc:194] T 37ade4af36924cf1a3f53ac08ca30507 P 504935b256704386aff5580d38efd8da [CANDIDATE]: Replica starting. Triggering 0 pending transactions.
W0219 21:02:59.258553 19869 raft_consensus_state.cc:477] T 36bdb5905c524c81b7b9050353dabda4 P aa90039972cc480089bed3a1f3bf952c [LEADER]: Can't advance the committed index across term boundaries yet. Last committed operation was: term: 0 index: 0 New majority replicated is: term: 0 index: 0. Current term is: 1
I0219 21:02:59.259618 19675 ts_tablet_manager.cc:339] Time spent starting tablet 36bdb5905c524c81b7b9050353dabda4: real 0.222s user 0.025s sys 0.014s
I0219 21:02:59.261473 19851 tablet_bootstrap.cc:290] Tablet 37ade4af36924cf1a3f53ac08ca30507: No bootstrap required, opened a new log
I0219 21:02:59.265848 19851 ts_tablet_manager.cc:319] Time spent tablet 37ade4af36924cf1a3f53ac08ca30507 bootstrap: real 0.130s user 0.017s sys 0.007s
I0219 21:02:59.265946 19856 ts_tablet_manager.cc:319] Time spent tablet 36bdb5905c524c81b7b9050353dabda4 bootstrap: real 0.114s user 0.015s sys 0.009s
I0219 21:02:59.274379 19846 raft_consensus.cc:361] T 37ade4af36924cf1a3f53ac08ca30507 P 504935b256704386aff5580d38efd8da [LEADER]: Becoming Leader. State: Replica: 504935b256704386aff5580d38efd8da, State: 1, Role: LEADER Watermarks: {Received: term: 0 index: 0 Committed: term: 0 index: 0}
I0219 21:02:59.274847 19846 consensus_queue.cc:119] T 37ade4af36924cf1a3f53ac08ca30507 P 504935b256704386aff5580d38efd8da [LEADER]: queue going to LEADER mode. State: All replicated op: 0.0, Majority replicated op: 0.0, Committed index: 0.0, Last appended: 0.0, Current term: 1, Majority size: 2, State: 1, Mode: LEADER
I0219 21:02:59.293237 19851 raft_consensus.cc:194] T 37ade4af36924cf1a3f53ac08ca30507 P f094cd13cf8c48fcadfd7dfd3976a398 [FOLLOWER]: Replica starting. Triggering 0 pending transactions.
I0219 21:02:59.293597 19851 raft_consensus.cc:399] T 37ade4af36924cf1a3f53ac08ca30507 P f094cd13cf8c48fcadfd7dfd3976a398 [FOLLOWER]: Becoming Follower/Learner. State: Replica: f094cd13cf8c48fcadfd7dfd3976a398, State: 1, Role: FOLLOWER Watermarks: {Received: term: 0 index: 0 Committed: term: 0 index: 0}
I0219 21:02:59.294157 19851 consensus_queue.cc:127] T 37ade4af36924cf1a3f53ac08ca30507 P f094cd13cf8c48fcadfd7dfd3976a398 [NON_LEADER]: queue going to NON_LEADER mode. State: All replicated op: 0.0, Majority replicated op: 0.0, Committed index: 0.0, Last appended: 0.0, Current term: 0, Majority size: 1, State: 1, Mode: NON_LEADER
I0219 21:02:59.294618 19856 raft_consensus.cc:194] T 36bdb5905c524c81b7b9050353dabda4 P 504935b256704386aff5580d38efd8da [FOLLOWER]: Replica starting. Triggering 0 pending transactions.
I0219 21:02:59.295922 19851 ts_tablet_manager.cc:339] Time spent starting tablet 37ade4af36924cf1a3f53ac08ca30507: real 0.030s user 0.007s sys 0.003s
I0219 21:02:59.296427 19856 raft_consensus.cc:399] T 36bdb5905c524c81b7b9050353dabda4 P 504935b256704386aff5580d38efd8da [FOLLOWER]: Becoming Follower/Learner. State: Replica: 504935b256704386aff5580d38efd8da, State: 1, Role: FOLLOWER Watermarks: {Received: term: 0 index: 0 Committed: term: 0 index: 0}
W0219 21:02:59.297521 19883 raft_consensus_state.cc:477] T 3278d9fd9fa94c2ca65a21e36b338e58 P f094cd13cf8c48fcadfd7dfd3976a398 [LEADER]: Can't advance the committed index across term boundaries yet. Last committed operation was: term: 0 index: 0 New majority replicated is: term: 0 index: 0. Current term is: 1
I0219 21:02:59.297477 19856 consensus_queue.cc:127] T 36bdb5905c524c81b7b9050353dabda4 P 504935b256704386aff5580d38efd8da [NON_LEADER]: queue going to NON_LEADER mode. State: All replicated op: 0.0, Majority replicated op: 0.0, Committed index: 0.0, Last appended: 0.0, Current term: 0, Majority size: 1, State: 1, Mode: NON_LEADER
I0219 21:02:59.299044 19845 ts_tablet_manager.cc:339] Time spent starting tablet 3278d9fd9fa94c2ca65a21e36b338e58: real 0.077s user 0.013s sys 0.009s
I0219 21:02:59.301955 19846 ts_tablet_manager.cc:339] Time spent starting tablet 37ade4af36924cf1a3f53ac08ca30507: real 0.068s user 0.011s sys 0.014s
W0219 21:02:59.300340 19888 raft_consensus_state.cc:477] T 37ade4af36924cf1a3f53ac08ca30507 P 504935b256704386aff5580d38efd8da [LEADER]: Can't advance the committed index across term boundaries yet. Last committed operation was: term: 0 index: 0 New majority replicated is: term: 0 index: 0. Current term is: 1
I0219 21:02:59.302997 19856 ts_tablet_manager.cc:339] Time spent starting tablet 36bdb5905c524c81b7b9050353dabda4: real 0.036s user 0.007s sys 0.004s INFO: Connected to all 3 Tablet Servers
I0219 21:02:59.390071 18449 tablet_server.cc:114] TabletServer shutting down...
I0219 21:02:59.414754 18449 ts_tablet_manager.cc:394] Shutting down tablet manager...
I0219 21:02:59.415916 18449 tablet_peer.cc:187] Initiating TabletPeer shutdown for tablet: 37ade4af36924cf1a3f53ac08ca30507
I0219 21:02:59.416049 18449 maintenance_manager.cc:170] Unregistered op CompactRowSetsOp(37ade4af36924cf1a3f53ac08ca30507)
I0219 21:02:59.416148 18449 raft_consensus.cc:983] T 37ade4af36924cf1a3f53ac08ca30507 P f094cd13cf8c48fcadfd7dfd3976a398 [FOLLOWER]: Raft consensus shutting down.
I0219 21:02:59.416589 18449 raft_consensus_state.cc:365] T 37ade4af36924cf1a3f53ac08ca30507 P f094cd13cf8c48fcadfd7dfd3976a398 [FOLLOWER]: Trying to abort 0 pending transactions.
I0219 21:02:59.416697 18449 raft_consensus.cc:998] T 37ade4af36924cf1a3f53ac08ca30507 P f094cd13cf8c48fcadfd7dfd3976a398 [FOLLOWER]: Raft consensus Shutdown!
I0219 21:02:59.417795 18449 tablet_peer.cc:187] Initiating TabletPeer shutdown for tablet: 36bdb5905c524c81b7b9050353dabda4
I0219 21:02:59.417917 18449 maintenance_manager.cc:170] Unregistered op CompactRowSetsOp(36bdb5905c524c81b7b9050353dabda4)
I0219 21:02:59.418007 18449 raft_consensus.cc:983] T 36bdb5905c524c81b7b9050353dabda4 P f094cd13cf8c48fcadfd7dfd3976a398 [FOLLOWER]: Raft consensus shutting down.
I0219 21:02:59.418160 18449 raft_consensus_state.cc:365] T 36bdb5905c524c81b7b9050353dabda4 P f094cd13cf8c48fcadfd7dfd3976a398 [FOLLOWER]: Trying to abort 0 pending transactions.
I0219 21:02:59.418261 18449 raft_consensus.cc:998] T 36bdb5905c524c81b7b9050353dabda4 P f094cd13cf8c48fcadfd7dfd3976a398 [FOLLOWER]: Raft consensus Shutdown!
I0219 21:02:59.419085 18449 tablet_peer.cc:187] Initiating TabletPeer shutdown for tablet: 3278d9fd9fa94c2ca65a21e36b338e58
I0219 21:02:59.419270 18449 maintenance_manager.cc:170] Unregistered op CompactRowSetsOp(3278d9fd9fa94c2ca65a21e36b338e58)
I0219 21:02:59.419399 18449 raft_consensus.cc:983] T 3278d9fd9fa94c2ca65a21e36b338e58 P f094cd13cf8c48fcadfd7dfd3976a398 [LEADER]: Raft consensus shutting down.
I0219 21:02:59.419765 18449 consensus_peers.cc:211] T 3278d9fd9fa94c2ca65a21e36b338e58 P f094cd13cf8c48fcadfd7dfd3976a398: Closing peer: aa90039972cc480089bed3a1f3bf952c
I0219 21:02:59.420156 18449 consensus_peers.cc:211] T 3278d9fd9fa94c2ca65a21e36b338e58 P f094cd13cf8c48fcadfd7dfd3976a398: Closing peer: 504935b256704386aff5580d38efd8da
I0219 21:02:59.420454 18449 raft_consensus_state.cc:365] T 3278d9fd9fa94c2ca65a21e36b338e58 P f094cd13cf8c48fcadfd7dfd3976a398 [LEADER]: Trying to abort 1 pending transactions.
I0219 21:02:59.420558 18449 raft_consensus_state.cc:370] T 3278d9fd9fa94c2ca65a21e36b338e58 P f094cd13cf8c48fcadfd7dfd3976a398 [LEADER]: Aborting transaction as it isn't in flight: id { term: 1 index: 1 } op_type: CHANGE_CONFIG_OP change_config_request { tablet_id: "3278d9fd9fa94c2ca65a21e36b338e58" old_config { opid_index: -1 local: false peers { permanent_uuid: "f094cd13cf8c48fcadfd7dfd3976a398" role: CANDIDATE last_known_addr { host: "127.0.0.1" port: 59754 } } peers { permanent_uuid: "aa90039972cc480089bed3a1f3bf952c" role: FOLLOWER last_known_addr { host: "127.0.0.1" port: 60838 } } peers { permanent_uuid: "504935b256704386aff5580d38efd8da" role: FOLLOWER last_known_addr { host: "127.0.0.1" port: 57762 } } } new_config { local: false peers { permanent_uuid: "f094cd13cf8c48fcadfd7dfd3976a398" role: LEADER last_known_addr { host: "127.0.0.1" port: 59754 } } peers { permanent_uuid: "aa90039972cc480089bed3a1f3bf952c" role: FOLLOWER last_known_addr { host: "127.0.0.1" port: 60838 } } peers { permanent_uuid: "504935b256704386aff5580d38efd8da" role: FOLLOWER last_known_addr { host: "127.0.0.1" port: 57762 } } } }
I0219 21:02:59.422313 18449 raft_consensus.cc:998] T 3278d9fd9fa94c2ca65a21e36b338e58 P f094cd13cf8c48fcadfd7dfd3976a398 [LEADER]: Raft consensus Shutdown!
I0219 21:02:59.422560 18449 transaction_tracker.cc:126] Dumping currently running transactions:
I0219 21:02:59.422673 18449 transaction_tracker.cc:128] ChangeConfigTransaction [type=REPLICA, state=ChangeConfigTransactionState [opid=term: 1 index: 1, timestamp=1, request=tablet_id: "3278d9fd9fa94c2ca65a21e36b338e58" old_config { opid_index: -1 local: false peers { permanent_uuid: "f094cd13cf8c48fcadfd7dfd3976a398" role: CANDIDATE last_known_addr { host: "127.0.0.1" port: 59754 } } peers { permanent_uuid: "aa90039972cc480089bed3a1f3bf952c" role: FOLLOWER last_known_addr { host: "127.0.0.1" port: 60838 } } peers { permanent_uuid: "504935b256704386aff5580d38efd8da" role: FOLLOWER last_known_addr { host: "127.0.0.1" port: 57762 } } } new_config { local: false peers { permanent_uuid: "f094cd13cf8c48fcadfd7dfd3976a398" role: LEADER last_known_addr { host: "127.0.0.1" port: 59754 } } peers { permanent_uuid: "aa90039972cc480089bed3a1f3bf952c" role: FOLLOWER last_known_addr { host: "127.0.0.1" port: 60838 } } peers { permanent_uuid: "504935b256704386aff5580d38efd8da" role: FOLLOWER last_known_addr { host: "127.0.0.1" port: 57762 } } }]]
I0219 21:02:59.422907 19907 change_config_transaction.cc:129] T 3278d9fd9fa94c2ca65a21e36b338e58 P f094cd13cf8c48fcadfd7dfd3976a398: Configuration changed Changed from: opid_index: -1 local: false peers { permanent_uuid: "f094cd13cf8c48fcadfd7dfd3976a398" role: CANDIDATE last_known_addr { host: "127.0.0.1" port: 59754 } } peers { permanent_uuid: "aa90039972cc480089bed3a1f3bf952c" role: FOLLOWER last_known_addr { host: "127.0.0.1" port: 60838 } } peers { permanent_uuid: "504935b256704386aff5580d38efd8da" role: FOLLOWER last_known_addr { host: "127.0.0.1" port: 57762 } } Changed to: opid_index: 1 local: false peers { permanent_uuid: "f094cd13cf8c48fcadfd7dfd3976a398" role: LEADER last_known_addr { host: "127.0.0.1" port: 59754 } } peers { permanent_uuid: "aa90039972cc480089bed3a1f3bf952c" role: FOLLOWER last_known_addr { host: "127.0.0.1" port: 60838 } } peers { permanent_uuid: "504935b256704386aff5580d38efd8da" role: FOLLOWER last_known_addr { host: "127.0.0.1" port: 57762 } }
I0219 21:02:59.425978 18449 maintenance_manager.cc:170] Unregistered op FlushMRSOp(37ade4af36924cf1a3f53ac08ca30507)
I0219 21:02:59.426398 18449 maintenance_manager.cc:170] Unregistered op FlushDeltaMemStoresOp(37ade4af36924cf1a3f53ac08ca30507)
I0219 21:02:59.426560 18449 maintenance_manager.cc:170] Unregistered op LogGCOp(37ade4af36924cf1a3f53ac08ca30507)
I0219 21:02:59.428138 18449 maintenance_manager.cc:170] Unregistered op FlushMRSOp(36bdb5905c524c81b7b9050353dabda4)
I0219 21:02:59.428302 18449 maintenance_manager.cc:170] Unregistered op FlushDeltaMemStoresOp(36bdb5905c524c81b7b9050353dabda4)
I0219 21:02:59.428428 18449 maintenance_manager.cc:170] Unregistered op LogGCOp(36bdb5905c524c81b7b9050353dabda4)
I0219 21:02:59.429729 18449 maintenance_manager.cc:170] Unregistered op FlushMRSOp(3278d9fd9fa94c2ca65a21e36b338e58)
I0219 21:02:59.430042 18449 maintenance_manager.cc:170] Unregistered op FlushDeltaMemStoresOp(3278d9fd9fa94c2ca65a21e36b338e58)
I0219 21:02:59.430160 18449 maintenance_manager.cc:170] Unregistered op LogGCOp(3278d9fd9fa94c2ca65a21e36b338e58)
I0219 21:02:59.431176 18449 tablet_server.cc:123] TabletServer shut down complete. Bye!
I0219 21:02:59.431252 18449 tablet_server.cc:114] TabletServer shutting down...
I0219 21:02:59.431370 18449 tablet_server.cc:123] TabletServer shut down complete. Bye!
I0219 21:02:59.436012 18449 tablet_server.cc:114] TabletServer shutting down...
I0219 21:02:59.453415 18449 ts_tablet_manager.cc:394] Shutting down tablet manager...
I0219 21:02:59.454833 18449 tablet_peer.cc:187] Initiating TabletPeer shutdown for tablet: 37ade4af36924cf1a3f53ac08ca30507
I0219 21:02:59.455031 18449 maintenance_manager.cc:170] Unregistered op CompactRowSetsOp(37ade4af36924cf1a3f53ac08ca30507)
I0219 21:02:59.455170 18449 raft_consensus.cc:983] T 37ade4af36924cf1a3f53ac08ca30507 P aa90039972cc480089bed3a1f3bf952c [FOLLOWER]: Raft consensus shutting down.
I0219 21:02:59.455342 18449 raft_consensus_state.cc:365] T 37ade4af36924cf1a3f53ac08ca30507 P aa90039972cc480089bed3a1f3bf952c [FOLLOWER]: Trying to abort 0 pending transactions.
I0219 21:02:59.455447 18449 raft_consensus.cc:998] T 37ade4af36924cf1a3f53ac08ca30507 P aa90039972cc480089bed3a1f3bf952c [FOLLOWER]: Raft consensus Shutdown!
I0219 21:02:59.457211 18449 tablet_peer.cc:187] Initiating TabletPeer shutdown for tablet: 36bdb5905c524c81b7b9050353dabda4
I0219 21:02:59.457329 18449 maintenance_manager.cc:170] Unregistered op CompactRowSetsOp(36bdb5905c524c81b7b9050353dabda4)
I0219 21:02:59.457418 18449 raft_consensus.cc:983] T 36bdb5905c524c81b7b9050353dabda4 P aa90039972cc480089bed3a1f3bf952c [LEADER]: Raft consensus shutting down.
I0219 21:02:59.457972 18449 consensus_peers.cc:211] T 36bdb5905c524c81b7b9050353dabda4 P aa90039972cc480089bed3a1f3bf952c: Closing peer: f094cd13cf8c48fcadfd7dfd3976a398
I0219 21:02:59.458822 18449 consensus_peers.cc:211] T 36bdb5905c524c81b7b9050353dabda4 P aa90039972cc480089bed3a1f3bf952c: Closing peer: 504935b256704386aff5580d38efd8da
I0219 21:02:59.459112 18449 raft_consensus_state.cc:365] T 36bdb5905c524c81b7b9050353dabda4 P aa90039972cc480089bed3a1f3bf952c [LEADER]: Trying to abort 1 pending transactions.
I0219 21:02:59.459211 18449 raft_consensus_state.cc:370] T 36bdb5905c524c81b7b9050353dabda4 P aa90039972cc480089bed3a1f3bf952c [LEADER]: Aborting transaction as it isn't in flight: id { term: 1 index: 1 } op_type: CHANGE_CONFIG_OP change_config_request { tablet_id: "36bdb5905c524c81b7b9050353dabda4" old_config { opid_index: -1 local: false peers { permanent_uuid: "f094cd13cf8c48fcadfd7dfd3976a398" role: FOLLOWER last_known_addr { host: "127.0.0.1" port: 59754 } } peers { permanent_uuid: "aa90039972cc480089bed3a1f3bf952c" role: CANDIDATE last_known_addr { host: "127.0.0.1" port: 60838 } } peers { permanent_uuid: "504935b256704386aff5580d38efd8da" role: FOLLOWER last_known_addr { host: "127.0.0.1" port: 57762 } } } new_config { local: false peers { permanent_uuid: "f094cd13cf8c48fcadfd7dfd3976a398" role: FOLLOWER last_known_addr { host: "127.0.0.1" port: 59754 } } peers { permanent_uuid: "aa90039972cc480089bed3a1f3bf952c" role: LEADER last_known_addr { host: "127.0.0.1" port: 60838 } } peers { permanent_uuid: "504935b256704386aff5580d38efd8da" role: FOLLOWER last_known_addr { host: "127.0.0.1" port: 57762 } } } }
I0219 21:02:59.460346 18449 raft_consensus.cc:998] T 36bdb5905c524c81b7b9050353dabda4 P aa90039972cc480089bed3a1f3bf952c [LEADER]: Raft consensus Shutdown!
I0219 21:02:59.460564 18449 transaction_tracker.cc:126] Dumping currently running transactions:
I0219 21:02:59.460682 18449 transaction_tracker.cc:128] ChangeConfigTransaction [type=REPLICA, state=ChangeConfigTransactionState [opid=term: 1 index: 1, timestamp=1, request=tablet_id: "36bdb5905c524c81b7b9050353dabda4" old_config { opid_index: -1 local: false peers { permanent_uuid: "f094cd13cf8c48fcadfd7dfd3976a398" role: FOLLOWER last_known_addr { host: "127.0.0.1" port: 59754 } } peers { permanent_uuid: "aa90039972cc480089bed3a1f3bf952c" role: CANDIDATE last_known_addr { host: "127.0.0.1" port: 60838 } } peers { permanent_uuid: "504935b256704386aff5580d38efd8da" role: FOLLOWER last_known_addr { host: "127.0.0.1" port: 57762 } } } new_config { local: false peers { permanent_uuid: "f094cd13cf8c48fcadfd7dfd3976a398" role: FOLLOWER last_known_addr { host: "127.0.0.1" port: 59754 } } peers { permanent_uuid: "aa90039972cc480089bed3a1f3bf952c" role: LEADER last_known_addr { host: "127.0.0.1" port: 60838 } } peers { permanent_uuid: "504935b256704386aff5580d38efd8da" role: FOLLOWER last_known_addr { host: "127.0.0.1" port: 57762 } } }]]
I0219 21:02:59.460978 19928 change_config_transaction.cc:129] T 36bdb5905c524c81b7b9050353dabda4 P aa90039972cc480089bed3a1f3bf952c: Configuration changed Changed from: opid_index: -1 local: false peers { permanent_uuid: "f094cd13cf8c48fcadfd7dfd3976a398" role: FOLLOWER last_known_addr { host: "127.0.0.1" port: 59754 } } peers { permanent_uuid: "aa90039972cc480089bed3a1f3bf952c" role: CANDIDATE last_known_addr { host: "127.0.0.1" port: 60838 } } peers { permanent_uuid: "504935b256704386aff5580d38efd8da" role: FOLLOWER last_known_addr { host: "127.0.0.1" port: 57762 } } Changed to: opid_index: 1 local: false peers { permanent_uuid: "f094cd13cf8c48fcadfd7dfd3976a398" role: FOLLOWER last_known_addr { host: "127.0.0.1" port: 59754 } } peers { permanent_uuid: "aa90039972cc480089bed3a1f3bf952c" role: LEADER last_known_addr { host: "127.0.0.1" port: 60838 } } peers { permanent_uuid: "504935b256704386aff5580d38efd8da" role: FOLLOWER last_known_addr { host: "127.0.0.1" port: 57762 } }
I0219 21:02:59.461721 18449 transaction_tracker.cc:126] Dumping currently running transactions:
I0219 21:02:59.461807 18449 transaction_tracker.cc:128] ChangeConfigTransaction [type=REPLICA, state=ChangeConfigTransactionState [opid=term: 1 index: 1, timestamp=1, request=(none)]]
I0219 21:02:59.464336 18449 tablet_peer.cc:187] Initiating TabletPeer shutdown for tablet: 3278d9fd9fa94c2ca65a21e36b338e58
I0219 21:02:59.464452 18449 maintenance_manager.cc:170] Unregistered op CompactRowSetsOp(3278d9fd9fa94c2ca65a21e36b338e58)
I0219 21:02:59.464558 18449 raft_consensus.cc:983] T 3278d9fd9fa94c2ca65a21e36b338e58 P aa90039972cc480089bed3a1f3bf952c [FOLLOWER]: Raft consensus shutting down.
I0219 21:02:59.464704 18449 raft_consensus_state.cc:365] T 3278d9fd9fa94c2ca65a21e36b338e58 P aa90039972cc480089bed3a1f3bf952c [FOLLOWER]: Trying to abort 0 pending transactions.
I0219 21:02:59.464818 18449 raft_consensus.cc:998] T 3278d9fd9fa94c2ca65a21e36b338e58 P aa90039972cc480089bed3a1f3bf952c [FOLLOWER]: Raft consensus Shutdown!
I0219 21:02:59.466583 18449 maintenance_manager.cc:170] Unregistered op FlushMRSOp(37ade4af36924cf1a3f53ac08ca30507)
I0219 21:02:59.466701 18449 maintenance_manager.cc:170] Unregistered op FlushDeltaMemStoresOp(37ade4af36924cf1a3f53ac08ca30507)
I0219 21:02:59.467058 18449 maintenance_manager.cc:170] Unregistered op LogGCOp(37ade4af36924cf1a3f53ac08ca30507)
I0219 21:02:59.468189 18449 maintenance_manager.cc:170] Unregistered op FlushMRSOp(36bdb5905c524c81b7b9050353dabda4)
I0219 21:02:59.468575 18449 maintenance_manager.cc:170] Unregistered op FlushDeltaMemStoresOp(36bdb5905c524c81b7b9050353dabda4)
I0219 21:02:59.468729 18449 maintenance_manager.cc:170] Unregistered op LogGCOp(36bdb5905c524c81b7b9050353dabda4)
I0219 21:02:59.469576 18449 maintenance_manager.cc:170] Unregistered op FlushMRSOp(3278d9fd9fa94c2ca65a21e36b338e58)
I0219 21:02:59.469676 18449 maintenance_manager.cc:170] Unregistered op FlushDeltaMemStoresOp(3278d9fd9fa94c2ca65a21e36b338e58)
I0219 21:02:59.469771 18449 maintenance_manager.cc:170] Unregistered op LogGCOp(3278d9fd9fa94c2ca65a21e36b338e58)
I0219 21:02:59.471590 18449 tablet_server.cc:123] TabletServer shut down complete. Bye!
I0219 21:02:59.471699 18449 tablet_server.cc:114] TabletServer shutting down...
I0219 21:02:59.471878 18449 tablet_server.cc:123] TabletServer shut down complete. Bye!
I0219 21:02:59.477183 18449 tablet_server.cc:114] TabletServer shutting down...
I0219 21:02:59.501783 18449 ts_tablet_manager.cc:394] Shutting down tablet manager...
I0219 21:02:59.502624 18449 tablet_peer.cc:187] Initiating TabletPeer shutdown for tablet: 36bdb5905c524c81b7b9050353dabda4
I0219 21:02:59.503298 18449 maintenance_manager.cc:170] Unregistered op CompactRowSetsOp(36bdb5905c524c81b7b9050353dabda4)
I0219 21:02:59.503384 18449 raft_consensus.cc:983] T 36bdb5905c524c81b7b9050353dabda4 P 504935b256704386aff5580d38efd8da [FOLLOWER]: Raft consensus shutting down.
I0219 21:02:59.503533 18449 raft_consensus_state.cc:365] T 36bdb5905c524c81b7b9050353dabda4 P 504935b256704386aff5580d38efd8da [FOLLOWER]: Trying to abort 0 pending transactions.
I0219 21:02:59.503634 18449 raft_consensus.cc:998] T 36bdb5905c524c81b7b9050353dabda4 P 504935b256704386aff5580d38efd8da [FOLLOWER]: Raft consensus Shutdown!
I0219 21:02:59.505915 18449 tablet_peer.cc:187] Initiating TabletPeer shutdown for tablet: 37ade4af36924cf1a3f53ac08ca30507
I0219 21:02:59.506145 18449 maintenance_manager.cc:170] Unregistered op CompactRowSetsOp(37ade4af36924cf1a3f53ac08ca30507)
I0219 21:02:59.506283 18449 raft_consensus.cc:983] T 37ade4af36924cf1a3f53ac08ca30507 P 504935b256704386aff5580d38efd8da [LEADER]: Raft consensus shutting down.
I0219 21:02:59.506952 18449 consensus_peers.cc:211] T 37ade4af36924cf1a3f53ac08ca30507 P 504935b256704386aff5580d38efd8da: Closing peer: f094cd13cf8c48fcadfd7dfd3976a398
I0219 21:02:59.508060 18449 consensus_peers.cc:211] T 37ade4af36924cf1a3f53ac08ca30507 P 504935b256704386aff5580d38efd8da: Closing peer: aa90039972cc480089bed3a1f3bf952c
I0219 21:02:59.509654 18449 raft_consensus_state.cc:365] T 37ade4af36924cf1a3f53ac08ca30507 P 504935b256704386aff5580d38efd8da [LEADER]: Trying to abort 1 pending transactions.
I0219 21:02:59.509815 18449 raft_consensus_state.cc:370] T 37ade4af36924cf1a3f53ac08ca30507 P 504935b256704386aff5580d38efd8da [LEADER]: Aborting transaction as it isn't in flight: id { term: 1 index: 1 } op_type: CHANGE_CONFIG_OP change_config_request { tablet_id: "37ade4af36924cf1a3f53ac08ca30507" old_config { opid_index: -1 local: false peers { permanent_uuid: "f094cd13cf8c48fcadfd7dfd3976a398" role: FOLLOWER last_known_addr { host: "127.0.0.1" port: 59754 } } peers { permanent_uuid: "aa90039972cc480089bed3a1f3bf952c" role: FOLLOWER last_known_addr { host: "127.0.0.1" port: 60838 } } peers { permanent_uuid: "504935b256704386aff5580d38efd8da" role: CANDIDATE last_known_addr { host: "127.0.0.1" port: 57762 } } } new_config { local: false peers { permanent_uuid: "f094cd13cf8c48fcadfd7dfd3976a398" role: FOLLOWER last_known_addr { host: "127.0.0.1" port: 59754 } } peers { permanent_uuid: "aa90039972cc480089bed3a1f3bf952c" role: FOLLOWER last_known_addr { host: "127.0.0.1" port: 60838 } } peers { permanent_uuid: "504935b256704386aff5580d38efd8da" role: LEADER last_known_addr { host: "127.0.0.1" port: 57762 } } } }
I0219 21:02:59.511096 18449 raft_consensus.cc:998] T 37ade4af36924cf1a3f53ac08ca30507 P 504935b256704386aff5580d38efd8da [LEADER]: Raft consensus Shutdown!
I0219 21:02:59.511350 18449 transaction_tracker.cc:126] Dumping currently running transactions:
I0219 21:02:59.511482 18449 transaction_tracker.cc:128] ChangeConfigTransaction [type=REPLICA, state=ChangeConfigTransactionState [opid=term: 1 index: 1, timestamp=1, request=tablet_id: "37ade4af36924cf1a3f53ac08ca30507" old_config { opid_index: -1 local: false peers { permanent_uuid: "f094cd13cf8c48fcadfd7dfd3976a398" role: FOLLOWER last_known_addr { host: "127.0.0.1" port: 59754 } } peers { permanent_uuid: "aa90039972cc480089bed3a1f3bf952c" role: FOLLOWER last_known_addr { host: "127.0.0.1" port: 60838 } } peers { permanent_uuid: "504935b256704386aff5580d38efd8da" role: CANDIDATE last_known_addr { host: "127.0.0.1" port: 57762 } } } new_config { local: false peers { permanent_uuid: "f094cd13cf8c48fcadfd7dfd3976a398" role: FOLLOWER last_known_addr { host: "127.0.0.1" port: 59754 } } peers { permanent_uuid: "aa90039972cc480089bed3a1f3bf952c" role: FOLLOWER last_known_addr { host: "127.0.0.1" port: 60838 } } peers { permanent_uuid: "504935b256704386aff5580d38efd8da" role: LEADER last_known_addr { host: "127.0.0.1" port: 57762 } } }]]
I0219 21:02:59.511893 19963 change_config_transaction.cc:129] T 37ade4af36924cf1a3f53ac08ca30507 P 504935b256704386aff5580d38efd8da: Configuration changed Changed from: opid_index: -1 local: false peers { permanent_uuid: "f094cd13cf8c48fcadfd7dfd3976a398" role: FOLLOWER last_known_addr { host: "127.0.0.1" port: 59754 } } peers { permanent_uuid: "aa90039972cc480089bed3a1f3bf952c" role: FOLLOWER last_known_addr { host: "127.0.0.1" port: 60838 } } peers { permanent_uuid: "504935b256704386aff5580d38efd8da" role: CANDIDATE last_known_addr { host: "127.0.0.1" port: 57762 } } Changed to: opid_index: 1 local: false peers { permanent_uuid: "f094cd13cf8c48fcadfd7dfd3976a398" role: FOLLOWER last_known_addr { host: "127.0.0.1" port: 59754 } } peers { permanent_uuid: "aa90039972cc480089bed3a1f3bf952c" role: FOLLOWER last_known_addr { host: "127.0.0.1" port: 60838 } } peers { permanent_uuid: "504935b256704386aff5580d38efd8da" role: LEADER last_known_addr { host: "127.0.0.1" port: 57762 } }
I0219 21:02:59.513877 18449 tablet_peer.cc:187] Initiating TabletPeer shutdown for tablet: 3278d9fd9fa94c2ca65a21e36b338e58
I0219 21:02:59.514022 18449 maintenance_manager.cc:170] Unregistered op CompactRowSetsOp(3278d9fd9fa94c2ca65a21e36b338e58)
I0219 21:02:59.514138 18449 raft_consensus.cc:983] T 3278d9fd9fa94c2ca65a21e36b338e58 P 504935b256704386aff5580d38efd8da [FOLLOWER]: Raft consensus shutting down.
I0219 21:02:59.514333 18449 raft_consensus_state.cc:365] T 3278d9fd9fa94c2ca65a21e36b338e58 P 504935b256704386aff5580d38efd8da [FOLLOWER]: Trying to abort 0 pending transactions.
I0219 21:02:59.514493 18449 raft_consensus.cc:998] T 3278d9fd9fa94c2ca65a21e36b338e58 P 504935b256704386aff5580d38efd8da [FOLLOWER]: Raft consensus Shutdown!
I0219 21:02:59.515952 18449 maintenance_manager.cc:170] Unregistered op FlushMRSOp(36bdb5905c524c81b7b9050353dabda4)
I0219 21:02:59.516054 18449 maintenance_manager.cc:170] Unregistered op FlushDeltaMemStoresOp(36bdb5905c524c81b7b9050353dabda4)
I0219 21:02:59.516137 18449 maintenance_manager.cc:170] Unregistered op LogGCOp(36bdb5905c524c81b7b9050353dabda4)
I0219 21:02:59.516942 18449 maintenance_manager.cc:170] Unregistered op FlushMRSOp(37ade4af36924cf1a3f53ac08ca30507)
I0219 21:02:59.517084 18449 maintenance_manager.cc:170] Unregistered op FlushDeltaMemStoresOp(37ade4af36924cf1a3f53ac08ca30507)
I0219 21:02:59.517215 18449 maintenance_manager.cc:170] Unregistered op LogGCOp(37ade4af36924cf1a3f53ac08ca30507)
I0219 21:02:59.518208 18449 maintenance_manager.cc:170] Unregistered op FlushMRSOp(3278d9fd9fa94c2ca65a21e36b338e58)
I0219 21:02:59.518357 18449 maintenance_manager.cc:170] Unregistered op FlushDeltaMemStoresOp(3278d9fd9fa94c2ca65a21e36b338e58)
I0219 21:02:59.518530 18449 maintenance_manager.cc:170] Unregistered op LogGCOp(3278d9fd9fa94c2ca65a21e36b338e58)
I0219 21:02:59.519413 18449 tablet_server.cc:123] TabletServer shut down complete. Bye!
I0219 21:02:59.519506 18449 tablet_server.cc:114] TabletServer shutting down...
I0219 21:02:59.519621 18449 tablet_server.cc:123] TabletServer shut down complete. Bye!
I0219 21:02:59.526892 18449 master.cc:130] Master@127.0.0.1:37391 shutting down...
I0219 21:02:59.539866 18449 tablet_peer.cc:187] Initiating TabletPeer shutdown for tablet: 00000000000000000000000000000000
I0219 21:02:59.541906 18449 master.cc:133] Master@127.0.0.1:37391 shutdown complete. [ OK ] RemoteKsckTest.TestTabletServersOk (2117 ms) [ RUN ] RemoteKsckTest.TestTableConsistency
I0219 21:02:59.573992 18449 test_util.cc:117] Using random seed: 1424408579
I0219 21:02:59.601863 18449 fs_manager.cc:193] Generated new instance metadata in path /data1/test-tmp/ksck_remote-test.RemoteKsckTest.TestTableConsistency.1424408574588976-18449/minicluster-data/master-0-root/instance: uuid: "bf695c6bf23342528700b945916882a4" format_stamp: "Formatted at 2015-02-20 05:02:59 on boost-static-burst-slave-1172.vpc.cloudera.com"
I0219 21:02:59.617518 18449 fs_manager.cc:131] Opened local filesystem: /data1/test-tmp/ksck_remote-test.RemoteKsckTest.TestTableConsistency.1424408574588976-18449/minicluster-data/master-0-root uuid: "bf695c6bf23342528700b945916882a4" format_stamp: "Formatted at 2015-02-20 05:02:59 on boost-static-burst-slave-1172.vpc.cloudera.com"
