[==========] Running 5 tests from 1 test case. [----------] Global test environment set-up. [----------] 5 tests from RemoteKsckTest [ RUN ] RemoteKsckTest.TestMasterOk WARNING: Logging before InitGoogleLogging() is written to STDERR
I0219 21:02:54.601838 18449 test_util.cc:117] Using random seed: 1424408574
I0219 21:02:54.646947 18449 fs_manager.cc:193] Generated new instance metadata in path /data1/test-tmp/ksck_remote-test.RemoteKsckTest.TestMasterOk.1424408574588976-18449/minicluster-data/master-0-root/instance: uuid: "c62a51ece62c47d895a6e9bf888b0fb5" format_stamp: "Formatted at 2015-02-20 05:02:54 on boost-static-burst-slave-1172.vpc.cloudera.com"
I0219 21:02:54.669968 18449 fs_manager.cc:131] Opened local filesystem: /data1/test-tmp/ksck_remote-test.RemoteKsckTest.TestMasterOk.1424408574588976-18449/minicluster-data/master-0-root uuid: "c62a51ece62c47d895a6e9bf888b0fb5" format_stamp: "Formatted at 2015-02-20 05:02:54 on boost-static-burst-slave-1172.vpc.cloudera.com"
I0219 21:02:55.081701 18449 rpc_server.cc:110] RPC server started. Bound to: 127.0.0.1:38899
I0219 21:02:55.082996 18449 webserver.cc:108] Starting webserver on 0.0.0.0:0
I0219 21:02:55.083106 18449 webserver.cc:117] Document root disabled
I0219 21:02:55.085835 18449 webserver.cc:197] Webserver started. Bound to: http://0.0.0.0:57868/
I0219 21:02:55.136553 18756 tablet_bootstrap.cc:290] Tablet 00000000000000000000000000000000: Bootstrap starting.
I0219 21:02:55.146303 18756 tablet_bootstrap.cc:387] No previous blocks or log segments found for tablet: 00000000000000000000000000000000 creating new one.
I0219 21:02:55.149827 18756 log.cc:257] Log is configured to *not* fsync() on all Append() calls
I0219 21:02:55.172013 18756 tablet_bootstrap.cc:290] Tablet 00000000000000000000000000000000: No bootstrap required, opened a new log
I0219 21:02:55.206265 18785 change_config_transaction.cc:129] T 00000000000000000000000000000000 P c62a51ece62c47d895a6e9bf888b0fb5: Configuration changed Changed from: opid_index: -1 local: true peers { permanent_uuid: "c62a51ece62c47d895a6e9bf888b0fb5" role: LEADER } Changed to: opid_index: 1 local: true peers { permanent_uuid: "c62a51ece62c47d895a6e9bf888b0fb5" role: LEADER }
I0219 21:02:55.207587 18785 sys_catalog.cc:202] T 00000000000000000000000000000000 P c62a51ece62c47d895a6e9bf888b0fb5 [sys.catalog]: SysCatalogTable state changed. New quorum config:opid_index: 1 local: true peers { permanent_uuid: "c62a51ece62c47d895a6e9bf888b0fb5" role: LEADER }
I0219 21:02:55.207933 18785 sys_catalog.cc:205] T 00000000000000000000000000000000 P c62a51ece62c47d895a6e9bf888b0fb5 [sys.catalog]: This master's current role is: LEADER, previous role was: FOLLOWER
I0219 21:02:55.207703 18756 sys_catalog.cc:268] T 00000000000000000000000000000000 P c62a51ece62c47d895a6e9bf888b0fb5 [sys.catalog]: configured and running, proceeding with master startup.
I0219 21:02:55.220691 18793 catalog_manager.cc:397] Loading tables and tablets metadata into memory...
W0219 21:02:55.236835 18798 catalog_manager.cc:270] Catalog manager is not initialized!
I0219 21:02:55.293130 18449 fs_manager.cc:193] Generated new instance metadata in path /data1/test-tmp/ksck_remote-test.RemoteKsckTest.TestMasterOk.1424408574588976-18449/minicluster-data/ts-0-root/instance: uuid: "a23c963cc2c64632bbdea9c1539b30a8" format_stamp: "Formatted at 2015-02-20 05:02:55 on boost-static-burst-slave-1172.vpc.cloudera.com"
I0219 21:02:55.320492 18449 fs_manager.cc:131] Opened local filesystem: /data1/test-tmp/ksck_remote-test.RemoteKsckTest.TestMasterOk.1424408574588976-18449/minicluster-data/ts-0-root uuid: "a23c963cc2c64632bbdea9c1539b30a8" format_stamp: "Formatted at 2015-02-20 05:02:55 on boost-static-burst-slave-1172.vpc.cloudera.com"
I0219 21:02:55.480525 18449 rpc_server.cc:110] RPC server started. Bound to: 127.0.0.1:47899
I0219 21:02:55.481175 18449 webserver.cc:108] Starting webserver on 0.0.0.0:0
I0219 21:02:55.481295 18449 webserver.cc:117] Document root disabled
I0219 21:02:55.484086 18449 webserver.cc:197] Webserver started. Bound to: http://0.0.0.0:43465/
I0219 21:02:55.486825 18449 maintenance_manager.cc:111] MaintenanceManager: targeting memory size of 23.515860 GB
I0219 21:02:55.505815 18872 heartbeater.cc:219] Connected to a leader master server at 127.0.0.1:38899
I0219 21:02:55.506131 18872 heartbeater.cc:289] Registering TS with master...
I0219 21:02:55.506513 18872 heartbeater.cc:295] Sending a full tablet report to master...
I0219 21:02:55.508919 18704 ts_manager.cc:66] Registered new tablet server { permanent_uuid: "a23c963cc2c64632bbdea9c1539b30a8" instance_seqno: 1424408575477866 } with Master
I0219 21:02:55.541091 18449 fs_manager.cc:193] Generated new instance metadata in path /data1/test-tmp/ksck_remote-test.RemoteKsckTest.TestMasterOk.1424408574588976-18449/minicluster-data/ts-1-root/instance: uuid: "f368131df0684fcd94566a9538713a4c" format_stamp: "Formatted at 2015-02-20 05:02:55 on boost-static-burst-slave-1172.vpc.cloudera.com"
I0219 21:02:55.567219 18449 fs_manager.cc:131] Opened local filesystem: /data1/test-tmp/ksck_remote-test.RemoteKsckTest.TestMasterOk.1424408574588976-18449/minicluster-data/ts-1-root uuid: "f368131df0684fcd94566a9538713a4c" format_stamp: "Formatted at 2015-02-20 05:02:55 on boost-static-burst-slave-1172.vpc.cloudera.com"
I0219 21:02:55.703899 18449 rpc_server.cc:110] RPC server started. Bound to: 127.0.0.1:44728
I0219 21:02:55.704558 18449 webserver.cc:108] Starting webserver on 0.0.0.0:0
I0219 21:02:55.704684 18449 webserver.cc:117] Document root disabled
I0219 21:02:55.707957 18449 webserver.cc:197] Webserver started. Bound to: http://0.0.0.0:55374/
I0219 21:02:55.709431 18449 maintenance_manager.cc:111] MaintenanceManager: targeting memory size of 23.515860 GB
I0219 21:02:55.717965 18933 heartbeater.cc:219] Connected to a leader master server at 127.0.0.1:38899
I0219 21:02:55.718293 18933 heartbeater.cc:289] Registering TS with master...
I0219 21:02:55.718535 18933 heartbeater.cc:295] Sending a full tablet report to master...
I0219 21:02:55.719969 18713 ts_manager.cc:66] Registered new tablet server { permanent_uuid: "f368131df0684fcd94566a9538713a4c" instance_seqno: 1424408575701527 } with Master
I0219 21:02:55.763412 18449 fs_manager.cc:193] Generated new instance metadata in path /data1/test-tmp/ksck_remote-test.RemoteKsckTest.TestMasterOk.1424408574588976-18449/minicluster-data/ts-2-root/instance: uuid: "870aee24421545209809d234697decb0" format_stamp: "Formatted at 2015-02-20 05:02:55 on boost-static-burst-slave-1172.vpc.cloudera.com"
I0219 21:02:55.795189 18449 fs_manager.cc:131] Opened local filesystem: /data1/test-tmp/ksck_remote-test.RemoteKsckTest.TestMasterOk.1424408574588976-18449/minicluster-data/ts-2-root uuid: "870aee24421545209809d234697decb0" format_stamp: "Formatted at 2015-02-20 05:02:55 on boost-static-burst-slave-1172.vpc.cloudera.com"
I0219 21:02:55.944125 18449 rpc_server.cc:110] RPC server started. Bound to: 127.0.0.1:35523
I0219 21:02:55.944716 18449 webserver.cc:108] Starting webserver on 0.0.0.0:0
I0219 21:02:55.944838 18449 webserver.cc:117] Document root disabled
I0219 21:02:55.952853 18449 webserver.cc:197] Webserver started. Bound to: http://0.0.0.0:55687/
I0219 21:02:55.956081 18449 maintenance_manager.cc:111] MaintenanceManager: targeting memory size of 23.515860 GB
I0219 21:02:55.972861 19003 heartbeater.cc:219] Connected to a leader master server at 127.0.0.1:38899
I0219 21:02:55.973018 19003 heartbeater.cc:289] Registering TS with master...
I0219 21:02:55.973191 19003 heartbeater.cc:295] Sending a full tablet report to master...
I0219 21:02:55.974778 18707 ts_manager.cc:66] Registered new tablet server { permanent_uuid: "870aee24421545209809d234697decb0" instance_seqno: 1424408575934166 } with Master
I0219 21:02:55.975276 18449 mini_cluster.cc:276] 3 TS(s) registered with Master after 0.00733963s
I0219 21:02:56.055387 18707 catalog_manager.cc:562] CreateTable from {real_user=jenkins, eff_user=} at 127.0.0.1:53929: name: "ksck-test-table" schema { columns { name: "key" type: UINT32 is_key: true is_nullable: false encoding: AUTO_ENCODING compression: DEFAULT_COMPRESSION } columns { name: "int_val" type: UINT32 is_key: false is_nullable: false encoding: AUTO_ENCODING compression: DEFAULT_COMPRESSION } } pre_split_keys: "\000\000\000\000" pre_split_keys: "\000\000\000\001" num_replicas: 3
I0219 21:02:56.166867 18826 tablet_service.cc:389] Processing CreateTablet for tablet b538f64abff6421b9b2fcbfc34fe9aa6 (table=ksck-test-table [id=af42d202884f44529e2e6c4caa703373]), range=["\x00\x00\x00\x01", ""]
I0219 21:02:56.167068 18828 tablet_service.cc:389] Processing CreateTablet for tablet e557230bff5343aa94b77257f2e3d64e (table=ksck-test-table [id=af42d202884f44529e2e6c4caa703373]), range=["", "\x00\x00\x00\x00"]
I0219 21:02:56.167098 18830 tablet_service.cc:389] Processing CreateTablet for tablet e17b0b00dda2421b9c3e9aa4de6ee00d (table=ksck-test-table [id=af42d202884f44529e2e6c4caa703373]), range=["\x00\x00\x00\x00", "\x00\x00\x00\x01"]
I0219 21:02:56.169848 18907 tablet_service.cc:389] Processing CreateTablet for tablet b538f64abff6421b9b2fcbfc34fe9aa6 (table=ksck-test-table [id=af42d202884f44529e2e6c4caa703373]), range=["\x00\x00\x00\x01", ""]
I0219 21:02:56.169569 18969 tablet_service.cc:389] Processing CreateTablet for tablet b538f64abff6421b9b2fcbfc34fe9aa6 (table=ksck-test-table [id=af42d202884f44529e2e6c4caa703373]), range=["\x00\x00\x00\x01", ""]
I0219 21:02:56.171100 18910 tablet_service.cc:389] Processing CreateTablet for tablet e557230bff5343aa94b77257f2e3d64e (table=ksck-test-table [id=af42d202884f44529e2e6c4caa703373]), range=["", "\x00\x00\x00\x00"]
I0219 21:02:56.172039 18970 tablet_service.cc:389] Processing CreateTablet for tablet e17b0b00dda2421b9c3e9aa4de6ee00d (table=ksck-test-table [id=af42d202884f44529e2e6c4caa703373]), range=["\x00\x00\x00\x00", "\x00\x00\x00\x01"]
I0219 21:02:56.174582 18973 tablet_service.cc:389] Processing CreateTablet for tablet e557230bff5343aa94b77257f2e3d64e (table=ksck-test-table [id=af42d202884f44529e2e6c4caa703373]), range=["", "\x00\x00\x00\x00"]
I0219 21:02:56.174366 18908 tablet_service.cc:389] Processing CreateTablet for tablet e17b0b00dda2421b9c3e9aa4de6ee00d (table=ksck-test-table [id=af42d202884f44529e2e6c4caa703373]), range=["\x00\x00\x00\x00", "\x00\x00\x00\x01"]
I0219 21:02:56.398645 18830 ts_tablet_manager.cc:449] Registered tablet e17b0b00dda2421b9c3e9aa4de6ee00d
I0219 21:02:56.468060 19065 ts_tablet_manager.cc:314] Bootstrapping tablet: e17b0b00dda2421b9c3e9aa4de6ee00d
I0219 21:02:56.539896 19065 tablet_bootstrap.cc:290] Tablet e17b0b00dda2421b9c3e9aa4de6ee00d: Bootstrap starting.
I0219 21:02:56.554517 19065 tablet_bootstrap.cc:387] No previous blocks or log segments found for tablet: e17b0b00dda2421b9c3e9aa4de6ee00d creating new one.
I0219 21:02:56.680177 19065 tablet_bootstrap.cc:290] Tablet e17b0b00dda2421b9c3e9aa4de6ee00d: No bootstrap required, opened a new log
I0219 21:02:56.685756 19065 ts_tablet_manager.cc:319] Time spent tablet e17b0b00dda2421b9c3e9aa4de6ee00d bootstrap: real 0.216s user 0.014s sys 0.014s
I0219 21:02:56.706533 19065 raft_consensus.cc:194] T e17b0b00dda2421b9c3e9aa4de6ee00d P a23c963cc2c64632bbdea9c1539b30a8 [FOLLOWER]: Replica starting. Triggering 0 pending transactions.
I0219 21:02:56.709987 19065 raft_consensus.cc:399] T e17b0b00dda2421b9c3e9aa4de6ee00d P a23c963cc2c64632bbdea9c1539b30a8 [FOLLOWER]: Becoming Follower/Learner. State: Replica: a23c963cc2c64632bbdea9c1539b30a8, State: 1, Role: FOLLOWER Watermarks: {Received: term: 0 index: 0 Committed: term: 0 index: 0}
I0219 21:02:56.712417 19065 consensus_queue.cc:127] T e17b0b00dda2421b9c3e9aa4de6ee00d P a23c963cc2c64632bbdea9c1539b30a8 [NON_LEADER]: queue going to NON_LEADER mode. State: All replicated op: 0.0, Majority replicated op: 0.0, Committed index: 0.0, Last appended: 0.0, Current term: 0, Majority size: 1, State: 1, Mode: NON_LEADER
I0219 21:02:56.717023 19065 ts_tablet_manager.cc:339] Time spent starting tablet e17b0b00dda2421b9c3e9aa4de6ee00d: real 0.031s user 0.010s sys 0.005s
I0219 21:02:56.791867 18826 ts_tablet_manager.cc:449] Registered tablet b538f64abff6421b9b2fcbfc34fe9aa6
I0219 21:02:56.792824 19065 ts_tablet_manager.cc:314] Bootstrapping tablet: b538f64abff6421b9b2fcbfc34fe9aa6
I0219 21:02:56.799427 18969 ts_tablet_manager.cc:449] Registered tablet b538f64abff6421b9b2fcbfc34fe9aa6
I0219 21:02:56.810751 18907 ts_tablet_manager.cc:449] Registered tablet b538f64abff6421b9b2fcbfc34fe9aa6
I0219 21:02:56.813295 19065 tablet_bootstrap.cc:290] Tablet b538f64abff6421b9b2fcbfc34fe9aa6: Bootstrap starting.
I0219 21:02:56.848067 18910 ts_tablet_manager.cc:449] Registered tablet e557230bff5343aa94b77257f2e3d64e
I0219 21:02:56.849874 19195 ts_tablet_manager.cc:314] Bootstrapping tablet: b538f64abff6421b9b2fcbfc34fe9aa6
I0219 21:02:56.861289 19065 tablet_bootstrap.cc:387] No previous blocks or log segments found for tablet: b538f64abff6421b9b2fcbfc34fe9aa6 creating new one.
I0219 21:02:56.876929 18828 ts_tablet_manager.cc:449] Registered tablet e557230bff5343aa94b77257f2e3d64e
I0219 21:02:56.878818 19199 ts_tablet_manager.cc:314] Bootstrapping tablet: b538f64abff6421b9b2fcbfc34fe9aa6
I0219 21:02:56.899303 19199 tablet_bootstrap.cc:290] Tablet b538f64abff6421b9b2fcbfc34fe9aa6: Bootstrap starting.
I0219 21:02:56.903213 19195 tablet_bootstrap.cc:290] Tablet b538f64abff6421b9b2fcbfc34fe9aa6: Bootstrap starting.
I0219 21:02:56.928290 19201 ts_tablet_manager.cc:314] Bootstrapping tablet: e557230bff5343aa94b77257f2e3d64e
I0219 21:02:56.928491 19195 tablet_bootstrap.cc:387] No previous blocks or log segments found for tablet: b538f64abff6421b9b2fcbfc34fe9aa6 creating new one.
I0219 21:02:56.939409 19199 tablet_bootstrap.cc:387] No previous blocks or log segments found for tablet: b538f64abff6421b9b2fcbfc34fe9aa6 creating new one.
I0219 21:02:56.941609 19205 ts_tablet_manager.cc:314] Bootstrapping tablet: e557230bff5343aa94b77257f2e3d64e
I0219 21:02:56.958503 18973 ts_tablet_manager.cc:449] Registered tablet e557230bff5343aa94b77257f2e3d64e
I0219 21:02:56.979971 19065 tablet_bootstrap.cc:290] Tablet b538f64abff6421b9b2fcbfc34fe9aa6: No bootstrap required, opened a new log
I0219 21:02:56.982970 19065 ts_tablet_manager.cc:319] Time spent tablet b538f64abff6421b9b2fcbfc34fe9aa6 bootstrap: real 0.190s user 0.011s sys 0.016s
I0219 21:02:57.009419 19216 ts_tablet_manager.cc:314] Bootstrapping tablet: e557230bff5343aa94b77257f2e3d64e
I0219 21:02:57.009135 19195 tablet_bootstrap.cc:290] Tablet b538f64abff6421b9b2fcbfc34fe9aa6: No bootstrap required, opened a new log
I0219 21:02:57.012156 19201 tablet_bootstrap.cc:290] Tablet e557230bff5343aa94b77257f2e3d64e: Bootstrap starting.
I0219 21:02:57.014220 19195 ts_tablet_manager.cc:319] Time spent tablet b538f64abff6421b9b2fcbfc34fe9aa6 bootstrap: real 0.164s user 0.018s sys 0.011s
I0219 21:02:57.015393 19205 tablet_bootstrap.cc:290] Tablet e557230bff5343aa94b77257f2e3d64e: Bootstrap starting.
I0219 21:02:57.041564 18908 ts_tablet_manager.cc:449] Registered tablet e17b0b00dda2421b9c3e9aa4de6ee00d
I0219 21:02:57.044636 19205 tablet_bootstrap.cc:387] No previous blocks or log segments found for tablet: e557230bff5343aa94b77257f2e3d64e creating new one.
I0219 21:02:57.048636 19201 tablet_bootstrap.cc:387] No previous blocks or log segments found for tablet: e557230bff5343aa94b77257f2e3d64e creating new one.
I0219 21:02:57.052808 19199 tablet_bootstrap.cc:290] Tablet b538f64abff6421b9b2fcbfc34fe9aa6: No bootstrap required, opened a new log
I0219 21:02:57.053841 19065 raft_consensus.cc:194] T b538f64abff6421b9b2fcbfc34fe9aa6 P a23c963cc2c64632bbdea9c1539b30a8 [CANDIDATE]: Replica starting. Triggering 0 pending transactions.
I0219 21:02:57.059373 19195 raft_consensus.cc:194] T b538f64abff6421b9b2fcbfc34fe9aa6 P 870aee24421545209809d234697decb0 [FOLLOWER]: Replica starting. Triggering 0 pending transactions.
I0219 21:02:57.059648 19195 raft_consensus.cc:399] T b538f64abff6421b9b2fcbfc34fe9aa6 P 870aee24421545209809d234697decb0 [FOLLOWER]: Becoming Follower/Learner. State: Replica: 870aee24421545209809d234697decb0, State: 1, Role: FOLLOWER Watermarks: {Received: term: 0 index: 0 Committed: term: 0 index: 0}
I0219 21:02:57.060318 19195 consensus_queue.cc:127] T b538f64abff6421b9b2fcbfc34fe9aa6 P 870aee24421545209809d234697decb0 [NON_LEADER]: queue going to NON_LEADER mode. State: All replicated op: 0.0, Majority replicated op: 0.0, Committed index: 0.0, Last appended: 0.0, Current term: 0, Majority size: 1, State: 1, Mode: NON_LEADER
I0219 21:02:57.061389 19195 ts_tablet_manager.cc:339] Time spent starting tablet b538f64abff6421b9b2fcbfc34fe9aa6: real 0.046s user 0.009s sys 0.002s
I0219 21:02:57.061519 19199 ts_tablet_manager.cc:319] Time spent tablet b538f64abff6421b9b2fcbfc34fe9aa6 bootstrap: real 0.179s user 0.015s sys 0.016s
I0219 21:02:57.065768 19216 tablet_bootstrap.cc:290] Tablet e557230bff5343aa94b77257f2e3d64e: Bootstrap starting.
I0219 21:02:57.072453 19216 tablet_bootstrap.cc:387] No previous blocks or log segments found for tablet: e557230bff5343aa94b77257f2e3d64e creating new one.
I0219 21:02:57.074690 19199 raft_consensus.cc:194] T b538f64abff6421b9b2fcbfc34fe9aa6 P f368131df0684fcd94566a9538713a4c [FOLLOWER]: Replica starting. Triggering 0 pending transactions.
I0219 21:02:57.075819 19199 raft_consensus.cc:399] T b538f64abff6421b9b2fcbfc34fe9aa6 P f368131df0684fcd94566a9538713a4c [FOLLOWER]: Becoming Follower/Learner. State: Replica: f368131df0684fcd94566a9538713a4c, State: 1, Role: FOLLOWER Watermarks: {Received: term: 0 index: 0 Committed: term: 0 index: 0}
I0219 21:02:57.076660 19199 consensus_queue.cc:127] T b538f64abff6421b9b2fcbfc34fe9aa6 P f368131df0684fcd94566a9538713a4c [NON_LEADER]: queue going to NON_LEADER mode. State: All replicated op: 0.0, Majority replicated op: 0.0, Committed index: 0.0, Last appended: 0.0, Current term: 0, Majority size: 1, State: 1, Mode: NON_LEADER
I0219 21:02:57.078604 19220 ts_tablet_manager.cc:314] Bootstrapping tablet: e17b0b00dda2421b9c3e9aa4de6ee00d
I0219 21:02:57.091102 19199 ts_tablet_manager.cc:339] Time spent starting tablet b538f64abff6421b9b2fcbfc34fe9aa6: real 0.029s user 0.007s sys 0.003s
I0219 21:02:57.115857 19205 tablet_bootstrap.cc:290] Tablet e557230bff5343aa94b77257f2e3d64e: No bootstrap required, opened a new log
I0219 21:02:57.118397 19205 ts_tablet_manager.cc:319] Time spent tablet e557230bff5343aa94b77257f2e3d64e bootstrap: real 0.175s user 0.014s sys 0.020s
I0219 21:02:57.120831 19220 tablet_bootstrap.cc:290] Tablet e17b0b00dda2421b9c3e9aa4de6ee00d: Bootstrap starting.
I0219 21:02:57.121772 18970 ts_tablet_manager.cc:449] Registered tablet e17b0b00dda2421b9c3e9aa4de6ee00d
I0219 21:02:57.122078 19195 ts_tablet_manager.cc:314] Bootstrapping tablet: e17b0b00dda2421b9c3e9aa4de6ee00d
I0219 21:02:57.143869 19205 raft_consensus.cc:194] T e557230bff5343aa94b77257f2e3d64e P a23c963cc2c64632bbdea9c1539b30a8 [FOLLOWER]: Replica starting. Triggering 0 pending transactions.
I0219 21:02:57.147393 19201 tablet_bootstrap.cc:290] Tablet e557230bff5343aa94b77257f2e3d64e: No bootstrap required, opened a new log
I0219 21:02:57.145164 19205 raft_consensus.cc:399] T e557230bff5343aa94b77257f2e3d64e P a23c963cc2c64632bbdea9c1539b30a8 [FOLLOWER]: Becoming Follower/Learner. State: Replica: a23c963cc2c64632bbdea9c1539b30a8, State: 1, Role: FOLLOWER Watermarks: {Received: term: 0 index: 0 Committed: term: 0 index: 0}
I0219 21:02:57.150605 19205 consensus_queue.cc:127] T e557230bff5343aa94b77257f2e3d64e P a23c963cc2c64632bbdea9c1539b30a8 [NON_LEADER]: queue going to NON_LEADER mode. State: All replicated op: 0.0, Majority replicated op: 0.0, Committed index: 0.0, Last appended: 0.0, Current term: 0, Majority size: 1, State: 1, Mode: NON_LEADER
I0219 21:02:57.151137 19195 tablet_bootstrap.cc:290] Tablet e17b0b00dda2421b9c3e9aa4de6ee00d: Bootstrap starting.
I0219 21:02:57.150101 19201 ts_tablet_manager.cc:319] Time spent tablet e557230bff5343aa94b77257f2e3d64e bootstrap: real 0.222s user 0.015s sys 0.020s
I0219 21:02:57.151973 19205 ts_tablet_manager.cc:339] Time spent starting tablet e557230bff5343aa94b77257f2e3d64e: real 0.033s user 0.009s sys 0.002s
I0219 21:02:57.156278 19220 tablet_bootstrap.cc:387] No previous blocks or log segments found for tablet: e17b0b00dda2421b9c3e9aa4de6ee00d creating new one.
I0219 21:02:57.157198 19216 tablet_bootstrap.cc:290] Tablet e557230bff5343aa94b77257f2e3d64e: No bootstrap required, opened a new log
I0219 21:02:57.159440 19216 ts_tablet_manager.cc:319] Time spent tablet e557230bff5343aa94b77257f2e3d64e bootstrap: real 0.149s user 0.011s sys 0.018s
I0219 21:02:57.160441 19065 raft_consensus.cc:361] T b538f64abff6421b9b2fcbfc34fe9aa6 P a23c963cc2c64632bbdea9c1539b30a8 [LEADER]: Becoming Leader. State: Replica: a23c963cc2c64632bbdea9c1539b30a8, State: 1, Role: LEADER Watermarks: {Received: term: 0 index: 0 Committed: term: 0 index: 0}
I0219 21:02:57.162401 19065 consensus_queue.cc:119] T b538f64abff6421b9b2fcbfc34fe9aa6 P a23c963cc2c64632bbdea9c1539b30a8 [LEADER]: queue going to LEADER mode. State: All replicated op: 0.0, Majority replicated op: 0.0, Committed index: 0.0, Last appended: 0.0, Current term: 1, Majority size: 2, State: 1, Mode: LEADER
I0219 21:02:57.166465 19195 tablet_bootstrap.cc:387] No previous blocks or log segments found for tablet: e17b0b00dda2421b9c3e9aa4de6ee00d creating new one.
I0219 21:02:57.166816 19201 raft_consensus.cc:194] T e557230bff5343aa94b77257f2e3d64e P f368131df0684fcd94566a9538713a4c [CANDIDATE]: Replica starting. Triggering 0 pending transactions.
I0219 21:02:57.186264 19220 tablet_bootstrap.cc:290] Tablet e17b0b00dda2421b9c3e9aa4de6ee00d: No bootstrap required, opened a new log
I0219 21:02:57.189287 19201 raft_consensus.cc:361] T e557230bff5343aa94b77257f2e3d64e P f368131df0684fcd94566a9538713a4c [LEADER]: Becoming Leader. State: Replica: f368131df0684fcd94566a9538713a4c, State: 1, Role: LEADER Watermarks: {Received: term: 0 index: 0 Committed: term: 0 index: 0}
I0219 21:02:57.189705 19201 consensus_queue.cc:119] T e557230bff5343aa94b77257f2e3d64e P f368131df0684fcd94566a9538713a4c [LEADER]: queue going to LEADER mode. State: All replicated op: 0.0, Majority replicated op: 0.0, Committed index: 0.0, Last appended: 0.0, Current term: 1, Majority size: 2, State: 1, Mode: LEADER
I0219 21:02:57.190289 19220 ts_tablet_manager.cc:319] Time spent tablet e17b0b00dda2421b9c3e9aa4de6ee00d bootstrap: real 0.111s user 0.012s sys 0.017s
I0219 21:02:57.193984 19216 raft_consensus.cc:194] T e557230bff5343aa94b77257f2e3d64e P 870aee24421545209809d234697decb0 [FOLLOWER]: Replica starting. Triggering 0 pending transactions.
I0219 21:02:57.194264 19216 raft_consensus.cc:399] T e557230bff5343aa94b77257f2e3d64e P 870aee24421545209809d234697decb0 [FOLLOWER]: Becoming Follower/Learner. State: Replica: 870aee24421545209809d234697decb0, State: 1, Role: FOLLOWER Watermarks: {Received: term: 0 index: 0 Committed: term: 0 index: 0}
I0219 21:02:57.194799 19216 consensus_queue.cc:127] T e557230bff5343aa94b77257f2e3d64e P 870aee24421545209809d234697decb0 [NON_LEADER]: queue going to NON_LEADER mode. State: All replicated op: 0.0, Majority replicated op: 0.0, Committed index: 0.0, Last appended: 0.0, Current term: 0, Majority size: 1, State: 1, Mode: NON_LEADER
I0219 21:02:57.196591 19216 ts_tablet_manager.cc:339] Time spent starting tablet e557230bff5343aa94b77257f2e3d64e: real 0.037s user 0.007s sys 0.005s
I0219 21:02:57.204697 19220 raft_consensus.cc:194] T e17b0b00dda2421b9c3e9aa4de6ee00d P f368131df0684fcd94566a9538713a4c [FOLLOWER]: Replica starting. Triggering 0 pending transactions.
I0219 21:02:57.204970 19220 raft_consensus.cc:399] T e17b0b00dda2421b9c3e9aa4de6ee00d P f368131df0684fcd94566a9538713a4c [FOLLOWER]: Becoming Follower/Learner. State: Replica: f368131df0684fcd94566a9538713a4c, State: 1, Role: FOLLOWER Watermarks: {Received: term: 0 index: 0 Committed: term: 0 index: 0}
I0219 21:02:57.205657 19220 consensus_queue.cc:127] T e17b0b00dda2421b9c3e9aa4de6ee00d P f368131df0684fcd94566a9538713a4c [NON_LEADER]: queue going to NON_LEADER mode. State: All replicated op: 0.0, Majority replicated op: 0.0, Committed index: 0.0, Last appended: 0.0, Current term: 0, Majority size: 1, State: 1, Mode: NON_LEADER
I0219 21:02:57.210382 19220 ts_tablet_manager.cc:339] Time spent starting tablet e17b0b00dda2421b9c3e9aa4de6ee00d: real 0.020s user 0.010s sys 0.000s
I0219 21:02:57.223582 19195 tablet_bootstrap.cc:290] Tablet e17b0b00dda2421b9c3e9aa4de6ee00d: No bootstrap required, opened a new log
I0219 21:02:57.226160 19195 ts_tablet_manager.cc:319] Time spent tablet e17b0b00dda2421b9c3e9aa4de6ee00d bootstrap: real 0.104s user 0.018s sys 0.010s
W0219 21:02:57.231962 19239 raft_consensus_state.cc:477] T b538f64abff6421b9b2fcbfc34fe9aa6 P a23c963cc2c64632bbdea9c1539b30a8 [LEADER]: Can't advance the committed index across term boundaries yet. Last committed operation was: term: 0 index: 0 New majority replicated is: term: 0 index: 0. Current term is: 1
I0219 21:02:57.234375 19065 ts_tablet_manager.cc:339] Time spent starting tablet b538f64abff6421b9b2fcbfc34fe9aa6: real 0.251s user 0.036s sys 0.013s
W0219 21:02:57.234313 19242 raft_consensus_state.cc:477] T e557230bff5343aa94b77257f2e3d64e P f368131df0684fcd94566a9538713a4c [LEADER]: Can't advance the committed index across term boundaries yet. Last committed operation was: term: 0 index: 0 New majority replicated is: term: 0 index: 0. Current term is: 1
I0219 21:02:57.234998 19201 ts_tablet_manager.cc:339] Time spent starting tablet e557230bff5343aa94b77257f2e3d64e: real 0.083s user 0.016s sys 0.012s
I0219 21:02:57.254879 19195 raft_consensus.cc:194] T e17b0b00dda2421b9c3e9aa4de6ee00d P 870aee24421545209809d234697decb0 [CANDIDATE]: Replica starting. Triggering 0 pending transactions.
I0219 21:02:57.265627 19195 raft_consensus.cc:361] T e17b0b00dda2421b9c3e9aa4de6ee00d P 870aee24421545209809d234697decb0 [LEADER]: Becoming Leader. State: Replica: 870aee24421545209809d234697decb0, State: 1, Role: LEADER Watermarks: {Received: term: 0 index: 0 Committed: term: 0 index: 0}
I0219 21:02:57.266095 19195 consensus_queue.cc:119] T e17b0b00dda2421b9c3e9aa4de6ee00d P 870aee24421545209809d234697decb0 [LEADER]: queue going to LEADER mode. State: All replicated op: 0.0, Majority replicated op: 0.0, Committed index: 0.0, Last appended: 0.0, Current term: 1, Majority size: 2, State: 1, Mode: LEADER INFO: Connected to the Master
I0219 21:02:57.266711 18449 tablet_server.cc:114] TabletServer shutting down...
I0219 21:02:57.272873 19195 ts_tablet_manager.cc:339] Time spent starting tablet e17b0b00dda2421b9c3e9aa4de6ee00d: real 0.046s user 0.018s sys 0.004s
W0219 21:02:57.277111 19254 raft_consensus_state.cc:477] T e17b0b00dda2421b9c3e9aa4de6ee00d P 870aee24421545209809d234697decb0 [LEADER]: Can't advance the committed index across term boundaries yet. Last committed operation was: term: 0 index: 0 New majority replicated is: term: 0 index: 0. Current term is: 1
I0219 21:02:57.306442 18449 ts_tablet_manager.cc:394] Shutting down tablet manager...
I0219 21:02:57.307299 18449 tablet_peer.cc:187] Initiating TabletPeer shutdown for tablet: b538f64abff6421b9b2fcbfc34fe9aa6
I0219 21:02:57.307813 18449 maintenance_manager.cc:170] Unregistered op CompactRowSetsOp(b538f64abff6421b9b2fcbfc34fe9aa6)
I0219 21:02:57.308137 18449 raft_consensus.cc:983] T b538f64abff6421b9b2fcbfc34fe9aa6 P a23c963cc2c64632bbdea9c1539b30a8 [LEADER]: Raft consensus shutting down.
I0219 21:02:57.309039 18449 consensus_peers.cc:211] T b538f64abff6421b9b2fcbfc34fe9aa6 P a23c963cc2c64632bbdea9c1539b30a8: Closing peer: f368131df0684fcd94566a9538713a4c
I0219 21:02:57.309617 18449 consensus_peers.cc:211] T b538f64abff6421b9b2fcbfc34fe9aa6 P a23c963cc2c64632bbdea9c1539b30a8: Closing peer: 870aee24421545209809d234697decb0
I0219 21:02:57.310428 18449 raft_consensus_state.cc:365] T b538f64abff6421b9b2fcbfc34fe9aa6 P a23c963cc2c64632bbdea9c1539b30a8 [LEADER]: Trying to abort 1 pending transactions.
I0219 21:02:57.310601 18449 raft_consensus_state.cc:370] T b538f64abff6421b9b2fcbfc34fe9aa6 P a23c963cc2c64632bbdea9c1539b30a8 [LEADER]: Aborting transaction as it isn't in flight: id { term: 1 index: 1 } op_type: CHANGE_CONFIG_OP change_config_request { tablet_id: "b538f64abff6421b9b2fcbfc34fe9aa6" old_config { opid_index: -1 local: false peers { permanent_uuid: "f368131df0684fcd94566a9538713a4c" role: FOLLOWER last_known_addr { host: "127.0.0.1" port: 44728 } } peers { permanent_uuid: "a23c963cc2c64632bbdea9c1539b30a8" role: CANDIDATE last_known_addr { host: "127.0.0.1" port: 47899 } } peers { permanent_uuid: "870aee24421545209809d234697decb0" role: FOLLOWER last_known_addr { host: "127.0.0.1" port: 35523 } } } new_config { local: false peers { permanent_uuid: "f368131df0684fcd94566a9538713a4c" role: FOLLOWER last_known_addr { host: "127.0.0.1" port: 44728 } } peers { permanent_uuid: "a23c963cc2c64632bbdea9c1539b30a8" role: LEADER last_known_addr { host: "127.0.0.1" port: 47899 } } peers { permanent_uuid: "870aee24421545209809d234697decb0" role: FOLLOWER last_known_addr { host: "127.0.0.1" port: 35523 } } } }
I0219 21:02:57.312157 18449 raft_consensus.cc:998] T b538f64abff6421b9b2fcbfc34fe9aa6 P a23c963cc2c64632bbdea9c1539b30a8 [LEADER]: Raft consensus Shutdown!
I0219 21:02:57.312417 18449 transaction_tracker.cc:126] Dumping currently running transactions:
I0219 21:02:57.312917 18449 transaction_tracker.cc:128] ChangeConfigTransaction [type=REPLICA, state=ChangeConfigTransactionState [opid=term: 1 index: 1, timestamp=1, request=tablet_id: "b538f64abff6421b9b2fcbfc34fe9aa6" old_config { opid_index: -1 local: false peers { permanent_uuid: "f368131df0684fcd94566a9538713a4c" role: FOLLOWER last_known_addr { host: "127.0.0.1" port: 44728 } } peers { permanent_uuid: "a23c963cc2c64632bbdea9c1539b30a8" role: CANDIDATE last_known_addr { host: "127.0.0.1" port: 47899 } } peers { permanent_uuid: "870aee24421545209809d234697decb0" role: FOLLOWER last_known_addr { host: "127.0.0.1" port: 35523 } } } new_config { local: false peers { permanent_uuid: "f368131df0684fcd94566a9538713a4c" role: FOLLOWER last_known_addr { host: "127.0.0.1" port: 44728 } } peers { permanent_uuid: "a23c963cc2c64632bbdea9c1539b30a8" role: LEADER last_known_addr { host: "127.0.0.1" port: 47899 } } peers { permanent_uuid: "870aee24421545209809d234697decb0" role: FOLLOWER last_known_addr { host: "127.0.0.1" port: 35523 } } }]]
I0219 21:02:57.312898 19262 change_config_transaction.cc:129] T b538f64abff6421b9b2fcbfc34fe9aa6 P a23c963cc2c64632bbdea9c1539b30a8: Configuration changed Changed from: opid_index: -1 local: false peers { permanent_uuid: "f368131df0684fcd94566a9538713a4c" role: FOLLOWER last_known_addr { host: "127.0.0.1" port: 44728 } } peers { permanent_uuid: "a23c963cc2c64632bbdea9c1539b30a8" role: CANDIDATE last_known_addr { host: "127.0.0.1" port: 47899 } } peers { permanent_uuid: "870aee24421545209809d234697decb0" role: FOLLOWER last_known_addr { host: "127.0.0.1" port: 35523 } } Changed to: opid_index: 1 local: false peers { permanent_uuid: "f368131df0684fcd94566a9538713a4c" role: FOLLOWER last_known_addr { host: "127.0.0.1" port: 44728 } } peers { permanent_uuid: "a23c963cc2c64632bbdea9c1539b30a8" role: LEADER last_known_addr { host: "127.0.0.1" port: 47899 } } peers { permanent_uuid: "870aee24421545209809d234697decb0" role: FOLLOWER last_known_addr { host: "127.0.0.1" port: 35523 } }
I0219 21:02:57.315539 18449 tablet_peer.cc:187] Initiating TabletPeer shutdown for tablet: e17b0b00dda2421b9c3e9aa4de6ee00d
I0219 21:02:57.315716 18449 maintenance_manager.cc:170] Unregistered op CompactRowSetsOp(e17b0b00dda2421b9c3e9aa4de6ee00d)
I0219 21:02:57.316674 18449 raft_consensus.cc:983] T e17b0b00dda2421b9c3e9aa4de6ee00d P a23c963cc2c64632bbdea9c1539b30a8 [FOLLOWER]: Raft consensus shutting down.
I0219 21:02:57.317528 18449 raft_consensus_state.cc:365] T e17b0b00dda2421b9c3e9aa4de6ee00d P a23c963cc2c64632bbdea9c1539b30a8 [FOLLOWER]: Trying to abort 0 pending transactions.
I0219 21:02:57.317689 18449 raft_consensus.cc:998] T e17b0b00dda2421b9c3e9aa4de6ee00d P a23c963cc2c64632bbdea9c1539b30a8 [FOLLOWER]: Raft consensus Shutdown!
I0219 21:02:57.318631 18449 tablet_peer.cc:187] Initiating TabletPeer shutdown for tablet: e557230bff5343aa94b77257f2e3d64e
I0219 21:02:57.318804 18449 maintenance_manager.cc:170] Unregistered op CompactRowSetsOp(e557230bff5343aa94b77257f2e3d64e)
I0219 21:02:57.318938 18449 raft_consensus.cc:983] T e557230bff5343aa94b77257f2e3d64e P a23c963cc2c64632bbdea9c1539b30a8 [FOLLOWER]: Raft consensus shutting down.
I0219 21:02:57.319134 18449 raft_consensus_state.cc:365] T e557230bff5343aa94b77257f2e3d64e P a23c963cc2c64632bbdea9c1539b30a8 [FOLLOWER]: Trying to abort 0 pending transactions.
I0219 21:02:57.319284 18449 raft_consensus.cc:998] T e557230bff5343aa94b77257f2e3d64e P a23c963cc2c64632bbdea9c1539b30a8 [FOLLOWER]: Raft consensus Shutdown!
I0219 21:02:57.320745 18449 maintenance_manager.cc:170] Unregistered op FlushMRSOp(b538f64abff6421b9b2fcbfc34fe9aa6)
I0219 21:02:57.320922 18449 maintenance_manager.cc:170] Unregistered op FlushDeltaMemStoresOp(b538f64abff6421b9b2fcbfc34fe9aa6)
I0219 21:02:57.321084 18449 maintenance_manager.cc:170] Unregistered op LogGCOp(b538f64abff6421b9b2fcbfc34fe9aa6)
I0219 21:02:57.324005 18449 maintenance_manager.cc:170] Unregistered op FlushMRSOp(e17b0b00dda2421b9c3e9aa4de6ee00d)
I0219 21:02:57.324156 18449 maintenance_manager.cc:170] Unregistered op FlushDeltaMemStoresOp(e17b0b00dda2421b9c3e9aa4de6ee00d)
I0219 21:02:57.324297 18449 maintenance_manager.cc:170] Unregistered op LogGCOp(e17b0b00dda2421b9c3e9aa4de6ee00d)
I0219 21:02:57.325489 18449 maintenance_manager.cc:170] Unregistered op FlushMRSOp(e557230bff5343aa94b77257f2e3d64e)
I0219 21:02:57.325637 18449 maintenance_manager.cc:170] Unregistered op FlushDeltaMemStoresOp(e557230bff5343aa94b77257f2e3d64e)
I0219 21:02:57.325773 18449 maintenance_manager.cc:170] Unregistered op LogGCOp(e557230bff5343aa94b77257f2e3d64e)
I0219 21:02:57.326890 18449 tablet_server.cc:123] TabletServer shut down complete. Bye!
I0219 21:02:57.327013 18449 tablet_server.cc:114] TabletServer shutting down...
I0219 21:02:57.327183 18449 tablet_server.cc:123] TabletServer shut down complete. Bye!
I0219 21:02:57.332424 18449 tablet_server.cc:114] TabletServer shutting down...
I0219 21:02:57.349726 18449 ts_tablet_manager.cc:394] Shutting down tablet manager...
I0219 21:02:57.350059 18449 tablet_peer.cc:187] Initiating TabletPeer shutdown for tablet: e17b0b00dda2421b9c3e9aa4de6ee00d
I0219 21:02:57.350263 18449 maintenance_manager.cc:170] Unregistered op CompactRowSetsOp(e17b0b00dda2421b9c3e9aa4de6ee00d)
I0219 21:02:57.350424 18449 raft_consensus.cc:983] T e17b0b00dda2421b9c3e9aa4de6ee00d P f368131df0684fcd94566a9538713a4c [FOLLOWER]: Raft consensus shutting down.
I0219 21:02:57.350697 18449 raft_consensus_state.cc:365] T e17b0b00dda2421b9c3e9aa4de6ee00d P f368131df0684fcd94566a9538713a4c [FOLLOWER]: Trying to abort 0 pending transactions.
I0219 21:02:57.350867 18449 raft_consensus.cc:998] T e17b0b00dda2421b9c3e9aa4de6ee00d P f368131df0684fcd94566a9538713a4c [FOLLOWER]: Raft consensus Shutdown!
I0219 21:02:57.352362 18449 tablet_peer.cc:187] Initiating TabletPeer shutdown for tablet: b538f64abff6421b9b2fcbfc34fe9aa6
I0219 21:02:57.352536 18449 maintenance_manager.cc:170] Unregistered op CompactRowSetsOp(b538f64abff6421b9b2fcbfc34fe9aa6)
I0219 21:02:57.352656 18449 raft_consensus.cc:983] T b538f64abff6421b9b2fcbfc34fe9aa6 P f368131df0684fcd94566a9538713a4c [FOLLOWER]: Raft consensus shutting down.
I0219 21:02:57.352845 18449 raft_consensus_state.cc:365] T b538f64abff6421b9b2fcbfc34fe9aa6 P f368131df0684fcd94566a9538713a4c [FOLLOWER]: Trying to abort 0 pending transactions.
I0219 21:02:57.352980 18449 raft_consensus.cc:998] T b538f64abff6421b9b2fcbfc34fe9aa6 P f368131df0684fcd94566a9538713a4c [FOLLOWER]: Raft consensus Shutdown!
I0219 21:02:57.354624 18449 tablet_peer.cc:187] Initiating TabletPeer shutdown for tablet: e557230bff5343aa94b77257f2e3d64e
I0219 21:02:57.354778 18449 maintenance_manager.cc:170] Unregistered op CompactRowSetsOp(e557230bff5343aa94b77257f2e3d64e)
I0219 21:02:57.354889 18449 raft_consensus.cc:983] T e557230bff5343aa94b77257f2e3d64e P f368131df0684fcd94566a9538713a4c [LEADER]: Raft consensus shutting down.
I0219 21:02:57.355492 18449 consensus_peers.cc:211] T e557230bff5343aa94b77257f2e3d64e P f368131df0684fcd94566a9538713a4c: Closing peer: a23c963cc2c64632bbdea9c1539b30a8
I0219 21:02:57.356367 18449 consensus_peers.cc:211] T e557230bff5343aa94b77257f2e3d64e P f368131df0684fcd94566a9538713a4c: Closing peer: 870aee24421545209809d234697decb0
I0219 21:02:57.356789 18449 raft_consensus_state.cc:365] T e557230bff5343aa94b77257f2e3d64e P f368131df0684fcd94566a9538713a4c [LEADER]: Trying to abort 1 pending transactions.
I0219 21:02:57.356959 18449 raft_consensus_state.cc:370] T e557230bff5343aa94b77257f2e3d64e P f368131df0684fcd94566a9538713a4c [LEADER]: Aborting transaction as it isn't in flight: id { term: 1 index: 1 } op_type: CHANGE_CONFIG_OP change_config_request { tablet_id: "e557230bff5343aa94b77257f2e3d64e" old_config { opid_index: -1 local: false peers { permanent_uuid: "f368131df0684fcd94566a9538713a4c" role: CANDIDATE last_known_addr { host: "127.0.0.1" port: 44728 } } peers { permanent_uuid: "a23c963cc2c64632bbdea9c1539b30a8" role: FOLLOWER last_known_addr { host: "127.0.0.1" port: 47899 } } peers { permanent_uuid: "870aee24421545209809d234697decb0" role: FOLLOWER last_known_addr { host: "127.0.0.1" port: 35523 } } } new_config { local: false peers { permanent_uuid: "f368131df0684fcd94566a9538713a4c" role: LEADER last_known_addr { host: "127.0.0.1" port: 44728 } } peers { permanent_uuid: "a23c963cc2c64632bbdea9c1539b30a8" role: FOLLOWER last_known_addr { host: "127.0.0.1" port: 47899 } } peers { permanent_uuid: "870aee24421545209809d234697decb0" role: FOLLOWER last_known_addr { host: "127.0.0.1" port: 35523 } } } }
I0219 21:02:57.358266 18449 raft_consensus.cc:998] T e557230bff5343aa94b77257f2e3d64e P f368131df0684fcd94566a9538713a4c [LEADER]: Raft consensus Shutdown!
I0219 21:02:57.358530 18449 transaction_tracker.cc:126] Dumping currently running transactions:
I0219 21:02:57.358700 18449 transaction_tracker.cc:128] ChangeConfigTransaction [type=REPLICA, state=ChangeConfigTransactionState [opid=term: 1 index: 1, timestamp=1, request=tablet_id: "e557230bff5343aa94b77257f2e3d64e" old_config { opid_index: -1 local: false peers { permanent_uuid: "f368131df0684fcd94566a9538713a4c" role: CANDIDATE last_known_addr { host: "127.0.0.1" port: 44728 } } peers { permanent_uuid: "a23c963cc2c64632bbdea9c1539b30a8" role: FOLLOWER last_known_addr { host: "127.0.0.1" port: 47899 } } peers { permanent_uuid: "870aee24421545209809d234697decb0" role: FOLLOWER last_known_addr { host: "127.0.0.1" port: 35523 } } } new_config { local: false peers { permanent_uuid: "f368131df0684fcd94566a9538713a4c" role: LEADER last_known_addr { host: "127.0.0.1" port: 44728 } } peers { permanent_uuid: "a23c963cc2c64632bbdea9c1539b30a8" role: FOLLOWER last_known_addr { host: "127.0.0.1" port: 47899 } } peers { permanent_uuid: "870aee24421545209809d234697decb0" role: FOLLOWER last_known_addr { host: "127.0.0.1" port: 35523 } } }]]
I0219 21:02:57.358850 19267 change_config_transaction.cc:129] T e557230bff5343aa94b77257f2e3d64e P f368131df0684fcd94566a9538713a4c: Configuration changed Changed from: opid_index: -1 local: false peers { permanent_uuid: "f368131df0684fcd94566a9538713a4c" role: CANDIDATE last_known_addr { host: "127.0.0.1" port: 44728 } } peers { permanent_uuid: "a23c963cc2c64632bbdea9c1539b30a8" role: FOLLOWER last_known_addr { host: "127.0.0.1" port: 47899 } } peers { permanent_uuid: "870aee24421545209809d234697decb0" role: FOLLOWER last_known_addr { host: "127.0.0.1" port: 35523 } } Changed to: opid_index: 1 local: false peers { permanent_uuid: "f368131df0684fcd94566a9538713a4c" role: LEADER last_known_addr { host: "127.0.0.1" port: 44728 } } peers { permanent_uuid: "a23c963cc2c64632bbdea9c1539b30a8" role: FOLLOWER last_known_addr { host: "127.0.0.1" port: 47899 } } peers { permanent_uuid: "870aee24421545209809d234697decb0" role: FOLLOWER last_known_addr { host: "127.0.0.1" port: 35523 } }
I0219 21:02:57.360113 18449 transaction_tracker.cc:126] Dumping currently running transactions:
I0219 21:02:57.360220 18449 transaction_tracker.cc:128] ChangeConfigTransaction [type=REPLICA, state=ChangeConfigTransactionState [opid=term: 1 index: 1, timestamp=1, request=(none)]]
I0219 21:02:57.362988 18449 maintenance_manager.cc:170] Unregistered op FlushMRSOp(e17b0b00dda2421b9c3e9aa4de6ee00d)
I0219 21:02:57.363211 18449 maintenance_manager.cc:170] Unregistered op FlushDeltaMemStoresOp(e17b0b00dda2421b9c3e9aa4de6ee00d)
I0219 21:02:57.363373 18449 maintenance_manager.cc:170] Unregistered op LogGCOp(e17b0b00dda2421b9c3e9aa4de6ee00d)
I0219 21:02:57.364634 18449 maintenance_manager.cc:170] Unregistered op FlushMRSOp(b538f64abff6421b9b2fcbfc34fe9aa6)
I0219 21:02:57.364799 18449 maintenance_manager.cc:170] Unregistered op FlushDeltaMemStoresOp(b538f64abff6421b9b2fcbfc34fe9aa6)
I0219 21:02:57.364950 18449 maintenance_manager.cc:170] Unregistered op LogGCOp(b538f64abff6421b9b2fcbfc34fe9aa6)
I0219 21:02:57.366085 18449 maintenance_manager.cc:170] Unregistered op FlushMRSOp(e557230bff5343aa94b77257f2e3d64e)
I0219 21:02:57.366240 18449 maintenance_manager.cc:170] Unregistered op FlushDeltaMemStoresOp(e557230bff5343aa94b77257f2e3d64e)
I0219 21:02:57.366385 18449 maintenance_manager.cc:170] Unregistered op LogGCOp(e557230bff5343aa94b77257f2e3d64e)
I0219 21:02:57.367624 18449 tablet_server.cc:123] TabletServer shut down complete. Bye!
I0219 21:02:57.367738 18449 tablet_server.cc:114] TabletServer shutting down...
I0219 21:02:57.367913 18449 tablet_server.cc:123] TabletServer shut down complete. Bye!
I0219 21:02:57.371898 18449 tablet_server.cc:114] TabletServer shutting down...
I0219 21:02:57.390575 18449 ts_tablet_manager.cc:394] Shutting down tablet manager...
I0219 21:02:57.390866 18449 tablet_peer.cc:187] Initiating TabletPeer shutdown for tablet: e17b0b00dda2421b9c3e9aa4de6ee00d
I0219 21:02:57.391074 18449 maintenance_manager.cc:170] Unregistered op CompactRowSetsOp(e17b0b00dda2421b9c3e9aa4de6ee00d)
I0219 21:02:57.391228 18449 raft_consensus.cc:983] T e17b0b00dda2421b9c3e9aa4de6ee00d P 870aee24421545209809d234697decb0 [LEADER]: Raft consensus shutting down.
I0219 21:02:57.391983 18449 consensus_peers.cc:211] T e17b0b00dda2421b9c3e9aa4de6ee00d P 870aee24421545209809d234697decb0: Closing peer: f368131df0684fcd94566a9538713a4c
I0219 21:02:57.392804 18449 consensus_peers.cc:211] T e17b0b00dda2421b9c3e9aa4de6ee00d P 870aee24421545209809d234697decb0: Closing peer: a23c963cc2c64632bbdea9c1539b30a8
I0219 21:02:57.393223 18449 raft_consensus_state.cc:365] T e17b0b00dda2421b9c3e9aa4de6ee00d P 870aee24421545209809d234697decb0 [LEADER]: Trying to abort 1 pending transactions.
I0219 21:02:57.393367 18449 raft_consensus_state.cc:370] T e17b0b00dda2421b9c3e9aa4de6ee00d P 870aee24421545209809d234697decb0 [LEADER]: Aborting transaction as it isn't in flight: id { term: 1 index: 1 } op_type: CHANGE_CONFIG_OP change_config_request { tablet_id: "e17b0b00dda2421b9c3e9aa4de6ee00d" old_config { opid_index: -1 local: false peers { permanent_uuid: "f368131df0684fcd94566a9538713a4c" role: FOLLOWER last_known_addr { host: "127.0.0.1" port: 44728 } } peers { permanent_uuid: "a23c963cc2c64632bbdea9c1539b30a8" role: FOLLOWER last_known_addr { host: "127.0.0.1" port: 47899 } } peers { permanent_uuid: "870aee24421545209809d234697decb0" role: CANDIDATE last_known_addr { host: "127.0.0.1" port: 35523 } } } new_config { local: false peers { permanent_uuid: "f368131df0684fcd94566a9538713a4c" role: FOLLOWER last_known_addr { host: "127.0.0.1" port: 44728 } } peers { permanent_uuid: "a23c963cc2c64632bbdea9c1539b30a8" role: FOLLOWER last_known_addr { host: "127.0.0.1" port: 47899 } } peers { permanent_uuid: "870aee24421545209809d234697decb0" role: LEADER last_known_addr { host: "127.0.0.1" port: 35523 } } } }
I0219 21:02:57.394598 18449 raft_consensus.cc:998] T e17b0b00dda2421b9c3e9aa4de6ee00d P 870aee24421545209809d234697decb0 [LEADER]: Raft consensus Shutdown!
I0219 21:02:57.394834 18449 transaction_tracker.cc:126] Dumping currently running transactions:
I0219 21:02:57.394929 18449 transaction_tracker.cc:128] ChangeConfigTransaction [type=REPLICA, state=ChangeConfigTransactionState [opid=term: 1 index: 1, timestamp=1, request=tablet_id: "e17b0b00dda2421b9c3e9aa4de6ee00d" old_config { opid_index: -1 local: false peers { permanent_uuid: "f368131df0684fcd94566a9538713a4c" role: FOLLOWER last_known_addr { host: "127.0.0.1" port: 44728 } } peers { permanent_uuid: "a23c963cc2c64632bbdea9c1539b30a8" role: FOLLOWER last_known_addr { host: "127.0.0.1" port: 47899 } } peers { permanent_uuid: "870aee24421545209809d234697decb0" role: CANDIDATE last_known_addr { host: "127.0.0.1" port: 35523 } } } new_config { local: false peers { permanent_uuid: "f368131df0684fcd94566a9538713a4c" role: FOLLOWER last_known_addr { host: "127.0.0.1" port: 44728 } } peers { permanent_uuid: "a23c963cc2c64632bbdea9c1539b30a8" role: FOLLOWER last_known_addr { host: "127.0.0.1" port: 47899 } } peers { permanent_uuid: "870aee24421545209809d234697decb0" role: LEADER last_known_addr { host: "127.0.0.1" port: 35523 } } }]]
I0219 21:02:57.395192 19272 change_config_transaction.cc:129] T e17b0b00dda2421b9c3e9aa4de6ee00d P 870aee24421545209809d234697decb0: Configuration changed Changed from: opid_index: -1 local: false peers { permanent_uuid: "f368131df0684fcd94566a9538713a4c" role: FOLLOWER last_known_addr { host: "127.0.0.1" port: 44728 } } peers { permanent_uuid: "a23c963cc2c64632bbdea9c1539b30a8" role: FOLLOWER last_known_addr { host: "127.0.0.1" port: 47899 } } peers { permanent_uuid: "870aee24421545209809d234697decb0" role: CANDIDATE last_known_addr { host: "127.0.0.1" port: 35523 } } Changed to: opid_index: 1 local: false peers { permanent_uuid: "f368131df0684fcd94566a9538713a4c" role: FOLLOWER last_known_addr { host: "127.0.0.1" port: 44728 } } peers { permanent_uuid: "a23c963cc2c64632bbdea9c1539b30a8" role: FOLLOWER last_known_addr { host: "127.0.0.1" port: 47899 } } peers { permanent_uuid: "870aee24421545209809d234697decb0" role: LEADER last_known_addr { host: "127.0.0.1" port: 35523 } }
I0219 21:02:57.397809 18449 tablet_peer.cc:187] Initiating TabletPeer shutdown for tablet: b538f64abff6421b9b2fcbfc34fe9aa6
I0219 21:02:57.397989 18449 maintenance_manager.cc:170] Unregistered op CompactRowSetsOp(b538f64abff6421b9b2fcbfc34fe9aa6)
I0219 21:02:57.398130 18449 raft_consensus.cc:983] T b538f64abff6421b9b2fcbfc34fe9aa6 P 870aee24421545209809d234697decb0 [FOLLOWER]: Raft consensus shutting down.
I0219 21:02:57.398347 18449 raft_consensus_state.cc:365] T b538f64abff6421b9b2fcbfc34fe9aa6 P 870aee24421545209809d234697decb0 [FOLLOWER]: Trying to abort 0 pending transactions.
I0219 21:02:57.398529 18449 raft_consensus.cc:998] T b538f64abff6421b9b2fcbfc34fe9aa6 P 870aee24421545209809d234697decb0 [FOLLOWER]: Raft consensus Shutdown!
I0219 21:02:57.400187 18449 tablet_peer.cc:187] Initiating TabletPeer shutdown for tablet: e557230bff5343aa94b77257f2e3d64e
I0219 21:02:57.400356 18449 maintenance_manager.cc:170] Unregistered op CompactRowSetsOp(e557230bff5343aa94b77257f2e3d64e)
I0219 21:02:57.400511 18449 raft_consensus.cc:983] T e557230bff5343aa94b77257f2e3d64e P 870aee24421545209809d234697decb0 [FOLLOWER]: Raft consensus shutting down.
I0219 21:02:57.400725 18449 raft_consensus_state.cc:365] T e557230bff5343aa94b77257f2e3d64e P 870aee24421545209809d234697decb0 [FOLLOWER]: Trying to abort 0 pending transactions.
I0219 21:02:57.400892 18449 raft_consensus.cc:998] T e557230bff5343aa94b77257f2e3d64e P 870aee24421545209809d234697decb0 [FOLLOWER]: Raft consensus Shutdown!
I0219 21:02:57.402540 18449 maintenance_manager.cc:170] Unregistered op FlushMRSOp(e17b0b00dda2421b9c3e9aa4de6ee00d)
I0219 21:02:57.402712 18449 maintenance_manager.cc:170] Unregistered op FlushDeltaMemStoresOp(e17b0b00dda2421b9c3e9aa4de6ee00d)
I0219 21:02:57.402881 18449 maintenance_manager.cc:170] Unregistered op LogGCOp(e17b0b00dda2421b9c3e9aa4de6ee00d)
I0219 21:02:57.404301 18449 maintenance_manager.cc:170] Unregistered op FlushMRSOp(b538f64abff6421b9b2fcbfc34fe9aa6)
I0219 21:02:57.404467 18449 maintenance_manager.cc:170] Unregistered op FlushDeltaMemStoresOp(b538f64abff6421b9b2fcbfc34fe9aa6)
I0219 21:02:57.404638 18449 maintenance_manager.cc:170] Unregistered op LogGCOp(b538f64abff6421b9b2fcbfc34fe9aa6)
I0219 21:02:57.405804 18449 maintenance_manager.cc:170] Unregistered op FlushMRSOp(e557230bff5343aa94b77257f2e3d64e)
I0219 21:02:57.405962 18449 maintenance_manager.cc:170] Unregistered op FlushDeltaMemStoresOp(e557230bff5343aa94b77257f2e3d64e)
I0219 21:02:57.406105 18449 maintenance_manager.cc:170] Unregistered op LogGCOp(e557230bff5343aa94b77257f2e3d64e)
I0219 21:02:57.407243 18449 tablet_server.cc:123] TabletServer shut down complete. Bye!
I0219 21:02:57.407356 18449 tablet_server.cc:114] TabletServer shutting down...
I0219 21:02:57.407965 18449 tablet_server.cc:123] TabletServer shut down complete. Bye!
I0219 21:02:57.412349 18449 master.cc:130] Master@127.0.0.1:38899 shutting down...
I0219 21:02:57.426723 18449 tablet_peer.cc:187] Initiating TabletPeer shutdown for tablet: 00000000000000000000000000000000
I0219 21:02:57.429111 18449 master.cc:133] Master@127.0.0.1:38899 shutdown complete. [ OK ] RemoteKsckTest.TestMasterOk (2859 ms) [ RUN ] RemoteKsckTest.TestTabletServersOk
I0219 21:02:57.456342 18449 test_util.cc:117] Using random seed: 1424408577
