I0219 21:03:02.107189 18449 raft_consensus_state.cc:365] T 51808f4979294e5b90477b8324ff8bfa P b1f1cbdf7d0649d9ac8ffdaaa4e75f15 [FOLLOWER]: Trying to abort 0 pending transactions.
I0219 21:03:02.107357 18449 raft_consensus.cc:998] T 51808f4979294e5b90477b8324ff8bfa P b1f1cbdf7d0649d9ac8ffdaaa4e75f15 [FOLLOWER]: Raft consensus Shutdown!
I0219 21:03:02.109431 18449 tablet_peer.cc:187] Initiating TabletPeer shutdown for tablet: 160232a9df364ed6aa770e351dbde036
I0219 21:03:02.109611 18449 maintenance_manager.cc:170] Unregistered op CompactRowSetsOp(160232a9df364ed6aa770e351dbde036)
I0219 21:03:02.109755 18449 raft_consensus.cc:983] T 160232a9df364ed6aa770e351dbde036 P b1f1cbdf7d0649d9ac8ffdaaa4e75f15 [LEADER]: Raft consensus shutting down.
I0219 21:03:02.110792 18449 consensus_peers.cc:211] T 160232a9df364ed6aa770e351dbde036 P b1f1cbdf7d0649d9ac8ffdaaa4e75f15: Closing peer: 24762863e7904854bc0111677b169201
I0219 21:03:02.112195 18449 consensus_peers.cc:211] T 160232a9df364ed6aa770e351dbde036 P b1f1cbdf7d0649d9ac8ffdaaa4e75f15: Closing peer: 7b2410347ccc495b9ab91368eb08dcad
I0219 21:03:02.113332 18449 raft_consensus_state.cc:365] T 160232a9df364ed6aa770e351dbde036 P b1f1cbdf7d0649d9ac8ffdaaa4e75f15 [LEADER]: Trying to abort 0 pending transactions.
I0219 21:03:02.113507 18449 raft_consensus.cc:998] T 160232a9df364ed6aa770e351dbde036 P b1f1cbdf7d0649d9ac8ffdaaa4e75f15 [LEADER]: Raft consensus Shutdown!
I0219 21:03:02.116883 18449 maintenance_manager.cc:170] Unregistered op FlushMRSOp(8779f0797f3a4873b734f2da3cdf40b7)
I0219 21:03:02.117063 18449 maintenance_manager.cc:170] Unregistered op FlushDeltaMemStoresOp(8779f0797f3a4873b734f2da3cdf40b7)
I0219 21:03:02.117632 18449 maintenance_manager.cc:170] Unregistered op LogGCOp(8779f0797f3a4873b734f2da3cdf40b7)
I0219 21:03:02.120254 18449 maintenance_manager.cc:170] Unregistered op FlushMRSOp(51808f4979294e5b90477b8324ff8bfa)
I0219 21:03:02.120365 18449 maintenance_manager.cc:170] Unregistered op FlushDeltaMemStoresOp(51808f4979294e5b90477b8324ff8bfa)
I0219 21:03:02.120463 18449 maintenance_manager.cc:170] Unregistered op LogGCOp(51808f4979294e5b90477b8324ff8bfa)
I0219 21:03:02.121083 20129 messenger.cc:193] Service unavailable: service kudu.consensus.ConsensusService not registered on TabletServer
W0219 21:03:02.121698 20175 consensus_peers.cc:189] T 51808f4979294e5b90477b8324ff8bfa P 7b2410347ccc495b9ab91368eb08dcad: Couldn't send request to peer b1f1cbdf7d0649d9ac8ffdaaa4e75f15 for tablet 51808f4979294e5b90477b8324ff8bfa Status: Remote error: Service unavailable: service kudu.consensus.ConsensusService not registered on TabletServer. Retrying in the next heartbeat period. Already tried 1 times.
I0219 21:03:02.122112 18449 maintenance_manager.cc:170] Unregistered op FlushMRSOp(160232a9df364ed6aa770e351dbde036)
I0219 21:03:02.122216 18449 maintenance_manager.cc:170] Unregistered op FlushDeltaMemStoresOp(160232a9df364ed6aa770e351dbde036)
I0219 21:03:02.122305 18449 maintenance_manager.cc:170] Unregistered op LogGCOp(160232a9df364ed6aa770e351dbde036)
I0219 21:03:02.123900 18449 tablet_server.cc:123] TabletServer shut down complete. Bye!
I0219 21:03:02.123977 18449 tablet_server.cc:114] TabletServer shutting down...
I0219 21:03:02.124090 18449 tablet_server.cc:123] TabletServer shut down complete. Bye!
I0219 21:03:02.130020 18449 tablet_server.cc:114] TabletServer shutting down...
I0219 21:03:02.152884 18449 ts_tablet_manager.cc:394] Shutting down tablet manager...
I0219 21:03:02.153091 18449 tablet_peer.cc:187] Initiating TabletPeer shutdown for tablet: 8779f0797f3a4873b734f2da3cdf40b7
I0219 21:03:02.153306 18449 maintenance_manager.cc:170] Unregistered op CompactRowSetsOp(8779f0797f3a4873b734f2da3cdf40b7)
I0219 21:03:02.153457 18449 raft_consensus.cc:983] T 8779f0797f3a4873b734f2da3cdf40b7 P 7b2410347ccc495b9ab91368eb08dcad [FOLLOWER]: Raft consensus shutting down.
I0219 21:03:02.153704 18449 raft_consensus_state.cc:365] T 8779f0797f3a4873b734f2da3cdf40b7 P 7b2410347ccc495b9ab91368eb08dcad [FOLLOWER]: Trying to abort 1 pending transactions.
I0219 21:03:02.153919 18449 raft_consensus_state.cc:370] T 8779f0797f3a4873b734f2da3cdf40b7 P 7b2410347ccc495b9ab91368eb08dcad [FOLLOWER]: Aborting transaction as it isn't in flight: id { term: 1 index: 1 } op_type: CHANGE_CONFIG_OP change_config_request { tablet_id: "8779f0797f3a4873b734f2da3cdf40b7" old_config { opid_index: -1 local: false peers { permanent_uuid: "7b2410347ccc495b9ab91368eb08dcad" role: FOLLOWER last_known_addr { host: "127.0.0.1" port: 43493 } } peers { permanent_uuid: "24762863e7904854bc0111677b169201" role: CANDIDATE last_known_addr { host: "127.0.0.1" port: 60547 } } peers { permanent_uuid: "b1f1cbdf7d0649d9ac8ffdaaa4e75f15" role: FOLLOWER last_known_addr { host: "127.0.0.1" port: 35823 } } } new_config { local: false peers { permanent_uuid: "7b2410347ccc495b9ab91368eb08dcad" role: FOLLOWER last_known_addr { host: "127.0.0.1" port: 43493 } } peers { permanent_uuid: "24762863e7904854bc0111677b169201" role: LEADER last_known_addr { host: "127.0.0.1" port: 60547 } } peers { permanent_uuid: "b1f1cbdf7d0649d9ac8ffdaaa4e75f15" role: FOLLOWER last_known_addr { host: "127.0.0.1" port: 35823 } } } }
I0219 21:03:02.155061 18449 raft_consensus.cc:998] T 8779f0797f3a4873b734f2da3cdf40b7 P 7b2410347ccc495b9ab91368eb08dcad [FOLLOWER]: Raft consensus Shutdown!
I0219 21:03:02.155339 18449 transaction_tracker.cc:126] Dumping currently running transactions:
I0219 21:03:02.155465 18449 transaction_tracker.cc:128] ChangeConfigTransaction [type=REPLICA, state=ChangeConfigTransactionState [opid=term: 1 index: 1, timestamp=2, request=tablet_id: "8779f0797f3a4873b734f2da3cdf40b7" old_config { opid_index: -1 local: false peers { permanent_uuid: "7b2410347ccc495b9ab91368eb08dcad" role: FOLLOWER last_known_addr { host: "127.0.0.1" port: 43493 } } peers { permanent_uuid: "24762863e7904854bc0111677b169201" role: CANDIDATE last_known_addr { host: "127.0.0.1" port: 60547 } } peers { permanent_uuid: "b1f1cbdf7d0649d9ac8ffdaaa4e75f15" role: FOLLOWER last_known_addr { host: "127.0.0.1" port: 35823 } } } new_config { local: false peers { permanent_uuid: "7b2410347ccc495b9ab91368eb08dcad" role: FOLLOWER last_known_addr { host: "127.0.0.1" port: 43493 } } peers { permanent_uuid: "24762863e7904854bc0111677b169201" role: LEADER last_known_addr { host: "127.0.0.1" port: 60547 } } peers { permanent_uuid: "b1f1cbdf7d0649d9ac8ffdaaa4e75f15" role: FOLLOWER last_known_addr { host: "127.0.0.1" port: 35823 } } }]]
I0219 21:03:02.156482 18449 transaction_tracker.cc:126] Dumping currently running transactions:
I0219 21:03:02.156147 20725 change_config_transaction.cc:129] T 8779f0797f3a4873b734f2da3cdf40b7 P 7b2410347ccc495b9ab91368eb08dcad: Configuration changed Changed from: opid_index: -1 local: false peers { permanent_uuid: "7b2410347ccc495b9ab91368eb08dcad" role: FOLLOWER last_known_addr { host: "127.0.0.1" port: 43493 } } peers { permanent_uuid: "24762863e7904854bc0111677b169201" role: CANDIDATE last_known_addr { host: "127.0.0.1" port: 60547 } } peers { permanent_uuid: "b1f1cbdf7d0649d9ac8ffdaaa4e75f15" role: FOLLOWER last_known_addr { host: "127.0.0.1" port: 35823 } } Changed to: opid_index: 1 local: false peers { permanent_uuid: "7b2410347ccc495b9ab91368eb08dcad" role: FOLLOWER last_known_addr { host: "127.0.0.1" port: 43493 } } peers { permanent_uuid: "24762863e7904854bc0111677b169201" role: LEADER last_known_addr { host: "127.0.0.1" port: 60547 } } peers { permanent_uuid: "b1f1cbdf7d0649d9ac8ffdaaa4e75f15" role: FOLLOWER last_known_addr { host: "127.0.0.1" port: 35823 } }
I0219 21:03:02.156601 18449 transaction_tracker.cc:128] ChangeConfigTransaction [type=REPLICA, state=ChangeConfigTransactionState [opid=term: 1 index: 1, timestamp=2, request=tablet_id: "8779f0797f3a4873b734f2da3cdf40b7" old_config { opid_index: -1 local: false peers { permanent_uuid: "7b2410347ccc495b9ab91368eb08dcad" role: FOLLOWER last_known_addr { host: "127.0.0.1" port: 43493 } } peers { permanent_uuid: "24762863e7904854bc0111677b169201" role: CANDIDATE last_known_addr { host: "127.0.0.1" port: 60547 } } peers { permanent_uuid: "b1f1cbdf7d0649d9ac8ffdaaa4e75f15" role: FOLLOWER last_known_addr { host: "127.0.0.1" port: 35823 } } } new_config { local: false peers { permanent_uuid: "7b2410347ccc495b9ab91368eb08dcad" role: FOLLOWER last_known_addr { host: "127.0.0.1" port: 43493 } } peers { permanent_uuid: "24762863e7904854bc0111677b169201" role: LEADER last_known_addr { host: "127.0.0.1" port: 60547 } } peers { permanent_uuid: "b1f1cbdf7d0649d9ac8ffdaaa4e75f15" role: FOLLOWER last_known_addr { host: "127.0.0.1" port: 35823 } } }]]
I0219 21:03:02.159158 18449 tablet_peer.cc:187] Initiating TabletPeer shutdown for tablet: 160232a9df364ed6aa770e351dbde036
I0219 21:03:02.159343 18449 maintenance_manager.cc:170] Unregistered op CompactRowSetsOp(160232a9df364ed6aa770e351dbde036)
I0219 21:03:02.159492 18449 raft_consensus.cc:983] T 160232a9df364ed6aa770e351dbde036 P 7b2410347ccc495b9ab91368eb08dcad [FOLLOWER]: Raft consensus shutting down.
I0219 21:03:02.159744 18449 raft_consensus_state.cc:365] T 160232a9df364ed6aa770e351dbde036 P 7b2410347ccc495b9ab91368eb08dcad [FOLLOWER]: Trying to abort 1 pending transactions.
I0219 21:03:02.159955 18449 raft_consensus_state.cc:370] T 160232a9df364ed6aa770e351dbde036 P 7b2410347ccc495b9ab91368eb08dcad [FOLLOWER]: Aborting transaction as it isn't in flight: id { term: 1 index: 1 } op_type: CHANGE_CONFIG_OP change_config_request { tablet_id: "160232a9df364ed6aa770e351dbde036" old_config { opid_index: -1 local: false peers { permanent_uuid: "7b2410347ccc495b9ab91368eb08dcad" role: FOLLOWER last_known_addr { host: "127.0.0.1" port: 43493 } } peers { permanent_uuid: "24762863e7904854bc0111677b169201" role: FOLLOWER last_known_addr { host: "127.0.0.1" port: 60547 } } peers { permanent_uuid: "b1f1cbdf7d0649d9ac8ffdaaa4e75f15" role: CANDIDATE last_known_addr { host: "127.0.0.1" port: 35823 } } } new_config { local: false peers { permanent_uuid: "7b2410347ccc495b9ab91368eb08dcad" role: FOLLOWER last_known_addr { host: "127.0.0.1" port: 43493 } } peers { permanent_uuid: "24762863e7904854bc0111677b169201" role: FOLLOWER last_known_addr { host: "127.0.0.1" port: 60547 } } peers { permanent_uuid: "b1f1cbdf7d0649d9ac8ffdaaa4e75f15" role: LEADER last_known_addr { host: "127.0.0.1" port: 35823 } } } }
I0219 21:03:02.160609 18449 raft_consensus.cc:998] T 160232a9df364ed6aa770e351dbde036 P 7b2410347ccc495b9ab91368eb08dcad [FOLLOWER]: Raft consensus Shutdown!
I0219 21:03:02.160866 18449 transaction_tracker.cc:126] Dumping currently running transactions:
I0219 21:03:02.161003 18449 transaction_tracker.cc:128] ChangeConfigTransaction [type=REPLICA, state=ChangeConfigTransactionState [opid=term: 1 index: 1, timestamp=3, request=tablet_id: "160232a9df364ed6aa770e351dbde036" old_config { opid_index: -1 local: false peers { permanent_uuid: "7b2410347ccc495b9ab91368eb08dcad" role: FOLLOWER last_known_addr { host: "127.0.0.1" port: 43493 } } peers { permanent_uuid: "24762863e7904854bc0111677b169201" role: FOLLOWER last_known_addr { host: "127.0.0.1" port: 60547 } } peers { permanent_uuid: "b1f1cbdf7d0649d9ac8ffdaaa4e75f15" role: CANDIDATE last_known_addr { host: "127.0.0.1" port: 35823 } } } new_config { local: false peers { permanent_uuid: "7b2410347ccc495b9ab91368eb08dcad" role: FOLLOWER last_known_addr { host: "127.0.0.1" port: 43493 } } peers { permanent_uuid: "24762863e7904854bc0111677b169201" role: FOLLOWER last_known_addr { host: "127.0.0.1" port: 60547 } } peers { permanent_uuid: "b1f1cbdf7d0649d9ac8ffdaaa4e75f15" role: LEADER last_known_addr { host: "127.0.0.1" port: 35823 } } }]]
I0219 21:03:02.161614 20725 change_config_transaction.cc:129] T 160232a9df364ed6aa770e351dbde036 P 7b2410347ccc495b9ab91368eb08dcad: Configuration changed Changed from: opid_index: -1 local: false peers { permanent_uuid: "7b2410347ccc495b9ab91368eb08dcad" role: FOLLOWER last_known_addr { host: "127.0.0.1" port: 43493 } } peers { permanent_uuid: "24762863e7904854bc0111677b169201" role: FOLLOWER last_known_addr { host: "127.0.0.1" port: 60547 } } peers { permanent_uuid: "b1f1cbdf7d0649d9ac8ffdaaa4e75f15" role: CANDIDATE last_known_addr { host: "127.0.0.1" port: 35823 } } Changed to: opid_index: 1 local: false peers { permanent_uuid: "7b2410347ccc495b9ab91368eb08dcad" role: FOLLOWER last_known_addr { host: "127.0.0.1" port: 43493 } } peers { permanent_uuid: "24762863e7904854bc0111677b169201" role: FOLLOWER last_known_addr { host: "127.0.0.1" port: 60547 } } peers { permanent_uuid: "b1f1cbdf7d0649d9ac8ffdaaa4e75f15" role: LEADER last_known_addr { host: "127.0.0.1" port: 35823 } }
I0219 21:03:02.162014 18449 transaction_tracker.cc:126] Dumping currently running transactions:
I0219 21:03:02.162369 18449 transaction_tracker.cc:128] ChangeConfigTransaction [type=REPLICA, state=ChangeConfigTransactionState [opid=term: 1 index: 1, timestamp=3, request=(none)]]
I0219 21:03:02.164850 18449 tablet_peer.cc:187] Initiating TabletPeer shutdown for tablet: 51808f4979294e5b90477b8324ff8bfa
I0219 21:03:02.165019 18449 maintenance_manager.cc:170] Unregistered op CompactRowSetsOp(51808f4979294e5b90477b8324ff8bfa)
I0219 21:03:02.165160 18449 raft_consensus.cc:983] T 51808f4979294e5b90477b8324ff8bfa P 7b2410347ccc495b9ab91368eb08dcad [LEADER]: Raft consensus shutting down.
I0219 21:03:02.165770 18449 consensus_peers.cc:211] T 51808f4979294e5b90477b8324ff8bfa P 7b2410347ccc495b9ab91368eb08dcad: Closing peer: 24762863e7904854bc0111677b169201
I0219 21:03:02.166450 18449 consensus_peers.cc:211] T 51808f4979294e5b90477b8324ff8bfa P 7b2410347ccc495b9ab91368eb08dcad: Closing peer: b1f1cbdf7d0649d9ac8ffdaaa4e75f15
I0219 21:03:02.167379 18449 raft_consensus_state.cc:365] T 51808f4979294e5b90477b8324ff8bfa P 7b2410347ccc495b9ab91368eb08dcad [LEADER]: Trying to abort 0 pending transactions.
I0219 21:03:02.167527 18449 raft_consensus.cc:998] T 51808f4979294e5b90477b8324ff8bfa P 7b2410347ccc495b9ab91368eb08dcad [LEADER]: Raft consensus Shutdown!
I0219 21:03:02.169128 18449 maintenance_manager.cc:170] Unregistered op FlushMRSOp(8779f0797f3a4873b734f2da3cdf40b7)
I0219 21:03:02.169306 18449 maintenance_manager.cc:170] Unregistered op FlushDeltaMemStoresOp(8779f0797f3a4873b734f2da3cdf40b7)
I0219 21:03:02.169479 18449 maintenance_manager.cc:170] Unregistered op LogGCOp(8779f0797f3a4873b734f2da3cdf40b7)
I0219 21:03:02.170866 18449 maintenance_manager.cc:170] Unregistered op FlushMRSOp(160232a9df364ed6aa770e351dbde036)
I0219 21:03:02.171025 18449 maintenance_manager.cc:170] Unregistered op FlushDeltaMemStoresOp(160232a9df364ed6aa770e351dbde036)
I0219 21:03:02.171176 18449 maintenance_manager.cc:170] Unregistered op LogGCOp(160232a9df364ed6aa770e351dbde036)
I0219 21:03:02.172448 18449 maintenance_manager.cc:170] Unregistered op FlushMRSOp(51808f4979294e5b90477b8324ff8bfa)
I0219 21:03:02.172607 18449 maintenance_manager.cc:170] Unregistered op FlushDeltaMemStoresOp(51808f4979294e5b90477b8324ff8bfa)
I0219 21:03:02.172754 18449 maintenance_manager.cc:170] Unregistered op LogGCOp(51808f4979294e5b90477b8324ff8bfa)
I0219 21:03:02.174029 18449 tablet_server.cc:123] TabletServer shut down complete. Bye!
I0219 21:03:02.174145 18449 tablet_server.cc:114] TabletServer shutting down...
I0219 21:03:02.174324 18449 tablet_server.cc:123] TabletServer shut down complete. Bye!
I0219 21:03:02.179325 18449 master.cc:130] Master@127.0.0.1:59226 shutting down...
I0219 21:03:02.269893 18449 tablet_peer.cc:187] Initiating TabletPeer shutdown for tablet: 00000000000000000000000000000000
I0219 21:03:02.271487 18449 master.cc:133] Master@127.0.0.1:59226 shutdown complete. [ OK ] RemoteKsckTest.TestTableConsistency (2742 ms) [ RUN ] RemoteKsckTest.TestChecksum
I0219 21:03:02.315848 18449 test_util.cc:117] Using random seed: 1424408582
I0219 21:03:02.335844 18449 fs_manager.cc:193] Generated new instance metadata in path /data1/test-tmp/ksck_remote-test.RemoteKsckTest.TestChecksum.1424408574588976-18449/minicluster-data/master-0-root/instance: uuid: "f4315c2267c14cda8b26dca69fbe0c13" format_stamp: "Formatted at 2015-02-20 05:03:02 on boost-static-burst-slave-1172.vpc.cloudera.com"
I0219 21:03:02.349761 18449 fs_manager.cc:131] Opened local filesystem: /data1/test-tmp/ksck_remote-test.RemoteKsckTest.TestChecksum.1424408574588976-18449/minicluster-data/master-0-root uuid: "f4315c2267c14cda8b26dca69fbe0c13" format_stamp: "Formatted at 2015-02-20 05:03:02 on boost-static-burst-slave-1172.vpc.cloudera.com"
I0219 21:03:02.365654 18449 rpc_server.cc:110] RPC server started. Bound to: 127.0.0.1:49202
I0219 21:03:02.365964 18449 webserver.cc:108] Starting webserver on 0.0.0.0:0
I0219 21:03:02.366039 18449 webserver.cc:117] Document root disabled
I0219 21:03:02.366572 18449 webserver.cc:197] Webserver started. Bound to: http://0.0.0.0:59010/
I0219 21:03:02.382320 20756 tablet_bootstrap.cc:290] Tablet 00000000000000000000000000000000: Bootstrap starting.
I0219 21:03:02.384739 20756 tablet_bootstrap.cc:387] No previous blocks or log segments found for tablet: 00000000000000000000000000000000 creating new one.
I0219 21:03:02.388191 20756 tablet_bootstrap.cc:290] Tablet 00000000000000000000000000000000: No bootstrap required, opened a new log
I0219 21:03:02.403028 20758 change_config_transaction.cc:129] T 00000000000000000000000000000000 P f4315c2267c14cda8b26dca69fbe0c13: Configuration changed Changed from: opid_index: -1 local: true peers { permanent_uuid: "f4315c2267c14cda8b26dca69fbe0c13" role: LEADER } Changed to: opid_index: 1 local: true peers { permanent_uuid: "f4315c2267c14cda8b26dca69fbe0c13" role: LEADER }
I0219 21:03:02.403324 20758 sys_catalog.cc:202] T 00000000000000000000000000000000 P f4315c2267c14cda8b26dca69fbe0c13 [sys.catalog]: SysCatalogTable state changed. New quorum config:opid_index: 1 local: true peers { permanent_uuid: "f4315c2267c14cda8b26dca69fbe0c13" role: LEADER }
I0219 21:03:02.403493 20758 sys_catalog.cc:205] T 00000000000000000000000000000000 P f4315c2267c14cda8b26dca69fbe0c13 [sys.catalog]: This master's current role is: LEADER, previous role was: FOLLOWER
I0219 21:03:02.403739 20756 sys_catalog.cc:268] T 00000000000000000000000000000000 P f4315c2267c14cda8b26dca69fbe0c13 [sys.catalog]: configured and running, proceeding with master startup.
I0219 21:03:02.405179 20761 catalog_manager.cc:397] Loading tables and tablets metadata into memory...
W0219 21:03:02.409266 20762 catalog_manager.cc:270] Catalog manager is not initialized!
I0219 21:03:02.430002 18449 fs_manager.cc:193] Generated new instance metadata in path /data1/test-tmp/ksck_remote-test.RemoteKsckTest.TestChecksum.1424408574588976-18449/minicluster-data/ts-0-root/instance: uuid: "481dcea30ed549ddbfe1fee17518a067" format_stamp: "Formatted at 2015-02-20 05:03:02 on boost-static-burst-slave-1172.vpc.cloudera.com"
I0219 21:03:02.445672 18449 fs_manager.cc:131] Opened local filesystem: /data1/test-tmp/ksck_remote-test.RemoteKsckTest.TestChecksum.1424408574588976-18449/minicluster-data/ts-0-root uuid: "481dcea30ed549ddbfe1fee17518a067" format_stamp: "Formatted at 2015-02-20 05:03:02 on boost-static-burst-slave-1172.vpc.cloudera.com"
I0219 21:03:02.470041 18449 rpc_server.cc:110] RPC server started. Bound to: 127.0.0.1:53021
I0219 21:03:02.470374 18449 webserver.cc:108] Starting webserver on 0.0.0.0:0
I0219 21:03:02.470460 18449 webserver.cc:117] Document root disabled
I0219 21:03:02.471004 18449 webserver.cc:197] Webserver started. Bound to: http://0.0.0.0:49391/
I0219 21:03:02.471529 18449 maintenance_manager.cc:111] MaintenanceManager: targeting memory size of 23.515860 GB
I0219 21:03:02.479312 20802 heartbeater.cc:219] Connected to a leader master server at 127.0.0.1:49202
I0219 21:03:02.479492 20802 heartbeater.cc:289] Registering TS with master...
I0219 21:03:02.479703 20802 heartbeater.cc:295] Sending a full tablet report to master...
I0219 21:03:02.480726 20735 ts_manager.cc:66] Registered new tablet server { permanent_uuid: "481dcea30ed549ddbfe1fee17518a067" instance_seqno: 1424408582469432 } with Master
I0219 21:03:02.493062 18449 fs_manager.cc:193] Generated new instance metadata in path /data1/test-tmp/ksck_remote-test.RemoteKsckTest.TestChecksum.1424408574588976-18449/minicluster-data/ts-1-root/instance: uuid: "9931e8ff47354ae68705e0b49da46cd4" format_stamp: "Formatted at 2015-02-20 05:03:02 on boost-static-burst-slave-1172.vpc.cloudera.com"
I0219 21:03:02.506032 18449 fs_manager.cc:131] Opened local filesystem: /data1/test-tmp/ksck_remote-test.RemoteKsckTest.TestChecksum.1424408574588976-18449/minicluster-data/ts-1-root uuid: "9931e8ff47354ae68705e0b49da46cd4" format_stamp: "Formatted at 2015-02-20 05:03:02 on boost-static-burst-slave-1172.vpc.cloudera.com"
I0219 21:03:02.548367 18449 rpc_server.cc:110] RPC server started. Bound to: 127.0.0.1:59474
I0219 21:03:02.548740 18449 webserver.cc:108] Starting webserver on 0.0.0.0:0
I0219 21:03:02.548816 18449 webserver.cc:117] Document root disabled
I0219 21:03:02.549882 18449 webserver.cc:197] Webserver started. Bound to: http://0.0.0.0:41628/
I0219 21:03:02.550909 18449 maintenance_manager.cc:111] MaintenanceManager: targeting memory size of 23.515860 GB
I0219 21:03:02.557669 20845 heartbeater.cc:219] Connected to a leader master server at 127.0.0.1:49202
I0219 21:03:02.557833 20845 heartbeater.cc:289] Registering TS with master...
I0219 21:03:02.558008 20845 heartbeater.cc:295] Sending a full tablet report to master...
I0219 21:03:02.559069 20743 ts_manager.cc:66] Registered new tablet server { permanent_uuid: "9931e8ff47354ae68705e0b49da46cd4" instance_seqno: 1424408582547325 } with Master
I0219 21:03:02.580168 18449 fs_manager.cc:193] Generated new instance metadata in path /data1/test-tmp/ksck_remote-test.RemoteKsckTest.TestChecksum.1424408574588976-18449/minicluster-data/ts-2-root/instance: uuid: "7cf363f7a5b54e2bbfcb2f96b3d301ac" format_stamp: "Formatted at 2015-02-20 05:03:02 on boost-static-burst-slave-1172.vpc.cloudera.com"
I0219 21:03:02.598858 18449 fs_manager.cc:131] Opened local filesystem: /data1/test-tmp/ksck_remote-test.RemoteKsckTest.TestChecksum.1424408574588976-18449/minicluster-data/ts-2-root uuid: "7cf363f7a5b54e2bbfcb2f96b3d301ac" format_stamp: "Formatted at 2015-02-20 05:03:02 on boost-static-burst-slave-1172.vpc.cloudera.com"
I0219 21:03:02.643576 18449 rpc_server.cc:110] RPC server started. Bound to: 127.0.0.1:36055
I0219 21:03:02.643899 18449 webserver.cc:108] Starting webserver on 0.0.0.0:0
I0219 21:03:02.643977 18449 webserver.cc:117] Document root disabled
I0219 21:03:02.645185 18449 webserver.cc:197] Webserver started. Bound to: http://0.0.0.0:41826/
I0219 21:03:02.646230 18449 maintenance_manager.cc:111] MaintenanceManager: targeting memory size of 23.515860 GB
I0219 21:03:02.651387 20896 heartbeater.cc:219] Connected to a leader master server at 127.0.0.1:49202
I0219 21:03:02.651540 20896 heartbeater.cc:289] Registering TS with master...
I0219 21:03:02.651708 20896 heartbeater.cc:295] Sending a full tablet report to master...
I0219 21:03:02.652576 20740 ts_manager.cc:66] Registered new tablet server { permanent_uuid: "7cf363f7a5b54e2bbfcb2f96b3d301ac" instance_seqno: 1424408582642039 } with Master
I0219 21:03:02.653846 18449 mini_cluster.cc:276] 3 TS(s) registered with Master after 0.00624175s
I0219 21:03:02.665527 20736 catalog_manager.cc:562] CreateTable from {real_user=jenkins, eff_user=} at 127.0.0.1:57773: name: "ksck-test-table" schema { columns { name: "key" type: UINT32 is_key: true is_nullable: false encoding: AUTO_ENCODING compression: DEFAULT_COMPRESSION } columns { name: "int_val" type: UINT32 is_key: false is_nullable: false encoding: AUTO_ENCODING compression: DEFAULT_COMPRESSION } } pre_split_keys: "\000\000\000\000" pre_split_keys: "\000\000\000\001" num_replicas: 3
I0219 21:03:02.692227 20781 tablet_service.cc:389] Processing CreateTablet for tablet bf75035296f84301beb059278718d049 (table=ksck-test-table [id=c8402a927e574099831cb335e2883b07]), range=["", "\x00\x00\x00\x00"]
I0219 21:03:02.692286 20780 tablet_service.cc:389] Processing CreateTablet for tablet 03a4246412af4278bb19e817deba502d (table=ksck-test-table [id=c8402a927e574099831cb335e2883b07]), range=["\x00\x00\x00\x00", "\x00\x00\x00\x01"]
I0219 21:03:02.692652 20782 tablet_service.cc:389] Processing CreateTablet for tablet 840865c8d37e4d64a8556256fab5be90 (table=ksck-test-table [id=c8402a927e574099831cb335e2883b07]), range=["\x00\x00\x00\x01", ""]
I0219 21:03:02.696362 20874 tablet_service.cc:389] Processing CreateTablet for tablet 03a4246412af4278bb19e817deba502d (table=ksck-test-table [id=c8402a927e574099831cb335e2883b07]), range=["\x00\x00\x00\x00", "\x00\x00\x00\x01"]
I0219 21:03:02.697363 20875 tablet_service.cc:389] Processing CreateTablet for tablet bf75035296f84301beb059278718d049 (table=ksck-test-table [id=c8402a927e574099831cb335e2883b07]), range=["", "\x00\x00\x00\x00"]
I0219 21:03:02.698259 20823 tablet_service.cc:389] Processing CreateTablet for tablet 03a4246412af4278bb19e817deba502d (table=ksck-test-table [id=c8402a927e574099831cb335e2883b07]), range=["\x00\x00\x00\x00", "\x00\x00\x00\x01"]
I0219 21:03:02.698338 20824 tablet_service.cc:389] Processing CreateTablet for tablet bf75035296f84301beb059278718d049 (table=ksck-test-table [id=c8402a927e574099831cb335e2883b07]), range=["", "\x00\x00\x00\x00"]
I0219 21:03:02.698479 20876 tablet_service.cc:389] Processing CreateTablet for tablet 840865c8d37e4d64a8556256fab5be90 (table=ksck-test-table [id=c8402a927e574099831cb335e2883b07]), range=["\x00\x00\x00\x01", ""]
I0219 21:03:02.700119 20825 tablet_service.cc:389] Processing CreateTablet for tablet 840865c8d37e4d64a8556256fab5be90 (table=ksck-test-table [id=c8402a927e574099831cb335e2883b07]), range=["\x00\x00\x00\x01", ""]
I0219 21:03:02.820827 20781 ts_tablet_manager.cc:449] Registered tablet bf75035296f84301beb059278718d049
I0219 21:03:02.847563 20929 ts_tablet_manager.cc:314] Bootstrapping tablet: bf75035296f84301beb059278718d049
I0219 21:03:02.879310 20825 ts_tablet_manager.cc:449] Registered tablet 840865c8d37e4d64a8556256fab5be90
I0219 21:03:02.885473 20929 tablet_bootstrap.cc:290] Tablet bf75035296f84301beb059278718d049: Bootstrap starting.
I0219 21:03:02.890991 20929 tablet_bootstrap.cc:387] No previous blocks or log segments found for tablet: bf75035296f84301beb059278718d049 creating new one.
I0219 21:03:02.922700 20932 ts_tablet_manager.cc:314] Bootstrapping tablet: 840865c8d37e4d64a8556256fab5be90
I0219 21:03:02.940970 20932 tablet_bootstrap.cc:290] Tablet 840865c8d37e4d64a8556256fab5be90: Bootstrap starting.
I0219 21:03:02.967214 20932 tablet_bootstrap.cc:387] No previous blocks or log segments found for tablet: 840865c8d37e4d64a8556256fab5be90 creating new one.
I0219 21:03:02.993939 20823 ts_tablet_manager.cc:449] Registered tablet 03a4246412af4278bb19e817deba502d
I0219 21:03:02.995157 20929 tablet_bootstrap.cc:290] Tablet bf75035296f84301beb059278718d049: No bootstrap required, opened a new log
I0219 21:03:02.997982 20929 ts_tablet_manager.cc:319] Time spent tablet bf75035296f84301beb059278718d049 bootstrap: real 0.150s user 0.015s sys 0.009s
I0219 21:03:03.013895 20929 raft_consensus.cc:194] T bf75035296f84301beb059278718d049 P 481dcea30ed549ddbfe1fee17518a067 [FOLLOWER]: Replica starting. Triggering 0 pending transactions.
I0219 21:03:03.014142 20929 raft_consensus.cc:399] T bf75035296f84301beb059278718d049 P 481dcea30ed549ddbfe1fee17518a067 [FOLLOWER]: Becoming Follower/Learner. State: Replica: 481dcea30ed549ddbfe1fee17518a067, State: 1, Role: FOLLOWER Watermarks: {Received: term: 0 index: 0 Committed: term: 0 index: 0}
I0219 21:03:03.014948 20929 consensus_queue.cc:127] T bf75035296f84301beb059278718d049 P 481dcea30ed549ddbfe1fee17518a067 [NON_LEADER]: queue going to NON_LEADER mode. State: All replicated op: 0.0, Majority replicated op: 0.0, Committed index: 0.0, Last appended: 0.0, Current term: 0, Majority size: 1, State: 1, Mode: NON_LEADER
I0219 21:03:03.016587 20929 ts_tablet_manager.cc:339] Time spent starting tablet bf75035296f84301beb059278718d049: real 0.018s user 0.009s sys 0.000s
I0219 21:03:03.024770 20938 ts_tablet_manager.cc:314] Bootstrapping tablet: 03a4246412af4278bb19e817deba502d
I0219 21:03:03.048566 20938 tablet_bootstrap.cc:290] Tablet 03a4246412af4278bb19e817deba502d: Bootstrap starting.
I0219 21:03:03.055447 20932 tablet_bootstrap.cc:290] Tablet 840865c8d37e4d64a8556256fab5be90: No bootstrap required, opened a new log
I0219 21:03:03.057557 20938 tablet_bootstrap.cc:387] No previous blocks or log segments found for tablet: 03a4246412af4278bb19e817deba502d creating new one.
I0219 21:03:03.058894 20932 ts_tablet_manager.cc:319] Time spent tablet 840865c8d37e4d64a8556256fab5be90 bootstrap: real 0.136s user 0.017s sys 0.004s
I0219 21:03:03.071087 20932 raft_consensus.cc:194] T 840865c8d37e4d64a8556256fab5be90 P 9931e8ff47354ae68705e0b49da46cd4 [FOLLOWER]: Replica starting. Triggering 0 pending transactions.
I0219 21:03:03.071426 20932 raft_consensus.cc:399] T 840865c8d37e4d64a8556256fab5be90 P 9931e8ff47354ae68705e0b49da46cd4 [FOLLOWER]: Becoming Follower/Learner. State: Replica: 9931e8ff47354ae68705e0b49da46cd4, State: 1, Role: FOLLOWER Watermarks: {Received: term: 0 index: 0 Committed: term: 0 index: 0}
I0219 21:03:03.071982 20932 consensus_queue.cc:127] T 840865c8d37e4d64a8556256fab5be90 P 9931e8ff47354ae68705e0b49da46cd4 [NON_LEADER]: queue going to NON_LEADER mode. State: All replicated op: 0.0, Majority replicated op: 0.0, Committed index: 0.0, Last appended: 0.0, Current term: 0, Majority size: 1, State: 1, Mode: NON_LEADER
I0219 21:03:03.075690 20932 ts_tablet_manager.cc:339] Time spent starting tablet 840865c8d37e4d64a8556256fab5be90: real 0.017s user 0.009s sys 0.000s
I0219 21:03:03.143661 20938 tablet_bootstrap.cc:290] Tablet 03a4246412af4278bb19e817deba502d: No bootstrap required, opened a new log
I0219 21:03:03.147033 20938 ts_tablet_manager.cc:319] Time spent tablet 03a4246412af4278bb19e817deba502d bootstrap: real 0.122s user 0.009s sys 0.013s
I0219 21:03:03.159304 20780 ts_tablet_manager.cc:449] Registered tablet 03a4246412af4278bb19e817deba502d
I0219 21:03:03.159806 20929 ts_tablet_manager.cc:314] Bootstrapping tablet: 03a4246412af4278bb19e817deba502d
I0219 21:03:03.173995 20929 tablet_bootstrap.cc:290] Tablet 03a4246412af4278bb19e817deba502d: Bootstrap starting.
I0219 21:03:03.178463 20929 tablet_bootstrap.cc:387] No previous blocks or log segments found for tablet: 03a4246412af4278bb19e817deba502d creating new one.
I0219 21:03:03.183869 20938 raft_consensus.cc:194] T 03a4246412af4278bb19e817deba502d P 9931e8ff47354ae68705e0b49da46cd4 [FOLLOWER]: Replica starting. Triggering 0 pending transactions.
I0219 21:03:03.185900 20938 raft_consensus.cc:399] T 03a4246412af4278bb19e817deba502d P 9931e8ff47354ae68705e0b49da46cd4 [FOLLOWER]: Becoming Follower/Learner. State: Replica: 9931e8ff47354ae68705e0b49da46cd4, State: 1, Role: FOLLOWER Watermarks: {Received: term: 0 index: 0 Committed: term: 0 index: 0}
I0219 21:03:03.186975 20938 consensus_queue.cc:127] T 03a4246412af4278bb19e817deba502d P 9931e8ff47354ae68705e0b49da46cd4 [NON_LEADER]: queue going to NON_LEADER mode. State: All replicated op: 0.0, Majority replicated op: 0.0, Committed index: 0.0, Last appended: 0.0, Current term: 0, Majority size: 1, State: 1, Mode: NON_LEADER
I0219 21:03:03.190907 20938 ts_tablet_manager.cc:339] Time spent starting tablet 03a4246412af4278bb19e817deba502d: real 0.044s user 0.008s sys 0.005s
I0219 21:03:03.252495 20875 ts_tablet_manager.cc:449] Registered tablet bf75035296f84301beb059278718d049
I0219 21:03:03.260630 18449 ksck_remote-test.cc:151] Generating row writes...
I0219 21:03:03.272454 20824 ts_tablet_manager.cc:449] Registered tablet bf75035296f84301beb059278718d049
I0219 21:03:03.273315 20932 ts_tablet_manager.cc:314] Bootstrapping tablet: bf75035296f84301beb059278718d049
I0219 21:03:03.288890 20932 tablet_bootstrap.cc:290] Tablet bf75035296f84301beb059278718d049: Bootstrap starting.
I0219 21:03:03.289391 20953 ts_tablet_manager.cc:314] Bootstrapping tablet: bf75035296f84301beb059278718d049
I0219 21:03:03.292191 20782 ts_tablet_manager.cc:449] Registered tablet 840865c8d37e4d64a8556256fab5be90
I0219 21:03:03.293557 20929 tablet_bootstrap.cc:290] Tablet 03a4246412af4278bb19e817deba502d: No bootstrap required, opened a new log
I0219 21:03:03.295467 20874 ts_tablet_manager.cc:449] Registered tablet 03a4246412af4278bb19e817deba502d
I0219 21:03:03.298416 20929 ts_tablet_manager.cc:319] Time spent tablet 03a4246412af4278bb19e817deba502d bootstrap: real 0.138s user 0.012s sys 0.007s
I0219 21:03:03.300551 20932 tablet_bootstrap.cc:387] No previous blocks or log segments found for tablet: bf75035296f84301beb059278718d049 creating new one.
I0219 21:03:03.301304 20876 ts_tablet_manager.cc:449] Registered tablet 840865c8d37e4d64a8556256fab5be90
I0219 21:03:03.305527 20955 ts_tablet_manager.cc:314] Bootstrapping tablet: 840865c8d37e4d64a8556256fab5be90
I0219 21:03:03.308344 20929 raft_consensus.cc:194] T 03a4246412af4278bb19e817deba502d P 481dcea30ed549ddbfe1fee17518a067 [FOLLOWER]: Replica starting. Triggering 0 pending transactions.
I0219 21:03:03.312160 20953 tablet_bootstrap.cc:290] Tablet bf75035296f84301beb059278718d049: Bootstrap starting.
I0219 21:03:03.312322 20929 raft_consensus.cc:399] T 03a4246412af4278bb19e817deba502d P 481dcea30ed549ddbfe1fee17518a067 [FOLLOWER]: Becoming Follower/Learner. State: Replica: 481dcea30ed549ddbfe1fee17518a067, State: 1, Role: FOLLOWER Watermarks: {Received: term: 0 index: 0 Committed: term: 0 index: 0}
I0219 21:03:03.319793 20953 tablet_bootstrap.cc:387] No previous blocks or log segments found for tablet: bf75035296f84301beb059278718d049 creating new one.
I0219 21:03:03.318917 20929 consensus_queue.cc:127] T 03a4246412af4278bb19e817deba502d P 481dcea30ed549ddbfe1fee17518a067 [NON_LEADER]: queue going to NON_LEADER mode. State: All replicated op: 0.0, Majority replicated op: 0.0, Committed index: 0.0, Last appended: 0.0, Current term: 0, Majority size: 1, State: 1, Mode: NON_LEADER
I0219 21:03:03.327924 20929 ts_tablet_manager.cc:339] Time spent starting tablet 03a4246412af4278bb19e817deba502d: real 0.029s user 0.009s sys 0.003s
I0219 21:03:03.343829 20956 ts_tablet_manager.cc:314] Bootstrapping tablet: 03a4246412af4278bb19e817deba502d
I0219 21:03:03.344298 20960 ts_tablet_manager.cc:314] Bootstrapping tablet: 840865c8d37e4d64a8556256fab5be90
I0219 21:03:03.361871 20955 tablet_bootstrap.cc:290] Tablet 840865c8d37e4d64a8556256fab5be90: Bootstrap starting.
I0219 21:03:03.365205 20955 tablet_bootstrap.cc:387] No previous blocks or log segments found for tablet: 840865c8d37e4d64a8556256fab5be90 creating new one.
I0219 21:03:03.374404 20956 tablet_bootstrap.cc:290] Tablet 03a4246412af4278bb19e817deba502d: Bootstrap starting.
I0219 21:03:03.376853 20953 tablet_bootstrap.cc:290] Tablet bf75035296f84301beb059278718d049: No bootstrap required, opened a new log
I0219 21:03:03.379278 20932 tablet_bootstrap.cc:290] Tablet bf75035296f84301beb059278718d049: No bootstrap required, opened a new log
I0219 21:03:03.382344 20932 ts_tablet_manager.cc:319] Time spent tablet bf75035296f84301beb059278718d049 bootstrap: real 0.109s user 0.017s sys 0.009s
I0219 21:03:03.381535 20953 ts_tablet_manager.cc:319] Time spent tablet bf75035296f84301beb059278718d049 bootstrap: real 0.092s user 0.010s sys 0.012s
I0219 21:03:03.389129 20960 tablet_bootstrap.cc:290] Tablet 840865c8d37e4d64a8556256fab5be90: Bootstrap starting.
I0219 21:03:03.392254 20960 tablet_bootstrap.cc:387] No previous blocks or log segments found for tablet: 840865c8d37e4d64a8556256fab5be90 creating new one.
I0219 21:03:03.396786 20956 tablet_bootstrap.cc:387] No previous blocks or log segments found for tablet: 03a4246412af4278bb19e817deba502d creating new one.
I0219 21:03:03.406508 20932 raft_consensus.cc:194] T bf75035296f84301beb059278718d049 P 9931e8ff47354ae68705e0b49da46cd4 [CANDIDATE]: Replica starting. Triggering 0 pending transactions.
I0219 21:03:03.441154 20953 raft_consensus.cc:194] T bf75035296f84301beb059278718d049 P 7cf363f7a5b54e2bbfcb2f96b3d301ac [FOLLOWER]: Replica starting. Triggering 0 pending transactions.
I0219 21:03:03.441562 20953 raft_consensus.cc:399] T bf75035296f84301beb059278718d049 P 7cf363f7a5b54e2bbfcb2f96b3d301ac [FOLLOWER]: Becoming Follower/Learner. State: Replica: 7cf363f7a5b54e2bbfcb2f96b3d301ac, State: 1, Role: FOLLOWER Watermarks: {Received: term: 0 index: 0 Committed: term: 0 index: 0}
I0219 21:03:03.445236 20953 consensus_queue.cc:127] T bf75035296f84301beb059278718d049 P 7cf363f7a5b54e2bbfcb2f96b3d301ac [NON_LEADER]: queue going to NON_LEADER mode. State: All replicated op: 0.0, Majority replicated op: 0.0, Committed index: 0.0, Last appended: 0.0, Current term: 0, Majority size: 1, State: 1, Mode: NON_LEADER
I0219 21:03:03.447423 20953 ts_tablet_manager.cc:339] Time spent starting tablet bf75035296f84301beb059278718d049: real 0.061s user 0.009s sys 0.007s
I0219 21:03:03.458063 20932 raft_consensus.cc:361] T bf75035296f84301beb059278718d049 P 9931e8ff47354ae68705e0b49da46cd4 [LEADER]: Becoming Leader. State: Replica: 9931e8ff47354ae68705e0b49da46cd4, State: 1, Role: LEADER Watermarks: {Received: term: 0 index: 0 Committed: term: 0 index: 0}
I0219 21:03:03.459033 20932 consensus_queue.cc:119] T bf75035296f84301beb059278718d049 P 9931e8ff47354ae68705e0b49da46cd4 [LEADER]: queue going to LEADER mode. State: All replicated op: 0.0, Majority replicated op: 0.0, Committed index: 0.0, Last appended: 0.0, Current term: 1, Majority size: 2, State: 1, Mode: LEADER
I0219 21:03:03.475693 20955 tablet_bootstrap.cc:290] Tablet 840865c8d37e4d64a8556256fab5be90: No bootstrap required, opened a new log
I0219 21:03:03.477946 20955 ts_tablet_manager.cc:319] Time spent tablet 840865c8d37e4d64a8556256fab5be90 bootstrap: real 0.172s user 0.015s sys 0.018s
I0219 21:03:03.487314 20955 raft_consensus.cc:194] T 840865c8d37e4d64a8556256fab5be90 P 481dcea30ed549ddbfe1fee17518a067 [CANDIDATE]: Replica starting. Triggering 0 pending transactions.
I0219 21:03:03.504151 20955 raft_consensus.cc:361] T 840865c8d37e4d64a8556256fab5be90 P 481dcea30ed549ddbfe1fee17518a067 [LEADER]: Becoming Leader. State: Replica: 481dcea30ed549ddbfe1fee17518a067, State: 1, Role: LEADER Watermarks: {Received: term: 0 index: 0 Committed: term: 0 index: 0}
I0219 21:03:03.504928 20955 consensus_queue.cc:119] T 840865c8d37e4d64a8556256fab5be90 P 481dcea30ed549ddbfe1fee17518a067 [LEADER]: queue going to LEADER mode. State: All replicated op: 0.0, Majority replicated op: 0.0, Committed index: 0.0, Last appended: 0.0, Current term: 1, Majority size: 2, State: 1, Mode: LEADER
I0219 21:03:03.516268 20960 tablet_bootstrap.cc:290] Tablet 840865c8d37e4d64a8556256fab5be90: No bootstrap required, opened a new log
I0219 21:03:03.518493 20960 ts_tablet_manager.cc:319] Time spent tablet 840865c8d37e4d64a8556256fab5be90 bootstrap: real 0.173s user 0.014s sys 0.008s
I0219 21:03:03.534183 20956 tablet_bootstrap.cc:290] Tablet 03a4246412af4278bb19e817deba502d: No bootstrap required, opened a new log
I0219 21:03:03.534450 20960 raft_consensus.cc:194] T 840865c8d37e4d64a8556256fab5be90 P 7cf363f7a5b54e2bbfcb2f96b3d301ac [FOLLOWER]: Replica starting. Triggering 0 pending transactions.
I0219 21:03:03.537621 20956 ts_tablet_manager.cc:319] Time spent tablet 03a4246412af4278bb19e817deba502d bootstrap: real 0.193s user 0.016s sys 0.010s
I0219 21:03:03.535115 20960 raft_consensus.cc:399] T 840865c8d37e4d64a8556256fab5be90 P 7cf363f7a5b54e2bbfcb2f96b3d301ac [FOLLOWER]: Becoming Follower/Learner. State: Replica: 7cf363f7a5b54e2bbfcb2f96b3d301ac, State: 1, Role: FOLLOWER Watermarks: {Received: term: 0 index: 0 Committed: term: 0 index: 0}
I0219 21:03:03.539132 20960 consensus_queue.cc:127] T 840865c8d37e4d64a8556256fab5be90 P 7cf363f7a5b54e2bbfcb2f96b3d301ac [NON_LEADER]: queue going to NON_LEADER mode. State: All replicated op: 0.0, Majority replicated op: 0.0, Committed index: 0.0, Last appended: 0.0, Current term: 0, Majority size: 1, State: 1, Mode: NON_LEADER
I0219 21:03:03.544056 20960 ts_tablet_manager.cc:339] Time spent starting tablet 840865c8d37e4d64a8556256fab5be90: real 0.025s user 0.008s sys 0.002s
W0219 21:03:03.550920 21001 raft_consensus_state.cc:477] T bf75035296f84301beb059278718d049 P 9931e8ff47354ae68705e0b49da46cd4 [LEADER]: Can't advance the committed index across term boundaries yet. Last committed operation was: term: 0 index: 0 New majority replicated is: term: 0 index: 0. Current term is: 1
I0219 21:03:03.553351 20932 ts_tablet_manager.cc:339] Time spent starting tablet bf75035296f84301beb059278718d049: real 0.171s user 0.016s sys 0.007s
I0219 21:03:03.564662 20956 raft_consensus.cc:194] T 03a4246412af4278bb19e817deba502d P 7cf363f7a5b54e2bbfcb2f96b3d301ac [CANDIDATE]: Replica starting. Triggering 0 pending transactions.
I0219 21:03:03.580029 20955 ts_tablet_manager.cc:339] Time spent starting tablet 840865c8d37e4d64a8556256fab5be90: real 0.102s user 0.015s sys 0.008s
I0219 21:03:03.582037 20956 raft_consensus.cc:361] T 03a4246412af4278bb19e817deba502d P 7cf363f7a5b54e2bbfcb2f96b3d301ac [LEADER]: Becoming Leader. State: Replica: 7cf363f7a5b54e2bbfcb2f96b3d301ac, State: 1, Role: LEADER Watermarks: {Received: term: 0 index: 0 Committed: term: 0 index: 0}
I0219 21:03:03.582602 20956 consensus_queue.cc:119] T 03a4246412af4278bb19e817deba502d P 7cf363f7a5b54e2bbfcb2f96b3d301ac [LEADER]: queue going to LEADER mode. State: All replicated op: 0.0, Majority replicated op: 0.0, Committed index: 0.0, Last appended: 0.0, Current term: 1, Majority size: 2, State: 1, Mode: LEADER
W0219 21:03:03.593744 21003 raft_consensus_state.cc:477] T 840865c8d37e4d64a8556256fab5be90 P 481dcea30ed549ddbfe1fee17518a067 [LEADER]: Can't advance the committed index across term boundaries yet. Last committed operation was: term: 0 index: 0 New majority replicated is: term: 0 index: 0. Current term is: 1
W0219 21:03:03.692926 20900 meta_cache.cc:475] Leader Master timed out, re-trying...
W0219 21:03:03.695015 20900 meta_cache.cc:475] Leader Master timed out, re-trying...
W0219 21:03:03.773782 20899 meta_cache.cc:475] Leader Master timed out, re-trying...
W0219 21:03:03.773789 20901 meta_cache.cc:475] Leader Master timed out, re-trying...
W0219 21:03:03.774875 20902 meta_cache.cc:475] Leader Master timed out, re-trying...
I0219 21:03:03.775436 20956 ts_tablet_manager.cc:339] Time spent starting tablet 03a4246412af4278bb19e817deba502d: real 0.237s user 0.015s sys 0.009s
W0219 21:03:03.775785 21008 raft_consensus_state.cc:477] T 03a4246412af4278bb19e817deba502d P 7cf363f7a5b54e2bbfcb2f96b3d301ac [LEADER]: Can't advance the committed index across term boundaries yet. Last committed operation was: term: 0 index: 0 New majority replicated is: term: 0 index: 0. Current term is: 1
I0219 21:03:04.018426 20790 raft_consensus.cc:1328] T bf75035296f84301beb059278718d049 P 481dcea30ed549ddbfe1fee17518a067 [FOLLOWER]: Advancing to term 1
I0219 21:03:04.024274 20790 raft_consensus.cc:634] T bf75035296f84301beb059278718d049 P 481dcea30ed549ddbfe1fee17518a067 [FOLLOWER]: Refusing update from remote peer 9931e8ff47354ae68705e0b49da46cd4: Log matching property violated. Preceding OpId in replica: term: 0 index: 0. Preceding OpId from leader: term: 1 index: 1.
I0219 21:03:04.024833 20809 consensus_queue.cc:428] T bf75035296f84301beb059278718d049 P 9931e8ff47354ae68705e0b49da46cd4 [LEADER]: Connected to new peer: Peer: 481dcea30ed549ddbfe1fee17518a067, New: false, Last received: 0.0, Last sent , Last known committed idx: 0 Last exchange result: ERROR
I0219 21:03:04.037271 21001 raft_consensus_state.cc:470] T bf75035296f84301beb059278718d049 P 9931e8ff47354ae68705e0b49da46cd4 [LEADER]: Advanced the committed_index across terms. Last committed operation was: term: 0 index: 0 New committed index is: term: 1 index: 1
I0219 21:03:04.038763 20966 change_config_transaction.cc:129] T bf75035296f84301beb059278718d049 P 9931e8ff47354ae68705e0b49da46cd4: Configuration changed Changed from: opid_index: -1 local: false peers { permanent_uuid: "481dcea30ed549ddbfe1fee17518a067" role: FOLLOWER last_known_addr { host: "127.0.0.1" port: 53021 } } peers { permanent_uuid: "7cf363f7a5b54e2bbfcb2f96b3d301ac" role: FOLLOWER last_known_addr { host: "127.0.0.1" port: 36055 } } peers { permanent_uuid: "9931e8ff47354ae68705e0b49da46cd4" role: CANDIDATE last_known_addr { host: "127.0.0.1" port: 59474 } } Changed to: opid_index: 1 local: false peers { permanent_uuid: "481dcea30ed549ddbfe1fee17518a067" role: FOLLOWER last_known_addr { host: "127.0.0.1" port: 53021 } } peers { permanent_uuid: "7cf363f7a5b54e2bbfcb2f96b3d301ac" role: FOLLOWER last_known_addr { host: "127.0.0.1" port: 36055 } } peers { permanent_uuid: "9931e8ff47354ae68705e0b49da46cd4" role: LEADER last_known_addr { host: "127.0.0.1" port: 59474 } }
I0219 21:03:04.041717 20884 raft_consensus.cc:1328] T bf75035296f84301beb059278718d049 P 7cf363f7a5b54e2bbfcb2f96b3d301ac [FOLLOWER]: Advancing to term 1
I0219 21:03:04.045830 20741 catalog_manager.cc:1283] Tablet: bf75035296f84301beb059278718d049 reported quorum change. New quorum: opid_index: 1 local: false peers { permanent_uuid: "481dcea30ed549ddbfe1fee17518a067" role: FOLLOWER last_known_addr { host: "127.0.0.1" port: 53021 } } peers { permanent_uuid: "7cf363f7a5b54e2bbfcb2f96b3d301ac" role: FOLLOWER last_known_addr { host: "127.0.0.1" port: 36055 } } peers { permanent_uuid: "9931e8ff47354ae68705e0b49da46cd4" role: LEADER last_known_addr { host: "127.0.0.1" port: 59474 } }
I0219 21:03:04.049123 20884 raft_consensus.cc:634] T bf75035296f84301beb059278718d049 P 7cf363f7a5b54e2bbfcb2f96b3d301ac [FOLLOWER]: Refusing update from remote peer 9931e8ff47354ae68705e0b49da46cd4: Log matching property violated. Preceding OpId in replica: term: 0 index: 0. Preceding OpId from leader: term: 1 index: 1.
I0219 21:03:04.049993 20810 consensus_queue.cc:428] T bf75035296f84301beb059278718d049 P 9931e8ff47354ae68705e0b49da46cd4 [LEADER]: Connected to new peer: Peer: 7cf363f7a5b54e2bbfcb2f96b3d301ac, New: false, Last received: 0.0, Last sent , Last known committed idx: 0 Last exchange result: ERROR
I0219 21:03:04.052642 20884 raft_consensus.cc:1328] T 840865c8d37e4d64a8556256fab5be90 P 7cf363f7a5b54e2bbfcb2f96b3d301ac [FOLLOWER]: Advancing to term 1
I0219 21:03:04.058403 20884 raft_consensus.cc:634] T 840865c8d37e4d64a8556256fab5be90 P 7cf363f7a5b54e2bbfcb2f96b3d301ac [FOLLOWER]: Refusing update from remote peer 481dcea30ed549ddbfe1fee17518a067: Log matching property violated. Preceding OpId in replica: term: 0 index: 0. Preceding OpId from leader: term: 1 index: 1.
I0219 21:03:04.059212 20767 consensus_queue.cc:428] T 840865c8d37e4d64a8556256fab5be90 P 481dcea30ed549ddbfe1fee17518a067 [LEADER]: Connected to new peer: Peer: 7cf363f7a5b54e2bbfcb2f96b3d301ac, New: false, Last received: 0.0, Last sent , Last known committed idx: 0 Last exchange result: ERROR
I0219 21:03:04.068606 20967 change_config_transaction.cc:129] T bf75035296f84301beb059278718d049 P 7cf363f7a5b54e2bbfcb2f96b3d301ac: Configuration changed Changed from: opid_index: -1 local: false peers { permanent_uuid: "481dcea30ed549ddbfe1fee17518a067" role: FOLLOWER last_known_addr { host: "127.0.0.1" port: 53021 } } peers { permanent_uuid: "7cf363f7a5b54e2bbfcb2f96b3d301ac" role: FOLLOWER last_known_addr { host: "127.0.0.1" port: 36055 } } peers { permanent_uuid: "9931e8ff47354ae68705e0b49da46cd4" role: CANDIDATE last_known_addr { host: "127.0.0.1" port: 59474 } } Changed to: opid_index: 1 local: false peers { permanent_uuid: "481dcea30ed549ddbfe1fee17518a067" role: FOLLOWER last_known_addr { host: "127.0.0.1" port: 53021 } } peers { permanent_uuid: "7cf363f7a5b54e2bbfcb2f96b3d301ac" role: FOLLOWER last_known_addr { host: "127.0.0.1" port: 36055 } } peers { permanent_uuid: "9931e8ff47354ae68705e0b49da46cd4" role: LEADER last_known_addr { host: "127.0.0.1" port: 59474 } }
I0219 21:03:04.069511 20833 raft_consensus.cc:1328] T 840865c8d37e4d64a8556256fab5be90 P 9931e8ff47354ae68705e0b49da46cd4 [FOLLOWER]: Advancing to term 1
I0219 21:03:04.071280 21003 raft_consensus_state.cc:470] T 840865c8d37e4d64a8556256fab5be90 P 481dcea30ed549ddbfe1fee17518a067 [LEADER]: Advanced the committed_index across terms. Last committed operation was: term: 0 index: 0 New committed index is: term: 1 index: 1
I0219 21:03:04.072037 20977 change_config_transaction.cc:129] T 840865c8d37e4d64a8556256fab5be90 P 481dcea30ed549ddbfe1fee17518a067: Configuration changed Changed from: opid_index: -1 local: false peers { permanent_uuid: "481dcea30ed549ddbfe1fee17518a067" role: CANDIDATE last_known_addr { host: "127.0.0.1" port: 53021 } } peers { permanent_uuid: "7cf363f7a5b54e2bbfcb2f96b3d301ac" role: FOLLOWER last_known_addr { host: "127.0.0.1" port: 36055 } } peers { permanent_uuid: "9931e8ff47354ae68705e0b49da46cd4" role: FOLLOWER last_known_addr { host: "127.0.0.1" port: 59474 } } Changed to: opid_index: 1 local: false peers { permanent_uuid: "481dcea30ed549ddbfe1fee17518a067" role: LEADER last_known_addr { host: "127.0.0.1" port: 53021 } } peers { permanent_uuid: "7cf363f7a5b54e2bbfcb2f96b3d301ac" role: FOLLOWER last_known_addr { host: "127.0.0.1" port: 36055 } } peers { permanent_uuid: "9931e8ff47354ae68705e0b49da46cd4" role: FOLLOWER last_known_addr { host: "127.0.0.1" port: 59474 } }
I0219 21:03:04.077509 20833 raft_consensus.cc:634] T 840865c8d37e4d64a8556256fab5be90 P 9931e8ff47354ae68705e0b49da46cd4 [FOLLOWER]: Refusing update from remote peer 481dcea30ed549ddbfe1fee17518a067: Log matching property violated. Preceding OpId in replica: term: 0 index: 0. Preceding OpId from leader: term: 1 index: 1.
I0219 21:03:04.078156 20767 consensus_queue.cc:428] T 840865c8d37e4d64a8556256fab5be90 P 481dcea30ed549ddbfe1fee17518a067 [LEADER]: Connected to new peer: Peer: 9931e8ff47354ae68705e0b49da46cd4, New: false, Last received: 0.0, Last sent , Last known committed idx: 0 Last exchange result: ERROR
