I1103 05:10:01.606892 31061 external_mini_cluster.cc:359] Running /data1/jenkins-workspace/kudu-flaky-tests/BUILD_TYPE/RELEASE/label/kudu-gerrit-slaves/build/release/kudu-tablet_server kudu-tablet_server --tablet_server_base_dir=/tmp/kudutest-4000/raft_consensus-itest.DistConsensusTest.MultiThreadedMutateAndInsertThroughConsensus.1415020185628730-31061/raft_consensus-itest-cluster/ts-0 --tablet_server_rpc_bind_addresses=127.0.0.1:0 --tablet_server_web_port=0 --tablet_server_master_addr=127.0.0.1:53185 --consensus_entry_cache_size_soft_limit_mb=5 --consensus_entry_cache_size_hard_limit_mb=10 --consensus_rpc_timeout_ms=50 --server_dump_info_path=/tmp/kudutest-4000/raft_consensus-itest.DistConsensusTest.MultiThreadedMutateAndInsertThroughConsensus.1415020185628730-31061/raft_consensus-itest-cluster/ts-0/info.pb --server_dump_info_format=pb --logtostderr --logbuflevel=-1 --webserver_interface=localhost
I1103 05:10:01.628165 7545 tablet_server_main.cc:38] Initializing tablet server...
I1103 05:10:01.785923 7545 fs_manager.cc:130] Generated new instance metadata in path /tmp/kudutest-4000/raft_consensus-itest.DistConsensusTest.MultiThreadedMutateAndInsertThroughConsensus.1415020185628730-31061/raft_consensus-itest-cluster/ts-0/instance: uuid: "1135cdf4560a4f92ba4d3cb0c17f4eff" format_stamp: "Formatted at 2014-11-03 13:10:01 on boost-static-burst-slave-517.vpc.cloudera.com"
I1103 05:10:01.786074 7545 fs_manager.cc:82] Opened local filesystem: /tmp/kudutest-4000/raft_consensus-itest.DistConsensusTest.MultiThreadedMutateAndInsertThroughConsensus.1415020185628730-31061/raft_consensus-itest-cluster/ts-0 uuid: "1135cdf4560a4f92ba4d3cb0c17f4eff" format_stamp: "Formatted at 2014-11-03 13:10:01 on boost-static-burst-slave-517.vpc.cloudera.com"
I1103 05:10:01.789404 7545 tablet_server_main.cc:41] Starting tablet server...
I1103 05:10:01.792654 7545 webserver.cc:108] Starting webserver on localhost:0
I1103 05:10:01.792687 7545 webserver.cc:117] Document root disabled
I1103 05:10:01.793208 7545 webserver.cc:197] Webserver started. Bound to: 127.0.0.1:44147
I1103 05:10:01.793438 7545 server_base.cc:166] Dumped server information to /tmp/kudutest-4000/raft_consensus-itest.DistConsensusTest.MultiThreadedMutateAndInsertThroughConsensus.1415020185628730-31061/raft_consensus-itest-cluster/ts-0/info.pb
I1103 05:10:01.793553 7545 maintenance_manager.cc:118] MaintenanceManager: targeting memory size of 23.515860 GB
I1103 05:10:01.793653 7545 tablet_server_main.cc:44] Tablet server successfully started.
I1103 05:10:01.794962 31061 external_mini_cluster.cc:359] Running /data1/jenkins-workspace/kudu-flaky-tests/BUILD_TYPE/RELEASE/label/kudu-gerrit-slaves/build/release/kudu-tablet_server kudu-tablet_server --tablet_server_base_dir=/tmp/kudutest-4000/raft_consensus-itest.DistConsensusTest.MultiThreadedMutateAndInsertThroughConsensus.1415020185628730-31061/raft_consensus-itest-cluster/ts-1 --tablet_server_rpc_bind_addresses=127.0.0.1:0 --tablet_server_web_port=0 --tablet_server_master_addr=127.0.0.1:53185 --consensus_entry_cache_size_soft_limit_mb=5 --consensus_entry_cache_size_hard_limit_mb=10 --consensus_rpc_timeout_ms=50 --server_dump_info_path=/tmp/kudutest-4000/raft_consensus-itest.DistConsensusTest.MultiThreadedMutateAndInsertThroughConsensus.1415020185628730-31061/raft_consensus-itest-cluster/ts-1/info.pb --server_dump_info_format=pb --logtostderr --logbuflevel=-1 --webserver_interface=localhost
I1103 05:10:01.796629 7591 heartbeater.cc:227] Registering TS with master...
I1103 05:10:01.796655 7591 heartbeater.cc:233] Sending a full tablet report to master...
I1103 05:10:01.818174 7595 tablet_server_main.cc:38] Initializing tablet server...
I1103 05:10:01.933228 7544 tablet_bootstrap.cc:234] Tablet 11111111111111111111111111111111: Bootstrap starting.
I1103 05:10:01.933603 7544 tablet_bootstrap.cc:331] No previous blocks or log segments found for tablet: 11111111111111111111111111111111 creating new one.
I1103 05:10:01.933841 7544 log.cc:305] Log is configured to *not* fsync() on all Append() calls
W1103 05:10:01.934003 7704 env_posix.cc:511] The filesystem does not support fallocate().
I1103 05:10:01.934227 7544 tablet_bootstrap.cc:234] Tablet 11111111111111111111111111111111: No bootstrap required, opened a new log
I1103 05:10:01.935077 7705 tablet_peer.cc:187] Configuration changed for tablet: 11111111111111111111111111111111 in peer: d37af8630a474d2a815ad2553ee0d3e1 Changed from: seqno: 0 local: true peers { permanent_uuid: "d37af8630a474d2a815ad2553ee0d3e1" role: LEADER } Changed to: seqno: 1 local: true peers { permanent_uuid: "d37af8630a474d2a815ad2553ee0d3e1" role: LEADER }
I1103 05:10:01.935103 7705 sys_tables.cc:217] SysTable state changed. New quorum config: seqno: 1 local: true peers { permanent_uuid: "d37af8630a474d2a815ad2553ee0d3e1" role: LEADER }
I1103 05:10:01.964177 7595 fs_manager.cc:130] Generated new instance metadata in path /tmp/kudutest-4000/raft_consensus-itest.DistConsensusTest.MultiThreadedMutateAndInsertThroughConsensus.1415020185628730-31061/raft_consensus-itest-cluster/ts-1/instance: uuid: "20535f6222dc4aab9c9d9b5858d00404" format_stamp: "Formatted at 2014-11-03 13:10:01 on boost-static-burst-slave-517.vpc.cloudera.com"
I1103 05:10:01.964308 7595 fs_manager.cc:82] Opened local filesystem: /tmp/kudutest-4000/raft_consensus-itest.DistConsensusTest.MultiThreadedMutateAndInsertThroughConsensus.1415020185628730-31061/raft_consensus-itest-cluster/ts-1 uuid: "20535f6222dc4aab9c9d9b5858d00404" format_stamp: "Formatted at 2014-11-03 13:10:01 on boost-static-burst-slave-517.vpc.cloudera.com"
I1103 05:10:01.967298 7595 tablet_server_main.cc:41] Starting tablet server...
I1103 05:10:01.970270 7595 webserver.cc:108] Starting webserver on localhost:0
I1103 05:10:01.970319 7595 webserver.cc:117] Document root disabled
I1103 05:10:01.970798 7595 webserver.cc:197] Webserver started. Bound to: 127.0.0.1:34192
I1103 05:10:01.971006 7595 server_base.cc:166] Dumped server information to /tmp/kudutest-4000/raft_consensus-itest.DistConsensusTest.MultiThreadedMutateAndInsertThroughConsensus.1415020185628730-31061/raft_consensus-itest-cluster/ts-1/info.pb
I1103 05:10:01.971140 7595 maintenance_manager.cc:118] MaintenanceManager: targeting memory size of 23.515860 GB
I1103 05:10:01.971243 7595 tablet_server_main.cc:44] Tablet server successfully started.
I1103 05:10:01.972333 7747 heartbeater.cc:227] Registering TS with master...
I1103 05:10:01.972362 7747 heartbeater.cc:233] Sending a full tablet report to master...
I1103 05:10:01.972884 31061 external_mini_cluster.cc:359] Running /data1/jenkins-workspace/kudu-flaky-tests/BUILD_TYPE/RELEASE/label/kudu-gerrit-slaves/build/release/kudu-tablet_server kudu-tablet_server --tablet_server_base_dir=/tmp/kudutest-4000/raft_consensus-itest.DistConsensusTest.MultiThreadedMutateAndInsertThroughConsensus.1415020185628730-31061/raft_consensus-itest-cluster/ts-2 --tablet_server_rpc_bind_addresses=127.0.0.1:0 --tablet_server_web_port=0 --tablet_server_master_addr=127.0.0.1:53185 --consensus_entry_cache_size_soft_limit_mb=5 --consensus_entry_cache_size_hard_limit_mb=10 --consensus_rpc_timeout_ms=50 --server_dump_info_path=/tmp/kudutest-4000/raft_consensus-itest.DistConsensusTest.MultiThreadedMutateAndInsertThroughConsensus.1415020185628730-31061/raft_consensus-itest-cluster/ts-2/info.pb --server_dump_info_format=pb --logtostderr --logbuflevel=-1 --webserver_interface=localhost
I1103 05:10:02.000862 7750 tablet_server_main.cc:38] Initializing tablet server...
I1103 05:10:02.126515 7750 fs_manager.cc:130] Generated new instance metadata in path /tmp/kudutest-4000/raft_consensus-itest.DistConsensusTest.MultiThreadedMutateAndInsertThroughConsensus.1415020185628730-31061/raft_consensus-itest-cluster/ts-2/instance: uuid: "e95cd7e351fc4e28bac7f7977928f571" format_stamp: "Formatted at 2014-11-03 13:10:02 on boost-static-burst-slave-517.vpc.cloudera.com"
I1103 05:10:02.126689 7750 fs_manager.cc:82] Opened local filesystem: /tmp/kudutest-4000/raft_consensus-itest.DistConsensusTest.MultiThreadedMutateAndInsertThroughConsensus.1415020185628730-31061/raft_consensus-itest-cluster/ts-2 uuid: "e95cd7e351fc4e28bac7f7977928f571" format_stamp: "Formatted at 2014-11-03 13:10:02 on boost-static-burst-slave-517.vpc.cloudera.com"
I1103 05:10:02.130420 7750 tablet_server_main.cc:41] Starting tablet server...
I1103 05:10:02.134234 7750 webserver.cc:108] Starting webserver on localhost:0
I1103 05:10:02.134273 7750 webserver.cc:117] Document root disabled
I1103 05:10:02.134976 7750 webserver.cc:197] Webserver started. Bound to: 127.0.0.1:53176
I1103 05:10:02.136749 7750 server_base.cc:166] Dumped server information to /tmp/kudutest-4000/raft_consensus-itest.DistConsensusTest.MultiThreadedMutateAndInsertThroughConsensus.1415020185628730-31061/raft_consensus-itest-cluster/ts-2/info.pb
I1103 05:10:02.137320 7750 maintenance_manager.cc:118] MaintenanceManager: targeting memory size of 23.515860 GB
I1103 05:10:02.137660 7750 tablet_server_main.cc:44] Tablet server successfully started.
I1103 05:10:02.138715 7790 heartbeater.cc:227] Registering TS with master...
I1103 05:10:02.138751 7790 heartbeater.cc:233] Sending a full tablet report to master...
I1103 05:10:02.152201 7544 tablet_bootstrap.cc:234] Tablet 00000000000000000000000000000000: Bootstrap starting.
I1103 05:10:02.152658 7544 tablet_bootstrap.cc:331] No previous blocks or log segments found for tablet: 00000000000000000000000000000000 creating new one.
I1103 05:10:02.153530 7544 tablet_bootstrap.cc:234] Tablet 00000000000000000000000000000000: No bootstrap required, opened a new log
I1103 05:10:02.154258 7544 sys_tables.cc:281] SysTable tablet configured and running, proceeding with master startup.
W1103 05:10:02.154294 7527 master_service.cc:103] Catalog manager is not yet initialized, ignoring the heartbeat.
W1103 05:10:02.154391 7523 master_service.cc:103] Catalog manager is not yet initialized, ignoring the heartbeat.
W1103 05:10:02.154414 7525 master_service.cc:103] Catalog manager is not yet initialized, ignoring the heartbeat.
I1103 05:10:02.155092 7795 tablet_peer.cc:187] Configuration changed for tablet: 00000000000000000000000000000000 in peer: d37af8630a474d2a815ad2553ee0d3e1 Changed from: seqno: 0 local: true peers { permanent_uuid: "d37af8630a474d2a815ad2553ee0d3e1" role: LEADER } Changed to: seqno: 1 local: true peers { permanent_uuid: "d37af8630a474d2a815ad2553ee0d3e1" role: LEADER }
I1103 05:10:02.155151 7544 sys_tables.cc:281] SysTable tablet configured and running, proceeding with master startup.
I1103 05:10:02.155267 7493 master_main.cc:33] Master server successfully started.
I1103 05:10:02.155313 7795 sys_tables.cc:217] SysTable state changed. New quorum config: seqno: 1 local: true peers { permanent_uuid: "d37af8630a474d2a815ad2553ee0d3e1" role: LEADER }
I1103 05:10:03.155167 7525 master_service.cc:129] Got heartbeat from unknown tablet server { permanent_uuid: "20535f6222dc4aab9c9d9b5858d00404" instance_seqno: 1415020201970135 } as {real_user=jenkins, eff_user=} at 127.0.0.1:51177; Asking this server to re-register.
I1103 05:10:03.155169 7523 master_service.cc:129] Got heartbeat from unknown tablet server { permanent_uuid: "e95cd7e351fc4e28bac7f7977928f571" instance_seqno: 1415020202134082 } as {real_user=jenkins, eff_user=} at 127.0.0.1:51178; Asking this server to re-register.
I1103 05:10:03.155167 7528 master_service.cc:129] Got heartbeat from unknown tablet server { permanent_uuid: "1135cdf4560a4f92ba4d3cb0c17f4eff" instance_seqno: 1415020201792511 } as {real_user=jenkins, eff_user=} at 127.0.0.1:51164; Asking this server to re-register.
I1103 05:10:03.155489 7747 heartbeater.cc:227] Registering TS with master...
I1103 05:10:03.155515 7747 heartbeater.cc:233] Sending a full tablet report to master...
I1103 05:10:03.155513 7790 heartbeater.cc:227] Registering TS with master...
I1103 05:10:03.155539 7790 heartbeater.cc:233] Sending a full tablet report to master...
I1103 05:10:03.155551 7591 heartbeater.cc:227] Registering TS with master...
I1103 05:10:03.155570 7591 heartbeater.cc:233] Sending a full tablet report to master...
I1103 05:10:03.155721 7530 ts_manager.cc:66] Registered new tablet server { permanent_uuid: "e95cd7e351fc4e28bac7f7977928f571" instance_seqno: 1415020202134082 } with Master
I1103 05:10:03.155753 7531 ts_manager.cc:66] Registered new tablet server { permanent_uuid: "20535f6222dc4aab9c9d9b5858d00404" instance_seqno: 1415020201970135 } with Master
I1103 05:10:03.155793 7522 ts_manager.cc:66] Registered new tablet server { permanent_uuid: "1135cdf4560a4f92ba4d3cb0c17f4eff" instance_seqno: 1415020201792511 } with Master
I1103 05:10:03.157137 31061 external_mini_cluster.cc:280] 3 TS(s) registered with Master
I1103 05:10:03.157487 31061 external_mini_cluster.cc:280] 3 TS(s) registered with Master
I1103 05:10:03.159842 7525 catalog_manager.cc:437] CreateTable from {real_user=jenkins, eff_user=} at 127.0.0.1:51191: name: "TestTable" schema { columns { name: "key" type: UINT32 is_key: true is_nullable: false encoding: AUTO_ENCODING compression: DEFAULT_COMPRESSION } columns { name: "int_val" type: UINT32 is_key: false is_nullable: false encoding: AUTO_ENCODING compression: DEFAULT_COMPRESSION } columns { name: "string_val" type: STRING is_key: false is_nullable: true encoding: AUTO_ENCODING compression: DEFAULT_COMPRESSION } } num_replicas: 3
I1103 05:10:03.175340 7569 tablet_service.cc:264] Processing CreateTablet for tablet 69ce28a55ab34dafb931a4677a97f8ae (table=TestTable [id=ced1574a54eb4ee59d4252b7bdbf52e3]), range=["", ""]
I1103 05:10:03.175585 7768 tablet_service.cc:264] Processing CreateTablet for tablet 69ce28a55ab34dafb931a4677a97f8ae (table=TestTable [id=ced1574a54eb4ee59d4252b7bdbf52e3]), range=["", ""]
I1103 05:10:03.176126 7725 tablet_service.cc:264] Processing CreateTablet for tablet 69ce28a55ab34dafb931a4677a97f8ae (table=TestTable [id=ced1574a54eb4ee59d4252b7bdbf52e3]), range=["", ""]
I1103 05:10:03.479761 7768 ts_tablet_manager.cc:464] Registered tablet 69ce28a55ab34dafb931a4677a97f8ae
I1103 05:10:03.479921 7569 ts_tablet_manager.cc:464] Registered tablet 69ce28a55ab34dafb931a4677a97f8ae
I1103 05:10:03.479969 8080 ts_tablet_manager.cc:325] Bootstrapping tablet: 69ce28a55ab34dafb931a4677a97f8ae
I1103 05:10:03.480106 8080 tablet_bootstrap.cc:234] Tablet 69ce28a55ab34dafb931a4677a97f8ae: Bootstrap starting.
I1103 05:10:03.480193 8081 ts_tablet_manager.cc:325] Bootstrapping tablet: 69ce28a55ab34dafb931a4677a97f8ae
I1103 05:10:03.480376 8081 tablet_bootstrap.cc:234] Tablet 69ce28a55ab34dafb931a4677a97f8ae: Bootstrap starting.
I1103 05:10:03.480496 8080 tablet_bootstrap.cc:331] No previous blocks or log segments found for tablet: 69ce28a55ab34dafb931a4677a97f8ae creating new one.
I1103 05:10:03.480758 8080 log.cc:305] Log is configured to *not* fsync() on all Append() calls
I1103 05:10:03.480758 8081 tablet_bootstrap.cc:331] No previous blocks or log segments found for tablet: 69ce28a55ab34dafb931a4677a97f8ae creating new one.
W1103 05:10:03.480947 8082 env_posix.cc:511] The filesystem does not support fallocate().
I1103 05:10:03.481003 8081 log.cc:305] Log is configured to *not* fsync() on all Append() calls
W1103 05:10:03.481171 8083 env_posix.cc:511] The filesystem does not support fallocate().
I1103 05:10:03.481328 8080 tablet_bootstrap.cc:234] Tablet 69ce28a55ab34dafb931a4677a97f8ae: No bootstrap required, opened a new log
I1103 05:10:03.481379 8080 ts_tablet_manager.cc:330] Time spent tablet 69ce28a55ab34dafb931a4677a97f8ae bootstrap: real 0.001s user 0.000s sys 0.001s
I1103 05:10:03.481539 8081 tablet_bootstrap.cc:234] Tablet 69ce28a55ab34dafb931a4677a97f8ae: No bootstrap required, opened a new log
I1103 05:10:03.481570 8081 ts_tablet_manager.cc:330] Time spent tablet 69ce28a55ab34dafb931a4677a97f8ae bootstrap: real 0.001s user 0.000s sys 0.001s
I1103 05:10:03.481719 8080 raft_consensus.cc:102] T 69ce28a55ab34dafb931a4677a97f8ae P e95cd7e351fc4e28bac7f7977928f571 [FOLLOWER]: Replica starting. Triggering 0 pending transactions.
I1103 05:10:03.481828 8080 raft_consensus.cc:302] T 69ce28a55ab34dafb931a4677a97f8ae P e95cd7e351fc4e28bac7f7977928f571 [FOLLOWER]: Becoming Follower/Learner
I1103 05:10:03.481865 8080 ts_tablet_manager.cc:350] Time spent starting tablet 69ce28a55ab34dafb931a4677a97f8ae: real 0.000s user 0.000s sys 0.000s
I1103 05:10:03.481864 8081 raft_consensus.cc:102] T 69ce28a55ab34dafb931a4677a97f8ae P 1135cdf4560a4f92ba4d3cb0c17f4eff [FOLLOWER]: Replica starting. Triggering 0 pending transactions.
I1103 05:10:03.481963 8081 raft_consensus.cc:302] T 69ce28a55ab34dafb931a4677a97f8ae P 1135cdf4560a4f92ba4d3cb0c17f4eff [FOLLOWER]: Becoming Follower/Learner
I1103 05:10:03.482009 8081 ts_tablet_manager.cc:350] Time spent starting tablet 69ce28a55ab34dafb931a4677a97f8ae: real 0.000s user 0.000s sys 0.000s
I1103 05:10:03.649857 7725 ts_tablet_manager.cc:464] Registered tablet 69ce28a55ab34dafb931a4677a97f8ae
I1103 05:10:03.650161 8091 ts_tablet_manager.cc:325] Bootstrapping tablet: 69ce28a55ab34dafb931a4677a97f8ae
I1103 05:10:03.650305 8091 tablet_bootstrap.cc:234] Tablet 69ce28a55ab34dafb931a4677a97f8ae: Bootstrap starting.
I1103 05:10:03.650820 8091 tablet_bootstrap.cc:331] No previous blocks or log segments found for tablet: 69ce28a55ab34dafb931a4677a97f8ae creating new one.
I1103 05:10:03.651140 8091 log.cc:305] Log is configured to *not* fsync() on all Append() calls
W1103 05:10:03.651466 8092 env_posix.cc:511] The filesystem does not support fallocate().
I1103 05:10:03.651938 8091 tablet_bootstrap.cc:234] Tablet 69ce28a55ab34dafb931a4677a97f8ae: No bootstrap required, opened a new log
I1103 05:10:03.652003 8091 ts_tablet_manager.cc:330] Time spent tablet 69ce28a55ab34dafb931a4677a97f8ae bootstrap: real 0.002s user 0.000s sys 0.001s
I1103 05:10:03.652449 8091 raft_consensus.cc:102] T 69ce28a55ab34dafb931a4677a97f8ae P 20535f6222dc4aab9c9d9b5858d00404 [CANDIDATE]: Replica starting. Triggering 0 pending transactions.
I1103 05:10:03.653339 8091 raft_consensus.cc:235] T 69ce28a55ab34dafb931a4677a97f8ae P 20535f6222dc4aab9c9d9b5858d00404 [LEADER]: Becoming Leader
I1103 05:10:03.656474 8091 ts_tablet_manager.cc:350] Time spent starting tablet 69ce28a55ab34dafb931a4677a97f8ae: real 0.004s user 0.002s sys 0.001s
W1103 05:10:04.154175 8096 raft_consensus_state.cc:463] T 69ce28a55ab34dafb931a4677a97f8ae P 20535f6222dc4aab9c9d9b5858d00404 [LEADER]: Can't advance the committed index across term boundaries yet. Last committed operation was: term: 0 index: 0 New majority replicated is: term: 0 index: 0. Current term is: 1
W1103 05:10:04.154623 8093 raft_consensus_state.cc:463] T 69ce28a55ab34dafb931a4677a97f8ae P 20535f6222dc4aab9c9d9b5858d00404 [LEADER]: Can't advance the committed index across term boundaries yet. Last committed operation was: term: 0 index: 0 New majority replicated is: term: 0 index: 0. Current term is: 1
I1103 05:10:04.155943 7778 raft_consensus.cc:608] T 69ce28a55ab34dafb931a4677a97f8ae P e95cd7e351fc4e28bac7f7977928f571 [FOLLOWER]: Refusing update from remote peer: Log matching property violated. Last replicated by replica: term: 0 index: 0. Preceding OpId from leader: term: 1 index: 1.
I1103 05:10:04.156169 7712 consensus_queue.cc:451] Connected to peer: e95cd7e351fc4e28bac7f7977928f571 whose last received watermark is: term: 0 index: 0
I1103 05:10:04.156805 7579 raft_consensus.cc:608] T 69ce28a55ab34dafb931a4677a97f8ae P 1135cdf4560a4f92ba4d3cb0c17f4eff [FOLLOWER]: Refusing update from remote peer: Log matching property violated. Last replicated by replica: term: 0 index: 0. Preceding OpId from leader: term: 1 index: 1.
I1103 05:10:04.156975 7710 consensus_queue.cc:451] Connected to peer: 1135cdf4560a4f92ba4d3cb0c17f4eff whose last received watermark is: term: 0 index: 0
I1103 05:10:04.157351 7712 raft_consensus_state.cc:456] T 69ce28a55ab34dafb931a4677a97f8ae P 20535f6222dc4aab9c9d9b5858d00404 [LEADER]: Advanced the committed_index across terms. Last committed operation was: term: 0 index: 0 New committed index is: term: 1 index: 1
I1103 05:10:04.157471 8093 tablet_peer.cc:187] Configuration changed for tablet: 69ce28a55ab34dafb931a4677a97f8ae in peer: 20535f6222dc4aab9c9d9b5858d00404 Changed from: seqno: -1 local: false peers { permanent_uuid: "e95cd7e351fc4e28bac7f7977928f571" role: FOLLOWER last_known_addr { host: "127.0.0.1" port: 58392 } } peers { permanent_uuid: "1135cdf4560a4f92ba4d3cb0c17f4eff" role: FOLLOWER last_known_addr { host: "127.0.0.1" port: 42739 } } peers { permanent_uuid: "20535f6222dc4aab9c9d9b5858d00404" role: CANDIDATE last_known_addr { host: "127.0.0.1" port: 54764 } } Changed to: seqno: 0 local: false peers { permanent_uuid: "e95cd7e351fc4e28bac7f7977928f571" role: FOLLOWER last_known_addr { host: "127.0.0.1" port: 58392 } } peers { permanent_uuid: "1135cdf4560a4f92ba4d3cb0c17f4eff" role: FOLLOWER last_known_addr { host: "127.0.0.1" port: 42739 } } peers { permanent_uuid: "20535f6222dc4aab9c9d9b5858d00404" role: LEADER last_known_addr { host: "127.0.0.1" port: 54764 } }
I1103 05:10:04.236073 31061 external_mini_cluster.cc:280] 3 TS(s) registered with Master
W1103 05:10:04.236192 7492 reactor.cc:199] Client call GetTableLocations has no timeout set for connection id: {remote=127.0.0.1:53185, service_name=kudu.master.MasterService, user_credentials={real_user=jenkins, eff_user=}}
W1103 05:10:04.237135 31061 raft_consensus-itest.cc:232] Couldn't find the leader and/or replicas. Locations: tablet_id: "69ce28a55ab34dafb931a4677a97f8ae" start_key: "" end_key: "" replicas { ts_info { permanent_uuid: "e95cd7e351fc4e28bac7f7977928f571" rpc_addresses { host: "127.0.0.1" port: 58392 } } role: FOLLOWER } replicas { ts_info { permanent_uuid: "1135cdf4560a4f92ba4d3cb0c17f4eff" rpc_addresses { host: "127.0.0.1" port: 42739 } } role: FOLLOWER } replicas { ts_info { permanent_uuid: "20535f6222dc4aab9c9d9b5858d00404" rpc_addresses { host: "127.0.0.1" port: 54764 } } role: CANDIDATE } stale: false
I1103 05:10:04.657002 8084 tablet_peer.cc:187] Configuration changed for tablet: 69ce28a55ab34dafb931a4677a97f8ae in peer: e95cd7e351fc4e28bac7f7977928f571 Changed from: seqno: -1 local: false peers { permanent_uuid: "e95cd7e351fc4e28bac7f7977928f571" role: FOLLOWER last_known_addr { host: "127.0.0.1" port: 58392 } } peers { permanent_uuid: "1135cdf4560a4f92ba4d3cb0c17f4eff" role: FOLLOWER last_known_addr { host: "127.0.0.1" port: 42739 } } peers { permanent_uuid: "20535f6222dc4aab9c9d9b5858d00404" role: CANDIDATE last_known_addr { host: "127.0.0.1" port: 54764 } } Changed to: seqno: 0 local: false peers { permanent_uuid: "e95cd7e351fc4e28bac7f7977928f571" role: FOLLOWER last_known_addr { host: "127.0.0.1" port: 58392 } } peers { permanent_uuid: "1135cdf4560a4f92ba4d3cb0c17f4eff" role: FOLLOWER last_known_addr { host: "127.0.0.1" port: 42739 } } peers { permanent_uuid: "20535f6222dc4aab9c9d9b5858d00404" role: LEADER last_known_addr { host: "127.0.0.1" port: 54764 } }
I1103 05:10:04.659075 8085 tablet_peer.cc:187] Configuration changed for tablet: 69ce28a55ab34dafb931a4677a97f8ae in peer: 1135cdf4560a4f92ba4d3cb0c17f4eff Changed from: seqno: -1 local: false peers { permanent_uuid: "e95cd7e351fc4e28bac7f7977928f571" role: FOLLOWER last_known_addr { host: "127.0.0.1" port: 58392 } } peers { permanent_uuid: "1135cdf4560a4f92ba4d3cb0c17f4eff" role: FOLLOWER last_known_addr { host: "127.0.0.1" port: 42739 } } peers { permanent_uuid: "20535f6222dc4aab9c9d9b5858d00404" role: CANDIDATE last_known_addr { host: "127.0.0.1" port: 54764 } } Changed to: seqno: 0 local: false peers { permanent_uuid: "e95cd7e351fc4e28bac7f7977928f571" role: FOLLOWER last_known_addr { host: "127.0.0.1" port: 58392 } } peers { permanent_uuid: "1135cdf4560a4f92ba4d3cb0c17f4eff" role: FOLLOWER last_known_addr { host: "127.0.0.1" port: 42739 } } peers { permanent_uuid: "20535f6222dc4aab9c9d9b5858d00404" role: LEADER last_known_addr { host: "127.0.0.1" port: 54764 } }
I1103 05:10:05.157574 7530 catalog_manager.cc:1127] Tablet: 69ce28a55ab34dafb931a4677a97f8ae reported quorum change. New quorum: seqno: 0 local: false peers { permanent_uuid: "e95cd7e351fc4e28bac7f7977928f571" role: FOLLOWER last_known_addr { host: "127.0.0.1" port: 58392 } } peers { permanent_uuid: "1135cdf4560a4f92ba4d3cb0c17f4eff" role: FOLLOWER last_known_addr { host: "127.0.0.1" port: 42739 } } peers { permanent_uuid: "20535f6222dc4aab9c9d9b5858d00404" role: LEADER last_known_addr { host: "127.0.0.1" port: 54764 } }
W1103 05:10:05.237442 7492 reactor.cc:199] Client call GetTableLocations has no timeout set for connection id: {remote=127.0.0.1:53185, service_name=kudu.master.MasterService, user_credentials={real_user=jenkins, eff_user=}}
I1103 05:10:05.248286 8557 raft_consensus-itest.cc:429] Delay injector thread for TS e95cd7e351fc4e28bac7f7977928f571 SIGSTOPped the ts, sleeping for 33278.4 usec...
I1103 05:10:05.261454 8541 raft_consensus-itest.cc:429] Delay injector thread for TS 1135cdf4560a4f92ba4d3cb0c17f4eff SIGSTOPped the ts, sleeping for 18655.4 usec...
I1103 05:10:05.314262 8557 raft_consensus-itest.cc:429] Delay injector thread for TS e95cd7e351fc4e28bac7f7977928f571 SIGSTOPped the ts, sleeping for 15575.4 usec...
I1103 05:10:05.314456 8549 raft_consensus-itest.cc:429] Delay injector thread for TS 20535f6222dc4aab9c9d9b5858d00404 SIGSTOPped the ts, sleeping for 66623.9 usec...
I1103 05:10:05.316329 8541 raft_consensus-itest.cc:429] Delay injector thread for TS 1135cdf4560a4f92ba4d3cb0c17f4eff SIGSTOPped the ts, sleeping for 23911.4 usec...
I1103 05:10:05.330438 8557 raft_consensus-itest.cc:429] Delay injector thread for TS e95cd7e351fc4e28bac7f7977928f571 SIGSTOPped the ts, sleeping for 50611 usec...
I1103 05:10:05.340708 8541 raft_consensus-itest.cc:429] Delay injector thread for TS 1135cdf4560a4f92ba4d3cb0c17f4eff SIGSTOPped the ts, sleeping for 2738.94 usec...
I1103 05:10:05.343847 8541 raft_consensus-itest.cc:429] Delay injector thread for TS 1135cdf4560a4f92ba4d3cb0c17f4eff SIGSTOPped the ts, sleeping for 35549.3 usec...
W1103 05:10:05.381477 7710 consensus_peers.cc:368] Couldn't send request to peer 1135cdf4560a4f92ba4d3cb0c17f4eff for tablet 69ce28a55ab34dafb931a4677a97f8ae ops [1.119-1.120] Status: Timed out: Call timed out. Retrying in the next heartbeat period. Already tried 1 times.
I1103 05:10:05.381510 8549 raft_consensus-itest.cc:429] Delay injector thread for TS 20535f6222dc4aab9c9d9b5858d00404 SIGSTOPped the ts, sleeping for 16322.3 usec...
I1103 05:10:05.382879 8541 raft_consensus-itest.cc:429] Delay injector thread for TS 1135cdf4560a4f92ba4d3cb0c17f4eff SIGSTOPped the ts, sleeping for 19469.2 usec...
I1103 05:10:05.398123 8549 raft_consensus-itest.cc:429] Delay injector thread for TS 20535f6222dc4aab9c9d9b5858d00404 SIGSTOPped the ts, sleeping for 22391.8 usec...
I1103 05:10:05.404355 8541 raft_consensus-itest.cc:429] Delay injector thread for TS 1135cdf4560a4f92ba4d3cb0c17f4eff SIGSTOPped the ts, sleeping for 16922.4 usec...
W1103 05:10:05.420812 8093 log.cc:507] Time spent Append to log took a long time: real 0.106s user 0.000s sys 0.000s
I1103 05:10:05.420918 8549 raft_consensus-itest.cc:429] Delay injector thread for TS 20535f6222dc4aab9c9d9b5858d00404 SIGSTOPped the ts, sleeping for 9200.85 usec...
I1103 05:10:05.421493 8541 raft_consensus-itest.cc:429] Delay injector thread for TS 1135cdf4560a4f92ba4d3cb0c17f4eff SIGSTOPped the ts, sleeping for 3534.46 usec...
I1103 05:10:05.430657 8549 raft_consensus-itest.cc:429] Delay injector thread for TS 20535f6222dc4aab9c9d9b5858d00404 SIGSTOPped the ts, sleeping for 40471.3 usec...
I1103 05:10:05.447414 8541 raft_consensus-itest.cc:429] Delay injector thread for TS 1135cdf4560a4f92ba4d3cb0c17f4eff SIGSTOPped the ts, sleeping for 1902.65 usec...
I1103 05:10:05.449527 8541 raft_consensus-itest.cc:429] Delay injector thread for TS 1135cdf4560a4f92ba4d3cb0c17f4eff SIGSTOPped the ts, sleeping for 69646.9 usec...
W1103 05:10:05.471575 8093 log.cc:507] Time spent Append to log took a long time: real 0.051s user 0.000s sys 0.000s
I1103 05:10:05.477931 8557 raft_consensus-itest.cc:429] Delay injector thread for TS e95cd7e351fc4e28bac7f7977928f571 SIGSTOPped the ts, sleeping for 35558 usec...
I1103 05:10:05.487354 8549 raft_consensus-itest.cc:429] Delay injector thread for TS 20535f6222dc4aab9c9d9b5858d00404 SIGSTOPped the ts, sleeping for 11575.5 usec...
I1103 05:10:05.499236 8549 raft_consensus-itest.cc:429] Delay injector thread for TS 20535f6222dc4aab9c9d9b5858d00404 SIGSTOPped the ts, sleeping for 7713.97 usec...
I1103 05:10:05.507182 8549 raft_consensus-itest.cc:429] Delay injector thread for TS 20535f6222dc4aab9c9d9b5858d00404 SIGSTOPped the ts, sleeping for 19207.3 usec...
I1103 05:10:05.519407 8541 raft_consensus-itest.cc:429] Delay injector thread for TS 1135cdf4560a4f92ba4d3cb0c17f4eff SIGSTOPped the ts, sleeping for 346.918 usec...
I1103 05:10:05.525550 8541 raft_consensus-itest.cc:429] Delay injector thread for TS 1135cdf4560a4f92ba4d3cb0c17f4eff SIGSTOPped the ts, sleeping for 4789.25 usec...
W1103 05:10:05.526603 7710 consensus_peers.cc:368] Couldn't send request to peer 1135cdf4560a4f92ba4d3cb0c17f4eff for tablet 69ce28a55ab34dafb931a4677a97f8ae ops [1.119-1.122] Status: Timed out: Call timed out. Retrying in the next heartbeat period. Already tried 2 times.
I1103 05:10:05.561713 8549 raft_consensus-itest.cc:429] Delay injector thread for TS 20535f6222dc4aab9c9d9b5858d00404 SIGSTOPped the ts, sleeping for 17658.2 usec...
I1103 05:10:05.568759 8557 raft_consensus-itest.cc:429] Delay injector thread for TS e95cd7e351fc4e28bac7f7977928f571 SIGSTOPped the ts, sleeping for 6970.06 usec...
I1103 05:10:05.579823 8549 raft_consensus-itest.cc:429] Delay injector thread for TS 20535f6222dc4aab9c9d9b5858d00404 SIGSTOPped the ts, sleeping for 37826.3 usec...
I1103 05:10:05.605445 8541 raft_consensus-itest.cc:429] Delay injector thread for TS 1135cdf4560a4f92ba4d3cb0c17f4eff SIGSTOPped the ts, sleeping for 9002.11 usec...
I1103 05:10:05.614735 8541 raft_consensus-itest.cc:429] Delay injector thread for TS 1135cdf4560a4f92ba4d3cb0c17f4eff SIGSTOPped the ts, sleeping for 14692 usec...
I1103 05:10:05.617933 8549 raft_consensus-itest.cc:429] Delay injector thread for TS 20535f6222dc4aab9c9d9b5858d00404 SIGSTOPped the ts, sleeping for 39149 usec...
W1103 05:10:05.657413 7710 consensus_peers.cc:368] Couldn't send request to peer 1135cdf4560a4f92ba4d3cb0c17f4eff for tablet 69ce28a55ab34dafb931a4677a97f8ae ops [1.272-1.273] Status: Timed out: Call timed out. Retrying in the next heartbeat period. Already tried 1 times.
W1103 05:10:05.657461 7712 consensus_peers.cc:368] Couldn't send request to peer e95cd7e351fc4e28bac7f7977928f571 for tablet 69ce28a55ab34dafb931a4677a97f8ae ops [1.268-1.269] Status: Timed out: Call timed out. Retrying in the next heartbeat period. Already tried 1 times.
I1103 05:10:05.657860 8549 raft_consensus-itest.cc:429] Delay injector thread for TS 20535f6222dc4aab9c9d9b5858d00404 SIGSTOPped the ts, sleeping for 36328.5 usec...
I1103 05:10:05.658298 8557 raft_consensus-itest.cc:429] Delay injector thread for TS e95cd7e351fc4e28bac7f7977928f571 SIGSTOPped the ts, sleeping for 20051.3 usec...
I1103 05:10:05.678581 8557 raft_consensus-itest.cc:429] Delay injector thread for TS e95cd7e351fc4e28bac7f7977928f571 SIGSTOPped the ts, sleeping for 40525.1 usec...
I1103 05:10:05.694998 8549 raft_consensus-itest.cc:429] Delay injector thread for TS 20535f6222dc4aab9c9d9b5858d00404 SIGSTOPped the ts, sleeping for 38323.7 usec...
I1103 05:10:05.733590 8549 raft_consensus-itest.cc:429] Delay injector thread for TS 20535f6222dc4aab9c9d9b5858d00404 SIGSTOPped the ts, sleeping for 7324.74 usec...
I1103 05:10:05.741147 8549 raft_consensus-itest.cc:429] Delay injector thread for TS 20535f6222dc4aab9c9d9b5858d00404 SIGSTOPped the ts, sleeping for 28441.9 usec...
I1103 05:10:05.764405 8541 raft_consensus-itest.cc:429] Delay injector thread for TS 1135cdf4560a4f92ba4d3cb0c17f4eff SIGSTOPped the ts, sleeping for 17865.5 usec...
W1103 05:10:05.770115 7710 consensus_peers.cc:368] Couldn't send request to peer 1135cdf4560a4f92ba4d3cb0c17f4eff for tablet 69ce28a55ab34dafb931a4677a97f8ae ops [1.275-1.275] Status: Timed out: Call timed out. Retrying in the next heartbeat period. Already tried 1 times.
I1103 05:10:05.782484 8541 raft_consensus-itest.cc:429] Delay injector thread for TS 1135cdf4560a4f92ba4d3cb0c17f4eff SIGSTOPped the ts, sleeping for 5635.31 usec...
I1103 05:10:05.788579 8541 raft_consensus-itest.cc:429] Delay injector thread for TS 1135cdf4560a4f92ba4d3cb0c17f4eff SIGSTOPped the ts, sleeping for 17607.2 usec...
I1103 05:10:05.806419 8541 raft_consensus-itest.cc:429] Delay injector thread for TS 1135cdf4560a4f92ba4d3cb0c17f4eff SIGSTOPped the ts, sleeping for 16945.1 usec...
W1103 05:10:05.821347 7710 consensus_peers.cc:368] Couldn't send request to peer 1135cdf4560a4f92ba4d3cb0c17f4eff for tablet 69ce28a55ab34dafb931a4677a97f8ae ops [1.275-1.281] Status: Timed out: Call timed out. Retrying in the next heartbeat period. Already tried 2 times.
I1103 05:10:05.825373 8541 raft_consensus-itest.cc:429] Delay injector thread for TS 1135cdf4560a4f92ba4d3cb0c17f4eff SIGSTOPped the ts, sleeping for 73186 usec...
I1103 05:10:05.859587 8549 raft_consensus-itest.cc:429] Delay injector thread for TS 20535f6222dc4aab9c9d9b5858d00404 SIGSTOPped the ts, sleeping for 19812.9 usec...
W1103 05:10:05.879902 7710 consensus_peers.cc:368] Couldn't send request to peer 1135cdf4560a4f92ba4d3cb0c17f4eff for tablet 69ce28a55ab34dafb931a4677a97f8ae ops [1.275-1.443] Status: Timed out: Call timed out. Retrying in the next heartbeat period. Already tried 3 times.
I1103 05:10:05.899359 8541 raft_consensus-itest.cc:429] Delay injector thread for TS 1135cdf4560a4f92ba4d3cb0c17f4eff SIGSTOPped the ts, sleeping for 46453.2 usec...
I1103 05:10:05.902425 8549 raft_consensus-itest.cc:429] Delay injector thread for TS 20535f6222dc4aab9c9d9b5858d00404 SIGSTOPped the ts, sleeping for 3306.3 usec...
I1103 05:10:05.906069 8549 raft_consensus-itest.cc:429] Delay injector thread for TS 20535f6222dc4aab9c9d9b5858d00404 SIGSTOPped the ts, sleeping for 13606.7 usec...
I1103 05:10:05.919931 8549 raft_consensus-itest.cc:429] Delay injector thread for TS 20535f6222dc4aab9c9d9b5858d00404 SIGSTOPped the ts, sleeping for 33633.5 usec...
I1103 05:10:05.938601 8557 raft_consensus-itest.cc:429] Delay injector thread for TS e95cd7e351fc4e28bac7f7977928f571 SIGSTOPped the ts, sleeping for 40527.1 usec...
I1103 05:10:05.946182 8541 raft_consensus-itest.cc:429] Delay injector thread for TS 1135cdf4560a4f92ba4d3cb0c17f4eff SIGSTOPped the ts, sleeping for 12345.7 usec...
W1103 05:10:05.953812 7710 consensus_peers.cc:368] Couldn't send request to peer 1135cdf4560a4f92ba4d3cb0c17f4eff for tablet 69ce28a55ab34dafb931a4677a97f8ae ops [1.275-1.538] Status: Timed out: Call timed out. Retrying in the next heartbeat period. Already tried 4 times.
I1103 05:10:05.954082 8549 raft_consensus-itest.cc:429] Delay injector thread for TS 20535f6222dc4aab9c9d9b5858d00404 SIGSTOPped the ts, sleeping for 64644.6 usec...
W1103 05:10:05.958758 8085 log.cc:507] Time spent Append to log took a long time: real 0.074s user 0.000s sys 0.000s
W1103 05:10:05.958788 7586 inbound_call.cc:136] Call UpdateConsensus from 127.0.0.1:47919 (request call id 102) took 59ms (client timeout 50).
W1103 05:10:05.958843 7586 inbound_call.cc:140] Trace: 1103 05:10:05.899344 (+ 0us) service_pool.cc:91] Inserting onto call queue 1103 05:10:05.958763 (+ 59419us) service_pool.cc:137] Skipping call since client already timed out 1103 05:10:05.958771 (+ 8us) inbound_call.cc:83] Queueing failure response
W1103 05:10:05.958866 7582 inbound_call.cc:136] Call UpdateConsensus from 127.0.0.1:47919 (request call id 100) took 176ms (client timeout 50).
W1103 05:10:05.958953 7582 inbound_call.cc:140] Trace: 1103 05:10:05.782493 (+ 0us) service_pool.cc:91] Inserting onto call queue 1103 05:10:05.788333 (+ 5840us) service_pool.cc:152] Handling call 1103 05:10:05.825294 (+ 36961us) raft_consensus.cc:579] Updating replica for 7 ops 1103 05:10:05.825298 (+ 4us) raft_consensus.cc:614] Triggering prepare for 6 ops 1103 05:10:05.825414 (+ 116us) log.cc:406] Serialized 3006 byte log entry 1103 05:10:05.825423 (+ 9us) raft_consensus.cc:669] Marking committed up to term: 1 index: 274 1103 05:10:05.825427 (+ 4us) raft_consensus.cc:682] Updating last received op as term: 1 index: 281 1103 05:10:05.825428 (+ 1us) raft_consensus.cc:695] Waiting on the replicates to finish logging 1103 05:10:05.958823 (+133395us) raft_consensus.cc:697] finished 1103 05:10:05.958825 (+ 2us) raft_consensus.cc:710] UpdateReplicas() finished 1103 05:10:05.958828 (+ 3us) raft_consensus.cc:443] Updating watermarks 1103 05:10:05.958855 (+ 27us) inbound_call.cc:83] Queueing success response Related trace: 1103 05:10:05.825441 (+ 0us) write_transaction.cc:62] PREPARE: Starting Related trace: Related trace: Related trace: Related trace: Related trace:
I1103 05:10:05.964189 8541 raft_consensus-itest.cc:429] Delay injector thread for TS 1135cdf4560a4f92ba4d3cb0c17f4eff SIGSTOPped the ts, sleeping for 25900.3 usec...
I1103 05:10:05.979643 8557 raft_consensus-itest.cc:429] Delay injector thread for TS e95cd7e351fc4e28bac7f7977928f571 SIGSTOPped the ts, sleeping for 8983.3 usec...
I1103 05:10:05.989261 8557 raft_consensus-itest.cc:429] Delay injector thread for TS e95cd7e351fc4e28bac7f7977928f571 SIGSTOPped the ts, sleeping for 28064.5 usec...
W1103 05:10:05.990697 7588 inbound_call.cc:136] Call UpdateConsensus from 127.0.0.1:47919 (request call id 101) took 165ms (client timeout 50).
