I1102 12:55:05.665169 1895 sys_tables.cc:217] SysTable state changed. New quorum config: seqno: 1 local: true peers { permanent_uuid: "ea46cceef1d4410782ec24450a22015e" role: LEADER }
I1102 12:55:05.665684 1892 tablet_bootstrap.cc:234] Tablet 00000000000000000000000000000000: Bootstrap starting.
I1102 12:55:05.667956 1892 tablet_bootstrap.cc:331] No previous blocks or log segments found for tablet: 00000000000000000000000000000000 creating new one.
I1102 12:55:05.668941 1892 tablet_bootstrap.cc:234] Tablet 00000000000000000000000000000000: No bootstrap required, opened a new log
I1102 12:55:05.670148 1892 sys_tables.cc:281] SysTable tablet configured and running, proceeding with master startup.
I1102 12:55:05.670634 1899 tablet_peer.cc:213] Configuration changed for tablet: 00000000000000000000000000000000 in peer: ea46cceef1d4410782ec24450a22015e Changed from: seqno: 0 local: true peers { permanent_uuid: "ea46cceef1d4410782ec24450a22015e" role: LEADER } Changed to: seqno: 1 local: true peers { permanent_uuid: "ea46cceef1d4410782ec24450a22015e" role: LEADER }
I1102 12:55:05.670696 1892 sys_tables.cc:281] SysTable tablet configured and running, proceeding with master startup.
I1102 12:55:05.670699 1899 sys_tables.cc:217] SysTable state changed. New quorum config: seqno: 1 local: true peers { permanent_uuid: "ea46cceef1d4410782ec24450a22015e" role: LEADER }
I1102 12:55:05.682016 31819 fs_manager.cc:130] Generated new instance metadata in path /tmp/kudutest-1000/client-test.ClientTest.TestMutateNonexistentRow.1414961696528764-31819/minicluster-data/ts-0-root/instance: uuid: "0a02cbf069e1420b9d3d69c6bb8b133b" format_stamp: "Formatted at 2014-11-02 20:55:05 on qiwi"
I1102 12:55:05.682144 31819 fs_manager.cc:82] Opened local filesystem: /tmp/kudutest-1000/client-test.ClientTest.TestMutateNonexistentRow.1414961696528764-31819/minicluster-data/ts-0-root uuid: "0a02cbf069e1420b9d3d69c6bb8b133b" format_stamp: "Formatted at 2014-11-02 20:55:05 on qiwi"
I1102 12:55:05.683483 31819 hybrid_clock.cc:119] HybridClock initialized. Resolution in nanos?: 1 Wait times tolerance adjustment: 1.0005 Current error: 495778
I1102 12:55:05.687877 31819 webserver.cc:108] Starting webserver on 0.0.0.0:0
I1102 12:55:05.687896 31819 webserver.cc:117] Document root disabled
I1102 12:55:05.688122 31819 webserver.cc:197] Webserver started. Bound to: 0.0.0.0:35562
I1102 12:55:05.688243 31819 maintenance_manager.cc:118] MaintenanceManager: targeting memory size of 25.106701 GB
I1102 12:55:05.689668 1945 heartbeater.cc:227] Registering TS with master...
I1102 12:55:05.689728 1945 heartbeater.cc:233] Sending a full tablet report to master...
I1102 12:55:05.690068 1870 ts_manager.cc:66] Registered new tablet server { permanent_uuid: "0a02cbf069e1420b9d3d69c6bb8b133b" instance_seqno: 1414961705687610 } with Master
I1102 12:55:05.690522 31819 mini_cluster.cc:268] 1 TS(s) registered with Master after 0.00215717s
I1102 12:55:05.693222 1872 catalog_manager.cc:437] CreateTable from {real_user=alex, eff_user=} at 127.0.0.1:38031: name: "client-testtb" schema { columns { name: "key" type: UINT32 is_key: true is_nullable: false encoding: AUTO_ENCODING compression: DEFAULT_COMPRESSION } columns { name: "int_val" type: UINT32 is_key: false is_nullable: false encoding: AUTO_ENCODING compression: DEFAULT_COMPRESSION } columns { name: "string_val" type: STRING is_key: false is_nullable: true encoding: AUTO_ENCODING compression: DEFAULT_COMPRESSION } columns { name: "non_null_with_default" type: UINT32 is_key: false is_nullable: false read_default_value: "90\000\000" write_default_value: "90\000\000" encoding: AUTO_ENCODING compression: DEFAULT_COMPRESSION } } pre_split_keys: "\000\000\000\t" num_replicas: 1
I1102 12:55:05.699087 1920 tablet_service.cc:264] Processing CreateTablet for tablet 27f7721939fa4aa288ba1123c44cf4d6 (table=client-testtb [id=8cc278e142c24bcea1e09bc6b28be4c6]), range=["", "\x00\x00\x00\t"]
I1102 12:55:05.699115 1921 tablet_service.cc:264] Processing CreateTablet for tablet 97398cf4a42846908b4cfd292dde7a97 (table=client-testtb [id=8cc278e142c24bcea1e09bc6b28be4c6]), range=["\x00\x00\x00\t", ""]
I1102 12:55:05.699996 1921 ts_tablet_manager.cc:460] Registered tablet 97398cf4a42846908b4cfd292dde7a97
I1102 12:55:05.700062 1920 ts_tablet_manager.cc:460] Registered tablet 27f7721939fa4aa288ba1123c44cf4d6
I1102 12:55:05.700434 1954 ts_tablet_manager.cc:325] Bootstrapping tablet: 97398cf4a42846908b4cfd292dde7a97
I1102 12:55:05.700439 1955 ts_tablet_manager.cc:325] Bootstrapping tablet: 27f7721939fa4aa288ba1123c44cf4d6
I1102 12:55:05.700935 1955 tablet_bootstrap.cc:234] Tablet 27f7721939fa4aa288ba1123c44cf4d6: Bootstrap starting.
I1102 12:55:05.700942 1954 tablet_bootstrap.cc:234] Tablet 97398cf4a42846908b4cfd292dde7a97: Bootstrap starting.
I1102 12:55:05.703167 1955 tablet_bootstrap.cc:331] No previous blocks or log segments found for tablet: 27f7721939fa4aa288ba1123c44cf4d6 creating new one.
I1102 12:55:05.703198 1954 tablet_bootstrap.cc:331] No previous blocks or log segments found for tablet: 97398cf4a42846908b4cfd292dde7a97 creating new one.
I1102 12:55:05.704429 1954 tablet_bootstrap.cc:234] Tablet 97398cf4a42846908b4cfd292dde7a97: No bootstrap required, opened a new log
I1102 12:55:05.704486 1955 tablet_bootstrap.cc:234] Tablet 27f7721939fa4aa288ba1123c44cf4d6: No bootstrap required, opened a new log
I1102 12:55:05.704620 1954 ts_tablet_manager.cc:330] Time spent tablet 97398cf4a42846908b4cfd292dde7a97 bootstrap: real 0.004s user 0.003s sys 0.001s
I1102 12:55:05.704663 1955 ts_tablet_manager.cc:330] Time spent tablet 27f7721939fa4aa288ba1123c44cf4d6 bootstrap: real 0.004s user 0.003s sys 0.001s
I1102 12:55:05.705884 1954 ts_tablet_manager.cc:350] Time spent starting tablet 97398cf4a42846908b4cfd292dde7a97: real 0.001s user 0.001s sys 0.000s
I1102 12:55:05.705894 1955 ts_tablet_manager.cc:350] Time spent starting tablet 27f7721939fa4aa288ba1123c44cf4d6: real 0.001s user 0.001s sys 0.000s
I1102 12:55:05.706387 1958 tablet_peer.cc:213] Configuration changed for tablet: 97398cf4a42846908b4cfd292dde7a97 in peer: 0a02cbf069e1420b9d3d69c6bb8b133b Changed from: seqno: -1 local: true peers { permanent_uuid: "0a02cbf069e1420b9d3d69c6bb8b133b" role: CANDIDATE last_known_addr { host: "127.0.0.1" port: 55167 } } Changed to: seqno: 0 local: true peers { permanent_uuid: "0a02cbf069e1420b9d3d69c6bb8b133b" role: LEADER last_known_addr { host: "127.0.0.1" port: 55167 } }
I1102 12:55:05.706401 1959 tablet_peer.cc:213] Configuration changed for tablet: 27f7721939fa4aa288ba1123c44cf4d6 in peer: 0a02cbf069e1420b9d3d69c6bb8b133b Changed from: seqno: -1 local: true peers { permanent_uuid: "0a02cbf069e1420b9d3d69c6bb8b133b" role: CANDIDATE last_known_addr { host: "127.0.0.1" port: 55167 } } Changed to: seqno: 0 local: true peers { permanent_uuid: "0a02cbf069e1420b9d3d69c6bb8b133b" role: LEADER last_known_addr { host: "127.0.0.1" port: 55167 } }
I1102 12:55:05.711992 1870 catalog_manager.cc:1127] Tablet: 27f7721939fa4aa288ba1123c44cf4d6 reported quorum change. New quorum: seqno: 0 local: true peers { permanent_uuid: "0a02cbf069e1420b9d3d69c6bb8b133b" role: LEADER last_known_addr { host: "127.0.0.1" port: 55167 } }
I1102 12:55:05.714552 1870 catalog_manager.cc:1127] Tablet: 97398cf4a42846908b4cfd292dde7a97 reported quorum change. New quorum: seqno: 0 local: true peers { permanent_uuid: "0a02cbf069e1420b9d3d69c6bb8b133b" role: LEADER last_known_addr { host: "127.0.0.1" port: 55167 } }
I1102 12:55:05.724093 1875 catalog_manager.cc:437] CreateTable from {real_user=alex, eff_user=} at 127.0.0.1:38031: name: "client-testtb2" schema { columns { name: "key" type: UINT32 is_key: true is_nullable: false encoding: AUTO_ENCODING compression: DEFAULT_COMPRESSION } columns { name: "int_val" type: UINT32 is_key: false is_nullable: false encoding: AUTO_ENCODING compression: DEFAULT_COMPRESSION } columns { name: "string_val" type: STRING is_key: false is_nullable: true encoding: AUTO_ENCODING compression: DEFAULT_COMPRESSION } columns { name: "non_null_with_default" type: UINT32 is_key: false is_nullable: false read_default_value: "90\000\000" write_default_value: "90\000\000" encoding: AUTO_ENCODING compression: DEFAULT_COMPRESSION } } num_replicas: 1
I1102 12:55:05.731783 1922 tablet_service.cc:264] Processing CreateTablet for tablet e9c9ad04a44143ba8f4badffaccc2bf1 (table=client-testtb2 [id=a8527c0a92cf4b319f73ec4a9b3c6a2f]), range=["", ""]
I1102 12:55:05.733348 1922 ts_tablet_manager.cc:460] Registered tablet e9c9ad04a44143ba8f4badffaccc2bf1
I1102 12:55:05.733512 1954 ts_tablet_manager.cc:325] Bootstrapping tablet: e9c9ad04a44143ba8f4badffaccc2bf1
I1102 12:55:05.734277 1954 tablet_bootstrap.cc:234] Tablet e9c9ad04a44143ba8f4badffaccc2bf1: Bootstrap starting.
I1102 12:55:05.738245 1954 tablet_bootstrap.cc:331] No previous blocks or log segments found for tablet: e9c9ad04a44143ba8f4badffaccc2bf1 creating new one.
I1102 12:55:05.739825 1954 tablet_bootstrap.cc:234] Tablet e9c9ad04a44143ba8f4badffaccc2bf1: No bootstrap required, opened a new log
I1102 12:55:05.740243 1954 ts_tablet_manager.cc:330] Time spent tablet e9c9ad04a44143ba8f4badffaccc2bf1 bootstrap: real 0.007s user 0.005s sys 0.001s
I1102 12:55:05.741906 1954 ts_tablet_manager.cc:350] Time spent starting tablet e9c9ad04a44143ba8f4badffaccc2bf1: real 0.002s user 0.001s sys 0.000s
I1102 12:55:05.742332 1966 tablet_peer.cc:213] Configuration changed for tablet: e9c9ad04a44143ba8f4badffaccc2bf1 in peer: 0a02cbf069e1420b9d3d69c6bb8b133b Changed from: seqno: -1 local: true peers { permanent_uuid: "0a02cbf069e1420b9d3d69c6bb8b133b" role: CANDIDATE last_known_addr { host: "127.0.0.1" port: 55167 } } Changed to: seqno: 0 local: true peers { permanent_uuid: "0a02cbf069e1420b9d3d69c6bb8b133b" role: LEADER last_known_addr { host: "127.0.0.1" port: 55167 } }
I1102 12:55:05.750761 1876 catalog_manager.cc:1127] Tablet: e9c9ad04a44143ba8f4badffaccc2bf1 reported quorum change. New quorum: seqno: 0 local: true peers { permanent_uuid: "0a02cbf069e1420b9d3d69c6bb8b133b" role: LEADER last_known_addr { host: "127.0.0.1" port: 55167 } }
W1102 12:55:05.760853 1951 reactor.cc:199] Client call Write has no timeout set for connection id: {remote=127.0.0.1:55167, service_name=kudu.tserver.TabletServerService, user_credentials={real_user=alex, eff_user=}}
W1102 12:55:05.769937 1951 reactor.cc:199] Client call Write has no timeout set for connection id: {remote=127.0.0.1:55167, service_name=kudu.tserver.TabletServerService, user_credentials={real_user=alex, eff_user=}}
I1102 12:55:05.776808 31819 tablet_server.cc:114] TabletServer shutting down...
I1102 12:55:05.791980 31819 ts_tablet_manager.cc:402] Shutting down tablet manager...
I1102 12:55:05.792086 31819 maintenance_manager.cc:177] Unregistered op LogGCOp
I1102 12:55:05.792273 31819 tablet_peer.cc:231] Initiating TabletPeer shutdown for tablet: 27f7721939fa4aa288ba1123c44cf4d6
I1102 12:55:05.792330 31819 maintenance_manager.cc:177] Unregistered op FlushMRSOp(27f7721939fa4aa288ba1123c44cf4d6)
I1102 12:55:05.792379 31819 maintenance_manager.cc:177] Unregistered op CompactRowSetsOp(27f7721939fa4aa288ba1123c44cf4d6)
I1102 12:55:05.792414 31819 maintenance_manager.cc:177] Unregistered op FlushDeltaMemStoresOp(27f7721939fa4aa288ba1123c44cf4d6)
I1102 12:55:05.793349 31819 tablet_peer.cc:231] Initiating TabletPeer shutdown for tablet: 97398cf4a42846908b4cfd292dde7a97
I1102 12:55:05.793400 31819 maintenance_manager.cc:177] Unregistered op FlushMRSOp(97398cf4a42846908b4cfd292dde7a97)
I1102 12:55:05.793450 31819 maintenance_manager.cc:177] Unregistered op CompactRowSetsOp(97398cf4a42846908b4cfd292dde7a97)
I1102 12:55:05.793481 31819 maintenance_manager.cc:177] Unregistered op FlushDeltaMemStoresOp(97398cf4a42846908b4cfd292dde7a97)
I1102 12:55:05.794435 31819 tablet_peer.cc:231] Initiating TabletPeer shutdown for tablet: e9c9ad04a44143ba8f4badffaccc2bf1
I1102 12:55:05.794482 31819 maintenance_manager.cc:177] Unregistered op FlushMRSOp(e9c9ad04a44143ba8f4badffaccc2bf1)
I1102 12:55:05.794529 31819 maintenance_manager.cc:177] Unregistered op CompactRowSetsOp(e9c9ad04a44143ba8f4badffaccc2bf1)
I1102 12:55:05.794560 31819 maintenance_manager.cc:177] Unregistered op FlushDeltaMemStoresOp(e9c9ad04a44143ba8f4badffaccc2bf1)
I1102 12:55:05.801395 31819 tablet_server.cc:123] TabletServer shut down complete. Bye!
I1102 12:55:05.801427 31819 tablet_server.cc:114] TabletServer shutting down...
I1102 12:55:05.801483 31819 tablet_server.cc:123] TabletServer shut down complete. Bye!
I1102 12:55:05.807328 31819 master.cc:124] Master@127.0.0.1:50260 shutting down...
I1102 12:55:05.820736 31819 tablet_peer.cc:231] Initiating TabletPeer shutdown for tablet: 11111111111111111111111111111111
I1102 12:55:05.821576 31819 tablet_peer.cc:231] Initiating TabletPeer shutdown for tablet: 00000000000000000000000000000000
I1102 12:55:05.822279 31819 master.cc:127] Master@127.0.0.1:50260 shutdown complete. [ OK ] ClientTest.TestMutateNonexistentRow (319 ms) [ RUN ] ClientTest.TestWriteWithBadColumn
I1102 12:55:05.961081 31819 fs_manager.cc:130] Generated new instance metadata in path /tmp/kudutest-1000/client-test.ClientTest.TestWriteWithBadColumn.1414961696528764-31819/minicluster-data/master-0-root/instance: uuid: "db1671ee67df453685ceb63298f632b1" format_stamp: "Formatted at 2014-11-02 20:55:05 on qiwi"
I1102 12:55:05.961233 31819 fs_manager.cc:82] Opened local filesystem: /tmp/kudutest-1000/client-test.ClientTest.TestWriteWithBadColumn.1414961696528764-31819/minicluster-data/master-0-root uuid: "db1671ee67df453685ceb63298f632b1" format_stamp: "Formatted at 2014-11-02 20:55:05 on qiwi"
I1102 12:55:05.962220 31819 hybrid_clock.cc:119] HybridClock initialized. Resolution in nanos?: 1 Wait times tolerance adjustment: 1.0005 Current error: 495778
I1102 12:55:05.966084 31819 webserver.cc:108] Starting webserver on 0.0.0.0:0
I1102 12:55:05.966104 31819 webserver.cc:117] Document root disabled
I1102 12:55:05.966366 31819 webserver.cc:197] Webserver started. Bound to: 0.0.0.0:49410
I1102 12:55:05.967990 1999 tablet_bootstrap.cc:234] Tablet 11111111111111111111111111111111: Bootstrap starting.
I1102 12:55:05.970705 1999 tablet_bootstrap.cc:331] No previous blocks or log segments found for tablet: 11111111111111111111111111111111 creating new one.
I1102 12:55:05.971720 1999 tablet_bootstrap.cc:234] Tablet 11111111111111111111111111111111: No bootstrap required, opened a new log
I1102 12:55:05.973557 2002 tablet_peer.cc:213] Configuration changed for tablet: 11111111111111111111111111111111 in peer: db1671ee67df453685ceb63298f632b1 Changed from: seqno: 0 local: true peers { permanent_uuid: "db1671ee67df453685ceb63298f632b1" role: LEADER } Changed to: seqno: 1 local: true peers { permanent_uuid: "db1671ee67df453685ceb63298f632b1" role: LEADER }
I1102 12:55:05.973619 2002 sys_tables.cc:217] SysTable state changed. New quorum config: seqno: 1 local: true peers { permanent_uuid: "db1671ee67df453685ceb63298f632b1" role: LEADER }
I1102 12:55:05.974002 1999 tablet_bootstrap.cc:234] Tablet 00000000000000000000000000000000: Bootstrap starting.
I1102 12:55:05.976101 1999 tablet_bootstrap.cc:331] No previous blocks or log segments found for tablet: 00000000000000000000000000000000 creating new one.
I1102 12:55:05.977008 1999 tablet_bootstrap.cc:234] Tablet 00000000000000000000000000000000: No bootstrap required, opened a new log
I1102 12:55:05.978085 1999 sys_tables.cc:281] SysTable tablet configured and running, proceeding with master startup.
I1102 12:55:05.978631 2006 tablet_peer.cc:213] Configuration changed for tablet: 00000000000000000000000000000000 in peer: db1671ee67df453685ceb63298f632b1 Changed from: seqno: 0 local: true peers { permanent_uuid: "db1671ee67df453685ceb63298f632b1" role: LEADER } Changed to: seqno: 1 local: true peers { permanent_uuid: "db1671ee67df453685ceb63298f632b1" role: LEADER }
I1102 12:55:05.978684 1999 sys_tables.cc:281] SysTable tablet configured and running, proceeding with master startup.
I1102 12:55:05.978689 2006 sys_tables.cc:217] SysTable state changed. New quorum config: seqno: 1 local: true peers { permanent_uuid: "db1671ee67df453685ceb63298f632b1" role: LEADER }
I1102 12:55:05.992266 31819 fs_manager.cc:130] Generated new instance metadata in path /tmp/kudutest-1000/client-test.ClientTest.TestWriteWithBadColumn.1414961696528764-31819/minicluster-data/ts-0-root/instance: uuid: "c01c64dacd754be9a3b2ad6c6a0a0937" format_stamp: "Formatted at 2014-11-02 20:55:05 on qiwi"
I1102 12:55:05.992365 31819 fs_manager.cc:82] Opened local filesystem: /tmp/kudutest-1000/client-test.ClientTest.TestWriteWithBadColumn.1414961696528764-31819/minicluster-data/ts-0-root uuid: "c01c64dacd754be9a3b2ad6c6a0a0937" format_stamp: "Formatted at 2014-11-02 20:55:05 on qiwi"
I1102 12:55:05.993562 31819 hybrid_clock.cc:119] HybridClock initialized. Resolution in nanos?: 1 Wait times tolerance adjustment: 1.0005 Current error: 495778
I1102 12:55:05.998486 31819 webserver.cc:108] Starting webserver on 0.0.0.0:0
I1102 12:55:05.998512 31819 webserver.cc:117] Document root disabled
I1102 12:55:05.998850 31819 webserver.cc:197] Webserver started. Bound to: 0.0.0.0:54684
I1102 12:55:05.999078 31819 maintenance_manager.cc:118] MaintenanceManager: targeting memory size of 25.106701 GB
I1102 12:55:06.001291 2051 heartbeater.cc:227] Registering TS with master...
I1102 12:55:06.001384 2051 heartbeater.cc:233] Sending a full tablet report to master...
I1102 12:55:06.001929 1974 ts_manager.cc:66] Registered new tablet server { permanent_uuid: "c01c64dacd754be9a3b2ad6c6a0a0937" instance_seqno: 1414961705998058 } with Master
I1102 12:55:06.002629 31819 mini_cluster.cc:268] 1 TS(s) registered with Master after 0.00328247s
I1102 12:55:06.007091 1976 catalog_manager.cc:437] CreateTable from {real_user=alex, eff_user=} at 127.0.0.1:56759: name: "client-testtb" schema { columns { name: "key" type: UINT32 is_key: true is_nullable: false encoding: AUTO_ENCODING compression: DEFAULT_COMPRESSION } columns { name: "int_val" type: UINT32 is_key: false is_nullable: false encoding: AUTO_ENCODING compression: DEFAULT_COMPRESSION } columns { name: "string_val" type: STRING is_key: false is_nullable: true encoding: AUTO_ENCODING compression: DEFAULT_COMPRESSION } columns { name: "non_null_with_default" type: UINT32 is_key: false is_nullable: false read_default_value: "90\000\000" write_default_value: "90\000\000" encoding: AUTO_ENCODING compression: DEFAULT_COMPRESSION } } pre_split_keys: "\000\000\000\t" num_replicas: 1
I1102 12:55:06.016551 2029 tablet_service.cc:264] Processing CreateTablet for tablet a77ded5aa7f94f0091a0438b3a763a78 (table=client-testtb [id=9ffd27a81baa4adfb121cf64cde0ab51]), range=["", "\x00\x00\x00\t"]
I1102 12:55:06.016621 2030 tablet_service.cc:264] Processing CreateTablet for tablet 8ac3744484be4a72aba1b3b3efb0da30 (table=client-testtb [id=9ffd27a81baa4adfb121cf64cde0ab51]), range=["\x00\x00\x00\t", ""]
I1102 12:55:06.018504 2030 ts_tablet_manager.cc:460] Registered tablet 8ac3744484be4a72aba1b3b3efb0da30
I1102 12:55:06.018671 2029 ts_tablet_manager.cc:460] Registered tablet a77ded5aa7f94f0091a0438b3a763a78
I1102 12:55:06.019402 2060 ts_tablet_manager.cc:325] Bootstrapping tablet: 8ac3744484be4a72aba1b3b3efb0da30
I1102 12:55:06.019454 2061 ts_tablet_manager.cc:325] Bootstrapping tablet: a77ded5aa7f94f0091a0438b3a763a78
I1102 12:55:06.020411 2060 tablet_bootstrap.cc:234] Tablet 8ac3744484be4a72aba1b3b3efb0da30: Bootstrap starting.
I1102 12:55:06.020453 2061 tablet_bootstrap.cc:234] Tablet a77ded5aa7f94f0091a0438b3a763a78: Bootstrap starting.
I1102 12:55:06.025459 2060 tablet_bootstrap.cc:331] No previous blocks or log segments found for tablet: 8ac3744484be4a72aba1b3b3efb0da30 creating new one.
I1102 12:55:06.025838 2061 tablet_bootstrap.cc:331] No previous blocks or log segments found for tablet: a77ded5aa7f94f0091a0438b3a763a78 creating new one.
I1102 12:55:06.027340 2060 tablet_bootstrap.cc:234] Tablet 8ac3744484be4a72aba1b3b3efb0da30: No bootstrap required, opened a new log
I1102 12:55:06.027520 2061 tablet_bootstrap.cc:234] Tablet a77ded5aa7f94f0091a0438b3a763a78: No bootstrap required, opened a new log
I1102 12:55:06.027787 2060 ts_tablet_manager.cc:330] Time spent tablet 8ac3744484be4a72aba1b3b3efb0da30 bootstrap: real 0.008s user 0.006s sys 0.001s
I1102 12:55:06.027942 2061 ts_tablet_manager.cc:330] Time spent tablet a77ded5aa7f94f0091a0438b3a763a78 bootstrap: real 0.008s user 0.006s sys 0.001s
I1102 12:55:06.030042 2061 ts_tablet_manager.cc:350] Time spent starting tablet a77ded5aa7f94f0091a0438b3a763a78: real 0.002s user 0.002s sys 0.001s
I1102 12:55:06.030064 2060 ts_tablet_manager.cc:350] Time spent starting tablet 8ac3744484be4a72aba1b3b3efb0da30: real 0.002s user 0.002s sys 0.001s
I1102 12:55:06.030819 2065 tablet_peer.cc:213] Configuration changed for tablet: a77ded5aa7f94f0091a0438b3a763a78 in peer: c01c64dacd754be9a3b2ad6c6a0a0937 Changed from: seqno: -1 local: true peers { permanent_uuid: "c01c64dacd754be9a3b2ad6c6a0a0937" role: CANDIDATE last_known_addr { host: "127.0.0.1" port: 44297 } } Changed to: seqno: 0 local: true peers { permanent_uuid: "c01c64dacd754be9a3b2ad6c6a0a0937" role: LEADER last_known_addr { host: "127.0.0.1" port: 44297 } }
I1102 12:55:06.031016 2064 tablet_peer.cc:213] Configuration changed for tablet: 8ac3744484be4a72aba1b3b3efb0da30 in peer: c01c64dacd754be9a3b2ad6c6a0a0937 Changed from: seqno: -1 local: true peers { permanent_uuid: "c01c64dacd754be9a3b2ad6c6a0a0937" role: CANDIDATE last_known_addr { host: "127.0.0.1" port: 44297 } } Changed to: seqno: 0 local: true peers { permanent_uuid: "c01c64dacd754be9a3b2ad6c6a0a0937" role: LEADER last_known_addr { host: "127.0.0.1" port: 44297 } }
I1102 12:55:06.035612 1976 catalog_manager.cc:1127] Tablet: a77ded5aa7f94f0091a0438b3a763a78 reported quorum change. New quorum: seqno: 0 local: true peers { permanent_uuid: "c01c64dacd754be9a3b2ad6c6a0a0937" role: LEADER last_known_addr { host: "127.0.0.1" port: 44297 } }
I1102 12:55:06.038521 1976 catalog_manager.cc:1127] Tablet: 8ac3744484be4a72aba1b3b3efb0da30 reported quorum change. New quorum: seqno: 0 local: true peers { permanent_uuid: "c01c64dacd754be9a3b2ad6c6a0a0937" role: LEADER last_known_addr { host: "127.0.0.1" port: 44297 } }
I1102 12:55:06.050233 1984 catalog_manager.cc:437] CreateTable from {real_user=alex, eff_user=} at 127.0.0.1:56759: name: "client-testtb2" schema { columns { name: "key" type: UINT32 is_key: true is_nullable: false encoding: AUTO_ENCODING compression: DEFAULT_COMPRESSION } columns { name: "int_val" type: UINT32 is_key: false is_nullable: false encoding: AUTO_ENCODING compression: DEFAULT_COMPRESSION } columns { name: "string_val" type: STRING is_key: false is_nullable: true encoding: AUTO_ENCODING compression: DEFAULT_COMPRESSION } columns { name: "non_null_with_default" type: UINT32 is_key: false is_nullable: false read_default_value: "90\000\000" write_default_value: "90\000\000" encoding: AUTO_ENCODING compression: DEFAULT_COMPRESSION } } num_replicas: 1
I1102 12:55:06.058100 2031 tablet_service.cc:264] Processing CreateTablet for tablet 6a8f33183ef24f1fb92eb9ca6a28d169 (table=client-testtb2 [id=145a595ac75d49099b8df54c4eb90d25]), range=["", ""]
I1102 12:55:06.060212 2031 ts_tablet_manager.cc:460] Registered tablet 6a8f33183ef24f1fb92eb9ca6a28d169
I1102 12:55:06.060396 2061 ts_tablet_manager.cc:325] Bootstrapping tablet: 6a8f33183ef24f1fb92eb9ca6a28d169
I1102 12:55:06.061431 2061 tablet_bootstrap.cc:234] Tablet 6a8f33183ef24f1fb92eb9ca6a28d169: Bootstrap starting.
I1102 12:55:06.066653 2061 tablet_bootstrap.cc:331] No previous blocks or log segments found for tablet: 6a8f33183ef24f1fb92eb9ca6a28d169 creating new one.
I1102 12:55:06.068784 2061 tablet_bootstrap.cc:234] Tablet 6a8f33183ef24f1fb92eb9ca6a28d169: No bootstrap required, opened a new log
I1102 12:55:06.069310 2061 ts_tablet_manager.cc:330] Time spent tablet 6a8f33183ef24f1fb92eb9ca6a28d169 bootstrap: real 0.009s user 0.007s sys 0.001s
I1102 12:55:06.071542 2061 ts_tablet_manager.cc:350] Time spent starting tablet 6a8f33183ef24f1fb92eb9ca6a28d169: real 0.002s user 0.001s sys 0.000s
I1102 12:55:06.072280 2071 tablet_peer.cc:213] Configuration changed for tablet: 6a8f33183ef24f1fb92eb9ca6a28d169 in peer: c01c64dacd754be9a3b2ad6c6a0a0937 Changed from: seqno: -1 local: true peers { permanent_uuid: "c01c64dacd754be9a3b2ad6c6a0a0937" role: CANDIDATE last_known_addr { host: "127.0.0.1" port: 44297 } } Changed to: seqno: 0 local: true peers { permanent_uuid: "c01c64dacd754be9a3b2ad6c6a0a0937" role: LEADER last_known_addr { host: "127.0.0.1" port: 44297 } }
I1102 12:55:06.075233 1982 catalog_manager.cc:1127] Tablet: 6a8f33183ef24f1fb92eb9ca6a28d169 reported quorum change. New quorum: seqno: 0 local: true peers { permanent_uuid: "c01c64dacd754be9a3b2ad6c6a0a0937" role: LEADER last_known_addr { host: "127.0.0.1" port: 44297 } }
I1102 12:55:06.086513 31819 tablet_server.cc:114] TabletServer shutting down...
I1102 12:55:06.102494 31819 ts_tablet_manager.cc:402] Shutting down tablet manager...
I1102 12:55:06.102618 31819 maintenance_manager.cc:177] Unregistered op LogGCOp
I1102 12:55:06.102696 31819 tablet_peer.cc:231] Initiating TabletPeer shutdown for tablet: a77ded5aa7f94f0091a0438b3a763a78
I1102 12:55:06.102753 31819 maintenance_manager.cc:177] Unregistered op FlushMRSOp(a77ded5aa7f94f0091a0438b3a763a78)
I1102 12:55:06.102792 31819 maintenance_manager.cc:177] Unregistered op CompactRowSetsOp(a77ded5aa7f94f0091a0438b3a763a78)
I1102 12:55:06.102824 31819 maintenance_manager.cc:177] Unregistered op FlushDeltaMemStoresOp(a77ded5aa7f94f0091a0438b3a763a78)
I1102 12:55:06.103927 31819 tablet_peer.cc:231] Initiating TabletPeer shutdown for tablet: 6a8f33183ef24f1fb92eb9ca6a28d169
I1102 12:55:06.103981 31819 maintenance_manager.cc:177] Unregistered op FlushMRSOp(6a8f33183ef24f1fb92eb9ca6a28d169)
I1102 12:55:06.104007 31819 maintenance_manager.cc:177] Unregistered op CompactRowSetsOp(6a8f33183ef24f1fb92eb9ca6a28d169)
I1102 12:55:06.104028 31819 maintenance_manager.cc:177] Unregistered op FlushDeltaMemStoresOp(6a8f33183ef24f1fb92eb9ca6a28d169)
I1102 12:55:06.104954 31819 tablet_peer.cc:231] Initiating TabletPeer shutdown for tablet: 8ac3744484be4a72aba1b3b3efb0da30
I1102 12:55:06.105003 31819 maintenance_manager.cc:177] Unregistered op FlushMRSOp(8ac3744484be4a72aba1b3b3efb0da30)
I1102 12:55:06.105031 31819 maintenance_manager.cc:177] Unregistered op CompactRowSetsOp(8ac3744484be4a72aba1b3b3efb0da30)
I1102 12:55:06.105051 31819 maintenance_manager.cc:177] Unregistered op FlushDeltaMemStoresOp(8ac3744484be4a72aba1b3b3efb0da30)
I1102 12:55:06.114716 31819 tablet_server.cc:123] TabletServer shut down complete. Bye!
I1102 12:55:06.114753 31819 tablet_server.cc:114] TabletServer shutting down...
I1102 12:55:06.114807 31819 tablet_server.cc:123] TabletServer shut down complete. Bye!
I1102 12:55:06.116989 31819 master.cc:124] Master@127.0.0.1:55753 shutting down...
I1102 12:55:06.130019 31819 tablet_peer.cc:231] Initiating TabletPeer shutdown for tablet: 11111111111111111111111111111111
I1102 12:55:06.131185 31819 tablet_peer.cc:231] Initiating TabletPeer shutdown for tablet: 00000000000000000000000000000000
I1102 12:55:06.132165 31819 master.cc:127] Master@127.0.0.1:55753 shutdown complete. [ OK ] ClientTest.TestWriteWithBadColumn (312 ms) [ RUN ] ClientTest.TestWriteWithBadSchema
I1102 12:55:06.293190 31819 fs_manager.cc:130] Generated new instance metadata in path /tmp/kudutest-1000/client-test.ClientTest.TestWriteWithBadSchema.1414961696528764-31819/minicluster-data/master-0-root/instance: uuid: "f97013b3da0c410c8763299991cd55a7" format_stamp: "Formatted at 2014-11-02 20:55:06 on qiwi"
I1102 12:55:06.293300 31819 fs_manager.cc:82] Opened local filesystem: /tmp/kudutest-1000/client-test.ClientTest.TestWriteWithBadSchema.1414961696528764-31819/minicluster-data/master-0-root uuid: "f97013b3da0c410c8763299991cd55a7" format_stamp: "Formatted at 2014-11-02 20:55:06 on qiwi"
I1102 12:55:06.294147 31819 hybrid_clock.cc:119] HybridClock initialized. Resolution in nanos?: 1 Wait times tolerance adjustment: 1.0005 Current error: 496278
I1102 12:55:06.296800 31819 webserver.cc:108] Starting webserver on 0.0.0.0:0
I1102 12:55:06.296815 31819 webserver.cc:117] Document root disabled
I1102 12:55:06.297006 31819 webserver.cc:197] Webserver started. Bound to: 0.0.0.0:34636
I1102 12:55:06.298267 2099 tablet_bootstrap.cc:234] Tablet 11111111111111111111111111111111: Bootstrap starting.
I1102 12:55:06.300075 2099 tablet_bootstrap.cc:331] No previous blocks or log segments found for tablet: 11111111111111111111111111111111 creating new one.
I1102 12:55:06.300895 2099 tablet_bootstrap.cc:234] Tablet 11111111111111111111111111111111: No bootstrap required, opened a new log
I1102 12:55:06.302227 2101 tablet_peer.cc:213] Configuration changed for tablet: 11111111111111111111111111111111 in peer: f97013b3da0c410c8763299991cd55a7 Changed from: seqno: 0 local: true peers { permanent_uuid: "f97013b3da0c410c8763299991cd55a7" role: LEADER } Changed to: seqno: 1 local: true peers { permanent_uuid: "f97013b3da0c410c8763299991cd55a7" role: LEADER }
I1102 12:55:06.302281 2101 sys_tables.cc:217] SysTable state changed. New quorum config: seqno: 1 local: true peers { permanent_uuid: "f97013b3da0c410c8763299991cd55a7" role: LEADER }
I1102 12:55:06.302677 2099 tablet_bootstrap.cc:234] Tablet 00000000000000000000000000000000: Bootstrap starting.
I1102 12:55:06.304368 2099 tablet_bootstrap.cc:331] No previous blocks or log segments found for tablet: 00000000000000000000000000000000 creating new one.
I1102 12:55:06.305228 2099 tablet_bootstrap.cc:234] Tablet 00000000000000000000000000000000: No bootstrap required, opened a new log
I1102 12:55:06.306196 2099 sys_tables.cc:281] SysTable tablet configured and running, proceeding with master startup.
I1102 12:55:06.306483 2105 tablet_peer.cc:213] Configuration changed for tablet: 00000000000000000000000000000000 in peer: f97013b3da0c410c8763299991cd55a7 Changed from: seqno: 0 local: true peers { permanent_uuid: "f97013b3da0c410c8763299991cd55a7" role: LEADER } Changed to: seqno: 1 local: true peers { permanent_uuid: "f97013b3da0c410c8763299991cd55a7" role: LEADER }
I1102 12:55:06.306531 2099 sys_tables.cc:281] SysTable tablet configured and running, proceeding with master startup.
I1102 12:55:06.306531 2105 sys_tables.cc:217] SysTable state changed. New quorum config: seqno: 1 local: true peers { permanent_uuid: "f97013b3da0c410c8763299991cd55a7" role: LEADER }
I1102 12:55:06.317399 31819 fs_manager.cc:130] Generated new instance metadata in path /tmp/kudutest-1000/client-test.ClientTest.TestWriteWithBadSchema.1414961696528764-31819/minicluster-data/ts-0-root/instance: uuid: "d06107b6d51f48639fcf6eb0d87d7d63" format_stamp: "Formatted at 2014-11-02 20:55:06 on qiwi"
I1102 12:55:06.317492 31819 fs_manager.cc:82] Opened local filesystem: /tmp/kudutest-1000/client-test.ClientTest.TestWriteWithBadSchema.1414961696528764-31819/minicluster-data/ts-0-root uuid: "d06107b6d51f48639fcf6eb0d87d7d63" format_stamp: "Formatted at 2014-11-02 20:55:06 on qiwi"
I1102 12:55:06.318337 31819 hybrid_clock.cc:119] HybridClock initialized. Resolution in nanos?: 1 Wait times tolerance adjustment: 1.0005 Current error: 496278
I1102 12:55:06.323199 31819 webserver.cc:108] Starting webserver on 0.0.0.0:0
I1102 12:55:06.323225 31819 webserver.cc:117] Document root disabled
I1102 12:55:06.323534 31819 webserver.cc:197] Webserver started. Bound to: 0.0.0.0:50361
I1102 12:55:06.323741 31819 maintenance_manager.cc:118] MaintenanceManager: targeting memory size of 25.106701 GB
I1102 12:55:06.325695 2149 heartbeater.cc:227] Registering TS with master...
I1102 12:55:06.325779 2149 heartbeater.cc:233] Sending a full tablet report to master...
I1102 12:55:06.326247 2078 ts_manager.cc:66] Registered new tablet server { permanent_uuid: "d06107b6d51f48639fcf6eb0d87d7d63" instance_seqno: 1414961706322868 } with Master
I1102 12:55:06.327208 31819 mini_cluster.cc:268] 1 TS(s) registered with Master after 0.00326738s
I1102 12:55:06.331127 2080 catalog_manager.cc:437] CreateTable from {real_user=alex, eff_user=} at 127.0.0.1:36709: name: "client-testtb" schema { columns { name: "key" type: UINT32 is_key: true is_nullable: false encoding: AUTO_ENCODING compression: DEFAULT_COMPRESSION } columns { name: "int_val" type: UINT32 is_key: false is_nullable: false encoding: AUTO_ENCODING compression: DEFAULT_COMPRESSION } columns { name: "string_val" type: STRING is_key: false is_nullable: true encoding: AUTO_ENCODING compression: DEFAULT_COMPRESSION } columns { name: "non_null_with_default" type: UINT32 is_key: false is_nullable: false read_default_value: "90\000\000" write_default_value: "90\000\000" encoding: AUTO_ENCODING compression: DEFAULT_COMPRESSION } } pre_split_keys: "\000\000\000\t" num_replicas: 1
I1102 12:55:06.338722 2127 tablet_service.cc:264] Processing CreateTablet for tablet b392228645ee4a928f30363c7d093e89 (table=client-testtb [id=587d5395dc494caeb1408c124f33065f]), range=["", "\x00\x00\x00\t"]
I1102 12:55:06.338788 2128 tablet_service.cc:264] Processing CreateTablet for tablet f9345a55ec7043498304f6985957b3e8 (table=client-testtb [id=587d5395dc494caeb1408c124f33065f]), range=["\x00\x00\x00\t", ""]
I1102 12:55:06.339992 2128 ts_tablet_manager.cc:460] Registered tablet f9345a55ec7043498304f6985957b3e8
I1102 12:55:06.340103 2127 ts_tablet_manager.cc:460] Registered tablet b392228645ee4a928f30363c7d093e89
I1102 12:55:06.340525 2158 ts_tablet_manager.cc:325] Bootstrapping tablet: f9345a55ec7043498304f6985957b3e8
I1102 12:55:06.340560 2159 ts_tablet_manager.cc:325] Bootstrapping tablet: b392228645ee4a928f30363c7d093e89
I1102 12:55:06.341048 2158 tablet_bootstrap.cc:234] Tablet f9345a55ec7043498304f6985957b3e8: Bootstrap starting.
I1102 12:55:06.341084 2159 tablet_bootstrap.cc:234] Tablet b392228645ee4a928f30363c7d093e89: Bootstrap starting.
I1102 12:55:06.343859 2158 tablet_bootstrap.cc:331] No previous blocks or log segments found for tablet: f9345a55ec7043498304f6985957b3e8 creating new one.
I1102 12:55:06.343891 2159 tablet_bootstrap.cc:331] No previous blocks or log segments found for tablet: b392228645ee4a928f30363c7d093e89 creating new one.
I1102 12:55:06.345715 2158 tablet_bootstrap.cc:234] Tablet f9345a55ec7043498304f6985957b3e8: No bootstrap required, opened a new log
I1102 12:55:06.345741 2159 tablet_bootstrap.cc:234] Tablet b392228645ee4a928f30363c7d093e89: No bootstrap required, opened a new log
I1102 12:55:06.345993 2159 ts_tablet_manager.cc:330] Time spent tablet b392228645ee4a928f30363c7d093e89 bootstrap: real 0.005s user 0.003s sys 0.001s
I1102 12:55:06.345995 2158 ts_tablet_manager.cc:330] Time spent tablet f9345a55ec7043498304f6985957b3e8 bootstrap: real 0.005s user 0.004s sys 0.001s
I1102 12:55:06.347458 2158 ts_tablet_manager.cc:350] Time spent starting tablet f9345a55ec7043498304f6985957b3e8: real 0.001s user 0.001s sys 0.000s
I1102 12:55:06.347553 2159 ts_tablet_manager.cc:350] Time spent starting tablet b392228645ee4a928f30363c7d093e89: real 0.001s user 0.001s sys 0.000s
I1102 12:55:06.348223 2163 tablet_peer.cc:213] Configuration changed for tablet: f9345a55ec7043498304f6985957b3e8 in peer: d06107b6d51f48639fcf6eb0d87d7d63 Changed from: seqno: -1 local: true peers { permanent_uuid: "d06107b6d51f48639fcf6eb0d87d7d63" role: CANDIDATE last_known_addr { host: "127.0.0.1" port: 47540 } } Changed to: seqno: 0 local: true peers { permanent_uuid: "d06107b6d51f48639fcf6eb0d87d7d63" role: LEADER last_known_addr { host: "127.0.0.1" port: 47540 } }
I1102 12:55:06.348255 2162 tablet_peer.cc:213] Configuration changed for tablet: b392228645ee4a928f30363c7d093e89 in peer: d06107b6d51f48639fcf6eb0d87d7d63 Changed from: seqno: -1 local: true peers { permanent_uuid: "d06107b6d51f48639fcf6eb0d87d7d63" role: CANDIDATE last_known_addr { host: "127.0.0.1" port: 47540 } } Changed to: seqno: 0 local: true peers { permanent_uuid: "d06107b6d51f48639fcf6eb0d87d7d63" role: LEADER last_known_addr { host: "127.0.0.1" port: 47540 } }
I1102 12:55:06.348264 2077 catalog_manager.cc:1127] Tablet: b392228645ee4a928f30363c7d093e89 reported quorum change. New quorum: seqno: 0 local: true peers { permanent_uuid: "d06107b6d51f48639fcf6eb0d87d7d63" role: LEADER last_known_addr { host: "127.0.0.1" port: 47540 } }
I1102 12:55:06.350054 2077 catalog_manager.cc:1127] Tablet: f9345a55ec7043498304f6985957b3e8 reported quorum change. New quorum: seqno: 0 local: true peers { permanent_uuid: "d06107b6d51f48639fcf6eb0d87d7d63" role: LEADER last_known_addr { host: "127.0.0.1" port: 47540 } }
I1102 12:55:06.356703 2082 catalog_manager.cc:437] CreateTable from {real_user=alex, eff_user=} at 127.0.0.1:36709: name: "client-testtb2" schema { columns { name: "key" type: UINT32 is_key: true is_nullable: false encoding: AUTO_ENCODING compression: DEFAULT_COMPRESSION } columns { name: "int_val" type: UINT32 is_key: false is_nullable: false encoding: AUTO_ENCODING compression: DEFAULT_COMPRESSION } columns { name: "string_val" type: STRING is_key: false is_nullable: true encoding: AUTO_ENCODING compression: DEFAULT_COMPRESSION } columns { name: "non_null_with_default" type: UINT32 is_key: false is_nullable: false read_default_value: "90\000\000" write_default_value: "90\000\000" encoding: AUTO_ENCODING compression: DEFAULT_COMPRESSION } } num_replicas: 1
I1102 12:55:06.362054 2129 tablet_service.cc:264] Processing CreateTablet for tablet 5ed775cd7b8c4ff88f1ab48dfb12ad53 (table=client-testtb2 [id=a3d3265cbc0841a887326602517f7dff]), range=["", ""]
I1102 12:55:06.363201 2129 ts_tablet_manager.cc:460] Registered tablet 5ed775cd7b8c4ff88f1ab48dfb12ad53
I1102 12:55:06.363317 2158 ts_tablet_manager.cc:325] Bootstrapping tablet: 5ed775cd7b8c4ff88f1ab48dfb12ad53
I1102 12:55:06.363880 2158 tablet_bootstrap.cc:234] Tablet 5ed775cd7b8c4ff88f1ab48dfb12ad53: Bootstrap starting.
I1102 12:55:06.367141 2158 tablet_bootstrap.cc:331] No previous blocks or log segments found for tablet: 5ed775cd7b8c4ff88f1ab48dfb12ad53 creating new one.
I1102 12:55:06.368360 2158 tablet_bootstrap.cc:234] Tablet 5ed775cd7b8c4ff88f1ab48dfb12ad53: No bootstrap required, opened a new log
I1102 12:55:06.368626 2158 ts_tablet_manager.cc:330] Time spent tablet 5ed775cd7b8c4ff88f1ab48dfb12ad53 bootstrap: real 0.005s user 0.004s sys 0.001s
I1102 12:55:06.369822 2158 ts_tablet_manager.cc:350] Time spent starting tablet 5ed775cd7b8c4ff88f1ab48dfb12ad53: real 0.001s user 0.001s sys 0.000s
I1102 12:55:06.370151 2169 tablet_peer.cc:213] Configuration changed for tablet: 5ed775cd7b8c4ff88f1ab48dfb12ad53 in peer: d06107b6d51f48639fcf6eb0d87d7d63 Changed from: seqno: -1 local: true peers { permanent_uuid: "d06107b6d51f48639fcf6eb0d87d7d63" role: CANDIDATE last_known_addr { host: "127.0.0.1" port: 47540 } } Changed to: seqno: 0 local: true peers { permanent_uuid: "d06107b6d51f48639fcf6eb0d87d7d63" role: LEADER last_known_addr { host: "127.0.0.1" port: 47540 } }
I1102 12:55:06.376991 2080 catalog_manager.cc:1127] Tablet: 5ed775cd7b8c4ff88f1ab48dfb12ad53 reported quorum change. New quorum: seqno: 0 local: true peers { permanent_uuid: "d06107b6d51f48639fcf6eb0d87d7d63" role: LEADER last_known_addr { host: "127.0.0.1" port: 47540 } }
I1102 12:55:06.387732 2078 catalog_manager.cc:760] Servicing AlterTable request from {real_user=alex, eff_user=} at 127.0.0.1:36709: table { table_name: "client-testtb" } alter_schema_steps { type: DROP_COLUMN drop_column { name: "int_val" } }
I1102 12:55:06.391180 2166 tablet.cc:638] Alter schema from Schema [10:key[uint32 NOT NULL], 11:int_val[uint32 NOT NULL], 12:string_val[string NULLABLE], 13:non_null_with_default[uint32 NOT NULL]] version 0 to Schema [10:key[uint32 NOT NULL], 12:string_val[string NULLABLE], 13:non_null_with_default[uint32 NOT NULL]] version 1
I1102 12:55:06.391228 2167 tablet.cc:638] Alter schema from Schema [10:key[uint32 NOT NULL], 11:int_val[uint32 NOT NULL], 12:string_val[string NULLABLE], 13:non_null_with_default[uint32 NOT NULL]] version 0 to Schema [10:key[uint32 NOT NULL], 12:string_val[string NULLABLE], 13:non_null_with_default[uint32 NOT NULL]] version 1
I1102 12:55:06.393878 2167 tablet.cc:583] Flush: entering stage 1 (old memrowset already frozen for inserts)
I1102 12:55:06.393878 2166 tablet.cc:583] Flush: entering stage 1 (old memrowset already frozen for inserts)
I1102 12:55:06.393915 2167 compaction.cc:549] Selected 1 rowsets to compact:
I1102 12:55:06.393934 2166 compaction.cc:549] Selected 1 rowsets to compact:
I1102 12:55:06.393936 2167 compaction.cc:552] memrowset(current size on disk: ~0 bytes)
I1102 12:55:06.393954 2167 tablet.cc:585] Memstore in-memory size: 1572864 bytes
I1102 12:55:06.393954 2166 compaction.cc:552] memrowset(current size on disk: ~0 bytes)
I1102 12:55:06.393985 2167 tablet.cc:1018] Flush: entering phase 1 (flushing snapshot)
I1102 12:55:06.394007 2166 tablet.cc:585] Memstore in-memory size: 1572864 bytes
I1102 12:55:06.394034 2166 tablet.cc:1018] Flush: entering phase 1 (flushing snapshot)
I1102 12:55:06.395586 2166 multi_column_writer.cc:71] Opened CFile writer for column key[uint32 NOT NULL]
I1102 12:55:06.395587 2167 multi_column_writer.cc:71] Opened CFile writer for column key[uint32 NOT NULL]
I1102 12:55:06.395949 2166 multi_column_writer.cc:71] Opened CFile writer for column string_val[string NULLABLE]
I1102 12:55:06.395995 2167 multi_column_writer.cc:71] Opened CFile writer for column string_val[string NULLABLE]
I1102 12:55:06.396205 2166 multi_column_writer.cc:71] Opened CFile writer for column non_null_with_default[uint32 NOT NULL]
I1102 12:55:06.396256 2167 multi_column_writer.cc:71] Opened CFile writer for column non_null_with_default[uint32 NOT NULL]
I1102 12:55:06.398627 2166 tablet.cc:1048] Flush resulted in no output rows (all input rows were GCed!) Removing all input rowsets.
I1102 12:55:06.398646 2167 tablet.cc:1048] Flush resulted in no output rows (all input rows were GCed!) Removing all input rowsets.
I1102 12:55:06.406483 2073 catalog_manager.cc:1786] client-testtb [id=587d5395dc494caeb1408c124f33065f] - Alter table completed version=1
W1102 12:55:06.410397 2153 reactor.cc:199] Client call Write has no timeout set for connection id: {remote=127.0.0.1:47540, service_name=kudu.tserver.TabletServerService, user_credentials={real_user=alex, eff_user=}}
W1102 12:55:06.412228 2153 batcher.cc:388] Write(f9345a55ec7043498304f6985957b3e8, 1 ops) failed: Invalid argument: Client provided column int_val[uint32 NOT NULL] not present in tablet
I1102 12:55:06.412466 31819 tablet_server.cc:114] TabletServer shutting down...
I1102 12:55:06.425060 31819 ts_tablet_manager.cc:402] Shutting down tablet manager...
I1102 12:55:06.425153 31819 maintenance_manager.cc:177] Unregistered op LogGCOp
I1102 12:55:06.425209 31819 tablet_peer.cc:231] Initiating TabletPeer shutdown for tablet: 5ed775cd7b8c4ff88f1ab48dfb12ad53
I1102 12:55:06.425245 31819 maintenance_manager.cc:177] Unregistered op FlushMRSOp(5ed775cd7b8c4ff88f1ab48dfb12ad53)
I1102 12:55:06.425261 31819 maintenance_manager.cc:177] Unregistered op CompactRowSetsOp(5ed775cd7b8c4ff88f1ab48dfb12ad53)
I1102 12:55:06.425271 31819 maintenance_manager.cc:177] Unregistered op FlushDeltaMemStoresOp(5ed775cd7b8c4ff88f1ab48dfb12ad53)
I1102 12:55:06.425729 31819 tablet_peer.cc:231] Initiating TabletPeer shutdown for tablet: b392228645ee4a928f30363c7d093e89
I1102 12:55:06.425747 31819 maintenance_manager.cc:177] Unregistered op FlushMRSOp(b392228645ee4a928f30363c7d093e89)
I1102 12:55:06.425757 31819 maintenance_manager.cc:177] Unregistered op CompactRowSetsOp(b392228645ee4a928f30363c7d093e89)
I1102 12:55:06.425765 31819 maintenance_manager.cc:177] Unregistered op FlushDeltaMemStoresOp(b392228645ee4a928f30363c7d093e89)
I1102 12:55:06.426276 31819 tablet_peer.cc:231] Initiating TabletPeer shutdown for tablet: f9345a55ec7043498304f6985957b3e8
I1102 12:55:06.426293 31819 maintenance_manager.cc:177] Unregistered op FlushMRSOp(f9345a55ec7043498304f6985957b3e8)
I1102 12:55:06.426302 31819 maintenance_manager.cc:177] Unregistered op CompactRowSetsOp(f9345a55ec7043498304f6985957b3e8)
I1102 12:55:06.426311 31819 maintenance_manager.cc:177] Unregistered op FlushDeltaMemStoresOp(f9345a55ec7043498304f6985957b3e8)
I1102 12:55:06.430057 31819 tablet_server.cc:123] TabletServer shut down complete. Bye!
I1102 12:55:06.430078 31819 tablet_server.cc:114] TabletServer shutting down...
I1102 12:55:06.430106 31819 tablet_server.cc:123] TabletServer shut down complete. Bye!
I1102 12:55:06.431010 31819 master.cc:124] Master@127.0.0.1:46645 shutting down...
I1102 12:55:06.442610 31819 tablet_peer.cc:231] Initiating TabletPeer shutdown for tablet: 11111111111111111111111111111111
I1102 12:55:06.443099 31819 tablet_peer.cc:231] Initiating TabletPeer shutdown for tablet: 00000000000000000000000000000000
I1102 12:55:06.443545 31819 master.cc:127] Master@127.0.0.1:46645 shutdown complete. [ OK ] ClientTest.TestWriteWithBadSchema (310 ms) [ RUN ] ClientTest.TestBasicAlterOperations
I1102 12:55:06.632459 31819 fs_manager.cc:130] Generated new instance metadata in path /tmp/kudutest-1000/client-test.ClientTest.TestBasicAlterOperations.1414961696528764-31819/minicluster-data/master-0-root/instance: uuid: "da2dce72c23f4784a84b3625e8c70235" format_stamp: "Formatted at 2014-11-02 20:55:06 on qiwi"
I1102 12:55:06.632858 31819 fs_manager.cc:82] Opened local filesystem: /tmp/kudutest-1000/client-test.ClientTest.TestBasicAlterOperations.1414961696528764-31819/minicluster-data/master-0-root uuid: "da2dce72c23f4784a84b3625e8c70235" format_stamp: "Formatted at 2014-11-02 20:55:06 on qiwi"
I1102 12:55:06.634954 31819 hybrid_clock.cc:119] HybridClock initialized. Resolution in nanos?: 1 Wait times tolerance adjustment: 1.0005 Current error: 496278
I1102 12:55:06.643154 31819 webserver.cc:108] Starting webserver on 0.0.0.0:0
I1102 12:55:06.643196 31819 webserver.cc:117] Document root disabled
I1102 12:55:06.643757 31819 webserver.cc:197] Webserver started. Bound to: 0.0.0.0:39022
I1102 12:55:06.646301 2199 tablet_bootstrap.cc:234] Tablet 11111111111111111111111111111111: Bootstrap starting.
I1102 12:55:06.649266 2199 tablet_bootstrap.cc:331] No previous blocks or log segments found for tablet: 11111111111111111111111111111111 creating new one.
I1102 12:55:06.650441 2199 tablet_bootstrap.cc:234] Tablet 11111111111111111111111111111111: No bootstrap required, opened a new log
I1102 12:55:06.652410 2201 tablet_peer.cc:213] Configuration changed for tablet: 11111111111111111111111111111111 in peer: da2dce72c23f4784a84b3625e8c70235 Changed from: seqno: 0 local: true peers { permanent_uuid: "da2dce72c23f4784a84b3625e8c70235" role: LEADER } Changed to: seqno: 1 local: true peers { permanent_uuid: "da2dce72c23f4784a84b3625e8c70235" role: LEADER }
I1102 12:55:06.652487 2201 sys_tables.cc:217] SysTable state changed. New quorum config: seqno: 1 local: true peers { permanent_uuid: "da2dce72c23f4784a84b3625e8c70235" role: LEADER }
I1102 12:55:06.653190 2199 tablet_bootstrap.cc:234] Tablet 00000000000000000000000000000000: Bootstrap starting.
I1102 12:55:06.656158 2199 tablet_bootstrap.cc:331] No previous blocks or log segments found for tablet: 00000000000000000000000000000000 creating new one.
I1102 12:55:06.657289 2199 tablet_bootstrap.cc:234] Tablet 00000000000000000000000000000000: No bootstrap required, opened a new log
I1102 12:55:06.658339 2199 sys_tables.cc:281] SysTable tablet configured and running, proceeding with master startup.
I1102 12:55:06.658740 2205 tablet_peer.cc:213] Configuration changed for tablet: 00000000000000000000000000000000 in peer: da2dce72c23f4784a84b3625e8c70235 Changed from: seqno: 0 local: true peers { permanent_uuid: "da2dce72c23f4784a84b3625e8c70235" role: LEADER } Changed to: seqno: 1 local: true peers { permanent_uuid: "da2dce72c23f4784a84b3625e8c70235" role: LEADER }
I1102 12:55:06.658793 2199 sys_tables.cc:281] SysTable tablet configured and running, proceeding with master startup.
I1102 12:55:06.658795 2205 sys_tables.cc:217] SysTable state changed. New quorum config: seqno: 1 local: true peers { permanent_uuid: "da2dce72c23f4784a84b3625e8c70235" role: LEADER }
I1102 12:55:06.671155 31819 fs_manager.cc:130] Generated new instance metadata in path /tmp/kudutest-1000/client-test.ClientTest.TestBasicAlterOperations.1414961696528764-31819/minicluster-data/ts-0-root/instance: uuid: "03e32129a6e34fcd8c9428a10088d7f1" format_stamp: "Formatted at 2014-11-02 20:55:06 on qiwi"
I1102 12:55:06.671398 31819 fs_manager.cc:82] Opened local filesystem: /tmp/kudutest-1000/client-test.ClientTest.TestBasicAlterOperations.1414961696528764-31819/minicluster-data/ts-0-root uuid: "03e32129a6e34fcd8c9428a10088d7f1" format_stamp: "Formatted at 2014-11-02 20:55:06 on qiwi"
I1102 12:55:06.673079 31819 hybrid_clock.cc:119] HybridClock initialized. Resolution in nanos?: 1 Wait times tolerance adjustment: 1.0005 Current error: 496278
I1102 12:55:06.682986 31819 webserver.cc:108] Starting webserver on 0.0.0.0:0
I1102 12:55:06.683022 31819 webserver.cc:117] Document root disabled
I1102 12:55:06.683574 31819 webserver.cc:197] Webserver started. Bound to: 0.0.0.0:51826
I1102 12:55:06.683888 31819 maintenance_manager.cc:118] MaintenanceManager: targeting memory size of 25.106701 GB
I1102 12:55:06.686276 2249 heartbeater.cc:227] Registering TS with master...
I1102 12:55:06.686343 2249 heartbeater.cc:233] Sending a full tablet report to master...
I1102 12:55:06.686696 2178 ts_manager.cc:66] Registered new tablet server { permanent_uuid: "03e32129a6e34fcd8c9428a10088d7f1" instance_seqno: 1414961706682323 } with Master
I1102 12:55:06.687579 31819 mini_cluster.cc:268] 1 TS(s) registered with Master after 0.00325986s
