I1102 12:55:11.005475 31819 maintenance_manager.cc:177] Unregistered op CompactRowSetsOp(4961d3da9c5d424f820aa4d6753fdeb6)
I1102 12:55:11.005489 31819 maintenance_manager.cc:177] Unregistered op FlushDeltaMemStoresOp(4961d3da9c5d424f820aa4d6753fdeb6)
I1102 12:55:11.005512 31819 raft_consensus.cc:769] T 4961d3da9c5d424f820aa4d6753fdeb6 P eedd3ed575384fcf880ceb61df2e3cb6 [FOLLOWER]: Raft consensus shutting down.
I1102 12:55:11.005550 31819 raft_consensus_state.cc:377] T 4961d3da9c5d424f820aa4d6753fdeb6 P eedd3ed575384fcf880ceb61df2e3cb6 [FOLLOWER]: Trying to abort 0 pending transactions.
I1102 12:55:11.005573 31819 raft_consensus_state.cc:404] T 4961d3da9c5d424f820aa4d6753fdeb6 P eedd3ed575384fcf880ceb61df2e3cb6 [FOLLOWER]: Waiting on 0 outstanding applies:
I1102 12:55:11.005591 31819 raft_consensus_state.cc:408] T 4961d3da9c5d424f820aa4d6753fdeb6 P eedd3ed575384fcf880ceb61df2e3cb6 [FOLLOWER]: All local commits completed.
I1102 12:55:11.005610 31819 raft_consensus.cc:789] T 4961d3da9c5d424f820aa4d6753fdeb6 P eedd3ed575384fcf880ceb61df2e3cb6 [FOLLOWER]: Raft consensus Shutdown!
I1102 12:55:11.010195 31819 tablet_server.cc:123] TabletServer shut down complete. Bye!
I1102 12:55:11.010221 31819 tablet_server.cc:114] TabletServer shutting down...
I1102 12:55:11.010260 31819 tablet_server.cc:123] TabletServer shut down complete. Bye!
W1102 12:55:11.012101 3156 negotiation.cc:195] Network error: client connection negotiation failed: client Connection to 127.0.0.1:42865: connect: Connection refused (error 111)
W1102 12:55:11.012223 31819 meta_cache.cc:159] Replica 6cc27b921ae14cb4ae55c0401e4c58e9 on ts eedd3ed575384fcf880ceb61df2e3cb6 has failed: Network error: TS failed: client connection negotiation failed: client Connection to 127.0.0.1:42865: connect: Connection refused (error 111)
W1102 12:55:11.012265 31819 meta_cache.cc:159] Replica 4961d3da9c5d424f820aa4d6753fdeb6 on ts eedd3ed575384fcf880ceb61df2e3cb6 has failed: Network error: TS failed: client connection negotiation failed: client Connection to 127.0.0.1:42865: connect: Connection refused (error 111)
W1102 12:55:11.019122 3156 negotiation.cc:195] Network error: client connection negotiation failed: client Connection to 127.0.0.1:42865: connect: Connection refused (error 111)
W1102 12:55:11.019438 31819 meta_cache.cc:159] Replica 6cc27b921ae14cb4ae55c0401e4c58e9 on ts eedd3ed575384fcf880ceb61df2e3cb6 has failed: Network error: TS failed: client connection negotiation failed: client Connection to 127.0.0.1:42865: connect: Connection refused (error 111)
W1102 12:55:11.019556 31819 meta_cache.cc:159] Replica 4961d3da9c5d424f820aa4d6753fdeb6 on ts eedd3ed575384fcf880ceb61df2e3cb6 has failed: Network error: TS failed: client connection negotiation failed: client Connection to 127.0.0.1:42865: connect: Connection refused (error 111)
I1102 12:55:11.024816 31819 tablet_server.cc:114] TabletServer shutting down...
I1102 12:55:11.043617 31819 ts_tablet_manager.cc:402] Shutting down tablet manager...
I1102 12:55:11.043715 31819 maintenance_manager.cc:177] Unregistered op LogGCOp
I1102 12:55:11.043797 31819 tablet_peer.cc:231] Initiating TabletPeer shutdown for tablet: 150dc7143d7b4b539ab695ff7e1757b9
I1102 12:55:11.043853 31819 maintenance_manager.cc:177] Unregistered op FlushMRSOp(150dc7143d7b4b539ab695ff7e1757b9)
I1102 12:55:11.043889 31819 maintenance_manager.cc:177] Unregistered op CompactRowSetsOp(150dc7143d7b4b539ab695ff7e1757b9)
I1102 12:55:11.043920 31819 maintenance_manager.cc:177] Unregistered op FlushDeltaMemStoresOp(150dc7143d7b4b539ab695ff7e1757b9)
I1102 12:55:11.044862 31819 tablet_peer.cc:231] Initiating TabletPeer shutdown for tablet: 4b8d89d654e04b96b5955951098ddfce
I1102 12:55:11.044927 31819 maintenance_manager.cc:177] Unregistered op FlushMRSOp(4b8d89d654e04b96b5955951098ddfce)
I1102 12:55:11.044961 31819 maintenance_manager.cc:177] Unregistered op CompactRowSetsOp(4b8d89d654e04b96b5955951098ddfce)
I1102 12:55:11.044991 31819 maintenance_manager.cc:177] Unregistered op FlushDeltaMemStoresOp(4b8d89d654e04b96b5955951098ddfce)
I1102 12:55:11.045891 31819 tablet_peer.cc:231] Initiating TabletPeer shutdown for tablet: 6cc27b921ae14cb4ae55c0401e4c58e9
I1102 12:55:11.045953 31819 maintenance_manager.cc:177] Unregistered op FlushMRSOp(6cc27b921ae14cb4ae55c0401e4c58e9)
I1102 12:55:11.045987 31819 maintenance_manager.cc:177] Unregistered op CompactRowSetsOp(6cc27b921ae14cb4ae55c0401e4c58e9)
I1102 12:55:11.046015 31819 maintenance_manager.cc:177] Unregistered op FlushDeltaMemStoresOp(6cc27b921ae14cb4ae55c0401e4c58e9)
I1102 12:55:11.046064 31819 raft_consensus.cc:769] T 6cc27b921ae14cb4ae55c0401e4c58e9 P 530d10cfdcdf43d891aca53a64d58a88 [FOLLOWER]: Raft consensus shutting down.
I1102 12:55:11.046154 31819 raft_consensus_state.cc:377] T 6cc27b921ae14cb4ae55c0401e4c58e9 P 530d10cfdcdf43d891aca53a64d58a88 [FOLLOWER]: Trying to abort 0 pending transactions.
I1102 12:55:11.046200 31819 raft_consensus_state.cc:404] T 6cc27b921ae14cb4ae55c0401e4c58e9 P 530d10cfdcdf43d891aca53a64d58a88 [FOLLOWER]: Waiting on 0 outstanding applies:
I1102 12:55:11.046241 31819 raft_consensus_state.cc:408] T 6cc27b921ae14cb4ae55c0401e4c58e9 P 530d10cfdcdf43d891aca53a64d58a88 [FOLLOWER]: All local commits completed.
I1102 12:55:11.046279 31819 raft_consensus.cc:789] T 6cc27b921ae14cb4ae55c0401e4c58e9 P 530d10cfdcdf43d891aca53a64d58a88 [FOLLOWER]: Raft consensus Shutdown!
I1102 12:55:11.047111 31819 tablet_peer.cc:231] Initiating TabletPeer shutdown for tablet: 4961d3da9c5d424f820aa4d6753fdeb6
I1102 12:55:11.047171 31819 maintenance_manager.cc:177] Unregistered op FlushMRSOp(4961d3da9c5d424f820aa4d6753fdeb6)
I1102 12:55:11.047205 31819 maintenance_manager.cc:177] Unregistered op CompactRowSetsOp(4961d3da9c5d424f820aa4d6753fdeb6)
I1102 12:55:11.047231 31819 maintenance_manager.cc:177] Unregistered op FlushDeltaMemStoresOp(4961d3da9c5d424f820aa4d6753fdeb6)
I1102 12:55:11.047276 31819 raft_consensus.cc:769] T 4961d3da9c5d424f820aa4d6753fdeb6 P 530d10cfdcdf43d891aca53a64d58a88 [FOLLOWER]: Raft consensus shutting down.
I1102 12:55:11.047343 31819 raft_consensus_state.cc:377] T 4961d3da9c5d424f820aa4d6753fdeb6 P 530d10cfdcdf43d891aca53a64d58a88 [FOLLOWER]: Trying to abort 0 pending transactions.
I1102 12:55:11.047384 31819 raft_consensus_state.cc:404] T 4961d3da9c5d424f820aa4d6753fdeb6 P 530d10cfdcdf43d891aca53a64d58a88 [FOLLOWER]: Waiting on 0 outstanding applies:
I1102 12:55:11.047422 31819 raft_consensus_state.cc:408] T 4961d3da9c5d424f820aa4d6753fdeb6 P 530d10cfdcdf43d891aca53a64d58a88 [FOLLOWER]: All local commits completed.
I1102 12:55:11.047458 31819 raft_consensus.cc:789] T 4961d3da9c5d424f820aa4d6753fdeb6 P 530d10cfdcdf43d891aca53a64d58a88 [FOLLOWER]: Raft consensus Shutdown!
I1102 12:55:11.048187 31819 tablet_peer.cc:231] Initiating TabletPeer shutdown for tablet: 7deb92afd493467fb4355ff7aa9c3b27
I1102 12:55:11.048245 31819 maintenance_manager.cc:177] Unregistered op FlushMRSOp(7deb92afd493467fb4355ff7aa9c3b27)
I1102 12:55:11.048279 31819 maintenance_manager.cc:177] Unregistered op CompactRowSetsOp(7deb92afd493467fb4355ff7aa9c3b27)
I1102 12:55:11.048303 31819 maintenance_manager.cc:177] Unregistered op FlushDeltaMemStoresOp(7deb92afd493467fb4355ff7aa9c3b27)
I1102 12:55:11.061909 31819 tablet_server.cc:123] TabletServer shut down complete. Bye!
I1102 12:55:11.061939 31819 tablet_server.cc:114] TabletServer shutting down...
I1102 12:55:11.061972 31819 tablet_server.cc:123] TabletServer shut down complete. Bye!
I1102 12:55:11.063026 31819 tablet_server.cc:114] TabletServer shutting down...
I1102 12:55:11.076303 31819 ts_tablet_manager.cc:402] Shutting down tablet manager...
I1102 12:55:11.076354 31819 maintenance_manager.cc:177] Unregistered op LogGCOp
I1102 12:55:11.076397 31819 tablet_peer.cc:231] Initiating TabletPeer shutdown for tablet: 6cc27b921ae14cb4ae55c0401e4c58e9
I1102 12:55:11.076431 31819 maintenance_manager.cc:177] Unregistered op FlushMRSOp(6cc27b921ae14cb4ae55c0401e4c58e9)
I1102 12:55:11.076453 31819 maintenance_manager.cc:177] Unregistered op CompactRowSetsOp(6cc27b921ae14cb4ae55c0401e4c58e9)
I1102 12:55:11.076472 31819 maintenance_manager.cc:177] Unregistered op FlushDeltaMemStoresOp(6cc27b921ae14cb4ae55c0401e4c58e9)
I1102 12:55:11.076504 31819 raft_consensus.cc:769] T 6cc27b921ae14cb4ae55c0401e4c58e9 P 50fad9a13654438a99c95c9d534c73f1 [FOLLOWER]: Raft consensus shutting down.
I1102 12:55:11.076557 31819 raft_consensus_state.cc:377] T 6cc27b921ae14cb4ae55c0401e4c58e9 P 50fad9a13654438a99c95c9d534c73f1 [FOLLOWER]: Trying to abort 0 pending transactions.
I1102 12:55:11.076585 31819 raft_consensus_state.cc:404] T 6cc27b921ae14cb4ae55c0401e4c58e9 P 50fad9a13654438a99c95c9d534c73f1 [FOLLOWER]: Waiting on 0 outstanding applies:
I1102 12:55:11.076611 31819 raft_consensus_state.cc:408] T 6cc27b921ae14cb4ae55c0401e4c58e9 P 50fad9a13654438a99c95c9d534c73f1 [FOLLOWER]: All local commits completed.
I1102 12:55:11.076635 31819 raft_consensus.cc:789] T 6cc27b921ae14cb4ae55c0401e4c58e9 P 50fad9a13654438a99c95c9d534c73f1 [FOLLOWER]: Raft consensus Shutdown!
I1102 12:55:11.077083 31819 tablet_peer.cc:231] Initiating TabletPeer shutdown for tablet: 4961d3da9c5d424f820aa4d6753fdeb6
I1102 12:55:11.077132 31819 maintenance_manager.cc:177] Unregistered op FlushMRSOp(4961d3da9c5d424f820aa4d6753fdeb6)
I1102 12:55:11.077155 31819 maintenance_manager.cc:177] Unregistered op CompactRowSetsOp(4961d3da9c5d424f820aa4d6753fdeb6)
I1102 12:55:11.077174 31819 maintenance_manager.cc:177] Unregistered op FlushDeltaMemStoresOp(4961d3da9c5d424f820aa4d6753fdeb6)
I1102 12:55:11.077201 31819 raft_consensus.cc:769] T 4961d3da9c5d424f820aa4d6753fdeb6 P 50fad9a13654438a99c95c9d534c73f1 [LEADER]: Raft consensus shutting down.
I1102 12:55:11.077333 31819 consensus_peers.cc:387] Closing peer: 50fad9a13654438a99c95c9d534c73f1
I1102 12:55:11.077460 31819 consensus_peers.cc:387] Closing peer: 530d10cfdcdf43d891aca53a64d58a88
I1102 12:55:11.077576 31819 consensus_peers.cc:387] Closing peer: eedd3ed575384fcf880ceb61df2e3cb6
I1102 12:55:11.077610 31819 raft_consensus_state.cc:377] T 4961d3da9c5d424f820aa4d6753fdeb6 P 50fad9a13654438a99c95c9d534c73f1 [LEADER]: Trying to abort 0 pending transactions.
I1102 12:55:11.077636 31819 raft_consensus_state.cc:404] T 4961d3da9c5d424f820aa4d6753fdeb6 P 50fad9a13654438a99c95c9d534c73f1 [LEADER]: Waiting on 0 outstanding applies:
I1102 12:55:11.077661 31819 raft_consensus_state.cc:408] T 4961d3da9c5d424f820aa4d6753fdeb6 P 50fad9a13654438a99c95c9d534c73f1 [LEADER]: All local commits completed.
I1102 12:55:11.077684 31819 raft_consensus.cc:789] T 4961d3da9c5d424f820aa4d6753fdeb6 P 50fad9a13654438a99c95c9d534c73f1 [LEADER]: Raft consensus Shutdown!
I1102 12:55:11.081058 31819 tablet_server.cc:123] TabletServer shut down complete. Bye!
I1102 12:55:11.081079 31819 tablet_server.cc:114] TabletServer shutting down...
I1102 12:55:11.081127 31819 tablet_server.cc:123] TabletServer shut down complete. Bye!
I1102 12:55:11.082051 31819 master.cc:124] Master@127.0.0.1:40072 shutting down...
I1102 12:55:11.094179 31819 tablet_peer.cc:231] Initiating TabletPeer shutdown for tablet: 11111111111111111111111111111111
I1102 12:55:11.094606 31819 tablet_peer.cc:231] Initiating TabletPeer shutdown for tablet: 00000000000000000000000000000000
I1102 12:55:11.094933 31819 master.cc:127] Master@127.0.0.1:40072 shutdown complete. [ OK ] ClientTest.TestReplicatedMultiTabletTableFailover (2155 ms) [ RUN ] ClientTest.TestReplicatedTabletWritesWithLeaderElection
I1102 12:55:11.384852 31819 fs_manager.cc:130] Generated new instance metadata in path /tmp/kudutest-1000/client-test.ClientTest.TestReplicatedTabletWritesWithLeaderElection.1414961696528764-31819/minicluster-data/master-0-root/instance: uuid: "daa2b08d0c18446a8561096c8258857e" format_stamp: "Formatted at 2014-11-02 20:55:11 on qiwi"
I1102 12:55:11.385020 31819 fs_manager.cc:82] Opened local filesystem: /tmp/kudutest-1000/client-test.ClientTest.TestReplicatedTabletWritesWithLeaderElection.1414961696528764-31819/minicluster-data/master-0-root uuid: "daa2b08d0c18446a8561096c8258857e" format_stamp: "Formatted at 2014-11-02 20:55:11 on qiwi"
I1102 12:55:11.386111 31819 hybrid_clock.cc:119] HybridClock initialized. Resolution in nanos?: 1 Wait times tolerance adjustment: 1.0005 Current error: 498778
I1102 12:55:11.390458 31819 webserver.cc:108] Starting webserver on 0.0.0.0:0
I1102 12:55:11.390481 31819 webserver.cc:117] Document root disabled
I1102 12:55:11.390774 31819 webserver.cc:197] Webserver started. Bound to: 0.0.0.0:42389
I1102 12:55:11.392601 3183 tablet_bootstrap.cc:234] Tablet 11111111111111111111111111111111: Bootstrap starting.
I1102 12:55:11.395558 3183 tablet_bootstrap.cc:331] No previous blocks or log segments found for tablet: 11111111111111111111111111111111 creating new one.
I1102 12:55:11.396733 3183 tablet_bootstrap.cc:234] Tablet 11111111111111111111111111111111: No bootstrap required, opened a new log
I1102 12:55:11.398704 3185 tablet_peer.cc:213] Configuration changed for tablet: 11111111111111111111111111111111 in peer: daa2b08d0c18446a8561096c8258857e Changed from: seqno: 0 local: true peers { permanent_uuid: "daa2b08d0c18446a8561096c8258857e" role: LEADER } Changed to: seqno: 1 local: true peers { permanent_uuid: "daa2b08d0c18446a8561096c8258857e" role: LEADER }
I1102 12:55:11.398782 3185 sys_tables.cc:217] SysTable state changed. New quorum config: seqno: 1 local: true peers { permanent_uuid: "daa2b08d0c18446a8561096c8258857e" role: LEADER }
I1102 12:55:11.399544 3183 tablet_bootstrap.cc:234] Tablet 00000000000000000000000000000000: Bootstrap starting.
I1102 12:55:11.402487 3183 tablet_bootstrap.cc:331] No previous blocks or log segments found for tablet: 00000000000000000000000000000000 creating new one.
I1102 12:55:11.403576 3183 tablet_bootstrap.cc:234] Tablet 00000000000000000000000000000000: No bootstrap required, opened a new log
I1102 12:55:11.405033 3183 sys_tables.cc:281] SysTable tablet configured and running, proceeding with master startup.
I1102 12:55:11.405527 3189 tablet_peer.cc:213] Configuration changed for tablet: 00000000000000000000000000000000 in peer: daa2b08d0c18446a8561096c8258857e Changed from: seqno: 0 local: true peers { permanent_uuid: "daa2b08d0c18446a8561096c8258857e" role: LEADER } Changed to: seqno: 1 local: true peers { permanent_uuid: "daa2b08d0c18446a8561096c8258857e" role: LEADER }
I1102 12:55:11.405591 3183 sys_tables.cc:281] SysTable tablet configured and running, proceeding with master startup.
I1102 12:55:11.405594 3189 sys_tables.cc:217] SysTable state changed. New quorum config: seqno: 1 local: true peers { permanent_uuid: "daa2b08d0c18446a8561096c8258857e" role: LEADER }
I1102 12:55:11.422670 31819 fs_manager.cc:130] Generated new instance metadata in path /tmp/kudutest-1000/client-test.ClientTest.TestReplicatedTabletWritesWithLeaderElection.1414961696528764-31819/minicluster-data/ts-0-root/instance: uuid: "169c4fbcaa1046a3884fa2baafedfc89" format_stamp: "Formatted at 2014-11-02 20:55:11 on qiwi"
I1102 12:55:11.422770 31819 fs_manager.cc:82] Opened local filesystem: /tmp/kudutest-1000/client-test.ClientTest.TestReplicatedTabletWritesWithLeaderElection.1414961696528764-31819/minicluster-data/ts-0-root uuid: "169c4fbcaa1046a3884fa2baafedfc89" format_stamp: "Formatted at 2014-11-02 20:55:11 on qiwi"
I1102 12:55:11.423635 31819 hybrid_clock.cc:119] HybridClock initialized. Resolution in nanos?: 1 Wait times tolerance adjustment: 1.0005 Current error: 498778
I1102 12:55:11.427884 31819 webserver.cc:108] Starting webserver on 0.0.0.0:0
I1102 12:55:11.427902 31819 webserver.cc:117] Document root disabled
I1102 12:55:11.428128 31819 webserver.cc:197] Webserver started. Bound to: 0.0.0.0:34538
I1102 12:55:11.428256 31819 maintenance_manager.cc:118] MaintenanceManager: targeting memory size of 25.106701 GB
I1102 12:55:11.429816 3232 heartbeater.cc:227] Registering TS with master...
I1102 12:55:11.429873 3232 heartbeater.cc:233] Sending a full tablet report to master...
I1102 12:55:11.430220 3162 ts_manager.cc:66] Registered new tablet server { permanent_uuid: "169c4fbcaa1046a3884fa2baafedfc89" instance_seqno: 1414961711427618 } with Master
I1102 12:55:11.430573 31819 mini_cluster.cc:268] 1 TS(s) registered with Master after 0.00219728s
I1102 12:55:11.433763 3164 catalog_manager.cc:437] CreateTable from {real_user=alex, eff_user=} at 127.0.0.1:53725: name: "client-testtb" schema { columns { name: "key" type: UINT32 is_key: true is_nullable: false encoding: AUTO_ENCODING compression: DEFAULT_COMPRESSION } columns { name: "int_val" type: UINT32 is_key: false is_nullable: false encoding: AUTO_ENCODING compression: DEFAULT_COMPRESSION } columns { name: "string_val" type: STRING is_key: false is_nullable: true encoding: AUTO_ENCODING compression: DEFAULT_COMPRESSION } columns { name: "non_null_with_default" type: UINT32 is_key: false is_nullable: false read_default_value: "90\000\000" write_default_value: "90\000\000" encoding: AUTO_ENCODING compression: DEFAULT_COMPRESSION } } pre_split_keys: "\000\000\000\t" num_replicas: 1
I1102 12:55:11.439884 3210 tablet_service.cc:264] Processing CreateTablet for tablet 465bd42c612e45c7a34fc5eacd8300d3 (table=client-testtb [id=ae33fd7b39ad4022b046a4b61ce6e7dc]), range=["", "\x00\x00\x00\t"]
I1102 12:55:11.439946 3211 tablet_service.cc:264] Processing CreateTablet for tablet 171f23b4a9974ca4ace7e6df2336809f (table=client-testtb [id=ae33fd7b39ad4022b046a4b61ce6e7dc]), range=["\x00\x00\x00\t", ""]
I1102 12:55:11.440943 3211 ts_tablet_manager.cc:460] Registered tablet 171f23b4a9974ca4ace7e6df2336809f
I1102 12:55:11.440971 3210 ts_tablet_manager.cc:460] Registered tablet 465bd42c612e45c7a34fc5eacd8300d3
I1102 12:55:11.441412 3241 ts_tablet_manager.cc:325] Bootstrapping tablet: 171f23b4a9974ca4ace7e6df2336809f
I1102 12:55:11.441431 3242 ts_tablet_manager.cc:325] Bootstrapping tablet: 465bd42c612e45c7a34fc5eacd8300d3
I1102 12:55:11.441913 3241 tablet_bootstrap.cc:234] Tablet 171f23b4a9974ca4ace7e6df2336809f: Bootstrap starting.
I1102 12:55:11.441929 3242 tablet_bootstrap.cc:234] Tablet 465bd42c612e45c7a34fc5eacd8300d3: Bootstrap starting.
I1102 12:55:11.444497 3241 tablet_bootstrap.cc:331] No previous blocks or log segments found for tablet: 171f23b4a9974ca4ace7e6df2336809f creating new one.
I1102 12:55:11.444512 3242 tablet_bootstrap.cc:331] No previous blocks or log segments found for tablet: 465bd42c612e45c7a34fc5eacd8300d3 creating new one.
I1102 12:55:11.445801 3241 tablet_bootstrap.cc:234] Tablet 171f23b4a9974ca4ace7e6df2336809f: No bootstrap required, opened a new log
I1102 12:55:11.445804 3242 tablet_bootstrap.cc:234] Tablet 465bd42c612e45c7a34fc5eacd8300d3: No bootstrap required, opened a new log
I1102 12:55:11.446030 3241 ts_tablet_manager.cc:330] Time spent tablet 171f23b4a9974ca4ace7e6df2336809f bootstrap: real 0.005s user 0.003s sys 0.001s
I1102 12:55:11.446030 3242 ts_tablet_manager.cc:330] Time spent tablet 465bd42c612e45c7a34fc5eacd8300d3 bootstrap: real 0.005s user 0.003s sys 0.001s
I1102 12:55:11.447471 3242 ts_tablet_manager.cc:350] Time spent starting tablet 465bd42c612e45c7a34fc5eacd8300d3: real 0.001s user 0.000s sys 0.000s
I1102 12:55:11.447604 3241 ts_tablet_manager.cc:350] Time spent starting tablet 171f23b4a9974ca4ace7e6df2336809f: real 0.002s user 0.001s sys 0.000s
I1102 12:55:11.448108 3245 tablet_peer.cc:213] Configuration changed for tablet: 171f23b4a9974ca4ace7e6df2336809f in peer: 169c4fbcaa1046a3884fa2baafedfc89 Changed from: seqno: -1 local: true peers { permanent_uuid: "169c4fbcaa1046a3884fa2baafedfc89" role: CANDIDATE last_known_addr { host: "127.0.0.1" port: 41926 } } Changed to: seqno: 0 local: true peers { permanent_uuid: "169c4fbcaa1046a3884fa2baafedfc89" role: LEADER last_known_addr { host: "127.0.0.1" port: 41926 } }
I1102 12:55:11.448101 3246 tablet_peer.cc:213] Configuration changed for tablet: 465bd42c612e45c7a34fc5eacd8300d3 in peer: 169c4fbcaa1046a3884fa2baafedfc89 Changed from: seqno: -1 local: true peers { permanent_uuid: "169c4fbcaa1046a3884fa2baafedfc89" role: CANDIDATE last_known_addr { host: "127.0.0.1" port: 41926 } } Changed to: seqno: 0 local: true peers { permanent_uuid: "169c4fbcaa1046a3884fa2baafedfc89" role: LEADER last_known_addr { host: "127.0.0.1" port: 41926 } }
I1102 12:55:11.451869 3162 catalog_manager.cc:1127] Tablet: 465bd42c612e45c7a34fc5eacd8300d3 reported quorum change. New quorum: seqno: 0 local: true peers { permanent_uuid: "169c4fbcaa1046a3884fa2baafedfc89" role: LEADER last_known_addr { host: "127.0.0.1" port: 41926 } }
I1102 12:55:11.453439 3162 catalog_manager.cc:1127] Tablet: 171f23b4a9974ca4ace7e6df2336809f reported quorum change. New quorum: seqno: 0 local: true peers { permanent_uuid: "169c4fbcaa1046a3884fa2baafedfc89" role: LEADER last_known_addr { host: "127.0.0.1" port: 41926 } }
I1102 12:55:11.457552 3166 catalog_manager.cc:437] CreateTable from {real_user=alex, eff_user=} at 127.0.0.1:53725: name: "client-testtb2" schema { columns { name: "key" type: UINT32 is_key: true is_nullable: false encoding: AUTO_ENCODING compression: DEFAULT_COMPRESSION } columns { name: "int_val" type: UINT32 is_key: false is_nullable: false encoding: AUTO_ENCODING compression: DEFAULT_COMPRESSION } columns { name: "string_val" type: STRING is_key: false is_nullable: true encoding: AUTO_ENCODING compression: DEFAULT_COMPRESSION } columns { name: "non_null_with_default" type: UINT32 is_key: false is_nullable: false read_default_value: "90\000\000" write_default_value: "90\000\000" encoding: AUTO_ENCODING compression: DEFAULT_COMPRESSION } } num_replicas: 1
I1102 12:55:11.462937 3212 tablet_service.cc:264] Processing CreateTablet for tablet c34828aa0ed04caabddafeebfa0d11a9 (table=client-testtb2 [id=99ec2ad159a145cb8f7046d545a1c150]), range=["", ""]
I1102 12:55:11.464459 3212 ts_tablet_manager.cc:460] Registered tablet c34828aa0ed04caabddafeebfa0d11a9
I1102 12:55:11.464603 3242 ts_tablet_manager.cc:325] Bootstrapping tablet: c34828aa0ed04caabddafeebfa0d11a9
I1102 12:55:11.465512 3242 tablet_bootstrap.cc:234] Tablet c34828aa0ed04caabddafeebfa0d11a9: Bootstrap starting.
I1102 12:55:11.469707 3242 tablet_bootstrap.cc:331] No previous blocks or log segments found for tablet: c34828aa0ed04caabddafeebfa0d11a9 creating new one.
I1102 12:55:11.470630 3242 tablet_bootstrap.cc:234] Tablet c34828aa0ed04caabddafeebfa0d11a9: No bootstrap required, opened a new log
I1102 12:55:11.470811 3242 ts_tablet_manager.cc:330] Time spent tablet c34828aa0ed04caabddafeebfa0d11a9 bootstrap: real 0.006s user 0.005s sys 0.001s
I1102 12:55:11.471741 3242 ts_tablet_manager.cc:350] Time spent starting tablet c34828aa0ed04caabddafeebfa0d11a9: real 0.001s user 0.000s sys 0.000s
I1102 12:55:11.472023 3252 tablet_peer.cc:213] Configuration changed for tablet: c34828aa0ed04caabddafeebfa0d11a9 in peer: 169c4fbcaa1046a3884fa2baafedfc89 Changed from: seqno: -1 local: true peers { permanent_uuid: "169c4fbcaa1046a3884fa2baafedfc89" role: CANDIDATE last_known_addr { host: "127.0.0.1" port: 41926 } } Changed to: seqno: 0 local: true peers { permanent_uuid: "169c4fbcaa1046a3884fa2baafedfc89" role: LEADER last_known_addr { host: "127.0.0.1" port: 41926 } }
I1102 12:55:11.477027 3164 catalog_manager.cc:1127] Tablet: c34828aa0ed04caabddafeebfa0d11a9 reported quorum change. New quorum: seqno: 0 local: true peers { permanent_uuid: "169c4fbcaa1046a3884fa2baafedfc89" role: LEADER last_known_addr { host: "127.0.0.1" port: 41926 } }
I1102 12:55:11.500413 31819 fs_manager.cc:130] Generated new instance metadata in path /tmp/kudutest-1000/client-test.ClientTest.TestReplicatedTabletWritesWithLeaderElection.1414961696528764-31819/minicluster-data/ts-1-root/instance: uuid: "3fc07090a82c4b75abad25c747673e04" format_stamp: "Formatted at 2014-11-02 20:55:11 on qiwi"
I1102 12:55:11.500512 31819 fs_manager.cc:82] Opened local filesystem: /tmp/kudutest-1000/client-test.ClientTest.TestReplicatedTabletWritesWithLeaderElection.1414961696528764-31819/minicluster-data/ts-1-root uuid: "3fc07090a82c4b75abad25c747673e04" format_stamp: "Formatted at 2014-11-02 20:55:11 on qiwi"
I1102 12:55:11.501302 31819 hybrid_clock.cc:119] HybridClock initialized. Resolution in nanos?: 1 Wait times tolerance adjustment: 1.0005 Current error: 498778
I1102 12:55:11.507446 31819 webserver.cc:108] Starting webserver on 0.0.0.0:0
I1102 12:55:11.507483 31819 webserver.cc:117] Document root disabled
I1102 12:55:11.507977 31819 webserver.cc:197] Webserver started. Bound to: 0.0.0.0:58708
I1102 12:55:11.508270 31819 maintenance_manager.cc:118] MaintenanceManager: targeting memory size of 25.106701 GB
I1102 12:55:11.511090 3296 heartbeater.cc:227] Registering TS with master...
I1102 12:55:11.511204 3296 heartbeater.cc:233] Sending a full tablet report to master...
I1102 12:55:11.511852 3162 ts_manager.cc:66] Registered new tablet server { permanent_uuid: "3fc07090a82c4b75abad25c747673e04" instance_seqno: 1414961711506863 } with Master
I1102 12:55:11.527587 31819 fs_manager.cc:130] Generated new instance metadata in path /tmp/kudutest-1000/client-test.ClientTest.TestReplicatedTabletWritesWithLeaderElection.1414961696528764-31819/minicluster-data/ts-2-root/instance: uuid: "575e6fa11bde4722a91fe1060f9c3283" format_stamp: "Formatted at 2014-11-02 20:55:11 on qiwi"
I1102 12:55:11.527683 31819 fs_manager.cc:82] Opened local filesystem: /tmp/kudutest-1000/client-test.ClientTest.TestReplicatedTabletWritesWithLeaderElection.1414961696528764-31819/minicluster-data/ts-2-root uuid: "575e6fa11bde4722a91fe1060f9c3283" format_stamp: "Formatted at 2014-11-02 20:55:11 on qiwi"
I1102 12:55:11.528527 31819 hybrid_clock.cc:119] HybridClock initialized. Resolution in nanos?: 1 Wait times tolerance adjustment: 1.0005 Current error: 498778
I1102 12:55:11.532393 31819 webserver.cc:108] Starting webserver on 0.0.0.0:0
I1102 12:55:11.532410 31819 webserver.cc:117] Document root disabled
I1102 12:55:11.532657 31819 webserver.cc:197] Webserver started. Bound to: 0.0.0.0:60778
I1102 12:55:11.532783 31819 maintenance_manager.cc:118] MaintenanceManager: targeting memory size of 25.106701 GB
I1102 12:55:11.535512 3338 heartbeater.cc:227] Registering TS with master...
I1102 12:55:11.535617 3338 heartbeater.cc:233] Sending a full tablet report to master...
I1102 12:55:11.536371 3168 ts_manager.cc:66] Registered new tablet server { permanent_uuid: "575e6fa11bde4722a91fe1060f9c3283" instance_seqno: 1414961711532131 } with Master
I1102 12:55:11.536530 31819 mini_cluster.cc:268] 3 TS(s) registered with Master after 0.00349171s
I1102 12:55:11.537679 3169 catalog_manager.cc:437] CreateTable from {real_user=alex, eff_user=} at 127.0.0.1:53725: name: "replicated_failover_on_writes" schema { columns { name: "key" type: UINT32 is_key: true is_nullable: false encoding: AUTO_ENCODING compression: DEFAULT_COMPRESSION } columns { name: "int_val" type: UINT32 is_key: false is_nullable: false encoding: AUTO_ENCODING compression: DEFAULT_COMPRESSION } columns { name: "string_val" type: STRING is_key: false is_nullable: true encoding: AUTO_ENCODING compression: DEFAULT_COMPRESSION } columns { name: "non_null_with_default" type: UINT32 is_key: false is_nullable: false read_default_value: "90\000\000" write_default_value: "90\000\000" encoding: AUTO_ENCODING compression: DEFAULT_COMPRESSION } } num_replicas: 3
I1102 12:55:11.547513 3213 tablet_service.cc:264] Processing CreateTablet for tablet aa92c6fda6cd4409858dba0a0a063efc (table=replicated_failover_on_writes [id=5c89c578998d4efd8e67d40565d68bd7]), range=["", ""]
I1102 12:55:11.549206 3316 tablet_service.cc:264] Processing CreateTablet for tablet aa92c6fda6cd4409858dba0a0a063efc (table=replicated_failover_on_writes [id=5c89c578998d4efd8e67d40565d68bd7]), range=["", ""]
I1102 12:55:11.549576 3213 ts_tablet_manager.cc:460] Registered tablet aa92c6fda6cd4409858dba0a0a063efc
I1102 12:55:11.549765 3241 ts_tablet_manager.cc:325] Bootstrapping tablet: aa92c6fda6cd4409858dba0a0a063efc
I1102 12:55:11.549816 3271 tablet_service.cc:264] Processing CreateTablet for tablet aa92c6fda6cd4409858dba0a0a063efc (table=replicated_failover_on_writes [id=5c89c578998d4efd8e67d40565d68bd7]), range=["", ""]
I1102 12:55:11.550798 3241 tablet_bootstrap.cc:234] Tablet aa92c6fda6cd4409858dba0a0a063efc: Bootstrap starting.
I1102 12:55:11.551259 3316 ts_tablet_manager.cc:460] Registered tablet aa92c6fda6cd4409858dba0a0a063efc
I1102 12:55:11.551640 3271 ts_tablet_manager.cc:460] Registered tablet aa92c6fda6cd4409858dba0a0a063efc
I1102 12:55:11.551713 3342 ts_tablet_manager.cc:325] Bootstrapping tablet: aa92c6fda6cd4409858dba0a0a063efc
I1102 12:55:11.552341 3343 ts_tablet_manager.cc:325] Bootstrapping tablet: aa92c6fda6cd4409858dba0a0a063efc
I1102 12:55:11.552804 3342 tablet_bootstrap.cc:234] Tablet aa92c6fda6cd4409858dba0a0a063efc: Bootstrap starting.
I1102 12:55:11.553270 3343 tablet_bootstrap.cc:234] Tablet aa92c6fda6cd4409858dba0a0a063efc: Bootstrap starting.
I1102 12:55:11.554508 3241 tablet_bootstrap.cc:331] No previous blocks or log segments found for tablet: aa92c6fda6cd4409858dba0a0a063efc creating new one.
I1102 12:55:11.555367 3342 tablet_bootstrap.cc:331] No previous blocks or log segments found for tablet: aa92c6fda6cd4409858dba0a0a063efc creating new one.
I1102 12:55:11.555634 3343 tablet_bootstrap.cc:331] No previous blocks or log segments found for tablet: aa92c6fda6cd4409858dba0a0a063efc creating new one.
I1102 12:55:11.555858 3241 tablet_bootstrap.cc:234] Tablet aa92c6fda6cd4409858dba0a0a063efc: No bootstrap required, opened a new log
I1102 12:55:11.556154 3241 ts_tablet_manager.cc:330] Time spent tablet aa92c6fda6cd4409858dba0a0a063efc bootstrap: real 0.006s user 0.004s sys 0.001s
I1102 12:55:11.556387 3342 tablet_bootstrap.cc:234] Tablet aa92c6fda6cd4409858dba0a0a063efc: No bootstrap required, opened a new log
I1102 12:55:11.556699 3343 tablet_bootstrap.cc:234] Tablet aa92c6fda6cd4409858dba0a0a063efc: No bootstrap required, opened a new log
I1102 12:55:11.556725 3342 ts_tablet_manager.cc:330] Time spent tablet aa92c6fda6cd4409858dba0a0a063efc bootstrap: real 0.005s user 0.003s sys 0.001s
I1102 12:55:11.556895 3241 raft_consensus.cc:284] T aa92c6fda6cd4409858dba0a0a063efc P 169c4fbcaa1046a3884fa2baafedfc89 [FOLLOWER]: Becoming Follower/Learner
I1102 12:55:11.557024 3241 ts_tablet_manager.cc:350] Time spent starting tablet aa92c6fda6cd4409858dba0a0a063efc: real 0.001s user 0.001s sys 0.000s
I1102 12:55:11.557153 3343 ts_tablet_manager.cc:330] Time spent tablet aa92c6fda6cd4409858dba0a0a063efc bootstrap: real 0.005s user 0.004s sys 0.001s
I1102 12:55:11.557919 3343 raft_consensus.cc:284] T aa92c6fda6cd4409858dba0a0a063efc P 3fc07090a82c4b75abad25c747673e04 [FOLLOWER]: Becoming Follower/Learner
I1102 12:55:11.558043 3342 raft_consensus.cc:227] T aa92c6fda6cd4409858dba0a0a063efc P 575e6fa11bde4722a91fe1060f9c3283 [LEADER]: Becoming Leader
I1102 12:55:11.558054 3343 ts_tablet_manager.cc:350] Time spent starting tablet aa92c6fda6cd4409858dba0a0a063efc: real 0.001s user 0.001s sys 0.000s
I1102 12:55:11.559361 3342 ts_tablet_manager.cc:350] Time spent starting tablet aa92c6fda6cd4409858dba0a0a063efc: real 0.003s user 0.002s sys 0.001s
W1102 12:55:11.610090 3353 raft_consensus_state.cc:462] T aa92c6fda6cd4409858dba0a0a063efc P 575e6fa11bde4722a91fe1060f9c3283 [LEADER]: Can't advance the committed index across term boundaries yet. Last committed operation was: term: 0 index: 0 New majority replicated is: term: 0 index: 0. Current term is: 1
W1102 12:55:11.610708 3348 raft_consensus_state.cc:462] T aa92c6fda6cd4409858dba0a0a063efc P 575e6fa11bde4722a91fe1060f9c3283 [LEADER]: Can't advance the committed index across term boundaries yet. Last committed operation was: term: 0 index: 0 New majority replicated is: term: 0 index: 0. Current term is: 1
I1102 12:55:11.611513 3220 raft_consensus.cc:582] T aa92c6fda6cd4409858dba0a0a063efc P 169c4fbcaa1046a3884fa2baafedfc89 [FOLLOWER]: Refusing update from remote peer: Log matching property violated. Last replicated by replica: term: 0 index: 0. Preceding OpId from leader: term: 1 index: 2.
I1102 12:55:11.611543 3284 raft_consensus.cc:582] T aa92c6fda6cd4409858dba0a0a063efc P 3fc07090a82c4b75abad25c747673e04 [FOLLOWER]: Refusing update from remote peer: Log matching property violated. Last replicated by replica: term: 0 index: 0. Preceding OpId from leader: term: 1 index: 2.
I1102 12:55:11.611718 3301 consensus_queue.cc:453] Connected to peer: 3fc07090a82c4b75abad25c747673e04 whose last received watermark is: term: 0 index: 0
I1102 12:55:11.611747 3302 consensus_queue.cc:453] Connected to peer: 169c4fbcaa1046a3884fa2baafedfc89 whose last received watermark is: term: 0 index: 0
I1102 12:55:11.615234 3301 raft_consensus_state.cc:455] T aa92c6fda6cd4409858dba0a0a063efc P 575e6fa11bde4722a91fe1060f9c3283 [LEADER]: Advanced the committed_index across terms. Last committed operation was: term: 0 index: 0 New committed index is: term: 1 index: 2
I1102 12:55:11.615301 3348 tablet_peer.cc:213] Configuration changed for tablet: aa92c6fda6cd4409858dba0a0a063efc in peer: 575e6fa11bde4722a91fe1060f9c3283 Changed from: seqno: -1 local: false peers { permanent_uuid: "575e6fa11bde4722a91fe1060f9c3283" role: CANDIDATE last_known_addr { host: "127.0.0.1" port: 44445 } } peers { permanent_uuid: "169c4fbcaa1046a3884fa2baafedfc89" role: FOLLOWER last_known_addr { host: "127.0.0.1" port: 41926 } } peers { permanent_uuid: "3fc07090a82c4b75abad25c747673e04" role: FOLLOWER last_known_addr { host: "127.0.0.1" port: 42531 } } Changed to: seqno: 0 local: false peers { permanent_uuid: "575e6fa11bde4722a91fe1060f9c3283" role: LEADER last_known_addr { host: "127.0.0.1" port: 44445 } } peers { permanent_uuid: "169c4fbcaa1046a3884fa2baafedfc89" role: FOLLOWER last_known_addr { host: "127.0.0.1" port: 41926 } } peers { permanent_uuid: "3fc07090a82c4b75abad25c747673e04" role: FOLLOWER last_known_addr { host: "127.0.0.1" port: 42531 } }
I1102 12:55:11.627794 3163 catalog_manager.cc:1127] Tablet: aa92c6fda6cd4409858dba0a0a063efc reported quorum change. New quorum: seqno: 0 local: false peers { permanent_uuid: "575e6fa11bde4722a91fe1060f9c3283" role: LEADER last_known_addr { host: "127.0.0.1" port: 44445 } } peers { permanent_uuid: "169c4fbcaa1046a3884fa2baafedfc89" role: FOLLOWER last_known_addr { host: "127.0.0.1" port: 41926 } } peers { permanent_uuid: "3fc07090a82c4b75abad25c747673e04" role: FOLLOWER last_known_addr { host: "127.0.0.1" port: 42531 } }
I1102 12:55:12.117687 3349 tablet_peer.cc:213] Configuration changed for tablet: aa92c6fda6cd4409858dba0a0a063efc in peer: 3fc07090a82c4b75abad25c747673e04 Changed from: seqno: -1 local: false peers { permanent_uuid: "575e6fa11bde4722a91fe1060f9c3283" role: CANDIDATE last_known_addr { host: "127.0.0.1" port: 44445 } } peers { permanent_uuid: "169c4fbcaa1046a3884fa2baafedfc89" role: FOLLOWER last_known_addr { host: "127.0.0.1" port: 41926 } } peers { permanent_uuid: "3fc07090a82c4b75abad25c747673e04" role: FOLLOWER last_known_addr { host: "127.0.0.1" port: 42531 } } Changed to: seqno: 0 local: false peers { permanent_uuid: "575e6fa11bde4722a91fe1060f9c3283" role: LEADER last_known_addr { host: "127.0.0.1" port: 44445 } } peers { permanent_uuid: "169c4fbcaa1046a3884fa2baafedfc89" role: FOLLOWER last_known_addr { host: "127.0.0.1" port: 41926 } } peers { permanent_uuid: "3fc07090a82c4b75abad25c747673e04" role: FOLLOWER last_known_addr { host: "127.0.0.1" port: 42531 } }
I1102 12:55:12.118270 3345 tablet_peer.cc:213] Configuration changed for tablet: aa92c6fda6cd4409858dba0a0a063efc in peer: 169c4fbcaa1046a3884fa2baafedfc89 Changed from: seqno: -1 local: false peers { permanent_uuid: "575e6fa11bde4722a91fe1060f9c3283" role: CANDIDATE last_known_addr { host: "127.0.0.1" port: 44445 } } peers { permanent_uuid: "169c4fbcaa1046a3884fa2baafedfc89" role: FOLLOWER last_known_addr { host: "127.0.0.1" port: 41926 } } peers { permanent_uuid: "3fc07090a82c4b75abad25c747673e04" role: FOLLOWER last_known_addr { host: "127.0.0.1" port: 42531 } } Changed to: seqno: 0 local: false peers { permanent_uuid: "575e6fa11bde4722a91fe1060f9c3283" role: LEADER last_known_addr { host: "127.0.0.1" port: 44445 } } peers { permanent_uuid: "169c4fbcaa1046a3884fa2baafedfc89" role: FOLLOWER last_known_addr { host: "127.0.0.1" port: 41926 } } peers { permanent_uuid: "3fc07090a82c4b75abad25c747673e04" role: FOLLOWER last_known_addr { host: "127.0.0.1" port: 42531 } }
I1102 12:55:13.134115 31819 tablet_server.cc:114] TabletServer shutting down...
I1102 12:55:13.152914 31819 ts_tablet_manager.cc:402] Shutting down tablet manager...
I1102 12:55:13.153007 31819 maintenance_manager.cc:177] Unregistered op LogGCOp
I1102 12:55:13.153081 31819 tablet_peer.cc:231] Initiating TabletPeer shutdown for tablet: aa92c6fda6cd4409858dba0a0a063efc
I1102 12:55:13.153185 31819 maintenance_manager.cc:177] Unregistered op FlushMRSOp(aa92c6fda6cd4409858dba0a0a063efc)
I1102 12:55:13.153223 31819 maintenance_manager.cc:177] Unregistered op CompactRowSetsOp(aa92c6fda6cd4409858dba0a0a063efc)
I1102 12:55:13.153249 31819 maintenance_manager.cc:177] Unregistered op FlushDeltaMemStoresOp(aa92c6fda6cd4409858dba0a0a063efc)
I1102 12:55:13.153317 31819 raft_consensus.cc:769] T aa92c6fda6cd4409858dba0a0a063efc P 575e6fa11bde4722a91fe1060f9c3283 [LEADER]: Raft consensus shutting down.
I1102 12:55:13.153720 31819 consensus_peers.cc:387] Closing peer: 169c4fbcaa1046a3884fa2baafedfc89
I1102 12:55:13.154109 31819 consensus_peers.cc:387] Closing peer: 3fc07090a82c4b75abad25c747673e04
I1102 12:55:13.154434 31819 consensus_peers.cc:387] Closing peer: 575e6fa11bde4722a91fe1060f9c3283
I1102 12:55:13.154547 31819 raft_consensus_state.cc:377] T aa92c6fda6cd4409858dba0a0a063efc P 575e6fa11bde4722a91fe1060f9c3283 [LEADER]: Trying to abort 0 pending transactions.
I1102 12:55:13.154634 31819 raft_consensus_state.cc:404] T aa92c6fda6cd4409858dba0a0a063efc P 575e6fa11bde4722a91fe1060f9c3283 [LEADER]: Waiting on 0 outstanding applies:
I1102 12:55:13.154708 31819 raft_consensus_state.cc:408] T aa92c6fda6cd4409858dba0a0a063efc P 575e6fa11bde4722a91fe1060f9c3283 [LEADER]: All local commits completed.
I1102 12:55:13.154767 31819 raft_consensus.cc:789] T aa92c6fda6cd4409858dba0a0a063efc P 575e6fa11bde4722a91fe1060f9c3283 [LEADER]: Raft consensus Shutdown!
I1102 12:55:13.159855 31819 tablet_server.cc:123] TabletServer shut down complete. Bye!
I1102 12:55:13.159900 31819 tablet_server.cc:114] TabletServer shutting down...
I1102 12:55:13.159962 31819 tablet_server.cc:123] TabletServer shut down complete. Bye!
W1102 12:55:13.162271 3375 reactor.cc:199] Client call MakePeerLeader has no timeout set for connection id: {remote=127.0.0.1:41926, service_name=kudu.consensus.ConsensusService, user_credentials={real_user=alex, eff_user=}}
I1102 12:55:13.165791 3225 raft_consensus.cc:172] T aa92c6fda6cd4409858dba0a0a063efc P 169c4fbcaa1046a3884fa2baafedfc89 [CANDIDATE]: Starting election with quorum: seqno: 1 local: false peers { permanent_uuid: "575e6fa11bde4722a91fe1060f9c3283" role: FOLLOWER last_known_addr { host: "127.0.0.1" port: 44445 } } peers { permanent_uuid: "169c4fbcaa1046a3884fa2baafedfc89" role: CANDIDATE last_known_addr { host: "127.0.0.1" port: 41926 } } peers { permanent_uuid: "3fc07090a82c4b75abad25c747673e04" role: FOLLOWER last_known_addr { host: "127.0.0.1" port: 42531 } }
I1102 12:55:13.166378 3225 leader_election.cc:183] T aa92c6fda6cd4409858dba0a0a063efc P 169c4fbcaa1046a3884fa2baafedfc89: Term 2 election: Requesting vote from peer 3fc07090a82c4b75abad25c747673e04
I1102 12:55:13.166481 3225 leader_election.cc:183] T aa92c6fda6cd4409858dba0a0a063efc P 169c4fbcaa1046a3884fa2baafedfc89: Term 2 election: Requesting vote from peer 575e6fa11bde4722a91fe1060f9c3283
W1102 12:55:13.167042 3379 negotiation.cc:195] Network error: client connection negotiation failed: client Connection to 127.0.0.1:44445: connect: Connection refused (error 111)
W1102 12:55:13.167114 3194 leader_election.cc:218] T aa92c6fda6cd4409858dba0a0a063efc P 169c4fbcaa1046a3884fa2baafedfc89: Term 2 election: RPC error from VoteRequest() call to peer 575e6fa11bde4722a91fe1060f9c3283: Network error: client connection negotiation failed: client Connection to 127.0.0.1:44445: connect: Connection refused (error 111)
I1102 12:55:13.168018 3289 raft_consensus.cc:933] Tablet aa92c6fda6cd4409858dba0a0a063efc: Replica 3fc07090a82c4b75abad25c747673e04: Leader election vote request: Granting yes vote for candidate 169c4fbcaa1046a3884fa2baafedfc89 in term 2.
I1102 12:55:13.168213 3195 leader_election.cc:300] T aa92c6fda6cd4409858dba0a0a063efc P 169c4fbcaa1046a3884fa2baafedfc89: Term 2 election: Vote granted by peer 3fc07090a82c4b75abad25c747673e04
I1102 12:55:13.168263 3195 leader_election.cc:273] T aa92c6fda6cd4409858dba0a0a063efc P 169c4fbcaa1046a3884fa2baafedfc89: Term 2 election: Election decided. Result: candidate won.
I1102 12:55:13.168306 3195 raft_consensus.cc:1009] T aa92c6fda6cd4409858dba0a0a063efc P 169c4fbcaa1046a3884fa2baafedfc89 [CANDIDATE]: Leader election won for term 2
I1102 12:55:13.168510 3195 raft_consensus.cc:1026] Calling BecomeLeaderUnlocked()...
I1102 12:55:13.168532 3195 raft_consensus.cc:227] T aa92c6fda6cd4409858dba0a0a063efc P 169c4fbcaa1046a3884fa2baafedfc89 [LEADER]: Becoming Leader
W1102 12:55:13.176215 3385 negotiation.cc:195] Network error: client connection negotiation failed: client Connection to 127.0.0.1:44445: connect: Connection refused (error 111)
W1102 12:55:13.176301 3236 meta_cache.cc:159] Replica aa92c6fda6cd4409858dba0a0a063efc on ts 575e6fa11bde4722a91fe1060f9c3283 has failed: Network error: client connection negotiation failed: client Connection to 127.0.0.1:44445: connect: Connection refused (error 111)
W1102 12:55:13.181618 3384 raft_consensus_state.cc:462] T aa92c6fda6cd4409858dba0a0a063efc P 169c4fbcaa1046a3884fa2baafedfc89 [LEADER]: Can't advance the committed index across term boundaries yet. Last committed operation was: term: 1 index: 2 New majority replicated is: term: 1 index: 2. Current term is: 2
W1102 12:55:13.182131 3345 raft_consensus_state.cc:462] T aa92c6fda6cd4409858dba0a0a063efc P 169c4fbcaa1046a3884fa2baafedfc89 [LEADER]: Can't advance the committed index across term boundaries yet. Last committed operation was: term: 1 index: 2 New majority replicated is: term: 0 index: 0. Current term is: 2
W1102 12:55:13.182317 3379 negotiation.cc:195] Network error: client connection negotiation failed: client Connection to 127.0.0.1:44445: connect: Connection refused (error 111)
I1102 12:55:13.182402 3290 raft_consensus.cc:582] T aa92c6fda6cd4409858dba0a0a063efc P 3fc07090a82c4b75abad25c747673e04 [FOLLOWER]: Refusing update from remote peer: Log matching property violated. Last replicated by replica: term: 1 index: 2. Preceding OpId from leader: term: 2 index: 4.
W1102 12:55:13.182407 3194 consensus_peers.cc:368] Couldn't send request to peer 575e6fa11bde4722a91fe1060f9c3283 for tablet aa92c6fda6cd4409858dba0a0a063efc ops [] Status: Network error: client connection negotiation failed: client Connection to 127.0.0.1:44445: connect: Connection refused (error 111). Retrying in the next heartbeat period. Already tried 1 times.
I1102 12:55:13.182646 3195 consensus_queue.cc:453] Connected to peer: 3fc07090a82c4b75abad25c747673e04 whose last received watermark is: term: 1 index: 2
I1102 12:55:13.185230 3195 raft_consensus_state.cc:455] T aa92c6fda6cd4409858dba0a0a063efc P 169c4fbcaa1046a3884fa2baafedfc89 [LEADER]: Advanced the committed_index across terms. Last committed operation was: term: 1 index: 2 New committed index is: term: 2 index: 4
I1102 12:55:13.185379 3345 tablet_peer.cc:213] Configuration changed for tablet: aa92c6fda6cd4409858dba0a0a063efc in peer: 169c4fbcaa1046a3884fa2baafedfc89 Changed from: seqno: 0 local: false peers { permanent_uuid: "575e6fa11bde4722a91fe1060f9c3283" role: LEADER last_known_addr { host: "127.0.0.1" port: 44445 } } peers { permanent_uuid: "169c4fbcaa1046a3884fa2baafedfc89" role: FOLLOWER last_known_addr { host: "127.0.0.1" port: 41926 } } peers { permanent_uuid: "3fc07090a82c4b75abad25c747673e04" role: FOLLOWER last_known_addr { host: "127.0.0.1" port: 42531 } } Changed to: seqno: 1 local: false peers { permanent_uuid: "575e6fa11bde4722a91fe1060f9c3283" role: FOLLOWER last_known_addr { host: "127.0.0.1" port: 44445 } } peers { permanent_uuid: "169c4fbcaa1046a3884fa2baafedfc89" role: LEADER last_known_addr { host: "127.0.0.1" port: 41926 } } peers { permanent_uuid: "3fc07090a82c4b75abad25c747673e04" role: FOLLOWER last_known_addr { host: "127.0.0.1" port: 42531 } }
I1102 12:55:13.187001 3169 catalog_manager.cc:1127] Tablet: aa92c6fda6cd4409858dba0a0a063efc reported quorum change. New quorum: seqno: 1 local: false peers { permanent_uuid: "575e6fa11bde4722a91fe1060f9c3283" role: FOLLOWER last_known_addr { host: "127.0.0.1" port: 44445 } } peers { permanent_uuid: "169c4fbcaa1046a3884fa2baafedfc89" role: LEADER last_known_addr { host: "127.0.0.1" port: 41926 } } peers { permanent_uuid: "3fc07090a82c4b75abad25c747673e04" role: FOLLOWER last_known_addr { host: "127.0.0.1" port: 42531 } }
W1102 12:55:13.670346 3379 negotiation.cc:195] Network error: client connection negotiation failed: client Connection to 127.0.0.1:44445: connect: Connection refused (error 111)
W1102 12:55:13.670598 3194 consensus_peers.cc:368] Couldn't send request to peer 575e6fa11bde4722a91fe1060f9c3283 for tablet aa92c6fda6cd4409858dba0a0a063efc ops [] Status: Network error: client connection negotiation failed: client Connection to 127.0.0.1:44445: connect: Connection refused (error 111). Retrying in the next heartbeat period. Already tried 2 times.
I1102 12:55:13.688730 3349 tablet_peer.cc:213] Configuration changed for tablet: aa92c6fda6cd4409858dba0a0a063efc in peer: 3fc07090a82c4b75abad25c747673e04 Changed from: seqno: 0 local: false peers { permanent_uuid: "575e6fa11bde4722a91fe1060f9c3283" role: LEADER last_known_addr { host: "127.0.0.1" port: 44445 } } peers { permanent_uuid: "169c4fbcaa1046a3884fa2baafedfc89" role: FOLLOWER last_known_addr { host: "127.0.0.1" port: 41926 } } peers { permanent_uuid: "3fc07090a82c4b75abad25c747673e04" role: FOLLOWER last_known_addr { host: "127.0.0.1" port: 42531 } } Changed to: seqno: 1 local: false peers { permanent_uuid: "575e6fa11bde4722a91fe1060f9c3283" role: FOLLOWER last_known_addr { host: "127.0.0.1" port: 44445 } } peers { permanent_uuid: "169c4fbcaa1046a3884fa2baafedfc89" role: LEADER last_known_addr { host: "127.0.0.1" port: 41926 } } peers { permanent_uuid: "3fc07090a82c4b75abad25c747673e04" role: FOLLOWER last_known_addr { host: "127.0.0.1" port: 42531 } }
W1102 12:55:14.169956 3379 negotiation.cc:195] Network error: client connection negotiation failed: client Connection to 127.0.0.1:44445: connect: Connection refused (error 111)
W1102 12:55:14.170037 3194 consensus_peers.cc:368] Couldn't send request to peer 575e6fa11bde4722a91fe1060f9c3283 for tablet aa92c6fda6cd4409858dba0a0a063efc ops [] Status: Network error: client connection negotiation failed: client Connection to 127.0.0.1:44445: connect: Connection refused (error 111). Retrying in the next heartbeat period. Already tried 3 times.
W1102 12:55:14.671356 3404 negotiation.cc:195] Network error: client connection negotiation failed: client Connection to 127.0.0.1:44445: connect: Connection refused (error 111)
W1102 12:55:14.671661 3194 consensus_peers.cc:368] Couldn't send request to peer 575e6fa11bde4722a91fe1060f9c3283 for tablet aa92c6fda6cd4409858dba0a0a063efc ops [] Status: Network error: client connection negotiation failed: client Connection to 127.0.0.1:44445: connect: Connection refused (error 111). Retrying in the next heartbeat period. Already tried 4 times.
W1102 12:55:14.698343 3405 negotiation.cc:195] Network error: client connection negotiation failed: client Connection to 127.0.0.1:44445: connect: Connection refused (error 111)
W1102 12:55:14.698613 31819 meta_cache.cc:159] Replica aa92c6fda6cd4409858dba0a0a063efc on ts 575e6fa11bde4722a91fe1060f9c3283 has failed: Network error: TS failed: client connection negotiation failed: client Connection to 127.0.0.1:44445: connect: Connection refused (error 111)
I1102 12:55:14.704627 31819 tablet_server.cc:114] TabletServer shutting down...
I1102 12:55:14.723594 31819 ts_tablet_manager.cc:402] Shutting down tablet manager...
I1102 12:55:14.723716 31819 maintenance_manager.cc:177] Unregistered op LogGCOp
I1102 12:55:14.723819 31819 tablet_peer.cc:231] Initiating TabletPeer shutdown for tablet: aa92c6fda6cd4409858dba0a0a063efc
I1102 12:55:14.723888 31819 maintenance_manager.cc:177] Unregistered op FlushMRSOp(aa92c6fda6cd4409858dba0a0a063efc)
I1102 12:55:14.723932 31819 maintenance_manager.cc:177] Unregistered op CompactRowSetsOp(aa92c6fda6cd4409858dba0a0a063efc)
I1102 12:55:14.723968 31819 maintenance_manager.cc:177] Unregistered op FlushDeltaMemStoresOp(aa92c6fda6cd4409858dba0a0a063efc)
I1102 12:55:14.724031 31819 raft_consensus.cc:769] T aa92c6fda6cd4409858dba0a0a063efc P 169c4fbcaa1046a3884fa2baafedfc89 [LEADER]: Raft consensus shutting down.
I1102 12:55:14.724479 31819 consensus_peers.cc:387] Closing peer: 169c4fbcaa1046a3884fa2baafedfc89
I1102 12:55:14.724905 31819 consensus_peers.cc:387] Closing peer: 3fc07090a82c4b75abad25c747673e04
I1102 12:55:14.725312 31819 consensus_peers.cc:387] Closing peer: 575e6fa11bde4722a91fe1060f9c3283
I1102 12:55:14.725532 31819 raft_consensus_state.cc:377] T aa92c6fda6cd4409858dba0a0a063efc P 169c4fbcaa1046a3884fa2baafedfc89 [LEADER]: Trying to abort 0 pending transactions.
I1102 12:55:14.725605 31819 raft_consensus_state.cc:404] T aa92c6fda6cd4409858dba0a0a063efc P 169c4fbcaa1046a3884fa2baafedfc89 [LEADER]: Waiting on 0 outstanding applies:
I1102 12:55:14.725656 31819 raft_consensus_state.cc:408] T aa92c6fda6cd4409858dba0a0a063efc P 169c4fbcaa1046a3884fa2baafedfc89 [LEADER]: All local commits completed.
I1102 12:55:14.725703 31819 raft_consensus.cc:789] T aa92c6fda6cd4409858dba0a0a063efc P 169c4fbcaa1046a3884fa2baafedfc89 [LEADER]: Raft consensus Shutdown!
