I1102 12:54:59.061719 31819 maintenance_manager.cc:177] Unregistered op FlushDeltaMemStoresOp(ee73e6c283cc43aca37d8ff3f7d46a92)
I1102 12:54:59.062389 31819 tablet_peer.cc:231] Initiating TabletPeer shutdown for tablet: 4f0cdd017dcf430698ff62253c7b9af1
I1102 12:54:59.062432 31819 maintenance_manager.cc:177] Unregistered op FlushMRSOp(4f0cdd017dcf430698ff62253c7b9af1)
I1102 12:54:59.062454 31819 maintenance_manager.cc:177] Unregistered op CompactRowSetsOp(4f0cdd017dcf430698ff62253c7b9af1)
I1102 12:54:59.062472 31819 maintenance_manager.cc:177] Unregistered op FlushDeltaMemStoresOp(4f0cdd017dcf430698ff62253c7b9af1)
I1102 12:54:59.069811 31819 tablet_server.cc:123] TabletServer shut down complete. Bye!
I1102 12:54:59.069839 31819 tablet_server.cc:114] TabletServer shutting down...
I1102 12:54:59.069881 31819 tablet_server.cc:123] TabletServer shut down complete. Bye!
I1102 12:54:59.071331 31819 master.cc:124] Master@127.0.0.1:59832 shutting down...
I1102 12:54:59.084511 31819 tablet_peer.cc:231] Initiating TabletPeer shutdown for tablet: 11111111111111111111111111111111
I1102 12:54:59.085350 31819 tablet_peer.cc:231] Initiating TabletPeer shutdown for tablet: 00000000000000000000000000000000
I1102 12:54:59.086069 31819 master.cc:127] Master@127.0.0.1:59832 shutdown complete. [ OK ] ClientTest.TestScanEmptyTable (399 ms) [ RUN ] ClientTest.TestScanEmptyProjection
I1102 12:54:59.236696 31819 fs_manager.cc:130] Generated new instance metadata in path /tmp/kudutest-1000/client-test.ClientTest.TestScanEmptyProjection.1414961696528764-31819/minicluster-data/master-0-root/instance: uuid: "cfa5b6a895ec435c8427e5aeb77114d7" format_stamp: "Formatted at 2014-11-02 20:54:59 on qiwi"
I1102 12:54:59.236830 31819 fs_manager.cc:82] Opened local filesystem: /tmp/kudutest-1000/client-test.ClientTest.TestScanEmptyProjection.1414961696528764-31819/minicluster-data/master-0-root uuid: "cfa5b6a895ec435c8427e5aeb77114d7" format_stamp: "Formatted at 2014-11-02 20:54:59 on qiwi"
I1102 12:54:59.237596 31819 hybrid_clock.cc:119] HybridClock initialized. Resolution in nanos?: 1 Wait times tolerance adjustment: 1.0005 Current error: 492778
I1102 12:54:59.240371 31819 webserver.cc:108] Starting webserver on 0.0.0.0:0
I1102 12:54:59.240386 31819 webserver.cc:117] Document root disabled
I1102 12:54:59.240577 31819 webserver.cc:197] Webserver started. Bound to: 0.0.0.0:33693
I1102 12:54:59.241822 32467 tablet_bootstrap.cc:234] Tablet 11111111111111111111111111111111: Bootstrap starting.
I1102 12:54:59.243572 32467 tablet_bootstrap.cc:331] No previous blocks or log segments found for tablet: 11111111111111111111111111111111 creating new one.
I1102 12:54:59.244392 32467 tablet_bootstrap.cc:234] Tablet 11111111111111111111111111111111: No bootstrap required, opened a new log
I1102 12:54:59.245718 32469 tablet_peer.cc:213] Configuration changed for tablet: 11111111111111111111111111111111 in peer: cfa5b6a895ec435c8427e5aeb77114d7 Changed from: seqno: 0 local: true peers { permanent_uuid: "cfa5b6a895ec435c8427e5aeb77114d7" role: LEADER } Changed to: seqno: 1 local: true peers { permanent_uuid: "cfa5b6a895ec435c8427e5aeb77114d7" role: LEADER }
I1102 12:54:59.245777 32469 sys_tables.cc:217] SysTable state changed. New quorum config: seqno: 1 local: true peers { permanent_uuid: "cfa5b6a895ec435c8427e5aeb77114d7" role: LEADER }
I1102 12:54:59.246162 32467 tablet_bootstrap.cc:234] Tablet 00000000000000000000000000000000: Bootstrap starting.
I1102 12:54:59.247897 32467 tablet_bootstrap.cc:331] No previous blocks or log segments found for tablet: 00000000000000000000000000000000 creating new one.
I1102 12:54:59.248746 32467 tablet_bootstrap.cc:234] Tablet 00000000000000000000000000000000: No bootstrap required, opened a new log
I1102 12:54:59.249757 32467 sys_tables.cc:281] SysTable tablet configured and running, proceeding with master startup.
I1102 12:54:59.250047 32473 tablet_peer.cc:213] Configuration changed for tablet: 00000000000000000000000000000000 in peer: cfa5b6a895ec435c8427e5aeb77114d7 Changed from: seqno: 0 local: true peers { permanent_uuid: "cfa5b6a895ec435c8427e5aeb77114d7" role: LEADER } Changed to: seqno: 1 local: true peers { permanent_uuid: "cfa5b6a895ec435c8427e5aeb77114d7" role: LEADER }
I1102 12:54:59.250094 32467 sys_tables.cc:281] SysTable tablet configured and running, proceeding with master startup.
I1102 12:54:59.250097 32473 sys_tables.cc:217] SysTable state changed. New quorum config: seqno: 1 local: true peers { permanent_uuid: "cfa5b6a895ec435c8427e5aeb77114d7" role: LEADER }
I1102 12:54:59.260957 31819 fs_manager.cc:130] Generated new instance metadata in path /tmp/kudutest-1000/client-test.ClientTest.TestScanEmptyProjection.1414961696528764-31819/minicluster-data/ts-0-root/instance: uuid: "94095b7ce6f24d67829880be20fc1f0d" format_stamp: "Formatted at 2014-11-02 20:54:59 on qiwi"
I1102 12:54:59.261050 31819 fs_manager.cc:82] Opened local filesystem: /tmp/kudutest-1000/client-test.ClientTest.TestScanEmptyProjection.1414961696528764-31819/minicluster-data/ts-0-root uuid: "94095b7ce6f24d67829880be20fc1f0d" format_stamp: "Formatted at 2014-11-02 20:54:59 on qiwi"
I1102 12:54:59.261909 31819 hybrid_clock.cc:119] HybridClock initialized. Resolution in nanos?: 1 Wait times tolerance adjustment: 1.0005 Current error: 492778
I1102 12:54:59.266085 31819 webserver.cc:108] Starting webserver on 0.0.0.0:0
I1102 12:54:59.266101 31819 webserver.cc:117] Document root disabled
I1102 12:54:59.266314 31819 webserver.cc:197] Webserver started. Bound to: 0.0.0.0:38081
I1102 12:54:59.266444 31819 maintenance_manager.cc:118] MaintenanceManager: targeting memory size of 25.106701 GB
I1102 12:54:59.267889 32516 heartbeater.cc:227] Registering TS with master...
I1102 12:54:59.267942 32516 heartbeater.cc:233] Sending a full tablet report to master...
I1102 12:54:59.268257 32446 ts_manager.cc:66] Registered new tablet server { permanent_uuid: "94095b7ce6f24d67829880be20fc1f0d" instance_seqno: 1414961699265829 } with Master
I1102 12:54:59.268748 31819 mini_cluster.cc:268] 1 TS(s) registered with Master after 0.00218692s
I1102 12:54:59.271417 32448 catalog_manager.cc:437] CreateTable from {real_user=alex, eff_user=} at 127.0.0.1:37564: name: "client-testtb" schema { columns { name: "key" type: UINT32 is_key: true is_nullable: false encoding: AUTO_ENCODING compression: DEFAULT_COMPRESSION } columns { name: "int_val" type: UINT32 is_key: false is_nullable: false encoding: AUTO_ENCODING compression: DEFAULT_COMPRESSION } columns { name: "string_val" type: STRING is_key: false is_nullable: true encoding: AUTO_ENCODING compression: DEFAULT_COMPRESSION } columns { name: "non_null_with_default" type: UINT32 is_key: false is_nullable: false read_default_value: "90\000\000" write_default_value: "90\000\000" encoding: AUTO_ENCODING compression: DEFAULT_COMPRESSION } } pre_split_keys: "\000\000\000\t" num_replicas: 1
I1102 12:54:59.276577 32494 tablet_service.cc:264] Processing CreateTablet for tablet 2b221b8b4e3e4fb3b068ba142803a66d (table=client-testtb [id=886d795ace0244a1b5f04bcb8d15cb3c]), range=["\x00\x00\x00\t", ""]
I1102 12:54:59.276587 32495 tablet_service.cc:264] Processing CreateTablet for tablet 7f68ecdf4fd24c408cf75ba8312dbeea (table=client-testtb [id=886d795ace0244a1b5f04bcb8d15cb3c]), range=["", "\x00\x00\x00\t"]
I1102 12:54:59.277472 32495 ts_tablet_manager.cc:460] Registered tablet 7f68ecdf4fd24c408cf75ba8312dbeea
I1102 12:54:59.277554 32494 ts_tablet_manager.cc:460] Registered tablet 2b221b8b4e3e4fb3b068ba142803a66d
I1102 12:54:59.277948 32525 ts_tablet_manager.cc:325] Bootstrapping tablet: 7f68ecdf4fd24c408cf75ba8312dbeea
I1102 12:54:59.277957 32526 ts_tablet_manager.cc:325] Bootstrapping tablet: 2b221b8b4e3e4fb3b068ba142803a66d
I1102 12:54:59.278321 32526 tablet_bootstrap.cc:234] Tablet 2b221b8b4e3e4fb3b068ba142803a66d: Bootstrap starting.
I1102 12:54:59.278357 32525 tablet_bootstrap.cc:234] Tablet 7f68ecdf4fd24c408cf75ba8312dbeea: Bootstrap starting.
I1102 12:54:59.280154 32526 tablet_bootstrap.cc:331] No previous blocks or log segments found for tablet: 2b221b8b4e3e4fb3b068ba142803a66d creating new one.
I1102 12:54:59.280177 32525 tablet_bootstrap.cc:331] No previous blocks or log segments found for tablet: 7f68ecdf4fd24c408cf75ba8312dbeea creating new one.
I1102 12:54:59.281236 32525 tablet_bootstrap.cc:234] Tablet 7f68ecdf4fd24c408cf75ba8312dbeea: No bootstrap required, opened a new log
I1102 12:54:59.281388 32526 tablet_bootstrap.cc:234] Tablet 2b221b8b4e3e4fb3b068ba142803a66d: No bootstrap required, opened a new log
I1102 12:54:59.281427 32525 ts_tablet_manager.cc:330] Time spent tablet 7f68ecdf4fd24c408cf75ba8312dbeea bootstrap: real 0.003s user 0.002s sys 0.000s
I1102 12:54:59.281554 32526 ts_tablet_manager.cc:330] Time spent tablet 2b221b8b4e3e4fb3b068ba142803a66d bootstrap: real 0.004s user 0.002s sys 0.001s
I1102 12:54:59.282446 32525 ts_tablet_manager.cc:350] Time spent starting tablet 7f68ecdf4fd24c408cf75ba8312dbeea: real 0.001s user 0.001s sys 0.000s
I1102 12:54:59.282472 32526 ts_tablet_manager.cc:350] Time spent starting tablet 2b221b8b4e3e4fb3b068ba142803a66d: real 0.001s user 0.001s sys 0.000s
I1102 12:54:59.283017 32530 tablet_peer.cc:213] Configuration changed for tablet: 2b221b8b4e3e4fb3b068ba142803a66d in peer: 94095b7ce6f24d67829880be20fc1f0d Changed from: seqno: -1 local: true peers { permanent_uuid: "94095b7ce6f24d67829880be20fc1f0d" role: CANDIDATE last_known_addr { host: "127.0.0.1" port: 55136 } } Changed to: seqno: 0 local: true peers { permanent_uuid: "94095b7ce6f24d67829880be20fc1f0d" role: LEADER last_known_addr { host: "127.0.0.1" port: 55136 } }
I1102 12:54:59.283017 32529 tablet_peer.cc:213] Configuration changed for tablet: 7f68ecdf4fd24c408cf75ba8312dbeea in peer: 94095b7ce6f24d67829880be20fc1f0d Changed from: seqno: -1 local: true peers { permanent_uuid: "94095b7ce6f24d67829880be20fc1f0d" role: CANDIDATE last_known_addr { host: "127.0.0.1" port: 55136 } } Changed to: seqno: 0 local: true peers { permanent_uuid: "94095b7ce6f24d67829880be20fc1f0d" role: LEADER last_known_addr { host: "127.0.0.1" port: 55136 } }
I1102 12:54:59.289657 32446 catalog_manager.cc:1127] Tablet: 2b221b8b4e3e4fb3b068ba142803a66d reported quorum change. New quorum: seqno: 0 local: true peers { permanent_uuid: "94095b7ce6f24d67829880be20fc1f0d" role: LEADER last_known_addr { host: "127.0.0.1" port: 55136 } }
I1102 12:54:59.291085 32446 catalog_manager.cc:1127] Tablet: 7f68ecdf4fd24c408cf75ba8312dbeea reported quorum change. New quorum: seqno: 0 local: true peers { permanent_uuid: "94095b7ce6f24d67829880be20fc1f0d" role: LEADER last_known_addr { host: "127.0.0.1" port: 55136 } }
I1102 12:54:59.298900 32451 catalog_manager.cc:437] CreateTable from {real_user=alex, eff_user=} at 127.0.0.1:37564: name: "client-testtb2" schema { columns { name: "key" type: UINT32 is_key: true is_nullable: false encoding: AUTO_ENCODING compression: DEFAULT_COMPRESSION } columns { name: "int_val" type: UINT32 is_key: false is_nullable: false encoding: AUTO_ENCODING compression: DEFAULT_COMPRESSION } columns { name: "string_val" type: STRING is_key: false is_nullable: true encoding: AUTO_ENCODING compression: DEFAULT_COMPRESSION } columns { name: "non_null_with_default" type: UINT32 is_key: false is_nullable: false read_default_value: "90\000\000" write_default_value: "90\000\000" encoding: AUTO_ENCODING compression: DEFAULT_COMPRESSION } } num_replicas: 1
I1102 12:54:59.302749 32496 tablet_service.cc:264] Processing CreateTablet for tablet 89f9095d8d7549298fe878a5852dc2f7 (table=client-testtb2 [id=7b10cd517af24a08954019c1e890794b]), range=["", ""]
I1102 12:54:59.303679 32496 ts_tablet_manager.cc:460] Registered tablet 89f9095d8d7549298fe878a5852dc2f7
I1102 12:54:59.303768 32525 ts_tablet_manager.cc:325] Bootstrapping tablet: 89f9095d8d7549298fe878a5852dc2f7
I1102 12:54:59.304131 32525 tablet_bootstrap.cc:234] Tablet 89f9095d8d7549298fe878a5852dc2f7: Bootstrap starting.
I1102 12:54:59.306062 32525 tablet_bootstrap.cc:331] No previous blocks or log segments found for tablet: 89f9095d8d7549298fe878a5852dc2f7 creating new one.
I1102 12:54:59.306917 32525 tablet_bootstrap.cc:234] Tablet 89f9095d8d7549298fe878a5852dc2f7: No bootstrap required, opened a new log
I1102 12:54:59.307106 32525 ts_tablet_manager.cc:330] Time spent tablet 89f9095d8d7549298fe878a5852dc2f7 bootstrap: real 0.003s user 0.002s sys 0.001s
I1102 12:54:59.308055 32525 ts_tablet_manager.cc:350] Time spent starting tablet 89f9095d8d7549298fe878a5852dc2f7: real 0.001s user 0.000s sys 0.000s
I1102 12:54:59.308418 32536 tablet_peer.cc:213] Configuration changed for tablet: 89f9095d8d7549298fe878a5852dc2f7 in peer: 94095b7ce6f24d67829880be20fc1f0d Changed from: seqno: -1 local: true peers { permanent_uuid: "94095b7ce6f24d67829880be20fc1f0d" role: CANDIDATE last_known_addr { host: "127.0.0.1" port: 55136 } } Changed to: seqno: 0 local: true peers { permanent_uuid: "94095b7ce6f24d67829880be20fc1f0d" role: LEADER last_known_addr { host: "127.0.0.1" port: 55136 } }
I1102 12:54:59.313645 32448 catalog_manager.cc:1127] Tablet: 89f9095d8d7549298fe878a5852dc2f7 reported quorum change. New quorum: seqno: 0 local: true peers { permanent_uuid: "94095b7ce6f24d67829880be20fc1f0d" role: LEADER last_known_addr { host: "127.0.0.1" port: 55136 } }
I1102 12:54:59.477874 31819 client-test.cc:651] Time spent Scanning with no projected columns: real 0.007s user 0.001s sys 0.000s
I1102 12:54:59.477932 31819 tablet_server.cc:114] TabletServer shutting down...
I1102 12:54:59.490321 31819 ts_tablet_manager.cc:402] Shutting down tablet manager...
I1102 12:54:59.490378 31819 maintenance_manager.cc:177] Unregistered op LogGCOp
I1102 12:54:59.490417 31819 tablet_peer.cc:231] Initiating TabletPeer shutdown for tablet: 2b221b8b4e3e4fb3b068ba142803a66d
I1102 12:54:59.490443 31819 maintenance_manager.cc:177] Unregistered op FlushMRSOp(2b221b8b4e3e4fb3b068ba142803a66d)
I1102 12:54:59.490464 31819 maintenance_manager.cc:177] Unregistered op CompactRowSetsOp(2b221b8b4e3e4fb3b068ba142803a66d)
I1102 12:54:59.490476 31819 maintenance_manager.cc:177] Unregistered op FlushDeltaMemStoresOp(2b221b8b4e3e4fb3b068ba142803a66d)
I1102 12:54:59.490936 31819 tablet_peer.cc:231] Initiating TabletPeer shutdown for tablet: 7f68ecdf4fd24c408cf75ba8312dbeea
I1102 12:54:59.490957 31819 maintenance_manager.cc:177] Unregistered op FlushMRSOp(7f68ecdf4fd24c408cf75ba8312dbeea)
I1102 12:54:59.490968 31819 maintenance_manager.cc:177] Unregistered op CompactRowSetsOp(7f68ecdf4fd24c408cf75ba8312dbeea)
I1102 12:54:59.490977 31819 maintenance_manager.cc:177] Unregistered op FlushDeltaMemStoresOp(7f68ecdf4fd24c408cf75ba8312dbeea)
I1102 12:54:59.491329 31819 tablet_peer.cc:231] Initiating TabletPeer shutdown for tablet: 89f9095d8d7549298fe878a5852dc2f7
I1102 12:54:59.491348 31819 maintenance_manager.cc:177] Unregistered op FlushMRSOp(89f9095d8d7549298fe878a5852dc2f7)
I1102 12:54:59.491358 31819 maintenance_manager.cc:177] Unregistered op CompactRowSetsOp(89f9095d8d7549298fe878a5852dc2f7)
I1102 12:54:59.491370 31819 maintenance_manager.cc:177] Unregistered op FlushDeltaMemStoresOp(89f9095d8d7549298fe878a5852dc2f7)
I1102 12:54:59.494858 31819 tablet_server.cc:123] TabletServer shut down complete. Bye!
I1102 12:54:59.494874 31819 tablet_server.cc:114] TabletServer shutting down...
I1102 12:54:59.494897 31819 tablet_server.cc:123] TabletServer shut down complete. Bye!
I1102 12:54:59.495599 31819 master.cc:124] Master@127.0.0.1:56579 shutting down...
I1102 12:54:59.507175 31819 tablet_peer.cc:231] Initiating TabletPeer shutdown for tablet: 11111111111111111111111111111111
I1102 12:54:59.507612 31819 tablet_peer.cc:231] Initiating TabletPeer shutdown for tablet: 00000000000000000000000000000000
I1102 12:54:59.507994 31819 master.cc:127] Master@127.0.0.1:56579 shutdown complete. [ OK ] ClientTest.TestScanEmptyProjection (422 ms) [ RUN ] ClientTest.TestScanPredicateKeyColNotProjected
I1102 12:54:59.651963 31819 fs_manager.cc:130] Generated new instance metadata in path /tmp/kudutest-1000/client-test.ClientTest.TestScanPredicateKeyColNotProjected.1414961696528764-31819/minicluster-data/master-0-root/instance: uuid: "a39a7c18558c4ad2ac65998fe7b5c817" format_stamp: "Formatted at 2014-11-02 20:54:59 on qiwi"
I1102 12:54:59.652084 31819 fs_manager.cc:82] Opened local filesystem: /tmp/kudutest-1000/client-test.ClientTest.TestScanPredicateKeyColNotProjected.1414961696528764-31819/minicluster-data/master-0-root uuid: "a39a7c18558c4ad2ac65998fe7b5c817" format_stamp: "Formatted at 2014-11-02 20:54:59 on qiwi"
I1102 12:54:59.652798 31819 hybrid_clock.cc:119] HybridClock initialized. Resolution in nanos?: 1 Wait times tolerance adjustment: 1.0005 Current error: 492778
I1102 12:54:59.655625 31819 webserver.cc:108] Starting webserver on 0.0.0.0:0
I1102 12:54:59.655640 31819 webserver.cc:117] Document root disabled
I1102 12:54:59.655830 31819 webserver.cc:197] Webserver started. Bound to: 0.0.0.0:34061
I1102 12:54:59.657086 32574 tablet_bootstrap.cc:234] Tablet 11111111111111111111111111111111: Bootstrap starting.
I1102 12:54:59.658942 32574 tablet_bootstrap.cc:331] No previous blocks or log segments found for tablet: 11111111111111111111111111111111 creating new one.
I1102 12:54:59.659749 32574 tablet_bootstrap.cc:234] Tablet 11111111111111111111111111111111: No bootstrap required, opened a new log
I1102 12:54:59.661136 32576 tablet_peer.cc:213] Configuration changed for tablet: 11111111111111111111111111111111 in peer: a39a7c18558c4ad2ac65998fe7b5c817 Changed from: seqno: 0 local: true peers { permanent_uuid: "a39a7c18558c4ad2ac65998fe7b5c817" role: LEADER } Changed to: seqno: 1 local: true peers { permanent_uuid: "a39a7c18558c4ad2ac65998fe7b5c817" role: LEADER }
I1102 12:54:59.661193 32576 sys_tables.cc:217] SysTable state changed. New quorum config: seqno: 1 local: true peers { permanent_uuid: "a39a7c18558c4ad2ac65998fe7b5c817" role: LEADER }
I1102 12:54:59.661584 32574 tablet_bootstrap.cc:234] Tablet 00000000000000000000000000000000: Bootstrap starting.
I1102 12:54:59.663380 32574 tablet_bootstrap.cc:331] No previous blocks or log segments found for tablet: 00000000000000000000000000000000 creating new one.
I1102 12:54:59.664170 32574 tablet_bootstrap.cc:234] Tablet 00000000000000000000000000000000: No bootstrap required, opened a new log
I1102 12:54:59.665233 32574 sys_tables.cc:281] SysTable tablet configured and running, proceeding with master startup.
I1102 12:54:59.665606 32580 tablet_peer.cc:213] Configuration changed for tablet: 00000000000000000000000000000000 in peer: a39a7c18558c4ad2ac65998fe7b5c817 Changed from: seqno: 0 local: true peers { permanent_uuid: "a39a7c18558c4ad2ac65998fe7b5c817" role: LEADER } Changed to: seqno: 1 local: true peers { permanent_uuid: "a39a7c18558c4ad2ac65998fe7b5c817" role: LEADER }
I1102 12:54:59.665655 32574 sys_tables.cc:281] SysTable tablet configured and running, proceeding with master startup.
I1102 12:54:59.665657 32580 sys_tables.cc:217] SysTable state changed. New quorum config: seqno: 1 local: true peers { permanent_uuid: "a39a7c18558c4ad2ac65998fe7b5c817" role: LEADER }
I1102 12:54:59.676560 31819 fs_manager.cc:130] Generated new instance metadata in path /tmp/kudutest-1000/client-test.ClientTest.TestScanPredicateKeyColNotProjected.1414961696528764-31819/minicluster-data/ts-0-root/instance: uuid: "9fe08d940d74470bbb357e11bd47698b" format_stamp: "Formatted at 2014-11-02 20:54:59 on qiwi"
I1102 12:54:59.676651 31819 fs_manager.cc:82] Opened local filesystem: /tmp/kudutest-1000/client-test.ClientTest.TestScanPredicateKeyColNotProjected.1414961696528764-31819/minicluster-data/ts-0-root uuid: "9fe08d940d74470bbb357e11bd47698b" format_stamp: "Formatted at 2014-11-02 20:54:59 on qiwi"
I1102 12:54:59.677500 31819 hybrid_clock.cc:119] HybridClock initialized. Resolution in nanos?: 1 Wait times tolerance adjustment: 1.0005 Current error: 492778
I1102 12:54:59.682359 31819 webserver.cc:108] Starting webserver on 0.0.0.0:0
I1102 12:54:59.682379 31819 webserver.cc:117] Document root disabled
I1102 12:54:59.682612 31819 webserver.cc:197] Webserver started. Bound to: 0.0.0.0:46946
I1102 12:54:59.682795 31819 maintenance_manager.cc:118] MaintenanceManager: targeting memory size of 25.106701 GB
I1102 12:54:59.684322 32623 heartbeater.cc:227] Registering TS with master...
I1102 12:54:59.684375 32623 heartbeater.cc:233] Sending a full tablet report to master...
I1102 12:54:59.684680 32553 ts_manager.cc:66] Registered new tablet server { permanent_uuid: "9fe08d940d74470bbb357e11bd47698b" instance_seqno: 1414961699682094 } with Master
I1102 12:54:59.685097 31819 mini_cluster.cc:268] 1 TS(s) registered with Master after 0.00219103s
I1102 12:54:59.688251 32555 catalog_manager.cc:437] CreateTable from {real_user=alex, eff_user=} at 127.0.0.1:58693: name: "client-testtb" schema { columns { name: "key" type: UINT32 is_key: true is_nullable: false encoding: AUTO_ENCODING compression: DEFAULT_COMPRESSION } columns { name: "int_val" type: UINT32 is_key: false is_nullable: false encoding: AUTO_ENCODING compression: DEFAULT_COMPRESSION } columns { name: "string_val" type: STRING is_key: false is_nullable: true encoding: AUTO_ENCODING compression: DEFAULT_COMPRESSION } columns { name: "non_null_with_default" type: UINT32 is_key: false is_nullable: false read_default_value: "90\000\000" write_default_value: "90\000\000" encoding: AUTO_ENCODING compression: DEFAULT_COMPRESSION } } pre_split_keys: "\000\000\000\t" num_replicas: 1
I1102 12:54:59.694571 32601 tablet_service.cc:264] Processing CreateTablet for tablet cae8fe0b24634020bd6db4e28ab34609 (table=client-testtb [id=8077fee17e704ca1a0bca15bcb2d25f0]), range=["\x00\x00\x00\t", ""]
I1102 12:54:59.694787 32602 tablet_service.cc:264] Processing CreateTablet for tablet fca0679ad30949ca8fbff494bcd02105 (table=client-testtb [id=8077fee17e704ca1a0bca15bcb2d25f0]), range=["", "\x00\x00\x00\t"]
I1102 12:54:59.695797 32601 ts_tablet_manager.cc:460] Registered tablet cae8fe0b24634020bd6db4e28ab34609
I1102 12:54:59.695849 32602 ts_tablet_manager.cc:460] Registered tablet fca0679ad30949ca8fbff494bcd02105
I1102 12:54:59.696287 32632 ts_tablet_manager.cc:325] Bootstrapping tablet: cae8fe0b24634020bd6db4e28ab34609
I1102 12:54:59.696308 32633 ts_tablet_manager.cc:325] Bootstrapping tablet: fca0679ad30949ca8fbff494bcd02105
I1102 12:54:59.696766 32632 tablet_bootstrap.cc:234] Tablet cae8fe0b24634020bd6db4e28ab34609: Bootstrap starting.
I1102 12:54:59.696779 32633 tablet_bootstrap.cc:234] Tablet fca0679ad30949ca8fbff494bcd02105: Bootstrap starting.
I1102 12:54:59.702200 32632 tablet_bootstrap.cc:331] No previous blocks or log segments found for tablet: cae8fe0b24634020bd6db4e28ab34609 creating new one.
I1102 12:54:59.702510 32633 tablet_bootstrap.cc:331] No previous blocks or log segments found for tablet: fca0679ad30949ca8fbff494bcd02105 creating new one.
I1102 12:54:59.704530 32632 tablet_bootstrap.cc:234] Tablet cae8fe0b24634020bd6db4e28ab34609: No bootstrap required, opened a new log
I1102 12:54:59.705093 32632 ts_tablet_manager.cc:330] Time spent tablet cae8fe0b24634020bd6db4e28ab34609 bootstrap: real 0.009s user 0.006s sys 0.002s
I1102 12:54:59.705173 32633 tablet_bootstrap.cc:234] Tablet fca0679ad30949ca8fbff494bcd02105: No bootstrap required, opened a new log
I1102 12:54:59.705711 32633 ts_tablet_manager.cc:330] Time spent tablet fca0679ad30949ca8fbff494bcd02105 bootstrap: real 0.009s user 0.006s sys 0.002s
I1102 12:54:59.707427 32632 ts_tablet_manager.cc:350] Time spent starting tablet cae8fe0b24634020bd6db4e28ab34609: real 0.002s user 0.001s sys 0.000s
I1102 12:54:59.708444 32633 ts_tablet_manager.cc:350] Time spent starting tablet fca0679ad30949ca8fbff494bcd02105: real 0.003s user 0.001s sys 0.001s
I1102 12:54:59.708400 32636 tablet_peer.cc:213] Configuration changed for tablet: cae8fe0b24634020bd6db4e28ab34609 in peer: 9fe08d940d74470bbb357e11bd47698b Changed from: seqno: -1 local: true peers { permanent_uuid: "9fe08d940d74470bbb357e11bd47698b" role: CANDIDATE last_known_addr { host: "127.0.0.1" port: 59356 } } Changed to: seqno: 0 local: true peers { permanent_uuid: "9fe08d940d74470bbb357e11bd47698b" role: LEADER last_known_addr { host: "127.0.0.1" port: 59356 } }
I1102 12:54:59.708976 32637 tablet_peer.cc:213] Configuration changed for tablet: fca0679ad30949ca8fbff494bcd02105 in peer: 9fe08d940d74470bbb357e11bd47698b Changed from: seqno: -1 local: true peers { permanent_uuid: "9fe08d940d74470bbb357e11bd47698b" role: CANDIDATE last_known_addr { host: "127.0.0.1" port: 59356 } } Changed to: seqno: 0 local: true peers { permanent_uuid: "9fe08d940d74470bbb357e11bd47698b" role: LEADER last_known_addr { host: "127.0.0.1" port: 59356 } }
I1102 12:54:59.718706 32556 catalog_manager.cc:1127] Tablet: cae8fe0b24634020bd6db4e28ab34609 reported quorum change. New quorum: seqno: 0 local: true peers { permanent_uuid: "9fe08d940d74470bbb357e11bd47698b" role: LEADER last_known_addr { host: "127.0.0.1" port: 59356 } }
I1102 12:54:59.723541 32556 catalog_manager.cc:1127] Tablet: fca0679ad30949ca8fbff494bcd02105 reported quorum change. New quorum: seqno: 0 local: true peers { permanent_uuid: "9fe08d940d74470bbb357e11bd47698b" role: LEADER last_known_addr { host: "127.0.0.1" port: 59356 } }
I1102 12:54:59.741040 32552 catalog_manager.cc:437] CreateTable from {real_user=alex, eff_user=} at 127.0.0.1:58693: name: "client-testtb2" schema { columns { name: "key" type: UINT32 is_key: true is_nullable: false encoding: AUTO_ENCODING compression: DEFAULT_COMPRESSION } columns { name: "int_val" type: UINT32 is_key: false is_nullable: false encoding: AUTO_ENCODING compression: DEFAULT_COMPRESSION } columns { name: "string_val" type: STRING is_key: false is_nullable: true encoding: AUTO_ENCODING compression: DEFAULT_COMPRESSION } columns { name: "non_null_with_default" type: UINT32 is_key: false is_nullable: false read_default_value: "90\000\000" write_default_value: "90\000\000" encoding: AUTO_ENCODING compression: DEFAULT_COMPRESSION } } num_replicas: 1
I1102 12:54:59.751315 32603 tablet_service.cc:264] Processing CreateTablet for tablet 0cc06d5da10a4179a8fa2eca342666f1 (table=client-testtb2 [id=a417ca25d24249928703e16be9ec6d4c]), range=["", ""]
I1102 12:54:59.753897 32603 ts_tablet_manager.cc:460] Registered tablet 0cc06d5da10a4179a8fa2eca342666f1
I1102 12:54:59.754113 32632 ts_tablet_manager.cc:325] Bootstrapping tablet: 0cc06d5da10a4179a8fa2eca342666f1
I1102 12:54:59.755195 32632 tablet_bootstrap.cc:234] Tablet 0cc06d5da10a4179a8fa2eca342666f1: Bootstrap starting.
I1102 12:54:59.759456 32632 tablet_bootstrap.cc:331] No previous blocks or log segments found for tablet: 0cc06d5da10a4179a8fa2eca342666f1 creating new one.
I1102 12:54:59.761147 32632 tablet_bootstrap.cc:234] Tablet 0cc06d5da10a4179a8fa2eca342666f1: No bootstrap required, opened a new log
I1102 12:54:59.761544 32632 ts_tablet_manager.cc:330] Time spent tablet 0cc06d5da10a4179a8fa2eca342666f1 bootstrap: real 0.007s user 0.005s sys 0.001s
I1102 12:54:59.763219 32632 ts_tablet_manager.cc:350] Time spent starting tablet 0cc06d5da10a4179a8fa2eca342666f1: real 0.002s user 0.001s sys 0.000s
I1102 12:54:59.763761 32642 tablet_peer.cc:213] Configuration changed for tablet: 0cc06d5da10a4179a8fa2eca342666f1 in peer: 9fe08d940d74470bbb357e11bd47698b Changed from: seqno: -1 local: true peers { permanent_uuid: "9fe08d940d74470bbb357e11bd47698b" role: CANDIDATE last_known_addr { host: "127.0.0.1" port: 59356 } } Changed to: seqno: 0 local: true peers { permanent_uuid: "9fe08d940d74470bbb357e11bd47698b" role: LEADER last_known_addr { host: "127.0.0.1" port: 59356 } }
I1102 12:54:59.774189 32552 catalog_manager.cc:1127] Tablet: 0cc06d5da10a4179a8fa2eca342666f1 reported quorum change. New quorum: seqno: 0 local: true peers { permanent_uuid: "9fe08d940d74470bbb357e11bd47698b" role: LEADER last_known_addr { host: "127.0.0.1" port: 59356 } }
I1102 12:54:59.957857 31819 client-test.cc:683] Time spent Scanning with predicate columns not projected: real 0.010s user 0.001s sys 0.000s
I1102 12:54:59.957983 31819 tablet_server.cc:114] TabletServer shutting down...
I1102 12:54:59.960911 31819 ts_tablet_manager.cc:402] Shutting down tablet manager...
I1102 12:54:59.961228 31819 maintenance_manager.cc:177] Unregistered op LogGCOp
I1102 12:54:59.961298 31819 tablet_peer.cc:231] Initiating TabletPeer shutdown for tablet: 0cc06d5da10a4179a8fa2eca342666f1
I1102 12:54:59.961341 31819 maintenance_manager.cc:177] Unregistered op FlushMRSOp(0cc06d5da10a4179a8fa2eca342666f1)
I1102 12:54:59.961356 31819 maintenance_manager.cc:177] Unregistered op CompactRowSetsOp(0cc06d5da10a4179a8fa2eca342666f1)
I1102 12:54:59.961374 31819 maintenance_manager.cc:177] Unregistered op FlushDeltaMemStoresOp(0cc06d5da10a4179a8fa2eca342666f1)
I1102 12:54:59.962033 31819 tablet_peer.cc:231] Initiating TabletPeer shutdown for tablet: cae8fe0b24634020bd6db4e28ab34609
I1102 12:54:59.962069 31819 maintenance_manager.cc:177] Unregistered op FlushMRSOp(cae8fe0b24634020bd6db4e28ab34609)
I1102 12:54:59.962090 31819 maintenance_manager.cc:177] Unregistered op CompactRowSetsOp(cae8fe0b24634020bd6db4e28ab34609)
I1102 12:54:59.962110 31819 maintenance_manager.cc:177] Unregistered op FlushDeltaMemStoresOp(cae8fe0b24634020bd6db4e28ab34609)
I1102 12:54:59.962561 31819 tablet_peer.cc:231] Initiating TabletPeer shutdown for tablet: fca0679ad30949ca8fbff494bcd02105
I1102 12:54:59.962599 31819 maintenance_manager.cc:177] Unregistered op FlushMRSOp(fca0679ad30949ca8fbff494bcd02105)
I1102 12:54:59.962617 31819 maintenance_manager.cc:177] Unregistered op CompactRowSetsOp(fca0679ad30949ca8fbff494bcd02105)
I1102 12:54:59.962637 31819 maintenance_manager.cc:177] Unregistered op FlushDeltaMemStoresOp(fca0679ad30949ca8fbff494bcd02105)
I1102 12:54:59.968003 31819 tablet_server.cc:123] TabletServer shut down complete. Bye!
I1102 12:54:59.968049 31819 tablet_server.cc:114] TabletServer shutting down...
I1102 12:54:59.968078 31819 tablet_server.cc:123] TabletServer shut down complete. Bye!
I1102 12:54:59.969370 31819 master.cc:124] Master@127.0.0.1:55672 shutting down...
I1102 12:54:59.981123 31819 tablet_peer.cc:231] Initiating TabletPeer shutdown for tablet: 11111111111111111111111111111111
I1102 12:54:59.982136 31819 tablet_peer.cc:231] Initiating TabletPeer shutdown for tablet: 00000000000000000000000000000000
I1102 12:54:59.982527 31819 master.cc:127] Master@127.0.0.1:55672 shutdown complete. [ OK ] ClientTest.TestScanPredicateKeyColNotProjected (474 ms) [ RUN ] ClientTest.TestScanPredicateNonKeyColNotProjected
I1102 12:55:00.138046 31819 fs_manager.cc:130] Generated new instance metadata in path /tmp/kudutest-1000/client-test.ClientTest.TestScanPredicateNonKeyColNotProjected.1414961696528764-31819/minicluster-data/master-0-root/instance: uuid: "34c86ec7c3f84f10b72ed45c49148930" format_stamp: "Formatted at 2014-11-02 20:54:59 on qiwi"
I1102 12:55:00.138180 31819 fs_manager.cc:82] Opened local filesystem: /tmp/kudutest-1000/client-test.ClientTest.TestScanPredicateNonKeyColNotProjected.1414961696528764-31819/minicluster-data/master-0-root uuid: "34c86ec7c3f84f10b72ed45c49148930" format_stamp: "Formatted at 2014-11-02 20:54:59 on qiwi"
I1102 12:55:00.139049 31819 hybrid_clock.cc:119] HybridClock initialized. Resolution in nanos?: 1 Wait times tolerance adjustment: 1.0005 Current error: 493278
I1102 12:55:00.142254 31819 webserver.cc:108] Starting webserver on 0.0.0.0:0
I1102 12:55:00.142282 31819 webserver.cc:117] Document root disabled
I1102 12:55:00.142514 31819 webserver.cc:197] Webserver started. Bound to: 0.0.0.0:37862
I1102 12:55:00.143754 32672 tablet_bootstrap.cc:234] Tablet 11111111111111111111111111111111: Bootstrap starting.
I1102 12:55:00.145938 32672 tablet_bootstrap.cc:331] No previous blocks or log segments found for tablet: 11111111111111111111111111111111 creating new one.
I1102 12:55:00.146829 32672 tablet_bootstrap.cc:234] Tablet 11111111111111111111111111111111: No bootstrap required, opened a new log
I1102 12:55:00.148217 32674 tablet_peer.cc:213] Configuration changed for tablet: 11111111111111111111111111111111 in peer: 34c86ec7c3f84f10b72ed45c49148930 Changed from: seqno: 0 local: true peers { permanent_uuid: "34c86ec7c3f84f10b72ed45c49148930" role: LEADER } Changed to: seqno: 1 local: true peers { permanent_uuid: "34c86ec7c3f84f10b72ed45c49148930" role: LEADER }
I1102 12:55:00.148278 32674 sys_tables.cc:217] SysTable state changed. New quorum config: seqno: 1 local: true peers { permanent_uuid: "34c86ec7c3f84f10b72ed45c49148930" role: LEADER }
I1102 12:55:00.148828 32672 tablet_bootstrap.cc:234] Tablet 00000000000000000000000000000000: Bootstrap starting.
I1102 12:55:00.150816 32672 tablet_bootstrap.cc:331] No previous blocks or log segments found for tablet: 00000000000000000000000000000000 creating new one.
I1102 12:55:00.151713 32672 tablet_bootstrap.cc:234] Tablet 00000000000000000000000000000000: No bootstrap required, opened a new log
I1102 12:55:00.152730 32672 sys_tables.cc:281] SysTable tablet configured and running, proceeding with master startup.
I1102 12:55:00.153026 32678 tablet_peer.cc:213] Configuration changed for tablet: 00000000000000000000000000000000 in peer: 34c86ec7c3f84f10b72ed45c49148930 Changed from: seqno: 0 local: true peers { permanent_uuid: "34c86ec7c3f84f10b72ed45c49148930" role: LEADER } Changed to: seqno: 1 local: true peers { permanent_uuid: "34c86ec7c3f84f10b72ed45c49148930" role: LEADER }
I1102 12:55:00.153085 32672 sys_tables.cc:281] SysTable tablet configured and running, proceeding with master startup.
I1102 12:55:00.153090 32678 sys_tables.cc:217] SysTable state changed. New quorum config: seqno: 1 local: true peers { permanent_uuid: "34c86ec7c3f84f10b72ed45c49148930" role: LEADER }
I1102 12:55:00.164227 31819 fs_manager.cc:130] Generated new instance metadata in path /tmp/kudutest-1000/client-test.ClientTest.TestScanPredicateNonKeyColNotProjected.1414961696528764-31819/minicluster-data/ts-0-root/instance: uuid: "09b8d9e042404fd18e0f369924cd62d8" format_stamp: "Formatted at 2014-11-02 20:55:00 on qiwi"
I1102 12:55:00.164327 31819 fs_manager.cc:82] Opened local filesystem: /tmp/kudutest-1000/client-test.ClientTest.TestScanPredicateNonKeyColNotProjected.1414961696528764-31819/minicluster-data/ts-0-root uuid: "09b8d9e042404fd18e0f369924cd62d8" format_stamp: "Formatted at 2014-11-02 20:55:00 on qiwi"
I1102 12:55:00.165199 31819 hybrid_clock.cc:119] HybridClock initialized. Resolution in nanos?: 1 Wait times tolerance adjustment: 1.0005 Current error: 493278
I1102 12:55:00.169549 31819 webserver.cc:108] Starting webserver on 0.0.0.0:0
I1102 12:55:00.169575 31819 webserver.cc:117] Document root disabled
I1102 12:55:00.169795 31819 webserver.cc:197] Webserver started. Bound to: 0.0.0.0:37816
I1102 12:55:00.169925 31819 maintenance_manager.cc:118] MaintenanceManager: targeting memory size of 25.106701 GB
I1102 12:55:00.171355 32721 heartbeater.cc:227] Registering TS with master...
I1102 12:55:00.171422 32721 heartbeater.cc:233] Sending a full tablet report to master...
I1102 12:55:00.171743 32651 ts_manager.cc:66] Registered new tablet server { permanent_uuid: "09b8d9e042404fd18e0f369924cd62d8" instance_seqno: 1414961700169285 } with Master
I1102 12:55:00.172261 31819 mini_cluster.cc:268] 1 TS(s) registered with Master after 0.00216293s
I1102 12:55:00.175212 32653 catalog_manager.cc:437] CreateTable from {real_user=alex, eff_user=} at 127.0.0.1:47815: name: "client-testtb" schema { columns { name: "key" type: UINT32 is_key: true is_nullable: false encoding: AUTO_ENCODING compression: DEFAULT_COMPRESSION } columns { name: "int_val" type: UINT32 is_key: false is_nullable: false encoding: AUTO_ENCODING compression: DEFAULT_COMPRESSION } columns { name: "string_val" type: STRING is_key: false is_nullable: true encoding: AUTO_ENCODING compression: DEFAULT_COMPRESSION } columns { name: "non_null_with_default" type: UINT32 is_key: false is_nullable: false read_default_value: "90\000\000" write_default_value: "90\000\000" encoding: AUTO_ENCODING compression: DEFAULT_COMPRESSION } } pre_split_keys: "\000\000\000\t" num_replicas: 1
I1102 12:55:00.180896 32699 tablet_service.cc:264] Processing CreateTablet for tablet 4b692d61696849b0b75a8f32819e5467 (table=client-testtb [id=fbf856c4403e4690a6a9cf97b59ced8a]), range=["", "\x00\x00\x00\t"]
I1102 12:55:00.180948 32700 tablet_service.cc:264] Processing CreateTablet for tablet 4fe0719417a14383a3d416f5eb44a281 (table=client-testtb [id=fbf856c4403e4690a6a9cf97b59ced8a]), range=["\x00\x00\x00\t", ""]
I1102 12:55:00.181803 32699 ts_tablet_manager.cc:460] Registered tablet 4b692d61696849b0b75a8f32819e5467
I1102 12:55:00.181826 32700 ts_tablet_manager.cc:460] Registered tablet 4fe0719417a14383a3d416f5eb44a281
I1102 12:55:00.182322 32731 ts_tablet_manager.cc:325] Bootstrapping tablet: 4fe0719417a14383a3d416f5eb44a281
I1102 12:55:00.182322 32730 ts_tablet_manager.cc:325] Bootstrapping tablet: 4b692d61696849b0b75a8f32819e5467
I1102 12:55:00.183073 32730 tablet_bootstrap.cc:234] Tablet 4b692d61696849b0b75a8f32819e5467: Bootstrap starting.
I1102 12:55:00.183073 32731 tablet_bootstrap.cc:234] Tablet 4fe0719417a14383a3d416f5eb44a281: Bootstrap starting.
I1102 12:55:00.186525 32731 tablet_bootstrap.cc:331] No previous blocks or log segments found for tablet: 4fe0719417a14383a3d416f5eb44a281 creating new one.
I1102 12:55:00.186712 32730 tablet_bootstrap.cc:331] No previous blocks or log segments found for tablet: 4b692d61696849b0b75a8f32819e5467 creating new one.
I1102 12:55:00.187919 32731 tablet_bootstrap.cc:234] Tablet 4fe0719417a14383a3d416f5eb44a281: No bootstrap required, opened a new log
I1102 12:55:00.188149 32731 ts_tablet_manager.cc:330] Time spent tablet 4fe0719417a14383a3d416f5eb44a281 bootstrap: real 0.006s user 0.004s sys 0.001s
I1102 12:55:00.188632 32730 tablet_bootstrap.cc:234] Tablet 4b692d61696849b0b75a8f32819e5467: No bootstrap required, opened a new log
I1102 12:55:00.188817 32730 ts_tablet_manager.cc:330] Time spent tablet 4b692d61696849b0b75a8f32819e5467 bootstrap: real 0.006s user 0.004s sys 0.001s
I1102 12:55:00.189282 32731 ts_tablet_manager.cc:350] Time spent starting tablet 4fe0719417a14383a3d416f5eb44a281: real 0.001s user 0.001s sys 0.000s
I1102 12:55:00.189702 32730 ts_tablet_manager.cc:350] Time spent starting tablet 4b692d61696849b0b75a8f32819e5467: real 0.001s user 0.000s sys 0.000s
I1102 12:55:00.189646 32735 tablet_peer.cc:213] Configuration changed for tablet: 4fe0719417a14383a3d416f5eb44a281 in peer: 09b8d9e042404fd18e0f369924cd62d8 Changed from: seqno: -1 local: true peers { permanent_uuid: "09b8d9e042404fd18e0f369924cd62d8" role: CANDIDATE last_known_addr { host: "127.0.0.1" port: 47765 } } Changed to: seqno: 0 local: true peers { permanent_uuid: "09b8d9e042404fd18e0f369924cd62d8" role: LEADER last_known_addr { host: "127.0.0.1" port: 47765 } }
I1102 12:55:00.189898 32734 tablet_peer.cc:213] Configuration changed for tablet: 4b692d61696849b0b75a8f32819e5467 in peer: 09b8d9e042404fd18e0f369924cd62d8 Changed from: seqno: -1 local: true peers { permanent_uuid: "09b8d9e042404fd18e0f369924cd62d8" role: CANDIDATE last_known_addr { host: "127.0.0.1" port: 47765 } } Changed to: seqno: 0 local: true peers { permanent_uuid: "09b8d9e042404fd18e0f369924cd62d8" role: LEADER last_known_addr { host: "127.0.0.1" port: 47765 } }
I1102 12:55:00.193248 32651 catalog_manager.cc:1127] Tablet: 4b692d61696849b0b75a8f32819e5467 reported quorum change. New quorum: seqno: 0 local: true peers { permanent_uuid: "09b8d9e042404fd18e0f369924cd62d8" role: LEADER last_known_addr { host: "127.0.0.1" port: 47765 } }
I1102 12:55:00.194715 32651 catalog_manager.cc:1127] Tablet: 4fe0719417a14383a3d416f5eb44a281 reported quorum change. New quorum: seqno: 0 local: true peers { permanent_uuid: "09b8d9e042404fd18e0f369924cd62d8" role: LEADER last_known_addr { host: "127.0.0.1" port: 47765 } }
I1102 12:55:00.197839 32655 catalog_manager.cc:437] CreateTable from {real_user=alex, eff_user=} at 127.0.0.1:47815: name: "client-testtb2" schema { columns { name: "key" type: UINT32 is_key: true is_nullable: false encoding: AUTO_ENCODING compression: DEFAULT_COMPRESSION } columns { name: "int_val" type: UINT32 is_key: false is_nullable: false encoding: AUTO_ENCODING compression: DEFAULT_COMPRESSION } columns { name: "string_val" type: STRING is_key: false is_nullable: true encoding: AUTO_ENCODING compression: DEFAULT_COMPRESSION } columns { name: "non_null_with_default" type: UINT32 is_key: false is_nullable: false read_default_value: "90\000\000" write_default_value: "90\000\000" encoding: AUTO_ENCODING compression: DEFAULT_COMPRESSION } } num_replicas: 1
I1102 12:55:00.201679 32701 tablet_service.cc:264] Processing CreateTablet for tablet b0831cb5e19d4d8fa6ed937a1f3553b7 (table=client-testtb2 [id=e7859a8cbea345b998868ca7272f3f95]), range=["", ""]
I1102 12:55:00.202525 32701 ts_tablet_manager.cc:460] Registered tablet b0831cb5e19d4d8fa6ed937a1f3553b7
I1102 12:55:00.202600 32731 ts_tablet_manager.cc:325] Bootstrapping tablet: b0831cb5e19d4d8fa6ed937a1f3553b7
I1102 12:55:00.202999 32731 tablet_bootstrap.cc:234] Tablet b0831cb5e19d4d8fa6ed937a1f3553b7: Bootstrap starting.
I1102 12:55:00.204974 32731 tablet_bootstrap.cc:331] No previous blocks or log segments found for tablet: b0831cb5e19d4d8fa6ed937a1f3553b7 creating new one.
I1102 12:55:00.205914 32731 tablet_bootstrap.cc:234] Tablet b0831cb5e19d4d8fa6ed937a1f3553b7: No bootstrap required, opened a new log
I1102 12:55:00.206079 32731 ts_tablet_manager.cc:330] Time spent tablet b0831cb5e19d4d8fa6ed937a1f3553b7 bootstrap: real 0.003s user 0.002s sys 0.001s
I1102 12:55:00.207064 32731 ts_tablet_manager.cc:350] Time spent starting tablet b0831cb5e19d4d8fa6ed937a1f3553b7: real 0.001s user 0.000s sys 0.000s
I1102 12:55:00.207308 32740 tablet_peer.cc:213] Configuration changed for tablet: b0831cb5e19d4d8fa6ed937a1f3553b7 in peer: 09b8d9e042404fd18e0f369924cd62d8 Changed from: seqno: -1 local: true peers { permanent_uuid: "09b8d9e042404fd18e0f369924cd62d8" role: CANDIDATE last_known_addr { host: "127.0.0.1" port: 47765 } } Changed to: seqno: 0 local: true peers { permanent_uuid: "09b8d9e042404fd18e0f369924cd62d8" role: LEADER last_known_addr { host: "127.0.0.1" port: 47765 } }
I1102 12:55:00.217319 32653 catalog_manager.cc:1127] Tablet: b0831cb5e19d4d8fa6ed937a1f3553b7 reported quorum change. New quorum: seqno: 0 local: true peers { permanent_uuid: "09b8d9e042404fd18e0f369924cd62d8" role: LEADER last_known_addr { host: "127.0.0.1" port: 47765 } }
I1102 12:55:00.375543 31819 client-test.cc:722] Time spent Scanning with predicate columns not projected: real 0.009s user 0.001s sys 0.000s
I1102 12:55:00.375617 31819 tablet_server.cc:114] TabletServer shutting down...
I1102 12:55:00.388411 31819 ts_tablet_manager.cc:402] Shutting down tablet manager...
I1102 12:55:00.388475 31819 maintenance_manager.cc:177] Unregistered op LogGCOp
I1102 12:55:00.388547 31819 tablet_peer.cc:231] Initiating TabletPeer shutdown for tablet: b0831cb5e19d4d8fa6ed937a1f3553b7
I1102 12:55:00.388578 31819 maintenance_manager.cc:177] Unregistered op FlushMRSOp(b0831cb5e19d4d8fa6ed937a1f3553b7)
I1102 12:55:00.388592 31819 maintenance_manager.cc:177] Unregistered op CompactRowSetsOp(b0831cb5e19d4d8fa6ed937a1f3553b7)
I1102 12:55:00.388600 31819 maintenance_manager.cc:177] Unregistered op FlushDeltaMemStoresOp(b0831cb5e19d4d8fa6ed937a1f3553b7)
I1102 12:55:00.389142 31819 tablet_peer.cc:231] Initiating TabletPeer shutdown for tablet: 4b692d61696849b0b75a8f32819e5467
I1102 12:55:00.389161 31819 maintenance_manager.cc:177] Unregistered op FlushMRSOp(4b692d61696849b0b75a8f32819e5467)
I1102 12:55:00.389171 31819 maintenance_manager.cc:177] Unregistered op CompactRowSetsOp(4b692d61696849b0b75a8f32819e5467)
I1102 12:55:00.389255 31819 maintenance_manager.cc:177] Unregistered op FlushDeltaMemStoresOp(4b692d61696849b0b75a8f32819e5467)
I1102 12:55:00.389859 31819 tablet_peer.cc:231] Initiating TabletPeer shutdown for tablet: 4fe0719417a14383a3d416f5eb44a281
I1102 12:55:00.389879 31819 maintenance_manager.cc:177] Unregistered op FlushMRSOp(4fe0719417a14383a3d416f5eb44a281)
I1102 12:55:00.389894 31819 maintenance_manager.cc:177] Unregistered op CompactRowSetsOp(4fe0719417a14383a3d416f5eb44a281)
I1102 12:55:00.389905 31819 maintenance_manager.cc:177] Unregistered op FlushDeltaMemStoresOp(4fe0719417a14383a3d416f5eb44a281)
I1102 12:55:00.393780 31819 tablet_server.cc:123] TabletServer shut down complete. Bye!
I1102 12:55:00.393801 31819 tablet_server.cc:114] TabletServer shutting down...
I1102 12:55:00.393828 31819 tablet_server.cc:123] TabletServer shut down complete. Bye!
I1102 12:55:00.394587 31819 master.cc:124] Master@127.0.0.1:47725 shutting down...
I1102 12:55:00.406162 31819 tablet_peer.cc:231] Initiating TabletPeer shutdown for tablet: 11111111111111111111111111111111
I1102 12:55:00.406637 31819 tablet_peer.cc:231] Initiating TabletPeer shutdown for tablet: 00000000000000000000000000000000
I1102 12:55:00.407011 31819 master.cc:127] Master@127.0.0.1:47725 shutdown complete. [ OK ] ClientTest.TestScanPredicateNonKeyColNotProjected (426 ms) [ RUN ] ClientTest.TestCloseScanner
I1102 12:55:00.561794 31819 fs_manager.cc:130] Generated new instance metadata in path /tmp/kudutest-1000/client-test.ClientTest.TestCloseScanner.1414961696528764-31819/minicluster-data/master-0-root/instance: uuid: "3208884161ed4f8687e5aa121f22c5dc" format_stamp: "Formatted at 2014-11-02 20:55:00 on qiwi"
I1102 12:55:00.561926 31819 fs_manager.cc:82] Opened local filesystem: /tmp/kudutest-1000/client-test.ClientTest.TestCloseScanner.1414961696528764-31819/minicluster-data/master-0-root uuid: "3208884161ed4f8687e5aa121f22c5dc" format_stamp: "Formatted at 2014-11-02 20:55:00 on qiwi"
I1102 12:55:00.562732 31819 hybrid_clock.cc:119] HybridClock initialized. Resolution in nanos?: 1 Wait times tolerance adjustment: 1.0005 Current error: 493278
I1102 12:55:00.565675 31819 webserver.cc:108] Starting webserver on 0.0.0.0:0
I1102 12:55:00.565691 31819 webserver.cc:117] Document root disabled
I1102 12:55:00.565901 31819 webserver.cc:197] Webserver started. Bound to: 0.0.0.0:34521
I1102 12:55:00.567157 301 tablet_bootstrap.cc:234] Tablet 11111111111111111111111111111111: Bootstrap starting.
I1102 12:55:00.568966 301 tablet_bootstrap.cc:331] No previous blocks or log segments found for tablet: 11111111111111111111111111111111 creating new one.
I1102 12:55:00.569696 301 tablet_bootstrap.cc:234] Tablet 11111111111111111111111111111111: No bootstrap required, opened a new log
I1102 12:55:00.571125 303 tablet_peer.cc:213] Configuration changed for tablet: 11111111111111111111111111111111 in peer: 3208884161ed4f8687e5aa121f22c5dc Changed from: seqno: 0 local: true peers { permanent_uuid: "3208884161ed4f8687e5aa121f22c5dc" role: LEADER } Changed to: seqno: 1 local: true peers { permanent_uuid: "3208884161ed4f8687e5aa121f22c5dc" role: LEADER }
I1102 12:55:00.571202 303 sys_tables.cc:217] SysTable state changed. New quorum config: seqno: 1 local: true peers { permanent_uuid: "3208884161ed4f8687e5aa121f22c5dc" role: LEADER }
I1102 12:55:00.572007 301 tablet_bootstrap.cc:234] Tablet 00000000000000000000000000000000: Bootstrap starting.
I1102 12:55:00.573891 301 tablet_bootstrap.cc:331] No previous blocks or log segments found for tablet: 00000000000000000000000000000000 creating new one.
I1102 12:55:00.574676 301 tablet_bootstrap.cc:234] Tablet 00000000000000000000000000000000: No bootstrap required, opened a new log
I1102 12:55:00.575688 301 sys_tables.cc:281] SysTable tablet configured and running, proceeding with master startup.
I1102 12:55:00.576086 307 tablet_peer.cc:213] Configuration changed for tablet: 00000000000000000000000000000000 in peer: 3208884161ed4f8687e5aa121f22c5dc Changed from: seqno: 0 local: true peers { permanent_uuid: "3208884161ed4f8687e5aa121f22c5dc" role: LEADER } Changed to: seqno: 1 local: true peers { permanent_uuid: "3208884161ed4f8687e5aa121f22c5dc" role: LEADER }
I1102 12:55:00.576133 301 sys_tables.cc:281] SysTable tablet configured and running, proceeding with master startup.
I1102 12:55:00.576139 307 sys_tables.cc:217] SysTable state changed. New quorum config: seqno: 1 local: true peers { permanent_uuid: "3208884161ed4f8687e5aa121f22c5dc" role: LEADER }
I1102 12:55:00.587131 31819 fs_manager.cc:130] Generated new instance metadata in path /tmp/kudutest-1000/client-test.ClientTest.TestCloseScanner.1414961696528764-31819/minicluster-data/ts-0-root/instance: uuid: "f47b8dfad3cc41de8cf483a28bbc4cf7" format_stamp: "Formatted at 2014-11-02 20:55:00 on qiwi"
I1102 12:55:00.587239 31819 fs_manager.cc:82] Opened local filesystem: /tmp/kudutest-1000/client-test.ClientTest.TestCloseScanner.1414961696528764-31819/minicluster-data/ts-0-root uuid: "f47b8dfad3cc41de8cf483a28bbc4cf7" format_stamp: "Formatted at 2014-11-02 20:55:00 on qiwi"
I1102 12:55:00.587936 31819 hybrid_clock.cc:119] HybridClock initialized. Resolution in nanos?: 1 Wait times tolerance adjustment: 1.0005 Current error: 493278
I1102 12:55:00.591893 31819 webserver.cc:108] Starting webserver on 0.0.0.0:0
I1102 12:55:00.591912 31819 webserver.cc:117] Document root disabled
I1102 12:55:00.592133 31819 webserver.cc:197] Webserver started. Bound to: 0.0.0.0:55452
I1102 12:55:00.592258 31819 maintenance_manager.cc:118] MaintenanceManager: targeting memory size of 25.106701 GB
I1102 12:55:00.595329 352 heartbeater.cc:227] Registering TS with master...
I1102 12:55:00.595517 352 heartbeater.cc:233] Sending a full tablet report to master...
I1102 12:55:00.596752 32748 ts_manager.cc:66] Registered new tablet server { permanent_uuid: "f47b8dfad3cc41de8cf483a28bbc4cf7" instance_seqno: 1414961700591635 } with Master
I1102 12:55:00.596923 31819 mini_cluster.cc:268] 1 TS(s) registered with Master after 0.00456609s
