I1102 12:55:02.755095 31819 fs_manager.cc:82] Opened local filesystem: /tmp/kudutest-1000/client-test.ClientTest.TestWriteWithDeadMaster.1414961696528764-31819/minicluster-data/master-0-root uuid: "4337583d69a94d29a768acdba7ffec64" format_stamp: "Formatted at 2014-11-02 20:55:02 on qiwi"
I1102 12:55:02.756007 31819 hybrid_clock.cc:119] HybridClock initialized. Resolution in nanos?: 1 Wait times tolerance adjustment: 1.0005 Current error: 494278
I1102 12:55:02.758792 31819 webserver.cc:108] Starting webserver on 0.0.0.0:0
I1102 12:55:02.758808 31819 webserver.cc:117] Document root disabled
I1102 12:55:02.759019 31819 webserver.cc:197] Webserver started. Bound to: 0.0.0.0:43947
I1102 12:55:02.760613 1273 tablet_bootstrap.cc:234] Tablet 11111111111111111111111111111111: Bootstrap starting.
I1102 12:55:02.762959 1273 tablet_bootstrap.cc:331] No previous blocks or log segments found for tablet: 11111111111111111111111111111111 creating new one.
I1102 12:55:02.763887 1273 tablet_bootstrap.cc:234] Tablet 11111111111111111111111111111111: No bootstrap required, opened a new log
I1102 12:55:02.765456 1275 tablet_peer.cc:213] Configuration changed for tablet: 11111111111111111111111111111111 in peer: 4337583d69a94d29a768acdba7ffec64 Changed from: seqno: 0 local: true peers { permanent_uuid: "4337583d69a94d29a768acdba7ffec64" role: LEADER } Changed to: seqno: 1 local: true peers { permanent_uuid: "4337583d69a94d29a768acdba7ffec64" role: LEADER }
I1102 12:55:02.765517 1275 sys_tables.cc:217] SysTable state changed. New quorum config: seqno: 1 local: true peers { permanent_uuid: "4337583d69a94d29a768acdba7ffec64" role: LEADER }
I1102 12:55:02.765964 1273 tablet_bootstrap.cc:234] Tablet 00000000000000000000000000000000: Bootstrap starting.
I1102 12:55:02.768082 1273 tablet_bootstrap.cc:331] No previous blocks or log segments found for tablet: 00000000000000000000000000000000 creating new one.
I1102 12:55:02.769027 1273 tablet_bootstrap.cc:234] Tablet 00000000000000000000000000000000: No bootstrap required, opened a new log
I1102 12:55:02.770162 1273 sys_tables.cc:281] SysTable tablet configured and running, proceeding with master startup.
I1102 12:55:02.770588 1279 tablet_peer.cc:213] Configuration changed for tablet: 00000000000000000000000000000000 in peer: 4337583d69a94d29a768acdba7ffec64 Changed from: seqno: 0 local: true peers { permanent_uuid: "4337583d69a94d29a768acdba7ffec64" role: LEADER } Changed to: seqno: 1 local: true peers { permanent_uuid: "4337583d69a94d29a768acdba7ffec64" role: LEADER }
I1102 12:55:02.770639 1273 sys_tables.cc:281] SysTable tablet configured and running, proceeding with master startup.
I1102 12:55:02.770644 1279 sys_tables.cc:217] SysTable state changed. New quorum config: seqno: 1 local: true peers { permanent_uuid: "4337583d69a94d29a768acdba7ffec64" role: LEADER }
I1102 12:55:02.785171 31819 fs_manager.cc:130] Generated new instance metadata in path /tmp/kudutest-1000/client-test.ClientTest.TestWriteWithDeadMaster.1414961696528764-31819/minicluster-data/ts-0-root/instance: uuid: "da4f315abc2f4039b8f0c9c865efab84" format_stamp: "Formatted at 2014-11-02 20:55:02 on qiwi"
I1102 12:55:02.785315 31819 fs_manager.cc:82] Opened local filesystem: /tmp/kudutest-1000/client-test.ClientTest.TestWriteWithDeadMaster.1414961696528764-31819/minicluster-data/ts-0-root uuid: "da4f315abc2f4039b8f0c9c865efab84" format_stamp: "Formatted at 2014-11-02 20:55:02 on qiwi"
I1102 12:55:02.786229 31819 hybrid_clock.cc:119] HybridClock initialized. Resolution in nanos?: 1 Wait times tolerance adjustment: 1.0005 Current error: 494278
I1102 12:55:02.790727 31819 webserver.cc:108] Starting webserver on 0.0.0.0:0
I1102 12:55:02.790745 31819 webserver.cc:117] Document root disabled
I1102 12:55:02.790984 31819 webserver.cc:197] Webserver started. Bound to: 0.0.0.0:43202
I1102 12:55:02.791116 31819 maintenance_manager.cc:118] MaintenanceManager: targeting memory size of 25.106701 GB
I1102 12:55:02.792727 1322 heartbeater.cc:227] Registering TS with master...
I1102 12:55:02.792795 1322 heartbeater.cc:233] Sending a full tablet report to master...
I1102 12:55:02.793233 1251 ts_manager.cc:66] Registered new tablet server { permanent_uuid: "da4f315abc2f4039b8f0c9c865efab84" instance_seqno: 1414961702790451 } with Master
I1102 12:55:02.793489 31819 mini_cluster.cc:268] 1 TS(s) registered with Master after 0.00219388s
I1102 12:55:02.798497 1254 catalog_manager.cc:437] CreateTable from {real_user=alex, eff_user=} at 127.0.0.1:57989: name: "client-testtb" schema { columns { name: "key" type: UINT32 is_key: true is_nullable: false encoding: AUTO_ENCODING compression: DEFAULT_COMPRESSION } columns { name: "int_val" type: UINT32 is_key: false is_nullable: false encoding: AUTO_ENCODING compression: DEFAULT_COMPRESSION } columns { name: "string_val" type: STRING is_key: false is_nullable: true encoding: AUTO_ENCODING compression: DEFAULT_COMPRESSION } columns { name: "non_null_with_default" type: UINT32 is_key: false is_nullable: false read_default_value: "90\000\000" write_default_value: "90\000\000" encoding: AUTO_ENCODING compression: DEFAULT_COMPRESSION } } pre_split_keys: "\000\000\000\t" num_replicas: 1
I1102 12:55:02.807086 1300 tablet_service.cc:264] Processing CreateTablet for tablet d6912951b1d246c99da541e13dfde54d (table=client-testtb [id=310015056a654d25beb229b2982cdacb]), range=["", "\x00\x00\x00\t"]
I1102 12:55:02.807201 1301 tablet_service.cc:264] Processing CreateTablet for tablet 1b8a94dbb4d64a5aade4602d19052887 (table=client-testtb [id=310015056a654d25beb229b2982cdacb]), range=["\x00\x00\x00\t", ""]
I1102 12:55:02.808544 1300 ts_tablet_manager.cc:460] Registered tablet d6912951b1d246c99da541e13dfde54d
I1102 12:55:02.808584 1301 ts_tablet_manager.cc:460] Registered tablet 1b8a94dbb4d64a5aade4602d19052887
I1102 12:55:02.809334 1332 ts_tablet_manager.cc:325] Bootstrapping tablet: 1b8a94dbb4d64a5aade4602d19052887
I1102 12:55:02.809332 1331 ts_tablet_manager.cc:325] Bootstrapping tablet: d6912951b1d246c99da541e13dfde54d
I1102 12:55:02.810246 1331 tablet_bootstrap.cc:234] Tablet d6912951b1d246c99da541e13dfde54d: Bootstrap starting.
I1102 12:55:02.810261 1332 tablet_bootstrap.cc:234] Tablet 1b8a94dbb4d64a5aade4602d19052887: Bootstrap starting.
I1102 12:55:02.814298 1332 tablet_bootstrap.cc:331] No previous blocks or log segments found for tablet: 1b8a94dbb4d64a5aade4602d19052887 creating new one.
I1102 12:55:02.814769 1331 tablet_bootstrap.cc:331] No previous blocks or log segments found for tablet: d6912951b1d246c99da541e13dfde54d creating new one.
I1102 12:55:02.816547 1332 tablet_bootstrap.cc:234] Tablet 1b8a94dbb4d64a5aade4602d19052887: No bootstrap required, opened a new log
I1102 12:55:02.816706 1331 tablet_bootstrap.cc:234] Tablet d6912951b1d246c99da541e13dfde54d: No bootstrap required, opened a new log
I1102 12:55:02.817069 1332 ts_tablet_manager.cc:330] Time spent tablet 1b8a94dbb4d64a5aade4602d19052887 bootstrap: real 0.008s user 0.005s sys 0.001s
I1102 12:55:02.817183 1331 ts_tablet_manager.cc:330] Time spent tablet d6912951b1d246c99da541e13dfde54d bootstrap: real 0.008s user 0.006s sys 0.002s
I1102 12:55:02.818364 1331 ts_tablet_manager.cc:350] Time spent starting tablet d6912951b1d246c99da541e13dfde54d: real 0.001s user 0.001s sys 0.000s
I1102 12:55:02.818425 1332 ts_tablet_manager.cc:350] Time spent starting tablet 1b8a94dbb4d64a5aade4602d19052887: real 0.001s user 0.001s sys 0.000s
I1102 12:55:02.818773 1336 tablet_peer.cc:213] Configuration changed for tablet: d6912951b1d246c99da541e13dfde54d in peer: da4f315abc2f4039b8f0c9c865efab84 Changed from: seqno: -1 local: true peers { permanent_uuid: "da4f315abc2f4039b8f0c9c865efab84" role: CANDIDATE last_known_addr { host: "127.0.0.1" port: 48340 } } Changed to: seqno: 0 local: true peers { permanent_uuid: "da4f315abc2f4039b8f0c9c865efab84" role: LEADER last_known_addr { host: "127.0.0.1" port: 48340 } }
I1102 12:55:02.818930 1335 tablet_peer.cc:213] Configuration changed for tablet: 1b8a94dbb4d64a5aade4602d19052887 in peer: da4f315abc2f4039b8f0c9c865efab84 Changed from: seqno: -1 local: true peers { permanent_uuid: "da4f315abc2f4039b8f0c9c865efab84" role: CANDIDATE last_known_addr { host: "127.0.0.1" port: 48340 } } Changed to: seqno: 0 local: true peers { permanent_uuid: "da4f315abc2f4039b8f0c9c865efab84" role: LEADER last_known_addr { host: "127.0.0.1" port: 48340 } }
I1102 12:55:02.826339 1254 catalog_manager.cc:1127] Tablet: d6912951b1d246c99da541e13dfde54d reported quorum change. New quorum: seqno: 0 local: true peers { permanent_uuid: "da4f315abc2f4039b8f0c9c865efab84" role: LEADER last_known_addr { host: "127.0.0.1" port: 48340 } }
I1102 12:55:02.827847 1254 catalog_manager.cc:1127] Tablet: 1b8a94dbb4d64a5aade4602d19052887 reported quorum change. New quorum: seqno: 0 local: true peers { permanent_uuid: "da4f315abc2f4039b8f0c9c865efab84" role: LEADER last_known_addr { host: "127.0.0.1" port: 48340 } }
I1102 12:55:02.837311 1259 catalog_manager.cc:437] CreateTable from {real_user=alex, eff_user=} at 127.0.0.1:57989: name: "client-testtb2" schema { columns { name: "key" type: UINT32 is_key: true is_nullable: false encoding: AUTO_ENCODING compression: DEFAULT_COMPRESSION } columns { name: "int_val" type: UINT32 is_key: false is_nullable: false encoding: AUTO_ENCODING compression: DEFAULT_COMPRESSION } columns { name: "string_val" type: STRING is_key: false is_nullable: true encoding: AUTO_ENCODING compression: DEFAULT_COMPRESSION } columns { name: "non_null_with_default" type: UINT32 is_key: false is_nullable: false read_default_value: "90\000\000" write_default_value: "90\000\000" encoding: AUTO_ENCODING compression: DEFAULT_COMPRESSION } } num_replicas: 1
I1102 12:55:02.841819 1302 tablet_service.cc:264] Processing CreateTablet for tablet 817f1c1583ed41bb841d55ca0152167e (table=client-testtb2 [id=3babad7cc0c44b1c98624be5a4554e28]), range=["", ""]
I1102 12:55:02.842805 1302 ts_tablet_manager.cc:460] Registered tablet 817f1c1583ed41bb841d55ca0152167e
I1102 12:55:02.842883 1331 ts_tablet_manager.cc:325] Bootstrapping tablet: 817f1c1583ed41bb841d55ca0152167e
I1102 12:55:02.843262 1331 tablet_bootstrap.cc:234] Tablet 817f1c1583ed41bb841d55ca0152167e: Bootstrap starting.
I1102 12:55:02.845867 1331 tablet_bootstrap.cc:331] No previous blocks or log segments found for tablet: 817f1c1583ed41bb841d55ca0152167e creating new one.
I1102 12:55:02.847782 1331 tablet_bootstrap.cc:234] Tablet 817f1c1583ed41bb841d55ca0152167e: No bootstrap required, opened a new log
I1102 12:55:02.848285 1331 ts_tablet_manager.cc:330] Time spent tablet 817f1c1583ed41bb841d55ca0152167e bootstrap: real 0.005s user 0.004s sys 0.001s
I1102 12:55:02.850319 1331 ts_tablet_manager.cc:350] Time spent starting tablet 817f1c1583ed41bb841d55ca0152167e: real 0.002s user 0.001s sys 0.000s
I1102 12:55:02.850919 1342 tablet_peer.cc:213] Configuration changed for tablet: 817f1c1583ed41bb841d55ca0152167e in peer: da4f315abc2f4039b8f0c9c865efab84 Changed from: seqno: -1 local: true peers { permanent_uuid: "da4f315abc2f4039b8f0c9c865efab84" role: CANDIDATE last_known_addr { host: "127.0.0.1" port: 48340 } } Changed to: seqno: 0 local: true peers { permanent_uuid: "da4f315abc2f4039b8f0c9c865efab84" role: LEADER last_known_addr { host: "127.0.0.1" port: 48340 } }
I1102 12:55:02.862316 1250 catalog_manager.cc:1127] Tablet: 817f1c1583ed41bb841d55ca0152167e reported quorum change. New quorum: seqno: 0 local: true peers { permanent_uuid: "da4f315abc2f4039b8f0c9c865efab84" role: LEADER last_known_addr { host: "127.0.0.1" port: 48340 } }
I1102 12:55:02.869288 31819 master.cc:124] Master@127.0.0.1:34389 shutting down...
I1102 12:55:02.882853 31819 tablet_peer.cc:231] Initiating TabletPeer shutdown for tablet: 11111111111111111111111111111111
I1102 12:55:02.883930 31819 tablet_peer.cc:231] Initiating TabletPeer shutdown for tablet: 00000000000000000000000000000000
I1102 12:55:02.884871 31819 master.cc:127] Master@127.0.0.1:34389 shutdown complete.
I1102 12:55:02.887675 1247 messenger.cc:190] Service unavailable: RPC Service is not registered: Call TSHeartbeat from 127.0.0.1:57988 (request call id 10)
W1102 12:55:02.888084 1322 heartbeater.cc:277] Failed to heartbeat: Remote error: Failed to send heartbeat: Service unavailable: RPC Service is not registered: Call TSHeartbeat from 127.0.0.1:57988 (request call id 10)
W1102 12:55:02.892329 1330 negotiation.cc:195] Network error: client connection negotiation failed: client Connection to 127.0.0.1:34389: connect: Connection refused (error 111)
W1102 12:55:02.892472 1327 meta_cache.cc:394] GetTableLocations(client-testtb, ) failed: Network error: client connection negotiation failed: client Connection to 127.0.0.1:34389: connect: Connection refused (error 111)
I1102 12:55:02.892921 31819 tablet_server.cc:114] TabletServer shutting down...
I1102 12:55:02.910204 31819 ts_tablet_manager.cc:402] Shutting down tablet manager...
I1102 12:55:02.910370 31819 maintenance_manager.cc:177] Unregistered op LogGCOp
I1102 12:55:02.910492 31819 tablet_peer.cc:231] Initiating TabletPeer shutdown for tablet: d6912951b1d246c99da541e13dfde54d
I1102 12:55:02.910598 31819 maintenance_manager.cc:177] Unregistered op FlushMRSOp(d6912951b1d246c99da541e13dfde54d)
I1102 12:55:02.910677 31819 maintenance_manager.cc:177] Unregistered op CompactRowSetsOp(d6912951b1d246c99da541e13dfde54d)
I1102 12:55:02.910732 31819 maintenance_manager.cc:177] Unregistered op FlushDeltaMemStoresOp(d6912951b1d246c99da541e13dfde54d)
I1102 12:55:02.912211 31819 tablet_peer.cc:231] Initiating TabletPeer shutdown for tablet: 1b8a94dbb4d64a5aade4602d19052887
I1102 12:55:02.912276 31819 maintenance_manager.cc:177] Unregistered op FlushMRSOp(1b8a94dbb4d64a5aade4602d19052887)
I1102 12:55:02.912308 31819 maintenance_manager.cc:177] Unregistered op CompactRowSetsOp(1b8a94dbb4d64a5aade4602d19052887)
I1102 12:55:02.912333 31819 maintenance_manager.cc:177] Unregistered op FlushDeltaMemStoresOp(1b8a94dbb4d64a5aade4602d19052887)
I1102 12:55:02.913466 31819 tablet_peer.cc:231] Initiating TabletPeer shutdown for tablet: 817f1c1583ed41bb841d55ca0152167e
I1102 12:55:02.913511 31819 maintenance_manager.cc:177] Unregistered op FlushMRSOp(817f1c1583ed41bb841d55ca0152167e)
I1102 12:55:02.913535 31819 maintenance_manager.cc:177] Unregistered op CompactRowSetsOp(817f1c1583ed41bb841d55ca0152167e)
I1102 12:55:02.913553 31819 maintenance_manager.cc:177] Unregistered op FlushDeltaMemStoresOp(817f1c1583ed41bb841d55ca0152167e)
I1102 12:55:02.926087 31819 tablet_server.cc:123] TabletServer shut down complete. Bye!
I1102 12:55:02.926110 31819 tablet_server.cc:114] TabletServer shutting down...
I1102 12:55:02.926137 31819 tablet_server.cc:123] TabletServer shut down complete. Bye! [ OK ] ClientTest.TestWriteWithDeadMaster (327 ms) [ RUN ] ClientTest.TestWriteWithDeadTabletServer
I1102 12:55:03.068976 31819 fs_manager.cc:130] Generated new instance metadata in path /tmp/kudutest-1000/client-test.ClientTest.TestWriteWithDeadTabletServer.1414961696528764-31819/minicluster-data/master-0-root/instance: uuid: "2b0d4a34059c4bbf9de1bd594959a337" format_stamp: "Formatted at 2014-11-02 20:55:02 on qiwi"
I1102 12:55:03.069077 31819 fs_manager.cc:82] Opened local filesystem: /tmp/kudutest-1000/client-test.ClientTest.TestWriteWithDeadTabletServer.1414961696528764-31819/minicluster-data/master-0-root uuid: "2b0d4a34059c4bbf9de1bd594959a337" format_stamp: "Formatted at 2014-11-02 20:55:02 on qiwi"
I1102 12:55:03.069919 31819 hybrid_clock.cc:119] HybridClock initialized. Resolution in nanos?: 1 Wait times tolerance adjustment: 1.0005 Current error: 494778
I1102 12:55:03.072552 31819 webserver.cc:108] Starting webserver on 0.0.0.0:0
I1102 12:55:03.072567 31819 webserver.cc:117] Document root disabled
I1102 12:55:03.072759 31819 webserver.cc:197] Webserver started. Bound to: 0.0.0.0:52837
I1102 12:55:03.073978 1370 tablet_bootstrap.cc:234] Tablet 11111111111111111111111111111111: Bootstrap starting.
I1102 12:55:03.075742 1370 tablet_bootstrap.cc:331] No previous blocks or log segments found for tablet: 11111111111111111111111111111111 creating new one.
I1102 12:55:03.076580 1370 tablet_bootstrap.cc:234] Tablet 11111111111111111111111111111111: No bootstrap required, opened a new log
I1102 12:55:03.077841 1372 tablet_peer.cc:213] Configuration changed for tablet: 11111111111111111111111111111111 in peer: 2b0d4a34059c4bbf9de1bd594959a337 Changed from: seqno: 0 local: true peers { permanent_uuid: "2b0d4a34059c4bbf9de1bd594959a337" role: LEADER } Changed to: seqno: 1 local: true peers { permanent_uuid: "2b0d4a34059c4bbf9de1bd594959a337" role: LEADER }
I1102 12:55:03.077894 1372 sys_tables.cc:217] SysTable state changed. New quorum config: seqno: 1 local: true peers { permanent_uuid: "2b0d4a34059c4bbf9de1bd594959a337" role: LEADER }
I1102 12:55:03.078356 1370 tablet_bootstrap.cc:234] Tablet 00000000000000000000000000000000: Bootstrap starting.
I1102 12:55:03.080080 1370 tablet_bootstrap.cc:331] No previous blocks or log segments found for tablet: 00000000000000000000000000000000 creating new one.
I1102 12:55:03.080816 1370 tablet_bootstrap.cc:234] Tablet 00000000000000000000000000000000: No bootstrap required, opened a new log
I1102 12:55:03.081802 1370 sys_tables.cc:281] SysTable tablet configured and running, proceeding with master startup.
I1102 12:55:03.082109 1376 tablet_peer.cc:213] Configuration changed for tablet: 00000000000000000000000000000000 in peer: 2b0d4a34059c4bbf9de1bd594959a337 Changed from: seqno: 0 local: true peers { permanent_uuid: "2b0d4a34059c4bbf9de1bd594959a337" role: LEADER } Changed to: seqno: 1 local: true peers { permanent_uuid: "2b0d4a34059c4bbf9de1bd594959a337" role: LEADER }
I1102 12:55:03.082156 1370 sys_tables.cc:281] SysTable tablet configured and running, proceeding with master startup.
I1102 12:55:03.082154 1376 sys_tables.cc:217] SysTable state changed. New quorum config: seqno: 1 local: true peers { permanent_uuid: "2b0d4a34059c4bbf9de1bd594959a337" role: LEADER }
I1102 12:55:03.093010 31819 fs_manager.cc:130] Generated new instance metadata in path /tmp/kudutest-1000/client-test.ClientTest.TestWriteWithDeadTabletServer.1414961696528764-31819/minicluster-data/ts-0-root/instance: uuid: "d9a259058cfc4adf992c8198ca0bdbff" format_stamp: "Formatted at 2014-11-02 20:55:03 on qiwi"
I1102 12:55:03.093127 31819 fs_manager.cc:82] Opened local filesystem: /tmp/kudutest-1000/client-test.ClientTest.TestWriteWithDeadTabletServer.1414961696528764-31819/minicluster-data/ts-0-root uuid: "d9a259058cfc4adf992c8198ca0bdbff" format_stamp: "Formatted at 2014-11-02 20:55:03 on qiwi"
I1102 12:55:03.093925 31819 hybrid_clock.cc:119] HybridClock initialized. Resolution in nanos?: 1 Wait times tolerance adjustment: 1.0005 Current error: 494778
I1102 12:55:03.099566 31819 webserver.cc:108] Starting webserver on 0.0.0.0:0
I1102 12:55:03.099609 31819 webserver.cc:117] Document root disabled
I1102 12:55:03.100144 31819 webserver.cc:197] Webserver started. Bound to: 0.0.0.0:34913
I1102 12:55:03.100463 31819 maintenance_manager.cc:118] MaintenanceManager: targeting memory size of 25.106701 GB
I1102 12:55:03.103875 1419 heartbeater.cc:227] Registering TS with master...
I1102 12:55:03.103996 1419 heartbeater.cc:233] Sending a full tablet report to master...
I1102 12:55:03.104833 1349 ts_manager.cc:66] Registered new tablet server { permanent_uuid: "d9a259058cfc4adf992c8198ca0bdbff" instance_seqno: 1414961703098959 } with Master
I1102 12:55:03.105342 31819 mini_cluster.cc:268] 1 TS(s) registered with Master after 0.00446245s
I1102 12:55:03.112040 1351 catalog_manager.cc:437] CreateTable from {real_user=alex, eff_user=} at 127.0.0.1:58617: name: "client-testtb" schema { columns { name: "key" type: UINT32 is_key: true is_nullable: false encoding: AUTO_ENCODING compression: DEFAULT_COMPRESSION } columns { name: "int_val" type: UINT32 is_key: false is_nullable: false encoding: AUTO_ENCODING compression: DEFAULT_COMPRESSION } columns { name: "string_val" type: STRING is_key: false is_nullable: true encoding: AUTO_ENCODING compression: DEFAULT_COMPRESSION } columns { name: "non_null_with_default" type: UINT32 is_key: false is_nullable: false read_default_value: "90\000\000" write_default_value: "90\000\000" encoding: AUTO_ENCODING compression: DEFAULT_COMPRESSION } } pre_split_keys: "\000\000\000\t" num_replicas: 1
I1102 12:55:03.123883 1397 tablet_service.cc:264] Processing CreateTablet for tablet 2302fe161a9546ec8ad49088e093c7d8 (table=client-testtb [id=16ae22274fb14278b6709fb42ec86f1f]), range=["\x00\x00\x00\t", ""]
I1102 12:55:03.123981 1398 tablet_service.cc:264] Processing CreateTablet for tablet 9f2eea8f88064fb1836e61f91125543f (table=client-testtb [id=16ae22274fb14278b6709fb42ec86f1f]), range=["", "\x00\x00\x00\t"]
I1102 12:55:03.125823 1397 ts_tablet_manager.cc:460] Registered tablet 2302fe161a9546ec8ad49088e093c7d8
I1102 12:55:03.125870 1398 ts_tablet_manager.cc:460] Registered tablet 9f2eea8f88064fb1836e61f91125543f
I1102 12:55:03.126269 1428 ts_tablet_manager.cc:325] Bootstrapping tablet: 2302fe161a9546ec8ad49088e093c7d8
I1102 12:55:03.126711 1429 ts_tablet_manager.cc:325] Bootstrapping tablet: 9f2eea8f88064fb1836e61f91125543f
I1102 12:55:03.127298 1428 tablet_bootstrap.cc:234] Tablet 2302fe161a9546ec8ad49088e093c7d8: Bootstrap starting.
I1102 12:55:03.127604 1429 tablet_bootstrap.cc:234] Tablet 9f2eea8f88064fb1836e61f91125543f: Bootstrap starting.
I1102 12:55:03.131047 1428 tablet_bootstrap.cc:331] No previous blocks or log segments found for tablet: 2302fe161a9546ec8ad49088e093c7d8 creating new one.
I1102 12:55:03.131153 1429 tablet_bootstrap.cc:331] No previous blocks or log segments found for tablet: 9f2eea8f88064fb1836e61f91125543f creating new one.
I1102 12:55:03.132666 1428 tablet_bootstrap.cc:234] Tablet 2302fe161a9546ec8ad49088e093c7d8: No bootstrap required, opened a new log
I1102 12:55:03.132735 1429 tablet_bootstrap.cc:234] Tablet 9f2eea8f88064fb1836e61f91125543f: No bootstrap required, opened a new log
I1102 12:55:03.132971 1428 ts_tablet_manager.cc:330] Time spent tablet 2302fe161a9546ec8ad49088e093c7d8 bootstrap: real 0.007s user 0.005s sys 0.001s
I1102 12:55:03.133018 1429 ts_tablet_manager.cc:330] Time spent tablet 9f2eea8f88064fb1836e61f91125543f bootstrap: real 0.006s user 0.004s sys 0.001s
I1102 12:55:03.134802 1429 ts_tablet_manager.cc:350] Time spent starting tablet 9f2eea8f88064fb1836e61f91125543f: real 0.002s user 0.001s sys 0.001s
I1102 12:55:03.134840 1428 ts_tablet_manager.cc:350] Time spent starting tablet 2302fe161a9546ec8ad49088e093c7d8: real 0.002s user 0.001s sys 0.001s
I1102 12:55:03.135597 1432 tablet_peer.cc:213] Configuration changed for tablet: 2302fe161a9546ec8ad49088e093c7d8 in peer: d9a259058cfc4adf992c8198ca0bdbff Changed from: seqno: -1 local: true peers { permanent_uuid: "d9a259058cfc4adf992c8198ca0bdbff" role: CANDIDATE last_known_addr { host: "127.0.0.1" port: 40474 } } Changed to: seqno: 0 local: true peers { permanent_uuid: "d9a259058cfc4adf992c8198ca0bdbff" role: LEADER last_known_addr { host: "127.0.0.1" port: 40474 } }
I1102 12:55:03.135602 1433 tablet_peer.cc:213] Configuration changed for tablet: 9f2eea8f88064fb1836e61f91125543f in peer: d9a259058cfc4adf992c8198ca0bdbff Changed from: seqno: -1 local: true peers { permanent_uuid: "d9a259058cfc4adf992c8198ca0bdbff" role: CANDIDATE last_known_addr { host: "127.0.0.1" port: 40474 } } Changed to: seqno: 0 local: true peers { permanent_uuid: "d9a259058cfc4adf992c8198ca0bdbff" role: LEADER last_known_addr { host: "127.0.0.1" port: 40474 } }
I1102 12:55:03.138782 1350 catalog_manager.cc:1127] Tablet: 2302fe161a9546ec8ad49088e093c7d8 reported quorum change. New quorum: seqno: 0 local: true peers { permanent_uuid: "d9a259058cfc4adf992c8198ca0bdbff" role: LEADER last_known_addr { host: "127.0.0.1" port: 40474 } }
I1102 12:55:03.140842 1350 catalog_manager.cc:1127] Tablet: 9f2eea8f88064fb1836e61f91125543f reported quorum change. New quorum: seqno: 0 local: true peers { permanent_uuid: "d9a259058cfc4adf992c8198ca0bdbff" role: LEADER last_known_addr { host: "127.0.0.1" port: 40474 } }
I1102 12:55:03.147204 1355 catalog_manager.cc:437] CreateTable from {real_user=alex, eff_user=} at 127.0.0.1:58617: name: "client-testtb2" schema { columns { name: "key" type: UINT32 is_key: true is_nullable: false encoding: AUTO_ENCODING compression: DEFAULT_COMPRESSION } columns { name: "int_val" type: UINT32 is_key: false is_nullable: false encoding: AUTO_ENCODING compression: DEFAULT_COMPRESSION } columns { name: "string_val" type: STRING is_key: false is_nullable: true encoding: AUTO_ENCODING compression: DEFAULT_COMPRESSION } columns { name: "non_null_with_default" type: UINT32 is_key: false is_nullable: false read_default_value: "90\000\000" write_default_value: "90\000\000" encoding: AUTO_ENCODING compression: DEFAULT_COMPRESSION } } num_replicas: 1
I1102 12:55:03.153180 1399 tablet_service.cc:264] Processing CreateTablet for tablet 552370936fab4598a9af344de7b32925 (table=client-testtb2 [id=05acd984431e43a681dcd68da78cd057]), range=["", ""]
I1102 12:55:03.154505 1399 ts_tablet_manager.cc:460] Registered tablet 552370936fab4598a9af344de7b32925
I1102 12:55:03.154625 1429 ts_tablet_manager.cc:325] Bootstrapping tablet: 552370936fab4598a9af344de7b32925
I1102 12:55:03.155192 1429 tablet_bootstrap.cc:234] Tablet 552370936fab4598a9af344de7b32925: Bootstrap starting.
I1102 12:55:03.159618 1429 tablet_bootstrap.cc:331] No previous blocks or log segments found for tablet: 552370936fab4598a9af344de7b32925 creating new one.
I1102 12:55:03.161772 1429 tablet_bootstrap.cc:234] Tablet 552370936fab4598a9af344de7b32925: No bootstrap required, opened a new log
I1102 12:55:03.162431 1429 ts_tablet_manager.cc:330] Time spent tablet 552370936fab4598a9af344de7b32925 bootstrap: real 0.008s user 0.005s sys 0.001s
I1102 12:55:03.164768 1429 ts_tablet_manager.cc:350] Time spent starting tablet 552370936fab4598a9af344de7b32925: real 0.002s user 0.001s sys 0.000s
I1102 12:55:03.165503 1439 tablet_peer.cc:213] Configuration changed for tablet: 552370936fab4598a9af344de7b32925 in peer: d9a259058cfc4adf992c8198ca0bdbff Changed from: seqno: -1 local: true peers { permanent_uuid: "d9a259058cfc4adf992c8198ca0bdbff" role: CANDIDATE last_known_addr { host: "127.0.0.1" port: 40474 } } Changed to: seqno: 0 local: true peers { permanent_uuid: "d9a259058cfc4adf992c8198ca0bdbff" role: LEADER last_known_addr { host: "127.0.0.1" port: 40474 } }
I1102 12:55:03.176669 1355 catalog_manager.cc:1127] Tablet: 552370936fab4598a9af344de7b32925 reported quorum change. New quorum: seqno: 0 local: true peers { permanent_uuid: "d9a259058cfc4adf992c8198ca0bdbff" role: LEADER last_known_addr { host: "127.0.0.1" port: 40474 } }
I1102 12:55:03.189306 31819 tablet_server.cc:114] TabletServer shutting down...
I1102 12:55:03.207865 31819 ts_tablet_manager.cc:402] Shutting down tablet manager...
I1102 12:55:03.208096 31819 maintenance_manager.cc:177] Unregistered op LogGCOp
I1102 12:55:03.208235 31819 tablet_peer.cc:231] Initiating TabletPeer shutdown for tablet: 552370936fab4598a9af344de7b32925
I1102 12:55:03.208328 31819 maintenance_manager.cc:177] Unregistered op FlushMRSOp(552370936fab4598a9af344de7b32925)
I1102 12:55:03.208387 31819 maintenance_manager.cc:177] Unregistered op CompactRowSetsOp(552370936fab4598a9af344de7b32925)
I1102 12:55:03.208441 31819 maintenance_manager.cc:177] Unregistered op FlushDeltaMemStoresOp(552370936fab4598a9af344de7b32925)
I1102 12:55:03.210132 31819 tablet_peer.cc:231] Initiating TabletPeer shutdown for tablet: 2302fe161a9546ec8ad49088e093c7d8
I1102 12:55:03.210216 31819 maintenance_manager.cc:177] Unregistered op FlushMRSOp(2302fe161a9546ec8ad49088e093c7d8)
I1102 12:55:03.210259 31819 maintenance_manager.cc:177] Unregistered op CompactRowSetsOp(2302fe161a9546ec8ad49088e093c7d8)
I1102 12:55:03.210293 31819 maintenance_manager.cc:177] Unregistered op FlushDeltaMemStoresOp(2302fe161a9546ec8ad49088e093c7d8)
I1102 12:55:03.212303 31819 tablet_peer.cc:231] Initiating TabletPeer shutdown for tablet: 9f2eea8f88064fb1836e61f91125543f
I1102 12:55:03.212400 31819 maintenance_manager.cc:177] Unregistered op FlushMRSOp(9f2eea8f88064fb1836e61f91125543f)
I1102 12:55:03.212448 31819 maintenance_manager.cc:177] Unregistered op CompactRowSetsOp(9f2eea8f88064fb1836e61f91125543f)
I1102 12:55:03.212481 31819 maintenance_manager.cc:177] Unregistered op FlushDeltaMemStoresOp(9f2eea8f88064fb1836e61f91125543f)
I1102 12:55:03.225256 31819 tablet_server.cc:123] TabletServer shut down complete. Bye!
I1102 12:55:03.225276 31819 tablet_server.cc:114] TabletServer shutting down...
I1102 12:55:03.225306 31819 tablet_server.cc:123] TabletServer shut down complete. Bye!
W1102 12:55:03.227665 1427 negotiation.cc:195] Network error: client connection negotiation failed: client Connection to 127.0.0.1:40474: connect: Connection refused (error 111)
W1102 12:55:03.227737 1424 meta_cache.cc:159] Replica 9f2eea8f88064fb1836e61f91125543f on ts d9a259058cfc4adf992c8198ca0bdbff has failed: Network error: client connection negotiation failed: client Connection to 127.0.0.1:40474: connect: Connection refused (error 111)
W1102 12:55:03.240039 1427 negotiation.cc:195] Network error: client connection negotiation failed: client Connection to 127.0.0.1:40474: connect: Connection refused (error 111)
W1102 12:55:03.240097 1424 meta_cache.cc:159] Replica 9f2eea8f88064fb1836e61f91125543f on ts d9a259058cfc4adf992c8198ca0bdbff has failed: Network error: client connection negotiation failed: client Connection to 127.0.0.1:40474: connect: Connection refused (error 111)
W1102 12:55:03.254487 1427 negotiation.cc:195] Network error: client connection negotiation failed: client Connection to 127.0.0.1:40474: connect: Connection refused (error 111)
W1102 12:55:03.254549 1424 meta_cache.cc:159] Replica 9f2eea8f88064fb1836e61f91125543f on ts d9a259058cfc4adf992c8198ca0bdbff has failed: Network error: client connection negotiation failed: client Connection to 127.0.0.1:40474: connect: Connection refused (error 111)
W1102 12:55:03.272923 1427 negotiation.cc:195] Network error: client connection negotiation failed: client Connection to 127.0.0.1:40474: connect: Connection refused (error 111)
W1102 12:55:03.272981 1424 meta_cache.cc:159] Replica 9f2eea8f88064fb1836e61f91125543f on ts d9a259058cfc4adf992c8198ca0bdbff has failed: Network error: client connection negotiation failed: client Connection to 127.0.0.1:40474: connect: Connection refused (error 111)
W1102 12:55:03.299135 1427 negotiation.cc:195] Network error: client connection negotiation failed: client Connection to 127.0.0.1:40474: connect: Connection refused (error 111)
W1102 12:55:03.299378 1424 meta_cache.cc:159] Replica 9f2eea8f88064fb1836e61f91125543f on ts d9a259058cfc4adf992c8198ca0bdbff has failed: Network error: client connection negotiation failed: client Connection to 127.0.0.1:40474: connect: Connection refused (error 111)
W1102 12:55:03.329221 1427 negotiation.cc:195] Network error: client connection negotiation failed: client Connection to 127.0.0.1:40474: connect: Connection refused (error 111)
W1102 12:55:03.329458 1424 meta_cache.cc:159] Replica 9f2eea8f88064fb1836e61f91125543f on ts d9a259058cfc4adf992c8198ca0bdbff has failed: Network error: client connection negotiation failed: client Connection to 127.0.0.1:40474: connect: Connection refused (error 111)
W1102 12:55:03.365970 1427 negotiation.cc:195] Network error: client connection negotiation failed: client Connection to 127.0.0.1:40474: connect: Connection refused (error 111)
W1102 12:55:03.366227 1424 meta_cache.cc:159] Replica 9f2eea8f88064fb1836e61f91125543f on ts d9a259058cfc4adf992c8198ca0bdbff has failed: Network error: client connection negotiation failed: client Connection to 127.0.0.1:40474: connect: Connection refused (error 111)
W1102 12:55:03.404556 1427 negotiation.cc:195] Network error: client connection negotiation failed: client Connection to 127.0.0.1:40474: connect: Connection refused (error 111)
W1102 12:55:03.404796 1424 meta_cache.cc:159] Replica 9f2eea8f88064fb1836e61f91125543f on ts d9a259058cfc4adf992c8198ca0bdbff has failed: Network error: client connection negotiation failed: client Connection to 127.0.0.1:40474: connect: Connection refused (error 111)
W1102 12:55:03.448518 1427 negotiation.cc:195] Network error: client connection negotiation failed: client Connection to 127.0.0.1:40474: connect: Connection refused (error 111)
W1102 12:55:03.448757 1424 meta_cache.cc:159] Replica 9f2eea8f88064fb1836e61f91125543f on ts d9a259058cfc4adf992c8198ca0bdbff has failed: Network error: client connection negotiation failed: client Connection to 127.0.0.1:40474: connect: Connection refused (error 111)
W1102 12:55:03.495009 1427 negotiation.cc:195] Network error: client connection negotiation failed: client Connection to 127.0.0.1:40474: connect: Connection refused (error 111)
W1102 12:55:03.495249 1424 meta_cache.cc:159] Replica 9f2eea8f88064fb1836e61f91125543f on ts d9a259058cfc4adf992c8198ca0bdbff has failed: Network error: client connection negotiation failed: client Connection to 127.0.0.1:40474: connect: Connection refused (error 111)
W1102 12:55:03.538781 1427 negotiation.cc:195] Network error: client connection negotiation failed: client Connection to 127.0.0.1:40474: connect: Connection refused (error 111)
W1102 12:55:03.538879 1424 meta_cache.cc:159] Replica 9f2eea8f88064fb1836e61f91125543f on ts d9a259058cfc4adf992c8198ca0bdbff has failed: Network error: client connection negotiation failed: client Connection to 127.0.0.1:40474: connect: Connection refused (error 111)
W1102 12:55:03.592839 1427 negotiation.cc:195] Network error: client connection negotiation failed: client Connection to 127.0.0.1:40474: connect: Connection refused (error 111)
W1102 12:55:03.592923 1424 meta_cache.cc:159] Replica 9f2eea8f88064fb1836e61f91125543f on ts d9a259058cfc4adf992c8198ca0bdbff has failed: Network error: client connection negotiation failed: client Connection to 127.0.0.1:40474: connect: Connection refused (error 111)
W1102 12:55:03.649863 1427 negotiation.cc:195] Network error: client connection negotiation failed: client Connection to 127.0.0.1:40474: connect: Connection refused (error 111)
W1102 12:55:03.649943 1424 meta_cache.cc:159] Replica 9f2eea8f88064fb1836e61f91125543f on ts d9a259058cfc4adf992c8198ca0bdbff has failed: Network error: client connection negotiation failed: client Connection to 127.0.0.1:40474: connect: Connection refused (error 111)
W1102 12:55:03.706374 1427 negotiation.cc:195] Network error: client connection negotiation failed: client Connection to 127.0.0.1:40474: connect: Connection refused (error 111)
W1102 12:55:03.706449 1424 meta_cache.cc:159] Replica 9f2eea8f88064fb1836e61f91125543f on ts d9a259058cfc4adf992c8198ca0bdbff has failed: Network error: client connection negotiation failed: client Connection to 127.0.0.1:40474: connect: Connection refused (error 111)
W1102 12:55:03.771299 1427 negotiation.cc:195] Network error: client connection negotiation failed: client Connection to 127.0.0.1:40474: connect: Connection refused (error 111)
W1102 12:55:03.771543 1424 meta_cache.cc:159] Replica 9f2eea8f88064fb1836e61f91125543f on ts d9a259058cfc4adf992c8198ca0bdbff has failed: Network error: client connection negotiation failed: client Connection to 127.0.0.1:40474: connect: Connection refused (error 111)
W1102 12:55:03.840600 1427 negotiation.cc:195] Network error: client connection negotiation failed: client Connection to 127.0.0.1:40474: connect: Connection refused (error 111)
W1102 12:55:03.840749 1424 meta_cache.cc:159] Replica 9f2eea8f88064fb1836e61f91125543f on ts d9a259058cfc4adf992c8198ca0bdbff has failed: Network error: client connection negotiation failed: client Connection to 127.0.0.1:40474: connect: Connection refused (error 111)
W1102 12:55:03.914489 1427 negotiation.cc:195] Network error: client connection negotiation failed: client Connection to 127.0.0.1:40474: connect: Connection refused (error 111)
W1102 12:55:03.914703 1424 meta_cache.cc:159] Replica 9f2eea8f88064fb1836e61f91125543f on ts d9a259058cfc4adf992c8198ca0bdbff has failed: Network error: client connection negotiation failed: client Connection to 127.0.0.1:40474: connect: Connection refused (error 111)
W1102 12:55:03.992169 1427 negotiation.cc:195] Network error: client connection negotiation failed: client Connection to 127.0.0.1:40474: connect: Connection refused (error 111)
W1102 12:55:03.992415 1424 meta_cache.cc:159] Replica 9f2eea8f88064fb1836e61f91125543f on ts d9a259058cfc4adf992c8198ca0bdbff has failed: Network error: client connection negotiation failed: client Connection to 127.0.0.1:40474: connect: Connection refused (error 111)
W1102 12:55:04.075151 1427 negotiation.cc:195] Network error: client connection negotiation failed: client Connection to 127.0.0.1:40474: connect: Connection refused (error 111)
W1102 12:55:04.075397 1424 meta_cache.cc:159] Replica 9f2eea8f88064fb1836e61f91125543f on ts d9a259058cfc4adf992c8198ca0bdbff has failed: Network error: client connection negotiation failed: client Connection to 127.0.0.1:40474: connect: Connection refused (error 111)
W1102 12:55:04.162470 1427 negotiation.cc:195] Network error: client connection negotiation failed: client Connection to 127.0.0.1:40474: connect: Connection refused (error 111)
W1102 12:55:04.162549 1424 meta_cache.cc:159] Replica 9f2eea8f88064fb1836e61f91125543f on ts d9a259058cfc4adf992c8198ca0bdbff has failed: Network error: client connection negotiation failed: client Connection to 127.0.0.1:40474: connect: Connection refused (error 111)
W1102 12:55:04.251232 1424 batcher.cc:388] Write(9f2eea8f88064fb1836e61f91125543f, 1 ops) failed: Timed out: Write(9f2eea8f88064fb1836e61f91125543f, 1 ops) timed out
I1102 12:55:04.251785 31819 master.cc:124] Master@127.0.0.1:43627 shutting down...
I1102 12:55:04.265924 31819 tablet_peer.cc:231] Initiating TabletPeer shutdown for tablet: 11111111111111111111111111111111
I1102 12:55:04.266681 31819 tablet_peer.cc:231] Initiating TabletPeer shutdown for tablet: 00000000000000000000000000000000
I1102 12:55:04.267246 31819 master.cc:127] Master@127.0.0.1:43627 shutdown complete. [ OK ] ClientTest.TestWriteWithDeadTabletServer (1349 ms) [ RUN ] ClientTest.TestApplyToSessionWithoutFlushing_OpsInFlight
I1102 12:55:04.430881 31819 fs_manager.cc:130] Generated new instance metadata in path /tmp/kudutest-1000/client-test.ClientTest.TestApplyToSessionWithoutFlushing_OpsInFlight.1414961696528764-31819/minicluster-data/master-0-root/instance: uuid: "4cc329cb0fa64ab0aa20e99f964740ba" format_stamp: "Formatted at 2014-11-02 20:55:04 on qiwi"
I1102 12:55:04.430986 31819 fs_manager.cc:82] Opened local filesystem: /tmp/kudutest-1000/client-test.ClientTest.TestApplyToSessionWithoutFlushing_OpsInFlight.1414961696528764-31819/minicluster-data/master-0-root uuid: "4cc329cb0fa64ab0aa20e99f964740ba" format_stamp: "Formatted at 2014-11-02 20:55:04 on qiwi"
I1102 12:55:04.431831 31819 hybrid_clock.cc:119] HybridClock initialized. Resolution in nanos?: 1 Wait times tolerance adjustment: 1.0005 Current error: 495278
I1102 12:55:04.434620 31819 webserver.cc:108] Starting webserver on 0.0.0.0:0
I1102 12:55:04.434636 31819 webserver.cc:117] Document root disabled
I1102 12:55:04.434845 31819 webserver.cc:197] Webserver started. Bound to: 0.0.0.0:59479
I1102 12:55:04.436218 1480 tablet_bootstrap.cc:234] Tablet 11111111111111111111111111111111: Bootstrap starting.
I1102 12:55:04.438465 1480 tablet_bootstrap.cc:331] No previous blocks or log segments found for tablet: 11111111111111111111111111111111 creating new one.
I1102 12:55:04.439391 1480 tablet_bootstrap.cc:234] Tablet 11111111111111111111111111111111: No bootstrap required, opened a new log
I1102 12:55:04.441001 1482 tablet_peer.cc:213] Configuration changed for tablet: 11111111111111111111111111111111 in peer: 4cc329cb0fa64ab0aa20e99f964740ba Changed from: seqno: 0 local: true peers { permanent_uuid: "4cc329cb0fa64ab0aa20e99f964740ba" role: LEADER } Changed to: seqno: 1 local: true peers { permanent_uuid: "4cc329cb0fa64ab0aa20e99f964740ba" role: LEADER }
I1102 12:55:04.441063 1482 sys_tables.cc:217] SysTable state changed. New quorum config: seqno: 1 local: true peers { permanent_uuid: "4cc329cb0fa64ab0aa20e99f964740ba" role: LEADER }
I1102 12:55:04.441555 1480 tablet_bootstrap.cc:234] Tablet 00000000000000000000000000000000: Bootstrap starting.
I1102 12:55:04.443814 1480 tablet_bootstrap.cc:331] No previous blocks or log segments found for tablet: 00000000000000000000000000000000 creating new one.
I1102 12:55:04.444736 1480 tablet_bootstrap.cc:234] Tablet 00000000000000000000000000000000: No bootstrap required, opened a new log
I1102 12:55:04.445929 1480 sys_tables.cc:281] SysTable tablet configured and running, proceeding with master startup.
I1102 12:55:04.446310 1486 tablet_peer.cc:213] Configuration changed for tablet: 00000000000000000000000000000000 in peer: 4cc329cb0fa64ab0aa20e99f964740ba Changed from: seqno: 0 local: true peers { permanent_uuid: "4cc329cb0fa64ab0aa20e99f964740ba" role: LEADER } Changed to: seqno: 1 local: true peers { permanent_uuid: "4cc329cb0fa64ab0aa20e99f964740ba" role: LEADER }
I1102 12:55:04.446382 1480 sys_tables.cc:281] SysTable tablet configured and running, proceeding with master startup.
I1102 12:55:04.446385 1486 sys_tables.cc:217] SysTable state changed. New quorum config: seqno: 1 local: true peers { permanent_uuid: "4cc329cb0fa64ab0aa20e99f964740ba" role: LEADER }
I1102 12:55:04.460837 31819 fs_manager.cc:130] Generated new instance metadata in path /tmp/kudutest-1000/client-test.ClientTest.TestApplyToSessionWithoutFlushing_OpsInFlight.1414961696528764-31819/minicluster-data/ts-0-root/instance: uuid: "731411e1d10144719c66062858cfba2e" format_stamp: "Formatted at 2014-11-02 20:55:04 on qiwi"
I1102 12:55:04.460966 31819 fs_manager.cc:82] Opened local filesystem: /tmp/kudutest-1000/client-test.ClientTest.TestApplyToSessionWithoutFlushing_OpsInFlight.1414961696528764-31819/minicluster-data/ts-0-root uuid: "731411e1d10144719c66062858cfba2e" format_stamp: "Formatted at 2014-11-02 20:55:04 on qiwi"
I1102 12:55:04.463129 31819 hybrid_clock.cc:119] HybridClock initialized. Resolution in nanos?: 1 Wait times tolerance adjustment: 1.0005 Current error: 495278
I1102 12:55:04.469074 31819 webserver.cc:108] Starting webserver on 0.0.0.0:0
I1102 12:55:04.469094 31819 webserver.cc:117] Document root disabled
I1102 12:55:04.469375 31819 webserver.cc:197] Webserver started. Bound to: 0.0.0.0:43954
I1102 12:55:04.469516 31819 maintenance_manager.cc:118] MaintenanceManager: targeting memory size of 25.106701 GB
I1102 12:55:04.471321 1529 heartbeater.cc:227] Registering TS with master...
I1102 12:55:04.471386 1529 heartbeater.cc:233] Sending a full tablet report to master...
I1102 12:55:04.471804 1458 ts_manager.cc:66] Registered new tablet server { permanent_uuid: "731411e1d10144719c66062858cfba2e" instance_seqno: 1414961704468768 } with Master
I1102 12:55:04.471899 31819 mini_cluster.cc:268] 1 TS(s) registered with Master after 0.00225595s
I1102 12:55:04.475445 1460 catalog_manager.cc:437] CreateTable from {real_user=alex, eff_user=} at 127.0.0.1:59605: name: "client-testtb" schema { columns { name: "key" type: UINT32 is_key: true is_nullable: false encoding: AUTO_ENCODING compression: DEFAULT_COMPRESSION } columns { name: "int_val" type: UINT32 is_key: false is_nullable: false encoding: AUTO_ENCODING compression: DEFAULT_COMPRESSION } columns { name: "string_val" type: STRING is_key: false is_nullable: true encoding: AUTO_ENCODING compression: DEFAULT_COMPRESSION } columns { name: "non_null_with_default" type: UINT32 is_key: false is_nullable: false read_default_value: "90\000\000" write_default_value: "90\000\000" encoding: AUTO_ENCODING compression: DEFAULT_COMPRESSION } } pre_split_keys: "\000\000\000\t" num_replicas: 1
I1102 12:55:04.481976 1507 tablet_service.cc:264] Processing CreateTablet for tablet 93e35f573f034e2fbe320af76f28b6eb (table=client-testtb [id=3ecb223977bb4a51a415be85e521a416]), range=["\x00\x00\x00\t", ""]
I1102 12:55:04.482034 1508 tablet_service.cc:264] Processing CreateTablet for tablet 23a3a305a236458597c77c74206c85a3 (table=client-testtb [id=3ecb223977bb4a51a415be85e521a416]), range=["", "\x00\x00\x00\t"]
I1102 12:55:04.483114 1507 ts_tablet_manager.cc:460] Registered tablet 93e35f573f034e2fbe320af76f28b6eb
I1102 12:55:04.483206 1508 ts_tablet_manager.cc:460] Registered tablet 23a3a305a236458597c77c74206c85a3
I1102 12:55:04.483597 1540 ts_tablet_manager.cc:325] Bootstrapping tablet: 93e35f573f034e2fbe320af76f28b6eb
I1102 12:55:04.483623 1539 ts_tablet_manager.cc:325] Bootstrapping tablet: 23a3a305a236458597c77c74206c85a3
I1102 12:55:04.484083 1539 tablet_bootstrap.cc:234] Tablet 23a3a305a236458597c77c74206c85a3: Bootstrap starting.
I1102 12:55:04.484099 1540 tablet_bootstrap.cc:234] Tablet 93e35f573f034e2fbe320af76f28b6eb: Bootstrap starting.
I1102 12:55:04.486728 1539 tablet_bootstrap.cc:331] No previous blocks or log segments found for tablet: 23a3a305a236458597c77c74206c85a3 creating new one.
I1102 12:55:04.486763 1540 tablet_bootstrap.cc:331] No previous blocks or log segments found for tablet: 93e35f573f034e2fbe320af76f28b6eb creating new one.
I1102 12:55:04.488199 1540 tablet_bootstrap.cc:234] Tablet 93e35f573f034e2fbe320af76f28b6eb: No bootstrap required, opened a new log
I1102 12:55:04.488210 1539 tablet_bootstrap.cc:234] Tablet 23a3a305a236458597c77c74206c85a3: No bootstrap required, opened a new log
I1102 12:55:04.488446 1539 ts_tablet_manager.cc:330] Time spent tablet 23a3a305a236458597c77c74206c85a3 bootstrap: real 0.005s user 0.003s sys 0.001s
I1102 12:55:04.488450 1540 ts_tablet_manager.cc:330] Time spent tablet 93e35f573f034e2fbe320af76f28b6eb bootstrap: real 0.005s user 0.003s sys 0.001s
I1102 12:55:04.489879 1540 ts_tablet_manager.cc:350] Time spent starting tablet 93e35f573f034e2fbe320af76f28b6eb: real 0.001s user 0.001s sys 0.000s
I1102 12:55:04.489893 1539 ts_tablet_manager.cc:350] Time spent starting tablet 23a3a305a236458597c77c74206c85a3: real 0.001s user 0.001s sys 0.000s
I1102 12:55:04.490633 1544 tablet_peer.cc:213] Configuration changed for tablet: 23a3a305a236458597c77c74206c85a3 in peer: 731411e1d10144719c66062858cfba2e Changed from: seqno: -1 local: true peers { permanent_uuid: "731411e1d10144719c66062858cfba2e" role: CANDIDATE last_known_addr { host: "127.0.0.1" port: 32837 } } Changed to: seqno: 0 local: true peers { permanent_uuid: "731411e1d10144719c66062858cfba2e" role: LEADER last_known_addr { host: "127.0.0.1" port: 32837 } }
I1102 12:55:04.490631 1543 tablet_peer.cc:213] Configuration changed for tablet: 93e35f573f034e2fbe320af76f28b6eb in peer: 731411e1d10144719c66062858cfba2e Changed from: seqno: -1 local: true peers { permanent_uuid: "731411e1d10144719c66062858cfba2e" role: CANDIDATE last_known_addr { host: "127.0.0.1" port: 32837 } } Changed to: seqno: 0 local: true peers { permanent_uuid: "731411e1d10144719c66062858cfba2e" role: LEADER last_known_addr { host: "127.0.0.1" port: 32837 } }
I1102 12:55:04.493612 1458 catalog_manager.cc:1127] Tablet: 93e35f573f034e2fbe320af76f28b6eb reported quorum change. New quorum: seqno: 0 local: true peers { permanent_uuid: "731411e1d10144719c66062858cfba2e" role: LEADER last_known_addr { host: "127.0.0.1" port: 32837 } }
I1102 12:55:04.495242 1458 catalog_manager.cc:1127] Tablet: 23a3a305a236458597c77c74206c85a3 reported quorum change. New quorum: seqno: 0 local: true peers { permanent_uuid: "731411e1d10144719c66062858cfba2e" role: LEADER last_known_addr { host: "127.0.0.1" port: 32837 } }
I1102 12:55:04.499392 1463 catalog_manager.cc:437] CreateTable from {real_user=alex, eff_user=} at 127.0.0.1:59605: name: "client-testtb2" schema { columns { name: "key" type: UINT32 is_key: true is_nullable: false encoding: AUTO_ENCODING compression: DEFAULT_COMPRESSION } columns { name: "int_val" type: UINT32 is_key: false is_nullable: false encoding: AUTO_ENCODING compression: DEFAULT_COMPRESSION } columns { name: "string_val" type: STRING is_key: false is_nullable: true encoding: AUTO_ENCODING compression: DEFAULT_COMPRESSION } columns { name: "non_null_with_default" type: UINT32 is_key: false is_nullable: false read_default_value: "90\000\000" write_default_value: "90\000\000" encoding: AUTO_ENCODING compression: DEFAULT_COMPRESSION } } num_replicas: 1
I1102 12:55:04.504133 1509 tablet_service.cc:264] Processing CreateTablet for tablet 8e466d4003d440a4b90dda3530a78960 (table=client-testtb2 [id=e1214342344d40319fff454cd5561328]), range=["", ""]
I1102 12:55:04.505180 1509 ts_tablet_manager.cc:460] Registered tablet 8e466d4003d440a4b90dda3530a78960
I1102 12:55:04.505295 1540 ts_tablet_manager.cc:325] Bootstrapping tablet: 8e466d4003d440a4b90dda3530a78960
I1102 12:55:04.505763 1540 tablet_bootstrap.cc:234] Tablet 8e466d4003d440a4b90dda3530a78960: Bootstrap starting.
I1102 12:55:04.508357 1540 tablet_bootstrap.cc:331] No previous blocks or log segments found for tablet: 8e466d4003d440a4b90dda3530a78960 creating new one.
I1102 12:55:04.509804 1540 tablet_bootstrap.cc:234] Tablet 8e466d4003d440a4b90dda3530a78960: No bootstrap required, opened a new log
I1102 12:55:04.510236 1540 ts_tablet_manager.cc:330] Time spent tablet 8e466d4003d440a4b90dda3530a78960 bootstrap: real 0.005s user 0.003s sys 0.001s
I1102 12:55:04.512078 1540 ts_tablet_manager.cc:350] Time spent starting tablet 8e466d4003d440a4b90dda3530a78960: real 0.002s user 0.001s sys 0.000s
