[==========] Running 34 tests from 1 test case. [----------] Global test environment set-up. [----------] 34 tests from ClientTest [ RUN ] ClientTest.TestBadTable WARNING: Logging before InitGoogleLogging() is written to STDERR
I1102 12:54:56.546373 31819 fs_manager.cc:130] Generated new instance metadata in path /tmp/kudutest-1000/client-test.ClientTest.TestBadTable.1414961696528764-31819/minicluster-data/master-0-root/instance: uuid: "bf1144976a38486bbd43d12e7d6fd26c" format_stamp: "Formatted at 2014-11-02 20:54:56 on qiwi"
I1102 12:54:56.546664 31819 fs_manager.cc:82] Opened local filesystem: /tmp/kudutest-1000/client-test.ClientTest.TestBadTable.1414961696528764-31819/minicluster-data/master-0-root uuid: "bf1144976a38486bbd43d12e7d6fd26c" format_stamp: "Formatted at 2014-11-02 20:54:56 on qiwi"
I1102 12:54:56.549994 31819 hybrid_clock.cc:119] HybridClock initialized. Resolution in nanos?: 1 Wait times tolerance adjustment: 1.0005 Current error: 491278
I1102 12:54:56.555894 31819 webserver.cc:108] Starting webserver on 0.0.0.0:0
I1102 12:54:56.555912 31819 webserver.cc:117] Document root disabled
I1102 12:54:56.556140 31819 webserver.cc:197] Webserver started. Bound to: 0.0.0.0:33158
I1102 12:54:56.557994 31849 tablet_bootstrap.cc:234] Tablet 11111111111111111111111111111111: Bootstrap starting.
I1102 12:54:56.560094 31849 tablet_bootstrap.cc:331] No previous blocks or log segments found for tablet: 11111111111111111111111111111111 creating new one.
I1102 12:54:56.560510 31849 log.cc:305] Log is configured to *not* fsync() on all Append() calls
I1102 12:54:56.561486 31849 tablet_bootstrap.cc:234] Tablet 11111111111111111111111111111111: No bootstrap required, opened a new log
I1102 12:54:56.564224 31849 tablet_bootstrap.cc:234] Tablet 00000000000000000000000000000000: Bootstrap starting.
I1102 12:54:56.563864 31851 tablet_peer.cc:213] Configuration changed for tablet: 11111111111111111111111111111111 in peer: bf1144976a38486bbd43d12e7d6fd26c Changed from: seqno: 0 local: true peers { permanent_uuid: "bf1144976a38486bbd43d12e7d6fd26c" role: LEADER } Changed to: seqno: 1 local: true peers { permanent_uuid: "bf1144976a38486bbd43d12e7d6fd26c" role: LEADER }
I1102 12:54:56.564451 31851 sys_tables.cc:217] SysTable state changed. New quorum config: seqno: 1 local: true peers { permanent_uuid: "bf1144976a38486bbd43d12e7d6fd26c" role: LEADER }
I1102 12:54:56.566337 31849 tablet_bootstrap.cc:331] No previous blocks or log segments found for tablet: 00000000000000000000000000000000 creating new one.
I1102 12:54:56.567389 31849 tablet_bootstrap.cc:234] Tablet 00000000000000000000000000000000: No bootstrap required, opened a new log
I1102 12:54:56.568503 31849 sys_tables.cc:281] SysTable tablet configured and running, proceeding with master startup.
I1102 12:54:56.569231 31856 tablet_peer.cc:213] Configuration changed for tablet: 00000000000000000000000000000000 in peer: bf1144976a38486bbd43d12e7d6fd26c Changed from: seqno: 0 local: true peers { permanent_uuid: "bf1144976a38486bbd43d12e7d6fd26c" role: LEADER } Changed to: seqno: 1 local: true peers { permanent_uuid: "bf1144976a38486bbd43d12e7d6fd26c" role: LEADER }
I1102 12:54:56.569308 31849 sys_tables.cc:281] SysTable tablet configured and running, proceeding with master startup.
I1102 12:54:56.569308 31856 sys_tables.cc:217] SysTable state changed. New quorum config: seqno: 1 local: true peers { permanent_uuid: "bf1144976a38486bbd43d12e7d6fd26c" role: LEADER }
I1102 12:54:56.580549 31819 fs_manager.cc:130] Generated new instance metadata in path /tmp/kudutest-1000/client-test.ClientTest.TestBadTable.1414961696528764-31819/minicluster-data/ts-0-root/instance: uuid: "6f5fea57911d4b948191a043b6c53fac" format_stamp: "Formatted at 2014-11-02 20:54:56 on qiwi"
I1102 12:54:56.580638 31819 fs_manager.cc:82] Opened local filesystem: /tmp/kudutest-1000/client-test.ClientTest.TestBadTable.1414961696528764-31819/minicluster-data/ts-0-root uuid: "6f5fea57911d4b948191a043b6c53fac" format_stamp: "Formatted at 2014-11-02 20:54:56 on qiwi"
I1102 12:54:56.581886 31819 hybrid_clock.cc:119] HybridClock initialized. Resolution in nanos?: 1 Wait times tolerance adjustment: 1.0005 Current error: 491278
I1102 12:54:56.590224 31819 webserver.cc:108] Starting webserver on 0.0.0.0:0
I1102 12:54:56.590252 31819 webserver.cc:117] Document root disabled
I1102 12:54:56.590490 31819 webserver.cc:197] Webserver started. Bound to: 0.0.0.0:57715
I1102 12:54:56.590863 31819 maintenance_manager.cc:118] MaintenanceManager: targeting memory size of 25.106701 GB
I1102 12:54:56.594419 31899 heartbeater.cc:227] Registering TS with master...
I1102 12:54:56.594506 31899 heartbeater.cc:233] Sending a full tablet report to master...
I1102 12:54:56.594960 31828 ts_manager.cc:66] Registered new tablet server { permanent_uuid: "6f5fea57911d4b948191a043b6c53fac" instance_seqno: 1414961696589858 } with Master
I1102 12:54:56.595752 31819 mini_cluster.cc:268] 1 TS(s) registered with Master after 0.00437965s
I1102 12:54:56.600450 31830 catalog_manager.cc:437] CreateTable from {real_user=alex, eff_user=} at 127.0.0.1:33062: name: "client-testtb" schema { columns { name: "key" type: UINT32 is_key: true is_nullable: false encoding: AUTO_ENCODING compression: DEFAULT_COMPRESSION } columns { name: "int_val" type: UINT32 is_key: false is_nullable: false encoding: AUTO_ENCODING compression: DEFAULT_COMPRESSION } columns { name: "string_val" type: STRING is_key: false is_nullable: true encoding: AUTO_ENCODING compression: DEFAULT_COMPRESSION } columns { name: "non_null_with_default" type: UINT32 is_key: false is_nullable: false read_default_value: "90\000\000" write_default_value: "90\000\000" encoding: AUTO_ENCODING compression: DEFAULT_COMPRESSION } } pre_split_keys: "\000\000\000\t" num_replicas: 1
I1102 12:54:56.608623 31877 tablet_service.cc:264] Processing CreateTablet for tablet 3ffe2b4288024717af6529bac174dd98 (table=client-testtb [id=e4fed1e2e56e4d8785dce9e3da0dfe29]), range=["\x00\x00\x00\t", ""]
I1102 12:54:56.608649 31878 tablet_service.cc:264] Processing CreateTablet for tablet 12e2e2d79a914633bd898fb777afd1ac (table=client-testtb [id=e4fed1e2e56e4d8785dce9e3da0dfe29]), range=["", "\x00\x00\x00\t"]
I1102 12:54:56.609838 31878 ts_tablet_manager.cc:460] Registered tablet 12e2e2d79a914633bd898fb777afd1ac
I1102 12:54:56.609895 31877 ts_tablet_manager.cc:460] Registered tablet 3ffe2b4288024717af6529bac174dd98
I1102 12:54:56.610642 31909 ts_tablet_manager.cc:325] Bootstrapping tablet: 3ffe2b4288024717af6529bac174dd98
I1102 12:54:56.610648 31908 ts_tablet_manager.cc:325] Bootstrapping tablet: 12e2e2d79a914633bd898fb777afd1ac
I1102 12:54:56.611029 31909 tablet_bootstrap.cc:234] Tablet 3ffe2b4288024717af6529bac174dd98: Bootstrap starting.
I1102 12:54:56.611032 31908 tablet_bootstrap.cc:234] Tablet 12e2e2d79a914633bd898fb777afd1ac: Bootstrap starting.
I1102 12:54:56.613286 31909 tablet_bootstrap.cc:331] No previous blocks or log segments found for tablet: 3ffe2b4288024717af6529bac174dd98 creating new one.
I1102 12:54:56.613328 31908 tablet_bootstrap.cc:331] No previous blocks or log segments found for tablet: 12e2e2d79a914633bd898fb777afd1ac creating new one.
I1102 12:54:56.615260 31908 tablet_bootstrap.cc:234] Tablet 12e2e2d79a914633bd898fb777afd1ac: No bootstrap required, opened a new log
I1102 12:54:56.615298 31909 tablet_bootstrap.cc:234] Tablet 3ffe2b4288024717af6529bac174dd98: No bootstrap required, opened a new log
I1102 12:54:56.615686 31908 ts_tablet_manager.cc:330] Time spent tablet 12e2e2d79a914633bd898fb777afd1ac bootstrap: real 0.005s user 0.003s sys 0.001s
I1102 12:54:56.615684 31909 ts_tablet_manager.cc:330] Time spent tablet 3ffe2b4288024717af6529bac174dd98 bootstrap: real 0.005s user 0.003s sys 0.001s
I1102 12:54:56.617547 31908 ts_tablet_manager.cc:350] Time spent starting tablet 12e2e2d79a914633bd898fb777afd1ac: real 0.002s user 0.001s sys 0.000s
I1102 12:54:56.617648 31909 ts_tablet_manager.cc:350] Time spent starting tablet 3ffe2b4288024717af6529bac174dd98: real 0.002s user 0.001s sys 0.000s
I1102 12:54:56.618803 31912 tablet_peer.cc:213] Configuration changed for tablet: 12e2e2d79a914633bd898fb777afd1ac in peer: 6f5fea57911d4b948191a043b6c53fac Changed from: seqno: -1 local: true peers { permanent_uuid: "6f5fea57911d4b948191a043b6c53fac" role: CANDIDATE last_known_addr { host: "127.0.0.1" port: 37172 } } Changed to: seqno: 0 local: true peers { permanent_uuid: "6f5fea57911d4b948191a043b6c53fac" role: LEADER last_known_addr { host: "127.0.0.1" port: 37172 } }
I1102 12:54:56.618814 31913 tablet_peer.cc:213] Configuration changed for tablet: 3ffe2b4288024717af6529bac174dd98 in peer: 6f5fea57911d4b948191a043b6c53fac Changed from: seqno: -1 local: true peers { permanent_uuid: "6f5fea57911d4b948191a043b6c53fac" role: CANDIDATE last_known_addr { host: "127.0.0.1" port: 37172 } } Changed to: seqno: 0 local: true peers { permanent_uuid: "6f5fea57911d4b948191a043b6c53fac" role: LEADER last_known_addr { host: "127.0.0.1" port: 37172 } }
I1102 12:54:56.627893 31830 catalog_manager.cc:1127] Tablet: 3ffe2b4288024717af6529bac174dd98 reported quorum change. New quorum: seqno: 0 local: true peers { permanent_uuid: "6f5fea57911d4b948191a043b6c53fac" role: LEADER last_known_addr { host: "127.0.0.1" port: 37172 } }
I1102 12:54:56.630123 31830 catalog_manager.cc:1127] Tablet: 12e2e2d79a914633bd898fb777afd1ac reported quorum change. New quorum: seqno: 0 local: true peers { permanent_uuid: "6f5fea57911d4b948191a043b6c53fac" role: LEADER last_known_addr { host: "127.0.0.1" port: 37172 } }
I1102 12:54:56.639822 31835 catalog_manager.cc:437] CreateTable from {real_user=alex, eff_user=} at 127.0.0.1:33062: name: "client-testtb2" schema { columns { name: "key" type: UINT32 is_key: true is_nullable: false encoding: AUTO_ENCODING compression: DEFAULT_COMPRESSION } columns { name: "int_val" type: UINT32 is_key: false is_nullable: false encoding: AUTO_ENCODING compression: DEFAULT_COMPRESSION } columns { name: "string_val" type: STRING is_key: false is_nullable: true encoding: AUTO_ENCODING compression: DEFAULT_COMPRESSION } columns { name: "non_null_with_default" type: UINT32 is_key: false is_nullable: false read_default_value: "90\000\000" write_default_value: "90\000\000" encoding: AUTO_ENCODING compression: DEFAULT_COMPRESSION } } num_replicas: 1
I1102 12:54:56.646512 31879 tablet_service.cc:264] Processing CreateTablet for tablet 723eb97fcc204d429170e97a7831d04c (table=client-testtb2 [id=75f37fe661de4750896dc2e7f72b4e57]), range=["", ""]
I1102 12:54:56.647899 31879 ts_tablet_manager.cc:460] Registered tablet 723eb97fcc204d429170e97a7831d04c
I1102 12:54:56.648012 31908 ts_tablet_manager.cc:325] Bootstrapping tablet: 723eb97fcc204d429170e97a7831d04c
I1102 12:54:56.648586 31908 tablet_bootstrap.cc:234] Tablet 723eb97fcc204d429170e97a7831d04c: Bootstrap starting.
I1102 12:54:56.654567 31908 tablet_bootstrap.cc:331] No previous blocks or log segments found for tablet: 723eb97fcc204d429170e97a7831d04c creating new one.
I1102 12:54:56.658354 31908 tablet_bootstrap.cc:234] Tablet 723eb97fcc204d429170e97a7831d04c: No bootstrap required, opened a new log
I1102 12:54:56.658967 31908 ts_tablet_manager.cc:330] Time spent tablet 723eb97fcc204d429170e97a7831d04c bootstrap: real 0.011s user 0.007s sys 0.002s
I1102 12:54:56.662444 31908 ts_tablet_manager.cc:350] Time spent starting tablet 723eb97fcc204d429170e97a7831d04c: real 0.003s user 0.002s sys 0.001s
I1102 12:54:56.663305 31919 tablet_peer.cc:213] Configuration changed for tablet: 723eb97fcc204d429170e97a7831d04c in peer: 6f5fea57911d4b948191a043b6c53fac Changed from: seqno: -1 local: true peers { permanent_uuid: "6f5fea57911d4b948191a043b6c53fac" role: CANDIDATE last_known_addr { host: "127.0.0.1" port: 37172 } } Changed to: seqno: 0 local: true peers { permanent_uuid: "6f5fea57911d4b948191a043b6c53fac" role: LEADER last_known_addr { host: "127.0.0.1" port: 37172 } }
I1102 12:54:56.666573 31834 catalog_manager.cc:1127] Tablet: 723eb97fcc204d429170e97a7831d04c reported quorum change. New quorum: seqno: 0 local: true peers { permanent_uuid: "6f5fea57911d4b948191a043b6c53fac" role: LEADER last_known_addr { host: "127.0.0.1" port: 37172 } }
I1102 12:54:56.677255 31819 tablet_server.cc:114] TabletServer shutting down...
I1102 12:54:56.695859 31819 ts_tablet_manager.cc:402] Shutting down tablet manager...
I1102 12:54:56.696037 31819 maintenance_manager.cc:177] Unregistered op LogGCOp
I1102 12:54:56.696441 31819 tablet_peer.cc:231] Initiating TabletPeer shutdown for tablet: 3ffe2b4288024717af6529bac174dd98
I1102 12:54:56.696554 31819 maintenance_manager.cc:177] Unregistered op FlushMRSOp(3ffe2b4288024717af6529bac174dd98)
I1102 12:54:56.696630 31819 maintenance_manager.cc:177] Unregistered op CompactRowSetsOp(3ffe2b4288024717af6529bac174dd98)
I1102 12:54:56.696666 31819 maintenance_manager.cc:177] Unregistered op FlushDeltaMemStoresOp(3ffe2b4288024717af6529bac174dd98)
I1102 12:54:56.698456 31819 tablet_peer.cc:231] Initiating TabletPeer shutdown for tablet: 12e2e2d79a914633bd898fb777afd1ac
I1102 12:54:56.698528 31819 maintenance_manager.cc:177] Unregistered op FlushMRSOp(12e2e2d79a914633bd898fb777afd1ac)
I1102 12:54:56.698601 31819 maintenance_manager.cc:177] Unregistered op CompactRowSetsOp(12e2e2d79a914633bd898fb777afd1ac)
I1102 12:54:56.698639 31819 maintenance_manager.cc:177] Unregistered op FlushDeltaMemStoresOp(12e2e2d79a914633bd898fb777afd1ac)
I1102 12:54:56.700397 31819 tablet_peer.cc:231] Initiating TabletPeer shutdown for tablet: 723eb97fcc204d429170e97a7831d04c
I1102 12:54:56.700462 31819 maintenance_manager.cc:177] Unregistered op FlushMRSOp(723eb97fcc204d429170e97a7831d04c)
I1102 12:54:56.700516 31819 maintenance_manager.cc:177] Unregistered op CompactRowSetsOp(723eb97fcc204d429170e97a7831d04c)
I1102 12:54:56.700547 31819 maintenance_manager.cc:177] Unregistered op FlushDeltaMemStoresOp(723eb97fcc204d429170e97a7831d04c)
I1102 12:54:56.708953 31819 tablet_server.cc:123] TabletServer shut down complete. Bye!
I1102 12:54:56.708984 31819 tablet_server.cc:114] TabletServer shutting down...
I1102 12:54:56.709041 31819 tablet_server.cc:123] TabletServer shut down complete. Bye!
I1102 12:54:56.710047 31819 master.cc:124] Master@127.0.0.1:40875 shutting down...
I1102 12:54:56.721580 31819 tablet_peer.cc:231] Initiating TabletPeer shutdown for tablet: 11111111111111111111111111111111
I1102 12:54:56.722064 31819 tablet_peer.cc:231] Initiating TabletPeer shutdown for tablet: 00000000000000000000000000000000
I1102 12:54:56.722445 31819 master.cc:127] Master@127.0.0.1:40875 shutdown complete. [ OK ] ClientTest.TestBadTable (193 ms) [ RUN ] ClientTest.TestMasterDown
I1102 12:54:56.867841 31819 fs_manager.cc:130] Generated new instance metadata in path /tmp/kudutest-1000/client-test.ClientTest.TestMasterDown.1414961696528764-31819/minicluster-data/master-0-root/instance: uuid: "f3886384107f471c9587b2f9840e96e1" format_stamp: "Formatted at 2014-11-02 20:54:56 on qiwi"
I1102 12:54:56.867938 31819 fs_manager.cc:82] Opened local filesystem: /tmp/kudutest-1000/client-test.ClientTest.TestMasterDown.1414961696528764-31819/minicluster-data/master-0-root uuid: "f3886384107f471c9587b2f9840e96e1" format_stamp: "Formatted at 2014-11-02 20:54:56 on qiwi"
I1102 12:54:56.868768 31819 hybrid_clock.cc:119] HybridClock initialized. Resolution in nanos?: 1 Wait times tolerance adjustment: 1.0005 Current error: 491278
I1102 12:54:56.871661 31819 webserver.cc:108] Starting webserver on 0.0.0.0:0
I1102 12:54:56.871683 31819 webserver.cc:117] Document root disabled
I1102 12:54:56.871906 31819 webserver.cc:197] Webserver started. Bound to: 0.0.0.0:60428
I1102 12:54:56.873236 31947 tablet_bootstrap.cc:234] Tablet 11111111111111111111111111111111: Bootstrap starting.
I1102 12:54:56.875087 31947 tablet_bootstrap.cc:331] No previous blocks or log segments found for tablet: 11111111111111111111111111111111 creating new one.
I1102 12:54:56.876009 31947 tablet_bootstrap.cc:234] Tablet 11111111111111111111111111111111: No bootstrap required, opened a new log
I1102 12:54:56.877465 31949 tablet_peer.cc:213] Configuration changed for tablet: 11111111111111111111111111111111 in peer: f3886384107f471c9587b2f9840e96e1 Changed from: seqno: 0 local: true peers { permanent_uuid: "f3886384107f471c9587b2f9840e96e1" role: LEADER } Changed to: seqno: 1 local: true peers { permanent_uuid: "f3886384107f471c9587b2f9840e96e1" role: LEADER }
I1102 12:54:56.877523 31949 sys_tables.cc:217] SysTable state changed. New quorum config: seqno: 1 local: true peers { permanent_uuid: "f3886384107f471c9587b2f9840e96e1" role: LEADER }
I1102 12:54:56.877955 31947 tablet_bootstrap.cc:234] Tablet 00000000000000000000000000000000: Bootstrap starting.
I1102 12:54:56.880023 31947 tablet_bootstrap.cc:331] No previous blocks or log segments found for tablet: 00000000000000000000000000000000 creating new one.
I1102 12:54:56.880925 31947 tablet_bootstrap.cc:234] Tablet 00000000000000000000000000000000: No bootstrap required, opened a new log
I1102 12:54:56.882004 31947 sys_tables.cc:281] SysTable tablet configured and running, proceeding with master startup.
I1102 12:54:56.882381 31953 tablet_peer.cc:213] Configuration changed for tablet: 00000000000000000000000000000000 in peer: f3886384107f471c9587b2f9840e96e1 Changed from: seqno: 0 local: true peers { permanent_uuid: "f3886384107f471c9587b2f9840e96e1" role: LEADER } Changed to: seqno: 1 local: true peers { permanent_uuid: "f3886384107f471c9587b2f9840e96e1" role: LEADER }
I1102 12:54:56.882443 31947 sys_tables.cc:281] SysTable tablet configured and running, proceeding with master startup.
I1102 12:54:56.882444 31953 sys_tables.cc:217] SysTable state changed. New quorum config: seqno: 1 local: true peers { permanent_uuid: "f3886384107f471c9587b2f9840e96e1" role: LEADER }
I1102 12:54:56.896625 31819 fs_manager.cc:130] Generated new instance metadata in path /tmp/kudutest-1000/client-test.ClientTest.TestMasterDown.1414961696528764-31819/minicluster-data/ts-0-root/instance: uuid: "3e1256dbfd2f4d55abf0b1b6004f40e3" format_stamp: "Formatted at 2014-11-02 20:54:56 on qiwi"
I1102 12:54:56.896723 31819 fs_manager.cc:82] Opened local filesystem: /tmp/kudutest-1000/client-test.ClientTest.TestMasterDown.1414961696528764-31819/minicluster-data/ts-0-root uuid: "3e1256dbfd2f4d55abf0b1b6004f40e3" format_stamp: "Formatted at 2014-11-02 20:54:56 on qiwi"
I1102 12:54:56.897570 31819 hybrid_clock.cc:119] HybridClock initialized. Resolution in nanos?: 1 Wait times tolerance adjustment: 1.0005 Current error: 491278
I1102 12:54:56.902339 31819 webserver.cc:108] Starting webserver on 0.0.0.0:0
I1102 12:54:56.902359 31819 webserver.cc:117] Document root disabled
I1102 12:54:56.902592 31819 webserver.cc:197] Webserver started. Bound to: 0.0.0.0:53267
I1102 12:54:56.902720 31819 maintenance_manager.cc:118] MaintenanceManager: targeting memory size of 25.106701 GB
I1102 12:54:56.904084 31996 heartbeater.cc:227] Registering TS with master...
I1102 12:54:56.904134 31996 heartbeater.cc:233] Sending a full tablet report to master...
I1102 12:54:56.904455 31926 ts_manager.cc:66] Registered new tablet server { permanent_uuid: "3e1256dbfd2f4d55abf0b1b6004f40e3" instance_seqno: 1414961696902062 } with Master
I1102 12:54:56.905056 31819 mini_cluster.cc:268] 1 TS(s) registered with Master after 0.00216373s
I1102 12:54:56.911201 31928 catalog_manager.cc:437] CreateTable from {real_user=alex, eff_user=} at 127.0.0.1:52816: name: "client-testtb" schema { columns { name: "key" type: UINT32 is_key: true is_nullable: false encoding: AUTO_ENCODING compression: DEFAULT_COMPRESSION } columns { name: "int_val" type: UINT32 is_key: false is_nullable: false encoding: AUTO_ENCODING compression: DEFAULT_COMPRESSION } columns { name: "string_val" type: STRING is_key: false is_nullable: true encoding: AUTO_ENCODING compression: DEFAULT_COMPRESSION } columns { name: "non_null_with_default" type: UINT32 is_key: false is_nullable: false read_default_value: "90\000\000" write_default_value: "90\000\000" encoding: AUTO_ENCODING compression: DEFAULT_COMPRESSION } } pre_split_keys: "\000\000\000\t" num_replicas: 1
I1102 12:54:56.921746 31974 tablet_service.cc:264] Processing CreateTablet for tablet d8eb477c8e0846e19a5ba3f8e0ac6fd6 (table=client-testtb [id=62c3beaff7554aa79a8dc983a89b4b12]), range=["", "\x00\x00\x00\t"]
I1102 12:54:56.921892 31975 tablet_service.cc:264] Processing CreateTablet for tablet babc6cff98ff4c72ac01a0af3fba87d0 (table=client-testtb [id=62c3beaff7554aa79a8dc983a89b4b12]), range=["\x00\x00\x00\t", ""]
I1102 12:54:56.923378 31974 ts_tablet_manager.cc:460] Registered tablet d8eb477c8e0846e19a5ba3f8e0ac6fd6
I1102 12:54:56.923554 31975 ts_tablet_manager.cc:460] Registered tablet babc6cff98ff4c72ac01a0af3fba87d0
I1102 12:54:56.924135 32005 ts_tablet_manager.cc:325] Bootstrapping tablet: d8eb477c8e0846e19a5ba3f8e0ac6fd6
I1102 12:54:56.924156 32006 ts_tablet_manager.cc:325] Bootstrapping tablet: babc6cff98ff4c72ac01a0af3fba87d0
I1102 12:54:56.924834 32006 tablet_bootstrap.cc:234] Tablet babc6cff98ff4c72ac01a0af3fba87d0: Bootstrap starting.
I1102 12:54:56.924865 32005 tablet_bootstrap.cc:234] Tablet d8eb477c8e0846e19a5ba3f8e0ac6fd6: Bootstrap starting.
I1102 12:54:56.927839 32006 tablet_bootstrap.cc:331] No previous blocks or log segments found for tablet: babc6cff98ff4c72ac01a0af3fba87d0 creating new one.
I1102 12:54:56.927882 32005 tablet_bootstrap.cc:331] No previous blocks or log segments found for tablet: d8eb477c8e0846e19a5ba3f8e0ac6fd6 creating new one.
I1102 12:54:56.929313 32006 tablet_bootstrap.cc:234] Tablet babc6cff98ff4c72ac01a0af3fba87d0: No bootstrap required, opened a new log
I1102 12:54:56.929406 32005 tablet_bootstrap.cc:234] Tablet d8eb477c8e0846e19a5ba3f8e0ac6fd6: No bootstrap required, opened a new log
I1102 12:54:56.929553 32006 ts_tablet_manager.cc:330] Time spent tablet babc6cff98ff4c72ac01a0af3fba87d0 bootstrap: real 0.005s user 0.004s sys 0.001s
I1102 12:54:56.929648 32005 ts_tablet_manager.cc:330] Time spent tablet d8eb477c8e0846e19a5ba3f8e0ac6fd6 bootstrap: real 0.005s user 0.004s sys 0.001s
I1102 12:54:56.930850 32006 ts_tablet_manager.cc:350] Time spent starting tablet babc6cff98ff4c72ac01a0af3fba87d0: real 0.001s user 0.001s sys 0.000s
I1102 12:54:56.930865 32005 ts_tablet_manager.cc:350] Time spent starting tablet d8eb477c8e0846e19a5ba3f8e0ac6fd6: real 0.001s user 0.001s sys 0.000s
I1102 12:54:56.931514 32009 tablet_peer.cc:213] Configuration changed for tablet: babc6cff98ff4c72ac01a0af3fba87d0 in peer: 3e1256dbfd2f4d55abf0b1b6004f40e3 Changed from: seqno: -1 local: true peers { permanent_uuid: "3e1256dbfd2f4d55abf0b1b6004f40e3" role: CANDIDATE last_known_addr { host: "127.0.0.1" port: 44910 } } Changed to: seqno: 0 local: true peers { permanent_uuid: "3e1256dbfd2f4d55abf0b1b6004f40e3" role: LEADER last_known_addr { host: "127.0.0.1" port: 44910 } }
I1102 12:54:56.931526 32010 tablet_peer.cc:213] Configuration changed for tablet: d8eb477c8e0846e19a5ba3f8e0ac6fd6 in peer: 3e1256dbfd2f4d55abf0b1b6004f40e3 Changed from: seqno: -1 local: true peers { permanent_uuid: "3e1256dbfd2f4d55abf0b1b6004f40e3" role: CANDIDATE last_known_addr { host: "127.0.0.1" port: 44910 } } Changed to: seqno: 0 local: true peers { permanent_uuid: "3e1256dbfd2f4d55abf0b1b6004f40e3" role: LEADER last_known_addr { host: "127.0.0.1" port: 44910 } }
I1102 12:54:56.937237 31929 catalog_manager.cc:1127] Tablet: d8eb477c8e0846e19a5ba3f8e0ac6fd6 reported quorum change. New quorum: seqno: 0 local: true peers { permanent_uuid: "3e1256dbfd2f4d55abf0b1b6004f40e3" role: LEADER last_known_addr { host: "127.0.0.1" port: 44910 } }
I1102 12:54:56.938822 31929 catalog_manager.cc:1127] Tablet: babc6cff98ff4c72ac01a0af3fba87d0 reported quorum change. New quorum: seqno: 0 local: true peers { permanent_uuid: "3e1256dbfd2f4d55abf0b1b6004f40e3" role: LEADER last_known_addr { host: "127.0.0.1" port: 44910 } }
I1102 12:54:56.943914 31932 catalog_manager.cc:437] CreateTable from {real_user=alex, eff_user=} at 127.0.0.1:52816: name: "client-testtb2" schema { columns { name: "key" type: UINT32 is_key: true is_nullable: false encoding: AUTO_ENCODING compression: DEFAULT_COMPRESSION } columns { name: "int_val" type: UINT32 is_key: false is_nullable: false encoding: AUTO_ENCODING compression: DEFAULT_COMPRESSION } columns { name: "string_val" type: STRING is_key: false is_nullable: true encoding: AUTO_ENCODING compression: DEFAULT_COMPRESSION } columns { name: "non_null_with_default" type: UINT32 is_key: false is_nullable: false read_default_value: "90\000\000" write_default_value: "90\000\000" encoding: AUTO_ENCODING compression: DEFAULT_COMPRESSION } } num_replicas: 1
I1102 12:54:56.948668 31976 tablet_service.cc:264] Processing CreateTablet for tablet 4181ef9877f24f96815ec46962721baa (table=client-testtb2 [id=86fefaaba1374b06809139aeb2f63d07]), range=["", ""]
I1102 12:54:56.950309 31976 ts_tablet_manager.cc:460] Registered tablet 4181ef9877f24f96815ec46962721baa
I1102 12:54:56.950502 32006 ts_tablet_manager.cc:325] Bootstrapping tablet: 4181ef9877f24f96815ec46962721baa
I1102 12:54:56.951447 32006 tablet_bootstrap.cc:234] Tablet 4181ef9877f24f96815ec46962721baa: Bootstrap starting.
I1102 12:54:56.956308 32006 tablet_bootstrap.cc:331] No previous blocks or log segments found for tablet: 4181ef9877f24f96815ec46962721baa creating new one.
I1102 12:54:56.958416 32006 tablet_bootstrap.cc:234] Tablet 4181ef9877f24f96815ec46962721baa: No bootstrap required, opened a new log
I1102 12:54:56.958868 32006 ts_tablet_manager.cc:330] Time spent tablet 4181ef9877f24f96815ec46962721baa bootstrap: real 0.008s user 0.006s sys 0.001s
I1102 12:54:56.961235 32006 ts_tablet_manager.cc:350] Time spent starting tablet 4181ef9877f24f96815ec46962721baa: real 0.002s user 0.002s sys 0.001s
I1102 12:54:56.961520 32016 tablet_peer.cc:213] Configuration changed for tablet: 4181ef9877f24f96815ec46962721baa in peer: 3e1256dbfd2f4d55abf0b1b6004f40e3 Changed from: seqno: -1 local: true peers { permanent_uuid: "3e1256dbfd2f4d55abf0b1b6004f40e3" role: CANDIDATE last_known_addr { host: "127.0.0.1" port: 44910 } } Changed to: seqno: 0 local: true peers { permanent_uuid: "3e1256dbfd2f4d55abf0b1b6004f40e3" role: LEADER last_known_addr { host: "127.0.0.1" port: 44910 } }
I1102 12:54:56.962338 31928 catalog_manager.cc:1127] Tablet: 4181ef9877f24f96815ec46962721baa reported quorum change. New quorum: seqno: 0 local: true peers { permanent_uuid: "3e1256dbfd2f4d55abf0b1b6004f40e3" role: LEADER last_known_addr { host: "127.0.0.1" port: 44910 } }
I1102 12:54:56.967968 31819 master.cc:124] Master@127.0.0.1:46633 shutting down...
I1102 12:54:56.979756 31819 tablet_peer.cc:231] Initiating TabletPeer shutdown for tablet: 11111111111111111111111111111111
I1102 12:54:56.980240 31819 tablet_peer.cc:231] Initiating TabletPeer shutdown for tablet: 00000000000000000000000000000000
I1102 12:54:56.980634 31819 master.cc:127] Master@127.0.0.1:46633 shutdown complete.
I1102 12:54:56.985267 31922 messenger.cc:190] Service unavailable: RPC Service is not registered: Call TSHeartbeat from 127.0.0.1:52815 (request call id 9)
W1102 12:54:56.985522 31996 heartbeater.cc:277] Failed to heartbeat: Remote error: Failed to send heartbeat: Service unavailable: RPC Service is not registered: Call TSHeartbeat from 127.0.0.1:52815 (request call id 9)
W1102 12:54:56.986449 32004 negotiation.cc:195] Network error: client connection negotiation failed: client Connection to 127.0.0.1:46633: connect: Connection refused (error 111)
I1102 12:54:56.986593 31819 tablet_server.cc:114] TabletServer shutting down...
I1102 12:54:57.003021 31819 ts_tablet_manager.cc:402] Shutting down tablet manager...
I1102 12:54:57.003192 31819 maintenance_manager.cc:177] Unregistered op LogGCOp
I1102 12:54:57.003494 31819 tablet_peer.cc:231] Initiating TabletPeer shutdown for tablet: d8eb477c8e0846e19a5ba3f8e0ac6fd6
I1102 12:54:57.003571 31819 maintenance_manager.cc:177] Unregistered op FlushMRSOp(d8eb477c8e0846e19a5ba3f8e0ac6fd6)
I1102 12:54:57.003631 31819 maintenance_manager.cc:177] Unregistered op CompactRowSetsOp(d8eb477c8e0846e19a5ba3f8e0ac6fd6)
I1102 12:54:57.003679 31819 maintenance_manager.cc:177] Unregistered op FlushDeltaMemStoresOp(d8eb477c8e0846e19a5ba3f8e0ac6fd6)
I1102 12:54:57.005053 31819 tablet_peer.cc:231] Initiating TabletPeer shutdown for tablet: 4181ef9877f24f96815ec46962721baa
I1102 12:54:57.005162 31819 maintenance_manager.cc:177] Unregistered op FlushMRSOp(4181ef9877f24f96815ec46962721baa)
I1102 12:54:57.005234 31819 maintenance_manager.cc:177] Unregistered op CompactRowSetsOp(4181ef9877f24f96815ec46962721baa)
I1102 12:54:57.005266 31819 maintenance_manager.cc:177] Unregistered op FlushDeltaMemStoresOp(4181ef9877f24f96815ec46962721baa)
I1102 12:54:57.006459 31819 tablet_peer.cc:231] Initiating TabletPeer shutdown for tablet: babc6cff98ff4c72ac01a0af3fba87d0
I1102 12:54:57.006538 31819 maintenance_manager.cc:177] Unregistered op FlushMRSOp(babc6cff98ff4c72ac01a0af3fba87d0)
I1102 12:54:57.006598 31819 maintenance_manager.cc:177] Unregistered op CompactRowSetsOp(babc6cff98ff4c72ac01a0af3fba87d0)
I1102 12:54:57.006630 31819 maintenance_manager.cc:177] Unregistered op FlushDeltaMemStoresOp(babc6cff98ff4c72ac01a0af3fba87d0)
I1102 12:54:57.018637 31819 tablet_server.cc:123] TabletServer shut down complete. Bye!
I1102 12:54:57.018685 31819 tablet_server.cc:114] TabletServer shutting down...
I1102 12:54:57.018774 31819 tablet_server.cc:123] TabletServer shut down complete. Bye! [ OK ] ClientTest.TestMasterDown (296 ms) [ RUN ] ClientTest.TestScan
I1102 12:54:57.174342 31819 fs_manager.cc:130] Generated new instance metadata in path /tmp/kudutest-1000/client-test.ClientTest.TestScan.1414961696528764-31819/minicluster-data/master-0-root/instance: uuid: "46f139ca20e44cd8940860edca57cc39" format_stamp: "Formatted at 2014-11-02 20:54:57 on qiwi"
I1102 12:54:57.174747 31819 fs_manager.cc:82] Opened local filesystem: /tmp/kudutest-1000/client-test.ClientTest.TestScan.1414961696528764-31819/minicluster-data/master-0-root uuid: "46f139ca20e44cd8940860edca57cc39" format_stamp: "Formatted at 2014-11-02 20:54:57 on qiwi"
I1102 12:54:57.177319 31819 hybrid_clock.cc:119] HybridClock initialized. Resolution in nanos?: 1 Wait times tolerance adjustment: 1.0005 Current error: 491778
I1102 12:54:57.186082 31819 webserver.cc:108] Starting webserver on 0.0.0.0:0
I1102 12:54:57.186106 31819 webserver.cc:117] Document root disabled
I1102 12:54:57.186419 31819 webserver.cc:197] Webserver started. Bound to: 0.0.0.0:43508
I1102 12:54:57.188148 32044 tablet_bootstrap.cc:234] Tablet 11111111111111111111111111111111: Bootstrap starting.
I1102 12:54:57.190788 32044 tablet_bootstrap.cc:331] No previous blocks or log segments found for tablet: 11111111111111111111111111111111 creating new one.
I1102 12:54:57.191797 32044 tablet_bootstrap.cc:234] Tablet 11111111111111111111111111111111: No bootstrap required, opened a new log
I1102 12:54:57.193487 32046 tablet_peer.cc:213] Configuration changed for tablet: 11111111111111111111111111111111 in peer: 46f139ca20e44cd8940860edca57cc39 Changed from: seqno: 0 local: true peers { permanent_uuid: "46f139ca20e44cd8940860edca57cc39" role: LEADER } Changed to: seqno: 1 local: true peers { permanent_uuid: "46f139ca20e44cd8940860edca57cc39" role: LEADER }
I1102 12:54:57.193552 32046 sys_tables.cc:217] SysTable state changed. New quorum config: seqno: 1 local: true peers { permanent_uuid: "46f139ca20e44cd8940860edca57cc39" role: LEADER }
I1102 12:54:57.194035 32044 tablet_bootstrap.cc:234] Tablet 00000000000000000000000000000000: Bootstrap starting.
I1102 12:54:57.196372 32044 tablet_bootstrap.cc:331] No previous blocks or log segments found for tablet: 00000000000000000000000000000000 creating new one.
I1102 12:54:57.197350 32044 tablet_bootstrap.cc:234] Tablet 00000000000000000000000000000000: No bootstrap required, opened a new log
I1102 12:54:57.198511 32044 sys_tables.cc:281] SysTable tablet configured and running, proceeding with master startup.
I1102 12:54:57.198967 32050 tablet_peer.cc:213] Configuration changed for tablet: 00000000000000000000000000000000 in peer: 46f139ca20e44cd8940860edca57cc39 Changed from: seqno: 0 local: true peers { permanent_uuid: "46f139ca20e44cd8940860edca57cc39" role: LEADER } Changed to: seqno: 1 local: true peers { permanent_uuid: "46f139ca20e44cd8940860edca57cc39" role: LEADER }
I1102 12:54:57.199048 32044 sys_tables.cc:281] SysTable tablet configured and running, proceeding with master startup.
I1102 12:54:57.199048 32050 sys_tables.cc:217] SysTable state changed. New quorum config: seqno: 1 local: true peers { permanent_uuid: "46f139ca20e44cd8940860edca57cc39" role: LEADER }
I1102 12:54:57.212267 31819 fs_manager.cc:130] Generated new instance metadata in path /tmp/kudutest-1000/client-test.ClientTest.TestScan.1414961696528764-31819/minicluster-data/ts-0-root/instance: uuid: "abde96c5b6a7421a82891e50fc25863f" format_stamp: "Formatted at 2014-11-02 20:54:57 on qiwi"
I1102 12:54:57.212391 31819 fs_manager.cc:82] Opened local filesystem: /tmp/kudutest-1000/client-test.ClientTest.TestScan.1414961696528764-31819/minicluster-data/ts-0-root uuid: "abde96c5b6a7421a82891e50fc25863f" format_stamp: "Formatted at 2014-11-02 20:54:57 on qiwi"
I1102 12:54:57.213459 31819 hybrid_clock.cc:119] HybridClock initialized. Resolution in nanos?: 1 Wait times tolerance adjustment: 1.0005 Current error: 491778
I1102 12:54:57.222501 31819 webserver.cc:108] Starting webserver on 0.0.0.0:0
I1102 12:54:57.222535 31819 webserver.cc:117] Document root disabled
I1102 12:54:57.223021 31819 webserver.cc:197] Webserver started. Bound to: 0.0.0.0:34403
I1102 12:54:57.223300 31819 maintenance_manager.cc:118] MaintenanceManager: targeting memory size of 25.106701 GB
I1102 12:54:57.226100 32093 heartbeater.cc:227] Registering TS with master...
I1102 12:54:57.226182 32093 heartbeater.cc:233] Sending a full tablet report to master...
I1102 12:54:57.226706 32023 ts_manager.cc:66] Registered new tablet server { permanent_uuid: "abde96c5b6a7421a82891e50fc25863f" instance_seqno: 1414961697221945 } with Master
I1102 12:54:57.226990 31819 mini_cluster.cc:268] 1 TS(s) registered with Master after 0.00331291s
I1102 12:54:57.231497 32025 catalog_manager.cc:437] CreateTable from {real_user=alex, eff_user=} at 127.0.0.1:60892: name: "client-testtb" schema { columns { name: "key" type: UINT32 is_key: true is_nullable: false encoding: AUTO_ENCODING compression: DEFAULT_COMPRESSION } columns { name: "int_val" type: UINT32 is_key: false is_nullable: false encoding: AUTO_ENCODING compression: DEFAULT_COMPRESSION } columns { name: "string_val" type: STRING is_key: false is_nullable: true encoding: AUTO_ENCODING compression: DEFAULT_COMPRESSION } columns { name: "non_null_with_default" type: UINT32 is_key: false is_nullable: false read_default_value: "90\000\000" write_default_value: "90\000\000" encoding: AUTO_ENCODING compression: DEFAULT_COMPRESSION } } pre_split_keys: "\000\000\000\t" num_replicas: 1
I1102 12:54:57.238149 32071 tablet_service.cc:264] Processing CreateTablet for tablet 1f4a83136a6a4f7e94736fef28ca4ff6 (table=client-testtb [id=8e588b06afa24bfd98df2e9abd120380]), range=["\x00\x00\x00\t", ""]
I1102 12:54:57.238181 32072 tablet_service.cc:264] Processing CreateTablet for tablet 1e20a91e1ec34c3da222639fc58c3b47 (table=client-testtb [id=8e588b06afa24bfd98df2e9abd120380]), range=["", "\x00\x00\x00\t"]
I1102 12:54:57.239044 32072 ts_tablet_manager.cc:460] Registered tablet 1e20a91e1ec34c3da222639fc58c3b47
I1102 12:54:57.239081 32071 ts_tablet_manager.cc:460] Registered tablet 1f4a83136a6a4f7e94736fef28ca4ff6
I1102 12:54:57.239547 32105 ts_tablet_manager.cc:325] Bootstrapping tablet: 1f4a83136a6a4f7e94736fef28ca4ff6
I1102 12:54:57.239558 32104 ts_tablet_manager.cc:325] Bootstrapping tablet: 1e20a91e1ec34c3da222639fc58c3b47
I1102 12:54:57.239905 32105 tablet_bootstrap.cc:234] Tablet 1f4a83136a6a4f7e94736fef28ca4ff6: Bootstrap starting.
I1102 12:54:57.239948 32104 tablet_bootstrap.cc:234] Tablet 1e20a91e1ec34c3da222639fc58c3b47: Bootstrap starting.
I1102 12:54:57.242046 32105 tablet_bootstrap.cc:331] No previous blocks or log segments found for tablet: 1f4a83136a6a4f7e94736fef28ca4ff6 creating new one.
I1102 12:54:57.242118 32104 tablet_bootstrap.cc:331] No previous blocks or log segments found for tablet: 1e20a91e1ec34c3da222639fc58c3b47 creating new one.
I1102 12:54:57.243137 32104 tablet_bootstrap.cc:234] Tablet 1e20a91e1ec34c3da222639fc58c3b47: No bootstrap required, opened a new log
I1102 12:54:57.243149 32105 tablet_bootstrap.cc:234] Tablet 1f4a83136a6a4f7e94736fef28ca4ff6: No bootstrap required, opened a new log
I1102 12:54:57.243335 32105 ts_tablet_manager.cc:330] Time spent tablet 1f4a83136a6a4f7e94736fef28ca4ff6 bootstrap: real 0.004s user 0.003s sys 0.001s
I1102 12:54:57.243340 32104 ts_tablet_manager.cc:330] Time spent tablet 1e20a91e1ec34c3da222639fc58c3b47 bootstrap: real 0.004s user 0.003s sys 0.001s
I1102 12:54:57.244340 32104 ts_tablet_manager.cc:350] Time spent starting tablet 1e20a91e1ec34c3da222639fc58c3b47: real 0.001s user 0.001s sys 0.000s
I1102 12:54:57.244417 32105 ts_tablet_manager.cc:350] Time spent starting tablet 1f4a83136a6a4f7e94736fef28ca4ff6: real 0.001s user 0.000s sys 0.000s
I1102 12:54:57.244818 32109 tablet_peer.cc:213] Configuration changed for tablet: 1f4a83136a6a4f7e94736fef28ca4ff6 in peer: abde96c5b6a7421a82891e50fc25863f Changed from: seqno: -1 local: true peers { permanent_uuid: "abde96c5b6a7421a82891e50fc25863f" role: CANDIDATE last_known_addr { host: "127.0.0.1" port: 43538 } } Changed to: seqno: 0 local: true peers { permanent_uuid: "abde96c5b6a7421a82891e50fc25863f" role: LEADER last_known_addr { host: "127.0.0.1" port: 43538 } }
I1102 12:54:57.244830 32108 tablet_peer.cc:213] Configuration changed for tablet: 1e20a91e1ec34c3da222639fc58c3b47 in peer: abde96c5b6a7421a82891e50fc25863f Changed from: seqno: -1 local: true peers { permanent_uuid: "abde96c5b6a7421a82891e50fc25863f" role: CANDIDATE last_known_addr { host: "127.0.0.1" port: 43538 } } Changed to: seqno: 0 local: true peers { permanent_uuid: "abde96c5b6a7421a82891e50fc25863f" role: LEADER last_known_addr { host: "127.0.0.1" port: 43538 } }
I1102 12:54:57.248318 32022 catalog_manager.cc:1127] Tablet: 1f4a83136a6a4f7e94736fef28ca4ff6 reported quorum change. New quorum: seqno: 0 local: true peers { permanent_uuid: "abde96c5b6a7421a82891e50fc25863f" role: LEADER last_known_addr { host: "127.0.0.1" port: 43538 } }
I1102 12:54:57.249886 32022 catalog_manager.cc:1127] Tablet: 1e20a91e1ec34c3da222639fc58c3b47 reported quorum change. New quorum: seqno: 0 local: true peers { permanent_uuid: "abde96c5b6a7421a82891e50fc25863f" role: LEADER last_known_addr { host: "127.0.0.1" port: 43538 } }
I1102 12:54:57.255364 32027 catalog_manager.cc:437] CreateTable from {real_user=alex, eff_user=} at 127.0.0.1:60892: name: "client-testtb2" schema { columns { name: "key" type: UINT32 is_key: true is_nullable: false encoding: AUTO_ENCODING compression: DEFAULT_COMPRESSION } columns { name: "int_val" type: UINT32 is_key: false is_nullable: false encoding: AUTO_ENCODING compression: DEFAULT_COMPRESSION } columns { name: "string_val" type: STRING is_key: false is_nullable: true encoding: AUTO_ENCODING compression: DEFAULT_COMPRESSION } columns { name: "non_null_with_default" type: UINT32 is_key: false is_nullable: false read_default_value: "90\000\000" write_default_value: "90\000\000" encoding: AUTO_ENCODING compression: DEFAULT_COMPRESSION } } num_replicas: 1
I1102 12:54:57.259775 32073 tablet_service.cc:264] Processing CreateTablet for tablet 44e7a16e9e45486aa4a80cee0223bad2 (table=client-testtb2 [id=7e171a7697344f8c9e86d1ec5ac85289]), range=["", ""]
I1102 12:54:57.260669 32073 ts_tablet_manager.cc:460] Registered tablet 44e7a16e9e45486aa4a80cee0223bad2
I1102 12:54:57.260749 32104 ts_tablet_manager.cc:325] Bootstrapping tablet: 44e7a16e9e45486aa4a80cee0223bad2
I1102 12:54:57.261134 32104 tablet_bootstrap.cc:234] Tablet 44e7a16e9e45486aa4a80cee0223bad2: Bootstrap starting.
I1102 12:54:57.264601 32104 tablet_bootstrap.cc:331] No previous blocks or log segments found for tablet: 44e7a16e9e45486aa4a80cee0223bad2 creating new one.
I1102 12:54:57.266002 32104 tablet_bootstrap.cc:234] Tablet 44e7a16e9e45486aa4a80cee0223bad2: No bootstrap required, opened a new log
I1102 12:54:57.266414 32104 ts_tablet_manager.cc:330] Time spent tablet 44e7a16e9e45486aa4a80cee0223bad2 bootstrap: real 0.006s user 0.004s sys 0.001s
I1102 12:54:57.267936 32104 ts_tablet_manager.cc:350] Time spent starting tablet 44e7a16e9e45486aa4a80cee0223bad2: real 0.001s user 0.001s sys 0.000s
I1102 12:54:57.268163 32119 tablet_peer.cc:213] Configuration changed for tablet: 44e7a16e9e45486aa4a80cee0223bad2 in peer: abde96c5b6a7421a82891e50fc25863f Changed from: seqno: -1 local: true peers { permanent_uuid: "abde96c5b6a7421a82891e50fc25863f" role: CANDIDATE last_known_addr { host: "127.0.0.1" port: 43538 } } Changed to: seqno: 0 local: true peers { permanent_uuid: "abde96c5b6a7421a82891e50fc25863f" role: LEADER last_known_addr { host: "127.0.0.1" port: 43538 } }
I1102 12:54:57.272405 32025 catalog_manager.cc:1127] Tablet: 44e7a16e9e45486aa4a80cee0223bad2 reported quorum change. New quorum: seqno: 0 local: true peers { permanent_uuid: "abde96c5b6a7421a82891e50fc25863f" role: LEADER last_known_addr { host: "127.0.0.1" port: 43538 } }
I1102 12:54:57.440198 31819 client-test.cc:224] Time spent Scanning with no predicates: real 0.019s user 0.007s sys 0.002s
I1102 12:54:57.458053 31819 client-test.cc:255] Time spent Scanning with string predicate: real 0.018s user 0.002s sys 0.000s
I1102 12:54:57.462185 31819 client-test.cc:282] Time spent Scanning with key predicate: real 0.004s user 0.001s sys 0.000s
I1102 12:54:57.592526 31819 client-test.cc:282] Time spent Scanning with key predicate: real 0.007s user 0.001s sys 0.000s
I1102 12:54:57.651243 31819 client-test.cc:282] Time spent Scanning with key predicate: real 0.004s user 0.001s sys 0.000s
I1102 12:54:57.716843 31819 client-test.cc:282] Time spent Scanning with key predicate: real 0.004s user 0.001s sys 0.000s
I1102 12:54:57.722460 31819 client-test.cc:282] Time spent Scanning with key predicate: real 0.003s user 0.001s sys 0.000s
I1102 12:54:57.722534 31819 tablet_server.cc:114] TabletServer shutting down...
I1102 12:54:57.741718 31819 ts_tablet_manager.cc:402] Shutting down tablet manager...
I1102 12:54:57.741832 31819 maintenance_manager.cc:177] Unregistered op LogGCOp
I1102 12:54:57.742039 31819 tablet_peer.cc:231] Initiating TabletPeer shutdown for tablet: 44e7a16e9e45486aa4a80cee0223bad2
I1102 12:54:57.742108 31819 maintenance_manager.cc:177] Unregistered op FlushMRSOp(44e7a16e9e45486aa4a80cee0223bad2)
I1102 12:54:57.742152 31819 maintenance_manager.cc:177] Unregistered op CompactRowSetsOp(44e7a16e9e45486aa4a80cee0223bad2)
I1102 12:54:57.742177 31819 maintenance_manager.cc:177] Unregistered op FlushDeltaMemStoresOp(44e7a16e9e45486aa4a80cee0223bad2)
I1102 12:54:57.743211 31819 tablet_peer.cc:231] Initiating TabletPeer shutdown for tablet: 1f4a83136a6a4f7e94736fef28ca4ff6
I1102 12:54:57.743259 31819 maintenance_manager.cc:177] Unregistered op FlushMRSOp(1f4a83136a6a4f7e94736fef28ca4ff6)
I1102 12:54:57.743299 31819 maintenance_manager.cc:177] Unregistered op CompactRowSetsOp(1f4a83136a6a4f7e94736fef28ca4ff6)
I1102 12:54:57.743324 31819 maintenance_manager.cc:177] Unregistered op FlushDeltaMemStoresOp(1f4a83136a6a4f7e94736fef28ca4ff6)
I1102 12:54:57.744011 31819 tablet_peer.cc:231] Initiating TabletPeer shutdown for tablet: 1e20a91e1ec34c3da222639fc58c3b47
I1102 12:54:57.744056 31819 maintenance_manager.cc:177] Unregistered op FlushMRSOp(1e20a91e1ec34c3da222639fc58c3b47)
I1102 12:54:57.744093 31819 maintenance_manager.cc:177] Unregistered op CompactRowSetsOp(1e20a91e1ec34c3da222639fc58c3b47)
I1102 12:54:57.744122 31819 maintenance_manager.cc:177] Unregistered op FlushDeltaMemStoresOp(1e20a91e1ec34c3da222639fc58c3b47)
I1102 12:54:57.752421 31819 tablet_server.cc:123] TabletServer shut down complete. Bye!
I1102 12:54:57.752461 31819 tablet_server.cc:114] TabletServer shutting down...
I1102 12:54:57.752531 31819 tablet_server.cc:123] TabletServer shut down complete. Bye!
I1102 12:54:57.753578 31819 master.cc:124] Master@127.0.0.1:46577 shutting down...
I1102 12:54:57.765017 31819 tablet_peer.cc:231] Initiating TabletPeer shutdown for tablet: 11111111111111111111111111111111
I1102 12:54:57.765864 31819 tablet_peer.cc:231] Initiating TabletPeer shutdown for tablet: 00000000000000000000000000000000
I1102 12:54:57.766851 31819 master.cc:127] Master@127.0.0.1:46577 shutdown complete. [ OK ] ClientTest.TestScan (759 ms) [ RUN ] ClientTest.TestScanAtSnapshot
I1102 12:54:57.923948 31819 fs_manager.cc:130] Generated new instance metadata in path /tmp/kudutest-1000/client-test.ClientTest.TestScanAtSnapshot.1414961696528764-31819/minicluster-data/master-0-root/instance: uuid: "5c581d96ac044c878ac24629238233e6" format_stamp: "Formatted at 2014-11-02 20:54:57 on qiwi"
I1102 12:54:57.924140 31819 fs_manager.cc:82] Opened local filesystem: /tmp/kudutest-1000/client-test.ClientTest.TestScanAtSnapshot.1414961696528764-31819/minicluster-data/master-0-root uuid: "5c581d96ac044c878ac24629238233e6" format_stamp: "Formatted at 2014-11-02 20:54:57 on qiwi"
I1102 12:54:57.925323 31819 hybrid_clock.cc:119] HybridClock initialized. Resolution in nanos?: 1 Wait times tolerance adjustment: 1.0005 Current error: 491778
I1102 12:54:57.930834 31819 webserver.cc:108] Starting webserver on 0.0.0.0:0
I1102 12:54:57.930869 31819 webserver.cc:117] Document root disabled
I1102 12:54:57.931231 31819 webserver.cc:197] Webserver started. Bound to: 0.0.0.0:51361
I1102 12:54:57.933375 32152 tablet_bootstrap.cc:234] Tablet 11111111111111111111111111111111: Bootstrap starting.
I1102 12:54:57.935464 32152 tablet_bootstrap.cc:331] No previous blocks or log segments found for tablet: 11111111111111111111111111111111 creating new one.
I1102 12:54:57.936388 32152 tablet_bootstrap.cc:234] Tablet 11111111111111111111111111111111: No bootstrap required, opened a new log
I1102 12:54:57.937907 32154 tablet_peer.cc:213] Configuration changed for tablet: 11111111111111111111111111111111 in peer: 5c581d96ac044c878ac24629238233e6 Changed from: seqno: 0 local: true peers { permanent_uuid: "5c581d96ac044c878ac24629238233e6" role: LEADER } Changed to: seqno: 1 local: true peers { permanent_uuid: "5c581d96ac044c878ac24629238233e6" role: LEADER }
I1102 12:54:57.937968 32154 sys_tables.cc:217] SysTable state changed. New quorum config: seqno: 1 local: true peers { permanent_uuid: "5c581d96ac044c878ac24629238233e6" role: LEADER }
I1102 12:54:57.938316 32152 tablet_bootstrap.cc:234] Tablet 00000000000000000000000000000000: Bootstrap starting.
I1102 12:54:57.940377 32152 tablet_bootstrap.cc:331] No previous blocks or log segments found for tablet: 00000000000000000000000000000000 creating new one.
I1102 12:54:57.941273 32152 tablet_bootstrap.cc:234] Tablet 00000000000000000000000000000000: No bootstrap required, opened a new log
I1102 12:54:57.942308 32152 sys_tables.cc:281] SysTable tablet configured and running, proceeding with master startup.
I1102 12:54:57.942716 32158 tablet_peer.cc:213] Configuration changed for tablet: 00000000000000000000000000000000 in peer: 5c581d96ac044c878ac24629238233e6 Changed from: seqno: 0 local: true peers { permanent_uuid: "5c581d96ac044c878ac24629238233e6" role: LEADER } Changed to: seqno: 1 local: true peers { permanent_uuid: "5c581d96ac044c878ac24629238233e6" role: LEADER }
I1102 12:54:57.942767 32152 sys_tables.cc:281] SysTable tablet configured and running, proceeding with master startup.
I1102 12:54:57.942780 32158 sys_tables.cc:217] SysTable state changed. New quorum config: seqno: 1 local: true peers { permanent_uuid: "5c581d96ac044c878ac24629238233e6" role: LEADER }
I1102 12:54:57.954496 31819 fs_manager.cc:130] Generated new instance metadata in path /tmp/kudutest-1000/client-test.ClientTest.TestScanAtSnapshot.1414961696528764-31819/minicluster-data/ts-0-root/instance: uuid: "10c286ffa08f437abafebad3c325bf4f" format_stamp: "Formatted at 2014-11-02 20:54:57 on qiwi"
I1102 12:54:57.954599 31819 fs_manager.cc:82] Opened local filesystem: /tmp/kudutest-1000/client-test.ClientTest.TestScanAtSnapshot.1414961696528764-31819/minicluster-data/ts-0-root uuid: "10c286ffa08f437abafebad3c325bf4f" format_stamp: "Formatted at 2014-11-02 20:54:57 on qiwi"
I1102 12:54:57.955474 31819 hybrid_clock.cc:119] HybridClock initialized. Resolution in nanos?: 1 Wait times tolerance adjustment: 1.0005 Current error: 491778
I1102 12:54:57.959959 31819 webserver.cc:108] Starting webserver on 0.0.0.0:0
I1102 12:54:57.959976 31819 webserver.cc:117] Document root disabled
I1102 12:54:57.960213 31819 webserver.cc:197] Webserver started. Bound to: 0.0.0.0:32836
I1102 12:54:57.960350 31819 maintenance_manager.cc:118] MaintenanceManager: targeting memory size of 25.106701 GB
I1102 12:54:57.961891 32201 heartbeater.cc:227] Registering TS with master...
I1102 12:54:57.961946 32201 heartbeater.cc:233] Sending a full tablet report to master...
I1102 12:54:57.962323 32131 ts_manager.cc:66] Registered new tablet server { permanent_uuid: "10c286ffa08f437abafebad3c325bf4f" instance_seqno: 1414961697959671 } with Master
I1102 12:54:57.962637 31819 mini_cluster.cc:268] 1 TS(s) registered with Master after 0.00216757s
