I1102 12:55:01.558660 830 ts_tablet_manager.cc:350] Time spent starting tablet 5ef5019faf884d08bcb7d621e054cad5: real 0.001s user 0.001s sys 0.000s
I1102 12:55:01.558924 840 tablet_peer.cc:213] Configuration changed for tablet: 5ef5019faf884d08bcb7d621e054cad5 in peer: a8c8b386624e4320a4ea969247a6a14c Changed from: seqno: -1 local: true peers { permanent_uuid: "a8c8b386624e4320a4ea969247a6a14c" role: CANDIDATE last_known_addr { host: "127.0.0.1" port: 52229 } } Changed to: seqno: 0 local: true peers { permanent_uuid: "a8c8b386624e4320a4ea969247a6a14c" role: LEADER last_known_addr { host: "127.0.0.1" port: 52229 } }
I1102 12:55:01.565076 666 catalog_manager.cc:1127] Tablet: 5ef5019faf884d08bcb7d621e054cad5 reported quorum change. New quorum: seqno: 0 local: true peers { permanent_uuid: "a8c8b386624e4320a4ea969247a6a14c" role: LEADER last_known_addr { host: "127.0.0.1" port: 52229 } }
W1102 12:55:01.569517 827 reactor.cc:199] Client call Write has no timeout set for connection id: {remote=127.0.0.1:52229, service_name=kudu.tserver.TabletServerService, user_credentials={real_user=alex, eff_user=}}
W1102 12:55:01.572209 827 reactor.cc:199] Client call Write has no timeout set for connection id: {remote=127.0.0.1:52229, service_name=kudu.tserver.TabletServerService, user_credentials={real_user=alex, eff_user=}}
I1102 12:55:01.574813 31819 tablet_server.cc:114] TabletServer shutting down...
I1102 12:55:01.594123 31819 ts_tablet_manager.cc:402] Shutting down tablet manager...
I1102 12:55:01.594372 31819 maintenance_manager.cc:177] Unregistered op LogGCOp
I1102 12:55:01.594514 31819 tablet_peer.cc:231] Initiating TabletPeer shutdown for tablet: 449fc0f2541e4a3781e4abd496a1874c
I1102 12:55:01.594671 31819 maintenance_manager.cc:177] Unregistered op FlushMRSOp(449fc0f2541e4a3781e4abd496a1874c)
I1102 12:55:01.594725 31819 maintenance_manager.cc:177] Unregistered op CompactRowSetsOp(449fc0f2541e4a3781e4abd496a1874c)
I1102 12:55:01.594777 31819 maintenance_manager.cc:177] Unregistered op FlushDeltaMemStoresOp(449fc0f2541e4a3781e4abd496a1874c)
I1102 12:55:01.596659 31819 tablet_peer.cc:231] Initiating TabletPeer shutdown for tablet: 5ef5019faf884d08bcb7d621e054cad5
I1102 12:55:01.596751 31819 maintenance_manager.cc:177] Unregistered op FlushMRSOp(5ef5019faf884d08bcb7d621e054cad5)
I1102 12:55:01.596793 31819 maintenance_manager.cc:177] Unregistered op CompactRowSetsOp(5ef5019faf884d08bcb7d621e054cad5)
I1102 12:55:01.596837 31819 maintenance_manager.cc:177] Unregistered op FlushDeltaMemStoresOp(5ef5019faf884d08bcb7d621e054cad5)
I1102 12:55:01.597967 31819 tablet_peer.cc:231] Initiating TabletPeer shutdown for tablet: b63ba6681236470e932bdea2f31ca983
I1102 12:55:01.598054 31819 maintenance_manager.cc:177] Unregistered op FlushMRSOp(b63ba6681236470e932bdea2f31ca983)
I1102 12:55:01.598093 31819 maintenance_manager.cc:177] Unregistered op CompactRowSetsOp(b63ba6681236470e932bdea2f31ca983)
I1102 12:55:01.598137 31819 maintenance_manager.cc:177] Unregistered op FlushDeltaMemStoresOp(b63ba6681236470e932bdea2f31ca983)
I1102 12:55:01.606968 31819 tablet_server.cc:123] TabletServer shut down complete. Bye!
I1102 12:55:01.606997 31819 tablet_server.cc:114] TabletServer shutting down...
I1102 12:55:01.607029 31819 tablet_server.cc:123] TabletServer shut down complete. Bye!
I1102 12:55:01.607996 31819 master.cc:124] Master@127.0.0.1:35070 shutting down...
I1102 12:55:01.622262 31819 tablet_peer.cc:231] Initiating TabletPeer shutdown for tablet: 11111111111111111111111111111111
I1102 12:55:01.622810 31819 tablet_peer.cc:231] Initiating TabletPeer shutdown for tablet: 00000000000000000000000000000000
I1102 12:55:01.623253 31819 master.cc:127] Master@127.0.0.1:35070 shutdown complete. [ OK ] ClientTest.TestAsyncFlushResponseAfterSessionDropped (311 ms) [ RUN ] ClientTest.TestMultipleMultiRowManualBatches
I1102 12:55:01.771577 31819 fs_manager.cc:130] Generated new instance metadata in path /tmp/kudutest-1000/client-test.ClientTest.TestMultipleMultiRowManualBatches.1414961696528764-31819/minicluster-data/master-0-root/instance: uuid: "a9381e8d37a74e64965de4d55f7ebf3a" format_stamp: "Formatted at 2014-11-02 20:55:01 on qiwi"
I1102 12:55:01.771708 31819 fs_manager.cc:82] Opened local filesystem: /tmp/kudutest-1000/client-test.ClientTest.TestMultipleMultiRowManualBatches.1414961696528764-31819/minicluster-data/master-0-root uuid: "a9381e8d37a74e64965de4d55f7ebf3a" format_stamp: "Formatted at 2014-11-02 20:55:01 on qiwi"
I1102 12:55:01.772464 31819 hybrid_clock.cc:119] HybridClock initialized. Resolution in nanos?: 1 Wait times tolerance adjustment: 1.0005 Current error: 493778
I1102 12:55:01.775445 31819 webserver.cc:108] Starting webserver on 0.0.0.0:0
I1102 12:55:01.775465 31819 webserver.cc:117] Document root disabled
I1102 12:55:01.775696 31819 webserver.cc:197] Webserver started. Bound to: 0.0.0.0:58555
I1102 12:55:01.777001 872 tablet_bootstrap.cc:234] Tablet 11111111111111111111111111111111: Bootstrap starting.
I1102 12:55:01.778986 872 tablet_bootstrap.cc:331] No previous blocks or log segments found for tablet: 11111111111111111111111111111111 creating new one.
I1102 12:55:01.779799 872 tablet_bootstrap.cc:234] Tablet 11111111111111111111111111111111: No bootstrap required, opened a new log
I1102 12:55:01.781152 959 tablet_peer.cc:213] Configuration changed for tablet: 11111111111111111111111111111111 in peer: a9381e8d37a74e64965de4d55f7ebf3a Changed from: seqno: 0 local: true peers { permanent_uuid: "a9381e8d37a74e64965de4d55f7ebf3a" role: LEADER } Changed to: seqno: 1 local: true peers { permanent_uuid: "a9381e8d37a74e64965de4d55f7ebf3a" role: LEADER }
I1102 12:55:01.781254 959 sys_tables.cc:217] SysTable state changed. New quorum config: seqno: 1 local: true peers { permanent_uuid: "a9381e8d37a74e64965de4d55f7ebf3a" role: LEADER }
I1102 12:55:01.781589 872 tablet_bootstrap.cc:234] Tablet 00000000000000000000000000000000: Bootstrap starting.
I1102 12:55:01.783540 872 tablet_bootstrap.cc:331] No previous blocks or log segments found for tablet: 00000000000000000000000000000000 creating new one.
I1102 12:55:01.784394 872 tablet_bootstrap.cc:234] Tablet 00000000000000000000000000000000: No bootstrap required, opened a new log
I1102 12:55:01.785537 872 sys_tables.cc:281] SysTable tablet configured and running, proceeding with master startup.
I1102 12:55:01.785922 963 tablet_peer.cc:213] Configuration changed for tablet: 00000000000000000000000000000000 in peer: a9381e8d37a74e64965de4d55f7ebf3a Changed from: seqno: 0 local: true peers { permanent_uuid: "a9381e8d37a74e64965de4d55f7ebf3a" role: LEADER } Changed to: seqno: 1 local: true peers { permanent_uuid: "a9381e8d37a74e64965de4d55f7ebf3a" role: LEADER }
I1102 12:55:01.786001 872 sys_tables.cc:281] SysTable tablet configured and running, proceeding with master startup.
I1102 12:55:01.786015 963 sys_tables.cc:217] SysTable state changed. New quorum config: seqno: 1 local: true peers { permanent_uuid: "a9381e8d37a74e64965de4d55f7ebf3a" role: LEADER }
I1102 12:55:01.802225 31819 fs_manager.cc:130] Generated new instance metadata in path /tmp/kudutest-1000/client-test.ClientTest.TestMultipleMultiRowManualBatches.1414961696528764-31819/minicluster-data/ts-0-root/instance: uuid: "295416af6ecc4e30947e450627ead2ad" format_stamp: "Formatted at 2014-11-02 20:55:01 on qiwi"
I1102 12:55:01.802438 31819 fs_manager.cc:82] Opened local filesystem: /tmp/kudutest-1000/client-test.ClientTest.TestMultipleMultiRowManualBatches.1414961696528764-31819/minicluster-data/ts-0-root uuid: "295416af6ecc4e30947e450627ead2ad" format_stamp: "Formatted at 2014-11-02 20:55:01 on qiwi"
I1102 12:55:01.804044 31819 hybrid_clock.cc:119] HybridClock initialized. Resolution in nanos?: 1 Wait times tolerance adjustment: 1.0005 Current error: 493778
I1102 12:55:01.812851 31819 webserver.cc:108] Starting webserver on 0.0.0.0:0
I1102 12:55:01.812904 31819 webserver.cc:117] Document root disabled
I1102 12:55:01.813321 31819 webserver.cc:197] Webserver started. Bound to: 0.0.0.0:43213
I1102 12:55:01.813554 31819 maintenance_manager.cc:118] MaintenanceManager: targeting memory size of 25.106701 GB
I1102 12:55:01.815697 1009 heartbeater.cc:227] Registering TS with master...
I1102 12:55:01.815788 1009 heartbeater.cc:233] Sending a full tablet report to master...
I1102 12:55:01.816290 850 ts_manager.cc:66] Registered new tablet server { permanent_uuid: "295416af6ecc4e30947e450627ead2ad" instance_seqno: 1414961701812311 } with Master
I1102 12:55:01.817028 31819 mini_cluster.cc:268] 1 TS(s) registered with Master after 0.00326925s
I1102 12:55:01.821187 852 catalog_manager.cc:437] CreateTable from {real_user=alex, eff_user=} at 127.0.0.1:58626: name: "client-testtb" schema { columns { name: "key" type: UINT32 is_key: true is_nullable: false encoding: AUTO_ENCODING compression: DEFAULT_COMPRESSION } columns { name: "int_val" type: UINT32 is_key: false is_nullable: false encoding: AUTO_ENCODING compression: DEFAULT_COMPRESSION } columns { name: "string_val" type: STRING is_key: false is_nullable: true encoding: AUTO_ENCODING compression: DEFAULT_COMPRESSION } columns { name: "non_null_with_default" type: UINT32 is_key: false is_nullable: false read_default_value: "90\000\000" write_default_value: "90\000\000" encoding: AUTO_ENCODING compression: DEFAULT_COMPRESSION } } pre_split_keys: "\000\000\000\t" num_replicas: 1
I1102 12:55:01.829303 987 tablet_service.cc:264] Processing CreateTablet for tablet 248cea978ffc405ca83687c4a7208892 (table=client-testtb [id=dfd2e4b5fa214d578c4233f819591109]), range=["\x00\x00\x00\t", ""]
I1102 12:55:01.829370 988 tablet_service.cc:264] Processing CreateTablet for tablet 3206df2b25e440df92726e09ab9716fd (table=client-testtb [id=dfd2e4b5fa214d578c4233f819591109]), range=["", "\x00\x00\x00\t"]
I1102 12:55:01.830584 987 ts_tablet_manager.cc:460] Registered tablet 248cea978ffc405ca83687c4a7208892
I1102 12:55:01.830620 988 ts_tablet_manager.cc:460] Registered tablet 3206df2b25e440df92726e09ab9716fd
I1102 12:55:01.831220 1018 ts_tablet_manager.cc:325] Bootstrapping tablet: 248cea978ffc405ca83687c4a7208892
I1102 12:55:01.831236 1019 ts_tablet_manager.cc:325] Bootstrapping tablet: 3206df2b25e440df92726e09ab9716fd
I1102 12:55:01.831858 1019 tablet_bootstrap.cc:234] Tablet 3206df2b25e440df92726e09ab9716fd: Bootstrap starting.
I1102 12:55:01.831858 1018 tablet_bootstrap.cc:234] Tablet 248cea978ffc405ca83687c4a7208892: Bootstrap starting.
I1102 12:55:01.835360 1018 tablet_bootstrap.cc:331] No previous blocks or log segments found for tablet: 248cea978ffc405ca83687c4a7208892 creating new one.
I1102 12:55:01.835371 1019 tablet_bootstrap.cc:331] No previous blocks or log segments found for tablet: 3206df2b25e440df92726e09ab9716fd creating new one.
I1102 12:55:01.837435 1018 tablet_bootstrap.cc:234] Tablet 248cea978ffc405ca83687c4a7208892: No bootstrap required, opened a new log
I1102 12:55:01.837431 1019 tablet_bootstrap.cc:234] Tablet 3206df2b25e440df92726e09ab9716fd: No bootstrap required, opened a new log
I1102 12:55:01.837779 1018 ts_tablet_manager.cc:330] Time spent tablet 248cea978ffc405ca83687c4a7208892 bootstrap: real 0.006s user 0.004s sys 0.001s
I1102 12:55:01.837950 1019 ts_tablet_manager.cc:330] Time spent tablet 3206df2b25e440df92726e09ab9716fd bootstrap: real 0.007s user 0.004s sys 0.001s
I1102 12:55:01.839372 1018 ts_tablet_manager.cc:350] Time spent starting tablet 248cea978ffc405ca83687c4a7208892: real 0.001s user 0.001s sys 0.000s
I1102 12:55:01.839687 1019 ts_tablet_manager.cc:350] Time spent starting tablet 3206df2b25e440df92726e09ab9716fd: real 0.002s user 0.001s sys 0.000s
I1102 12:55:01.840065 1023 tablet_peer.cc:213] Configuration changed for tablet: 248cea978ffc405ca83687c4a7208892 in peer: 295416af6ecc4e30947e450627ead2ad Changed from: seqno: -1 local: true peers { permanent_uuid: "295416af6ecc4e30947e450627ead2ad" role: CANDIDATE last_known_addr { host: "127.0.0.1" port: 36243 } } Changed to: seqno: 0 local: true peers { permanent_uuid: "295416af6ecc4e30947e450627ead2ad" role: LEADER last_known_addr { host: "127.0.0.1" port: 36243 } }
I1102 12:55:01.840353 1022 tablet_peer.cc:213] Configuration changed for tablet: 3206df2b25e440df92726e09ab9716fd in peer: 295416af6ecc4e30947e450627ead2ad Changed from: seqno: -1 local: true peers { permanent_uuid: "295416af6ecc4e30947e450627ead2ad" role: CANDIDATE last_known_addr { host: "127.0.0.1" port: 36243 } } Changed to: seqno: 0 local: true peers { permanent_uuid: "295416af6ecc4e30947e450627ead2ad" role: LEADER last_known_addr { host: "127.0.0.1" port: 36243 } }
I1102 12:55:01.849464 852 catalog_manager.cc:1127] Tablet: 248cea978ffc405ca83687c4a7208892 reported quorum change. New quorum: seqno: 0 local: true peers { permanent_uuid: "295416af6ecc4e30947e450627ead2ad" role: LEADER last_known_addr { host: "127.0.0.1" port: 36243 } }
I1102 12:55:01.851994 852 catalog_manager.cc:1127] Tablet: 3206df2b25e440df92726e09ab9716fd reported quorum change. New quorum: seqno: 0 local: true peers { permanent_uuid: "295416af6ecc4e30947e450627ead2ad" role: LEADER last_known_addr { host: "127.0.0.1" port: 36243 } }
I1102 12:55:01.862517 858 catalog_manager.cc:437] CreateTable from {real_user=alex, eff_user=} at 127.0.0.1:58626: name: "client-testtb2" schema { columns { name: "key" type: UINT32 is_key: true is_nullable: false encoding: AUTO_ENCODING compression: DEFAULT_COMPRESSION } columns { name: "int_val" type: UINT32 is_key: false is_nullable: false encoding: AUTO_ENCODING compression: DEFAULT_COMPRESSION } columns { name: "string_val" type: STRING is_key: false is_nullable: true encoding: AUTO_ENCODING compression: DEFAULT_COMPRESSION } columns { name: "non_null_with_default" type: UINT32 is_key: false is_nullable: false read_default_value: "90\000\000" write_default_value: "90\000\000" encoding: AUTO_ENCODING compression: DEFAULT_COMPRESSION } } num_replicas: 1
I1102 12:55:01.872220 989 tablet_service.cc:264] Processing CreateTablet for tablet 83351ddf7ee54e7994805a9a1016c53b (table=client-testtb2 [id=7e7e4e10790d418ab22278edcbfa504c]), range=["", ""]
I1102 12:55:01.874253 989 ts_tablet_manager.cc:460] Registered tablet 83351ddf7ee54e7994805a9a1016c53b
I1102 12:55:01.874493 1018 ts_tablet_manager.cc:325] Bootstrapping tablet: 83351ddf7ee54e7994805a9a1016c53b
I1102 12:55:01.875529 1018 tablet_bootstrap.cc:234] Tablet 83351ddf7ee54e7994805a9a1016c53b: Bootstrap starting.
I1102 12:55:01.880381 1018 tablet_bootstrap.cc:331] No previous blocks or log segments found for tablet: 83351ddf7ee54e7994805a9a1016c53b creating new one.
I1102 12:55:01.882179 1018 tablet_bootstrap.cc:234] Tablet 83351ddf7ee54e7994805a9a1016c53b: No bootstrap required, opened a new log
I1102 12:55:01.882647 1018 ts_tablet_manager.cc:330] Time spent tablet 83351ddf7ee54e7994805a9a1016c53b bootstrap: real 0.008s user 0.006s sys 0.001s
I1102 12:55:01.884327 1018 ts_tablet_manager.cc:350] Time spent starting tablet 83351ddf7ee54e7994805a9a1016c53b: real 0.002s user 0.001s sys 0.000s
I1102 12:55:01.884742 1029 tablet_peer.cc:213] Configuration changed for tablet: 83351ddf7ee54e7994805a9a1016c53b in peer: 295416af6ecc4e30947e450627ead2ad Changed from: seqno: -1 local: true peers { permanent_uuid: "295416af6ecc4e30947e450627ead2ad" role: CANDIDATE last_known_addr { host: "127.0.0.1" port: 36243 } } Changed to: seqno: 0 local: true peers { permanent_uuid: "295416af6ecc4e30947e450627ead2ad" role: LEADER last_known_addr { host: "127.0.0.1" port: 36243 } }
I1102 12:55:01.888407 856 catalog_manager.cc:1127] Tablet: 83351ddf7ee54e7994805a9a1016c53b reported quorum change. New quorum: seqno: 0 local: true peers { permanent_uuid: "295416af6ecc4e30947e450627ead2ad" role: LEADER last_known_addr { host: "127.0.0.1" port: 36243 } }
W1102 12:55:01.898522 1013 reactor.cc:199] Client call Write has no timeout set for connection id: {remote=127.0.0.1:36243, service_name=kudu.tserver.TabletServerService, user_credentials={real_user=alex, eff_user=}}
W1102 12:55:01.898983 1013 reactor.cc:199] Client call Write has no timeout set for connection id: {remote=127.0.0.1:36243, service_name=kudu.tserver.TabletServerService, user_credentials={real_user=alex, eff_user=}}
W1102 12:55:01.905431 1013 reactor.cc:199] Client call Write has no timeout set for connection id: {remote=127.0.0.1:36243, service_name=kudu.tserver.TabletServerService, user_credentials={real_user=alex, eff_user=}}
W1102 12:55:01.905623 1013 reactor.cc:199] Client call Write has no timeout set for connection id: {remote=127.0.0.1:36243, service_name=kudu.tserver.TabletServerService, user_credentials={real_user=alex, eff_user=}}
W1102 12:55:01.911020 1013 reactor.cc:199] Client call Write has no timeout set for connection id: {remote=127.0.0.1:36243, service_name=kudu.tserver.TabletServerService, user_credentials={real_user=alex, eff_user=}}
W1102 12:55:01.911193 1013 reactor.cc:199] Client call Write has no timeout set for connection id: {remote=127.0.0.1:36243, service_name=kudu.tserver.TabletServerService, user_credentials={real_user=alex, eff_user=}}
W1102 12:55:01.917417 1013 reactor.cc:199] Client call Write has no timeout set for connection id: {remote=127.0.0.1:36243, service_name=kudu.tserver.TabletServerService, user_credentials={real_user=alex, eff_user=}}
W1102 12:55:01.917624 1013 reactor.cc:199] Client call Write has no timeout set for connection id: {remote=127.0.0.1:36243, service_name=kudu.tserver.TabletServerService, user_credentials={real_user=alex, eff_user=}}
W1102 12:55:01.923333 1013 reactor.cc:199] Client call Write has no timeout set for connection id: {remote=127.0.0.1:36243, service_name=kudu.tserver.TabletServerService, user_credentials={real_user=alex, eff_user=}}
W1102 12:55:01.923480 1013 reactor.cc:199] Client call Write has no timeout set for connection id: {remote=127.0.0.1:36243, service_name=kudu.tserver.TabletServerService, user_credentials={real_user=alex, eff_user=}}
I1102 12:55:01.938894 31819 tablet_server.cc:114] TabletServer shutting down...
I1102 12:55:01.955070 31819 ts_tablet_manager.cc:402] Shutting down tablet manager...
I1102 12:55:01.955224 31819 maintenance_manager.cc:177] Unregistered op LogGCOp
I1102 12:55:01.955468 31819 tablet_peer.cc:231] Initiating TabletPeer shutdown for tablet: 83351ddf7ee54e7994805a9a1016c53b
I1102 12:55:01.955531 31819 maintenance_manager.cc:177] Unregistered op FlushMRSOp(83351ddf7ee54e7994805a9a1016c53b)
I1102 12:55:01.955580 31819 maintenance_manager.cc:177] Unregistered op CompactRowSetsOp(83351ddf7ee54e7994805a9a1016c53b)
I1102 12:55:01.955615 31819 maintenance_manager.cc:177] Unregistered op FlushDeltaMemStoresOp(83351ddf7ee54e7994805a9a1016c53b)
I1102 12:55:01.956683 31819 tablet_peer.cc:231] Initiating TabletPeer shutdown for tablet: 248cea978ffc405ca83687c4a7208892
I1102 12:55:01.956740 31819 maintenance_manager.cc:177] Unregistered op FlushMRSOp(248cea978ffc405ca83687c4a7208892)
I1102 12:55:01.956786 31819 maintenance_manager.cc:177] Unregistered op CompactRowSetsOp(248cea978ffc405ca83687c4a7208892)
I1102 12:55:01.956814 31819 maintenance_manager.cc:177] Unregistered op FlushDeltaMemStoresOp(248cea978ffc405ca83687c4a7208892)
I1102 12:55:01.958078 31819 tablet_peer.cc:231] Initiating TabletPeer shutdown for tablet: 3206df2b25e440df92726e09ab9716fd
I1102 12:55:01.958145 31819 maintenance_manager.cc:177] Unregistered op FlushMRSOp(3206df2b25e440df92726e09ab9716fd)
I1102 12:55:01.958200 31819 maintenance_manager.cc:177] Unregistered op CompactRowSetsOp(3206df2b25e440df92726e09ab9716fd)
I1102 12:55:01.958232 31819 maintenance_manager.cc:177] Unregistered op FlushDeltaMemStoresOp(3206df2b25e440df92726e09ab9716fd)
I1102 12:55:01.967008 31819 tablet_server.cc:123] TabletServer shut down complete. Bye!
I1102 12:55:01.967030 31819 tablet_server.cc:114] TabletServer shutting down...
I1102 12:55:01.967068 31819 tablet_server.cc:123] TabletServer shut down complete. Bye!
I1102 12:55:01.968125 31819 master.cc:124] Master@127.0.0.1:44058 shutting down...
I1102 12:55:01.982486 31819 tablet_peer.cc:231] Initiating TabletPeer shutdown for tablet: 11111111111111111111111111111111
I1102 12:55:01.983639 31819 tablet_peer.cc:231] Initiating TabletPeer shutdown for tablet: 00000000000000000000000000000000
I1102 12:55:01.984678 31819 master.cc:127] Master@127.0.0.1:44058 shutdown complete. [ OK ] ClientTest.TestMultipleMultiRowManualBatches (363 ms) [ RUN ] ClientTest.TestBatchWithPartialError
I1102 12:55:02.144799 31819 fs_manager.cc:130] Generated new instance metadata in path /tmp/kudutest-1000/client-test.ClientTest.TestBatchWithPartialError.1414961696528764-31819/minicluster-data/master-0-root/instance: uuid: "4a43545b424b49d686505354d0a4f505" format_stamp: "Formatted at 2014-11-02 20:55:01 on qiwi"
I1102 12:55:02.144909 31819 fs_manager.cc:82] Opened local filesystem: /tmp/kudutest-1000/client-test.ClientTest.TestBatchWithPartialError.1414961696528764-31819/minicluster-data/master-0-root uuid: "4a43545b424b49d686505354d0a4f505" format_stamp: "Formatted at 2014-11-02 20:55:01 on qiwi"
I1102 12:55:02.146736 31819 hybrid_clock.cc:119] HybridClock initialized. Resolution in nanos?: 1 Wait times tolerance adjustment: 1.0005 Current error: 494278
I1102 12:55:02.152876 31819 webserver.cc:108] Starting webserver on 0.0.0.0:0
I1102 12:55:02.152901 31819 webserver.cc:117] Document root disabled
I1102 12:55:02.153229 31819 webserver.cc:197] Webserver started. Bound to: 0.0.0.0:37005
I1102 12:55:02.154958 1058 tablet_bootstrap.cc:234] Tablet 11111111111111111111111111111111: Bootstrap starting.
I1102 12:55:02.158643 1058 tablet_bootstrap.cc:331] No previous blocks or log segments found for tablet: 11111111111111111111111111111111 creating new one.
I1102 12:55:02.159888 1058 tablet_bootstrap.cc:234] Tablet 11111111111111111111111111111111: No bootstrap required, opened a new log
I1102 12:55:02.161802 1060 tablet_peer.cc:213] Configuration changed for tablet: 11111111111111111111111111111111 in peer: 4a43545b424b49d686505354d0a4f505 Changed from: seqno: 0 local: true peers { permanent_uuid: "4a43545b424b49d686505354d0a4f505" role: LEADER } Changed to: seqno: 1 local: true peers { permanent_uuid: "4a43545b424b49d686505354d0a4f505" role: LEADER }
I1102 12:55:02.161877 1060 sys_tables.cc:217] SysTable state changed. New quorum config: seqno: 1 local: true peers { permanent_uuid: "4a43545b424b49d686505354d0a4f505" role: LEADER }
I1102 12:55:02.162472 1058 tablet_bootstrap.cc:234] Tablet 00000000000000000000000000000000: Bootstrap starting.
I1102 12:55:02.165796 1058 tablet_bootstrap.cc:331] No previous blocks or log segments found for tablet: 00000000000000000000000000000000 creating new one.
I1102 12:55:02.167153 1058 tablet_bootstrap.cc:234] Tablet 00000000000000000000000000000000: No bootstrap required, opened a new log
I1102 12:55:02.168545 1058 sys_tables.cc:281] SysTable tablet configured and running, proceeding with master startup.
I1102 12:55:02.169031 1065 tablet_peer.cc:213] Configuration changed for tablet: 00000000000000000000000000000000 in peer: 4a43545b424b49d686505354d0a4f505 Changed from: seqno: 0 local: true peers { permanent_uuid: "4a43545b424b49d686505354d0a4f505" role: LEADER } Changed to: seqno: 1 local: true peers { permanent_uuid: "4a43545b424b49d686505354d0a4f505" role: LEADER }
I1102 12:55:02.169136 1058 sys_tables.cc:281] SysTable tablet configured and running, proceeding with master startup.
I1102 12:55:02.169141 1065 sys_tables.cc:217] SysTable state changed. New quorum config: seqno: 1 local: true peers { permanent_uuid: "4a43545b424b49d686505354d0a4f505" role: LEADER }
I1102 12:55:02.181818 31819 fs_manager.cc:130] Generated new instance metadata in path /tmp/kudutest-1000/client-test.ClientTest.TestBatchWithPartialError.1414961696528764-31819/minicluster-data/ts-0-root/instance: uuid: "638970e39323436383f5cb1adbc996aa" format_stamp: "Formatted at 2014-11-02 20:55:02 on qiwi"
I1102 12:55:02.182205 31819 fs_manager.cc:82] Opened local filesystem: /tmp/kudutest-1000/client-test.ClientTest.TestBatchWithPartialError.1414961696528764-31819/minicluster-data/ts-0-root uuid: "638970e39323436383f5cb1adbc996aa" format_stamp: "Formatted at 2014-11-02 20:55:02 on qiwi"
I1102 12:55:02.185004 31819 hybrid_clock.cc:119] HybridClock initialized. Resolution in nanos?: 1 Wait times tolerance adjustment: 1.0005 Current error: 494278
I1102 12:55:02.192301 31819 webserver.cc:108] Starting webserver on 0.0.0.0:0
I1102 12:55:02.192330 31819 webserver.cc:117] Document root disabled
I1102 12:55:02.192736 31819 webserver.cc:197] Webserver started. Bound to: 0.0.0.0:56851
I1102 12:55:02.192961 31819 maintenance_manager.cc:118] MaintenanceManager: targeting memory size of 25.106701 GB
I1102 12:55:02.194943 1109 heartbeater.cc:227] Registering TS with master...
I1102 12:55:02.195044 1109 heartbeater.cc:233] Sending a full tablet report to master...
I1102 12:55:02.195581 1037 ts_manager.cc:66] Registered new tablet server { permanent_uuid: "638970e39323436383f5cb1adbc996aa" instance_seqno: 1414961702191852 } with Master
I1102 12:55:02.196482 31819 mini_cluster.cc:268] 1 TS(s) registered with Master after 0.00327186s
I1102 12:55:02.200494 1039 catalog_manager.cc:437] CreateTable from {real_user=alex, eff_user=} at 127.0.0.1:59112: name: "client-testtb" schema { columns { name: "key" type: UINT32 is_key: true is_nullable: false encoding: AUTO_ENCODING compression: DEFAULT_COMPRESSION } columns { name: "int_val" type: UINT32 is_key: false is_nullable: false encoding: AUTO_ENCODING compression: DEFAULT_COMPRESSION } columns { name: "string_val" type: STRING is_key: false is_nullable: true encoding: AUTO_ENCODING compression: DEFAULT_COMPRESSION } columns { name: "non_null_with_default" type: UINT32 is_key: false is_nullable: false read_default_value: "90\000\000" write_default_value: "90\000\000" encoding: AUTO_ENCODING compression: DEFAULT_COMPRESSION } } pre_split_keys: "\000\000\000\t" num_replicas: 1
I1102 12:55:02.208500 1086 tablet_service.cc:264] Processing CreateTablet for tablet 151c90303b8f4088a55cbca12a09339c (table=client-testtb [id=ea524e9cd9a44281807351be001c36ba]), range=["", "\x00\x00\x00\t"]
I1102 12:55:02.208562 1087 tablet_service.cc:264] Processing CreateTablet for tablet cba331aff2c94de380a9d91991fa07f8 (table=client-testtb [id=ea524e9cd9a44281807351be001c36ba]), range=["\x00\x00\x00\t", ""]
I1102 12:55:02.209856 1086 ts_tablet_manager.cc:460] Registered tablet 151c90303b8f4088a55cbca12a09339c
I1102 12:55:02.209992 1087 ts_tablet_manager.cc:460] Registered tablet cba331aff2c94de380a9d91991fa07f8
I1102 12:55:02.210180 1118 ts_tablet_manager.cc:325] Bootstrapping tablet: 151c90303b8f4088a55cbca12a09339c
I1102 12:55:02.210448 1119 ts_tablet_manager.cc:325] Bootstrapping tablet: cba331aff2c94de380a9d91991fa07f8
I1102 12:55:02.210928 1118 tablet_bootstrap.cc:234] Tablet 151c90303b8f4088a55cbca12a09339c: Bootstrap starting.
I1102 12:55:02.211041 1119 tablet_bootstrap.cc:234] Tablet cba331aff2c94de380a9d91991fa07f8: Bootstrap starting.
I1102 12:55:02.213971 1118 tablet_bootstrap.cc:331] No previous blocks or log segments found for tablet: 151c90303b8f4088a55cbca12a09339c creating new one.
I1102 12:55:02.214215 1119 tablet_bootstrap.cc:331] No previous blocks or log segments found for tablet: cba331aff2c94de380a9d91991fa07f8 creating new one.
I1102 12:55:02.215443 1118 tablet_bootstrap.cc:234] Tablet 151c90303b8f4088a55cbca12a09339c: No bootstrap required, opened a new log
I1102 12:55:02.215550 1119 tablet_bootstrap.cc:234] Tablet cba331aff2c94de380a9d91991fa07f8: No bootstrap required, opened a new log
I1102 12:55:02.216032 1118 ts_tablet_manager.cc:330] Time spent tablet 151c90303b8f4088a55cbca12a09339c bootstrap: real 0.006s user 0.004s sys 0.001s
I1102 12:55:02.216130 1119 ts_tablet_manager.cc:330] Time spent tablet cba331aff2c94de380a9d91991fa07f8 bootstrap: real 0.006s user 0.004s sys 0.001s
I1102 12:55:02.217988 1119 ts_tablet_manager.cc:350] Time spent starting tablet cba331aff2c94de380a9d91991fa07f8: real 0.002s user 0.001s sys 0.000s
I1102 12:55:02.218016 1118 ts_tablet_manager.cc:350] Time spent starting tablet 151c90303b8f4088a55cbca12a09339c: real 0.002s user 0.002s sys 0.001s
I1102 12:55:02.218524 1122 tablet_peer.cc:213] Configuration changed for tablet: 151c90303b8f4088a55cbca12a09339c in peer: 638970e39323436383f5cb1adbc996aa Changed from: seqno: -1 local: true peers { permanent_uuid: "638970e39323436383f5cb1adbc996aa" role: CANDIDATE last_known_addr { host: "127.0.0.1" port: 34198 } } Changed to: seqno: 0 local: true peers { permanent_uuid: "638970e39323436383f5cb1adbc996aa" role: LEADER last_known_addr { host: "127.0.0.1" port: 34198 } }
I1102 12:55:02.218816 1123 tablet_peer.cc:213] Configuration changed for tablet: cba331aff2c94de380a9d91991fa07f8 in peer: 638970e39323436383f5cb1adbc996aa Changed from: seqno: -1 local: true peers { permanent_uuid: "638970e39323436383f5cb1adbc996aa" role: CANDIDATE last_known_addr { host: "127.0.0.1" port: 34198 } } Changed to: seqno: 0 local: true peers { permanent_uuid: "638970e39323436383f5cb1adbc996aa" role: LEADER last_known_addr { host: "127.0.0.1" port: 34198 } }
I1102 12:55:02.228399 1039 catalog_manager.cc:1127] Tablet: 151c90303b8f4088a55cbca12a09339c reported quorum change. New quorum: seqno: 0 local: true peers { permanent_uuid: "638970e39323436383f5cb1adbc996aa" role: LEADER last_known_addr { host: "127.0.0.1" port: 34198 } }
I1102 12:55:02.230651 1039 catalog_manager.cc:1127] Tablet: cba331aff2c94de380a9d91991fa07f8 reported quorum change. New quorum: seqno: 0 local: true peers { permanent_uuid: "638970e39323436383f5cb1adbc996aa" role: LEADER last_known_addr { host: "127.0.0.1" port: 34198 } }
I1102 12:55:02.239497 1044 catalog_manager.cc:437] CreateTable from {real_user=alex, eff_user=} at 127.0.0.1:59112: name: "client-testtb2" schema { columns { name: "key" type: UINT32 is_key: true is_nullable: false encoding: AUTO_ENCODING compression: DEFAULT_COMPRESSION } columns { name: "int_val" type: UINT32 is_key: false is_nullable: false encoding: AUTO_ENCODING compression: DEFAULT_COMPRESSION } columns { name: "string_val" type: STRING is_key: false is_nullable: true encoding: AUTO_ENCODING compression: DEFAULT_COMPRESSION } columns { name: "non_null_with_default" type: UINT32 is_key: false is_nullable: false read_default_value: "90\000\000" write_default_value: "90\000\000" encoding: AUTO_ENCODING compression: DEFAULT_COMPRESSION } } num_replicas: 1
I1102 12:55:02.246387 1088 tablet_service.cc:264] Processing CreateTablet for tablet c28618ae54b9425e9f9f07500675cdd3 (table=client-testtb2 [id=f1983545aad64d68b81c89e842e8bd61]), range=["", ""]
I1102 12:55:02.247663 1088 ts_tablet_manager.cc:460] Registered tablet c28618ae54b9425e9f9f07500675cdd3
I1102 12:55:02.247792 1119 ts_tablet_manager.cc:325] Bootstrapping tablet: c28618ae54b9425e9f9f07500675cdd3
I1102 12:55:02.248384 1119 tablet_bootstrap.cc:234] Tablet c28618ae54b9425e9f9f07500675cdd3: Bootstrap starting.
I1102 12:55:02.251766 1119 tablet_bootstrap.cc:331] No previous blocks or log segments found for tablet: c28618ae54b9425e9f9f07500675cdd3 creating new one.
I1102 12:55:02.253324 1119 tablet_bootstrap.cc:234] Tablet c28618ae54b9425e9f9f07500675cdd3: No bootstrap required, opened a new log
I1102 12:55:02.253801 1119 ts_tablet_manager.cc:330] Time spent tablet c28618ae54b9425e9f9f07500675cdd3 bootstrap: real 0.006s user 0.004s sys 0.001s
I1102 12:55:02.255290 1119 ts_tablet_manager.cc:350] Time spent starting tablet c28618ae54b9425e9f9f07500675cdd3: real 0.001s user 0.001s sys 0.000s
I1102 12:55:02.255724 1133 tablet_peer.cc:213] Configuration changed for tablet: c28618ae54b9425e9f9f07500675cdd3 in peer: 638970e39323436383f5cb1adbc996aa Changed from: seqno: -1 local: true peers { permanent_uuid: "638970e39323436383f5cb1adbc996aa" role: CANDIDATE last_known_addr { host: "127.0.0.1" port: 34198 } } Changed to: seqno: 0 local: true peers { permanent_uuid: "638970e39323436383f5cb1adbc996aa" role: LEADER last_known_addr { host: "127.0.0.1" port: 34198 } }
I1102 12:55:02.265450 1045 catalog_manager.cc:1127] Tablet: c28618ae54b9425e9f9f07500675cdd3 reported quorum change. New quorum: seqno: 0 local: true peers { permanent_uuid: "638970e39323436383f5cb1adbc996aa" role: LEADER last_known_addr { host: "127.0.0.1" port: 34198 } }
W1102 12:55:02.277355 1113 reactor.cc:199] Client call Write has no timeout set for connection id: {remote=127.0.0.1:34198, service_name=kudu.tserver.TabletServerService, user_credentials={real_user=alex, eff_user=}}
W1102 12:55:02.280766 1113 reactor.cc:199] Client call Write has no timeout set for connection id: {remote=127.0.0.1:34198, service_name=kudu.tserver.TabletServerService, user_credentials={real_user=alex, eff_user=}}
I1102 12:55:02.286180 31819 tablet_server.cc:114] TabletServer shutting down...
I1102 12:55:02.299057 31819 ts_tablet_manager.cc:402] Shutting down tablet manager...
I1102 12:55:02.299154 31819 maintenance_manager.cc:177] Unregistered op LogGCOp
I1102 12:55:02.299223 31819 tablet_peer.cc:231] Initiating TabletPeer shutdown for tablet: c28618ae54b9425e9f9f07500675cdd3
I1102 12:55:02.299293 31819 maintenance_manager.cc:177] Unregistered op FlushMRSOp(c28618ae54b9425e9f9f07500675cdd3)
I1102 12:55:02.299311 31819 maintenance_manager.cc:177] Unregistered op CompactRowSetsOp(c28618ae54b9425e9f9f07500675cdd3)
I1102 12:55:02.299330 31819 maintenance_manager.cc:177] Unregistered op FlushDeltaMemStoresOp(c28618ae54b9425e9f9f07500675cdd3)
I1102 12:55:02.299845 31819 tablet_peer.cc:231] Initiating TabletPeer shutdown for tablet: 151c90303b8f4088a55cbca12a09339c
I1102 12:55:02.299877 31819 maintenance_manager.cc:177] Unregistered op FlushMRSOp(151c90303b8f4088a55cbca12a09339c)
I1102 12:55:02.299891 31819 maintenance_manager.cc:177] Unregistered op CompactRowSetsOp(151c90303b8f4088a55cbca12a09339c)
I1102 12:55:02.299909 31819 maintenance_manager.cc:177] Unregistered op FlushDeltaMemStoresOp(151c90303b8f4088a55cbca12a09339c)
I1102 12:55:02.300295 31819 tablet_peer.cc:231] Initiating TabletPeer shutdown for tablet: cba331aff2c94de380a9d91991fa07f8
I1102 12:55:02.300325 31819 maintenance_manager.cc:177] Unregistered op FlushMRSOp(cba331aff2c94de380a9d91991fa07f8)
I1102 12:55:02.300339 31819 maintenance_manager.cc:177] Unregistered op CompactRowSetsOp(cba331aff2c94de380a9d91991fa07f8)
I1102 12:55:02.300356 31819 maintenance_manager.cc:177] Unregistered op FlushDeltaMemStoresOp(cba331aff2c94de380a9d91991fa07f8)
I1102 12:55:02.304605 31819 tablet_server.cc:123] TabletServer shut down complete. Bye!
I1102 12:55:02.304648 31819 tablet_server.cc:114] TabletServer shutting down...
I1102 12:55:02.304697 31819 tablet_server.cc:123] TabletServer shut down complete. Bye!
I1102 12:55:02.305869 31819 master.cc:124] Master@127.0.0.1:52640 shutting down...
I1102 12:55:02.317855 31819 tablet_peer.cc:231] Initiating TabletPeer shutdown for tablet: 11111111111111111111111111111111
I1102 12:55:02.318438 31819 tablet_peer.cc:231] Initiating TabletPeer shutdown for tablet: 00000000000000000000000000000000
I1102 12:55:02.318882 31819 master.cc:127] Master@127.0.0.1:52640 shutdown complete. [ OK ] ClientTest.TestBatchWithPartialError (331 ms) [ RUN ] ClientTest.TestEmptyBatch
I1102 12:55:02.467401 31819 fs_manager.cc:130] Generated new instance metadata in path /tmp/kudutest-1000/client-test.ClientTest.TestEmptyBatch.1414961696528764-31819/minicluster-data/master-0-root/instance: uuid: "c6535a94f51841b6ab5f9f59c248c4ed" format_stamp: "Formatted at 2014-11-02 20:55:02 on qiwi"
I1102 12:55:02.467530 31819 fs_manager.cc:82] Opened local filesystem: /tmp/kudutest-1000/client-test.ClientTest.TestEmptyBatch.1414961696528764-31819/minicluster-data/master-0-root uuid: "c6535a94f51841b6ab5f9f59c248c4ed" format_stamp: "Formatted at 2014-11-02 20:55:02 on qiwi"
I1102 12:55:02.468405 31819 hybrid_clock.cc:119] HybridClock initialized. Resolution in nanos?: 1 Wait times tolerance adjustment: 1.0005 Current error: 494278
I1102 12:55:02.471288 31819 webserver.cc:108] Starting webserver on 0.0.0.0:0
I1102 12:55:02.471318 31819 webserver.cc:117] Document root disabled
I1102 12:55:02.471554 31819 webserver.cc:197] Webserver started. Bound to: 0.0.0.0:59723
I1102 12:55:02.472795 1166 tablet_bootstrap.cc:234] Tablet 11111111111111111111111111111111: Bootstrap starting.
I1102 12:55:02.474663 1166 tablet_bootstrap.cc:331] No previous blocks or log segments found for tablet: 11111111111111111111111111111111 creating new one.
I1102 12:55:02.475483 1166 tablet_bootstrap.cc:234] Tablet 11111111111111111111111111111111: No bootstrap required, opened a new log
I1102 12:55:02.476908 1168 tablet_peer.cc:213] Configuration changed for tablet: 11111111111111111111111111111111 in peer: c6535a94f51841b6ab5f9f59c248c4ed Changed from: seqno: 0 local: true peers { permanent_uuid: "c6535a94f51841b6ab5f9f59c248c4ed" role: LEADER } Changed to: seqno: 1 local: true peers { permanent_uuid: "c6535a94f51841b6ab5f9f59c248c4ed" role: LEADER }
I1102 12:55:02.476974 1168 sys_tables.cc:217] SysTable state changed. New quorum config: seqno: 1 local: true peers { permanent_uuid: "c6535a94f51841b6ab5f9f59c248c4ed" role: LEADER }
I1102 12:55:02.477673 1166 tablet_bootstrap.cc:234] Tablet 00000000000000000000000000000000: Bootstrap starting.
I1102 12:55:02.479611 1166 tablet_bootstrap.cc:331] No previous blocks or log segments found for tablet: 00000000000000000000000000000000 creating new one.
I1102 12:55:02.480434 1166 tablet_bootstrap.cc:234] Tablet 00000000000000000000000000000000: No bootstrap required, opened a new log
I1102 12:55:02.481458 1166 sys_tables.cc:281] SysTable tablet configured and running, proceeding with master startup.
I1102 12:55:02.481746 1172 tablet_peer.cc:213] Configuration changed for tablet: 00000000000000000000000000000000 in peer: c6535a94f51841b6ab5f9f59c248c4ed Changed from: seqno: 0 local: true peers { permanent_uuid: "c6535a94f51841b6ab5f9f59c248c4ed" role: LEADER } Changed to: seqno: 1 local: true peers { permanent_uuid: "c6535a94f51841b6ab5f9f59c248c4ed" role: LEADER }
I1102 12:55:02.481804 1166 sys_tables.cc:281] SysTable tablet configured and running, proceeding with master startup.
I1102 12:55:02.481806 1172 sys_tables.cc:217] SysTable state changed. New quorum config: seqno: 1 local: true peers { permanent_uuid: "c6535a94f51841b6ab5f9f59c248c4ed" role: LEADER }
I1102 12:55:02.493085 31819 fs_manager.cc:130] Generated new instance metadata in path /tmp/kudutest-1000/client-test.ClientTest.TestEmptyBatch.1414961696528764-31819/minicluster-data/ts-0-root/instance: uuid: "06fbd87001d34eef866cffdcc74c8ded" format_stamp: "Formatted at 2014-11-02 20:55:02 on qiwi"
I1102 12:55:02.493193 31819 fs_manager.cc:82] Opened local filesystem: /tmp/kudutest-1000/client-test.ClientTest.TestEmptyBatch.1414961696528764-31819/minicluster-data/ts-0-root uuid: "06fbd87001d34eef866cffdcc74c8ded" format_stamp: "Formatted at 2014-11-02 20:55:02 on qiwi"
I1102 12:55:02.494061 31819 hybrid_clock.cc:119] HybridClock initialized. Resolution in nanos?: 1 Wait times tolerance adjustment: 1.0005 Current error: 494278
I1102 12:55:02.498412 31819 webserver.cc:108] Starting webserver on 0.0.0.0:0
I1102 12:55:02.498438 31819 webserver.cc:117] Document root disabled
I1102 12:55:02.498667 31819 webserver.cc:197] Webserver started. Bound to: 0.0.0.0:40993
I1102 12:55:02.498801 31819 maintenance_manager.cc:118] MaintenanceManager: targeting memory size of 25.106701 GB
I1102 12:55:02.500247 1224 heartbeater.cc:227] Registering TS with master...
I1102 12:55:02.500411 1224 heartbeater.cc:233] Sending a full tablet report to master...
I1102 12:55:02.500741 1142 ts_manager.cc:66] Registered new tablet server { permanent_uuid: "06fbd87001d34eef866cffdcc74c8ded" instance_seqno: 1414961702498147 } with Master
I1102 12:55:02.501155 31819 mini_cluster.cc:268] 1 TS(s) registered with Master after 0.00218171s
I1102 12:55:02.504045 1147 catalog_manager.cc:437] CreateTable from {real_user=alex, eff_user=} at 127.0.0.1:56785: name: "client-testtb" schema { columns { name: "key" type: UINT32 is_key: true is_nullable: false encoding: AUTO_ENCODING compression: DEFAULT_COMPRESSION } columns { name: "int_val" type: UINT32 is_key: false is_nullable: false encoding: AUTO_ENCODING compression: DEFAULT_COMPRESSION } columns { name: "string_val" type: STRING is_key: false is_nullable: true encoding: AUTO_ENCODING compression: DEFAULT_COMPRESSION } columns { name: "non_null_with_default" type: UINT32 is_key: false is_nullable: false read_default_value: "90\000\000" write_default_value: "90\000\000" encoding: AUTO_ENCODING compression: DEFAULT_COMPRESSION } } pre_split_keys: "\000\000\000\t" num_replicas: 1
I1102 12:55:02.509326 1198 tablet_service.cc:264] Processing CreateTablet for tablet ce1823b844da44989af4eb1deb03b4b0 (table=client-testtb [id=c065a27ae5044893b5d8ff341586a52a]), range=["\x00\x00\x00\t", ""]
I1102 12:55:02.509346 1199 tablet_service.cc:264] Processing CreateTablet for tablet 9884157901eb454498ce2b749e1c43c1 (table=client-testtb [id=c065a27ae5044893b5d8ff341586a52a]), range=["", "\x00\x00\x00\t"]
I1102 12:55:02.510511 1199 ts_tablet_manager.cc:460] Registered tablet 9884157901eb454498ce2b749e1c43c1
I1102 12:55:02.510565 1198 ts_tablet_manager.cc:460] Registered tablet ce1823b844da44989af4eb1deb03b4b0
I1102 12:55:02.510810 1233 ts_tablet_manager.cc:325] Bootstrapping tablet: 9884157901eb454498ce2b749e1c43c1
I1102 12:55:02.511059 1234 ts_tablet_manager.cc:325] Bootstrapping tablet: ce1823b844da44989af4eb1deb03b4b0
I1102 12:55:02.511677 1234 tablet_bootstrap.cc:234] Tablet ce1823b844da44989af4eb1deb03b4b0: Bootstrap starting.
I1102 12:55:02.511682 1233 tablet_bootstrap.cc:234] Tablet 9884157901eb454498ce2b749e1c43c1: Bootstrap starting.
I1102 12:55:02.514793 1234 tablet_bootstrap.cc:331] No previous blocks or log segments found for tablet: ce1823b844da44989af4eb1deb03b4b0 creating new one.
I1102 12:55:02.514911 1233 tablet_bootstrap.cc:331] No previous blocks or log segments found for tablet: 9884157901eb454498ce2b749e1c43c1 creating new one.
I1102 12:55:02.516137 1234 tablet_bootstrap.cc:234] Tablet ce1823b844da44989af4eb1deb03b4b0: No bootstrap required, opened a new log
I1102 12:55:02.516140 1233 tablet_bootstrap.cc:234] Tablet 9884157901eb454498ce2b749e1c43c1: No bootstrap required, opened a new log
I1102 12:55:02.516470 1233 ts_tablet_manager.cc:330] Time spent tablet 9884157901eb454498ce2b749e1c43c1 bootstrap: real 0.006s user 0.004s sys 0.001s
I1102 12:55:02.516640 1234 ts_tablet_manager.cc:330] Time spent tablet ce1823b844da44989af4eb1deb03b4b0 bootstrap: real 0.006s user 0.004s sys 0.001s
I1102 12:55:02.518014 1233 ts_tablet_manager.cc:350] Time spent starting tablet 9884157901eb454498ce2b749e1c43c1: real 0.001s user 0.001s sys 0.000s
I1102 12:55:02.518039 1234 ts_tablet_manager.cc:350] Time spent starting tablet ce1823b844da44989af4eb1deb03b4b0: real 0.001s user 0.001s sys 0.000s
I1102 12:55:02.518339 1238 tablet_peer.cc:213] Configuration changed for tablet: 9884157901eb454498ce2b749e1c43c1 in peer: 06fbd87001d34eef866cffdcc74c8ded Changed from: seqno: -1 local: true peers { permanent_uuid: "06fbd87001d34eef866cffdcc74c8ded" role: CANDIDATE last_known_addr { host: "127.0.0.1" port: 36221 } } Changed to: seqno: 0 local: true peers { permanent_uuid: "06fbd87001d34eef866cffdcc74c8ded" role: LEADER last_known_addr { host: "127.0.0.1" port: 36221 } }
I1102 12:55:02.518486 1237 tablet_peer.cc:213] Configuration changed for tablet: ce1823b844da44989af4eb1deb03b4b0 in peer: 06fbd87001d34eef866cffdcc74c8ded Changed from: seqno: -1 local: true peers { permanent_uuid: "06fbd87001d34eef866cffdcc74c8ded" role: CANDIDATE last_known_addr { host: "127.0.0.1" port: 36221 } } Changed to: seqno: 0 local: true peers { permanent_uuid: "06fbd87001d34eef866cffdcc74c8ded" role: LEADER last_known_addr { host: "127.0.0.1" port: 36221 } }
I1102 12:55:02.522436 1142 catalog_manager.cc:1127] Tablet: ce1823b844da44989af4eb1deb03b4b0 reported quorum change. New quorum: seqno: 0 local: true peers { permanent_uuid: "06fbd87001d34eef866cffdcc74c8ded" role: LEADER last_known_addr { host: "127.0.0.1" port: 36221 } }
I1102 12:55:02.523881 1142 catalog_manager.cc:1127] Tablet: 9884157901eb454498ce2b749e1c43c1 reported quorum change. New quorum: seqno: 0 local: true peers { permanent_uuid: "06fbd87001d34eef866cffdcc74c8ded" role: LEADER last_known_addr { host: "127.0.0.1" port: 36221 } }
I1102 12:55:02.527209 1149 catalog_manager.cc:437] CreateTable from {real_user=alex, eff_user=} at 127.0.0.1:56785: name: "client-testtb2" schema { columns { name: "key" type: UINT32 is_key: true is_nullable: false encoding: AUTO_ENCODING compression: DEFAULT_COMPRESSION } columns { name: "int_val" type: UINT32 is_key: false is_nullable: false encoding: AUTO_ENCODING compression: DEFAULT_COMPRESSION } columns { name: "string_val" type: STRING is_key: false is_nullable: true encoding: AUTO_ENCODING compression: DEFAULT_COMPRESSION } columns { name: "non_null_with_default" type: UINT32 is_key: false is_nullable: false read_default_value: "90\000\000" write_default_value: "90\000\000" encoding: AUTO_ENCODING compression: DEFAULT_COMPRESSION } } num_replicas: 1
I1102 12:55:02.531445 1201 tablet_service.cc:264] Processing CreateTablet for tablet ea70ecf970114424b2fc23094608da57 (table=client-testtb2 [id=2e0ef8d43f544f4eb9f967234ec64b5d]), range=["", ""]
I1102 12:55:02.532393 1201 ts_tablet_manager.cc:460] Registered tablet ea70ecf970114424b2fc23094608da57
I1102 12:55:02.532477 1233 ts_tablet_manager.cc:325] Bootstrapping tablet: ea70ecf970114424b2fc23094608da57
I1102 12:55:02.532877 1233 tablet_bootstrap.cc:234] Tablet ea70ecf970114424b2fc23094608da57: Bootstrap starting.
I1102 12:55:02.535051 1233 tablet_bootstrap.cc:331] No previous blocks or log segments found for tablet: ea70ecf970114424b2fc23094608da57 creating new one.
I1102 12:55:02.536049 1233 tablet_bootstrap.cc:234] Tablet ea70ecf970114424b2fc23094608da57: No bootstrap required, opened a new log
I1102 12:55:02.536247 1233 ts_tablet_manager.cc:330] Time spent tablet ea70ecf970114424b2fc23094608da57 bootstrap: real 0.004s user 0.003s sys 0.001s
I1102 12:55:02.537277 1233 ts_tablet_manager.cc:350] Time spent starting tablet ea70ecf970114424b2fc23094608da57: real 0.001s user 0.001s sys 0.000s
I1102 12:55:02.537750 1244 tablet_peer.cc:213] Configuration changed for tablet: ea70ecf970114424b2fc23094608da57 in peer: 06fbd87001d34eef866cffdcc74c8ded Changed from: seqno: -1 local: true peers { permanent_uuid: "06fbd87001d34eef866cffdcc74c8ded" role: CANDIDATE last_known_addr { host: "127.0.0.1" port: 36221 } } Changed to: seqno: 0 local: true peers { permanent_uuid: "06fbd87001d34eef866cffdcc74c8ded" role: LEADER last_known_addr { host: "127.0.0.1" port: 36221 } }
I1102 12:55:02.546556 1147 catalog_manager.cc:1127] Tablet: ea70ecf970114424b2fc23094608da57 reported quorum change. New quorum: seqno: 0 local: true peers { permanent_uuid: "06fbd87001d34eef866cffdcc74c8ded" role: LEADER last_known_addr { host: "127.0.0.1" port: 36221 } }
I1102 12:55:02.554615 31819 tablet_server.cc:114] TabletServer shutting down...
I1102 12:55:02.568255 31819 ts_tablet_manager.cc:402] Shutting down tablet manager...
I1102 12:55:02.568356 31819 maintenance_manager.cc:177] Unregistered op LogGCOp
I1102 12:55:02.568497 31819 tablet_peer.cc:231] Initiating TabletPeer shutdown for tablet: ea70ecf970114424b2fc23094608da57
I1102 12:55:02.568550 31819 maintenance_manager.cc:177] Unregistered op FlushMRSOp(ea70ecf970114424b2fc23094608da57)
I1102 12:55:02.568584 31819 maintenance_manager.cc:177] Unregistered op CompactRowSetsOp(ea70ecf970114424b2fc23094608da57)
I1102 12:55:02.568603 31819 maintenance_manager.cc:177] Unregistered op FlushDeltaMemStoresOp(ea70ecf970114424b2fc23094608da57)
I1102 12:55:02.569330 31819 tablet_peer.cc:231] Initiating TabletPeer shutdown for tablet: ce1823b844da44989af4eb1deb03b4b0
I1102 12:55:02.569365 31819 maintenance_manager.cc:177] Unregistered op FlushMRSOp(ce1823b844da44989af4eb1deb03b4b0)
I1102 12:55:02.569392 31819 maintenance_manager.cc:177] Unregistered op CompactRowSetsOp(ce1823b844da44989af4eb1deb03b4b0)
I1102 12:55:02.569409 31819 maintenance_manager.cc:177] Unregistered op FlushDeltaMemStoresOp(ce1823b844da44989af4eb1deb03b4b0)
I1102 12:55:02.573920 31819 tablet_peer.cc:231] Initiating TabletPeer shutdown for tablet: 9884157901eb454498ce2b749e1c43c1
I1102 12:55:02.573971 31819 maintenance_manager.cc:177] Unregistered op FlushMRSOp(9884157901eb454498ce2b749e1c43c1)
I1102 12:55:02.573987 31819 maintenance_manager.cc:177] Unregistered op CompactRowSetsOp(9884157901eb454498ce2b749e1c43c1)
I1102 12:55:02.574000 31819 maintenance_manager.cc:177] Unregistered op FlushDeltaMemStoresOp(9884157901eb454498ce2b749e1c43c1)
I1102 12:55:02.579805 31819 tablet_server.cc:123] TabletServer shut down complete. Bye!
I1102 12:55:02.579836 31819 tablet_server.cc:114] TabletServer shutting down...
I1102 12:55:02.579875 31819 tablet_server.cc:123] TabletServer shut down complete. Bye!
I1102 12:55:02.581014 31819 master.cc:124] Master@127.0.0.1:58912 shutting down...
I1102 12:55:02.593772 31819 tablet_peer.cc:231] Initiating TabletPeer shutdown for tablet: 11111111111111111111111111111111
I1102 12:55:02.594672 31819 tablet_peer.cc:231] Initiating TabletPeer shutdown for tablet: 00000000000000000000000000000000
I1102 12:55:02.595268 31819 master.cc:127] Master@127.0.0.1:58912 shutdown complete. [ OK ] ClientTest.TestEmptyBatch (277 ms) [ RUN ] ClientTest.TestWriteWithDeadMaster
I1102 12:55:02.754956 31819 fs_manager.cc:130] Generated new instance metadata in path /tmp/kudutest-1000/client-test.ClientTest.TestWriteWithDeadMaster.1414961696528764-31819/minicluster-data/master-0-root/instance: uuid: "4337583d69a94d29a768acdba7ffec64" format_stamp: "Formatted at 2014-11-02 20:55:02 on qiwi"
