I1102 12:55:14.726843 31819 tablet_peer.cc:231] Initiating TabletPeer shutdown for tablet: c34828aa0ed04caabddafeebfa0d11a9
I1102 12:55:14.726927 31819 maintenance_manager.cc:177] Unregistered op FlushMRSOp(c34828aa0ed04caabddafeebfa0d11a9)
I1102 12:55:14.726972 31819 maintenance_manager.cc:177] Unregistered op CompactRowSetsOp(c34828aa0ed04caabddafeebfa0d11a9)
I1102 12:55:14.727010 31819 maintenance_manager.cc:177] Unregistered op FlushDeltaMemStoresOp(c34828aa0ed04caabddafeebfa0d11a9)
I1102 12:55:14.728004 31819 tablet_peer.cc:231] Initiating TabletPeer shutdown for tablet: 465bd42c612e45c7a34fc5eacd8300d3
I1102 12:55:14.728080 31819 maintenance_manager.cc:177] Unregistered op FlushMRSOp(465bd42c612e45c7a34fc5eacd8300d3)
I1102 12:55:14.728122 31819 maintenance_manager.cc:177] Unregistered op CompactRowSetsOp(465bd42c612e45c7a34fc5eacd8300d3)
I1102 12:55:14.728152 31819 maintenance_manager.cc:177] Unregistered op FlushDeltaMemStoresOp(465bd42c612e45c7a34fc5eacd8300d3)
I1102 12:55:14.729126 31819 tablet_peer.cc:231] Initiating TabletPeer shutdown for tablet: 171f23b4a9974ca4ace7e6df2336809f
I1102 12:55:14.729229 31819 maintenance_manager.cc:177] Unregistered op FlushMRSOp(171f23b4a9974ca4ace7e6df2336809f)
I1102 12:55:14.729271 31819 maintenance_manager.cc:177] Unregistered op CompactRowSetsOp(171f23b4a9974ca4ace7e6df2336809f)
I1102 12:55:14.729303 31819 maintenance_manager.cc:177] Unregistered op FlushDeltaMemStoresOp(171f23b4a9974ca4ace7e6df2336809f)
I1102 12:55:14.740274 31819 tablet_server.cc:123] TabletServer shut down complete. Bye!
I1102 12:55:14.740296 31819 tablet_server.cc:114] TabletServer shutting down...
I1102 12:55:14.740326 31819 tablet_server.cc:123] TabletServer shut down complete. Bye!
I1102 12:55:14.741078 31819 tablet_server.cc:114] TabletServer shutting down...
I1102 12:55:14.759002 31819 ts_tablet_manager.cc:402] Shutting down tablet manager...
I1102 12:55:14.759115 31819 maintenance_manager.cc:177] Unregistered op LogGCOp
I1102 12:55:14.759209 31819 tablet_peer.cc:231] Initiating TabletPeer shutdown for tablet: aa92c6fda6cd4409858dba0a0a063efc
I1102 12:55:14.759281 31819 maintenance_manager.cc:177] Unregistered op FlushMRSOp(aa92c6fda6cd4409858dba0a0a063efc)
I1102 12:55:14.759332 31819 maintenance_manager.cc:177] Unregistered op CompactRowSetsOp(aa92c6fda6cd4409858dba0a0a063efc)
I1102 12:55:14.759377 31819 maintenance_manager.cc:177] Unregistered op FlushDeltaMemStoresOp(aa92c6fda6cd4409858dba0a0a063efc)
I1102 12:55:14.759448 31819 raft_consensus.cc:769] T aa92c6fda6cd4409858dba0a0a063efc P 3fc07090a82c4b75abad25c747673e04 [FOLLOWER]: Raft consensus shutting down.
I1102 12:55:14.759562 31819 raft_consensus_state.cc:377] T aa92c6fda6cd4409858dba0a0a063efc P 3fc07090a82c4b75abad25c747673e04 [FOLLOWER]: Trying to abort 0 pending transactions.
I1102 12:55:14.759624 31819 raft_consensus_state.cc:404] T aa92c6fda6cd4409858dba0a0a063efc P 3fc07090a82c4b75abad25c747673e04 [FOLLOWER]: Waiting on 0 outstanding applies:
I1102 12:55:14.759683 31819 raft_consensus_state.cc:408] T aa92c6fda6cd4409858dba0a0a063efc P 3fc07090a82c4b75abad25c747673e04 [FOLLOWER]: All local commits completed.
I1102 12:55:14.759742 31819 raft_consensus.cc:789] T aa92c6fda6cd4409858dba0a0a063efc P 3fc07090a82c4b75abad25c747673e04 [FOLLOWER]: Raft consensus Shutdown!
I1102 12:55:14.763947 31819 tablet_server.cc:123] TabletServer shut down complete. Bye!
I1102 12:55:14.763990 31819 tablet_server.cc:114] TabletServer shutting down...
I1102 12:55:14.764067 31819 tablet_server.cc:123] TabletServer shut down complete. Bye!
I1102 12:55:14.765825 31819 master.cc:124] Master@127.0.0.1:36726 shutting down...
I1102 12:55:14.780172 31819 tablet_peer.cc:231] Initiating TabletPeer shutdown for tablet: 11111111111111111111111111111111
I1102 12:55:14.780927 31819 tablet_peer.cc:231] Initiating TabletPeer shutdown for tablet: 00000000000000000000000000000000
I1102 12:55:14.781663 31819 master.cc:127] Master@127.0.0.1:36726 shutdown complete. [ OK ] ClientTest.TestReplicatedTabletWritesWithLeaderElection (3695 ms) [ RUN ] ClientTest.TestRandomWriteOperation
I1102 12:55:15.058604 31819 fs_manager.cc:130] Generated new instance metadata in path /tmp/kudutest-1000/client-test.ClientTest.TestRandomWriteOperation.1414961696528764-31819/minicluster-data/master-0-root/instance: uuid: "842d5aef4ee54d79a9e1d7313e7cfe27" format_stamp: "Formatted at 2014-11-02 20:55:14 on qiwi"
I1102 12:55:15.058972 31819 fs_manager.cc:82] Opened local filesystem: /tmp/kudutest-1000/client-test.ClientTest.TestRandomWriteOperation.1414961696528764-31819/minicluster-data/master-0-root uuid: "842d5aef4ee54d79a9e1d7313e7cfe27" format_stamp: "Formatted at 2014-11-02 20:55:14 on qiwi"
I1102 12:55:15.061307 31819 hybrid_clock.cc:119] HybridClock initialized. Resolution in nanos?: 1 Wait times tolerance adjustment: 1.0005 Current error: 500778
I1102 12:55:15.070093 31819 webserver.cc:108] Starting webserver on 0.0.0.0:0
I1102 12:55:15.070117 31819 webserver.cc:117] Document root disabled
I1102 12:55:15.070435 31819 webserver.cc:197] Webserver started. Bound to: 0.0.0.0:53447
I1102 12:55:15.072417 3432 tablet_bootstrap.cc:234] Tablet 11111111111111111111111111111111: Bootstrap starting.
I1102 12:55:15.075673 3432 tablet_bootstrap.cc:331] No previous blocks or log segments found for tablet: 11111111111111111111111111111111 creating new one.
I1102 12:55:15.076863 3432 tablet_bootstrap.cc:234] Tablet 11111111111111111111111111111111: No bootstrap required, opened a new log
I1102 12:55:15.079043 3434 tablet_peer.cc:213] Configuration changed for tablet: 11111111111111111111111111111111 in peer: 842d5aef4ee54d79a9e1d7313e7cfe27 Changed from: seqno: 0 local: true peers { permanent_uuid: "842d5aef4ee54d79a9e1d7313e7cfe27" role: LEADER } Changed to: seqno: 1 local: true peers { permanent_uuid: "842d5aef4ee54d79a9e1d7313e7cfe27" role: LEADER }
I1102 12:55:15.079131 3434 sys_tables.cc:217] SysTable state changed. New quorum config: seqno: 1 local: true peers { permanent_uuid: "842d5aef4ee54d79a9e1d7313e7cfe27" role: LEADER }
I1102 12:55:15.079829 3432 tablet_bootstrap.cc:234] Tablet 00000000000000000000000000000000: Bootstrap starting.
I1102 12:55:15.082340 3432 tablet_bootstrap.cc:331] No previous blocks or log segments found for tablet: 00000000000000000000000000000000 creating new one.
I1102 12:55:15.083184 3432 tablet_bootstrap.cc:234] Tablet 00000000000000000000000000000000: No bootstrap required, opened a new log
I1102 12:55:15.084213 3432 sys_tables.cc:281] SysTable tablet configured and running, proceeding with master startup.
I1102 12:55:15.084584 3438 tablet_peer.cc:213] Configuration changed for tablet: 00000000000000000000000000000000 in peer: 842d5aef4ee54d79a9e1d7313e7cfe27 Changed from: seqno: 0 local: true peers { permanent_uuid: "842d5aef4ee54d79a9e1d7313e7cfe27" role: LEADER } Changed to: seqno: 1 local: true peers { permanent_uuid: "842d5aef4ee54d79a9e1d7313e7cfe27" role: LEADER }
I1102 12:55:15.084635 3432 sys_tables.cc:281] SysTable tablet configured and running, proceeding with master startup.
I1102 12:55:15.084641 3438 sys_tables.cc:217] SysTable state changed. New quorum config: seqno: 1 local: true peers { permanent_uuid: "842d5aef4ee54d79a9e1d7313e7cfe27" role: LEADER }
I1102 12:55:15.099818 31819 fs_manager.cc:130] Generated new instance metadata in path /tmp/kudutest-1000/client-test.ClientTest.TestRandomWriteOperation.1414961696528764-31819/minicluster-data/ts-0-root/instance: uuid: "d2f0abb2a85a4faa9f31fa5540684fe8" format_stamp: "Formatted at 2014-11-02 20:55:15 on qiwi"
I1102 12:55:15.100105 31819 fs_manager.cc:82] Opened local filesystem: /tmp/kudutest-1000/client-test.ClientTest.TestRandomWriteOperation.1414961696528764-31819/minicluster-data/ts-0-root uuid: "d2f0abb2a85a4faa9f31fa5540684fe8" format_stamp: "Formatted at 2014-11-02 20:55:15 on qiwi"
I1102 12:55:15.102239 31819 hybrid_clock.cc:119] HybridClock initialized. Resolution in nanos?: 1 Wait times tolerance adjustment: 1.0005 Current error: 500778
I1102 12:55:15.108469 31819 webserver.cc:108] Starting webserver on 0.0.0.0:0
I1102 12:55:15.108487 31819 webserver.cc:117] Document root disabled
I1102 12:55:15.108749 31819 webserver.cc:197] Webserver started. Bound to: 0.0.0.0:58255
I1102 12:55:15.108888 31819 maintenance_manager.cc:118] MaintenanceManager: targeting memory size of 25.106701 GB
I1102 12:55:15.110592 3481 heartbeater.cc:227] Registering TS with master...
I1102 12:55:15.110654 3481 heartbeater.cc:233] Sending a full tablet report to master...
I1102 12:55:15.110987 3411 ts_manager.cc:66] Registered new tablet server { permanent_uuid: "d2f0abb2a85a4faa9f31fa5540684fe8" instance_seqno: 1414961715108169 } with Master
I1102 12:55:15.111246 31819 mini_cluster.cc:268] 1 TS(s) registered with Master after 0.00217146s
I1102 12:55:15.114392 3413 catalog_manager.cc:437] CreateTable from {real_user=alex, eff_user=} at 127.0.0.1:50839: name: "client-testtb" schema { columns { name: "key" type: UINT32 is_key: true is_nullable: false encoding: AUTO_ENCODING compression: DEFAULT_COMPRESSION } columns { name: "int_val" type: UINT32 is_key: false is_nullable: false encoding: AUTO_ENCODING compression: DEFAULT_COMPRESSION } columns { name: "string_val" type: STRING is_key: false is_nullable: true encoding: AUTO_ENCODING compression: DEFAULT_COMPRESSION } columns { name: "non_null_with_default" type: UINT32 is_key: false is_nullable: false read_default_value: "90\000\000" write_default_value: "90\000\000" encoding: AUTO_ENCODING compression: DEFAULT_COMPRESSION } } pre_split_keys: "\000\000\000\t" num_replicas: 1
I1102 12:55:15.120600 3459 tablet_service.cc:264] Processing CreateTablet for tablet 830468cd583b418b82724d21527a66e4 (table=client-testtb [id=c7e9d9f9b4e14cbeb77952d86beaec33]), range=["", "\x00\x00\x00\t"]
I1102 12:55:15.120650 3460 tablet_service.cc:264] Processing CreateTablet for tablet 29a87fd3d0b04b3bb4961ccd52b6625c (table=client-testtb [id=c7e9d9f9b4e14cbeb77952d86beaec33]), range=["\x00\x00\x00\t", ""]
I1102 12:55:15.121645 3459 ts_tablet_manager.cc:460] Registered tablet 830468cd583b418b82724d21527a66e4
I1102 12:55:15.121671 3460 ts_tablet_manager.cc:460] Registered tablet 29a87fd3d0b04b3bb4961ccd52b6625c
I1102 12:55:15.122129 3490 ts_tablet_manager.cc:325] Bootstrapping tablet: 830468cd583b418b82724d21527a66e4
I1102 12:55:15.122145 3491 ts_tablet_manager.cc:325] Bootstrapping tablet: 29a87fd3d0b04b3bb4961ccd52b6625c
I1102 12:55:15.122603 3490 tablet_bootstrap.cc:234] Tablet 830468cd583b418b82724d21527a66e4: Bootstrap starting.
I1102 12:55:15.122611 3491 tablet_bootstrap.cc:234] Tablet 29a87fd3d0b04b3bb4961ccd52b6625c: Bootstrap starting.
I1102 12:55:15.125159 3491 tablet_bootstrap.cc:331] No previous blocks or log segments found for tablet: 29a87fd3d0b04b3bb4961ccd52b6625c creating new one.
I1102 12:55:15.125356 3490 tablet_bootstrap.cc:331] No previous blocks or log segments found for tablet: 830468cd583b418b82724d21527a66e4 creating new one.
I1102 12:55:15.126585 3491 tablet_bootstrap.cc:234] Tablet 29a87fd3d0b04b3bb4961ccd52b6625c: No bootstrap required, opened a new log
I1102 12:55:15.126626 3490 tablet_bootstrap.cc:234] Tablet 830468cd583b418b82724d21527a66e4: No bootstrap required, opened a new log
I1102 12:55:15.126907 3491 ts_tablet_manager.cc:330] Time spent tablet 29a87fd3d0b04b3bb4961ccd52b6625c bootstrap: real 0.005s user 0.003s sys 0.001s
I1102 12:55:15.126940 3490 ts_tablet_manager.cc:330] Time spent tablet 830468cd583b418b82724d21527a66e4 bootstrap: real 0.005s user 0.003s sys 0.001s
I1102 12:55:15.128506 3490 ts_tablet_manager.cc:350] Time spent starting tablet 830468cd583b418b82724d21527a66e4: real 0.002s user 0.001s sys 0.000s
I1102 12:55:15.128707 3491 ts_tablet_manager.cc:350] Time spent starting tablet 29a87fd3d0b04b3bb4961ccd52b6625c: real 0.002s user 0.001s sys 0.000s
I1102 12:55:15.129133 3495 tablet_peer.cc:213] Configuration changed for tablet: 830468cd583b418b82724d21527a66e4 in peer: d2f0abb2a85a4faa9f31fa5540684fe8 Changed from: seqno: -1 local: true peers { permanent_uuid: "d2f0abb2a85a4faa9f31fa5540684fe8" role: CANDIDATE last_known_addr { host: "127.0.0.1" port: 39018 } } Changed to: seqno: 0 local: true peers { permanent_uuid: "d2f0abb2a85a4faa9f31fa5540684fe8" role: LEADER last_known_addr { host: "127.0.0.1" port: 39018 } }
I1102 12:55:15.129281 3494 tablet_peer.cc:213] Configuration changed for tablet: 29a87fd3d0b04b3bb4961ccd52b6625c in peer: d2f0abb2a85a4faa9f31fa5540684fe8 Changed from: seqno: -1 local: true peers { permanent_uuid: "d2f0abb2a85a4faa9f31fa5540684fe8" role: CANDIDATE last_known_addr { host: "127.0.0.1" port: 39018 } } Changed to: seqno: 0 local: true peers { permanent_uuid: "d2f0abb2a85a4faa9f31fa5540684fe8" role: LEADER last_known_addr { host: "127.0.0.1" port: 39018 } }
I1102 12:55:15.132534 3411 catalog_manager.cc:1127] Tablet: 830468cd583b418b82724d21527a66e4 reported quorum change. New quorum: seqno: 0 local: true peers { permanent_uuid: "d2f0abb2a85a4faa9f31fa5540684fe8" role: LEADER last_known_addr { host: "127.0.0.1" port: 39018 } }
I1102 12:55:15.134089 3411 catalog_manager.cc:1127] Tablet: 29a87fd3d0b04b3bb4961ccd52b6625c reported quorum change. New quorum: seqno: 0 local: true peers { permanent_uuid: "d2f0abb2a85a4faa9f31fa5540684fe8" role: LEADER last_known_addr { host: "127.0.0.1" port: 39018 } }
I1102 12:55:15.137771 3415 catalog_manager.cc:437] CreateTable from {real_user=alex, eff_user=} at 127.0.0.1:50839: name: "client-testtb2" schema { columns { name: "key" type: UINT32 is_key: true is_nullable: false encoding: AUTO_ENCODING compression: DEFAULT_COMPRESSION } columns { name: "int_val" type: UINT32 is_key: false is_nullable: false encoding: AUTO_ENCODING compression: DEFAULT_COMPRESSION } columns { name: "string_val" type: STRING is_key: false is_nullable: true encoding: AUTO_ENCODING compression: DEFAULT_COMPRESSION } columns { name: "non_null_with_default" type: UINT32 is_key: false is_nullable: false read_default_value: "90\000\000" write_default_value: "90\000\000" encoding: AUTO_ENCODING compression: DEFAULT_COMPRESSION } } num_replicas: 1
I1102 12:55:15.142076 3461 tablet_service.cc:264] Processing CreateTablet for tablet c788f07d80d94bb183e65836a713f768 (table=client-testtb2 [id=e1a145e249464cb3be5d0b126adc2c13]), range=["", ""]
I1102 12:55:15.143059 3461 ts_tablet_manager.cc:460] Registered tablet c788f07d80d94bb183e65836a713f768
I1102 12:55:15.143149 3490 ts_tablet_manager.cc:325] Bootstrapping tablet: c788f07d80d94bb183e65836a713f768
I1102 12:55:15.143559 3490 tablet_bootstrap.cc:234] Tablet c788f07d80d94bb183e65836a713f768: Bootstrap starting.
I1102 12:55:15.146754 3490 tablet_bootstrap.cc:331] No previous blocks or log segments found for tablet: c788f07d80d94bb183e65836a713f768 creating new one.
I1102 12:55:15.148931 3490 tablet_bootstrap.cc:234] Tablet c788f07d80d94bb183e65836a713f768: No bootstrap required, opened a new log
I1102 12:55:15.149463 3490 ts_tablet_manager.cc:330] Time spent tablet c788f07d80d94bb183e65836a713f768 bootstrap: real 0.006s user 0.004s sys 0.001s
I1102 12:55:15.151864 3490 ts_tablet_manager.cc:350] Time spent starting tablet c788f07d80d94bb183e65836a713f768: real 0.002s user 0.001s sys 0.000s
I1102 12:55:15.152462 3501 tablet_peer.cc:213] Configuration changed for tablet: c788f07d80d94bb183e65836a713f768 in peer: d2f0abb2a85a4faa9f31fa5540684fe8 Changed from: seqno: -1 local: true peers { permanent_uuid: "d2f0abb2a85a4faa9f31fa5540684fe8" role: CANDIDATE last_known_addr { host: "127.0.0.1" port: 39018 } } Changed to: seqno: 0 local: true peers { permanent_uuid: "d2f0abb2a85a4faa9f31fa5540684fe8" role: LEADER last_known_addr { host: "127.0.0.1" port: 39018 } }
I1102 12:55:15.158381 3413 catalog_manager.cc:1127] Tablet: c788f07d80d94bb183e65836a713f768 reported quorum change. New quorum: seqno: 0 local: true peers { permanent_uuid: "d2f0abb2a85a4faa9f31fa5540684fe8" role: LEADER last_known_addr { host: "127.0.0.1" port: 39018 } }
I1102 12:55:15.210325 31819 client-test.cc:1665] Randomized mutations testing.
I1102 12:55:15.210343 31819 test_util.cc:117] Using random seed: 1414961715
I1102 12:55:15.210355 31819 client-test.cc:1670] Correctness test 0
I1102 12:55:15.266773 31819 client-test.cc:1673] ...complete
I1102 12:55:15.270566 31819 client-test.cc:1670] Correctness test 50
I1102 12:55:15.301501 31819 client-test.cc:1673] ...complete
I1102 12:55:15.305143 31819 client-test.cc:1670] Correctness test 100
I1102 12:55:15.328354 31819 client-test.cc:1673] ...complete
I1102 12:55:15.331845 31819 client-test.cc:1670] Correctness test 150
I1102 12:55:15.363371 31819 client-test.cc:1673] ...complete
I1102 12:55:15.366834 31819 client-test.cc:1670] Correctness test 200
I1102 12:55:15.395262 31819 client-test.cc:1673] ...complete
I1102 12:55:15.398821 31819 client-test.cc:1670] Correctness test 250
I1102 12:55:15.422924 31819 client-test.cc:1673] ...complete
I1102 12:55:15.426481 31819 client-test.cc:1670] Correctness test 300
I1102 12:55:15.460451 31819 client-test.cc:1673] ...complete
I1102 12:55:15.463955 31819 client-test.cc:1670] Correctness test 350
I1102 12:55:15.495957 31819 client-test.cc:1673] ...complete
I1102 12:55:15.499552 31819 client-test.cc:1670] Correctness test 400
I1102 12:55:15.533453 31819 client-test.cc:1673] ...complete
I1102 12:55:15.536906 31819 client-test.cc:1670] Correctness test 450
I1102 12:55:15.565107 31819 client-test.cc:1673] ...complete
I1102 12:55:15.568581 31819 client-test.cc:1670] Correctness test 500
I1102 12:55:15.596228 31819 client-test.cc:1673] ...complete
I1102 12:55:15.603148 31819 client-test.cc:1670] Correctness test 550
I1102 12:55:15.631431 31819 client-test.cc:1673] ...complete
I1102 12:55:15.634960 31819 client-test.cc:1670] Correctness test 600
I1102 12:55:15.663641 31819 client-test.cc:1673] ...complete
I1102 12:55:15.667130 31819 client-test.cc:1670] Correctness test 650
I1102 12:55:15.697280 31819 client-test.cc:1673] ...complete
I1102 12:55:15.700765 31819 client-test.cc:1670] Correctness test 700
I1102 12:55:15.729301 31819 client-test.cc:1673] ...complete
I1102 12:55:15.732884 31819 client-test.cc:1670] Correctness test 750
I1102 12:55:15.761839 31819 client-test.cc:1673] ...complete
I1102 12:55:15.765316 31819 client-test.cc:1670] Correctness test 800
I1102 12:55:15.795640 31819 client-test.cc:1673] ...complete
I1102 12:55:15.800098 31819 client-test.cc:1670] Correctness test 850
I1102 12:55:15.827581 31819 client-test.cc:1673] ...complete
I1102 12:55:15.831042 31819 client-test.cc:1670] Correctness test 900
I1102 12:55:15.868615 31819 client-test.cc:1673] ...complete
I1102 12:55:15.872082 31819 client-test.cc:1670] Correctness test 950
I1102 12:55:15.900274 31819 client-test.cc:1673] ...complete
I1102 12:55:15.903854 31819 client-test.cc:1670] Correctness test 1000
I1102 12:55:15.932303 31819 client-test.cc:1673] ...complete
I1102 12:55:15.957645 31819 tablet_server.cc:114] TabletServer shutting down...
I1102 12:55:15.972759 31819 ts_tablet_manager.cc:402] Shutting down tablet manager...
I1102 12:55:15.972841 31819 maintenance_manager.cc:177] Unregistered op LogGCOp
I1102 12:55:15.972909 31819 tablet_peer.cc:231] Initiating TabletPeer shutdown for tablet: 830468cd583b418b82724d21527a66e4
I1102 12:55:15.972965 31819 maintenance_manager.cc:177] Unregistered op FlushMRSOp(830468cd583b418b82724d21527a66e4)
I1102 12:55:15.972995 31819 maintenance_manager.cc:177] Unregistered op CompactRowSetsOp(830468cd583b418b82724d21527a66e4)
I1102 12:55:15.973019 31819 maintenance_manager.cc:177] Unregistered op FlushDeltaMemStoresOp(830468cd583b418b82724d21527a66e4)
I1102 12:55:15.973968 31819 tablet_peer.cc:231] Initiating TabletPeer shutdown for tablet: 29a87fd3d0b04b3bb4961ccd52b6625c
I1102 12:55:15.974022 31819 maintenance_manager.cc:177] Unregistered op FlushMRSOp(29a87fd3d0b04b3bb4961ccd52b6625c)
I1102 12:55:15.974061 31819 maintenance_manager.cc:177] Unregistered op CompactRowSetsOp(29a87fd3d0b04b3bb4961ccd52b6625c)
I1102 12:55:15.974084 31819 maintenance_manager.cc:177] Unregistered op FlushDeltaMemStoresOp(29a87fd3d0b04b3bb4961ccd52b6625c)
I1102 12:55:15.974896 31819 tablet_peer.cc:231] Initiating TabletPeer shutdown for tablet: c788f07d80d94bb183e65836a713f768
I1102 12:55:15.974962 31819 maintenance_manager.cc:177] Unregistered op FlushMRSOp(c788f07d80d94bb183e65836a713f768)
I1102 12:55:15.974992 31819 maintenance_manager.cc:177] Unregistered op CompactRowSetsOp(c788f07d80d94bb183e65836a713f768)
I1102 12:55:15.975011 31819 maintenance_manager.cc:177] Unregistered op FlushDeltaMemStoresOp(c788f07d80d94bb183e65836a713f768)
I1102 12:55:15.988044 31819 tablet_server.cc:123] TabletServer shut down complete. Bye!
I1102 12:55:15.988068 31819 tablet_server.cc:114] TabletServer shutting down...
I1102 12:55:15.988097 31819 tablet_server.cc:123] TabletServer shut down complete. Bye!
I1102 12:55:15.988932 31819 master.cc:124] Master@127.0.0.1:58206 shutting down...
I1102 12:55:16.000747 31819 tablet_peer.cc:231] Initiating TabletPeer shutdown for tablet: 11111111111111111111111111111111
I1102 12:55:16.001147 31819 tablet_peer.cc:231] Initiating TabletPeer shutdown for tablet: 00000000000000000000000000000000
I1102 12:55:16.001410 31819 master.cc:127] Master@127.0.0.1:58206 shutdown complete. [ OK ] ClientTest.TestRandomWriteOperation (1210 ms) [ RUN ] ClientTest.TestMasterLookupPermits
I1102 12:55:16.161178 31819 fs_manager.cc:130] Generated new instance metadata in path /tmp/kudutest-1000/client-test.ClientTest.TestMasterLookupPermits.1414961696528764-31819/minicluster-data/master-0-root/instance: uuid: "90a81ab58ef344d5b2ee7e86857620cc" format_stamp: "Formatted at 2014-11-02 20:55:16 on qiwi"
I1102 12:55:16.161348 31819 fs_manager.cc:82] Opened local filesystem: /tmp/kudutest-1000/client-test.ClientTest.TestMasterLookupPermits.1414961696528764-31819/minicluster-data/master-0-root uuid: "90a81ab58ef344d5b2ee7e86857620cc" format_stamp: "Formatted at 2014-11-02 20:55:16 on qiwi"
I1102 12:55:16.162328 31819 hybrid_clock.cc:119] HybridClock initialized. Resolution in nanos?: 1 Wait times tolerance adjustment: 1.0005 Current error: 501278
I1102 12:55:16.165340 31819 webserver.cc:108] Starting webserver on 0.0.0.0:0
I1102 12:55:16.165359 31819 webserver.cc:117] Document root disabled
I1102 12:55:16.165591 31819 webserver.cc:197] Webserver started. Bound to: 0.0.0.0:41508
I1102 12:55:16.167050 3539 tablet_bootstrap.cc:234] Tablet 11111111111111111111111111111111: Bootstrap starting.
I1102 12:55:16.169391 3539 tablet_bootstrap.cc:331] No previous blocks or log segments found for tablet: 11111111111111111111111111111111 creating new one.
I1102 12:55:16.170367 3539 tablet_bootstrap.cc:234] Tablet 11111111111111111111111111111111: No bootstrap required, opened a new log
I1102 12:55:16.172050 3541 tablet_peer.cc:213] Configuration changed for tablet: 11111111111111111111111111111111 in peer: 90a81ab58ef344d5b2ee7e86857620cc Changed from: seqno: 0 local: true peers { permanent_uuid: "90a81ab58ef344d5b2ee7e86857620cc" role: LEADER } Changed to: seqno: 1 local: true peers { permanent_uuid: "90a81ab58ef344d5b2ee7e86857620cc" role: LEADER }
I1102 12:55:16.172116 3541 sys_tables.cc:217] SysTable state changed. New quorum config: seqno: 1 local: true peers { permanent_uuid: "90a81ab58ef344d5b2ee7e86857620cc" role: LEADER }
I1102 12:55:16.172590 3539 tablet_bootstrap.cc:234] Tablet 00000000000000000000000000000000: Bootstrap starting.
I1102 12:55:16.174706 3539 tablet_bootstrap.cc:331] No previous blocks or log segments found for tablet: 00000000000000000000000000000000 creating new one.
I1102 12:55:16.175624 3539 tablet_bootstrap.cc:234] Tablet 00000000000000000000000000000000: No bootstrap required, opened a new log
I1102 12:55:16.176636 3539 sys_tables.cc:281] SysTable tablet configured and running, proceeding with master startup.
I1102 12:55:16.177031 3545 tablet_peer.cc:213] Configuration changed for tablet: 00000000000000000000000000000000 in peer: 90a81ab58ef344d5b2ee7e86857620cc Changed from: seqno: 0 local: true peers { permanent_uuid: "90a81ab58ef344d5b2ee7e86857620cc" role: LEADER } Changed to: seqno: 1 local: true peers { permanent_uuid: "90a81ab58ef344d5b2ee7e86857620cc" role: LEADER }
I1102 12:55:16.177089 3539 sys_tables.cc:281] SysTable tablet configured and running, proceeding with master startup.
I1102 12:55:16.177088 3545 sys_tables.cc:217] SysTable state changed. New quorum config: seqno: 1 local: true peers { permanent_uuid: "90a81ab58ef344d5b2ee7e86857620cc" role: LEADER }
I1102 12:55:16.189668 31819 fs_manager.cc:130] Generated new instance metadata in path /tmp/kudutest-1000/client-test.ClientTest.TestMasterLookupPermits.1414961696528764-31819/minicluster-data/ts-0-root/instance: uuid: "f82e6599031d4b1aa8525a5828820575" format_stamp: "Formatted at 2014-11-02 20:55:16 on qiwi"
I1102 12:55:16.189769 31819 fs_manager.cc:82] Opened local filesystem: /tmp/kudutest-1000/client-test.ClientTest.TestMasterLookupPermits.1414961696528764-31819/minicluster-data/ts-0-root uuid: "f82e6599031d4b1aa8525a5828820575" format_stamp: "Formatted at 2014-11-02 20:55:16 on qiwi"
I1102 12:55:16.190634 31819 hybrid_clock.cc:119] HybridClock initialized. Resolution in nanos?: 1 Wait times tolerance adjustment: 1.0005 Current error: 501278
I1102 12:55:16.194800 31819 webserver.cc:108] Starting webserver on 0.0.0.0:0
I1102 12:55:16.194816 31819 webserver.cc:117] Document root disabled
I1102 12:55:16.195039 31819 webserver.cc:197] Webserver started. Bound to: 0.0.0.0:38634
I1102 12:55:16.195165 31819 maintenance_manager.cc:118] MaintenanceManager: targeting memory size of 25.106701 GB
I1102 12:55:16.196562 3588 heartbeater.cc:227] Registering TS with master...
I1102 12:55:16.196622 3588 heartbeater.cc:233] Sending a full tablet report to master...
I1102 12:55:16.196941 3518 ts_manager.cc:66] Registered new tablet server { permanent_uuid: "f82e6599031d4b1aa8525a5828820575" instance_seqno: 1414961716194545 } with Master
I1102 12:55:16.197527 31819 mini_cluster.cc:268] 1 TS(s) registered with Master after 0.00218642s
I1102 12:55:16.200145 3520 catalog_manager.cc:437] CreateTable from {real_user=alex, eff_user=} at 127.0.0.1:37162: name: "client-testtb" schema { columns { name: "key" type: UINT32 is_key: true is_nullable: false encoding: AUTO_ENCODING compression: DEFAULT_COMPRESSION } columns { name: "int_val" type: UINT32 is_key: false is_nullable: false encoding: AUTO_ENCODING compression: DEFAULT_COMPRESSION } columns { name: "string_val" type: STRING is_key: false is_nullable: true encoding: AUTO_ENCODING compression: DEFAULT_COMPRESSION } columns { name: "non_null_with_default" type: UINT32 is_key: false is_nullable: false read_default_value: "90\000\000" write_default_value: "90\000\000" encoding: AUTO_ENCODING compression: DEFAULT_COMPRESSION } } pre_split_keys: "\000\000\000\t" num_replicas: 1
I1102 12:55:16.205235 3566 tablet_service.cc:264] Processing CreateTablet for tablet 4cad4a9ff0384a9aa991e073a8c3290f (table=client-testtb [id=fa6c5a15a1284adda30bbcc5ddbd3118]), range=["", "\x00\x00\x00\t"]
I1102 12:55:16.205283 3567 tablet_service.cc:264] Processing CreateTablet for tablet abb97e69180c4801a70e73034ac53fc6 (table=client-testtb [id=fa6c5a15a1284adda30bbcc5ddbd3118]), range=["\x00\x00\x00\t", ""]
I1102 12:55:16.206140 3567 ts_tablet_manager.cc:460] Registered tablet abb97e69180c4801a70e73034ac53fc6
I1102 12:55:16.206209 3566 ts_tablet_manager.cc:460] Registered tablet 4cad4a9ff0384a9aa991e073a8c3290f
I1102 12:55:16.206498 3597 ts_tablet_manager.cc:325] Bootstrapping tablet: abb97e69180c4801a70e73034ac53fc6
I1102 12:55:16.206498 3598 ts_tablet_manager.cc:325] Bootstrapping tablet: 4cad4a9ff0384a9aa991e073a8c3290f
I1102 12:55:16.207097 3598 tablet_bootstrap.cc:234] Tablet 4cad4a9ff0384a9aa991e073a8c3290f: Bootstrap starting.
I1102 12:55:16.207098 3597 tablet_bootstrap.cc:234] Tablet abb97e69180c4801a70e73034ac53fc6: Bootstrap starting.
I1102 12:55:16.210366 3598 tablet_bootstrap.cc:331] No previous blocks or log segments found for tablet: 4cad4a9ff0384a9aa991e073a8c3290f creating new one.
I1102 12:55:16.210377 3597 tablet_bootstrap.cc:331] No previous blocks or log segments found for tablet: abb97e69180c4801a70e73034ac53fc6 creating new one.
I1102 12:55:16.211457 3598 tablet_bootstrap.cc:234] Tablet 4cad4a9ff0384a9aa991e073a8c3290f: No bootstrap required, opened a new log
I1102 12:55:16.211590 3597 tablet_bootstrap.cc:234] Tablet abb97e69180c4801a70e73034ac53fc6: No bootstrap required, opened a new log
I1102 12:55:16.211750 3598 ts_tablet_manager.cc:330] Time spent tablet 4cad4a9ff0384a9aa991e073a8c3290f bootstrap: real 0.005s user 0.004s sys 0.001s
I1102 12:55:16.211885 3597 ts_tablet_manager.cc:330] Time spent tablet abb97e69180c4801a70e73034ac53fc6 bootstrap: real 0.005s user 0.004s sys 0.001s
I1102 12:55:16.213302 3598 ts_tablet_manager.cc:350] Time spent starting tablet 4cad4a9ff0384a9aa991e073a8c3290f: real 0.002s user 0.001s sys 0.000s
I1102 12:55:16.213305 3597 ts_tablet_manager.cc:350] Time spent starting tablet abb97e69180c4801a70e73034ac53fc6: real 0.001s user 0.001s sys 0.000s
I1102 12:55:16.213948 3602 tablet_peer.cc:213] Configuration changed for tablet: abb97e69180c4801a70e73034ac53fc6 in peer: f82e6599031d4b1aa8525a5828820575 Changed from: seqno: -1 local: true peers { permanent_uuid: "f82e6599031d4b1aa8525a5828820575" role: CANDIDATE last_known_addr { host: "127.0.0.1" port: 58036 } } Changed to: seqno: 0 local: true peers { permanent_uuid: "f82e6599031d4b1aa8525a5828820575" role: LEADER last_known_addr { host: "127.0.0.1" port: 58036 } }
I1102 12:55:16.213948 3601 tablet_peer.cc:213] Configuration changed for tablet: 4cad4a9ff0384a9aa991e073a8c3290f in peer: f82e6599031d4b1aa8525a5828820575 Changed from: seqno: -1 local: true peers { permanent_uuid: "f82e6599031d4b1aa8525a5828820575" role: CANDIDATE last_known_addr { host: "127.0.0.1" port: 58036 } } Changed to: seqno: 0 local: true peers { permanent_uuid: "f82e6599031d4b1aa8525a5828820575" role: LEADER last_known_addr { host: "127.0.0.1" port: 58036 } }
I1102 12:55:16.218320 3518 catalog_manager.cc:1127] Tablet: 4cad4a9ff0384a9aa991e073a8c3290f reported quorum change. New quorum: seqno: 0 local: true peers { permanent_uuid: "f82e6599031d4b1aa8525a5828820575" role: LEADER last_known_addr { host: "127.0.0.1" port: 58036 } }
I1102 12:55:16.219717 3518 catalog_manager.cc:1127] Tablet: abb97e69180c4801a70e73034ac53fc6 reported quorum change. New quorum: seqno: 0 local: true peers { permanent_uuid: "f82e6599031d4b1aa8525a5828820575" role: LEADER last_known_addr { host: "127.0.0.1" port: 58036 } }
I1102 12:55:16.227211 3523 catalog_manager.cc:437] CreateTable from {real_user=alex, eff_user=} at 127.0.0.1:37162: name: "client-testtb2" schema { columns { name: "key" type: UINT32 is_key: true is_nullable: false encoding: AUTO_ENCODING compression: DEFAULT_COMPRESSION } columns { name: "int_val" type: UINT32 is_key: false is_nullable: false encoding: AUTO_ENCODING compression: DEFAULT_COMPRESSION } columns { name: "string_val" type: STRING is_key: false is_nullable: true encoding: AUTO_ENCODING compression: DEFAULT_COMPRESSION } columns { name: "non_null_with_default" type: UINT32 is_key: false is_nullable: false read_default_value: "90\000\000" write_default_value: "90\000\000" encoding: AUTO_ENCODING compression: DEFAULT_COMPRESSION } } num_replicas: 1
I1102 12:55:16.231031 3568 tablet_service.cc:264] Processing CreateTablet for tablet 04cd76eda50742018df2b99f82823da8 (table=client-testtb2 [id=5848e905244f4efaa87d4bb55dbec070]), range=["", ""]
I1102 12:55:16.231963 3568 ts_tablet_manager.cc:460] Registered tablet 04cd76eda50742018df2b99f82823da8
I1102 12:55:16.232025 3597 ts_tablet_manager.cc:325] Bootstrapping tablet: 04cd76eda50742018df2b99f82823da8
I1102 12:55:16.232385 3597 tablet_bootstrap.cc:234] Tablet 04cd76eda50742018df2b99f82823da8: Bootstrap starting.
I1102 12:55:16.234211 3597 tablet_bootstrap.cc:331] No previous blocks or log segments found for tablet: 04cd76eda50742018df2b99f82823da8 creating new one.
I1102 12:55:16.235038 3597 tablet_bootstrap.cc:234] Tablet 04cd76eda50742018df2b99f82823da8: No bootstrap required, opened a new log
I1102 12:55:16.235267 3597 ts_tablet_manager.cc:330] Time spent tablet 04cd76eda50742018df2b99f82823da8 bootstrap: real 0.003s user 0.002s sys 0.000s
I1102 12:55:16.236248 3597 ts_tablet_manager.cc:350] Time spent starting tablet 04cd76eda50742018df2b99f82823da8: real 0.001s user 0.001s sys 0.000s
I1102 12:55:16.236520 3608 tablet_peer.cc:213] Configuration changed for tablet: 04cd76eda50742018df2b99f82823da8 in peer: f82e6599031d4b1aa8525a5828820575 Changed from: seqno: -1 local: true peers { permanent_uuid: "f82e6599031d4b1aa8525a5828820575" role: CANDIDATE last_known_addr { host: "127.0.0.1" port: 58036 } } Changed to: seqno: 0 local: true peers { permanent_uuid: "f82e6599031d4b1aa8525a5828820575" role: LEADER last_known_addr { host: "127.0.0.1" port: 58036 } }
I1102 12:55:16.242215 3520 catalog_manager.cc:1127] Tablet: 04cd76eda50742018df2b99f82823da8 reported quorum change. New quorum: seqno: 0 local: true peers { permanent_uuid: "f82e6599031d4b1aa8525a5828820575" role: LEADER last_known_addr { host: "127.0.0.1" port: 58036 } }
I1102 12:55:16.389113 31819 tablet_server.cc:114] TabletServer shutting down...
I1102 12:55:16.404464 31819 ts_tablet_manager.cc:402] Shutting down tablet manager...
I1102 12:55:16.404590 31819 maintenance_manager.cc:177] Unregistered op LogGCOp
I1102 12:55:16.404665 31819 tablet_peer.cc:231] Initiating TabletPeer shutdown for tablet: 04cd76eda50742018df2b99f82823da8
I1102 12:55:16.404799 31819 maintenance_manager.cc:177] Unregistered op FlushMRSOp(04cd76eda50742018df2b99f82823da8)
I1102 12:55:16.404846 31819 maintenance_manager.cc:177] Unregistered op CompactRowSetsOp(04cd76eda50742018df2b99f82823da8)
I1102 12:55:16.404877 31819 maintenance_manager.cc:177] Unregistered op FlushDeltaMemStoresOp(04cd76eda50742018df2b99f82823da8)
I1102 12:55:16.405985 31819 tablet_peer.cc:231] Initiating TabletPeer shutdown for tablet: 4cad4a9ff0384a9aa991e073a8c3290f
I1102 12:55:16.406041 31819 maintenance_manager.cc:177] Unregistered op FlushMRSOp(4cad4a9ff0384a9aa991e073a8c3290f)
I1102 12:55:16.406069 31819 maintenance_manager.cc:177] Unregistered op CompactRowSetsOp(4cad4a9ff0384a9aa991e073a8c3290f)
I1102 12:55:16.406092 31819 maintenance_manager.cc:177] Unregistered op FlushDeltaMemStoresOp(4cad4a9ff0384a9aa991e073a8c3290f)
I1102 12:55:16.407392 31819 tablet_peer.cc:231] Initiating TabletPeer shutdown for tablet: abb97e69180c4801a70e73034ac53fc6
I1102 12:55:16.407444 31819 maintenance_manager.cc:177] Unregistered op FlushMRSOp(abb97e69180c4801a70e73034ac53fc6)
I1102 12:55:16.407471 31819 maintenance_manager.cc:177] Unregistered op CompactRowSetsOp(abb97e69180c4801a70e73034ac53fc6)
I1102 12:55:16.407495 31819 maintenance_manager.cc:177] Unregistered op FlushDeltaMemStoresOp(abb97e69180c4801a70e73034ac53fc6)
I1102 12:55:16.415057 31819 tablet_server.cc:123] TabletServer shut down complete. Bye!
I1102 12:55:16.415076 31819 tablet_server.cc:114] TabletServer shutting down...
I1102 12:55:16.415103 31819 tablet_server.cc:123] TabletServer shut down complete. Bye!
I1102 12:55:16.415933 31819 master.cc:124] Master@127.0.0.1:51671 shutting down...
I1102 12:55:16.430531 31819 tablet_peer.cc:231] Initiating TabletPeer shutdown for tablet: 11111111111111111111111111111111
I1102 12:55:16.431656 31819 tablet_peer.cc:231] Initiating TabletPeer shutdown for tablet: 00000000000000000000000000000000
