I1102 12:54:57.965711 32133 catalog_manager.cc:437] CreateTable from {real_user=alex, eff_user=} at 127.0.0.1:44480: name: "client-testtb" schema { columns { name: "key" type: UINT32 is_key: true is_nullable: false encoding: AUTO_ENCODING compression: DEFAULT_COMPRESSION } columns { name: "int_val" type: UINT32 is_key: false is_nullable: false encoding: AUTO_ENCODING compression: DEFAULT_COMPRESSION } columns { name: "string_val" type: STRING is_key: false is_nullable: true encoding: AUTO_ENCODING compression: DEFAULT_COMPRESSION } columns { name: "non_null_with_default" type: UINT32 is_key: false is_nullable: false read_default_value: "90\000\000" write_default_value: "90\000\000" encoding: AUTO_ENCODING compression: DEFAULT_COMPRESSION } } pre_split_keys: "\000\000\000\t" num_replicas: 1
I1102 12:54:57.971194 32179 tablet_service.cc:264] Processing CreateTablet for tablet b4528c665a3149a9ac63fe038c159a71 (table=client-testtb [id=148c3035cafe4284990b9d4ad21888c5]), range=["", "\x00\x00\x00\t"]
I1102 12:54:57.971225 32180 tablet_service.cc:264] Processing CreateTablet for tablet 47353cc3163440698639e9c90f0176b1 (table=client-testtb [id=148c3035cafe4284990b9d4ad21888c5]), range=["\x00\x00\x00\t", ""]
I1102 12:54:57.972121 32180 ts_tablet_manager.cc:460] Registered tablet 47353cc3163440698639e9c90f0176b1
I1102 12:54:57.972157 32179 ts_tablet_manager.cc:460] Registered tablet b4528c665a3149a9ac63fe038c159a71
I1102 12:54:57.972549 32210 ts_tablet_manager.cc:325] Bootstrapping tablet: 47353cc3163440698639e9c90f0176b1
I1102 12:54:57.972569 32211 ts_tablet_manager.cc:325] Bootstrapping tablet: b4528c665a3149a9ac63fe038c159a71
I1102 12:54:57.972964 32210 tablet_bootstrap.cc:234] Tablet 47353cc3163440698639e9c90f0176b1: Bootstrap starting.
I1102 12:54:57.973098 32211 tablet_bootstrap.cc:234] Tablet b4528c665a3149a9ac63fe038c159a71: Bootstrap starting.
I1102 12:54:57.975823 32210 tablet_bootstrap.cc:331] No previous blocks or log segments found for tablet: 47353cc3163440698639e9c90f0176b1 creating new one.
I1102 12:54:57.976028 32211 tablet_bootstrap.cc:331] No previous blocks or log segments found for tablet: b4528c665a3149a9ac63fe038c159a71 creating new one.
I1102 12:54:57.977149 32210 tablet_bootstrap.cc:234] Tablet 47353cc3163440698639e9c90f0176b1: No bootstrap required, opened a new log
I1102 12:54:57.977159 32211 tablet_bootstrap.cc:234] Tablet b4528c665a3149a9ac63fe038c159a71: No bootstrap required, opened a new log
I1102 12:54:57.977411 32211 ts_tablet_manager.cc:330] Time spent tablet b4528c665a3149a9ac63fe038c159a71 bootstrap: real 0.005s user 0.003s sys 0.001s
I1102 12:54:57.977413 32210 ts_tablet_manager.cc:330] Time spent tablet 47353cc3163440698639e9c90f0176b1 bootstrap: real 0.005s user 0.003s sys 0.001s
I1102 12:54:57.979120 32211 ts_tablet_manager.cc:350] Time spent starting tablet b4528c665a3149a9ac63fe038c159a71: real 0.002s user 0.001s sys 0.000s
I1102 12:54:57.979228 32210 ts_tablet_manager.cc:350] Time spent starting tablet 47353cc3163440698639e9c90f0176b1: real 0.002s user 0.000s sys 0.000s
I1102 12:54:57.979796 32215 tablet_peer.cc:213] Configuration changed for tablet: b4528c665a3149a9ac63fe038c159a71 in peer: 10c286ffa08f437abafebad3c325bf4f Changed from: seqno: -1 local: true peers { permanent_uuid: "10c286ffa08f437abafebad3c325bf4f" role: CANDIDATE last_known_addr { host: "127.0.0.1" port: 40857 } } Changed to: seqno: 0 local: true peers { permanent_uuid: "10c286ffa08f437abafebad3c325bf4f" role: LEADER last_known_addr { host: "127.0.0.1" port: 40857 } }
I1102 12:54:57.979814 32214 tablet_peer.cc:213] Configuration changed for tablet: 47353cc3163440698639e9c90f0176b1 in peer: 10c286ffa08f437abafebad3c325bf4f Changed from: seqno: -1 local: true peers { permanent_uuid: "10c286ffa08f437abafebad3c325bf4f" role: CANDIDATE last_known_addr { host: "127.0.0.1" port: 40857 } } Changed to: seqno: 0 local: true peers { permanent_uuid: "10c286ffa08f437abafebad3c325bf4f" role: LEADER last_known_addr { host: "127.0.0.1" port: 40857 } }
I1102 12:54:57.983893 32131 catalog_manager.cc:1127] Tablet: b4528c665a3149a9ac63fe038c159a71 reported quorum change. New quorum: seqno: 0 local: true peers { permanent_uuid: "10c286ffa08f437abafebad3c325bf4f" role: LEADER last_known_addr { host: "127.0.0.1" port: 40857 } }
I1102 12:54:57.985716 32131 catalog_manager.cc:1127] Tablet: 47353cc3163440698639e9c90f0176b1 reported quorum change. New quorum: seqno: 0 local: true peers { permanent_uuid: "10c286ffa08f437abafebad3c325bf4f" role: LEADER last_known_addr { host: "127.0.0.1" port: 40857 } }
I1102 12:54:57.994830 32136 catalog_manager.cc:437] CreateTable from {real_user=alex, eff_user=} at 127.0.0.1:44480: name: "client-testtb2" schema { columns { name: "key" type: UINT32 is_key: true is_nullable: false encoding: AUTO_ENCODING compression: DEFAULT_COMPRESSION } columns { name: "int_val" type: UINT32 is_key: false is_nullable: false encoding: AUTO_ENCODING compression: DEFAULT_COMPRESSION } columns { name: "string_val" type: STRING is_key: false is_nullable: true encoding: AUTO_ENCODING compression: DEFAULT_COMPRESSION } columns { name: "non_null_with_default" type: UINT32 is_key: false is_nullable: false read_default_value: "90\000\000" write_default_value: "90\000\000" encoding: AUTO_ENCODING compression: DEFAULT_COMPRESSION } } num_replicas: 1
I1102 12:54:57.999974 32181 tablet_service.cc:264] Processing CreateTablet for tablet 43c8c0ffc82046109d55dfaff0ad4fb9 (table=client-testtb2 [id=fc9eb229980644d2bdcece6305149e5e]), range=["", ""]
I1102 12:54:58.001019 32181 ts_tablet_manager.cc:460] Registered tablet 43c8c0ffc82046109d55dfaff0ad4fb9
I1102 12:54:58.001179 32211 ts_tablet_manager.cc:325] Bootstrapping tablet: 43c8c0ffc82046109d55dfaff0ad4fb9
I1102 12:54:58.001956 32211 tablet_bootstrap.cc:234] Tablet 43c8c0ffc82046109d55dfaff0ad4fb9: Bootstrap starting.
I1102 12:54:58.005694 32211 tablet_bootstrap.cc:331] No previous blocks or log segments found for tablet: 43c8c0ffc82046109d55dfaff0ad4fb9 creating new one.
I1102 12:54:58.006681 32211 tablet_bootstrap.cc:234] Tablet 43c8c0ffc82046109d55dfaff0ad4fb9: No bootstrap required, opened a new log
I1102 12:54:58.006861 32211 ts_tablet_manager.cc:330] Time spent tablet 43c8c0ffc82046109d55dfaff0ad4fb9 bootstrap: real 0.006s user 0.004s sys 0.001s
I1102 12:54:58.007774 32211 ts_tablet_manager.cc:350] Time spent starting tablet 43c8c0ffc82046109d55dfaff0ad4fb9: real 0.001s user 0.000s sys 0.000s
I1102 12:54:58.008009 32221 tablet_peer.cc:213] Configuration changed for tablet: 43c8c0ffc82046109d55dfaff0ad4fb9 in peer: 10c286ffa08f437abafebad3c325bf4f Changed from: seqno: -1 local: true peers { permanent_uuid: "10c286ffa08f437abafebad3c325bf4f" role: CANDIDATE last_known_addr { host: "127.0.0.1" port: 40857 } } Changed to: seqno: 0 local: true peers { permanent_uuid: "10c286ffa08f437abafebad3c325bf4f" role: LEADER last_known_addr { host: "127.0.0.1" port: 40857 } }
I1102 12:54:58.008625 32133 catalog_manager.cc:1127] Tablet: 43c8c0ffc82046109d55dfaff0ad4fb9 reported quorum change. New quorum: seqno: 0 local: true peers { permanent_uuid: "10c286ffa08f437abafebad3c325bf4f" role: LEADER last_known_addr { host: "127.0.0.1" port: 40857 } }
I1102 12:54:58.180955 31819 tablet_server.cc:114] TabletServer shutting down...
I1102 12:54:58.193435 31819 ts_tablet_manager.cc:402] Shutting down tablet manager...
I1102 12:54:58.193521 31819 maintenance_manager.cc:177] Unregistered op LogGCOp
I1102 12:54:58.193584 31819 tablet_peer.cc:231] Initiating TabletPeer shutdown for tablet: 43c8c0ffc82046109d55dfaff0ad4fb9
I1102 12:54:58.193642 31819 maintenance_manager.cc:177] Unregistered op FlushMRSOp(43c8c0ffc82046109d55dfaff0ad4fb9)
I1102 12:54:58.193658 31819 maintenance_manager.cc:177] Unregistered op CompactRowSetsOp(43c8c0ffc82046109d55dfaff0ad4fb9)
I1102 12:54:58.193675 31819 maintenance_manager.cc:177] Unregistered op FlushDeltaMemStoresOp(43c8c0ffc82046109d55dfaff0ad4fb9)
I1102 12:54:58.194141 31819 tablet_peer.cc:231] Initiating TabletPeer shutdown for tablet: b4528c665a3149a9ac63fe038c159a71
I1102 12:54:58.194169 31819 maintenance_manager.cc:177] Unregistered op FlushMRSOp(b4528c665a3149a9ac63fe038c159a71)
I1102 12:54:58.194182 31819 maintenance_manager.cc:177] Unregistered op CompactRowSetsOp(b4528c665a3149a9ac63fe038c159a71)
I1102 12:54:58.194201 31819 maintenance_manager.cc:177] Unregistered op FlushDeltaMemStoresOp(b4528c665a3149a9ac63fe038c159a71)
I1102 12:54:58.194625 31819 tablet_peer.cc:231] Initiating TabletPeer shutdown for tablet: 47353cc3163440698639e9c90f0176b1
I1102 12:54:58.194654 31819 maintenance_manager.cc:177] Unregistered op FlushMRSOp(47353cc3163440698639e9c90f0176b1)
I1102 12:54:58.194665 31819 maintenance_manager.cc:177] Unregistered op CompactRowSetsOp(47353cc3163440698639e9c90f0176b1)
I1102 12:54:58.194679 31819 maintenance_manager.cc:177] Unregistered op FlushDeltaMemStoresOp(47353cc3163440698639e9c90f0176b1)
I1102 12:54:58.198148 31819 tablet_server.cc:123] TabletServer shut down complete. Bye!
I1102 12:54:58.198173 31819 tablet_server.cc:114] TabletServer shutting down...
I1102 12:54:58.198207 31819 tablet_server.cc:123] TabletServer shut down complete. Bye!
I1102 12:54:58.199010 31819 master.cc:124] Master@127.0.0.1:36736 shutting down...
I1102 12:54:58.210533 31819 tablet_peer.cc:231] Initiating TabletPeer shutdown for tablet: 11111111111111111111111111111111
I1102 12:54:58.211011 31819 tablet_peer.cc:231] Initiating TabletPeer shutdown for tablet: 00000000000000000000000000000000
I1102 12:54:58.211392 31819 master.cc:127] Master@127.0.0.1:36736 shutdown complete. [ OK ] ClientTest.TestScanAtSnapshot (434 ms) [ RUN ] ClientTest.TestScanMultiTablet
I1102 12:54:58.362048 31819 fs_manager.cc:130] Generated new instance metadata in path /tmp/kudutest-1000/client-test.ClientTest.TestScanMultiTablet.1414961696528764-31819/minicluster-data/master-0-root/instance: uuid: "9b65a2e9e4b048b0bc860ef7db50da2b" format_stamp: "Formatted at 2014-11-02 20:54:58 on qiwi"
I1102 12:54:58.362149 31819 fs_manager.cc:82] Opened local filesystem: /tmp/kudutest-1000/client-test.ClientTest.TestScanMultiTablet.1414961696528764-31819/minicluster-data/master-0-root uuid: "9b65a2e9e4b048b0bc860ef7db50da2b" format_stamp: "Formatted at 2014-11-02 20:54:58 on qiwi"
I1102 12:54:58.363004 31819 hybrid_clock.cc:119] HybridClock initialized. Resolution in nanos?: 1 Wait times tolerance adjustment: 1.0005 Current error: 492278
I1102 12:54:58.366165 31819 webserver.cc:108] Starting webserver on 0.0.0.0:0
I1102 12:54:58.366189 31819 webserver.cc:117] Document root disabled
I1102 12:54:58.366395 31819 webserver.cc:197] Webserver started. Bound to: 0.0.0.0:54034
I1102 12:54:58.367630 32250 tablet_bootstrap.cc:234] Tablet 11111111111111111111111111111111: Bootstrap starting.
I1102 12:54:58.369534 32250 tablet_bootstrap.cc:331] No previous blocks or log segments found for tablet: 11111111111111111111111111111111 creating new one.
I1102 12:54:58.370380 32250 tablet_bootstrap.cc:234] Tablet 11111111111111111111111111111111: No bootstrap required, opened a new log
I1102 12:54:58.371664 32252 tablet_peer.cc:213] Configuration changed for tablet: 11111111111111111111111111111111 in peer: 9b65a2e9e4b048b0bc860ef7db50da2b Changed from: seqno: 0 local: true peers { permanent_uuid: "9b65a2e9e4b048b0bc860ef7db50da2b" role: LEADER } Changed to: seqno: 1 local: true peers { permanent_uuid: "9b65a2e9e4b048b0bc860ef7db50da2b" role: LEADER }
I1102 12:54:58.371726 32252 sys_tables.cc:217] SysTable state changed. New quorum config: seqno: 1 local: true peers { permanent_uuid: "9b65a2e9e4b048b0bc860ef7db50da2b" role: LEADER }
I1102 12:54:58.372197 32250 tablet_bootstrap.cc:234] Tablet 00000000000000000000000000000000: Bootstrap starting.
I1102 12:54:58.374028 32250 tablet_bootstrap.cc:331] No previous blocks or log segments found for tablet: 00000000000000000000000000000000 creating new one.
I1102 12:54:58.374893 32250 tablet_bootstrap.cc:234] Tablet 00000000000000000000000000000000: No bootstrap required, opened a new log
I1102 12:54:58.375936 32250 sys_tables.cc:281] SysTable tablet configured and running, proceeding with master startup.
I1102 12:54:58.376231 32256 tablet_peer.cc:213] Configuration changed for tablet: 00000000000000000000000000000000 in peer: 9b65a2e9e4b048b0bc860ef7db50da2b Changed from: seqno: 0 local: true peers { permanent_uuid: "9b65a2e9e4b048b0bc860ef7db50da2b" role: LEADER } Changed to: seqno: 1 local: true peers { permanent_uuid: "9b65a2e9e4b048b0bc860ef7db50da2b" role: LEADER }
I1102 12:54:58.376286 32250 sys_tables.cc:281] SysTable tablet configured and running, proceeding with master startup.
I1102 12:54:58.376289 32256 sys_tables.cc:217] SysTable state changed. New quorum config: seqno: 1 local: true peers { permanent_uuid: "9b65a2e9e4b048b0bc860ef7db50da2b" role: LEADER }
I1102 12:54:58.386940 31819 fs_manager.cc:130] Generated new instance metadata in path /tmp/kudutest-1000/client-test.ClientTest.TestScanMultiTablet.1414961696528764-31819/minicluster-data/ts-0-root/instance: uuid: "7a156512de624daf89ee3839554bcd33" format_stamp: "Formatted at 2014-11-02 20:54:58 on qiwi"
I1102 12:54:58.387030 31819 fs_manager.cc:82] Opened local filesystem: /tmp/kudutest-1000/client-test.ClientTest.TestScanMultiTablet.1414961696528764-31819/minicluster-data/ts-0-root uuid: "7a156512de624daf89ee3839554bcd33" format_stamp: "Formatted at 2014-11-02 20:54:58 on qiwi"
I1102 12:54:58.387876 31819 hybrid_clock.cc:119] HybridClock initialized. Resolution in nanos?: 1 Wait times tolerance adjustment: 1.0005 Current error: 492278
I1102 12:54:58.392235 31819 webserver.cc:108] Starting webserver on 0.0.0.0:0
I1102 12:54:58.392259 31819 webserver.cc:117] Document root disabled
I1102 12:54:58.392483 31819 webserver.cc:197] Webserver started. Bound to: 0.0.0.0:56640
I1102 12:54:58.392622 31819 maintenance_manager.cc:118] MaintenanceManager: targeting memory size of 25.106701 GB
I1102 12:54:58.394126 32299 heartbeater.cc:227] Registering TS with master...
I1102 12:54:58.394188 32299 heartbeater.cc:233] Sending a full tablet report to master...
I1102 12:54:58.394505 32229 ts_manager.cc:66] Registered new tablet server { permanent_uuid: "7a156512de624daf89ee3839554bcd33" instance_seqno: 1414961698391975 } with Master
I1102 12:54:58.394968 31819 mini_cluster.cc:268] 1 TS(s) registered with Master after 0.00216875s
I1102 12:54:58.397830 32231 catalog_manager.cc:437] CreateTable from {real_user=alex, eff_user=} at 127.0.0.1:36041: name: "client-testtb" schema { columns { name: "key" type: UINT32 is_key: true is_nullable: false encoding: AUTO_ENCODING compression: DEFAULT_COMPRESSION } columns { name: "int_val" type: UINT32 is_key: false is_nullable: false encoding: AUTO_ENCODING compression: DEFAULT_COMPRESSION } columns { name: "string_val" type: STRING is_key: false is_nullable: true encoding: AUTO_ENCODING compression: DEFAULT_COMPRESSION } columns { name: "non_null_with_default" type: UINT32 is_key: false is_nullable: false read_default_value: "90\000\000" write_default_value: "90\000\000" encoding: AUTO_ENCODING compression: DEFAULT_COMPRESSION } } pre_split_keys: "\000\000\000\t" num_replicas: 1
I1102 12:54:58.403353 32277 tablet_service.cc:264] Processing CreateTablet for tablet 727ed51ab871491e8d103a5b0897740c (table=client-testtb [id=10235436e59843fb8fc770c549f62bf4]), range=["\x00\x00\x00\t", ""]
I1102 12:54:58.403375 32278 tablet_service.cc:264] Processing CreateTablet for tablet 8813f19112ba444c86d2468d4ddb236e (table=client-testtb [id=10235436e59843fb8fc770c549f62bf4]), range=["", "\x00\x00\x00\t"]
I1102 12:54:58.404270 32277 ts_tablet_manager.cc:460] Registered tablet 727ed51ab871491e8d103a5b0897740c
I1102 12:54:58.404345 32278 ts_tablet_manager.cc:460] Registered tablet 8813f19112ba444c86d2468d4ddb236e
I1102 12:54:58.404744 32308 ts_tablet_manager.cc:325] Bootstrapping tablet: 727ed51ab871491e8d103a5b0897740c
I1102 12:54:58.404754 32309 ts_tablet_manager.cc:325] Bootstrapping tablet: 8813f19112ba444c86d2468d4ddb236e
I1102 12:54:58.405213 32309 tablet_bootstrap.cc:234] Tablet 8813f19112ba444c86d2468d4ddb236e: Bootstrap starting.
I1102 12:54:58.405215 32308 tablet_bootstrap.cc:234] Tablet 727ed51ab871491e8d103a5b0897740c: Bootstrap starting.
I1102 12:54:58.409642 32308 tablet_bootstrap.cc:331] No previous blocks or log segments found for tablet: 727ed51ab871491e8d103a5b0897740c creating new one.
I1102 12:54:58.409665 32309 tablet_bootstrap.cc:331] No previous blocks or log segments found for tablet: 8813f19112ba444c86d2468d4ddb236e creating new one.
I1102 12:54:58.412147 32308 tablet_bootstrap.cc:234] Tablet 727ed51ab871491e8d103a5b0897740c: No bootstrap required, opened a new log
I1102 12:54:58.412190 32309 tablet_bootstrap.cc:234] Tablet 8813f19112ba444c86d2468d4ddb236e: No bootstrap required, opened a new log
I1102 12:54:58.412578 32308 ts_tablet_manager.cc:330] Time spent tablet 727ed51ab871491e8d103a5b0897740c bootstrap: real 0.008s user 0.005s sys 0.001s
I1102 12:54:58.412607 32309 ts_tablet_manager.cc:330] Time spent tablet 8813f19112ba444c86d2468d4ddb236e bootstrap: real 0.008s user 0.005s sys 0.001s
I1102 12:54:58.415187 32309 ts_tablet_manager.cc:350] Time spent starting tablet 8813f19112ba444c86d2468d4ddb236e: real 0.002s user 0.002s sys 0.001s
I1102 12:54:58.415213 32308 ts_tablet_manager.cc:350] Time spent starting tablet 727ed51ab871491e8d103a5b0897740c: real 0.003s user 0.002s sys 0.001s
I1102 12:54:58.415977 32312 tablet_peer.cc:213] Configuration changed for tablet: 727ed51ab871491e8d103a5b0897740c in peer: 7a156512de624daf89ee3839554bcd33 Changed from: seqno: -1 local: true peers { permanent_uuid: "7a156512de624daf89ee3839554bcd33" role: CANDIDATE last_known_addr { host: "127.0.0.1" port: 46158 } } Changed to: seqno: 0 local: true peers { permanent_uuid: "7a156512de624daf89ee3839554bcd33" role: LEADER last_known_addr { host: "127.0.0.1" port: 46158 } }
I1102 12:54:58.416127 32313 tablet_peer.cc:213] Configuration changed for tablet: 8813f19112ba444c86d2468d4ddb236e in peer: 7a156512de624daf89ee3839554bcd33 Changed from: seqno: -1 local: true peers { permanent_uuid: "7a156512de624daf89ee3839554bcd33" role: CANDIDATE last_known_addr { host: "127.0.0.1" port: 46158 } } Changed to: seqno: 0 local: true peers { permanent_uuid: "7a156512de624daf89ee3839554bcd33" role: LEADER last_known_addr { host: "127.0.0.1" port: 46158 } }
I1102 12:54:58.416882 32229 catalog_manager.cc:1127] Tablet: 727ed51ab871491e8d103a5b0897740c reported quorum change. New quorum: seqno: 0 local: true peers { permanent_uuid: "7a156512de624daf89ee3839554bcd33" role: LEADER last_known_addr { host: "127.0.0.1" port: 46158 } }
I1102 12:54:58.418714 32229 catalog_manager.cc:1127] Tablet: 8813f19112ba444c86d2468d4ddb236e reported quorum change. New quorum: seqno: 0 local: true peers { permanent_uuid: "7a156512de624daf89ee3839554bcd33" role: LEADER last_known_addr { host: "127.0.0.1" port: 46158 } }
I1102 12:54:58.423326 32233 catalog_manager.cc:437] CreateTable from {real_user=alex, eff_user=} at 127.0.0.1:36041: name: "client-testtb2" schema { columns { name: "key" type: UINT32 is_key: true is_nullable: false encoding: AUTO_ENCODING compression: DEFAULT_COMPRESSION } columns { name: "int_val" type: UINT32 is_key: false is_nullable: false encoding: AUTO_ENCODING compression: DEFAULT_COMPRESSION } columns { name: "string_val" type: STRING is_key: false is_nullable: true encoding: AUTO_ENCODING compression: DEFAULT_COMPRESSION } columns { name: "non_null_with_default" type: UINT32 is_key: false is_nullable: false read_default_value: "90\000\000" write_default_value: "90\000\000" encoding: AUTO_ENCODING compression: DEFAULT_COMPRESSION } } num_replicas: 1
I1102 12:54:58.428774 32279 tablet_service.cc:264] Processing CreateTablet for tablet e05141c73a7a44ef9e1dbae739d1d6e4 (table=client-testtb2 [id=aed54d388bdd45aeb5a495792125c3d9]), range=["", ""]
I1102 12:54:58.430068 32279 ts_tablet_manager.cc:460] Registered tablet e05141c73a7a44ef9e1dbae739d1d6e4
I1102 12:54:58.430204 32309 ts_tablet_manager.cc:325] Bootstrapping tablet: e05141c73a7a44ef9e1dbae739d1d6e4
I1102 12:54:58.430735 32309 tablet_bootstrap.cc:234] Tablet e05141c73a7a44ef9e1dbae739d1d6e4: Bootstrap starting.
I1102 12:54:58.434303 32309 tablet_bootstrap.cc:331] No previous blocks or log segments found for tablet: e05141c73a7a44ef9e1dbae739d1d6e4 creating new one.
I1102 12:54:58.435637 32309 tablet_bootstrap.cc:234] Tablet e05141c73a7a44ef9e1dbae739d1d6e4: No bootstrap required, opened a new log
I1102 12:54:58.435914 32309 ts_tablet_manager.cc:330] Time spent tablet e05141c73a7a44ef9e1dbae739d1d6e4 bootstrap: real 0.006s user 0.004s sys 0.001s
I1102 12:54:58.437221 32309 ts_tablet_manager.cc:350] Time spent starting tablet e05141c73a7a44ef9e1dbae739d1d6e4: real 0.001s user 0.001s sys 0.000s
I1102 12:54:58.437481 32319 tablet_peer.cc:213] Configuration changed for tablet: e05141c73a7a44ef9e1dbae739d1d6e4 in peer: 7a156512de624daf89ee3839554bcd33 Changed from: seqno: -1 local: true peers { permanent_uuid: "7a156512de624daf89ee3839554bcd33" role: CANDIDATE last_known_addr { host: "127.0.0.1" port: 46158 } } Changed to: seqno: 0 local: true peers { permanent_uuid: "7a156512de624daf89ee3839554bcd33" role: LEADER last_known_addr { host: "127.0.0.1" port: 46158 } }
I1102 12:54:58.445891 32232 catalog_manager.cc:1127] Tablet: e05141c73a7a44ef9e1dbae739d1d6e4 reported quorum change. New quorum: seqno: 0 local: true peers { permanent_uuid: "7a156512de624daf89ee3839554bcd33" role: LEADER last_known_addr { host: "127.0.0.1" port: 46158 } }
I1102 12:54:58.452591 32237 catalog_manager.cc:437] CreateTable from {real_user=alex, eff_user=} at 127.0.0.1:36041: name: "TestScanMultiTablet" schema { columns { name: "key" type: UINT32 is_key: true is_nullable: false encoding: AUTO_ENCODING compression: DEFAULT_COMPRESSION } columns { name: "int_val" type: UINT32 is_key: false is_nullable: false encoding: AUTO_ENCODING compression: DEFAULT_COMPRESSION } columns { name: "string_val" type: STRING is_key: false is_nullable: true encoding: AUTO_ENCODING compression: DEFAULT_COMPRESSION } columns { name: "non_null_with_default" type: UINT32 is_key: false is_nullable: false read_default_value: "90\000\000" write_default_value: "90\000\000" encoding: AUTO_ENCODING compression: DEFAULT_COMPRESSION } } pre_split_keys: "\000\000\000\n" pre_split_keys: "\000\000\000\024" pre_split_keys: "\000\000\000\036" pre_split_keys: "\000\000\000("
I1102 12:54:58.458461 32280 tablet_service.cc:264] Processing CreateTablet for tablet 93b884372f9e4035a9e69d90409725e0 (table=TestScanMultiTablet [id=f165c17ee56347a7a100fa6f5a33838f]), range=["", "\x00\x00\x00\n"]
I1102 12:54:58.458549 32281 tablet_service.cc:264] Processing CreateTablet for tablet 86ebeb62252345f3baedf586ad5617cc (table=TestScanMultiTablet [id=f165c17ee56347a7a100fa6f5a33838f]), range=["\x00\x00\x00\n", "\x00\x00\x00\x14"]
I1102 12:54:58.458652 32282 tablet_service.cc:264] Processing CreateTablet for tablet 3b3be7abf6504a3d938b79c464f25be6 (table=TestScanMultiTablet [id=f165c17ee56347a7a100fa6f5a33838f]), range=["\x00\x00\x00(", ""]
I1102 12:54:58.458782 32283 tablet_service.cc:264] Processing CreateTablet for tablet af895e35eee24d0abce2a372d61d2af9 (table=TestScanMultiTablet [id=f165c17ee56347a7a100fa6f5a33838f]), range=["\x00\x00\x00\x1e", "\x00\x00\x00("]
I1102 12:54:58.459470 32280 ts_tablet_manager.cc:460] Registered tablet 93b884372f9e4035a9e69d90409725e0
I1102 12:54:58.459485 32284 tablet_service.cc:264] Processing CreateTablet for tablet fbeb87e78eed45bd9be11a7c55dfe55e (table=TestScanMultiTablet [id=f165c17ee56347a7a100fa6f5a33838f]), range=["\x00\x00\x00\x14", "\x00\x00\x00\x1e"]
I1102 12:54:58.459591 32308 ts_tablet_manager.cc:325] Bootstrapping tablet: 93b884372f9e4035a9e69d90409725e0
I1102 12:54:58.459751 32281 ts_tablet_manager.cc:460] Registered tablet 86ebeb62252345f3baedf586ad5617cc
I1102 12:54:58.459825 32282 ts_tablet_manager.cc:460] Registered tablet 3b3be7abf6504a3d938b79c464f25be6
I1102 12:54:58.459899 32309 ts_tablet_manager.cc:325] Bootstrapping tablet: 86ebeb62252345f3baedf586ad5617cc
I1102 12:54:58.460142 32283 ts_tablet_manager.cc:460] Registered tablet af895e35eee24d0abce2a372d61d2af9
I1102 12:54:58.460257 32308 tablet_bootstrap.cc:234] Tablet 93b884372f9e4035a9e69d90409725e0: Bootstrap starting.
I1102 12:54:58.460927 32309 tablet_bootstrap.cc:234] Tablet 86ebeb62252345f3baedf586ad5617cc: Bootstrap starting.
I1102 12:54:58.461009 32284 ts_tablet_manager.cc:460] Registered tablet fbeb87e78eed45bd9be11a7c55dfe55e
I1102 12:54:58.461074 32321 ts_tablet_manager.cc:325] Bootstrapping tablet: 3b3be7abf6504a3d938b79c464f25be6
I1102 12:54:58.461118 32322 ts_tablet_manager.cc:325] Bootstrapping tablet: af895e35eee24d0abce2a372d61d2af9
I1102 12:54:58.461664 32323 ts_tablet_manager.cc:325] Bootstrapping tablet: fbeb87e78eed45bd9be11a7c55dfe55e
I1102 12:54:58.462158 32321 tablet_bootstrap.cc:234] Tablet 3b3be7abf6504a3d938b79c464f25be6: Bootstrap starting.
I1102 12:54:58.462496 32322 tablet_bootstrap.cc:234] Tablet af895e35eee24d0abce2a372d61d2af9: Bootstrap starting.
I1102 12:54:58.463003 32323 tablet_bootstrap.cc:234] Tablet fbeb87e78eed45bd9be11a7c55dfe55e: Bootstrap starting.
I1102 12:54:58.466359 32321 tablet_bootstrap.cc:331] No previous blocks or log segments found for tablet: 3b3be7abf6504a3d938b79c464f25be6 creating new one.
I1102 12:54:58.467120 32308 tablet_bootstrap.cc:331] No previous blocks or log segments found for tablet: 93b884372f9e4035a9e69d90409725e0 creating new one.
I1102 12:54:58.467625 32309 tablet_bootstrap.cc:331] No previous blocks or log segments found for tablet: 86ebeb62252345f3baedf586ad5617cc creating new one.
I1102 12:54:58.468636 32321 tablet_bootstrap.cc:234] Tablet 3b3be7abf6504a3d938b79c464f25be6: No bootstrap required, opened a new log
I1102 12:54:58.469092 32321 ts_tablet_manager.cc:330] Time spent tablet 3b3be7abf6504a3d938b79c464f25be6 bootstrap: real 0.008s user 0.004s sys 0.001s
I1102 12:54:58.469281 32322 tablet_bootstrap.cc:331] No previous blocks or log segments found for tablet: af895e35eee24d0abce2a372d61d2af9 creating new one.
I1102 12:54:58.469501 32323 tablet_bootstrap.cc:331] No previous blocks or log segments found for tablet: fbeb87e78eed45bd9be11a7c55dfe55e creating new one.
I1102 12:54:58.470242 32309 tablet_bootstrap.cc:234] Tablet 86ebeb62252345f3baedf586ad5617cc: No bootstrap required, opened a new log
I1102 12:54:58.470623 32308 tablet_bootstrap.cc:234] Tablet 93b884372f9e4035a9e69d90409725e0: No bootstrap required, opened a new log
I1102 12:54:58.470693 32309 ts_tablet_manager.cc:330] Time spent tablet 86ebeb62252345f3baedf586ad5617cc bootstrap: real 0.011s user 0.006s sys 0.002s
I1102 12:54:58.471206 32308 ts_tablet_manager.cc:330] Time spent tablet 93b884372f9e4035a9e69d90409725e0 bootstrap: real 0.011s user 0.006s sys 0.002s
I1102 12:54:58.471864 32321 ts_tablet_manager.cc:350] Time spent starting tablet 3b3be7abf6504a3d938b79c464f25be6: real 0.003s user 0.001s sys 0.000s
I1102 12:54:58.472425 32325 tablet_peer.cc:213] Configuration changed for tablet: 3b3be7abf6504a3d938b79c464f25be6 in peer: 7a156512de624daf89ee3839554bcd33 Changed from: seqno: -1 local: true peers { permanent_uuid: "7a156512de624daf89ee3839554bcd33" role: CANDIDATE last_known_addr { host: "127.0.0.1" port: 46158 } } Changed to: seqno: 0 local: true peers { permanent_uuid: "7a156512de624daf89ee3839554bcd33" role: LEADER last_known_addr { host: "127.0.0.1" port: 46158 } }
I1102 12:54:58.473567 32308 ts_tablet_manager.cc:350] Time spent starting tablet 93b884372f9e4035a9e69d90409725e0: real 0.002s user 0.001s sys 0.000s
I1102 12:54:58.473624 32323 tablet_bootstrap.cc:234] Tablet fbeb87e78eed45bd9be11a7c55dfe55e: No bootstrap required, opened a new log
I1102 12:54:58.473629 32322 tablet_bootstrap.cc:234] Tablet af895e35eee24d0abce2a372d61d2af9: No bootstrap required, opened a new log
I1102 12:54:58.473686 32309 ts_tablet_manager.cc:350] Time spent starting tablet 86ebeb62252345f3baedf586ad5617cc: real 0.003s user 0.001s sys 0.001s
I1102 12:54:58.473887 32323 ts_tablet_manager.cc:330] Time spent tablet fbeb87e78eed45bd9be11a7c55dfe55e bootstrap: real 0.012s user 0.006s sys 0.002s
I1102 12:54:58.473875 32329 tablet_peer.cc:213] Configuration changed for tablet: 86ebeb62252345f3baedf586ad5617cc in peer: 7a156512de624daf89ee3839554bcd33 Changed from: seqno: -1 local: true peers { permanent_uuid: "7a156512de624daf89ee3839554bcd33" role: CANDIDATE last_known_addr { host: "127.0.0.1" port: 46158 } } Changed to: seqno: 0 local: true peers { permanent_uuid: "7a156512de624daf89ee3839554bcd33" role: LEADER last_known_addr { host: "127.0.0.1" port: 46158 } }
I1102 12:54:58.473950 32328 tablet_peer.cc:213] Configuration changed for tablet: 93b884372f9e4035a9e69d90409725e0 in peer: 7a156512de624daf89ee3839554bcd33 Changed from: seqno: -1 local: true peers { permanent_uuid: "7a156512de624daf89ee3839554bcd33" role: CANDIDATE last_known_addr { host: "127.0.0.1" port: 46158 } } Changed to: seqno: 0 local: true peers { permanent_uuid: "7a156512de624daf89ee3839554bcd33" role: LEADER last_known_addr { host: "127.0.0.1" port: 46158 } }
I1102 12:54:58.474134 32322 ts_tablet_manager.cc:330] Time spent tablet af895e35eee24d0abce2a372d61d2af9 bootstrap: real 0.013s user 0.007s sys 0.002s
I1102 12:54:58.475509 32323 ts_tablet_manager.cc:350] Time spent starting tablet fbeb87e78eed45bd9be11a7c55dfe55e: real 0.002s user 0.001s sys 0.000s
I1102 12:54:58.475555 32322 ts_tablet_manager.cc:350] Time spent starting tablet af895e35eee24d0abce2a372d61d2af9: real 0.001s user 0.001s sys 0.000s
I1102 12:54:58.475769 32335 tablet_peer.cc:213] Configuration changed for tablet: fbeb87e78eed45bd9be11a7c55dfe55e in peer: 7a156512de624daf89ee3839554bcd33 Changed from: seqno: -1 local: true peers { permanent_uuid: "7a156512de624daf89ee3839554bcd33" role: CANDIDATE last_known_addr { host: "127.0.0.1" port: 46158 } } Changed to: seqno: 0 local: true peers { permanent_uuid: "7a156512de624daf89ee3839554bcd33" role: LEADER last_known_addr { host: "127.0.0.1" port: 46158 } }
I1102 12:54:58.475813 32336 tablet_peer.cc:213] Configuration changed for tablet: af895e35eee24d0abce2a372d61d2af9 in peer: 7a156512de624daf89ee3839554bcd33 Changed from: seqno: -1 local: true peers { permanent_uuid: "7a156512de624daf89ee3839554bcd33" role: CANDIDATE last_known_addr { host: "127.0.0.1" port: 46158 } } Changed to: seqno: 0 local: true peers { permanent_uuid: "7a156512de624daf89ee3839554bcd33" role: LEADER last_known_addr { host: "127.0.0.1" port: 46158 } }
I1102 12:54:58.479704 32237 catalog_manager.cc:1127] Tablet: 93b884372f9e4035a9e69d90409725e0 reported quorum change. New quorum: seqno: 0 local: true peers { permanent_uuid: "7a156512de624daf89ee3839554bcd33" role: LEADER last_known_addr { host: "127.0.0.1" port: 46158 } }
I1102 12:54:58.481256 32237 catalog_manager.cc:1127] Tablet: 86ebeb62252345f3baedf586ad5617cc reported quorum change. New quorum: seqno: 0 local: true peers { permanent_uuid: "7a156512de624daf89ee3839554bcd33" role: LEADER last_known_addr { host: "127.0.0.1" port: 46158 } }
I1102 12:54:58.482570 32237 catalog_manager.cc:1127] Tablet: 3b3be7abf6504a3d938b79c464f25be6 reported quorum change. New quorum: seqno: 0 local: true peers { permanent_uuid: "7a156512de624daf89ee3839554bcd33" role: LEADER last_known_addr { host: "127.0.0.1" port: 46158 } }
I1102 12:54:58.483958 32237 catalog_manager.cc:1127] Tablet: af895e35eee24d0abce2a372d61d2af9 reported quorum change. New quorum: seqno: 0 local: true peers { permanent_uuid: "7a156512de624daf89ee3839554bcd33" role: LEADER last_known_addr { host: "127.0.0.1" port: 46158 } }
I1102 12:54:58.485270 32237 catalog_manager.cc:1127] Tablet: fbeb87e78eed45bd9be11a7c55dfe55e reported quorum change. New quorum: seqno: 0 local: true peers { permanent_uuid: "7a156512de624daf89ee3839554bcd33" role: LEADER last_known_addr { host: "127.0.0.1" port: 46158 } }
I1102 12:54:58.643967 31819 tablet_server.cc:114] TabletServer shutting down...
I1102 12:54:58.656385 31819 ts_tablet_manager.cc:402] Shutting down tablet manager...
I1102 12:54:58.656538 31819 maintenance_manager.cc:177] Unregistered op LogGCOp
I1102 12:54:58.656652 31819 tablet_peer.cc:231] Initiating TabletPeer shutdown for tablet: 93b884372f9e4035a9e69d90409725e0
I1102 12:54:58.656729 31819 maintenance_manager.cc:177] Unregistered op FlushMRSOp(93b884372f9e4035a9e69d90409725e0)
I1102 12:54:58.656754 31819 maintenance_manager.cc:177] Unregistered op CompactRowSetsOp(93b884372f9e4035a9e69d90409725e0)
I1102 12:54:58.656774 31819 maintenance_manager.cc:177] Unregistered op FlushDeltaMemStoresOp(93b884372f9e4035a9e69d90409725e0)
I1102 12:54:58.657245 31819 tablet_peer.cc:231] Initiating TabletPeer shutdown for tablet: 727ed51ab871491e8d103a5b0897740c
I1102 12:54:58.657274 31819 maintenance_manager.cc:177] Unregistered op FlushMRSOp(727ed51ab871491e8d103a5b0897740c)
I1102 12:54:58.657289 31819 maintenance_manager.cc:177] Unregistered op CompactRowSetsOp(727ed51ab871491e8d103a5b0897740c)
I1102 12:54:58.657305 31819 maintenance_manager.cc:177] Unregistered op FlushDeltaMemStoresOp(727ed51ab871491e8d103a5b0897740c)
I1102 12:54:58.657742 31819 tablet_peer.cc:231] Initiating TabletPeer shutdown for tablet: 8813f19112ba444c86d2468d4ddb236e
I1102 12:54:58.657770 31819 maintenance_manager.cc:177] Unregistered op FlushMRSOp(8813f19112ba444c86d2468d4ddb236e)
I1102 12:54:58.657783 31819 maintenance_manager.cc:177] Unregistered op CompactRowSetsOp(8813f19112ba444c86d2468d4ddb236e)
I1102 12:54:58.657799 31819 maintenance_manager.cc:177] Unregistered op FlushDeltaMemStoresOp(8813f19112ba444c86d2468d4ddb236e)
I1102 12:54:58.658221 31819 tablet_peer.cc:231] Initiating TabletPeer shutdown for tablet: 86ebeb62252345f3baedf586ad5617cc
I1102 12:54:58.658247 31819 maintenance_manager.cc:177] Unregistered op FlushMRSOp(86ebeb62252345f3baedf586ad5617cc)
I1102 12:54:58.658259 31819 maintenance_manager.cc:177] Unregistered op CompactRowSetsOp(86ebeb62252345f3baedf586ad5617cc)
I1102 12:54:58.658277 31819 maintenance_manager.cc:177] Unregistered op FlushDeltaMemStoresOp(86ebeb62252345f3baedf586ad5617cc)
I1102 12:54:58.658601 31819 tablet_peer.cc:231] Initiating TabletPeer shutdown for tablet: 3b3be7abf6504a3d938b79c464f25be6
I1102 12:54:58.658625 31819 maintenance_manager.cc:177] Unregistered op FlushMRSOp(3b3be7abf6504a3d938b79c464f25be6)
I1102 12:54:58.658638 31819 maintenance_manager.cc:177] Unregistered op CompactRowSetsOp(3b3be7abf6504a3d938b79c464f25be6)
I1102 12:54:58.658653 31819 maintenance_manager.cc:177] Unregistered op FlushDeltaMemStoresOp(3b3be7abf6504a3d938b79c464f25be6)
I1102 12:54:58.658974 31819 tablet_peer.cc:231] Initiating TabletPeer shutdown for tablet: af895e35eee24d0abce2a372d61d2af9
I1102 12:54:58.659003 31819 maintenance_manager.cc:177] Unregistered op FlushMRSOp(af895e35eee24d0abce2a372d61d2af9)
I1102 12:54:58.659014 31819 maintenance_manager.cc:177] Unregistered op CompactRowSetsOp(af895e35eee24d0abce2a372d61d2af9)
I1102 12:54:58.659029 31819 maintenance_manager.cc:177] Unregistered op FlushDeltaMemStoresOp(af895e35eee24d0abce2a372d61d2af9)
I1102 12:54:58.659379 31819 tablet_peer.cc:231] Initiating TabletPeer shutdown for tablet: e05141c73a7a44ef9e1dbae739d1d6e4
I1102 12:54:58.659406 31819 maintenance_manager.cc:177] Unregistered op FlushMRSOp(e05141c73a7a44ef9e1dbae739d1d6e4)
I1102 12:54:58.659422 31819 maintenance_manager.cc:177] Unregistered op CompactRowSetsOp(e05141c73a7a44ef9e1dbae739d1d6e4)
I1102 12:54:58.659445 31819 maintenance_manager.cc:177] Unregistered op FlushDeltaMemStoresOp(e05141c73a7a44ef9e1dbae739d1d6e4)
I1102 12:54:58.659755 31819 tablet_peer.cc:231] Initiating TabletPeer shutdown for tablet: fbeb87e78eed45bd9be11a7c55dfe55e
I1102 12:54:58.659781 31819 maintenance_manager.cc:177] Unregistered op FlushMRSOp(fbeb87e78eed45bd9be11a7c55dfe55e)
I1102 12:54:58.659793 31819 maintenance_manager.cc:177] Unregistered op CompactRowSetsOp(fbeb87e78eed45bd9be11a7c55dfe55e)
I1102 12:54:58.659807 31819 maintenance_manager.cc:177] Unregistered op FlushDeltaMemStoresOp(fbeb87e78eed45bd9be11a7c55dfe55e)
I1102 12:54:58.671800 31819 tablet_server.cc:123] TabletServer shut down complete. Bye!
I1102 12:54:58.671826 31819 tablet_server.cc:114] TabletServer shutting down...
I1102 12:54:58.671856 31819 tablet_server.cc:123] TabletServer shut down complete. Bye!
I1102 12:54:58.673033 31819 master.cc:124] Master@127.0.0.1:44813 shutting down...
I1102 12:54:58.685205 31819 tablet_peer.cc:231] Initiating TabletPeer shutdown for tablet: 11111111111111111111111111111111
I1102 12:54:58.685886 31819 tablet_peer.cc:231] Initiating TabletPeer shutdown for tablet: 00000000000000000000000000000000
I1102 12:54:58.686393 31819 master.cc:127] Master@127.0.0.1:44813 shutdown complete. [ OK ] ClientTest.TestScanMultiTablet (480 ms) [ RUN ] ClientTest.TestScanEmptyTable
I1102 12:54:58.920372 31819 fs_manager.cc:130] Generated new instance metadata in path /tmp/kudutest-1000/client-test.ClientTest.TestScanEmptyTable.1414961696528764-31819/minicluster-data/master-0-root/instance: uuid: "f90eedb89e07420f989bddee68bffa54" format_stamp: "Formatted at 2014-11-02 20:54:58 on qiwi"
I1102 12:54:58.920773 31819 fs_manager.cc:82] Opened local filesystem: /tmp/kudutest-1000/client-test.ClientTest.TestScanEmptyTable.1414961696528764-31819/minicluster-data/master-0-root uuid: "f90eedb89e07420f989bddee68bffa54" format_stamp: "Formatted at 2014-11-02 20:54:58 on qiwi"
I1102 12:54:58.923216 31819 hybrid_clock.cc:119] HybridClock initialized. Resolution in nanos?: 1 Wait times tolerance adjustment: 1.0005 Current error: 492278
I1102 12:54:58.927563 31819 webserver.cc:108] Starting webserver on 0.0.0.0:0
I1102 12:54:58.927582 31819 webserver.cc:117] Document root disabled
I1102 12:54:58.927806 31819 webserver.cc:197] Webserver started. Bound to: 0.0.0.0:45361
I1102 12:54:58.929178 32369 tablet_bootstrap.cc:234] Tablet 11111111111111111111111111111111: Bootstrap starting.
I1102 12:54:58.931337 32369 tablet_bootstrap.cc:331] No previous blocks or log segments found for tablet: 11111111111111111111111111111111 creating new one.
I1102 12:54:58.932226 32369 tablet_bootstrap.cc:234] Tablet 11111111111111111111111111111111: No bootstrap required, opened a new log
I1102 12:54:58.933797 32371 tablet_peer.cc:213] Configuration changed for tablet: 11111111111111111111111111111111 in peer: f90eedb89e07420f989bddee68bffa54 Changed from: seqno: 0 local: true peers { permanent_uuid: "f90eedb89e07420f989bddee68bffa54" role: LEADER } Changed to: seqno: 1 local: true peers { permanent_uuid: "f90eedb89e07420f989bddee68bffa54" role: LEADER }
I1102 12:54:58.933857 32371 sys_tables.cc:217] SysTable state changed. New quorum config: seqno: 1 local: true peers { permanent_uuid: "f90eedb89e07420f989bddee68bffa54" role: LEADER }
I1102 12:54:58.934260 32369 tablet_bootstrap.cc:234] Tablet 00000000000000000000000000000000: Bootstrap starting.
I1102 12:54:58.936380 32369 tablet_bootstrap.cc:331] No previous blocks or log segments found for tablet: 00000000000000000000000000000000 creating new one.
I1102 12:54:58.937245 32369 tablet_bootstrap.cc:234] Tablet 00000000000000000000000000000000: No bootstrap required, opened a new log
I1102 12:54:58.938312 32369 sys_tables.cc:281] SysTable tablet configured and running, proceeding with master startup.
I1102 12:54:58.938652 32375 tablet_peer.cc:213] Configuration changed for tablet: 00000000000000000000000000000000 in peer: f90eedb89e07420f989bddee68bffa54 Changed from: seqno: 0 local: true peers { permanent_uuid: "f90eedb89e07420f989bddee68bffa54" role: LEADER } Changed to: seqno: 1 local: true peers { permanent_uuid: "f90eedb89e07420f989bddee68bffa54" role: LEADER }
I1102 12:54:58.938709 32369 sys_tables.cc:281] SysTable tablet configured and running, proceeding with master startup.
I1102 12:54:58.938709 32375 sys_tables.cc:217] SysTable state changed. New quorum config: seqno: 1 local: true peers { permanent_uuid: "f90eedb89e07420f989bddee68bffa54" role: LEADER }
I1102 12:54:58.951722 31819 fs_manager.cc:130] Generated new instance metadata in path /tmp/kudutest-1000/client-test.ClientTest.TestScanEmptyTable.1414961696528764-31819/minicluster-data/ts-0-root/instance: uuid: "fa8fd1e70c304aecb879bfea5178be28" format_stamp: "Formatted at 2014-11-02 20:54:58 on qiwi"
I1102 12:54:58.952075 31819 fs_manager.cc:82] Opened local filesystem: /tmp/kudutest-1000/client-test.ClientTest.TestScanEmptyTable.1414961696528764-31819/minicluster-data/ts-0-root uuid: "fa8fd1e70c304aecb879bfea5178be28" format_stamp: "Formatted at 2014-11-02 20:54:58 on qiwi"
I1102 12:54:58.953763 31819 hybrid_clock.cc:119] HybridClock initialized. Resolution in nanos?: 1 Wait times tolerance adjustment: 1.0005 Current error: 492278
I1102 12:54:58.960064 31819 webserver.cc:108] Starting webserver on 0.0.0.0:0
I1102 12:54:58.960086 31819 webserver.cc:117] Document root disabled
I1102 12:54:58.960376 31819 webserver.cc:197] Webserver started. Bound to: 0.0.0.0:46631
I1102 12:54:58.960589 31819 maintenance_manager.cc:118] MaintenanceManager: targeting memory size of 25.106701 GB
I1102 12:54:58.962462 32418 heartbeater.cc:227] Registering TS with master...
I1102 12:54:58.962527 32418 heartbeater.cc:233] Sending a full tablet report to master...
I1102 12:54:58.963001 32348 ts_manager.cc:66] Registered new tablet server { permanent_uuid: "fa8fd1e70c304aecb879bfea5178be28" instance_seqno: 1414961698959677 } with Master
I1102 12:54:58.964046 31819 mini_cluster.cc:268] 1 TS(s) registered with Master after 0.00325681s
I1102 12:54:58.971509 32350 catalog_manager.cc:437] CreateTable from {real_user=alex, eff_user=} at 127.0.0.1:55055: name: "client-testtb" schema { columns { name: "key" type: UINT32 is_key: true is_nullable: false encoding: AUTO_ENCODING compression: DEFAULT_COMPRESSION } columns { name: "int_val" type: UINT32 is_key: false is_nullable: false encoding: AUTO_ENCODING compression: DEFAULT_COMPRESSION } columns { name: "string_val" type: STRING is_key: false is_nullable: true encoding: AUTO_ENCODING compression: DEFAULT_COMPRESSION } columns { name: "non_null_with_default" type: UINT32 is_key: false is_nullable: false read_default_value: "90\000\000" write_default_value: "90\000\000" encoding: AUTO_ENCODING compression: DEFAULT_COMPRESSION } } pre_split_keys: "\000\000\000\t" num_replicas: 1
I1102 12:54:58.983589 32396 tablet_service.cc:264] Processing CreateTablet for tablet 64b3e41a35574a4eafaa40ffcbaa8cf1 (table=client-testtb [id=ca7d233d32674940bd5e4e7351cdbd76]), range=["", "\x00\x00\x00\t"]
I1102 12:54:58.983777 32397 tablet_service.cc:264] Processing CreateTablet for tablet 4f0cdd017dcf430698ff62253c7b9af1 (table=client-testtb [id=ca7d233d32674940bd5e4e7351cdbd76]), range=["\x00\x00\x00\t", ""]
I1102 12:54:58.985692 32396 ts_tablet_manager.cc:460] Registered tablet 64b3e41a35574a4eafaa40ffcbaa8cf1
I1102 12:54:58.985888 32397 ts_tablet_manager.cc:460] Registered tablet 4f0cdd017dcf430698ff62253c7b9af1
I1102 12:54:58.986224 32427 ts_tablet_manager.cc:325] Bootstrapping tablet: 64b3e41a35574a4eafaa40ffcbaa8cf1
I1102 12:54:58.986714 32428 ts_tablet_manager.cc:325] Bootstrapping tablet: 4f0cdd017dcf430698ff62253c7b9af1
I1102 12:54:58.987352 32427 tablet_bootstrap.cc:234] Tablet 64b3e41a35574a4eafaa40ffcbaa8cf1: Bootstrap starting.
I1102 12:54:58.987675 32428 tablet_bootstrap.cc:234] Tablet 4f0cdd017dcf430698ff62253c7b9af1: Bootstrap starting.
I1102 12:54:58.992377 32427 tablet_bootstrap.cc:331] No previous blocks or log segments found for tablet: 64b3e41a35574a4eafaa40ffcbaa8cf1 creating new one.
I1102 12:54:58.992472 32428 tablet_bootstrap.cc:331] No previous blocks or log segments found for tablet: 4f0cdd017dcf430698ff62253c7b9af1 creating new one.
I1102 12:54:58.994107 32428 tablet_bootstrap.cc:234] Tablet 4f0cdd017dcf430698ff62253c7b9af1: No bootstrap required, opened a new log
I1102 12:54:58.994143 32427 tablet_bootstrap.cc:234] Tablet 64b3e41a35574a4eafaa40ffcbaa8cf1: No bootstrap required, opened a new log
I1102 12:54:58.994397 32428 ts_tablet_manager.cc:330] Time spent tablet 4f0cdd017dcf430698ff62253c7b9af1 bootstrap: real 0.008s user 0.006s sys 0.001s
I1102 12:54:58.994407 32427 ts_tablet_manager.cc:330] Time spent tablet 64b3e41a35574a4eafaa40ffcbaa8cf1 bootstrap: real 0.008s user 0.006s sys 0.002s
I1102 12:54:58.996059 32427 ts_tablet_manager.cc:350] Time spent starting tablet 64b3e41a35574a4eafaa40ffcbaa8cf1: real 0.002s user 0.001s sys 0.001s
I1102 12:54:58.996095 32428 ts_tablet_manager.cc:350] Time spent starting tablet 4f0cdd017dcf430698ff62253c7b9af1: real 0.002s user 0.001s sys 0.000s
I1102 12:54:58.996531 32432 tablet_peer.cc:213] Configuration changed for tablet: 64b3e41a35574a4eafaa40ffcbaa8cf1 in peer: fa8fd1e70c304aecb879bfea5178be28 Changed from: seqno: -1 local: true peers { permanent_uuid: "fa8fd1e70c304aecb879bfea5178be28" role: CANDIDATE last_known_addr { host: "127.0.0.1" port: 47791 } } Changed to: seqno: 0 local: true peers { permanent_uuid: "fa8fd1e70c304aecb879bfea5178be28" role: LEADER last_known_addr { host: "127.0.0.1" port: 47791 } }
I1102 12:54:58.996770 32431 tablet_peer.cc:213] Configuration changed for tablet: 4f0cdd017dcf430698ff62253c7b9af1 in peer: fa8fd1e70c304aecb879bfea5178be28 Changed from: seqno: -1 local: true peers { permanent_uuid: "fa8fd1e70c304aecb879bfea5178be28" role: CANDIDATE last_known_addr { host: "127.0.0.1" port: 47791 } } Changed to: seqno: 0 local: true peers { permanent_uuid: "fa8fd1e70c304aecb879bfea5178be28" role: LEADER last_known_addr { host: "127.0.0.1" port: 47791 } }
I1102 12:54:58.996852 32349 catalog_manager.cc:1127] Tablet: 64b3e41a35574a4eafaa40ffcbaa8cf1 reported quorum change. New quorum: seqno: 0 local: true peers { permanent_uuid: "fa8fd1e70c304aecb879bfea5178be28" role: LEADER last_known_addr { host: "127.0.0.1" port: 47791 } }
I1102 12:54:58.998600 32349 catalog_manager.cc:1127] Tablet: 4f0cdd017dcf430698ff62253c7b9af1 reported quorum change. New quorum: seqno: 0 local: true peers { permanent_uuid: "fa8fd1e70c304aecb879bfea5178be28" role: LEADER last_known_addr { host: "127.0.0.1" port: 47791 } }
I1102 12:54:59.007170 32354 catalog_manager.cc:437] CreateTable from {real_user=alex, eff_user=} at 127.0.0.1:55055: name: "client-testtb2" schema { columns { name: "key" type: UINT32 is_key: true is_nullable: false encoding: AUTO_ENCODING compression: DEFAULT_COMPRESSION } columns { name: "int_val" type: UINT32 is_key: false is_nullable: false encoding: AUTO_ENCODING compression: DEFAULT_COMPRESSION } columns { name: "string_val" type: STRING is_key: false is_nullable: true encoding: AUTO_ENCODING compression: DEFAULT_COMPRESSION } columns { name: "non_null_with_default" type: UINT32 is_key: false is_nullable: false read_default_value: "90\000\000" write_default_value: "90\000\000" encoding: AUTO_ENCODING compression: DEFAULT_COMPRESSION } } num_replicas: 1
I1102 12:54:59.013056 32398 tablet_service.cc:264] Processing CreateTablet for tablet ee73e6c283cc43aca37d8ff3f7d46a92 (table=client-testtb2 [id=322b541dce1d4a5181cb431eee54d62a]), range=["", ""]
I1102 12:54:59.014351 32398 ts_tablet_manager.cc:460] Registered tablet ee73e6c283cc43aca37d8ff3f7d46a92
I1102 12:54:59.014469 32427 ts_tablet_manager.cc:325] Bootstrapping tablet: ee73e6c283cc43aca37d8ff3f7d46a92
I1102 12:54:59.015210 32427 tablet_bootstrap.cc:234] Tablet ee73e6c283cc43aca37d8ff3f7d46a92: Bootstrap starting.
I1102 12:54:59.018468 32427 tablet_bootstrap.cc:331] No previous blocks or log segments found for tablet: ee73e6c283cc43aca37d8ff3f7d46a92 creating new one.
I1102 12:54:59.020293 32427 tablet_bootstrap.cc:234] Tablet ee73e6c283cc43aca37d8ff3f7d46a92: No bootstrap required, opened a new log
I1102 12:54:59.020730 32427 ts_tablet_manager.cc:330] Time spent tablet ee73e6c283cc43aca37d8ff3f7d46a92 bootstrap: real 0.006s user 0.004s sys 0.001s
I1102 12:54:59.022744 32427 ts_tablet_manager.cc:350] Time spent starting tablet ee73e6c283cc43aca37d8ff3f7d46a92: real 0.002s user 0.001s sys 0.000s
I1102 12:54:59.023385 32438 tablet_peer.cc:213] Configuration changed for tablet: ee73e6c283cc43aca37d8ff3f7d46a92 in peer: fa8fd1e70c304aecb879bfea5178be28 Changed from: seqno: -1 local: true peers { permanent_uuid: "fa8fd1e70c304aecb879bfea5178be28" role: CANDIDATE last_known_addr { host: "127.0.0.1" port: 47791 } } Changed to: seqno: 0 local: true peers { permanent_uuid: "fa8fd1e70c304aecb879bfea5178be28" role: LEADER last_known_addr { host: "127.0.0.1" port: 47791 } }
I1102 12:54:59.026415 32352 catalog_manager.cc:1127] Tablet: ee73e6c283cc43aca37d8ff3f7d46a92 reported quorum change. New quorum: seqno: 0 local: true peers { permanent_uuid: "fa8fd1e70c304aecb879bfea5178be28" role: LEADER last_known_addr { host: "127.0.0.1" port: 47791 } }
I1102 12:54:59.042310 31819 tablet_server.cc:114] TabletServer shutting down...
I1102 12:54:59.059835 31819 ts_tablet_manager.cc:402] Shutting down tablet manager...
I1102 12:54:59.060021 31819 maintenance_manager.cc:177] Unregistered op LogGCOp
I1102 12:54:59.060144 31819 tablet_peer.cc:231] Initiating TabletPeer shutdown for tablet: 64b3e41a35574a4eafaa40ffcbaa8cf1
I1102 12:54:59.060256 31819 maintenance_manager.cc:177] Unregistered op FlushMRSOp(64b3e41a35574a4eafaa40ffcbaa8cf1)
I1102 12:54:59.060328 31819 maintenance_manager.cc:177] Unregistered op CompactRowSetsOp(64b3e41a35574a4eafaa40ffcbaa8cf1)
I1102 12:54:59.060382 31819 maintenance_manager.cc:177] Unregistered op FlushDeltaMemStoresOp(64b3e41a35574a4eafaa40ffcbaa8cf1)
I1102 12:54:59.061630 31819 tablet_peer.cc:231] Initiating TabletPeer shutdown for tablet: ee73e6c283cc43aca37d8ff3f7d46a92
I1102 12:54:59.061676 31819 maintenance_manager.cc:177] Unregistered op FlushMRSOp(ee73e6c283cc43aca37d8ff3f7d46a92)
I1102 12:54:59.061700 31819 maintenance_manager.cc:177] Unregistered op CompactRowSetsOp(ee73e6c283cc43aca37d8ff3f7d46a92)
