I1102 12:55:00.602530 32750 catalog_manager.cc:437] CreateTable from {real_user=alex, eff_user=} at 127.0.0.1:35271: name: "client-testtb" schema { columns { name: "key" type: UINT32 is_key: true is_nullable: false encoding: AUTO_ENCODING compression: DEFAULT_COMPRESSION } columns { name: "int_val" type: UINT32 is_key: false is_nullable: false encoding: AUTO_ENCODING compression: DEFAULT_COMPRESSION } columns { name: "string_val" type: STRING is_key: false is_nullable: true encoding: AUTO_ENCODING compression: DEFAULT_COMPRESSION } columns { name: "non_null_with_default" type: UINT32 is_key: false is_nullable: false read_default_value: "90\000\000" write_default_value: "90\000\000" encoding: AUTO_ENCODING compression: DEFAULT_COMPRESSION } } pre_split_keys: "\000\000\000\t" num_replicas: 1
I1102 12:55:00.612812 330 tablet_service.cc:264] Processing CreateTablet for tablet d2150c249b9643698fb987d85678a3e4 (table=client-testtb [id=01ccff4eeae748bf82bd8822cdf3ebbd]), range=["", "\x00\x00\x00\t"]
I1102 12:55:00.612892 331 tablet_service.cc:264] Processing CreateTablet for tablet 1e197352e50a4c37ad9ac16503d7dd58 (table=client-testtb [id=01ccff4eeae748bf82bd8822cdf3ebbd]), range=["\x00\x00\x00\t", ""]
I1102 12:55:00.614481 331 ts_tablet_manager.cc:460] Registered tablet 1e197352e50a4c37ad9ac16503d7dd58
I1102 12:55:00.614521 330 ts_tablet_manager.cc:460] Registered tablet d2150c249b9643698fb987d85678a3e4
I1102 12:55:00.614843 362 ts_tablet_manager.cc:325] Bootstrapping tablet: 1e197352e50a4c37ad9ac16503d7dd58
I1102 12:55:00.615258 365 ts_tablet_manager.cc:325] Bootstrapping tablet: d2150c249b9643698fb987d85678a3e4
I1102 12:55:00.615566 362 tablet_bootstrap.cc:234] Tablet 1e197352e50a4c37ad9ac16503d7dd58: Bootstrap starting.
I1102 12:55:00.615989 365 tablet_bootstrap.cc:234] Tablet d2150c249b9643698fb987d85678a3e4: Bootstrap starting.
I1102 12:55:00.619674 362 tablet_bootstrap.cc:331] No previous blocks or log segments found for tablet: 1e197352e50a4c37ad9ac16503d7dd58 creating new one.
I1102 12:55:00.620700 365 tablet_bootstrap.cc:331] No previous blocks or log segments found for tablet: d2150c249b9643698fb987d85678a3e4 creating new one.
I1102 12:55:00.621408 362 tablet_bootstrap.cc:234] Tablet 1e197352e50a4c37ad9ac16503d7dd58: No bootstrap required, opened a new log
I1102 12:55:00.621769 362 ts_tablet_manager.cc:330] Time spent tablet 1e197352e50a4c37ad9ac16503d7dd58 bootstrap: real 0.007s user 0.005s sys 0.001s
I1102 12:55:00.622125 365 tablet_bootstrap.cc:234] Tablet d2150c249b9643698fb987d85678a3e4: No bootstrap required, opened a new log
I1102 12:55:00.622486 365 ts_tablet_manager.cc:330] Time spent tablet d2150c249b9643698fb987d85678a3e4 bootstrap: real 0.007s user 0.005s sys 0.001s
I1102 12:55:00.623329 362 ts_tablet_manager.cc:350] Time spent starting tablet 1e197352e50a4c37ad9ac16503d7dd58: real 0.002s user 0.001s sys 0.000s
I1102 12:55:00.624119 365 ts_tablet_manager.cc:350] Time spent starting tablet d2150c249b9643698fb987d85678a3e4: real 0.002s user 0.001s sys 0.000s
I1102 12:55:00.624173 367 tablet_peer.cc:213] Configuration changed for tablet: 1e197352e50a4c37ad9ac16503d7dd58 in peer: f47b8dfad3cc41de8cf483a28bbc4cf7 Changed from: seqno: -1 local: true peers { permanent_uuid: "f47b8dfad3cc41de8cf483a28bbc4cf7" role: CANDIDATE last_known_addr { host: "127.0.0.1" port: 41900 } } Changed to: seqno: 0 local: true peers { permanent_uuid: "f47b8dfad3cc41de8cf483a28bbc4cf7" role: LEADER last_known_addr { host: "127.0.0.1" port: 41900 } }
I1102 12:55:00.624547 369 tablet_peer.cc:213] Configuration changed for tablet: d2150c249b9643698fb987d85678a3e4 in peer: f47b8dfad3cc41de8cf483a28bbc4cf7 Changed from: seqno: -1 local: true peers { permanent_uuid: "f47b8dfad3cc41de8cf483a28bbc4cf7" role: CANDIDATE last_known_addr { host: "127.0.0.1" port: 41900 } } Changed to: seqno: 0 local: true peers { permanent_uuid: "f47b8dfad3cc41de8cf483a28bbc4cf7" role: LEADER last_known_addr { host: "127.0.0.1" port: 41900 } }
I1102 12:55:00.630553 32750 catalog_manager.cc:1127] Tablet: d2150c249b9643698fb987d85678a3e4 reported quorum change. New quorum: seqno: 0 local: true peers { permanent_uuid: "f47b8dfad3cc41de8cf483a28bbc4cf7" role: LEADER last_known_addr { host: "127.0.0.1" port: 41900 } }
I1102 12:55:00.633513 32750 catalog_manager.cc:1127] Tablet: 1e197352e50a4c37ad9ac16503d7dd58 reported quorum change. New quorum: seqno: 0 local: true peers { permanent_uuid: "f47b8dfad3cc41de8cf483a28bbc4cf7" role: LEADER last_known_addr { host: "127.0.0.1" port: 41900 } }
I1102 12:55:00.644641 32755 catalog_manager.cc:437] CreateTable from {real_user=alex, eff_user=} at 127.0.0.1:35271: name: "client-testtb2" schema { columns { name: "key" type: UINT32 is_key: true is_nullable: false encoding: AUTO_ENCODING compression: DEFAULT_COMPRESSION } columns { name: "int_val" type: UINT32 is_key: false is_nullable: false encoding: AUTO_ENCODING compression: DEFAULT_COMPRESSION } columns { name: "string_val" type: STRING is_key: false is_nullable: true encoding: AUTO_ENCODING compression: DEFAULT_COMPRESSION } columns { name: "non_null_with_default" type: UINT32 is_key: false is_nullable: false read_default_value: "90\000\000" write_default_value: "90\000\000" encoding: AUTO_ENCODING compression: DEFAULT_COMPRESSION } } num_replicas: 1
I1102 12:55:00.651916 332 tablet_service.cc:264] Processing CreateTablet for tablet c9fbf3df8837466b90b36bd3c7e733dd (table=client-testtb2 [id=3e53672a8f014fa3a13a78e78db2f635]), range=["", ""]
I1102 12:55:00.653673 332 ts_tablet_manager.cc:460] Registered tablet c9fbf3df8837466b90b36bd3c7e733dd
I1102 12:55:00.653825 362 ts_tablet_manager.cc:325] Bootstrapping tablet: c9fbf3df8837466b90b36bd3c7e733dd
I1102 12:55:00.654716 362 tablet_bootstrap.cc:234] Tablet c9fbf3df8837466b90b36bd3c7e733dd: Bootstrap starting.
I1102 12:55:00.658449 362 tablet_bootstrap.cc:331] No previous blocks or log segments found for tablet: c9fbf3df8837466b90b36bd3c7e733dd creating new one.
I1102 12:55:00.659582 362 tablet_bootstrap.cc:234] Tablet c9fbf3df8837466b90b36bd3c7e733dd: No bootstrap required, opened a new log
I1102 12:55:00.659833 362 ts_tablet_manager.cc:330] Time spent tablet c9fbf3df8837466b90b36bd3c7e733dd bootstrap: real 0.006s user 0.004s sys 0.001s
I1102 12:55:00.661047 362 ts_tablet_manager.cc:350] Time spent starting tablet c9fbf3df8837466b90b36bd3c7e733dd: real 0.001s user 0.001s sys 0.000s
I1102 12:55:00.661378 374 tablet_peer.cc:213] Configuration changed for tablet: c9fbf3df8837466b90b36bd3c7e733dd in peer: f47b8dfad3cc41de8cf483a28bbc4cf7 Changed from: seqno: -1 local: true peers { permanent_uuid: "f47b8dfad3cc41de8cf483a28bbc4cf7" role: CANDIDATE last_known_addr { host: "127.0.0.1" port: 41900 } } Changed to: seqno: 0 local: true peers { permanent_uuid: "f47b8dfad3cc41de8cf483a28bbc4cf7" role: LEADER last_known_addr { host: "127.0.0.1" port: 41900 } }
I1102 12:55:00.668742 32754 catalog_manager.cc:1127] Tablet: c9fbf3df8837466b90b36bd3c7e733dd reported quorum change. New quorum: seqno: 0 local: true peers { permanent_uuid: "f47b8dfad3cc41de8cf483a28bbc4cf7" role: LEADER last_known_addr { host: "127.0.0.1" port: 41900 } }
I1102 12:55:00.691051 31819 client-test.cc:749] Successfully saw scanner close on iteration 0
I1102 12:55:00.695792 31819 client-test.cc:749] Successfully saw scanner close on iteration 1
I1102 12:55:00.700366 31819 client-test.cc:749] Successfully saw scanner close on iteration 1
I1102 12:55:00.700405 31819 tablet_server.cc:114] TabletServer shutting down...
I1102 12:55:00.714011 31819 ts_tablet_manager.cc:402] Shutting down tablet manager...
I1102 12:55:00.714088 31819 maintenance_manager.cc:177] Unregistered op LogGCOp
I1102 12:55:00.714135 31819 tablet_peer.cc:231] Initiating TabletPeer shutdown for tablet: d2150c249b9643698fb987d85678a3e4
I1102 12:55:00.714166 31819 maintenance_manager.cc:177] Unregistered op FlushMRSOp(d2150c249b9643698fb987d85678a3e4)
I1102 12:55:00.714189 31819 maintenance_manager.cc:177] Unregistered op CompactRowSetsOp(d2150c249b9643698fb987d85678a3e4)
I1102 12:55:00.714210 31819 maintenance_manager.cc:177] Unregistered op FlushDeltaMemStoresOp(d2150c249b9643698fb987d85678a3e4)
I1102 12:55:00.714875 31819 tablet_peer.cc:231] Initiating TabletPeer shutdown for tablet: c9fbf3df8837466b90b36bd3c7e733dd
I1102 12:55:00.714918 31819 maintenance_manager.cc:177] Unregistered op FlushMRSOp(c9fbf3df8837466b90b36bd3c7e733dd)
I1102 12:55:00.714937 31819 maintenance_manager.cc:177] Unregistered op CompactRowSetsOp(c9fbf3df8837466b90b36bd3c7e733dd)
I1102 12:55:00.714959 31819 maintenance_manager.cc:177] Unregistered op FlushDeltaMemStoresOp(c9fbf3df8837466b90b36bd3c7e733dd)
I1102 12:55:00.715466 31819 tablet_peer.cc:231] Initiating TabletPeer shutdown for tablet: 1e197352e50a4c37ad9ac16503d7dd58
I1102 12:55:00.715500 31819 maintenance_manager.cc:177] Unregistered op FlushMRSOp(1e197352e50a4c37ad9ac16503d7dd58)
I1102 12:55:00.715526 31819 maintenance_manager.cc:177] Unregistered op CompactRowSetsOp(1e197352e50a4c37ad9ac16503d7dd58)
I1102 12:55:00.715540 31819 maintenance_manager.cc:177] Unregistered op FlushDeltaMemStoresOp(1e197352e50a4c37ad9ac16503d7dd58)
I1102 12:55:00.725940 31819 tablet_server.cc:123] TabletServer shut down complete. Bye!
I1102 12:55:00.725973 31819 tablet_server.cc:114] TabletServer shutting down...
I1102 12:55:00.726016 31819 tablet_server.cc:123] TabletServer shut down complete. Bye!
I1102 12:55:00.727411 31819 master.cc:124] Master@127.0.0.1:38427 shutting down...
I1102 12:55:00.739150 31819 tablet_peer.cc:231] Initiating TabletPeer shutdown for tablet: 11111111111111111111111111111111
I1102 12:55:00.739687 31819 tablet_peer.cc:231] Initiating TabletPeer shutdown for tablet: 00000000000000000000000000000000
I1102 12:55:00.740104 31819 master.cc:127] Master@127.0.0.1:38427 shutdown complete. [ OK ] ClientTest.TestCloseScanner (330 ms) [ RUN ] ClientTest.TestScanTimeout
I1102 12:55:00.900328 31819 fs_manager.cc:130] Generated new instance metadata in path /tmp/kudutest-1000/client-test.ClientTest.TestScanTimeout.1414961696528764-31819/minicluster-data/master-0-root/instance: uuid: "1f7c25fd391b44a78efe19b9c9b30792" format_stamp: "Formatted at 2014-11-02 20:55:00 on qiwi"
I1102 12:55:00.900560 31819 fs_manager.cc:82] Opened local filesystem: /tmp/kudutest-1000/client-test.ClientTest.TestScanTimeout.1414961696528764-31819/minicluster-data/master-0-root uuid: "1f7c25fd391b44a78efe19b9c9b30792" format_stamp: "Formatted at 2014-11-02 20:55:00 on qiwi"
I1102 12:55:00.901970 31819 hybrid_clock.cc:119] HybridClock initialized. Resolution in nanos?: 1 Wait times tolerance adjustment: 1.0005 Current error: 493278
I1102 12:55:00.907456 31819 webserver.cc:108] Starting webserver on 0.0.0.0:0
I1102 12:55:00.907486 31819 webserver.cc:117] Document root disabled
I1102 12:55:00.907866 31819 webserver.cc:197] Webserver started. Bound to: 0.0.0.0:33485
I1102 12:55:00.909986 404 tablet_bootstrap.cc:234] Tablet 11111111111111111111111111111111: Bootstrap starting.
I1102 12:55:00.913887 404 tablet_bootstrap.cc:331] No previous blocks or log segments found for tablet: 11111111111111111111111111111111 creating new one.
I1102 12:55:00.915134 404 tablet_bootstrap.cc:234] Tablet 11111111111111111111111111111111: No bootstrap required, opened a new log
I1102 12:55:00.917193 406 tablet_peer.cc:213] Configuration changed for tablet: 11111111111111111111111111111111 in peer: 1f7c25fd391b44a78efe19b9c9b30792 Changed from: seqno: 0 local: true peers { permanent_uuid: "1f7c25fd391b44a78efe19b9c9b30792" role: LEADER } Changed to: seqno: 1 local: true peers { permanent_uuid: "1f7c25fd391b44a78efe19b9c9b30792" role: LEADER }
I1102 12:55:00.917271 406 sys_tables.cc:217] SysTable state changed. New quorum config: seqno: 1 local: true peers { permanent_uuid: "1f7c25fd391b44a78efe19b9c9b30792" role: LEADER }
I1102 12:55:00.917841 404 tablet_bootstrap.cc:234] Tablet 00000000000000000000000000000000: Bootstrap starting.
I1102 12:55:00.920572 404 tablet_bootstrap.cc:331] No previous blocks or log segments found for tablet: 00000000000000000000000000000000 creating new one.
I1102 12:55:00.921553 404 tablet_bootstrap.cc:234] Tablet 00000000000000000000000000000000: No bootstrap required, opened a new log
I1102 12:55:00.922648 404 sys_tables.cc:281] SysTable tablet configured and running, proceeding with master startup.
I1102 12:55:00.922933 412 tablet_peer.cc:213] Configuration changed for tablet: 00000000000000000000000000000000 in peer: 1f7c25fd391b44a78efe19b9c9b30792 Changed from: seqno: 0 local: true peers { permanent_uuid: "1f7c25fd391b44a78efe19b9c9b30792" role: LEADER } Changed to: seqno: 1 local: true peers { permanent_uuid: "1f7c25fd391b44a78efe19b9c9b30792" role: LEADER }
I1102 12:55:00.922981 404 sys_tables.cc:281] SysTable tablet configured and running, proceeding with master startup.
I1102 12:55:00.922987 412 sys_tables.cc:217] SysTable state changed. New quorum config: seqno: 1 local: true peers { permanent_uuid: "1f7c25fd391b44a78efe19b9c9b30792" role: LEADER }
I1102 12:55:00.934514 31819 fs_manager.cc:130] Generated new instance metadata in path /tmp/kudutest-1000/client-test.ClientTest.TestScanTimeout.1414961696528764-31819/minicluster-data/ts-0-root/instance: uuid: "a690b3bea5c748b9b96eb737aa19666f" format_stamp: "Formatted at 2014-11-02 20:55:00 on qiwi"
I1102 12:55:00.934628 31819 fs_manager.cc:82] Opened local filesystem: /tmp/kudutest-1000/client-test.ClientTest.TestScanTimeout.1414961696528764-31819/minicluster-data/ts-0-root uuid: "a690b3bea5c748b9b96eb737aa19666f" format_stamp: "Formatted at 2014-11-02 20:55:00 on qiwi"
I1102 12:55:00.935439 31819 hybrid_clock.cc:119] HybridClock initialized. Resolution in nanos?: 1 Wait times tolerance adjustment: 1.0005 Current error: 493278
I1102 12:55:00.939254 31819 webserver.cc:108] Starting webserver on 0.0.0.0:0
I1102 12:55:00.939273 31819 webserver.cc:117] Document root disabled
I1102 12:55:00.939508 31819 webserver.cc:197] Webserver started. Bound to: 0.0.0.0:44115
I1102 12:55:00.939633 31819 maintenance_manager.cc:118] MaintenanceManager: targeting memory size of 25.106701 GB
I1102 12:55:00.941053 467 heartbeater.cc:227] Registering TS with master...
I1102 12:55:00.941122 467 heartbeater.cc:233] Sending a full tablet report to master...
I1102 12:55:00.941429 383 ts_manager.cc:66] Registered new tablet server { permanent_uuid: "a690b3bea5c748b9b96eb737aa19666f" instance_seqno: 1414961700938982 } with Master
I1102 12:55:00.942193 31819 mini_cluster.cc:268] 1 TS(s) registered with Master after 0.00214885s
I1102 12:55:00.944946 385 catalog_manager.cc:437] CreateTable from {real_user=alex, eff_user=} at 127.0.0.1:46130: name: "client-testtb" schema { columns { name: "key" type: UINT32 is_key: true is_nullable: false encoding: AUTO_ENCODING compression: DEFAULT_COMPRESSION } columns { name: "int_val" type: UINT32 is_key: false is_nullable: false encoding: AUTO_ENCODING compression: DEFAULT_COMPRESSION } columns { name: "string_val" type: STRING is_key: false is_nullable: true encoding: AUTO_ENCODING compression: DEFAULT_COMPRESSION } columns { name: "non_null_with_default" type: UINT32 is_key: false is_nullable: false read_default_value: "90\000\000" write_default_value: "90\000\000" encoding: AUTO_ENCODING compression: DEFAULT_COMPRESSION } } pre_split_keys: "\000\000\000\t" num_replicas: 1
I1102 12:55:00.954202 439 tablet_service.cc:264] Processing CreateTablet for tablet 0596e49030df4110b4df8742ff566604 (table=client-testtb [id=abe3a147849a41d89328a945f8073cfd]), range=["\x00\x00\x00\t", ""]
I1102 12:55:00.954282 440 tablet_service.cc:264] Processing CreateTablet for tablet e0940ba6ac7347b085ff3160dd07b375 (table=client-testtb [id=abe3a147849a41d89328a945f8073cfd]), range=["", "\x00\x00\x00\t"]
I1102 12:55:00.955543 440 ts_tablet_manager.cc:460] Registered tablet e0940ba6ac7347b085ff3160dd07b375
I1102 12:55:00.955575 439 ts_tablet_manager.cc:460] Registered tablet 0596e49030df4110b4df8742ff566604
I1102 12:55:00.955839 476 ts_tablet_manager.cc:325] Bootstrapping tablet: e0940ba6ac7347b085ff3160dd07b375
I1102 12:55:00.956167 477 ts_tablet_manager.cc:325] Bootstrapping tablet: 0596e49030df4110b4df8742ff566604
I1102 12:55:00.956465 476 tablet_bootstrap.cc:234] Tablet e0940ba6ac7347b085ff3160dd07b375: Bootstrap starting.
I1102 12:55:00.956763 477 tablet_bootstrap.cc:234] Tablet 0596e49030df4110b4df8742ff566604: Bootstrap starting.
I1102 12:55:00.959300 476 tablet_bootstrap.cc:331] No previous blocks or log segments found for tablet: e0940ba6ac7347b085ff3160dd07b375 creating new one.
I1102 12:55:00.959692 477 tablet_bootstrap.cc:331] No previous blocks or log segments found for tablet: 0596e49030df4110b4df8742ff566604 creating new one.
I1102 12:55:00.960479 476 tablet_bootstrap.cc:234] Tablet e0940ba6ac7347b085ff3160dd07b375: No bootstrap required, opened a new log
I1102 12:55:00.960712 477 tablet_bootstrap.cc:234] Tablet 0596e49030df4110b4df8742ff566604: No bootstrap required, opened a new log
I1102 12:55:00.960758 476 ts_tablet_manager.cc:330] Time spent tablet e0940ba6ac7347b085ff3160dd07b375 bootstrap: real 0.005s user 0.003s sys 0.001s
I1102 12:55:00.960995 477 ts_tablet_manager.cc:330] Time spent tablet 0596e49030df4110b4df8742ff566604 bootstrap: real 0.005s user 0.003s sys 0.001s
I1102 12:55:00.962282 477 ts_tablet_manager.cc:350] Time spent starting tablet 0596e49030df4110b4df8742ff566604: real 0.001s user 0.001s sys 0.000s
I1102 12:55:00.962442 476 ts_tablet_manager.cc:350] Time spent starting tablet e0940ba6ac7347b085ff3160dd07b375: real 0.002s user 0.001s sys 0.000s
I1102 12:55:00.963101 482 tablet_peer.cc:213] Configuration changed for tablet: e0940ba6ac7347b085ff3160dd07b375 in peer: a690b3bea5c748b9b96eb737aa19666f Changed from: seqno: -1 local: true peers { permanent_uuid: "a690b3bea5c748b9b96eb737aa19666f" role: CANDIDATE last_known_addr { host: "127.0.0.1" port: 38753 } } Changed to: seqno: 0 local: true peers { permanent_uuid: "a690b3bea5c748b9b96eb737aa19666f" role: LEADER last_known_addr { host: "127.0.0.1" port: 38753 } }
I1102 12:55:00.963122 483 tablet_peer.cc:213] Configuration changed for tablet: 0596e49030df4110b4df8742ff566604 in peer: a690b3bea5c748b9b96eb737aa19666f Changed from: seqno: -1 local: true peers { permanent_uuid: "a690b3bea5c748b9b96eb737aa19666f" role: CANDIDATE last_known_addr { host: "127.0.0.1" port: 38753 } } Changed to: seqno: 0 local: true peers { permanent_uuid: "a690b3bea5c748b9b96eb737aa19666f" role: LEADER last_known_addr { host: "127.0.0.1" port: 38753 } }
I1102 12:55:00.963703 382 catalog_manager.cc:1127] Tablet: 0596e49030df4110b4df8742ff566604 reported quorum change. New quorum: seqno: 0 local: true peers { permanent_uuid: "a690b3bea5c748b9b96eb737aa19666f" role: LEADER last_known_addr { host: "127.0.0.1" port: 38753 } }
I1102 12:55:00.965829 382 catalog_manager.cc:1127] Tablet: e0940ba6ac7347b085ff3160dd07b375 reported quorum change. New quorum: seqno: 0 local: true peers { permanent_uuid: "a690b3bea5c748b9b96eb737aa19666f" role: LEADER last_known_addr { host: "127.0.0.1" port: 38753 } }
I1102 12:55:00.973247 387 catalog_manager.cc:437] CreateTable from {real_user=alex, eff_user=} at 127.0.0.1:46130: name: "client-testtb2" schema { columns { name: "key" type: UINT32 is_key: true is_nullable: false encoding: AUTO_ENCODING compression: DEFAULT_COMPRESSION } columns { name: "int_val" type: UINT32 is_key: false is_nullable: false encoding: AUTO_ENCODING compression: DEFAULT_COMPRESSION } columns { name: "string_val" type: STRING is_key: false is_nullable: true encoding: AUTO_ENCODING compression: DEFAULT_COMPRESSION } columns { name: "non_null_with_default" type: UINT32 is_key: false is_nullable: false read_default_value: "90\000\000" write_default_value: "90\000\000" encoding: AUTO_ENCODING compression: DEFAULT_COMPRESSION } } num_replicas: 1
I1102 12:55:00.979413 441 tablet_service.cc:264] Processing CreateTablet for tablet 81e4392cc4b04d3fbeb44410e23a6995 (table=client-testtb2 [id=26897c8db4324950a471dbc0cd752bc1]), range=["", ""]
I1102 12:55:00.980705 441 ts_tablet_manager.cc:460] Registered tablet 81e4392cc4b04d3fbeb44410e23a6995
I1102 12:55:00.980806 477 ts_tablet_manager.cc:325] Bootstrapping tablet: 81e4392cc4b04d3fbeb44410e23a6995
I1102 12:55:00.981560 477 tablet_bootstrap.cc:234] Tablet 81e4392cc4b04d3fbeb44410e23a6995: Bootstrap starting.
I1102 12:55:00.984787 477 tablet_bootstrap.cc:331] No previous blocks or log segments found for tablet: 81e4392cc4b04d3fbeb44410e23a6995 creating new one.
I1102 12:55:00.986132 477 tablet_bootstrap.cc:234] Tablet 81e4392cc4b04d3fbeb44410e23a6995: No bootstrap required, opened a new log
I1102 12:55:00.986440 477 ts_tablet_manager.cc:330] Time spent tablet 81e4392cc4b04d3fbeb44410e23a6995 bootstrap: real 0.006s user 0.004s sys 0.001s
I1102 12:55:00.987797 477 ts_tablet_manager.cc:350] Time spent starting tablet 81e4392cc4b04d3fbeb44410e23a6995: real 0.001s user 0.001s sys 0.000s
I1102 12:55:00.988206 489 tablet_peer.cc:213] Configuration changed for tablet: 81e4392cc4b04d3fbeb44410e23a6995 in peer: a690b3bea5c748b9b96eb737aa19666f Changed from: seqno: -1 local: true peers { permanent_uuid: "a690b3bea5c748b9b96eb737aa19666f" role: CANDIDATE last_known_addr { host: "127.0.0.1" port: 38753 } } Changed to: seqno: 0 local: true peers { permanent_uuid: "a690b3bea5c748b9b96eb737aa19666f" role: LEADER last_known_addr { host: "127.0.0.1" port: 38753 } }
I1102 12:55:00.994108 385 catalog_manager.cc:1127] Tablet: 81e4392cc4b04d3fbeb44410e23a6995 reported quorum change. New quorum: seqno: 0 local: true peers { permanent_uuid: "a690b3bea5c748b9b96eb737aa19666f" role: LEADER last_known_addr { host: "127.0.0.1" port: 38753 } }
W1102 12:55:00.999346 471 meta_cache.cc:394] GetTableLocations(client-testtb, ) failed: Timed out: Call timed out
I1102 12:55:00.999501 31819 tablet_server.cc:114] TabletServer shutting down...
I1102 12:55:01.014215 31819 ts_tablet_manager.cc:402] Shutting down tablet manager...
I1102 12:55:01.014328 31819 maintenance_manager.cc:177] Unregistered op LogGCOp
I1102 12:55:01.014503 31819 tablet_peer.cc:231] Initiating TabletPeer shutdown for tablet: 0596e49030df4110b4df8742ff566604
I1102 12:55:01.014565 31819 maintenance_manager.cc:177] Unregistered op FlushMRSOp(0596e49030df4110b4df8742ff566604)
I1102 12:55:01.014614 31819 maintenance_manager.cc:177] Unregistered op CompactRowSetsOp(0596e49030df4110b4df8742ff566604)
I1102 12:55:01.014650 31819 maintenance_manager.cc:177] Unregistered op FlushDeltaMemStoresOp(0596e49030df4110b4df8742ff566604)
I1102 12:55:01.015478 31819 tablet_peer.cc:231] Initiating TabletPeer shutdown for tablet: 81e4392cc4b04d3fbeb44410e23a6995
I1102 12:55:01.015547 31819 maintenance_manager.cc:177] Unregistered op FlushMRSOp(81e4392cc4b04d3fbeb44410e23a6995)
I1102 12:55:01.015584 31819 maintenance_manager.cc:177] Unregistered op CompactRowSetsOp(81e4392cc4b04d3fbeb44410e23a6995)
I1102 12:55:01.015627 31819 maintenance_manager.cc:177] Unregistered op FlushDeltaMemStoresOp(81e4392cc4b04d3fbeb44410e23a6995)
I1102 12:55:01.016376 31819 tablet_peer.cc:231] Initiating TabletPeer shutdown for tablet: e0940ba6ac7347b085ff3160dd07b375
I1102 12:55:01.016438 31819 maintenance_manager.cc:177] Unregistered op FlushMRSOp(e0940ba6ac7347b085ff3160dd07b375)
I1102 12:55:01.016465 31819 maintenance_manager.cc:177] Unregistered op CompactRowSetsOp(e0940ba6ac7347b085ff3160dd07b375)
I1102 12:55:01.016494 31819 maintenance_manager.cc:177] Unregistered op FlushDeltaMemStoresOp(e0940ba6ac7347b085ff3160dd07b375)
I1102 12:55:01.023435 31819 tablet_server.cc:123] TabletServer shut down complete. Bye!
I1102 12:55:01.023473 31819 tablet_server.cc:114] TabletServer shutting down...
I1102 12:55:01.023538 31819 tablet_server.cc:123] TabletServer shut down complete. Bye!
I1102 12:55:01.024929 31819 master.cc:124] Master@127.0.0.1:60882 shutting down...
I1102 12:55:01.037142 31819 tablet_peer.cc:231] Initiating TabletPeer shutdown for tablet: 11111111111111111111111111111111
I1102 12:55:01.037928 31819 tablet_peer.cc:231] Initiating TabletPeer shutdown for tablet: 00000000000000000000000000000000
I1102 12:55:01.038584 31819 master.cc:127] Master@127.0.0.1:60882 shutdown complete. [ OK ] ClientTest.TestScanTimeout (303 ms) [ RUN ] ClientTest.TestInsertSingleRowManualBatch
I1102 12:55:01.184049 31819 fs_manager.cc:130] Generated new instance metadata in path /tmp/kudutest-1000/client-test.ClientTest.TestInsertSingleRowManualBatch.1414961696528764-31819/minicluster-data/master-0-root/instance: uuid: "062aa6c1d32e410d80c9bb6f0dddb828" format_stamp: "Formatted at 2014-11-02 20:55:01 on qiwi"
I1102 12:55:01.184187 31819 fs_manager.cc:82] Opened local filesystem: /tmp/kudutest-1000/client-test.ClientTest.TestInsertSingleRowManualBatch.1414961696528764-31819/minicluster-data/master-0-root uuid: "062aa6c1d32e410d80c9bb6f0dddb828" format_stamp: "Formatted at 2014-11-02 20:55:01 on qiwi"
I1102 12:55:01.184893 31819 hybrid_clock.cc:119] HybridClock initialized. Resolution in nanos?: 1 Wait times tolerance adjustment: 1.0005 Current error: 493778
I1102 12:55:01.188130 31819 webserver.cc:108] Starting webserver on 0.0.0.0:0
I1102 12:55:01.188148 31819 webserver.cc:117] Document root disabled
I1102 12:55:01.188385 31819 webserver.cc:197] Webserver started. Bound to: 0.0.0.0:47034
I1102 12:55:01.189651 520 tablet_bootstrap.cc:234] Tablet 11111111111111111111111111111111: Bootstrap starting.
I1102 12:55:01.191550 520 tablet_bootstrap.cc:331] No previous blocks or log segments found for tablet: 11111111111111111111111111111111 creating new one.
I1102 12:55:01.192268 520 tablet_bootstrap.cc:234] Tablet 11111111111111111111111111111111: No bootstrap required, opened a new log
I1102 12:55:01.193588 522 tablet_peer.cc:213] Configuration changed for tablet: 11111111111111111111111111111111 in peer: 062aa6c1d32e410d80c9bb6f0dddb828 Changed from: seqno: 0 local: true peers { permanent_uuid: "062aa6c1d32e410d80c9bb6f0dddb828" role: LEADER } Changed to: seqno: 1 local: true peers { permanent_uuid: "062aa6c1d32e410d80c9bb6f0dddb828" role: LEADER }
I1102 12:55:01.193642 522 sys_tables.cc:217] SysTable state changed. New quorum config: seqno: 1 local: true peers { permanent_uuid: "062aa6c1d32e410d80c9bb6f0dddb828" role: LEADER }
I1102 12:55:01.194033 520 tablet_bootstrap.cc:234] Tablet 00000000000000000000000000000000: Bootstrap starting.
I1102 12:55:01.195863 520 tablet_bootstrap.cc:331] No previous blocks or log segments found for tablet: 00000000000000000000000000000000 creating new one.
I1102 12:55:01.196532 520 tablet_bootstrap.cc:234] Tablet 00000000000000000000000000000000: No bootstrap required, opened a new log
I1102 12:55:01.197518 520 sys_tables.cc:281] SysTable tablet configured and running, proceeding with master startup.
I1102 12:55:01.197978 578 tablet_peer.cc:213] Configuration changed for tablet: 00000000000000000000000000000000 in peer: 062aa6c1d32e410d80c9bb6f0dddb828 Changed from: seqno: 0 local: true peers { permanent_uuid: "062aa6c1d32e410d80c9bb6f0dddb828" role: LEADER } Changed to: seqno: 1 local: true peers { permanent_uuid: "062aa6c1d32e410d80c9bb6f0dddb828" role: LEADER }
I1102 12:55:01.198057 520 sys_tables.cc:281] SysTable tablet configured and running, proceeding with master startup.
I1102 12:55:01.198074 578 sys_tables.cc:217] SysTable state changed. New quorum config: seqno: 1 local: true peers { permanent_uuid: "062aa6c1d32e410d80c9bb6f0dddb828" role: LEADER }
I1102 12:55:01.208874 31819 fs_manager.cc:130] Generated new instance metadata in path /tmp/kudutest-1000/client-test.ClientTest.TestInsertSingleRowManualBatch.1414961696528764-31819/minicluster-data/ts-0-root/instance: uuid: "bd867eefd0fb4569ba59456ab635269b" format_stamp: "Formatted at 2014-11-02 20:55:01 on qiwi"
I1102 12:55:01.208973 31819 fs_manager.cc:82] Opened local filesystem: /tmp/kudutest-1000/client-test.ClientTest.TestInsertSingleRowManualBatch.1414961696528764-31819/minicluster-data/ts-0-root uuid: "bd867eefd0fb4569ba59456ab635269b" format_stamp: "Formatted at 2014-11-02 20:55:01 on qiwi"
I1102 12:55:01.209825 31819 hybrid_clock.cc:119] HybridClock initialized. Resolution in nanos?: 1 Wait times tolerance adjustment: 1.0005 Current error: 493778
I1102 12:55:01.214426 31819 webserver.cc:108] Starting webserver on 0.0.0.0:0
I1102 12:55:01.214445 31819 webserver.cc:117] Document root disabled
I1102 12:55:01.214687 31819 webserver.cc:197] Webserver started. Bound to: 0.0.0.0:42275
I1102 12:55:01.214812 31819 maintenance_manager.cc:118] MaintenanceManager: targeting memory size of 25.106701 GB
I1102 12:55:01.216192 622 heartbeater.cc:227] Registering TS with master...
I1102 12:55:01.216243 622 heartbeater.cc:233] Sending a full tablet report to master...
I1102 12:55:01.216557 499 ts_manager.cc:66] Registered new tablet server { permanent_uuid: "bd867eefd0fb4569ba59456ab635269b" instance_seqno: 1414961701214132 } with Master
I1102 12:55:01.217092 31819 mini_cluster.cc:268] 1 TS(s) registered with Master after 0.00216245s
I1102 12:55:01.219969 501 catalog_manager.cc:437] CreateTable from {real_user=alex, eff_user=} at 127.0.0.1:33218: name: "client-testtb" schema { columns { name: "key" type: UINT32 is_key: true is_nullable: false encoding: AUTO_ENCODING compression: DEFAULT_COMPRESSION } columns { name: "int_val" type: UINT32 is_key: false is_nullable: false encoding: AUTO_ENCODING compression: DEFAULT_COMPRESSION } columns { name: "string_val" type: STRING is_key: false is_nullable: true encoding: AUTO_ENCODING compression: DEFAULT_COMPRESSION } columns { name: "non_null_with_default" type: UINT32 is_key: false is_nullable: false read_default_value: "90\000\000" write_default_value: "90\000\000" encoding: AUTO_ENCODING compression: DEFAULT_COMPRESSION } } pre_split_keys: "\000\000\000\t" num_replicas: 1
I1102 12:55:01.225139 599 tablet_service.cc:264] Processing CreateTablet for tablet 2573470a7bb74a17b307d5c3b1bd2ef4 (table=client-testtb [id=54a7a1dbe2cb48db9f5a6ae6e3b81f39]), range=["", "\x00\x00\x00\t"]
I1102 12:55:01.225183 600 tablet_service.cc:264] Processing CreateTablet for tablet 4b90b559889c47099e29aab46b6a3402 (table=client-testtb [id=54a7a1dbe2cb48db9f5a6ae6e3b81f39]), range=["\x00\x00\x00\t", ""]
I1102 12:55:01.226023 599 ts_tablet_manager.cc:460] Registered tablet 2573470a7bb74a17b307d5c3b1bd2ef4
I1102 12:55:01.226101 600 ts_tablet_manager.cc:460] Registered tablet 4b90b559889c47099e29aab46b6a3402
I1102 12:55:01.226466 631 ts_tablet_manager.cc:325] Bootstrapping tablet: 2573470a7bb74a17b307d5c3b1bd2ef4
I1102 12:55:01.226491 632 ts_tablet_manager.cc:325] Bootstrapping tablet: 4b90b559889c47099e29aab46b6a3402
I1102 12:55:01.226871 632 tablet_bootstrap.cc:234] Tablet 4b90b559889c47099e29aab46b6a3402: Bootstrap starting.
I1102 12:55:01.226897 631 tablet_bootstrap.cc:234] Tablet 2573470a7bb74a17b307d5c3b1bd2ef4: Bootstrap starting.
I1102 12:55:01.228754 632 tablet_bootstrap.cc:331] No previous blocks or log segments found for tablet: 4b90b559889c47099e29aab46b6a3402 creating new one.
I1102 12:55:01.228788 631 tablet_bootstrap.cc:331] No previous blocks or log segments found for tablet: 2573470a7bb74a17b307d5c3b1bd2ef4 creating new one.
I1102 12:55:01.230164 631 tablet_bootstrap.cc:234] Tablet 2573470a7bb74a17b307d5c3b1bd2ef4: No bootstrap required, opened a new log
I1102 12:55:01.230223 632 tablet_bootstrap.cc:234] Tablet 4b90b559889c47099e29aab46b6a3402: No bootstrap required, opened a new log
I1102 12:55:01.230546 631 ts_tablet_manager.cc:330] Time spent tablet 2573470a7bb74a17b307d5c3b1bd2ef4 bootstrap: real 0.004s user 0.003s sys 0.001s
I1102 12:55:01.230597 632 ts_tablet_manager.cc:330] Time spent tablet 4b90b559889c47099e29aab46b6a3402 bootstrap: real 0.004s user 0.003s sys 0.001s
I1102 12:55:01.231894 632 ts_tablet_manager.cc:350] Time spent starting tablet 4b90b559889c47099e29aab46b6a3402: real 0.001s user 0.001s sys 0.000s
I1102 12:55:01.231914 631 ts_tablet_manager.cc:350] Time spent starting tablet 2573470a7bb74a17b307d5c3b1bd2ef4: real 0.001s user 0.001s sys 0.000s
I1102 12:55:01.232373 636 tablet_peer.cc:213] Configuration changed for tablet: 4b90b559889c47099e29aab46b6a3402 in peer: bd867eefd0fb4569ba59456ab635269b Changed from: seqno: -1 local: true peers { permanent_uuid: "bd867eefd0fb4569ba59456ab635269b" role: CANDIDATE last_known_addr { host: "127.0.0.1" port: 34202 } } Changed to: seqno: 0 local: true peers { permanent_uuid: "bd867eefd0fb4569ba59456ab635269b" role: LEADER last_known_addr { host: "127.0.0.1" port: 34202 } }
I1102 12:55:01.232388 635 tablet_peer.cc:213] Configuration changed for tablet: 2573470a7bb74a17b307d5c3b1bd2ef4 in peer: bd867eefd0fb4569ba59456ab635269b Changed from: seqno: -1 local: true peers { permanent_uuid: "bd867eefd0fb4569ba59456ab635269b" role: CANDIDATE last_known_addr { host: "127.0.0.1" port: 34202 } } Changed to: seqno: 0 local: true peers { permanent_uuid: "bd867eefd0fb4569ba59456ab635269b" role: LEADER last_known_addr { host: "127.0.0.1" port: 34202 } }
I1102 12:55:01.237953 499 catalog_manager.cc:1127] Tablet: 2573470a7bb74a17b307d5c3b1bd2ef4 reported quorum change. New quorum: seqno: 0 local: true peers { permanent_uuid: "bd867eefd0fb4569ba59456ab635269b" role: LEADER last_known_addr { host: "127.0.0.1" port: 34202 } }
I1102 12:55:01.239397 499 catalog_manager.cc:1127] Tablet: 4b90b559889c47099e29aab46b6a3402 reported quorum change. New quorum: seqno: 0 local: true peers { permanent_uuid: "bd867eefd0fb4569ba59456ab635269b" role: LEADER last_known_addr { host: "127.0.0.1" port: 34202 } }
I1102 12:55:01.242799 503 catalog_manager.cc:437] CreateTable from {real_user=alex, eff_user=} at 127.0.0.1:33218: name: "client-testtb2" schema { columns { name: "key" type: UINT32 is_key: true is_nullable: false encoding: AUTO_ENCODING compression: DEFAULT_COMPRESSION } columns { name: "int_val" type: UINT32 is_key: false is_nullable: false encoding: AUTO_ENCODING compression: DEFAULT_COMPRESSION } columns { name: "string_val" type: STRING is_key: false is_nullable: true encoding: AUTO_ENCODING compression: DEFAULT_COMPRESSION } columns { name: "non_null_with_default" type: UINT32 is_key: false is_nullable: false read_default_value: "90\000\000" write_default_value: "90\000\000" encoding: AUTO_ENCODING compression: DEFAULT_COMPRESSION } } num_replicas: 1
I1102 12:55:01.249238 601 tablet_service.cc:264] Processing CreateTablet for tablet f6a199ec2dc349edba8de1a086d13be8 (table=client-testtb2 [id=94b178cd0bc349d1b6f45e7257fa9907]), range=["", ""]
I1102 12:55:01.252075 601 ts_tablet_manager.cc:460] Registered tablet f6a199ec2dc349edba8de1a086d13be8
I1102 12:55:01.252691 632 ts_tablet_manager.cc:325] Bootstrapping tablet: f6a199ec2dc349edba8de1a086d13be8
I1102 12:55:01.253844 632 tablet_bootstrap.cc:234] Tablet f6a199ec2dc349edba8de1a086d13be8: Bootstrap starting.
I1102 12:55:01.258579 632 tablet_bootstrap.cc:331] No previous blocks or log segments found for tablet: f6a199ec2dc349edba8de1a086d13be8 creating new one.
I1102 12:55:01.259804 632 tablet_bootstrap.cc:234] Tablet f6a199ec2dc349edba8de1a086d13be8: No bootstrap required, opened a new log
I1102 12:55:01.260104 632 ts_tablet_manager.cc:330] Time spent tablet f6a199ec2dc349edba8de1a086d13be8 bootstrap: real 0.007s user 0.005s sys 0.001s
I1102 12:55:01.261283 632 ts_tablet_manager.cc:350] Time spent starting tablet f6a199ec2dc349edba8de1a086d13be8: real 0.001s user 0.001s sys 0.000s
I1102 12:55:01.261643 642 tablet_peer.cc:213] Configuration changed for tablet: f6a199ec2dc349edba8de1a086d13be8 in peer: bd867eefd0fb4569ba59456ab635269b Changed from: seqno: -1 local: true peers { permanent_uuid: "bd867eefd0fb4569ba59456ab635269b" role: CANDIDATE last_known_addr { host: "127.0.0.1" port: 34202 } } Changed to: seqno: 0 local: true peers { permanent_uuid: "bd867eefd0fb4569ba59456ab635269b" role: LEADER last_known_addr { host: "127.0.0.1" port: 34202 } }
I1102 12:55:01.263324 501 catalog_manager.cc:1127] Tablet: f6a199ec2dc349edba8de1a086d13be8 reported quorum change. New quorum: seqno: 0 local: true peers { permanent_uuid: "bd867eefd0fb4569ba59456ab635269b" role: LEADER last_known_addr { host: "127.0.0.1" port: 34202 } }
W1102 12:55:01.270701 626 reactor.cc:199] Client call Write has no timeout set for connection id: {remote=127.0.0.1:34202, service_name=kudu.tserver.TabletServerService, user_credentials={real_user=alex, eff_user=}}
I1102 12:55:01.273994 31819 tablet_server.cc:114] TabletServer shutting down...
I1102 12:55:01.287091 31819 ts_tablet_manager.cc:402] Shutting down tablet manager...
I1102 12:55:01.287178 31819 maintenance_manager.cc:177] Unregistered op LogGCOp
I1102 12:55:01.287333 31819 tablet_peer.cc:231] Initiating TabletPeer shutdown for tablet: 2573470a7bb74a17b307d5c3b1bd2ef4
I1102 12:55:01.287367 31819 maintenance_manager.cc:177] Unregistered op FlushMRSOp(2573470a7bb74a17b307d5c3b1bd2ef4)
I1102 12:55:01.287392 31819 maintenance_manager.cc:177] Unregistered op CompactRowSetsOp(2573470a7bb74a17b307d5c3b1bd2ef4)
I1102 12:55:01.287407 31819 maintenance_manager.cc:177] Unregistered op FlushDeltaMemStoresOp(2573470a7bb74a17b307d5c3b1bd2ef4)
I1102 12:55:01.287988 31819 tablet_peer.cc:231] Initiating TabletPeer shutdown for tablet: f6a199ec2dc349edba8de1a086d13be8
I1102 12:55:01.288015 31819 maintenance_manager.cc:177] Unregistered op FlushMRSOp(f6a199ec2dc349edba8de1a086d13be8)
I1102 12:55:01.288038 31819 maintenance_manager.cc:177] Unregistered op CompactRowSetsOp(f6a199ec2dc349edba8de1a086d13be8)
I1102 12:55:01.288053 31819 maintenance_manager.cc:177] Unregistered op FlushDeltaMemStoresOp(f6a199ec2dc349edba8de1a086d13be8)
I1102 12:55:01.288516 31819 tablet_peer.cc:231] Initiating TabletPeer shutdown for tablet: 4b90b559889c47099e29aab46b6a3402
I1102 12:55:01.288543 31819 maintenance_manager.cc:177] Unregistered op FlushMRSOp(4b90b559889c47099e29aab46b6a3402)
I1102 12:55:01.288564 31819 maintenance_manager.cc:177] Unregistered op CompactRowSetsOp(4b90b559889c47099e29aab46b6a3402)
I1102 12:55:01.288578 31819 maintenance_manager.cc:177] Unregistered op FlushDeltaMemStoresOp(4b90b559889c47099e29aab46b6a3402)
I1102 12:55:01.296562 31819 tablet_server.cc:123] TabletServer shut down complete. Bye!
I1102 12:55:01.296597 31819 tablet_server.cc:114] TabletServer shutting down...
I1102 12:55:01.296650 31819 tablet_server.cc:123] TabletServer shut down complete. Bye!
I1102 12:55:01.297864 31819 master.cc:124] Master@127.0.0.1:54853 shutting down...
I1102 12:55:01.310695 31819 tablet_peer.cc:231] Initiating TabletPeer shutdown for tablet: 11111111111111111111111111111111
I1102 12:55:01.311709 31819 tablet_peer.cc:231] Initiating TabletPeer shutdown for tablet: 00000000000000000000000000000000
I1102 12:55:01.312620 31819 master.cc:127] Master@127.0.0.1:54853 shutdown complete. [ OK ] ClientTest.TestInsertSingleRowManualBatch (270 ms) [ RUN ] ClientTest.TestAsyncFlushResponseAfterSessionDropped
I1102 12:55:01.471582 31819 fs_manager.cc:130] Generated new instance metadata in path /tmp/kudutest-1000/client-test.ClientTest.TestAsyncFlushResponseAfterSessionDropped.1414961696528764-31819/minicluster-data/master-0-root/instance: uuid: "11863ad48f3c40fabe54e0889e71cf40" format_stamp: "Formatted at 2014-11-02 20:55:01 on qiwi"
I1102 12:55:01.471746 31819 fs_manager.cc:82] Opened local filesystem: /tmp/kudutest-1000/client-test.ClientTest.TestAsyncFlushResponseAfterSessionDropped.1414961696528764-31819/minicluster-data/master-0-root uuid: "11863ad48f3c40fabe54e0889e71cf40" format_stamp: "Formatted at 2014-11-02 20:55:01 on qiwi"
I1102 12:55:01.472674 31819 hybrid_clock.cc:119] HybridClock initialized. Resolution in nanos?: 1 Wait times tolerance adjustment: 1.0005 Current error: 493778
I1102 12:55:01.477468 31819 webserver.cc:108] Starting webserver on 0.0.0.0:0
I1102 12:55:01.477485 31819 webserver.cc:117] Document root disabled
I1102 12:55:01.477710 31819 webserver.cc:197] Webserver started. Bound to: 0.0.0.0:39163
I1102 12:55:01.478888 771 tablet_bootstrap.cc:234] Tablet 11111111111111111111111111111111: Bootstrap starting.
I1102 12:55:01.480810 771 tablet_bootstrap.cc:331] No previous blocks or log segments found for tablet: 11111111111111111111111111111111 creating new one.
I1102 12:55:01.481701 771 tablet_bootstrap.cc:234] Tablet 11111111111111111111111111111111: No bootstrap required, opened a new log
I1102 12:55:01.483078 773 tablet_peer.cc:213] Configuration changed for tablet: 11111111111111111111111111111111 in peer: 11863ad48f3c40fabe54e0889e71cf40 Changed from: seqno: 0 local: true peers { permanent_uuid: "11863ad48f3c40fabe54e0889e71cf40" role: LEADER } Changed to: seqno: 1 local: true peers { permanent_uuid: "11863ad48f3c40fabe54e0889e71cf40" role: LEADER }
I1102 12:55:01.483134 773 sys_tables.cc:217] SysTable state changed. New quorum config: seqno: 1 local: true peers { permanent_uuid: "11863ad48f3c40fabe54e0889e71cf40" role: LEADER }
I1102 12:55:01.483557 771 tablet_bootstrap.cc:234] Tablet 00000000000000000000000000000000: Bootstrap starting.
I1102 12:55:01.485695 771 tablet_bootstrap.cc:331] No previous blocks or log segments found for tablet: 00000000000000000000000000000000 creating new one.
I1102 12:55:01.486599 771 tablet_bootstrap.cc:234] Tablet 00000000000000000000000000000000: No bootstrap required, opened a new log
I1102 12:55:01.487774 771 sys_tables.cc:281] SysTable tablet configured and running, proceeding with master startup.
I1102 12:55:01.488067 777 tablet_peer.cc:213] Configuration changed for tablet: 00000000000000000000000000000000 in peer: 11863ad48f3c40fabe54e0889e71cf40 Changed from: seqno: 0 local: true peers { permanent_uuid: "11863ad48f3c40fabe54e0889e71cf40" role: LEADER } Changed to: seqno: 1 local: true peers { permanent_uuid: "11863ad48f3c40fabe54e0889e71cf40" role: LEADER }
I1102 12:55:01.488121 771 sys_tables.cc:281] SysTable tablet configured and running, proceeding with master startup.
I1102 12:55:01.488128 777 sys_tables.cc:217] SysTable state changed. New quorum config: seqno: 1 local: true peers { permanent_uuid: "11863ad48f3c40fabe54e0889e71cf40" role: LEADER }
I1102 12:55:01.499078 31819 fs_manager.cc:130] Generated new instance metadata in path /tmp/kudutest-1000/client-test.ClientTest.TestAsyncFlushResponseAfterSessionDropped.1414961696528764-31819/minicluster-data/ts-0-root/instance: uuid: "a8c8b386624e4320a4ea969247a6a14c" format_stamp: "Formatted at 2014-11-02 20:55:01 on qiwi"
I1102 12:55:01.499188 31819 fs_manager.cc:82] Opened local filesystem: /tmp/kudutest-1000/client-test.ClientTest.TestAsyncFlushResponseAfterSessionDropped.1414961696528764-31819/minicluster-data/ts-0-root uuid: "a8c8b386624e4320a4ea969247a6a14c" format_stamp: "Formatted at 2014-11-02 20:55:01 on qiwi"
I1102 12:55:01.500131 31819 hybrid_clock.cc:119] HybridClock initialized. Resolution in nanos?: 1 Wait times tolerance adjustment: 1.0005 Current error: 493778
I1102 12:55:01.504900 31819 webserver.cc:108] Starting webserver on 0.0.0.0:0
I1102 12:55:01.504921 31819 webserver.cc:117] Document root disabled
I1102 12:55:01.505190 31819 webserver.cc:197] Webserver started. Bound to: 0.0.0.0:43234
I1102 12:55:01.505321 31819 maintenance_manager.cc:118] MaintenanceManager: targeting memory size of 25.106701 GB
I1102 12:55:01.506739 820 heartbeater.cc:227] Registering TS with master...
I1102 12:55:01.506798 820 heartbeater.cc:233] Sending a full tablet report to master...
I1102 12:55:01.507140 662 ts_manager.cc:66] Registered new tablet server { permanent_uuid: "a8c8b386624e4320a4ea969247a6a14c" instance_seqno: 1414961701504616 } with Master
I1102 12:55:01.507684 31819 mini_cluster.cc:268] 1 TS(s) registered with Master after 0.00219121s
I1102 12:55:01.510570 664 catalog_manager.cc:437] CreateTable from {real_user=alex, eff_user=} at 127.0.0.1:58203: name: "client-testtb" schema { columns { name: "key" type: UINT32 is_key: true is_nullable: false encoding: AUTO_ENCODING compression: DEFAULT_COMPRESSION } columns { name: "int_val" type: UINT32 is_key: false is_nullable: false encoding: AUTO_ENCODING compression: DEFAULT_COMPRESSION } columns { name: "string_val" type: STRING is_key: false is_nullable: true encoding: AUTO_ENCODING compression: DEFAULT_COMPRESSION } columns { name: "non_null_with_default" type: UINT32 is_key: false is_nullable: false read_default_value: "90\000\000" write_default_value: "90\000\000" encoding: AUTO_ENCODING compression: DEFAULT_COMPRESSION } } pre_split_keys: "\000\000\000\t" num_replicas: 1
I1102 12:55:01.515741 798 tablet_service.cc:264] Processing CreateTablet for tablet 449fc0f2541e4a3781e4abd496a1874c (table=client-testtb [id=346817a80628402cba5e9563f11e1bcb]), range=["", "\x00\x00\x00\t"]
I1102 12:55:01.515802 799 tablet_service.cc:264] Processing CreateTablet for tablet b63ba6681236470e932bdea2f31ca983 (table=client-testtb [id=346817a80628402cba5e9563f11e1bcb]), range=["\x00\x00\x00\t", ""]
I1102 12:55:01.516649 798 ts_tablet_manager.cc:460] Registered tablet 449fc0f2541e4a3781e4abd496a1874c
I1102 12:55:01.516746 799 ts_tablet_manager.cc:460] Registered tablet b63ba6681236470e932bdea2f31ca983
I1102 12:55:01.517034 829 ts_tablet_manager.cc:325] Bootstrapping tablet: 449fc0f2541e4a3781e4abd496a1874c
I1102 12:55:01.517066 830 ts_tablet_manager.cc:325] Bootstrapping tablet: b63ba6681236470e932bdea2f31ca983
I1102 12:55:01.517415 829 tablet_bootstrap.cc:234] Tablet 449fc0f2541e4a3781e4abd496a1874c: Bootstrap starting.
I1102 12:55:01.517434 830 tablet_bootstrap.cc:234] Tablet b63ba6681236470e932bdea2f31ca983: Bootstrap starting.
I1102 12:55:01.519531 829 tablet_bootstrap.cc:331] No previous blocks or log segments found for tablet: 449fc0f2541e4a3781e4abd496a1874c creating new one.
I1102 12:55:01.519572 830 tablet_bootstrap.cc:331] No previous blocks or log segments found for tablet: b63ba6681236470e932bdea2f31ca983 creating new one.
I1102 12:55:01.520784 829 tablet_bootstrap.cc:234] Tablet 449fc0f2541e4a3781e4abd496a1874c: No bootstrap required, opened a new log
I1102 12:55:01.520812 830 tablet_bootstrap.cc:234] Tablet b63ba6681236470e932bdea2f31ca983: No bootstrap required, opened a new log
I1102 12:55:01.520975 829 ts_tablet_manager.cc:330] Time spent tablet 449fc0f2541e4a3781e4abd496a1874c bootstrap: real 0.004s user 0.003s sys 0.001s
I1102 12:55:01.520997 830 ts_tablet_manager.cc:330] Time spent tablet b63ba6681236470e932bdea2f31ca983 bootstrap: real 0.004s user 0.002s sys 0.001s
I1102 12:55:01.522351 830 ts_tablet_manager.cc:350] Time spent starting tablet b63ba6681236470e932bdea2f31ca983: real 0.001s user 0.001s sys 0.000s
I1102 12:55:01.522373 829 ts_tablet_manager.cc:350] Time spent starting tablet 449fc0f2541e4a3781e4abd496a1874c: real 0.001s user 0.001s sys 0.000s
I1102 12:55:01.522941 833 tablet_peer.cc:213] Configuration changed for tablet: 449fc0f2541e4a3781e4abd496a1874c in peer: a8c8b386624e4320a4ea969247a6a14c Changed from: seqno: -1 local: true peers { permanent_uuid: "a8c8b386624e4320a4ea969247a6a14c" role: CANDIDATE last_known_addr { host: "127.0.0.1" port: 52229 } } Changed to: seqno: 0 local: true peers { permanent_uuid: "a8c8b386624e4320a4ea969247a6a14c" role: LEADER last_known_addr { host: "127.0.0.1" port: 52229 } }
I1102 12:55:01.522963 834 tablet_peer.cc:213] Configuration changed for tablet: b63ba6681236470e932bdea2f31ca983 in peer: a8c8b386624e4320a4ea969247a6a14c Changed from: seqno: -1 local: true peers { permanent_uuid: "a8c8b386624e4320a4ea969247a6a14c" role: CANDIDATE last_known_addr { host: "127.0.0.1" port: 52229 } } Changed to: seqno: 0 local: true peers { permanent_uuid: "a8c8b386624e4320a4ea969247a6a14c" role: LEADER last_known_addr { host: "127.0.0.1" port: 52229 } }
I1102 12:55:01.528568 662 catalog_manager.cc:1127] Tablet: 449fc0f2541e4a3781e4abd496a1874c reported quorum change. New quorum: seqno: 0 local: true peers { permanent_uuid: "a8c8b386624e4320a4ea969247a6a14c" role: LEADER last_known_addr { host: "127.0.0.1" port: 52229 } }
I1102 12:55:01.530298 662 catalog_manager.cc:1127] Tablet: b63ba6681236470e932bdea2f31ca983 reported quorum change. New quorum: seqno: 0 local: true peers { permanent_uuid: "a8c8b386624e4320a4ea969247a6a14c" role: LEADER last_known_addr { host: "127.0.0.1" port: 52229 } }
I1102 12:55:01.542223 667 catalog_manager.cc:437] CreateTable from {real_user=alex, eff_user=} at 127.0.0.1:58203: name: "client-testtb2" schema { columns { name: "key" type: UINT32 is_key: true is_nullable: false encoding: AUTO_ENCODING compression: DEFAULT_COMPRESSION } columns { name: "int_val" type: UINT32 is_key: false is_nullable: false encoding: AUTO_ENCODING compression: DEFAULT_COMPRESSION } columns { name: "string_val" type: STRING is_key: false is_nullable: true encoding: AUTO_ENCODING compression: DEFAULT_COMPRESSION } columns { name: "non_null_with_default" type: UINT32 is_key: false is_nullable: false read_default_value: "90\000\000" write_default_value: "90\000\000" encoding: AUTO_ENCODING compression: DEFAULT_COMPRESSION } } num_replicas: 1
I1102 12:55:01.550052 800 tablet_service.cc:264] Processing CreateTablet for tablet 5ef5019faf884d08bcb7d621e054cad5 (table=client-testtb2 [id=cea2654a1f474073a22efec487d3b48f]), range=["", ""]
I1102 12:55:01.551420 800 ts_tablet_manager.cc:460] Registered tablet 5ef5019faf884d08bcb7d621e054cad5
I1102 12:55:01.551574 830 ts_tablet_manager.cc:325] Bootstrapping tablet: 5ef5019faf884d08bcb7d621e054cad5
I1102 12:55:01.552217 830 tablet_bootstrap.cc:234] Tablet 5ef5019faf884d08bcb7d621e054cad5: Bootstrap starting.
I1102 12:55:01.556015 830 tablet_bootstrap.cc:331] No previous blocks or log segments found for tablet: 5ef5019faf884d08bcb7d621e054cad5 creating new one.
I1102 12:55:01.557432 830 tablet_bootstrap.cc:234] Tablet 5ef5019faf884d08bcb7d621e054cad5: No bootstrap required, opened a new log
I1102 12:55:01.557641 830 ts_tablet_manager.cc:330] Time spent tablet 5ef5019faf884d08bcb7d621e054cad5 bootstrap: real 0.006s user 0.004s sys 0.001s
