I1102 12:55:04.512570 1550 tablet_peer.cc:213] Configuration changed for tablet: 8e466d4003d440a4b90dda3530a78960 in peer: 731411e1d10144719c66062858cfba2e Changed from: seqno: -1 local: true peers { permanent_uuid: "731411e1d10144719c66062858cfba2e" role: CANDIDATE last_known_addr { host: "127.0.0.1" port: 32837 } } Changed to: seqno: 0 local: true peers { permanent_uuid: "731411e1d10144719c66062858cfba2e" role: LEADER last_known_addr { host: "127.0.0.1" port: 32837 } }
I1102 12:55:04.518661 1460 catalog_manager.cc:1127] Tablet: 8e466d4003d440a4b90dda3530a78960 reported quorum change. New quorum: seqno: 0 local: true peers { permanent_uuid: "731411e1d10144719c66062858cfba2e" role: LEADER last_known_addr { host: "127.0.0.1" port: 32837 } }
W1102 12:55:04.524971 31819 client.cc:427] Closing Session with pending operations.
I1102 12:55:04.536631 31819 tablet_server.cc:114] TabletServer shutting down...
I1102 12:55:04.554267 31819 ts_tablet_manager.cc:402] Shutting down tablet manager...
I1102 12:55:04.554467 31819 maintenance_manager.cc:177] Unregistered op LogGCOp
I1102 12:55:04.554811 31819 tablet_peer.cc:231] Initiating TabletPeer shutdown for tablet: 8e466d4003d440a4b90dda3530a78960
I1102 12:55:04.554911 31819 maintenance_manager.cc:177] Unregistered op FlushMRSOp(8e466d4003d440a4b90dda3530a78960)
I1102 12:55:04.554980 31819 maintenance_manager.cc:177] Unregistered op CompactRowSetsOp(8e466d4003d440a4b90dda3530a78960)
I1102 12:55:04.555016 31819 maintenance_manager.cc:177] Unregistered op FlushDeltaMemStoresOp(8e466d4003d440a4b90dda3530a78960)
I1102 12:55:04.556318 31819 tablet_peer.cc:231] Initiating TabletPeer shutdown for tablet: 93e35f573f034e2fbe320af76f28b6eb
I1102 12:55:04.556388 31819 maintenance_manager.cc:177] Unregistered op FlushMRSOp(93e35f573f034e2fbe320af76f28b6eb)
I1102 12:55:04.563282 31819 maintenance_manager.cc:177] Unregistered op CompactRowSetsOp(93e35f573f034e2fbe320af76f28b6eb)
I1102 12:55:04.563313 31819 maintenance_manager.cc:177] Unregistered op FlushDeltaMemStoresOp(93e35f573f034e2fbe320af76f28b6eb)
I1102 12:55:04.564378 31819 tablet_peer.cc:231] Initiating TabletPeer shutdown for tablet: 23a3a305a236458597c77c74206c85a3
I1102 12:55:04.564424 31819 maintenance_manager.cc:177] Unregistered op FlushMRSOp(23a3a305a236458597c77c74206c85a3)
I1102 12:55:04.564447 31819 maintenance_manager.cc:177] Unregistered op CompactRowSetsOp(23a3a305a236458597c77c74206c85a3)
I1102 12:55:04.564465 31819 maintenance_manager.cc:177] Unregistered op FlushDeltaMemStoresOp(23a3a305a236458597c77c74206c85a3)
I1102 12:55:04.570823 31819 tablet_server.cc:123] TabletServer shut down complete. Bye!
I1102 12:55:04.570839 31819 tablet_server.cc:114] TabletServer shutting down...
I1102 12:55:04.570866 31819 tablet_server.cc:123] TabletServer shut down complete. Bye!
I1102 12:55:04.571632 31819 master.cc:124] Master@127.0.0.1:51344 shutting down...
I1102 12:55:04.583287 31819 tablet_peer.cc:231] Initiating TabletPeer shutdown for tablet: 11111111111111111111111111111111
I1102 12:55:04.583739 31819 tablet_peer.cc:231] Initiating TabletPeer shutdown for tablet: 00000000000000000000000000000000
I1102 12:55:04.584112 31819 master.cc:127] Master@127.0.0.1:51344 shutdown complete. [ OK ] ClientTest.TestApplyToSessionWithoutFlushing_OpsInFlight (311 ms) [ RUN ] ClientTest.TestApplyToSessionWithoutFlushing_OpsBuffered
I1102 12:55:04.730007 31819 fs_manager.cc:130] Generated new instance metadata in path /tmp/kudutest-1000/client-test.ClientTest.TestApplyToSessionWithoutFlushing_OpsBuffered.1414961696528764-31819/minicluster-data/master-0-root/instance: uuid: "4c10185009f04208a6e891f45eff63f2" format_stamp: "Formatted at 2014-11-02 20:55:04 on qiwi"
I1102 12:55:04.730110 31819 fs_manager.cc:82] Opened local filesystem: /tmp/kudutest-1000/client-test.ClientTest.TestApplyToSessionWithoutFlushing_OpsBuffered.1414961696528764-31819/minicluster-data/master-0-root uuid: "4c10185009f04208a6e891f45eff63f2" format_stamp: "Formatted at 2014-11-02 20:55:04 on qiwi"
I1102 12:55:04.730948 31819 hybrid_clock.cc:119] HybridClock initialized. Resolution in nanos?: 1 Wait times tolerance adjustment: 1.0005 Current error: 495278
I1102 12:55:04.733659 31819 webserver.cc:108] Starting webserver on 0.0.0.0:0
I1102 12:55:04.733675 31819 webserver.cc:117] Document root disabled
I1102 12:55:04.733877 31819 webserver.cc:197] Webserver started. Bound to: 0.0.0.0:52058
I1102 12:55:04.735149 1579 tablet_bootstrap.cc:234] Tablet 11111111111111111111111111111111: Bootstrap starting.
I1102 12:55:04.737184 1579 tablet_bootstrap.cc:331] No previous blocks or log segments found for tablet: 11111111111111111111111111111111 creating new one.
I1102 12:55:04.738026 1579 tablet_bootstrap.cc:234] Tablet 11111111111111111111111111111111: No bootstrap required, opened a new log
I1102 12:55:04.739398 1581 tablet_peer.cc:213] Configuration changed for tablet: 11111111111111111111111111111111 in peer: 4c10185009f04208a6e891f45eff63f2 Changed from: seqno: 0 local: true peers { permanent_uuid: "4c10185009f04208a6e891f45eff63f2" role: LEADER } Changed to: seqno: 1 local: true peers { permanent_uuid: "4c10185009f04208a6e891f45eff63f2" role: LEADER }
I1102 12:55:04.739454 1581 sys_tables.cc:217] SysTable state changed. New quorum config: seqno: 1 local: true peers { permanent_uuid: "4c10185009f04208a6e891f45eff63f2" role: LEADER }
I1102 12:55:04.739915 1579 tablet_bootstrap.cc:234] Tablet 00000000000000000000000000000000: Bootstrap starting.
I1102 12:55:04.741914 1579 tablet_bootstrap.cc:331] No previous blocks or log segments found for tablet: 00000000000000000000000000000000 creating new one.
I1102 12:55:04.742739 1579 tablet_bootstrap.cc:234] Tablet 00000000000000000000000000000000: No bootstrap required, opened a new log
I1102 12:55:04.743737 1579 sys_tables.cc:281] SysTable tablet configured and running, proceeding with master startup.
I1102 12:55:04.744103 1585 tablet_peer.cc:213] Configuration changed for tablet: 00000000000000000000000000000000 in peer: 4c10185009f04208a6e891f45eff63f2 Changed from: seqno: 0 local: true peers { permanent_uuid: "4c10185009f04208a6e891f45eff63f2" role: LEADER } Changed to: seqno: 1 local: true peers { permanent_uuid: "4c10185009f04208a6e891f45eff63f2" role: LEADER }
I1102 12:55:04.744153 1579 sys_tables.cc:281] SysTable tablet configured and running, proceeding with master startup.
I1102 12:55:04.744158 1585 sys_tables.cc:217] SysTable state changed. New quorum config: seqno: 1 local: true peers { permanent_uuid: "4c10185009f04208a6e891f45eff63f2" role: LEADER }
I1102 12:55:04.756170 31819 fs_manager.cc:130] Generated new instance metadata in path /tmp/kudutest-1000/client-test.ClientTest.TestApplyToSessionWithoutFlushing_OpsBuffered.1414961696528764-31819/minicluster-data/ts-0-root/instance: uuid: "2a0fe46c06ed4be8bcb0c977eb160888" format_stamp: "Formatted at 2014-11-02 20:55:04 on qiwi"
I1102 12:55:04.756259 31819 fs_manager.cc:82] Opened local filesystem: /tmp/kudutest-1000/client-test.ClientTest.TestApplyToSessionWithoutFlushing_OpsBuffered.1414961696528764-31819/minicluster-data/ts-0-root uuid: "2a0fe46c06ed4be8bcb0c977eb160888" format_stamp: "Formatted at 2014-11-02 20:55:04 on qiwi"
I1102 12:55:04.757112 31819 hybrid_clock.cc:119] HybridClock initialized. Resolution in nanos?: 1 Wait times tolerance adjustment: 1.0005 Current error: 495278
I1102 12:55:04.761309 31819 webserver.cc:108] Starting webserver on 0.0.0.0:0
I1102 12:55:04.761327 31819 webserver.cc:117] Document root disabled
I1102 12:55:04.761544 31819 webserver.cc:197] Webserver started. Bound to: 0.0.0.0:57636
I1102 12:55:04.761668 31819 maintenance_manager.cc:118] MaintenanceManager: targeting memory size of 25.106701 GB
I1102 12:55:04.763043 1629 heartbeater.cc:227] Registering TS with master...
I1102 12:55:04.763092 1629 heartbeater.cc:233] Sending a full tablet report to master...
I1102 12:55:04.763401 1558 ts_manager.cc:66] Registered new tablet server { permanent_uuid: "2a0fe46c06ed4be8bcb0c977eb160888" instance_seqno: 1414961704761043 } with Master
I1102 12:55:04.764015 31819 mini_cluster.cc:268] 1 TS(s) registered with Master after 0.00217418s
I1102 12:55:04.766856 1560 catalog_manager.cc:437] CreateTable from {real_user=alex, eff_user=} at 127.0.0.1:55279: name: "client-testtb" schema { columns { name: "key" type: UINT32 is_key: true is_nullable: false encoding: AUTO_ENCODING compression: DEFAULT_COMPRESSION } columns { name: "int_val" type: UINT32 is_key: false is_nullable: false encoding: AUTO_ENCODING compression: DEFAULT_COMPRESSION } columns { name: "string_val" type: STRING is_key: false is_nullable: true encoding: AUTO_ENCODING compression: DEFAULT_COMPRESSION } columns { name: "non_null_with_default" type: UINT32 is_key: false is_nullable: false read_default_value: "90\000\000" write_default_value: "90\000\000" encoding: AUTO_ENCODING compression: DEFAULT_COMPRESSION } } pre_split_keys: "\000\000\000\t" num_replicas: 1
I1102 12:55:04.772100 1606 tablet_service.cc:264] Processing CreateTablet for tablet 33c9287806eb49b993d596ec809738c1 (table=client-testtb [id=6093beae73b740358bbad61b8b675a6a]), range=["", "\x00\x00\x00\t"]
I1102 12:55:04.772146 1608 tablet_service.cc:264] Processing CreateTablet for tablet 11710bcc05da4accb284fefc5032d8f6 (table=client-testtb [id=6093beae73b740358bbad61b8b675a6a]), range=["\x00\x00\x00\t", ""]
I1102 12:55:04.772951 1606 ts_tablet_manager.cc:460] Registered tablet 33c9287806eb49b993d596ec809738c1
I1102 12:55:04.772995 1608 ts_tablet_manager.cc:460] Registered tablet 11710bcc05da4accb284fefc5032d8f6
I1102 12:55:04.773397 1638 ts_tablet_manager.cc:325] Bootstrapping tablet: 33c9287806eb49b993d596ec809738c1
I1102 12:55:04.773416 1639 ts_tablet_manager.cc:325] Bootstrapping tablet: 11710bcc05da4accb284fefc5032d8f6
I1102 12:55:04.773784 1639 tablet_bootstrap.cc:234] Tablet 11710bcc05da4accb284fefc5032d8f6: Bootstrap starting.
I1102 12:55:04.773798 1638 tablet_bootstrap.cc:234] Tablet 33c9287806eb49b993d596ec809738c1: Bootstrap starting.
I1102 12:55:04.775813 1639 tablet_bootstrap.cc:331] No previous blocks or log segments found for tablet: 11710bcc05da4accb284fefc5032d8f6 creating new one.
I1102 12:55:04.775842 1638 tablet_bootstrap.cc:331] No previous blocks or log segments found for tablet: 33c9287806eb49b993d596ec809738c1 creating new one.
I1102 12:55:04.777287 1638 tablet_bootstrap.cc:234] Tablet 33c9287806eb49b993d596ec809738c1: No bootstrap required, opened a new log
I1102 12:55:04.777287 1639 tablet_bootstrap.cc:234] Tablet 11710bcc05da4accb284fefc5032d8f6: No bootstrap required, opened a new log
I1102 12:55:04.777478 1639 ts_tablet_manager.cc:330] Time spent tablet 11710bcc05da4accb284fefc5032d8f6 bootstrap: real 0.004s user 0.003s sys 0.001s
I1102 12:55:04.777478 1638 ts_tablet_manager.cc:330] Time spent tablet 33c9287806eb49b993d596ec809738c1 bootstrap: real 0.004s user 0.003s sys 0.001s
I1102 12:55:04.778625 1638 ts_tablet_manager.cc:350] Time spent starting tablet 33c9287806eb49b993d596ec809738c1: real 0.001s user 0.001s sys 0.000s
I1102 12:55:04.778694 1639 ts_tablet_manager.cc:350] Time spent starting tablet 11710bcc05da4accb284fefc5032d8f6: real 0.001s user 0.001s sys 0.000s
I1102 12:55:04.778970 1642 tablet_peer.cc:213] Configuration changed for tablet: 33c9287806eb49b993d596ec809738c1 in peer: 2a0fe46c06ed4be8bcb0c977eb160888 Changed from: seqno: -1 local: true peers { permanent_uuid: "2a0fe46c06ed4be8bcb0c977eb160888" role: CANDIDATE last_known_addr { host: "127.0.0.1" port: 40525 } } Changed to: seqno: 0 local: true peers { permanent_uuid: "2a0fe46c06ed4be8bcb0c977eb160888" role: LEADER last_known_addr { host: "127.0.0.1" port: 40525 } }
I1102 12:55:04.779120 1643 tablet_peer.cc:213] Configuration changed for tablet: 11710bcc05da4accb284fefc5032d8f6 in peer: 2a0fe46c06ed4be8bcb0c977eb160888 Changed from: seqno: -1 local: true peers { permanent_uuid: "2a0fe46c06ed4be8bcb0c977eb160888" role: CANDIDATE last_known_addr { host: "127.0.0.1" port: 40525 } } Changed to: seqno: 0 local: true peers { permanent_uuid: "2a0fe46c06ed4be8bcb0c977eb160888" role: LEADER last_known_addr { host: "127.0.0.1" port: 40525 } }
I1102 12:55:04.784708 1558 catalog_manager.cc:1127] Tablet: 33c9287806eb49b993d596ec809738c1 reported quorum change. New quorum: seqno: 0 local: true peers { permanent_uuid: "2a0fe46c06ed4be8bcb0c977eb160888" role: LEADER last_known_addr { host: "127.0.0.1" port: 40525 } }
I1102 12:55:04.786715 1558 catalog_manager.cc:1127] Tablet: 11710bcc05da4accb284fefc5032d8f6 reported quorum change. New quorum: seqno: 0 local: true peers { permanent_uuid: "2a0fe46c06ed4be8bcb0c977eb160888" role: LEADER last_known_addr { host: "127.0.0.1" port: 40525 } }
I1102 12:55:04.796144 1563 catalog_manager.cc:437] CreateTable from {real_user=alex, eff_user=} at 127.0.0.1:55279: name: "client-testtb2" schema { columns { name: "key" type: UINT32 is_key: true is_nullable: false encoding: AUTO_ENCODING compression: DEFAULT_COMPRESSION } columns { name: "int_val" type: UINT32 is_key: false is_nullable: false encoding: AUTO_ENCODING compression: DEFAULT_COMPRESSION } columns { name: "string_val" type: STRING is_key: false is_nullable: true encoding: AUTO_ENCODING compression: DEFAULT_COMPRESSION } columns { name: "non_null_with_default" type: UINT32 is_key: false is_nullable: false read_default_value: "90\000\000" write_default_value: "90\000\000" encoding: AUTO_ENCODING compression: DEFAULT_COMPRESSION } } num_replicas: 1
I1102 12:55:04.802805 1609 tablet_service.cc:264] Processing CreateTablet for tablet ca6995f8752644a68fee54c3c2facf05 (table=client-testtb2 [id=7550af3927c34837a7e9b7717c79135d]), range=["", ""]
I1102 12:55:04.804191 1609 ts_tablet_manager.cc:460] Registered tablet ca6995f8752644a68fee54c3c2facf05
I1102 12:55:04.804321 1638 ts_tablet_manager.cc:325] Bootstrapping tablet: ca6995f8752644a68fee54c3c2facf05
I1102 12:55:04.805016 1638 tablet_bootstrap.cc:234] Tablet ca6995f8752644a68fee54c3c2facf05: Bootstrap starting.
I1102 12:55:04.810005 1638 tablet_bootstrap.cc:331] No previous blocks or log segments found for tablet: ca6995f8752644a68fee54c3c2facf05 creating new one.
I1102 12:55:04.810947 1638 tablet_bootstrap.cc:234] Tablet ca6995f8752644a68fee54c3c2facf05: No bootstrap required, opened a new log
I1102 12:55:04.811120 1638 ts_tablet_manager.cc:330] Time spent tablet ca6995f8752644a68fee54c3c2facf05 bootstrap: real 0.007s user 0.005s sys 0.001s
I1102 12:55:04.812055 1638 ts_tablet_manager.cc:350] Time spent starting tablet ca6995f8752644a68fee54c3c2facf05: real 0.001s user 0.000s sys 0.000s
I1102 12:55:04.812296 1649 tablet_peer.cc:213] Configuration changed for tablet: ca6995f8752644a68fee54c3c2facf05 in peer: 2a0fe46c06ed4be8bcb0c977eb160888 Changed from: seqno: -1 local: true peers { permanent_uuid: "2a0fe46c06ed4be8bcb0c977eb160888" role: CANDIDATE last_known_addr { host: "127.0.0.1" port: 40525 } } Changed to: seqno: 0 local: true peers { permanent_uuid: "2a0fe46c06ed4be8bcb0c977eb160888" role: LEADER last_known_addr { host: "127.0.0.1" port: 40525 } }
I1102 12:55:04.821159 1564 catalog_manager.cc:1127] Tablet: ca6995f8752644a68fee54c3c2facf05 reported quorum change. New quorum: seqno: 0 local: true peers { permanent_uuid: "2a0fe46c06ed4be8bcb0c977eb160888" role: LEADER last_known_addr { host: "127.0.0.1" port: 40525 } }
W1102 12:55:04.836956 31819 client.cc:427] Closing Session with pending operations.
I1102 12:55:04.840528 31819 tablet_server.cc:114] TabletServer shutting down...
I1102 12:55:04.852872 31819 ts_tablet_manager.cc:402] Shutting down tablet manager...
I1102 12:55:04.852929 31819 maintenance_manager.cc:177] Unregistered op LogGCOp
I1102 12:55:04.853034 31819 tablet_peer.cc:231] Initiating TabletPeer shutdown for tablet: ca6995f8752644a68fee54c3c2facf05
I1102 12:55:04.853061 31819 maintenance_manager.cc:177] Unregistered op FlushMRSOp(ca6995f8752644a68fee54c3c2facf05)
I1102 12:55:04.853080 31819 maintenance_manager.cc:177] Unregistered op CompactRowSetsOp(ca6995f8752644a68fee54c3c2facf05)
I1102 12:55:04.853092 31819 maintenance_manager.cc:177] Unregistered op FlushDeltaMemStoresOp(ca6995f8752644a68fee54c3c2facf05)
I1102 12:55:04.853552 31819 tablet_peer.cc:231] Initiating TabletPeer shutdown for tablet: 33c9287806eb49b993d596ec809738c1
I1102 12:55:04.853582 31819 maintenance_manager.cc:177] Unregistered op FlushMRSOp(33c9287806eb49b993d596ec809738c1)
I1102 12:55:04.853595 31819 maintenance_manager.cc:177] Unregistered op CompactRowSetsOp(33c9287806eb49b993d596ec809738c1)
I1102 12:55:04.853610 31819 maintenance_manager.cc:177] Unregistered op FlushDeltaMemStoresOp(33c9287806eb49b993d596ec809738c1)
I1102 12:55:04.854182 31819 tablet_peer.cc:231] Initiating TabletPeer shutdown for tablet: 11710bcc05da4accb284fefc5032d8f6
I1102 12:55:04.854204 31819 maintenance_manager.cc:177] Unregistered op FlushMRSOp(11710bcc05da4accb284fefc5032d8f6)
I1102 12:55:04.854223 31819 maintenance_manager.cc:177] Unregistered op CompactRowSetsOp(11710bcc05da4accb284fefc5032d8f6)
I1102 12:55:04.854233 31819 maintenance_manager.cc:177] Unregistered op FlushDeltaMemStoresOp(11710bcc05da4accb284fefc5032d8f6)
I1102 12:55:04.857868 31819 tablet_server.cc:123] TabletServer shut down complete. Bye!
I1102 12:55:04.857892 31819 tablet_server.cc:114] TabletServer shutting down...
I1102 12:55:04.857919 31819 tablet_server.cc:123] TabletServer shut down complete. Bye!
I1102 12:55:04.858793 31819 master.cc:124] Master@127.0.0.1:58002 shutting down...
I1102 12:55:04.870235 31819 tablet_peer.cc:231] Initiating TabletPeer shutdown for tablet: 11111111111111111111111111111111
I1102 12:55:04.870656 31819 tablet_peer.cc:231] Initiating TabletPeer shutdown for tablet: 00000000000000000000000000000000
I1102 12:55:04.871047 31819 master.cc:127] Master@127.0.0.1:58002 shutdown complete. [ OK ] ClientTest.TestApplyToSessionWithoutFlushing_OpsBuffered (291 ms) [ RUN ] ClientTest.TestMutationsWork
I1102 12:55:05.030622 31819 fs_manager.cc:130] Generated new instance metadata in path /tmp/kudutest-1000/client-test.ClientTest.TestMutationsWork.1414961696528764-31819/minicluster-data/master-0-root/instance: uuid: "a4bd2f19f21f4432818e3612983c753d" format_stamp: "Formatted at 2014-11-02 20:55:04 on qiwi"
I1102 12:55:05.030725 31819 fs_manager.cc:82] Opened local filesystem: /tmp/kudutest-1000/client-test.ClientTest.TestMutationsWork.1414961696528764-31819/minicluster-data/master-0-root uuid: "a4bd2f19f21f4432818e3612983c753d" format_stamp: "Formatted at 2014-11-02 20:55:04 on qiwi"
I1102 12:55:05.031575 31819 hybrid_clock.cc:119] HybridClock initialized. Resolution in nanos?: 1 Wait times tolerance adjustment: 1.0005 Current error: 495778
I1102 12:55:05.034303 31819 webserver.cc:108] Starting webserver on 0.0.0.0:0
I1102 12:55:05.034318 31819 webserver.cc:117] Document root disabled
I1102 12:55:05.034517 31819 webserver.cc:197] Webserver started. Bound to: 0.0.0.0:37511
I1102 12:55:05.035768 1678 tablet_bootstrap.cc:234] Tablet 11111111111111111111111111111111: Bootstrap starting.
I1102 12:55:05.037787 1678 tablet_bootstrap.cc:331] No previous blocks or log segments found for tablet: 11111111111111111111111111111111 creating new one.
I1102 12:55:05.038638 1678 tablet_bootstrap.cc:234] Tablet 11111111111111111111111111111111: No bootstrap required, opened a new log
I1102 12:55:05.040144 1680 tablet_peer.cc:213] Configuration changed for tablet: 11111111111111111111111111111111 in peer: a4bd2f19f21f4432818e3612983c753d Changed from: seqno: 0 local: true peers { permanent_uuid: "a4bd2f19f21f4432818e3612983c753d" role: LEADER } Changed to: seqno: 1 local: true peers { permanent_uuid: "a4bd2f19f21f4432818e3612983c753d" role: LEADER }
I1102 12:55:05.040202 1680 sys_tables.cc:217] SysTable state changed. New quorum config: seqno: 1 local: true peers { permanent_uuid: "a4bd2f19f21f4432818e3612983c753d" role: LEADER }
I1102 12:55:05.040566 1678 tablet_bootstrap.cc:234] Tablet 00000000000000000000000000000000: Bootstrap starting.
I1102 12:55:05.042567 1678 tablet_bootstrap.cc:331] No previous blocks or log segments found for tablet: 00000000000000000000000000000000 creating new one.
I1102 12:55:05.043406 1678 tablet_bootstrap.cc:234] Tablet 00000000000000000000000000000000: No bootstrap required, opened a new log
I1102 12:55:05.044420 1678 sys_tables.cc:281] SysTable tablet configured and running, proceeding with master startup.
I1102 12:55:05.044821 1685 tablet_peer.cc:213] Configuration changed for tablet: 00000000000000000000000000000000 in peer: a4bd2f19f21f4432818e3612983c753d Changed from: seqno: 0 local: true peers { permanent_uuid: "a4bd2f19f21f4432818e3612983c753d" role: LEADER } Changed to: seqno: 1 local: true peers { permanent_uuid: "a4bd2f19f21f4432818e3612983c753d" role: LEADER }
I1102 12:55:05.044880 1678 sys_tables.cc:281] SysTable tablet configured and running, proceeding with master startup.
I1102 12:55:05.044883 1685 sys_tables.cc:217] SysTable state changed. New quorum config: seqno: 1 local: true peers { permanent_uuid: "a4bd2f19f21f4432818e3612983c753d" role: LEADER }
I1102 12:55:05.057035 31819 fs_manager.cc:130] Generated new instance metadata in path /tmp/kudutest-1000/client-test.ClientTest.TestMutationsWork.1414961696528764-31819/minicluster-data/ts-0-root/instance: uuid: "afd53eaf046346b38b78e7947f536e8d" format_stamp: "Formatted at 2014-11-02 20:55:05 on qiwi"
I1102 12:55:05.057135 31819 fs_manager.cc:82] Opened local filesystem: /tmp/kudutest-1000/client-test.ClientTest.TestMutationsWork.1414961696528764-31819/minicluster-data/ts-0-root uuid: "afd53eaf046346b38b78e7947f536e8d" format_stamp: "Formatted at 2014-11-02 20:55:05 on qiwi"
I1102 12:55:05.057993 31819 hybrid_clock.cc:119] HybridClock initialized. Resolution in nanos?: 1 Wait times tolerance adjustment: 1.0005 Current error: 495778
I1102 12:55:05.062295 31819 webserver.cc:108] Starting webserver on 0.0.0.0:0
I1102 12:55:05.062314 31819 webserver.cc:117] Document root disabled
I1102 12:55:05.062540 31819 webserver.cc:197] Webserver started. Bound to: 0.0.0.0:40989
I1102 12:55:05.062671 31819 maintenance_manager.cc:118] MaintenanceManager: targeting memory size of 25.106701 GB
I1102 12:55:05.064144 1730 heartbeater.cc:227] Registering TS with master...
I1102 12:55:05.064195 1730 heartbeater.cc:233] Sending a full tablet report to master...
I1102 12:55:05.064514 1657 ts_manager.cc:66] Registered new tablet server { permanent_uuid: "afd53eaf046346b38b78e7947f536e8d" instance_seqno: 1414961705062025 } with Master
I1102 12:55:05.065016 31819 mini_cluster.cc:268] 1 TS(s) registered with Master after 0.00216081s
I1102 12:55:05.067853 1659 catalog_manager.cc:437] CreateTable from {real_user=alex, eff_user=} at 127.0.0.1:45306: name: "client-testtb" schema { columns { name: "key" type: UINT32 is_key: true is_nullable: false encoding: AUTO_ENCODING compression: DEFAULT_COMPRESSION } columns { name: "int_val" type: UINT32 is_key: false is_nullable: false encoding: AUTO_ENCODING compression: DEFAULT_COMPRESSION } columns { name: "string_val" type: STRING is_key: false is_nullable: true encoding: AUTO_ENCODING compression: DEFAULT_COMPRESSION } columns { name: "non_null_with_default" type: UINT32 is_key: false is_nullable: false read_default_value: "90\000\000" write_default_value: "90\000\000" encoding: AUTO_ENCODING compression: DEFAULT_COMPRESSION } } pre_split_keys: "\000\000\000\t" num_replicas: 1
I1102 12:55:05.073366 1707 tablet_service.cc:264] Processing CreateTablet for tablet ad0777bbc8564365b9462cae7eb31ac8 (table=client-testtb [id=5af275b256e24f2f98ebb5292e9a9292]), range=["\x00\x00\x00\t", ""]
I1102 12:55:05.073422 1708 tablet_service.cc:264] Processing CreateTablet for tablet 5b0882cae45b45e9b5e7e77cbfb34041 (table=client-testtb [id=5af275b256e24f2f98ebb5292e9a9292]), range=["", "\x00\x00\x00\t"]
I1102 12:55:05.074275 1707 ts_tablet_manager.cc:460] Registered tablet ad0777bbc8564365b9462cae7eb31ac8
I1102 12:55:05.074328 1708 ts_tablet_manager.cc:460] Registered tablet 5b0882cae45b45e9b5e7e77cbfb34041
I1102 12:55:05.074739 1739 ts_tablet_manager.cc:325] Bootstrapping tablet: ad0777bbc8564365b9462cae7eb31ac8
I1102 12:55:05.074764 1740 ts_tablet_manager.cc:325] Bootstrapping tablet: 5b0882cae45b45e9b5e7e77cbfb34041
I1102 12:55:05.075155 1739 tablet_bootstrap.cc:234] Tablet ad0777bbc8564365b9462cae7eb31ac8: Bootstrap starting.
I1102 12:55:05.075223 1740 tablet_bootstrap.cc:234] Tablet 5b0882cae45b45e9b5e7e77cbfb34041: Bootstrap starting.
I1102 12:55:05.077366 1739 tablet_bootstrap.cc:331] No previous blocks or log segments found for tablet: ad0777bbc8564365b9462cae7eb31ac8 creating new one.
I1102 12:55:05.077404 1740 tablet_bootstrap.cc:331] No previous blocks or log segments found for tablet: 5b0882cae45b45e9b5e7e77cbfb34041 creating new one.
I1102 12:55:05.078554 1740 tablet_bootstrap.cc:234] Tablet 5b0882cae45b45e9b5e7e77cbfb34041: No bootstrap required, opened a new log
I1102 12:55:05.078608 1739 tablet_bootstrap.cc:234] Tablet ad0777bbc8564365b9462cae7eb31ac8: No bootstrap required, opened a new log
I1102 12:55:05.078775 1740 ts_tablet_manager.cc:330] Time spent tablet 5b0882cae45b45e9b5e7e77cbfb34041 bootstrap: real 0.004s user 0.003s sys 0.001s
I1102 12:55:05.078799 1739 ts_tablet_manager.cc:330] Time spent tablet ad0777bbc8564365b9462cae7eb31ac8 bootstrap: real 0.004s user 0.003s sys 0.001s
I1102 12:55:05.079993 1740 ts_tablet_manager.cc:350] Time spent starting tablet 5b0882cae45b45e9b5e7e77cbfb34041: real 0.001s user 0.001s sys 0.000s
I1102 12:55:05.080054 1739 ts_tablet_manager.cc:350] Time spent starting tablet ad0777bbc8564365b9462cae7eb31ac8: real 0.001s user 0.001s sys 0.000s
I1102 12:55:05.080412 1743 tablet_peer.cc:213] Configuration changed for tablet: 5b0882cae45b45e9b5e7e77cbfb34041 in peer: afd53eaf046346b38b78e7947f536e8d Changed from: seqno: -1 local: true peers { permanent_uuid: "afd53eaf046346b38b78e7947f536e8d" role: CANDIDATE last_known_addr { host: "127.0.0.1" port: 36513 } } Changed to: seqno: 0 local: true peers { permanent_uuid: "afd53eaf046346b38b78e7947f536e8d" role: LEADER last_known_addr { host: "127.0.0.1" port: 36513 } }
I1102 12:55:05.080584 1744 tablet_peer.cc:213] Configuration changed for tablet: ad0777bbc8564365b9462cae7eb31ac8 in peer: afd53eaf046346b38b78e7947f536e8d Changed from: seqno: -1 local: true peers { permanent_uuid: "afd53eaf046346b38b78e7947f536e8d" role: CANDIDATE last_known_addr { host: "127.0.0.1" port: 36513 } } Changed to: seqno: 0 local: true peers { permanent_uuid: "afd53eaf046346b38b78e7947f536e8d" role: LEADER last_known_addr { host: "127.0.0.1" port: 36513 } }
I1102 12:55:05.085933 1657 catalog_manager.cc:1127] Tablet: ad0777bbc8564365b9462cae7eb31ac8 reported quorum change. New quorum: seqno: 0 local: true peers { permanent_uuid: "afd53eaf046346b38b78e7947f536e8d" role: LEADER last_known_addr { host: "127.0.0.1" port: 36513 } }
I1102 12:55:05.087368 1657 catalog_manager.cc:1127] Tablet: 5b0882cae45b45e9b5e7e77cbfb34041 reported quorum change. New quorum: seqno: 0 local: true peers { permanent_uuid: "afd53eaf046346b38b78e7947f536e8d" role: LEADER last_known_addr { host: "127.0.0.1" port: 36513 } }
I1102 12:55:05.090421 1661 catalog_manager.cc:437] CreateTable from {real_user=alex, eff_user=} at 127.0.0.1:45306: name: "client-testtb2" schema { columns { name: "key" type: UINT32 is_key: true is_nullable: false encoding: AUTO_ENCODING compression: DEFAULT_COMPRESSION } columns { name: "int_val" type: UINT32 is_key: false is_nullable: false encoding: AUTO_ENCODING compression: DEFAULT_COMPRESSION } columns { name: "string_val" type: STRING is_key: false is_nullable: true encoding: AUTO_ENCODING compression: DEFAULT_COMPRESSION } columns { name: "non_null_with_default" type: UINT32 is_key: false is_nullable: false read_default_value: "90\000\000" write_default_value: "90\000\000" encoding: AUTO_ENCODING compression: DEFAULT_COMPRESSION } } num_replicas: 1
I1102 12:55:05.094389 1709 tablet_service.cc:264] Processing CreateTablet for tablet c2f4924877224d31866b75af6a842cd1 (table=client-testtb2 [id=c1fe0b72446041a3bf33803b62d2483f]), range=["", ""]
I1102 12:55:05.095315 1709 ts_tablet_manager.cc:460] Registered tablet c2f4924877224d31866b75af6a842cd1
I1102 12:55:05.095393 1740 ts_tablet_manager.cc:325] Bootstrapping tablet: c2f4924877224d31866b75af6a842cd1
I1102 12:55:05.095770 1740 tablet_bootstrap.cc:234] Tablet c2f4924877224d31866b75af6a842cd1: Bootstrap starting.
I1102 12:55:05.097821 1740 tablet_bootstrap.cc:331] No previous blocks or log segments found for tablet: c2f4924877224d31866b75af6a842cd1 creating new one.
I1102 12:55:05.098719 1740 tablet_bootstrap.cc:234] Tablet c2f4924877224d31866b75af6a842cd1: No bootstrap required, opened a new log
I1102 12:55:05.098912 1740 ts_tablet_manager.cc:330] Time spent tablet c2f4924877224d31866b75af6a842cd1 bootstrap: real 0.003s user 0.002s sys 0.001s
I1102 12:55:05.099947 1740 ts_tablet_manager.cc:350] Time spent starting tablet c2f4924877224d31866b75af6a842cd1: real 0.001s user 0.001s sys 0.000s
I1102 12:55:05.100216 1750 tablet_peer.cc:213] Configuration changed for tablet: c2f4924877224d31866b75af6a842cd1 in peer: afd53eaf046346b38b78e7947f536e8d Changed from: seqno: -1 local: true peers { permanent_uuid: "afd53eaf046346b38b78e7947f536e8d" role: CANDIDATE last_known_addr { host: "127.0.0.1" port: 36513 } } Changed to: seqno: 0 local: true peers { permanent_uuid: "afd53eaf046346b38b78e7947f536e8d" role: LEADER last_known_addr { host: "127.0.0.1" port: 36513 } }
I1102 12:55:05.110115 1659 catalog_manager.cc:1127] Tablet: c2f4924877224d31866b75af6a842cd1 reported quorum change. New quorum: seqno: 0 local: true peers { permanent_uuid: "afd53eaf046346b38b78e7947f536e8d" role: LEADER last_known_addr { host: "127.0.0.1" port: 36513 } }
W1102 12:55:05.118831 1735 reactor.cc:199] Client call Write has no timeout set for connection id: {remote=127.0.0.1:36513, service_name=kudu.tserver.TabletServerService, user_credentials={real_user=alex, eff_user=}}
W1102 12:55:05.122462 1735 reactor.cc:199] Client call Write has no timeout set for connection id: {remote=127.0.0.1:36513, service_name=kudu.tserver.TabletServerService, user_credentials={real_user=alex, eff_user=}}
W1102 12:55:05.128622 1735 reactor.cc:199] Client call Write has no timeout set for connection id: {remote=127.0.0.1:36513, service_name=kudu.tserver.TabletServerService, user_credentials={real_user=alex, eff_user=}}
I1102 12:55:05.134371 31819 tablet_server.cc:114] TabletServer shutting down...
I1102 12:55:05.152278 31819 ts_tablet_manager.cc:402] Shutting down tablet manager...
I1102 12:55:05.152436 31819 maintenance_manager.cc:177] Unregistered op LogGCOp
I1102 12:55:05.152523 31819 tablet_peer.cc:231] Initiating TabletPeer shutdown for tablet: ad0777bbc8564365b9462cae7eb31ac8
I1102 12:55:05.152596 31819 maintenance_manager.cc:177] Unregistered op FlushMRSOp(ad0777bbc8564365b9462cae7eb31ac8)
I1102 12:55:05.152735 31819 maintenance_manager.cc:177] Unregistered op CompactRowSetsOp(ad0777bbc8564365b9462cae7eb31ac8)
I1102 12:55:05.152803 31819 maintenance_manager.cc:177] Unregistered op FlushDeltaMemStoresOp(ad0777bbc8564365b9462cae7eb31ac8)
I1102 12:55:05.154279 31819 tablet_peer.cc:231] Initiating TabletPeer shutdown for tablet: c2f4924877224d31866b75af6a842cd1
I1102 12:55:05.154351 31819 maintenance_manager.cc:177] Unregistered op FlushMRSOp(c2f4924877224d31866b75af6a842cd1)
I1102 12:55:05.154419 31819 maintenance_manager.cc:177] Unregistered op CompactRowSetsOp(c2f4924877224d31866b75af6a842cd1)
I1102 12:55:05.154476 31819 maintenance_manager.cc:177] Unregistered op FlushDeltaMemStoresOp(c2f4924877224d31866b75af6a842cd1)
I1102 12:55:05.155591 31819 tablet_peer.cc:231] Initiating TabletPeer shutdown for tablet: 5b0882cae45b45e9b5e7e77cbfb34041
I1102 12:55:05.155685 31819 maintenance_manager.cc:177] Unregistered op FlushMRSOp(5b0882cae45b45e9b5e7e77cbfb34041)
I1102 12:55:05.155728 31819 maintenance_manager.cc:177] Unregistered op CompactRowSetsOp(5b0882cae45b45e9b5e7e77cbfb34041)
I1102 12:55:05.155776 31819 maintenance_manager.cc:177] Unregistered op FlushDeltaMemStoresOp(5b0882cae45b45e9b5e7e77cbfb34041)
I1102 12:55:05.164744 31819 tablet_server.cc:123] TabletServer shut down complete. Bye!
I1102 12:55:05.164784 31819 tablet_server.cc:114] TabletServer shutting down...
I1102 12:55:05.164856 31819 tablet_server.cc:123] TabletServer shut down complete. Bye!
I1102 12:55:05.166463 31819 master.cc:124] Master@127.0.0.1:46258 shutting down...
I1102 12:55:05.179996 31819 tablet_peer.cc:231] Initiating TabletPeer shutdown for tablet: 11111111111111111111111111111111
I1102 12:55:05.180979 31819 tablet_peer.cc:231] Initiating TabletPeer shutdown for tablet: 00000000000000000000000000000000
I1102 12:55:05.181937 31819 master.cc:127] Master@127.0.0.1:46258 shutdown complete. [ OK ] ClientTest.TestMutationsWork (312 ms) [ RUN ] ClientTest.TestMutateDeletedRow
I1102 12:55:05.334444 31819 fs_manager.cc:130] Generated new instance metadata in path /tmp/kudutest-1000/client-test.ClientTest.TestMutateDeletedRow.1414961696528764-31819/minicluster-data/master-0-root/instance: uuid: "e0f785287df445d387727b10e1f7735e" format_stamp: "Formatted at 2014-11-02 20:55:05 on qiwi"
I1102 12:55:05.334548 31819 fs_manager.cc:82] Opened local filesystem: /tmp/kudutest-1000/client-test.ClientTest.TestMutateDeletedRow.1414961696528764-31819/minicluster-data/master-0-root uuid: "e0f785287df445d387727b10e1f7735e" format_stamp: "Formatted at 2014-11-02 20:55:05 on qiwi"
I1102 12:55:05.335388 31819 hybrid_clock.cc:119] HybridClock initialized. Resolution in nanos?: 1 Wait times tolerance adjustment: 1.0005 Current error: 495778
I1102 12:55:05.338382 31819 webserver.cc:108] Starting webserver on 0.0.0.0:0
I1102 12:55:05.338405 31819 webserver.cc:117] Document root disabled
I1102 12:55:05.338615 31819 webserver.cc:197] Webserver started. Bound to: 0.0.0.0:46178
I1102 12:55:05.339850 1779 tablet_bootstrap.cc:234] Tablet 11111111111111111111111111111111: Bootstrap starting.
I1102 12:55:05.341754 1779 tablet_bootstrap.cc:331] No previous blocks or log segments found for tablet: 11111111111111111111111111111111 creating new one.
I1102 12:55:05.342694 1779 tablet_bootstrap.cc:234] Tablet 11111111111111111111111111111111: No bootstrap required, opened a new log
I1102 12:55:05.344065 1781 tablet_peer.cc:213] Configuration changed for tablet: 11111111111111111111111111111111 in peer: e0f785287df445d387727b10e1f7735e Changed from: seqno: 0 local: true peers { permanent_uuid: "e0f785287df445d387727b10e1f7735e" role: LEADER } Changed to: seqno: 1 local: true peers { permanent_uuid: "e0f785287df445d387727b10e1f7735e" role: LEADER }
I1102 12:55:05.344130 1781 sys_tables.cc:217] SysTable state changed. New quorum config: seqno: 1 local: true peers { permanent_uuid: "e0f785287df445d387727b10e1f7735e" role: LEADER }
I1102 12:55:05.344528 1779 tablet_bootstrap.cc:234] Tablet 00000000000000000000000000000000: Bootstrap starting.
I1102 12:55:05.346376 1779 tablet_bootstrap.cc:331] No previous blocks or log segments found for tablet: 00000000000000000000000000000000 creating new one.
I1102 12:55:05.347221 1779 tablet_bootstrap.cc:234] Tablet 00000000000000000000000000000000: No bootstrap required, opened a new log
I1102 12:55:05.348196 1779 sys_tables.cc:281] SysTable tablet configured and running, proceeding with master startup.
I1102 12:55:05.348583 1785 tablet_peer.cc:213] Configuration changed for tablet: 00000000000000000000000000000000 in peer: e0f785287df445d387727b10e1f7735e Changed from: seqno: 0 local: true peers { permanent_uuid: "e0f785287df445d387727b10e1f7735e" role: LEADER } Changed to: seqno: 1 local: true peers { permanent_uuid: "e0f785287df445d387727b10e1f7735e" role: LEADER }
I1102 12:55:05.348660 1779 sys_tables.cc:281] SysTable tablet configured and running, proceeding with master startup.
I1102 12:55:05.348657 1785 sys_tables.cc:217] SysTable state changed. New quorum config: seqno: 1 local: true peers { permanent_uuid: "e0f785287df445d387727b10e1f7735e" role: LEADER }
I1102 12:55:05.359661 31819 fs_manager.cc:130] Generated new instance metadata in path /tmp/kudutest-1000/client-test.ClientTest.TestMutateDeletedRow.1414961696528764-31819/minicluster-data/ts-0-root/instance: uuid: "ab99869f7d6545efa28651dcda7ad3c7" format_stamp: "Formatted at 2014-11-02 20:55:05 on qiwi"
I1102 12:55:05.359756 31819 fs_manager.cc:82] Opened local filesystem: /tmp/kudutest-1000/client-test.ClientTest.TestMutateDeletedRow.1414961696528764-31819/minicluster-data/ts-0-root uuid: "ab99869f7d6545efa28651dcda7ad3c7" format_stamp: "Formatted at 2014-11-02 20:55:05 on qiwi"
I1102 12:55:05.360934 31819 hybrid_clock.cc:119] HybridClock initialized. Resolution in nanos?: 1 Wait times tolerance adjustment: 1.0005 Current error: 495778
I1102 12:55:05.365389 31819 webserver.cc:108] Starting webserver on 0.0.0.0:0
I1102 12:55:05.365413 31819 webserver.cc:117] Document root disabled
I1102 12:55:05.365623 31819 webserver.cc:197] Webserver started. Bound to: 0.0.0.0:36204
I1102 12:55:05.365758 31819 maintenance_manager.cc:118] MaintenanceManager: targeting memory size of 25.106701 GB
I1102 12:55:05.367202 1833 heartbeater.cc:227] Registering TS with master...
I1102 12:55:05.367262 1833 heartbeater.cc:233] Sending a full tablet report to master...
I1102 12:55:05.367555 1758 ts_manager.cc:66] Registered new tablet server { permanent_uuid: "ab99869f7d6545efa28651dcda7ad3c7" instance_seqno: 1414961705365123 } with Master
I1102 12:55:05.368095 31819 mini_cluster.cc:268] 1 TS(s) registered with Master after 0.0021645s
I1102 12:55:05.372508 1760 catalog_manager.cc:437] CreateTable from {real_user=alex, eff_user=} at 127.0.0.1:35005: name: "client-testtb" schema { columns { name: "key" type: UINT32 is_key: true is_nullable: false encoding: AUTO_ENCODING compression: DEFAULT_COMPRESSION } columns { name: "int_val" type: UINT32 is_key: false is_nullable: false encoding: AUTO_ENCODING compression: DEFAULT_COMPRESSION } columns { name: "string_val" type: STRING is_key: false is_nullable: true encoding: AUTO_ENCODING compression: DEFAULT_COMPRESSION } columns { name: "non_null_with_default" type: UINT32 is_key: false is_nullable: false read_default_value: "90\000\000" write_default_value: "90\000\000" encoding: AUTO_ENCODING compression: DEFAULT_COMPRESSION } } pre_split_keys: "\000\000\000\t" num_replicas: 1
I1102 12:55:05.383255 1809 tablet_service.cc:264] Processing CreateTablet for tablet bc3e0b2d97c24e7a88438f4d165bd822 (table=client-testtb [id=33eb6d7260a04dfe812c6939d88491ec]), range=["\x00\x00\x00\t", ""]
I1102 12:55:05.383288 1810 tablet_service.cc:264] Processing CreateTablet for tablet d495b7a52a1a43e1bec268340b92b66d (table=client-testtb [id=33eb6d7260a04dfe812c6939d88491ec]), range=["", "\x00\x00\x00\t"]
I1102 12:55:05.384865 1810 ts_tablet_manager.cc:460] Registered tablet d495b7a52a1a43e1bec268340b92b66d
I1102 12:55:05.384968 1809 ts_tablet_manager.cc:460] Registered tablet bc3e0b2d97c24e7a88438f4d165bd822
I1102 12:55:05.385318 1842 ts_tablet_manager.cc:325] Bootstrapping tablet: d495b7a52a1a43e1bec268340b92b66d
I1102 12:55:05.385670 1843 ts_tablet_manager.cc:325] Bootstrapping tablet: bc3e0b2d97c24e7a88438f4d165bd822
I1102 12:55:05.386327 1842 tablet_bootstrap.cc:234] Tablet d495b7a52a1a43e1bec268340b92b66d: Bootstrap starting.
I1102 12:55:05.386530 1843 tablet_bootstrap.cc:234] Tablet bc3e0b2d97c24e7a88438f4d165bd822: Bootstrap starting.
I1102 12:55:05.390645 1842 tablet_bootstrap.cc:331] No previous blocks or log segments found for tablet: d495b7a52a1a43e1bec268340b92b66d creating new one.
I1102 12:55:05.390739 1843 tablet_bootstrap.cc:331] No previous blocks or log segments found for tablet: bc3e0b2d97c24e7a88438f4d165bd822 creating new one.
I1102 12:55:05.392767 1843 tablet_bootstrap.cc:234] Tablet bc3e0b2d97c24e7a88438f4d165bd822: No bootstrap required, opened a new log
I1102 12:55:05.392781 1842 tablet_bootstrap.cc:234] Tablet d495b7a52a1a43e1bec268340b92b66d: No bootstrap required, opened a new log
I1102 12:55:05.393184 1843 ts_tablet_manager.cc:330] Time spent tablet bc3e0b2d97c24e7a88438f4d165bd822 bootstrap: real 0.007s user 0.005s sys 0.002s
I1102 12:55:05.393193 1842 ts_tablet_manager.cc:330] Time spent tablet d495b7a52a1a43e1bec268340b92b66d bootstrap: real 0.008s user 0.006s sys 0.001s
I1102 12:55:05.395359 1843 ts_tablet_manager.cc:350] Time spent starting tablet bc3e0b2d97c24e7a88438f4d165bd822: real 0.002s user 0.001s sys 0.000s
I1102 12:55:05.395421 1842 ts_tablet_manager.cc:350] Time spent starting tablet d495b7a52a1a43e1bec268340b92b66d: real 0.002s user 0.001s sys 0.001s
I1102 12:55:05.396297 1848 tablet_peer.cc:213] Configuration changed for tablet: d495b7a52a1a43e1bec268340b92b66d in peer: ab99869f7d6545efa28651dcda7ad3c7 Changed from: seqno: -1 local: true peers { permanent_uuid: "ab99869f7d6545efa28651dcda7ad3c7" role: CANDIDATE last_known_addr { host: "127.0.0.1" port: 46444 } } Changed to: seqno: 0 local: true peers { permanent_uuid: "ab99869f7d6545efa28651dcda7ad3c7" role: LEADER last_known_addr { host: "127.0.0.1" port: 46444 } }
I1102 12:55:05.396347 1846 tablet_peer.cc:213] Configuration changed for tablet: bc3e0b2d97c24e7a88438f4d165bd822 in peer: ab99869f7d6545efa28651dcda7ad3c7 Changed from: seqno: -1 local: true peers { permanent_uuid: "ab99869f7d6545efa28651dcda7ad3c7" role: CANDIDATE last_known_addr { host: "127.0.0.1" port: 46444 } } Changed to: seqno: 0 local: true peers { permanent_uuid: "ab99869f7d6545efa28651dcda7ad3c7" role: LEADER last_known_addr { host: "127.0.0.1" port: 46444 } }
I1102 12:55:05.400655 1760 catalog_manager.cc:1127] Tablet: bc3e0b2d97c24e7a88438f4d165bd822 reported quorum change. New quorum: seqno: 0 local: true peers { permanent_uuid: "ab99869f7d6545efa28651dcda7ad3c7" role: LEADER last_known_addr { host: "127.0.0.1" port: 46444 } }
I1102 12:55:05.402209 1760 catalog_manager.cc:1127] Tablet: d495b7a52a1a43e1bec268340b92b66d reported quorum change. New quorum: seqno: 0 local: true peers { permanent_uuid: "ab99869f7d6545efa28651dcda7ad3c7" role: LEADER last_known_addr { host: "127.0.0.1" port: 46444 } }
I1102 12:55:05.406257 1764 catalog_manager.cc:437] CreateTable from {real_user=alex, eff_user=} at 127.0.0.1:35005: name: "client-testtb2" schema { columns { name: "key" type: UINT32 is_key: true is_nullable: false encoding: AUTO_ENCODING compression: DEFAULT_COMPRESSION } columns { name: "int_val" type: UINT32 is_key: false is_nullable: false encoding: AUTO_ENCODING compression: DEFAULT_COMPRESSION } columns { name: "string_val" type: STRING is_key: false is_nullable: true encoding: AUTO_ENCODING compression: DEFAULT_COMPRESSION } columns { name: "non_null_with_default" type: UINT32 is_key: false is_nullable: false read_default_value: "90\000\000" write_default_value: "90\000\000" encoding: AUTO_ENCODING compression: DEFAULT_COMPRESSION } } num_replicas: 1
I1102 12:55:05.411875 1811 tablet_service.cc:264] Processing CreateTablet for tablet 3abc2f01a8f84843b62aac87729cb9eb (table=client-testtb2 [id=c968ec6de7e7447abb191dbe20a3336c]), range=["", ""]
I1102 12:55:05.413450 1811 ts_tablet_manager.cc:460] Registered tablet 3abc2f01a8f84843b62aac87729cb9eb
I1102 12:55:05.413615 1843 ts_tablet_manager.cc:325] Bootstrapping tablet: 3abc2f01a8f84843b62aac87729cb9eb
I1102 12:55:05.414420 1843 tablet_bootstrap.cc:234] Tablet 3abc2f01a8f84843b62aac87729cb9eb: Bootstrap starting.
I1102 12:55:05.418608 1843 tablet_bootstrap.cc:331] No previous blocks or log segments found for tablet: 3abc2f01a8f84843b62aac87729cb9eb creating new one.
I1102 12:55:05.420769 1843 tablet_bootstrap.cc:234] Tablet 3abc2f01a8f84843b62aac87729cb9eb: No bootstrap required, opened a new log
I1102 12:55:05.421263 1843 ts_tablet_manager.cc:330] Time spent tablet 3abc2f01a8f84843b62aac87729cb9eb bootstrap: real 0.008s user 0.006s sys 0.001s
I1102 12:55:05.422596 1843 ts_tablet_manager.cc:350] Time spent starting tablet 3abc2f01a8f84843b62aac87729cb9eb: real 0.001s user 0.001s sys 0.000s
I1102 12:55:05.422965 1855 tablet_peer.cc:213] Configuration changed for tablet: 3abc2f01a8f84843b62aac87729cb9eb in peer: ab99869f7d6545efa28651dcda7ad3c7 Changed from: seqno: -1 local: true peers { permanent_uuid: "ab99869f7d6545efa28651dcda7ad3c7" role: CANDIDATE last_known_addr { host: "127.0.0.1" port: 46444 } } Changed to: seqno: 0 local: true peers { permanent_uuid: "ab99869f7d6545efa28651dcda7ad3c7" role: LEADER last_known_addr { host: "127.0.0.1" port: 46444 } }
I1102 12:55:05.425554 1761 catalog_manager.cc:1127] Tablet: 3abc2f01a8f84843b62aac87729cb9eb reported quorum change. New quorum: seqno: 0 local: true peers { permanent_uuid: "ab99869f7d6545efa28651dcda7ad3c7" role: LEADER last_known_addr { host: "127.0.0.1" port: 46444 } }
W1102 12:55:05.434545 1837 reactor.cc:199] Client call Write has no timeout set for connection id: {remote=127.0.0.1:46444, service_name=kudu.tserver.TabletServerService, user_credentials={real_user=alex, eff_user=}}
W1102 12:55:05.442457 1837 reactor.cc:199] Client call Write has no timeout set for connection id: {remote=127.0.0.1:46444, service_name=kudu.tserver.TabletServerService, user_credentials={real_user=alex, eff_user=}}
W1102 12:55:05.455603 1837 reactor.cc:199] Client call Write has no timeout set for connection id: {remote=127.0.0.1:46444, service_name=kudu.tserver.TabletServerService, user_credentials={real_user=alex, eff_user=}}
W1102 12:55:05.462564 1837 reactor.cc:199] Client call Write has no timeout set for connection id: {remote=127.0.0.1:46444, service_name=kudu.tserver.TabletServerService, user_credentials={real_user=alex, eff_user=}}
I1102 12:55:05.468657 31819 tablet_server.cc:114] TabletServer shutting down...
I1102 12:55:05.482331 31819 ts_tablet_manager.cc:402] Shutting down tablet manager...
I1102 12:55:05.482419 31819 maintenance_manager.cc:177] Unregistered op LogGCOp
I1102 12:55:05.482466 31819 tablet_peer.cc:231] Initiating TabletPeer shutdown for tablet: bc3e0b2d97c24e7a88438f4d165bd822
I1102 12:55:05.482501 31819 maintenance_manager.cc:177] Unregistered op FlushMRSOp(bc3e0b2d97c24e7a88438f4d165bd822)
I1102 12:55:05.482524 31819 maintenance_manager.cc:177] Unregistered op CompactRowSetsOp(bc3e0b2d97c24e7a88438f4d165bd822)
I1102 12:55:05.482542 31819 maintenance_manager.cc:177] Unregistered op FlushDeltaMemStoresOp(bc3e0b2d97c24e7a88438f4d165bd822)
I1102 12:55:05.483360 31819 tablet_peer.cc:231] Initiating TabletPeer shutdown for tablet: d495b7a52a1a43e1bec268340b92b66d
I1102 12:55:05.483392 31819 maintenance_manager.cc:177] Unregistered op FlushMRSOp(d495b7a52a1a43e1bec268340b92b66d)
I1102 12:55:05.483408 31819 maintenance_manager.cc:177] Unregistered op CompactRowSetsOp(d495b7a52a1a43e1bec268340b92b66d)
I1102 12:55:05.483422 31819 maintenance_manager.cc:177] Unregistered op FlushDeltaMemStoresOp(d495b7a52a1a43e1bec268340b92b66d)
I1102 12:55:05.484097 31819 tablet_peer.cc:231] Initiating TabletPeer shutdown for tablet: 3abc2f01a8f84843b62aac87729cb9eb
I1102 12:55:05.484125 31819 maintenance_manager.cc:177] Unregistered op FlushMRSOp(3abc2f01a8f84843b62aac87729cb9eb)
I1102 12:55:05.484140 31819 maintenance_manager.cc:177] Unregistered op CompactRowSetsOp(3abc2f01a8f84843b62aac87729cb9eb)
I1102 12:55:05.484153 31819 maintenance_manager.cc:177] Unregistered op FlushDeltaMemStoresOp(3abc2f01a8f84843b62aac87729cb9eb)
I1102 12:55:05.489663 31819 tablet_server.cc:123] TabletServer shut down complete. Bye!
I1102 12:55:05.489687 31819 tablet_server.cc:114] TabletServer shutting down...
I1102 12:55:05.489722 31819 tablet_server.cc:123] TabletServer shut down complete. Bye!
I1102 12:55:05.490685 31819 master.cc:124] Master@127.0.0.1:48219 shutting down...
I1102 12:55:05.503360 31819 tablet_peer.cc:231] Initiating TabletPeer shutdown for tablet: 11111111111111111111111111111111
I1102 12:55:05.504053 31819 tablet_peer.cc:231] Initiating TabletPeer shutdown for tablet: 00000000000000000000000000000000
I1102 12:55:05.504637 31819 master.cc:127] Master@127.0.0.1:48219 shutdown complete. [ OK ] ClientTest.TestMutateDeletedRow (319 ms) [ RUN ] ClientTest.TestMutateNonexistentRow
I1102 12:55:05.654816 31819 fs_manager.cc:130] Generated new instance metadata in path /tmp/kudutest-1000/client-test.ClientTest.TestMutateNonexistentRow.1414961696528764-31819/minicluster-data/master-0-root/instance: uuid: "ea46cceef1d4410782ec24450a22015e" format_stamp: "Formatted at 2014-11-02 20:55:05 on qiwi"
I1102 12:55:05.654959 31819 fs_manager.cc:82] Opened local filesystem: /tmp/kudutest-1000/client-test.ClientTest.TestMutateNonexistentRow.1414961696528764-31819/minicluster-data/master-0-root uuid: "ea46cceef1d4410782ec24450a22015e" format_stamp: "Formatted at 2014-11-02 20:55:05 on qiwi"
I1102 12:55:05.655848 31819 hybrid_clock.cc:119] HybridClock initialized. Resolution in nanos?: 1 Wait times tolerance adjustment: 1.0005 Current error: 495778
I1102 12:55:05.658757 31819 webserver.cc:108] Starting webserver on 0.0.0.0:0
I1102 12:55:05.658774 31819 webserver.cc:117] Document root disabled
I1102 12:55:05.658995 31819 webserver.cc:197] Webserver started. Bound to: 0.0.0.0:35521
I1102 12:55:05.660287 1892 tablet_bootstrap.cc:234] Tablet 11111111111111111111111111111111: Bootstrap starting.
I1102 12:55:05.662516 1892 tablet_bootstrap.cc:331] No previous blocks or log segments found for tablet: 11111111111111111111111111111111 creating new one.
I1102 12:55:05.663466 1892 tablet_bootstrap.cc:234] Tablet 11111111111111111111111111111111: No bootstrap required, opened a new log
I1102 12:55:05.665091 1895 tablet_peer.cc:213] Configuration changed for tablet: 11111111111111111111111111111111 in peer: ea46cceef1d4410782ec24450a22015e Changed from: seqno: 0 local: true peers { permanent_uuid: "ea46cceef1d4410782ec24450a22015e" role: LEADER } Changed to: seqno: 1 local: true peers { permanent_uuid: "ea46cceef1d4410782ec24450a22015e" role: LEADER }
