I1102 12:55:07.637255 2502 tablet_peer.cc:213] Configuration changed for tablet: 11111111111111111111111111111111 in peer: 0717a0d0c74f4a80b28209f66e3ca654 Changed from: seqno: 0 local: true peers { permanent_uuid: "0717a0d0c74f4a80b28209f66e3ca654" role: LEADER } Changed to: seqno: 1 local: true peers { permanent_uuid: "0717a0d0c74f4a80b28209f66e3ca654" role: LEADER }
I1102 12:55:07.637334 2502 sys_tables.cc:217] SysTable state changed. New quorum config: seqno: 1 local: true peers { permanent_uuid: "0717a0d0c74f4a80b28209f66e3ca654" role: LEADER }
I1102 12:55:07.637964 2500 tablet_bootstrap.cc:234] Tablet 00000000000000000000000000000000: Bootstrap starting.
I1102 12:55:07.640894 2500 tablet_bootstrap.cc:331] No previous blocks or log segments found for tablet: 00000000000000000000000000000000 creating new one.
I1102 12:55:07.641806 2500 tablet_bootstrap.cc:234] Tablet 00000000000000000000000000000000: No bootstrap required, opened a new log
I1102 12:55:07.642793 2500 sys_tables.cc:281] SysTable tablet configured and running, proceeding with master startup.
I1102 12:55:07.643177 2506 tablet_peer.cc:213] Configuration changed for tablet: 00000000000000000000000000000000 in peer: 0717a0d0c74f4a80b28209f66e3ca654 Changed from: seqno: 0 local: true peers { permanent_uuid: "0717a0d0c74f4a80b28209f66e3ca654" role: LEADER } Changed to: seqno: 1 local: true peers { permanent_uuid: "0717a0d0c74f4a80b28209f66e3ca654" role: LEADER }
I1102 12:55:07.643228 2506 sys_tables.cc:217] SysTable state changed. New quorum config: seqno: 1 local: true peers { permanent_uuid: "0717a0d0c74f4a80b28209f66e3ca654" role: LEADER }
I1102 12:55:07.643236 2500 sys_tables.cc:281] SysTable tablet configured and running, proceeding with master startup.
I1102 12:55:07.654021 31819 fs_manager.cc:130] Generated new instance metadata in path /tmp/kudutest-1000/client-test.ClientTest.TestStaleLocations.1414961696528764-31819/minicluster-data/ts-0-root/instance: uuid: "531498cb480346c0843797c61456a3fd" format_stamp: "Formatted at 2014-11-02 20:55:07 on qiwi"
I1102 12:55:07.654173 31819 fs_manager.cc:82] Opened local filesystem: /tmp/kudutest-1000/client-test.ClientTest.TestStaleLocations.1414961696528764-31819/minicluster-data/ts-0-root uuid: "531498cb480346c0843797c61456a3fd" format_stamp: "Formatted at 2014-11-02 20:55:07 on qiwi"
I1102 12:55:07.655266 31819 hybrid_clock.cc:119] HybridClock initialized. Resolution in nanos?: 1 Wait times tolerance adjustment: 1.0005 Current error: 496778
I1102 12:55:07.660240 31819 webserver.cc:108] Starting webserver on 0.0.0.0:0
I1102 12:55:07.660261 31819 webserver.cc:117] Document root disabled
I1102 12:55:07.660544 31819 webserver.cc:197] Webserver started. Bound to: 0.0.0.0:40382
I1102 12:55:07.660696 31819 maintenance_manager.cc:118] MaintenanceManager: targeting memory size of 25.106701 GB
I1102 12:55:07.662498 2549 heartbeater.cc:227] Registering TS with master...
I1102 12:55:07.662559 2549 heartbeater.cc:233] Sending a full tablet report to master...
I1102 12:55:07.662991 2479 ts_manager.cc:66] Registered new tablet server { permanent_uuid: "531498cb480346c0843797c61456a3fd" instance_seqno: 1414961707659932 } with Master
I1102 12:55:07.663085 31819 mini_cluster.cc:268] 1 TS(s) registered with Master after 0.0021889s
I1102 12:55:07.666615 2481 catalog_manager.cc:437] CreateTable from {real_user=alex, eff_user=} at 127.0.0.1:59858: name: "client-testtb" schema { columns { name: "key" type: UINT32 is_key: true is_nullable: false encoding: AUTO_ENCODING compression: DEFAULT_COMPRESSION } columns { name: "int_val" type: UINT32 is_key: false is_nullable: false encoding: AUTO_ENCODING compression: DEFAULT_COMPRESSION } columns { name: "string_val" type: STRING is_key: false is_nullable: true encoding: AUTO_ENCODING compression: DEFAULT_COMPRESSION } columns { name: "non_null_with_default" type: UINT32 is_key: false is_nullable: false read_default_value: "90\000\000" write_default_value: "90\000\000" encoding: AUTO_ENCODING compression: DEFAULT_COMPRESSION } } pre_split_keys: "\000\000\000\t" num_replicas: 1
I1102 12:55:07.673163 2527 tablet_service.cc:264] Processing CreateTablet for tablet 452fa80dae3a4f8fb0eb2145daeae7c8 (table=client-testtb [id=2bcf3e36cc7743c0bb1d21b770bfcbbe]), range=["", "\x00\x00\x00\t"]
I1102 12:55:07.673243 2528 tablet_service.cc:264] Processing CreateTablet for tablet 9154a74211e249cb9017efa709753d6e (table=client-testtb [id=2bcf3e36cc7743c0bb1d21b770bfcbbe]), range=["\x00\x00\x00\t", ""]
I1102 12:55:07.674263 2527 ts_tablet_manager.cc:460] Registered tablet 452fa80dae3a4f8fb0eb2145daeae7c8
I1102 12:55:07.674291 2528 ts_tablet_manager.cc:460] Registered tablet 9154a74211e249cb9017efa709753d6e
I1102 12:55:07.674556 2558 ts_tablet_manager.cc:325] Bootstrapping tablet: 452fa80dae3a4f8fb0eb2145daeae7c8
I1102 12:55:07.674754 2559 ts_tablet_manager.cc:325] Bootstrapping tablet: 9154a74211e249cb9017efa709753d6e
I1102 12:55:07.675130 2558 tablet_bootstrap.cc:234] Tablet 452fa80dae3a4f8fb0eb2145daeae7c8: Bootstrap starting.
I1102 12:55:07.675195 2559 tablet_bootstrap.cc:234] Tablet 9154a74211e249cb9017efa709753d6e: Bootstrap starting.
I1102 12:55:07.677738 2558 tablet_bootstrap.cc:331] No previous blocks or log segments found for tablet: 452fa80dae3a4f8fb0eb2145daeae7c8 creating new one.
I1102 12:55:07.677763 2559 tablet_bootstrap.cc:331] No previous blocks or log segments found for tablet: 9154a74211e249cb9017efa709753d6e creating new one.
I1102 12:55:07.679054 2559 tablet_bootstrap.cc:234] Tablet 9154a74211e249cb9017efa709753d6e: No bootstrap required, opened a new log
I1102 12:55:07.679086 2558 tablet_bootstrap.cc:234] Tablet 452fa80dae3a4f8fb0eb2145daeae7c8: No bootstrap required, opened a new log
I1102 12:55:07.679291 2559 ts_tablet_manager.cc:330] Time spent tablet 9154a74211e249cb9017efa709753d6e bootstrap: real 0.004s user 0.003s sys 0.001s
I1102 12:55:07.679317 2558 ts_tablet_manager.cc:330] Time spent tablet 452fa80dae3a4f8fb0eb2145daeae7c8 bootstrap: real 0.005s user 0.003s sys 0.001s
I1102 12:55:07.680882 2558 ts_tablet_manager.cc:350] Time spent starting tablet 452fa80dae3a4f8fb0eb2145daeae7c8: real 0.002s user 0.001s sys 0.000s
I1102 12:55:07.680886 2559 ts_tablet_manager.cc:350] Time spent starting tablet 9154a74211e249cb9017efa709753d6e: real 0.002s user 0.001s sys 0.000s
I1102 12:55:07.681509 2563 tablet_peer.cc:213] Configuration changed for tablet: 452fa80dae3a4f8fb0eb2145daeae7c8 in peer: 531498cb480346c0843797c61456a3fd Changed from: seqno: -1 local: true peers { permanent_uuid: "531498cb480346c0843797c61456a3fd" role: CANDIDATE last_known_addr { host: "127.0.0.1" port: 60575 } } Changed to: seqno: 0 local: true peers { permanent_uuid: "531498cb480346c0843797c61456a3fd" role: LEADER last_known_addr { host: "127.0.0.1" port: 60575 } }
I1102 12:55:07.681823 2562 tablet_peer.cc:213] Configuration changed for tablet: 9154a74211e249cb9017efa709753d6e in peer: 531498cb480346c0843797c61456a3fd Changed from: seqno: -1 local: true peers { permanent_uuid: "531498cb480346c0843797c61456a3fd" role: CANDIDATE last_known_addr { host: "127.0.0.1" port: 60575 } } Changed to: seqno: 0 local: true peers { permanent_uuid: "531498cb480346c0843797c61456a3fd" role: LEADER last_known_addr { host: "127.0.0.1" port: 60575 } }
I1102 12:55:07.685133 2479 catalog_manager.cc:1127] Tablet: 452fa80dae3a4f8fb0eb2145daeae7c8 reported quorum change. New quorum: seqno: 0 local: true peers { permanent_uuid: "531498cb480346c0843797c61456a3fd" role: LEADER last_known_addr { host: "127.0.0.1" port: 60575 } }
I1102 12:55:07.687597 2479 catalog_manager.cc:1127] Tablet: 9154a74211e249cb9017efa709753d6e reported quorum change. New quorum: seqno: 0 local: true peers { permanent_uuid: "531498cb480346c0843797c61456a3fd" role: LEADER last_known_addr { host: "127.0.0.1" port: 60575 } }
I1102 12:55:07.698129 2484 catalog_manager.cc:437] CreateTable from {real_user=alex, eff_user=} at 127.0.0.1:59858: name: "client-testtb2" schema { columns { name: "key" type: UINT32 is_key: true is_nullable: false encoding: AUTO_ENCODING compression: DEFAULT_COMPRESSION } columns { name: "int_val" type: UINT32 is_key: false is_nullable: false encoding: AUTO_ENCODING compression: DEFAULT_COMPRESSION } columns { name: "string_val" type: STRING is_key: false is_nullable: true encoding: AUTO_ENCODING compression: DEFAULT_COMPRESSION } columns { name: "non_null_with_default" type: UINT32 is_key: false is_nullable: false read_default_value: "90\000\000" write_default_value: "90\000\000" encoding: AUTO_ENCODING compression: DEFAULT_COMPRESSION } } num_replicas: 1
I1102 12:55:07.706451 2529 tablet_service.cc:264] Processing CreateTablet for tablet f4a6632eb2df4a82a718edf5da8acf17 (table=client-testtb2 [id=34da21b6cdb3467ca69bc81b47729dd5]), range=["", ""]
I1102 12:55:07.708042 2529 ts_tablet_manager.cc:460] Registered tablet f4a6632eb2df4a82a718edf5da8acf17
I1102 12:55:07.708169 2559 ts_tablet_manager.cc:325] Bootstrapping tablet: f4a6632eb2df4a82a718edf5da8acf17
I1102 12:55:07.708649 2559 tablet_bootstrap.cc:234] Tablet f4a6632eb2df4a82a718edf5da8acf17: Bootstrap starting.
I1102 12:55:07.711212 2559 tablet_bootstrap.cc:331] No previous blocks or log segments found for tablet: f4a6632eb2df4a82a718edf5da8acf17 creating new one.
I1102 12:55:07.712352 2559 tablet_bootstrap.cc:234] Tablet f4a6632eb2df4a82a718edf5da8acf17: No bootstrap required, opened a new log
I1102 12:55:07.712610 2559 ts_tablet_manager.cc:330] Time spent tablet f4a6632eb2df4a82a718edf5da8acf17 bootstrap: real 0.004s user 0.003s sys 0.001s
I1102 12:55:07.713702 2559 ts_tablet_manager.cc:350] Time spent starting tablet f4a6632eb2df4a82a718edf5da8acf17: real 0.001s user 0.001s sys 0.000s
I1102 12:55:07.713913 2571 tablet_peer.cc:213] Configuration changed for tablet: f4a6632eb2df4a82a718edf5da8acf17 in peer: 531498cb480346c0843797c61456a3fd Changed from: seqno: -1 local: true peers { permanent_uuid: "531498cb480346c0843797c61456a3fd" role: CANDIDATE last_known_addr { host: "127.0.0.1" port: 60575 } } Changed to: seqno: 0 local: true peers { permanent_uuid: "531498cb480346c0843797c61456a3fd" role: LEADER last_known_addr { host: "127.0.0.1" port: 60575 } }
I1102 12:55:07.722627 2483 catalog_manager.cc:1127] Tablet: f4a6632eb2df4a82a718edf5da8acf17 reported quorum change. New quorum: seqno: 0 local: true peers { permanent_uuid: "531498cb480346c0843797c61456a3fd" role: LEADER last_known_addr { host: "127.0.0.1" port: 60575 } }
I1102 12:55:07.730221 31819 tablet_server.cc:114] TabletServer shutting down...
I1102 12:55:07.742879 31819 ts_tablet_manager.cc:402] Shutting down tablet manager...
I1102 12:55:07.742949 31819 maintenance_manager.cc:177] Unregistered op LogGCOp
I1102 12:55:07.742992 31819 tablet_peer.cc:231] Initiating TabletPeer shutdown for tablet: f4a6632eb2df4a82a718edf5da8acf17
I1102 12:55:07.743017 31819 maintenance_manager.cc:177] Unregistered op FlushMRSOp(f4a6632eb2df4a82a718edf5da8acf17)
I1102 12:55:07.743033 31819 maintenance_manager.cc:177] Unregistered op CompactRowSetsOp(f4a6632eb2df4a82a718edf5da8acf17)
I1102 12:55:07.743047 31819 maintenance_manager.cc:177] Unregistered op FlushDeltaMemStoresOp(f4a6632eb2df4a82a718edf5da8acf17)
I1102 12:55:07.743552 31819 tablet_peer.cc:231] Initiating TabletPeer shutdown for tablet: 452fa80dae3a4f8fb0eb2145daeae7c8
I1102 12:55:07.743572 31819 maintenance_manager.cc:177] Unregistered op FlushMRSOp(452fa80dae3a4f8fb0eb2145daeae7c8)
I1102 12:55:07.743584 31819 maintenance_manager.cc:177] Unregistered op CompactRowSetsOp(452fa80dae3a4f8fb0eb2145daeae7c8)
I1102 12:55:07.743594 31819 maintenance_manager.cc:177] Unregistered op FlushDeltaMemStoresOp(452fa80dae3a4f8fb0eb2145daeae7c8)
I1102 12:55:07.744084 31819 tablet_peer.cc:231] Initiating TabletPeer shutdown for tablet: 9154a74211e249cb9017efa709753d6e
I1102 12:55:07.744104 31819 maintenance_manager.cc:177] Unregistered op FlushMRSOp(9154a74211e249cb9017efa709753d6e)
I1102 12:55:07.744114 31819 maintenance_manager.cc:177] Unregistered op CompactRowSetsOp(9154a74211e249cb9017efa709753d6e)
I1102 12:55:07.744123 31819 maintenance_manager.cc:177] Unregistered op FlushDeltaMemStoresOp(9154a74211e249cb9017efa709753d6e)
I1102 12:55:07.747916 31819 tablet_server.cc:123] TabletServer shut down complete. Bye!
I1102 12:55:07.747937 31819 tablet_server.cc:114] TabletServer shutting down...
I1102 12:55:07.747969 31819 tablet_server.cc:123] TabletServer shut down complete. Bye!
I1102 12:55:07.749024 31819 master.cc:124] Master@127.0.0.1:57938 shutting down...
I1102 12:55:07.760754 31819 tablet_peer.cc:231] Initiating TabletPeer shutdown for tablet: 11111111111111111111111111111111
I1102 12:55:07.761266 31819 tablet_peer.cc:231] Initiating TabletPeer shutdown for tablet: 00000000000000000000000000000000
I1102 12:55:07.764228 31819 master.cc:127] Master@127.0.0.1:57938 shutdown complete.
I1102 12:55:07.774818 31819 fs_manager.cc:82] Opened local filesystem: /tmp/kudutest-1000/client-test.ClientTest.TestStaleLocations.1414961696528764-31819/minicluster-data/master-0-root uuid: "0717a0d0c74f4a80b28209f66e3ca654" format_stamp: "Formatted at 2014-11-02 20:55:07 on qiwi"
I1102 12:55:07.775588 31819 hybrid_clock.cc:119] HybridClock initialized. Resolution in nanos?: 1 Wait times tolerance adjustment: 1.0005 Current error: 496778
I1102 12:55:07.778156 31819 webserver.cc:108] Starting webserver on 0.0.0.0:50716
I1102 12:55:07.778178 31819 webserver.cc:117] Document root disabled
I1102 12:55:07.778375 31819 webserver.cc:197] Webserver started. Bound to: 0.0.0.0:50716
I1102 12:55:07.779350 2612 tablet_bootstrap.cc:234] Tablet 11111111111111111111111111111111: Bootstrap starting.
I1102 12:55:07.781283 2612 tablet_bootstrap.cc:452] Will attempt to recover log segment: /tmp/kudutest-1000/client-test.ClientTest.TestStaleLocations.1414961696528764-31819/minicluster-data/master-0-root/wals/11111111111111111111111111111111/wal-000000001 to: /tmp/kudutest-1000/client-test.ClientTest.TestStaleLocations.1414961696528764-31819/minicluster-data/master-0-root/wals/11111111111111111111111111111111.recovery/wal-000000001
I1102 12:55:07.781333 2612 tablet_bootstrap.cc:462] Moved log directory: /tmp/kudutest-1000/client-test.ClientTest.TestStaleLocations.1414961696528764-31819/minicluster-data/master-0-root/wals/11111111111111111111111111111111 to recovery directory: /tmp/kudutest-1000/client-test.ClientTest.TestStaleLocations.1414961696528764-31819/minicluster-data/master-0-root/wals/11111111111111111111111111111111.recovery
I1102 12:55:07.784726 2612 tablet_bootstrap.cc:234] Tablet 11111111111111111111111111111111: Bootstrap replayed 1/1 log segments.
I1102 12:55:07.785044 2612 tablet_bootstrap.cc:480] Renamed old recovery dir from: /tmp/kudutest-1000/client-test.ClientTest.TestStaleLocations.1414961696528764-31819/minicluster-data/master-0-root/wals/11111111111111111111111111111111.recovery to: /tmp/kudutest-1000/client-test.ClientTest.TestStaleLocations.1414961696528764-31819/minicluster-data/master-0-root/wals/11111111111111111111111111111111.recovery-1414961707785023
I1102 12:55:07.785127 2612 tablet_bootstrap.cc:488] Removed renamed recovery dir: /tmp/kudutest-1000/client-test.ClientTest.TestStaleLocations.1414961696528764-31819/minicluster-data/master-0-root/wals/11111111111111111111111111111111.recovery-1414961707785023
I1102 12:55:07.785151 2612 tablet_bootstrap.cc:234] Tablet 11111111111111111111111111111111: Bootstrap complete.
I1102 12:55:07.786984 2614 tablet_peer.cc:213] Configuration changed for tablet: 11111111111111111111111111111111 in peer: 0717a0d0c74f4a80b28209f66e3ca654 Changed from: seqno: 1 local: true peers { permanent_uuid: "0717a0d0c74f4a80b28209f66e3ca654" role: LEADER } Changed to: seqno: 2 local: true peers { permanent_uuid: "0717a0d0c74f4a80b28209f66e3ca654" role: LEADER }
I1102 12:55:07.787034 2614 sys_tables.cc:217] SysTable state changed. New quorum config: seqno: 2 local: true peers { permanent_uuid: "0717a0d0c74f4a80b28209f66e3ca654" role: LEADER }
I1102 12:55:07.787924 2612 tablet_bootstrap.cc:234] Tablet 00000000000000000000000000000000: Bootstrap starting.
I1102 12:55:07.791209 2612 tablet_bootstrap.cc:452] Will attempt to recover log segment: /tmp/kudutest-1000/client-test.ClientTest.TestStaleLocations.1414961696528764-31819/minicluster-data/master-0-root/wals/00000000000000000000000000000000/wal-000000001 to: /tmp/kudutest-1000/client-test.ClientTest.TestStaleLocations.1414961696528764-31819/minicluster-data/master-0-root/wals/00000000000000000000000000000000.recovery/wal-000000001
I1102 12:55:07.791255 2612 tablet_bootstrap.cc:462] Moved log directory: /tmp/kudutest-1000/client-test.ClientTest.TestStaleLocations.1414961696528764-31819/minicluster-data/master-0-root/wals/00000000000000000000000000000000 to recovery directory: /tmp/kudutest-1000/client-test.ClientTest.TestStaleLocations.1414961696528764-31819/minicluster-data/master-0-root/wals/00000000000000000000000000000000.recovery
I1102 12:55:07.799542 2612 tablet_bootstrap.cc:234] Tablet 00000000000000000000000000000000: Bootstrap replayed 1/1 log segments.
I1102 12:55:07.799887 2612 tablet_bootstrap.cc:480] Renamed old recovery dir from: /tmp/kudutest-1000/client-test.ClientTest.TestStaleLocations.1414961696528764-31819/minicluster-data/master-0-root/wals/00000000000000000000000000000000.recovery to: /tmp/kudutest-1000/client-test.ClientTest.TestStaleLocations.1414961696528764-31819/minicluster-data/master-0-root/wals/00000000000000000000000000000000.recovery-1414961707799869
I1102 12:55:07.799965 2612 tablet_bootstrap.cc:488] Removed renamed recovery dir: /tmp/kudutest-1000/client-test.ClientTest.TestStaleLocations.1414961696528764-31819/minicluster-data/master-0-root/wals/00000000000000000000000000000000.recovery-1414961707799869
I1102 12:55:07.799986 2612 tablet_bootstrap.cc:234] Tablet 00000000000000000000000000000000: Bootstrap complete.
I1102 12:55:07.801061 2612 sys_tables.cc:281] SysTable tablet configured and running, proceeding with master startup.
I1102 12:55:07.801390 2618 tablet_peer.cc:213] Configuration changed for tablet: 00000000000000000000000000000000 in peer: 0717a0d0c74f4a80b28209f66e3ca654 Changed from: seqno: 1 local: true peers { permanent_uuid: "0717a0d0c74f4a80b28209f66e3ca654" role: LEADER } Changed to: seqno: 2 local: true peers { permanent_uuid: "0717a0d0c74f4a80b28209f66e3ca654" role: LEADER }
I1102 12:55:07.801444 2612 sys_tables.cc:281] SysTable tablet configured and running, proceeding with master startup.
I1102 12:55:07.801448 2618 sys_tables.cc:217] SysTable state changed. New quorum config: seqno: 2 local: true peers { permanent_uuid: "0717a0d0c74f4a80b28209f66e3ca654" role: LEADER }
I1102 12:55:07.802321 2612 catalog_manager.cc:119] Loaded metadata for table [id=2bcf3e36cc7743c0bb1d21b770bfcbbe]
I1102 12:55:07.802471 2612 catalog_manager.cc:119] Loaded metadata for table [id=34da21b6cdb3467ca69bc81b47729dd5]
I1102 12:55:07.803254 2612 catalog_manager.cc:180] Loaded metadata for tablet 452fa80dae3a4f8fb0eb2145daeae7c8 (table client-testtb [id=2bcf3e36cc7743c0bb1d21b770bfcbbe])
I1102 12:55:07.803387 2612 catalog_manager.cc:180] Loaded metadata for tablet 9154a74211e249cb9017efa709753d6e (table client-testtb [id=2bcf3e36cc7743c0bb1d21b770bfcbbe])
I1102 12:55:07.803508 2612 catalog_manager.cc:180] Loaded metadata for tablet f4a6632eb2df4a82a718edf5da8acf17 (table client-testtb2 [id=34da21b6cdb3467ca69bc81b47729dd5])
I1102 12:55:07.812170 31819 fs_manager.cc:82] Opened local filesystem: /tmp/kudutest-1000/client-test.ClientTest.TestStaleLocations.1414961696528764-31819/minicluster-data/ts-0-root uuid: "531498cb480346c0843797c61456a3fd" format_stamp: "Formatted at 2014-11-02 20:55:07 on qiwi"
I1102 12:55:07.812965 31819 hybrid_clock.cc:119] HybridClock initialized. Resolution in nanos?: 1 Wait times tolerance adjustment: 1.0005 Current error: 496778
I1102 12:55:07.813154 31819 ts_tablet_manager.cc:296] Loading master block f4a6632eb2df4a82a718edf5da8acf17
I1102 12:55:07.813565 31819 ts_tablet_manager.cc:460] Registered tablet f4a6632eb2df4a82a718edf5da8acf17
I1102 12:55:07.813802 31819 ts_tablet_manager.cc:296] Loading master block 9154a74211e249cb9017efa709753d6e
I1102 12:55:07.813840 2631 ts_tablet_manager.cc:325] Bootstrapping tablet: f4a6632eb2df4a82a718edf5da8acf17
I1102 12:55:07.814066 31819 ts_tablet_manager.cc:460] Registered tablet 9154a74211e249cb9017efa709753d6e
I1102 12:55:07.814262 2631 tablet_bootstrap.cc:234] Tablet f4a6632eb2df4a82a718edf5da8acf17: Bootstrap starting.
I1102 12:55:07.814286 31819 ts_tablet_manager.cc:296] Loading master block 452fa80dae3a4f8fb0eb2145daeae7c8
I1102 12:55:07.814318 2632 ts_tablet_manager.cc:325] Bootstrapping tablet: 9154a74211e249cb9017efa709753d6e
I1102 12:55:07.814544 31819 ts_tablet_manager.cc:460] Registered tablet 452fa80dae3a4f8fb0eb2145daeae7c8
I1102 12:55:07.814704 2632 tablet_bootstrap.cc:234] Tablet 9154a74211e249cb9017efa709753d6e: Bootstrap starting.
I1102 12:55:07.814791 2634 ts_tablet_manager.cc:325] Bootstrapping tablet: 452fa80dae3a4f8fb0eb2145daeae7c8
I1102 12:55:07.815374 2634 tablet_bootstrap.cc:234] Tablet 452fa80dae3a4f8fb0eb2145daeae7c8: Bootstrap starting.
I1102 12:55:07.816627 2631 tablet_bootstrap.cc:452] Will attempt to recover log segment: /tmp/kudutest-1000/client-test.ClientTest.TestStaleLocations.1414961696528764-31819/minicluster-data/ts-0-root/wals/f4a6632eb2df4a82a718edf5da8acf17/wal-000000001 to: /tmp/kudutest-1000/client-test.ClientTest.TestStaleLocations.1414961696528764-31819/minicluster-data/ts-0-root/wals/f4a6632eb2df4a82a718edf5da8acf17.recovery/wal-000000001
I1102 12:55:07.816699 2631 tablet_bootstrap.cc:462] Moved log directory: /tmp/kudutest-1000/client-test.ClientTest.TestStaleLocations.1414961696528764-31819/minicluster-data/ts-0-root/wals/f4a6632eb2df4a82a718edf5da8acf17 to recovery directory: /tmp/kudutest-1000/client-test.ClientTest.TestStaleLocations.1414961696528764-31819/minicluster-data/ts-0-root/wals/f4a6632eb2df4a82a718edf5da8acf17.recovery
I1102 12:55:07.817549 2632 tablet_bootstrap.cc:452] Will attempt to recover log segment: /tmp/kudutest-1000/client-test.ClientTest.TestStaleLocations.1414961696528764-31819/minicluster-data/ts-0-root/wals/9154a74211e249cb9017efa709753d6e/wal-000000001 to: /tmp/kudutest-1000/client-test.ClientTest.TestStaleLocations.1414961696528764-31819/minicluster-data/ts-0-root/wals/9154a74211e249cb9017efa709753d6e.recovery/wal-000000001
I1102 12:55:07.817585 2632 tablet_bootstrap.cc:462] Moved log directory: /tmp/kudutest-1000/client-test.ClientTest.TestStaleLocations.1414961696528764-31819/minicluster-data/ts-0-root/wals/9154a74211e249cb9017efa709753d6e to recovery directory: /tmp/kudutest-1000/client-test.ClientTest.TestStaleLocations.1414961696528764-31819/minicluster-data/ts-0-root/wals/9154a74211e249cb9017efa709753d6e.recovery
I1102 12:55:07.818403 2634 tablet_bootstrap.cc:452] Will attempt to recover log segment: /tmp/kudutest-1000/client-test.ClientTest.TestStaleLocations.1414961696528764-31819/minicluster-data/ts-0-root/wals/452fa80dae3a4f8fb0eb2145daeae7c8/wal-000000001 to: /tmp/kudutest-1000/client-test.ClientTest.TestStaleLocations.1414961696528764-31819/minicluster-data/ts-0-root/wals/452fa80dae3a4f8fb0eb2145daeae7c8.recovery/wal-000000001
I1102 12:55:07.818423 2631 tablet_bootstrap.cc:234] Tablet f4a6632eb2df4a82a718edf5da8acf17: Bootstrap replayed 1/1 log segments.
I1102 12:55:07.818428 2634 tablet_bootstrap.cc:462] Moved log directory: /tmp/kudutest-1000/client-test.ClientTest.TestStaleLocations.1414961696528764-31819/minicluster-data/ts-0-root/wals/452fa80dae3a4f8fb0eb2145daeae7c8 to recovery directory: /tmp/kudutest-1000/client-test.ClientTest.TestStaleLocations.1414961696528764-31819/minicluster-data/ts-0-root/wals/452fa80dae3a4f8fb0eb2145daeae7c8.recovery
I1102 12:55:07.818711 2631 tablet_bootstrap.cc:480] Renamed old recovery dir from: /tmp/kudutest-1000/client-test.ClientTest.TestStaleLocations.1414961696528764-31819/minicluster-data/ts-0-root/wals/f4a6632eb2df4a82a718edf5da8acf17.recovery to: /tmp/kudutest-1000/client-test.ClientTest.TestStaleLocations.1414961696528764-31819/minicluster-data/ts-0-root/wals/f4a6632eb2df4a82a718edf5da8acf17.recovery-1414961707818693
I1102 12:55:07.818768 2631 tablet_bootstrap.cc:488] Removed renamed recovery dir: /tmp/kudutest-1000/client-test.ClientTest.TestStaleLocations.1414961696528764-31819/minicluster-data/ts-0-root/wals/f4a6632eb2df4a82a718edf5da8acf17.recovery-1414961707818693
I1102 12:55:07.818783 2631 tablet_bootstrap.cc:234] Tablet f4a6632eb2df4a82a718edf5da8acf17: Bootstrap complete.
I1102 12:55:07.818883 2632 tablet_bootstrap.cc:234] Tablet 9154a74211e249cb9017efa709753d6e: Bootstrap replayed 1/1 log segments.
I1102 12:55:07.819041 2631 ts_tablet_manager.cc:330] Time spent tablet f4a6632eb2df4a82a718edf5da8acf17 bootstrap: real 0.005s user 0.003s sys 0.001s
I1102 12:55:07.819172 2632 tablet_bootstrap.cc:480] Renamed old recovery dir from: /tmp/kudutest-1000/client-test.ClientTest.TestStaleLocations.1414961696528764-31819/minicluster-data/ts-0-root/wals/9154a74211e249cb9017efa709753d6e.recovery to: /tmp/kudutest-1000/client-test.ClientTest.TestStaleLocations.1414961696528764-31819/minicluster-data/ts-0-root/wals/9154a74211e249cb9017efa709753d6e.recovery-1414961707819147
I1102 12:55:07.819267 2632 tablet_bootstrap.cc:488] Removed renamed recovery dir: /tmp/kudutest-1000/client-test.ClientTest.TestStaleLocations.1414961696528764-31819/minicluster-data/ts-0-root/wals/9154a74211e249cb9017efa709753d6e.recovery-1414961707819147
I1102 12:55:07.819283 2632 tablet_bootstrap.cc:234] Tablet 9154a74211e249cb9017efa709753d6e: Bootstrap complete.
I1102 12:55:07.819679 2632 ts_tablet_manager.cc:330] Time spent tablet 9154a74211e249cb9017efa709753d6e bootstrap: real 0.005s user 0.004s sys 0.001s
I1102 12:55:07.819690 2634 tablet_bootstrap.cc:234] Tablet 452fa80dae3a4f8fb0eb2145daeae7c8: Bootstrap replayed 1/1 log segments.
I1102 12:55:07.819990 2631 ts_tablet_manager.cc:350] Time spent starting tablet f4a6632eb2df4a82a718edf5da8acf17: real 0.001s user 0.001s sys 0.000s
I1102 12:55:07.820137 2634 tablet_bootstrap.cc:480] Renamed old recovery dir from: /tmp/kudutest-1000/client-test.ClientTest.TestStaleLocations.1414961696528764-31819/minicluster-data/ts-0-root/wals/452fa80dae3a4f8fb0eb2145daeae7c8.recovery to: /tmp/kudutest-1000/client-test.ClientTest.TestStaleLocations.1414961696528764-31819/minicluster-data/ts-0-root/wals/452fa80dae3a4f8fb0eb2145daeae7c8.recovery-1414961707820109
I1102 12:55:07.820212 2634 tablet_bootstrap.cc:488] Removed renamed recovery dir: /tmp/kudutest-1000/client-test.ClientTest.TestStaleLocations.1414961696528764-31819/minicluster-data/ts-0-root/wals/452fa80dae3a4f8fb0eb2145daeae7c8.recovery-1414961707820109
I1102 12:55:07.820225 2634 tablet_bootstrap.cc:234] Tablet 452fa80dae3a4f8fb0eb2145daeae7c8: Bootstrap complete.
I1102 12:55:07.820441 2634 ts_tablet_manager.cc:330] Time spent tablet 452fa80dae3a4f8fb0eb2145daeae7c8 bootstrap: real 0.006s user 0.004s sys 0.001s
I1102 12:55:07.820431 2652 tablet_peer.cc:213] Configuration changed for tablet: f4a6632eb2df4a82a718edf5da8acf17 in peer: 531498cb480346c0843797c61456a3fd Changed from: seqno: 0 local: true peers { permanent_uuid: "531498cb480346c0843797c61456a3fd" role: LEADER last_known_addr { host: "127.0.0.1" port: 60575 } } Changed to: seqno: 1 local: true peers { permanent_uuid: "531498cb480346c0843797c61456a3fd" role: LEADER last_known_addr { host: "127.0.0.1" port: 60575 } }
I1102 12:55:07.820919 2632 ts_tablet_manager.cc:350] Time spent starting tablet 9154a74211e249cb9017efa709753d6e: real 0.001s user 0.000s sys 0.000s
I1102 12:55:07.821154 2655 tablet_peer.cc:213] Configuration changed for tablet: 9154a74211e249cb9017efa709753d6e in peer: 531498cb480346c0843797c61456a3fd Changed from: seqno: 0 local: true peers { permanent_uuid: "531498cb480346c0843797c61456a3fd" role: LEADER last_known_addr { host: "127.0.0.1" port: 60575 } } Changed to: seqno: 1 local: true peers { permanent_uuid: "531498cb480346c0843797c61456a3fd" role: LEADER last_known_addr { host: "127.0.0.1" port: 60575 } }
I1102 12:55:07.821238 2634 ts_tablet_manager.cc:350] Time spent starting tablet 452fa80dae3a4f8fb0eb2145daeae7c8: real 0.001s user 0.000s sys 0.000s
I1102 12:55:07.821538 2658 tablet_peer.cc:213] Configuration changed for tablet: 452fa80dae3a4f8fb0eb2145daeae7c8 in peer: 531498cb480346c0843797c61456a3fd Changed from: seqno: 0 local: true peers { permanent_uuid: "531498cb480346c0843797c61456a3fd" role: LEADER last_known_addr { host: "127.0.0.1" port: 60575 } } Changed to: seqno: 1 local: true peers { permanent_uuid: "531498cb480346c0843797c61456a3fd" role: LEADER last_known_addr { host: "127.0.0.1" port: 60575 } }
I1102 12:55:07.822412 31819 webserver.cc:108] Starting webserver on 0.0.0.0:0
I1102 12:55:07.822425 31819 webserver.cc:117] Document root disabled
I1102 12:55:07.822670 31819 webserver.cc:197] Webserver started. Bound to: 0.0.0.0:55833
I1102 12:55:07.822803 31819 maintenance_manager.cc:118] MaintenanceManager: targeting memory size of 25.106701 GB
I1102 12:55:07.824106 2684 heartbeater.cc:227] Registering TS with master...
I1102 12:55:07.824164 2684 heartbeater.cc:233] Sending a full tablet report to master...
I1102 12:55:07.824589 2588 ts_manager.cc:66] Registered new tablet server { permanent_uuid: "531498cb480346c0843797c61456a3fd" instance_seqno: 1414961707822158 } with Master
I1102 12:55:07.824779 2588 catalog_manager.cc:1127] Tablet: f4a6632eb2df4a82a718edf5da8acf17 reported quorum change. New quorum: seqno: 1 local: true peers { permanent_uuid: "531498cb480346c0843797c61456a3fd" role: LEADER last_known_addr { host: "127.0.0.1" port: 60575 } }
I1102 12:55:07.825139 31819 mini_cluster.cc:268] 1 TS(s) registered with Master after 0.00216734s
I1102 12:55:07.825284 31819 tablet_server.cc:114] TabletServer shutting down...
I1102 12:55:07.826254 2588 catalog_manager.cc:1127] Tablet: 452fa80dae3a4f8fb0eb2145daeae7c8 reported quorum change. New quorum: seqno: 1 local: true peers { permanent_uuid: "531498cb480346c0843797c61456a3fd" role: LEADER last_known_addr { host: "127.0.0.1" port: 60575 } }
I1102 12:55:07.827280 2588 catalog_manager.cc:1127] Tablet: 9154a74211e249cb9017efa709753d6e reported quorum change. New quorum: seqno: 1 local: true peers { permanent_uuid: "531498cb480346c0843797c61456a3fd" role: LEADER last_known_addr { host: "127.0.0.1" port: 60575 } }
I1102 12:55:07.841115 31819 ts_tablet_manager.cc:402] Shutting down tablet manager...
I1102 12:55:07.841202 31819 maintenance_manager.cc:177] Unregistered op LogGCOp
I1102 12:55:07.841253 31819 tablet_peer.cc:231] Initiating TabletPeer shutdown for tablet: f4a6632eb2df4a82a718edf5da8acf17
I1102 12:55:07.841286 31819 maintenance_manager.cc:177] Unregistered op FlushMRSOp(f4a6632eb2df4a82a718edf5da8acf17)
I1102 12:55:07.841310 31819 maintenance_manager.cc:177] Unregistered op CompactRowSetsOp(f4a6632eb2df4a82a718edf5da8acf17)
I1102 12:55:07.841325 31819 maintenance_manager.cc:177] Unregistered op FlushDeltaMemStoresOp(f4a6632eb2df4a82a718edf5da8acf17)
I1102 12:55:07.841815 31819 tablet_peer.cc:231] Initiating TabletPeer shutdown for tablet: 452fa80dae3a4f8fb0eb2145daeae7c8
I1102 12:55:07.841836 31819 maintenance_manager.cc:177] Unregistered op FlushMRSOp(452fa80dae3a4f8fb0eb2145daeae7c8)
I1102 12:55:07.841846 31819 maintenance_manager.cc:177] Unregistered op CompactRowSetsOp(452fa80dae3a4f8fb0eb2145daeae7c8)
I1102 12:55:07.841856 31819 maintenance_manager.cc:177] Unregistered op FlushDeltaMemStoresOp(452fa80dae3a4f8fb0eb2145daeae7c8)
I1102 12:55:07.842190 31819 tablet_peer.cc:231] Initiating TabletPeer shutdown for tablet: 9154a74211e249cb9017efa709753d6e
I1102 12:55:07.842207 31819 maintenance_manager.cc:177] Unregistered op FlushMRSOp(9154a74211e249cb9017efa709753d6e)
I1102 12:55:07.842216 31819 maintenance_manager.cc:177] Unregistered op CompactRowSetsOp(9154a74211e249cb9017efa709753d6e)
I1102 12:55:07.842224 31819 maintenance_manager.cc:177] Unregistered op FlushDeltaMemStoresOp(9154a74211e249cb9017efa709753d6e)
I1102 12:55:07.845809 31819 tablet_server.cc:123] TabletServer shut down complete. Bye!
I1102 12:55:07.845834 31819 tablet_server.cc:114] TabletServer shutting down...
I1102 12:55:07.845862 31819 tablet_server.cc:123] TabletServer shut down complete. Bye!
I1102 12:55:07.846760 31819 master.cc:124] Master@127.0.0.1:57938 shutting down...
I1102 12:55:07.858396 31819 tablet_peer.cc:231] Initiating TabletPeer shutdown for tablet: 11111111111111111111111111111111
I1102 12:55:07.858932 31819 tablet_peer.cc:231] Initiating TabletPeer shutdown for tablet: 00000000000000000000000000000000
I1102 12:55:07.859371 31819 master.cc:127] Master@127.0.0.1:57938 shutdown complete. [ OK ] ClientTest.TestStaleLocations (393 ms) [ RUN ] ClientTest.TestReplicatedMultiTabletTable
I1102 12:55:08.108907 31819 fs_manager.cc:130] Generated new instance metadata in path /tmp/kudutest-1000/client-test.ClientTest.TestReplicatedMultiTabletTable.1414961696528764-31819/minicluster-data/master-0-root/instance: uuid: "ce44a374337c40bdae93a4fd442809c5" format_stamp: "Formatted at 2014-11-02 20:55:07 on qiwi"
I1102 12:55:08.109066 31819 fs_manager.cc:82] Opened local filesystem: /tmp/kudutest-1000/client-test.ClientTest.TestReplicatedMultiTabletTable.1414961696528764-31819/minicluster-data/master-0-root uuid: "ce44a374337c40bdae93a4fd442809c5" format_stamp: "Formatted at 2014-11-02 20:55:07 on qiwi"
I1102 12:55:08.110044 31819 hybrid_clock.cc:119] HybridClock initialized. Resolution in nanos?: 1 Wait times tolerance adjustment: 1.0005 Current error: 497278
I1102 12:55:08.114403 31819 webserver.cc:108] Starting webserver on 0.0.0.0:0
I1102 12:55:08.114445 31819 webserver.cc:117] Document root disabled
I1102 12:55:08.114992 31819 webserver.cc:197] Webserver started. Bound to: 0.0.0.0:44467
I1102 12:55:08.118427 2716 tablet_bootstrap.cc:234] Tablet 11111111111111111111111111111111: Bootstrap starting.
I1102 12:55:08.122306 2716 tablet_bootstrap.cc:331] No previous blocks or log segments found for tablet: 11111111111111111111111111111111 creating new one.
I1102 12:55:08.123216 2716 tablet_bootstrap.cc:234] Tablet 11111111111111111111111111111111: No bootstrap required, opened a new log
I1102 12:55:08.124694 2718 tablet_peer.cc:213] Configuration changed for tablet: 11111111111111111111111111111111 in peer: ce44a374337c40bdae93a4fd442809c5 Changed from: seqno: 0 local: true peers { permanent_uuid: "ce44a374337c40bdae93a4fd442809c5" role: LEADER } Changed to: seqno: 1 local: true peers { permanent_uuid: "ce44a374337c40bdae93a4fd442809c5" role: LEADER }
I1102 12:55:08.124759 2718 sys_tables.cc:217] SysTable state changed. New quorum config: seqno: 1 local: true peers { permanent_uuid: "ce44a374337c40bdae93a4fd442809c5" role: LEADER }
I1102 12:55:08.125226 2716 tablet_bootstrap.cc:234] Tablet 00000000000000000000000000000000: Bootstrap starting.
I1102 12:55:08.127300 2716 tablet_bootstrap.cc:331] No previous blocks or log segments found for tablet: 00000000000000000000000000000000 creating new one.
I1102 12:55:08.128168 2716 tablet_bootstrap.cc:234] Tablet 00000000000000000000000000000000: No bootstrap required, opened a new log
I1102 12:55:08.129232 2716 sys_tables.cc:281] SysTable tablet configured and running, proceeding with master startup.
I1102 12:55:08.129585 2722 tablet_peer.cc:213] Configuration changed for tablet: 00000000000000000000000000000000 in peer: ce44a374337c40bdae93a4fd442809c5 Changed from: seqno: 0 local: true peers { permanent_uuid: "ce44a374337c40bdae93a4fd442809c5" role: LEADER } Changed to: seqno: 1 local: true peers { permanent_uuid: "ce44a374337c40bdae93a4fd442809c5" role: LEADER }
I1102 12:55:08.129638 2716 sys_tables.cc:281] SysTable tablet configured and running, proceeding with master startup.
I1102 12:55:08.129648 2722 sys_tables.cc:217] SysTable state changed. New quorum config: seqno: 1 local: true peers { permanent_uuid: "ce44a374337c40bdae93a4fd442809c5" role: LEADER }
I1102 12:55:08.142418 31819 fs_manager.cc:130] Generated new instance metadata in path /tmp/kudutest-1000/client-test.ClientTest.TestReplicatedMultiTabletTable.1414961696528764-31819/minicluster-data/ts-0-root/instance: uuid: "5cc3a713bea9447fa0a35a7a5dc8b2a0" format_stamp: "Formatted at 2014-11-02 20:55:08 on qiwi"
I1102 12:55:08.142518 31819 fs_manager.cc:82] Opened local filesystem: /tmp/kudutest-1000/client-test.ClientTest.TestReplicatedMultiTabletTable.1414961696528764-31819/minicluster-data/ts-0-root uuid: "5cc3a713bea9447fa0a35a7a5dc8b2a0" format_stamp: "Formatted at 2014-11-02 20:55:08 on qiwi"
I1102 12:55:08.143410 31819 hybrid_clock.cc:119] HybridClock initialized. Resolution in nanos?: 1 Wait times tolerance adjustment: 1.0005 Current error: 497278
I1102 12:55:08.147840 31819 webserver.cc:108] Starting webserver on 0.0.0.0:0
I1102 12:55:08.147860 31819 webserver.cc:117] Document root disabled
I1102 12:55:08.148092 31819 webserver.cc:197] Webserver started. Bound to: 0.0.0.0:47615
I1102 12:55:08.148226 31819 maintenance_manager.cc:118] MaintenanceManager: targeting memory size of 25.106701 GB
I1102 12:55:08.149822 2766 heartbeater.cc:227] Registering TS with master...
I1102 12:55:08.149879 2766 heartbeater.cc:233] Sending a full tablet report to master...
I1102 12:55:08.150259 2693 ts_manager.cc:66] Registered new tablet server { permanent_uuid: "5cc3a713bea9447fa0a35a7a5dc8b2a0" instance_seqno: 1414961708147554 } with Master
I1102 12:55:08.150519 31819 mini_cluster.cc:268] 1 TS(s) registered with Master after 0.00216513s
I1102 12:55:08.153571 2695 catalog_manager.cc:437] CreateTable from {real_user=alex, eff_user=} at 127.0.0.1:33010: name: "client-testtb" schema { columns { name: "key" type: UINT32 is_key: true is_nullable: false encoding: AUTO_ENCODING compression: DEFAULT_COMPRESSION } columns { name: "int_val" type: UINT32 is_key: false is_nullable: false encoding: AUTO_ENCODING compression: DEFAULT_COMPRESSION } columns { name: "string_val" type: STRING is_key: false is_nullable: true encoding: AUTO_ENCODING compression: DEFAULT_COMPRESSION } columns { name: "non_null_with_default" type: UINT32 is_key: false is_nullable: false read_default_value: "90\000\000" write_default_value: "90\000\000" encoding: AUTO_ENCODING compression: DEFAULT_COMPRESSION } } pre_split_keys: "\000\000\000\t" num_replicas: 1
I1102 12:55:08.159610 2744 tablet_service.cc:264] Processing CreateTablet for tablet 864cd20dd70645a58ca0e7dd329277dc (table=client-testtb [id=89ece73be203403d94584b2ac857d46e]), range=["", "\x00\x00\x00\t"]
I1102 12:55:08.159661 2745 tablet_service.cc:264] Processing CreateTablet for tablet 0ccad0cf77534f5f8f81babb82fe270c (table=client-testtb [id=89ece73be203403d94584b2ac857d46e]), range=["\x00\x00\x00\t", ""]
I1102 12:55:08.160614 2745 ts_tablet_manager.cc:460] Registered tablet 0ccad0cf77534f5f8f81babb82fe270c
I1102 12:55:08.160698 2744 ts_tablet_manager.cc:460] Registered tablet 864cd20dd70645a58ca0e7dd329277dc
I1102 12:55:08.161147 2776 ts_tablet_manager.cc:325] Bootstrapping tablet: 864cd20dd70645a58ca0e7dd329277dc
I1102 12:55:08.161147 2775 ts_tablet_manager.cc:325] Bootstrapping tablet: 0ccad0cf77534f5f8f81babb82fe270c
I1102 12:55:08.161869 2775 tablet_bootstrap.cc:234] Tablet 0ccad0cf77534f5f8f81babb82fe270c: Bootstrap starting.
I1102 12:55:08.161869 2776 tablet_bootstrap.cc:234] Tablet 864cd20dd70645a58ca0e7dd329277dc: Bootstrap starting.
I1102 12:55:08.165846 2775 tablet_bootstrap.cc:331] No previous blocks or log segments found for tablet: 0ccad0cf77534f5f8f81babb82fe270c creating new one.
I1102 12:55:08.165860 2776 tablet_bootstrap.cc:331] No previous blocks or log segments found for tablet: 864cd20dd70645a58ca0e7dd329277dc creating new one.
I1102 12:55:08.167426 2776 tablet_bootstrap.cc:234] Tablet 864cd20dd70645a58ca0e7dd329277dc: No bootstrap required, opened a new log
I1102 12:55:08.167542 2775 tablet_bootstrap.cc:234] Tablet 0ccad0cf77534f5f8f81babb82fe270c: No bootstrap required, opened a new log
I1102 12:55:08.167783 2776 ts_tablet_manager.cc:330] Time spent tablet 864cd20dd70645a58ca0e7dd329277dc bootstrap: real 0.007s user 0.005s sys 0.001s
I1102 12:55:08.167922 2775 ts_tablet_manager.cc:330] Time spent tablet 0ccad0cf77534f5f8f81babb82fe270c bootstrap: real 0.007s user 0.005s sys 0.001s
I1102 12:55:08.169266 2776 ts_tablet_manager.cc:350] Time spent starting tablet 864cd20dd70645a58ca0e7dd329277dc: real 0.001s user 0.001s sys 0.000s
I1102 12:55:08.169270 2775 ts_tablet_manager.cc:350] Time spent starting tablet 0ccad0cf77534f5f8f81babb82fe270c: real 0.001s user 0.001s sys 0.000s
I1102 12:55:08.169845 2780 tablet_peer.cc:213] Configuration changed for tablet: 0ccad0cf77534f5f8f81babb82fe270c in peer: 5cc3a713bea9447fa0a35a7a5dc8b2a0 Changed from: seqno: -1 local: true peers { permanent_uuid: "5cc3a713bea9447fa0a35a7a5dc8b2a0" role: CANDIDATE last_known_addr { host: "127.0.0.1" port: 53010 } } Changed to: seqno: 0 local: true peers { permanent_uuid: "5cc3a713bea9447fa0a35a7a5dc8b2a0" role: LEADER last_known_addr { host: "127.0.0.1" port: 53010 } }
I1102 12:55:08.169848 2779 tablet_peer.cc:213] Configuration changed for tablet: 864cd20dd70645a58ca0e7dd329277dc in peer: 5cc3a713bea9447fa0a35a7a5dc8b2a0 Changed from: seqno: -1 local: true peers { permanent_uuid: "5cc3a713bea9447fa0a35a7a5dc8b2a0" role: CANDIDATE last_known_addr { host: "127.0.0.1" port: 53010 } } Changed to: seqno: 0 local: true peers { permanent_uuid: "5cc3a713bea9447fa0a35a7a5dc8b2a0" role: LEADER last_known_addr { host: "127.0.0.1" port: 53010 } }
I1102 12:55:08.172098 2693 catalog_manager.cc:1127] Tablet: 864cd20dd70645a58ca0e7dd329277dc reported quorum change. New quorum: seqno: 0 local: true peers { permanent_uuid: "5cc3a713bea9447fa0a35a7a5dc8b2a0" role: LEADER last_known_addr { host: "127.0.0.1" port: 53010 } }
I1102 12:55:08.173691 2693 catalog_manager.cc:1127] Tablet: 0ccad0cf77534f5f8f81babb82fe270c reported quorum change. New quorum: seqno: 0 local: true peers { permanent_uuid: "5cc3a713bea9447fa0a35a7a5dc8b2a0" role: LEADER last_known_addr { host: "127.0.0.1" port: 53010 } }
I1102 12:55:08.182660 2698 catalog_manager.cc:437] CreateTable from {real_user=alex, eff_user=} at 127.0.0.1:33010: name: "client-testtb2" schema { columns { name: "key" type: UINT32 is_key: true is_nullable: false encoding: AUTO_ENCODING compression: DEFAULT_COMPRESSION } columns { name: "int_val" type: UINT32 is_key: false is_nullable: false encoding: AUTO_ENCODING compression: DEFAULT_COMPRESSION } columns { name: "string_val" type: STRING is_key: false is_nullable: true encoding: AUTO_ENCODING compression: DEFAULT_COMPRESSION } columns { name: "non_null_with_default" type: UINT32 is_key: false is_nullable: false read_default_value: "90\000\000" write_default_value: "90\000\000" encoding: AUTO_ENCODING compression: DEFAULT_COMPRESSION } } num_replicas: 1
I1102 12:55:08.188345 2746 tablet_service.cc:264] Processing CreateTablet for tablet ee48e4f85aaf43358ba9f69f19525884 (table=client-testtb2 [id=1c97602a3cfe4fbeacd82cc9ca4c7e1e]), range=["", ""]
I1102 12:55:08.189558 2746 ts_tablet_manager.cc:460] Registered tablet ee48e4f85aaf43358ba9f69f19525884
I1102 12:55:08.189659 2776 ts_tablet_manager.cc:325] Bootstrapping tablet: ee48e4f85aaf43358ba9f69f19525884
I1102 12:55:08.190143 2776 tablet_bootstrap.cc:234] Tablet ee48e4f85aaf43358ba9f69f19525884: Bootstrap starting.
I1102 12:55:08.192661 2776 tablet_bootstrap.cc:331] No previous blocks or log segments found for tablet: ee48e4f85aaf43358ba9f69f19525884 creating new one.
I1102 12:55:08.193784 2776 tablet_bootstrap.cc:234] Tablet ee48e4f85aaf43358ba9f69f19525884: No bootstrap required, opened a new log
I1102 12:55:08.194036 2776 ts_tablet_manager.cc:330] Time spent tablet ee48e4f85aaf43358ba9f69f19525884 bootstrap: real 0.004s user 0.003s sys 0.001s
I1102 12:55:08.195224 2776 ts_tablet_manager.cc:350] Time spent starting tablet ee48e4f85aaf43358ba9f69f19525884: real 0.001s user 0.001s sys 0.000s
I1102 12:55:08.195564 2786 tablet_peer.cc:213] Configuration changed for tablet: ee48e4f85aaf43358ba9f69f19525884 in peer: 5cc3a713bea9447fa0a35a7a5dc8b2a0 Changed from: seqno: -1 local: true peers { permanent_uuid: "5cc3a713bea9447fa0a35a7a5dc8b2a0" role: CANDIDATE last_known_addr { host: "127.0.0.1" port: 53010 } } Changed to: seqno: 0 local: true peers { permanent_uuid: "5cc3a713bea9447fa0a35a7a5dc8b2a0" role: LEADER last_known_addr { host: "127.0.0.1" port: 53010 } }
I1102 12:55:08.196833 2693 catalog_manager.cc:1127] Tablet: ee48e4f85aaf43358ba9f69f19525884 reported quorum change. New quorum: seqno: 0 local: true peers { permanent_uuid: "5cc3a713bea9447fa0a35a7a5dc8b2a0" role: LEADER last_known_addr { host: "127.0.0.1" port: 53010 } }
I1102 12:55:08.217854 31819 fs_manager.cc:130] Generated new instance metadata in path /tmp/kudutest-1000/client-test.ClientTest.TestReplicatedMultiTabletTable.1414961696528764-31819/minicluster-data/ts-1-root/instance: uuid: "e37f8fd99e1f44da8424883fbb28a8c5" format_stamp: "Formatted at 2014-11-02 20:55:08 on qiwi"
I1102 12:55:08.217985 31819 fs_manager.cc:82] Opened local filesystem: /tmp/kudutest-1000/client-test.ClientTest.TestReplicatedMultiTabletTable.1414961696528764-31819/minicluster-data/ts-1-root uuid: "e37f8fd99e1f44da8424883fbb28a8c5" format_stamp: "Formatted at 2014-11-02 20:55:08 on qiwi"
I1102 12:55:08.218895 31819 hybrid_clock.cc:119] HybridClock initialized. Resolution in nanos?: 1 Wait times tolerance adjustment: 1.0005 Current error: 497278
I1102 12:55:08.227794 31819 webserver.cc:108] Starting webserver on 0.0.0.0:0
I1102 12:55:08.227820 31819 webserver.cc:117] Document root disabled
I1102 12:55:08.228129 31819 webserver.cc:197] Webserver started. Bound to: 0.0.0.0:57575
I1102 12:55:08.228518 31819 maintenance_manager.cc:118] MaintenanceManager: targeting memory size of 25.106701 GB
I1102 12:55:08.231425 2832 heartbeater.cc:227] Registering TS with master...
I1102 12:55:08.231525 2832 heartbeater.cc:233] Sending a full tablet report to master...
I1102 12:55:08.232213 2694 ts_manager.cc:66] Registered new tablet server { permanent_uuid: "e37f8fd99e1f44da8424883fbb28a8c5" instance_seqno: 1414961708227414 } with Master
I1102 12:55:08.248033 31819 fs_manager.cc:130] Generated new instance metadata in path /tmp/kudutest-1000/client-test.ClientTest.TestReplicatedMultiTabletTable.1414961696528764-31819/minicluster-data/ts-2-root/instance: uuid: "0900f974a933481bb7ef88a95ea6b7bb" format_stamp: "Formatted at 2014-11-02 20:55:08 on qiwi"
I1102 12:55:08.248127 31819 fs_manager.cc:82] Opened local filesystem: /tmp/kudutest-1000/client-test.ClientTest.TestReplicatedMultiTabletTable.1414961696528764-31819/minicluster-data/ts-2-root uuid: "0900f974a933481bb7ef88a95ea6b7bb" format_stamp: "Formatted at 2014-11-02 20:55:08 on qiwi"
I1102 12:55:08.249392 31819 hybrid_clock.cc:119] HybridClock initialized. Resolution in nanos?: 1 Wait times tolerance adjustment: 1.0005 Current error: 497278
I1102 12:55:08.257905 31819 webserver.cc:108] Starting webserver on 0.0.0.0:0
I1102 12:55:08.257933 31819 webserver.cc:117] Document root disabled
I1102 12:55:08.258190 31819 webserver.cc:197] Webserver started. Bound to: 0.0.0.0:44076
I1102 12:55:08.258574 31819 maintenance_manager.cc:118] MaintenanceManager: targeting memory size of 25.106701 GB
I1102 12:55:08.260207 2874 heartbeater.cc:227] Registering TS with master...
I1102 12:55:08.260259 2874 heartbeater.cc:233] Sending a full tablet report to master...
I1102 12:55:08.260579 2698 ts_manager.cc:66] Registered new tablet server { permanent_uuid: "0900f974a933481bb7ef88a95ea6b7bb" instance_seqno: 1414961708257574 } with Master
I1102 12:55:08.261270 31819 mini_cluster.cc:268] 3 TS(s) registered with Master after 0.00221706s
I1102 12:55:08.261898 2701 catalog_manager.cc:437] CreateTable from {real_user=alex, eff_user=} at 127.0.0.1:33010: name: "replicated" schema { columns { name: "key" type: UINT32 is_key: true is_nullable: false encoding: AUTO_ENCODING compression: DEFAULT_COMPRESSION } columns { name: "int_val" type: UINT32 is_key: false is_nullable: false encoding: AUTO_ENCODING compression: DEFAULT_COMPRESSION } columns { name: "string_val" type: STRING is_key: false is_nullable: true encoding: AUTO_ENCODING compression: DEFAULT_COMPRESSION } columns { name: "non_null_with_default" type: UINT32 is_key: false is_nullable: false read_default_value: "90\000\000" write_default_value: "90\000\000" encoding: AUTO_ENCODING compression: DEFAULT_COMPRESSION } } pre_split_keys: "\000\000\000\t" num_replicas: 3
I1102 12:55:08.266774 2747 tablet_service.cc:264] Processing CreateTablet for tablet d19c0c638581472db098a03367e5d21d (table=replicated [id=25f20809543948c3b71b2b2644b31b5e]), range=["\x00\x00\x00\t", ""]
I1102 12:55:08.266999 2748 tablet_service.cc:264] Processing CreateTablet for tablet 8285cc49c29f424bb9c536dec332c9f5 (table=replicated [id=25f20809543948c3b71b2b2644b31b5e]), range=["", "\x00\x00\x00\t"]
I1102 12:55:08.267729 2809 tablet_service.cc:264] Processing CreateTablet for tablet 8285cc49c29f424bb9c536dec332c9f5 (table=replicated [id=25f20809543948c3b71b2b2644b31b5e]), range=["", "\x00\x00\x00\t"]
I1102 12:55:08.267729 2808 tablet_service.cc:264] Processing CreateTablet for tablet d19c0c638581472db098a03367e5d21d (table=replicated [id=25f20809543948c3b71b2b2644b31b5e]), range=["\x00\x00\x00\t", ""]
I1102 12:55:08.268169 2748 ts_tablet_manager.cc:460] Registered tablet 8285cc49c29f424bb9c536dec332c9f5
I1102 12:55:08.268235 2775 ts_tablet_manager.cc:325] Bootstrapping tablet: 8285cc49c29f424bb9c536dec332c9f5
I1102 12:55:08.268249 2747 ts_tablet_manager.cc:460] Registered tablet d19c0c638581472db098a03367e5d21d
I1102 12:55:08.268307 2776 ts_tablet_manager.cc:325] Bootstrapping tablet: d19c0c638581472db098a03367e5d21d
I1102 12:55:08.268405 2852 tablet_service.cc:264] Processing CreateTablet for tablet d19c0c638581472db098a03367e5d21d (table=replicated [id=25f20809543948c3b71b2b2644b31b5e]), range=["\x00\x00\x00\t", ""]
