I1102 12:55:06.691181 2180 catalog_manager.cc:437] CreateTable from {real_user=alex, eff_user=} at 127.0.0.1:49826: name: "client-testtb" schema { columns { name: "key" type: UINT32 is_key: true is_nullable: false encoding: AUTO_ENCODING compression: DEFAULT_COMPRESSION } columns { name: "int_val" type: UINT32 is_key: false is_nullable: false encoding: AUTO_ENCODING compression: DEFAULT_COMPRESSION } columns { name: "string_val" type: STRING is_key: false is_nullable: true encoding: AUTO_ENCODING compression: DEFAULT_COMPRESSION } columns { name: "non_null_with_default" type: UINT32 is_key: false is_nullable: false read_default_value: "90\000\000" write_default_value: "90\000\000" encoding: AUTO_ENCODING compression: DEFAULT_COMPRESSION } } pre_split_keys: "\000\000\000\t" num_replicas: 1
I1102 12:55:06.698210 2226 tablet_service.cc:264] Processing CreateTablet for tablet 759452be395144b4ae585059f5ef2f48 (table=client-testtb [id=2e44589c2c914f48aab65d94a68c14e7]), range=["\x00\x00\x00\t", ""]
I1102 12:55:06.698297 2227 tablet_service.cc:264] Processing CreateTablet for tablet 24c0ef0ca8be4bc0bafba4b5fddf6de9 (table=client-testtb [id=2e44589c2c914f48aab65d94a68c14e7]), range=["", "\x00\x00\x00\t"]
I1102 12:55:06.699457 2226 ts_tablet_manager.cc:460] Registered tablet 759452be395144b4ae585059f5ef2f48
I1102 12:55:06.699527 2227 ts_tablet_manager.cc:460] Registered tablet 24c0ef0ca8be4bc0bafba4b5fddf6de9
I1102 12:55:06.699795 2258 ts_tablet_manager.cc:325] Bootstrapping tablet: 759452be395144b4ae585059f5ef2f48
I1102 12:55:06.700044 2259 ts_tablet_manager.cc:325] Bootstrapping tablet: 24c0ef0ca8be4bc0bafba4b5fddf6de9
I1102 12:55:06.700435 2258 tablet_bootstrap.cc:234] Tablet 759452be395144b4ae585059f5ef2f48: Bootstrap starting.
I1102 12:55:06.700655 2259 tablet_bootstrap.cc:234] Tablet 24c0ef0ca8be4bc0bafba4b5fddf6de9: Bootstrap starting.
I1102 12:55:06.703757 2258 tablet_bootstrap.cc:331] No previous blocks or log segments found for tablet: 759452be395144b4ae585059f5ef2f48 creating new one.
I1102 12:55:06.703835 2259 tablet_bootstrap.cc:331] No previous blocks or log segments found for tablet: 24c0ef0ca8be4bc0bafba4b5fddf6de9 creating new one.
I1102 12:55:06.705327 2259 tablet_bootstrap.cc:234] Tablet 24c0ef0ca8be4bc0bafba4b5fddf6de9: No bootstrap required, opened a new log
I1102 12:55:06.705572 2258 tablet_bootstrap.cc:234] Tablet 759452be395144b4ae585059f5ef2f48: No bootstrap required, opened a new log
I1102 12:55:06.705627 2259 ts_tablet_manager.cc:330] Time spent tablet 24c0ef0ca8be4bc0bafba4b5fddf6de9 bootstrap: real 0.006s user 0.004s sys 0.001s
I1102 12:55:06.705896 2258 ts_tablet_manager.cc:330] Time spent tablet 759452be395144b4ae585059f5ef2f48 bootstrap: real 0.006s user 0.004s sys 0.001s
I1102 12:55:06.707135 2259 ts_tablet_manager.cc:350] Time spent starting tablet 24c0ef0ca8be4bc0bafba4b5fddf6de9: real 0.001s user 0.001s sys 0.000s
I1102 12:55:06.707142 2258 ts_tablet_manager.cc:350] Time spent starting tablet 759452be395144b4ae585059f5ef2f48: real 0.001s user 0.001s sys 0.000s
I1102 12:55:06.707896 2263 tablet_peer.cc:213] Configuration changed for tablet: 759452be395144b4ae585059f5ef2f48 in peer: 03e32129a6e34fcd8c9428a10088d7f1 Changed from: seqno: -1 local: true peers { permanent_uuid: "03e32129a6e34fcd8c9428a10088d7f1" role: CANDIDATE last_known_addr { host: "127.0.0.1" port: 60829 } } Changed to: seqno: 0 local: true peers { permanent_uuid: "03e32129a6e34fcd8c9428a10088d7f1" role: LEADER last_known_addr { host: "127.0.0.1" port: 60829 } }
I1102 12:55:06.707906 2262 tablet_peer.cc:213] Configuration changed for tablet: 24c0ef0ca8be4bc0bafba4b5fddf6de9 in peer: 03e32129a6e34fcd8c9428a10088d7f1 Changed from: seqno: -1 local: true peers { permanent_uuid: "03e32129a6e34fcd8c9428a10088d7f1" role: CANDIDATE last_known_addr { host: "127.0.0.1" port: 60829 } } Changed to: seqno: 0 local: true peers { permanent_uuid: "03e32129a6e34fcd8c9428a10088d7f1" role: LEADER last_known_addr { host: "127.0.0.1" port: 60829 } }
I1102 12:55:06.708585 2177 catalog_manager.cc:1127] Tablet: 759452be395144b4ae585059f5ef2f48 reported quorum change. New quorum: seqno: 0 local: true peers { permanent_uuid: "03e32129a6e34fcd8c9428a10088d7f1" role: LEADER last_known_addr { host: "127.0.0.1" port: 60829 } }
I1102 12:55:06.710681 2177 catalog_manager.cc:1127] Tablet: 24c0ef0ca8be4bc0bafba4b5fddf6de9 reported quorum change. New quorum: seqno: 0 local: true peers { permanent_uuid: "03e32129a6e34fcd8c9428a10088d7f1" role: LEADER last_known_addr { host: "127.0.0.1" port: 60829 } }
I1102 12:55:06.716467 2183 catalog_manager.cc:437] CreateTable from {real_user=alex, eff_user=} at 127.0.0.1:49826: name: "client-testtb2" schema { columns { name: "key" type: UINT32 is_key: true is_nullable: false encoding: AUTO_ENCODING compression: DEFAULT_COMPRESSION } columns { name: "int_val" type: UINT32 is_key: false is_nullable: false encoding: AUTO_ENCODING compression: DEFAULT_COMPRESSION } columns { name: "string_val" type: STRING is_key: false is_nullable: true encoding: AUTO_ENCODING compression: DEFAULT_COMPRESSION } columns { name: "non_null_with_default" type: UINT32 is_key: false is_nullable: false read_default_value: "90\000\000" write_default_value: "90\000\000" encoding: AUTO_ENCODING compression: DEFAULT_COMPRESSION } } num_replicas: 1
I1102 12:55:06.722667 2228 tablet_service.cc:264] Processing CreateTablet for tablet defa2b11c9574694b397f861fe9e12ae (table=client-testtb2 [id=12d00597c3424956b3aa1238a2b0d9d1]), range=["", ""]
I1102 12:55:06.724015 2228 ts_tablet_manager.cc:460] Registered tablet defa2b11c9574694b397f861fe9e12ae
I1102 12:55:06.724125 2258 ts_tablet_manager.cc:325] Bootstrapping tablet: defa2b11c9574694b397f861fe9e12ae
I1102 12:55:06.724711 2258 tablet_bootstrap.cc:234] Tablet defa2b11c9574694b397f861fe9e12ae: Bootstrap starting.
I1102 12:55:06.728652 2258 tablet_bootstrap.cc:331] No previous blocks or log segments found for tablet: defa2b11c9574694b397f861fe9e12ae creating new one.
I1102 12:55:06.730183 2258 tablet_bootstrap.cc:234] Tablet defa2b11c9574694b397f861fe9e12ae: No bootstrap required, opened a new log
I1102 12:55:06.730556 2258 ts_tablet_manager.cc:330] Time spent tablet defa2b11c9574694b397f861fe9e12ae bootstrap: real 0.006s user 0.005s sys 0.001s
I1102 12:55:06.732264 2258 ts_tablet_manager.cc:350] Time spent starting tablet defa2b11c9574694b397f861fe9e12ae: real 0.002s user 0.001s sys 0.000s
I1102 12:55:06.732652 2269 tablet_peer.cc:213] Configuration changed for tablet: defa2b11c9574694b397f861fe9e12ae in peer: 03e32129a6e34fcd8c9428a10088d7f1 Changed from: seqno: -1 local: true peers { permanent_uuid: "03e32129a6e34fcd8c9428a10088d7f1" role: CANDIDATE last_known_addr { host: "127.0.0.1" port: 60829 } } Changed to: seqno: 0 local: true peers { permanent_uuid: "03e32129a6e34fcd8c9428a10088d7f1" role: LEADER last_known_addr { host: "127.0.0.1" port: 60829 } }
I1102 12:55:06.738971 2180 catalog_manager.cc:1127] Tablet: defa2b11c9574694b397f861fe9e12ae reported quorum change. New quorum: seqno: 0 local: true peers { permanent_uuid: "03e32129a6e34fcd8c9428a10088d7f1" role: LEADER last_known_addr { host: "127.0.0.1" port: 60829 } }
I1102 12:55:06.749033 2186 catalog_manager.cc:760] Servicing AlterTable request from {real_user=alex, eff_user=} at 127.0.0.1:49826: table { table_name: "client-testtb" } alter_schema_steps { type: DROP_COLUMN drop_column { name: "key" } }
I1102 12:55:06.750396 2185 catalog_manager.cc:760] Servicing AlterTable request from {real_user=alex, eff_user=} at 127.0.0.1:49826: table { table_name: "client-testtb" } alter_schema_steps { type: RENAME_COLUMN rename_column { old_name: "key" new_name: "key2" } }
I1102 12:55:06.751643 2178 catalog_manager.cc:760] Servicing AlterTable request from {real_user=alex, eff_user=} at 127.0.0.1:49826: table { table_name: "client-testtb" } alter_schema_steps { type: RENAME_COLUMN rename_column { old_name: "int_val" new_name: "string_val" } }
I1102 12:55:06.753351 2179 catalog_manager.cc:760] Servicing AlterTable request from {real_user=alex, eff_user=} at 127.0.0.1:49826: table { table_name: "client-testtb" } alter_schema_steps { type: DROP_COLUMN drop_column { name: "int_val" } } alter_schema_steps { type: ADD_COLUMN add_column { schema { name: "new_col" type: UINT32 is_nullable: true encoding: AUTO_ENCODING compression: DEFAULT_COMPRESSION } } }
I1102 12:55:06.757997 2267 tablet.cc:638] Alter schema from Schema [10:key[uint32 NOT NULL], 11:int_val[uint32 NOT NULL], 12:string_val[string NULLABLE], 13:non_null_with_default[uint32 NOT NULL]] version 0 to Schema [10:key[uint32 NOT NULL], 12:string_val[string NULLABLE], 13:non_null_with_default[uint32 NOT NULL], 14:new_col[uint32 NULLABLE]] version 1
I1102 12:55:06.758165 2266 tablet.cc:638] Alter schema from Schema [10:key[uint32 NOT NULL], 11:int_val[uint32 NOT NULL], 12:string_val[string NULLABLE], 13:non_null_with_default[uint32 NOT NULL]] version 0 to Schema [10:key[uint32 NOT NULL], 12:string_val[string NULLABLE], 13:non_null_with_default[uint32 NOT NULL], 14:new_col[uint32 NULLABLE]] version 1
I1102 12:55:06.761842 2267 tablet.cc:583] Flush: entering stage 1 (old memrowset already frozen for inserts)
I1102 12:55:06.761884 2267 compaction.cc:549] Selected 1 rowsets to compact:
I1102 12:55:06.761894 2266 tablet.cc:583] Flush: entering stage 1 (old memrowset already frozen for inserts)
I1102 12:55:06.761906 2267 compaction.cc:552] memrowset(current size on disk: ~0 bytes)
I1102 12:55:06.761927 2266 compaction.cc:549] Selected 1 rowsets to compact:
I1102 12:55:06.761929 2267 tablet.cc:585] Memstore in-memory size: 1572864 bytes
I1102 12:55:06.761948 2266 compaction.cc:552] memrowset(current size on disk: ~0 bytes)
I1102 12:55:06.761952 2267 tablet.cc:1018] Flush: entering phase 1 (flushing snapshot)
I1102 12:55:06.761970 2266 tablet.cc:585] Memstore in-memory size: 1572864 bytes
I1102 12:55:06.761991 2266 tablet.cc:1018] Flush: entering phase 1 (flushing snapshot)
I1102 12:55:06.764281 2266 multi_column_writer.cc:71] Opened CFile writer for column key[uint32 NOT NULL]
I1102 12:55:06.764281 2267 multi_column_writer.cc:71] Opened CFile writer for column key[uint32 NOT NULL]
I1102 12:55:06.765161 2267 multi_column_writer.cc:71] Opened CFile writer for column string_val[string NULLABLE]
I1102 12:55:06.765197 2266 multi_column_writer.cc:71] Opened CFile writer for column string_val[string NULLABLE]
I1102 12:55:06.765483 2267 multi_column_writer.cc:71] Opened CFile writer for column non_null_with_default[uint32 NOT NULL]
I1102 12:55:06.765522 2266 multi_column_writer.cc:71] Opened CFile writer for column non_null_with_default[uint32 NOT NULL]
I1102 12:55:06.765785 2267 multi_column_writer.cc:71] Opened CFile writer for column new_col[uint32 NULLABLE]
I1102 12:55:06.765837 2266 multi_column_writer.cc:71] Opened CFile writer for column new_col[uint32 NULLABLE]
I1102 12:55:06.768548 2267 tablet.cc:1048] Flush resulted in no output rows (all input rows were GCed!) Removing all input rowsets.
I1102 12:55:06.768548 2266 tablet.cc:1048] Flush resulted in no output rows (all input rows were GCed!) Removing all input rowsets.
I1102 12:55:06.774202 2173 catalog_manager.cc:1786] client-testtb [id=2e44589c2c914f48aab65d94a68c14e7] - Alter table completed version=1
I1102 12:55:06.777313 2179 catalog_manager.cc:760] Servicing AlterTable request from {real_user=alex, eff_user=} at 127.0.0.1:49826: table { table_name: "client-testtb" } alter_schema_steps { type: ADD_COLUMN add_column { schema { name: "new_string_val" type: STRING is_nullable: true encoding: GROUP_VARINT compression: DEFAULT_COMPRESSION } } }
I1102 12:55:06.778362 2181 catalog_manager.cc:760] Servicing AlterTable request from {real_user=alex, eff_user=} at 127.0.0.1:49826: table { table_name: "client-testtb" } alter_schema_steps { type: ADD_COLUMN add_column { schema { name: "new_string_val" type: STRING is_nullable: true encoding: PREFIX_ENCODING compression: DEFAULT_COMPRESSION } } }
I1102 12:55:06.781324 2267 tablet.cc:638] Alter schema from Schema [10:key[uint32 NOT NULL], 12:string_val[string NULLABLE], 13:non_null_with_default[uint32 NOT NULL], 14:new_col[uint32 NULLABLE]] version 1 to Schema [10:key[uint32 NOT NULL], 12:string_val[string NULLABLE], 13:non_null_with_default[uint32 NOT NULL], 14:new_col[uint32 NULLABLE], 15:new_string_val[string NULLABLE]] version 2
I1102 12:55:06.781378 2266 tablet.cc:638] Alter schema from Schema [10:key[uint32 NOT NULL], 12:string_val[string NULLABLE], 13:non_null_with_default[uint32 NOT NULL], 14:new_col[uint32 NULLABLE]] version 1 to Schema [10:key[uint32 NOT NULL], 12:string_val[string NULLABLE], 13:non_null_with_default[uint32 NOT NULL], 14:new_col[uint32 NULLABLE], 15:new_string_val[string NULLABLE]] version 2
I1102 12:55:06.784356 2266 tablet.cc:583] Flush: entering stage 1 (old memrowset already frozen for inserts)
I1102 12:55:06.784356 2267 tablet.cc:583] Flush: entering stage 1 (old memrowset already frozen for inserts)
I1102 12:55:06.784391 2266 compaction.cc:549] Selected 1 rowsets to compact:
I1102 12:55:06.784395 2267 compaction.cc:549] Selected 1 rowsets to compact:
I1102 12:55:06.784404 2266 compaction.cc:552] memrowset(current size on disk: ~0 bytes)
I1102 12:55:06.784405 2267 compaction.cc:552] memrowset(current size on disk: ~0 bytes)
I1102 12:55:06.784420 2267 tablet.cc:585] Memstore in-memory size: 1572864 bytes
I1102 12:55:06.784418 2266 tablet.cc:585] Memstore in-memory size: 1572864 bytes
I1102 12:55:06.784436 2267 tablet.cc:1018] Flush: entering phase 1 (flushing snapshot)
I1102 12:55:06.784447 2266 tablet.cc:1018] Flush: entering phase 1 (flushing snapshot)
I1102 12:55:06.785435 2266 multi_column_writer.cc:71] Opened CFile writer for column key[uint32 NOT NULL]
I1102 12:55:06.785435 2267 multi_column_writer.cc:71] Opened CFile writer for column key[uint32 NOT NULL]
I1102 12:55:06.785764 2267 multi_column_writer.cc:71] Opened CFile writer for column string_val[string NULLABLE]
I1102 12:55:06.785764 2266 multi_column_writer.cc:71] Opened CFile writer for column string_val[string NULLABLE]
I1102 12:55:06.786010 2267 multi_column_writer.cc:71] Opened CFile writer for column non_null_with_default[uint32 NOT NULL]
I1102 12:55:06.786046 2266 multi_column_writer.cc:71] Opened CFile writer for column non_null_with_default[uint32 NOT NULL]
I1102 12:55:06.786278 2267 multi_column_writer.cc:71] Opened CFile writer for column new_col[uint32 NULLABLE]
I1102 12:55:06.786312 2266 multi_column_writer.cc:71] Opened CFile writer for column new_col[uint32 NULLABLE]
I1102 12:55:06.786545 2267 multi_column_writer.cc:71] Opened CFile writer for column new_string_val[string NULLABLE]
I1102 12:55:06.786588 2266 multi_column_writer.cc:71] Opened CFile writer for column new_string_val[string NULLABLE]
I1102 12:55:06.788957 2267 tablet.cc:1048] Flush resulted in no output rows (all input rows were GCed!) Removing all input rowsets.
I1102 12:55:06.788957 2266 tablet.cc:1048] Flush resulted in no output rows (all input rows were GCed!) Removing all input rowsets.
I1102 12:55:06.793722 2173 catalog_manager.cc:1786] client-testtb [id=2e44589c2c914f48aab65d94a68c14e7] - Alter table completed version=2
I1102 12:55:06.794507 2177 catalog_manager.cc:760] Servicing AlterTable request from {real_user=alex, eff_user=} at 127.0.0.1:49826: table { table_name: "client-testtb" } new_table_name: "RenamedTable"
I1102 12:55:06.796641 2266 tablet.cc:638] Alter schema from Schema [10:key[uint32 NOT NULL], 12:string_val[string NULLABLE], 13:non_null_with_default[uint32 NOT NULL], 14:new_col[uint32 NULLABLE], 15:new_string_val[string NULLABLE]] version 2 to Schema [10:key[uint32 NOT NULL], 12:string_val[string NULLABLE], 13:non_null_with_default[uint32 NOT NULL], 14:new_col[uint32 NULLABLE], 15:new_string_val[string NULLABLE]] version 3
I1102 12:55:06.796761 2267 tablet.cc:638] Alter schema from Schema [10:key[uint32 NOT NULL], 12:string_val[string NULLABLE], 13:non_null_with_default[uint32 NOT NULL], 14:new_col[uint32 NULLABLE], 15:new_string_val[string NULLABLE]] version 2 to Schema [10:key[uint32 NOT NULL], 12:string_val[string NULLABLE], 13:non_null_with_default[uint32 NOT NULL], 14:new_col[uint32 NULLABLE], 15:new_string_val[string NULLABLE]] version 3
I1102 12:55:06.799345 2173 catalog_manager.cc:1786] RenamedTable [id=2e44589c2c914f48aab65d94a68c14e7] - Alter table completed version=3
I1102 12:55:06.800374 31819 tablet_server.cc:114] TabletServer shutting down...
I1102 12:55:06.813138 31819 ts_tablet_manager.cc:402] Shutting down tablet manager...
I1102 12:55:06.813208 31819 maintenance_manager.cc:177] Unregistered op LogGCOp
I1102 12:55:06.813251 31819 tablet_peer.cc:231] Initiating TabletPeer shutdown for tablet: 759452be395144b4ae585059f5ef2f48
I1102 12:55:06.813276 31819 maintenance_manager.cc:177] Unregistered op FlushMRSOp(759452be395144b4ae585059f5ef2f48)
I1102 12:55:06.813289 31819 maintenance_manager.cc:177] Unregistered op CompactRowSetsOp(759452be395144b4ae585059f5ef2f48)
I1102 12:55:06.813302 31819 maintenance_manager.cc:177] Unregistered op FlushDeltaMemStoresOp(759452be395144b4ae585059f5ef2f48)
I1102 12:55:06.813828 31819 tablet_peer.cc:231] Initiating TabletPeer shutdown for tablet: defa2b11c9574694b397f861fe9e12ae
I1102 12:55:06.813848 31819 maintenance_manager.cc:177] Unregistered op FlushMRSOp(defa2b11c9574694b397f861fe9e12ae)
I1102 12:55:06.813858 31819 maintenance_manager.cc:177] Unregistered op CompactRowSetsOp(defa2b11c9574694b397f861fe9e12ae)
I1102 12:55:06.813865 31819 maintenance_manager.cc:177] Unregistered op FlushDeltaMemStoresOp(defa2b11c9574694b397f861fe9e12ae)
I1102 12:55:06.814203 31819 tablet_peer.cc:231] Initiating TabletPeer shutdown for tablet: 24c0ef0ca8be4bc0bafba4b5fddf6de9
I1102 12:55:06.814220 31819 maintenance_manager.cc:177] Unregistered op FlushMRSOp(24c0ef0ca8be4bc0bafba4b5fddf6de9)
I1102 12:55:06.814230 31819 maintenance_manager.cc:177] Unregistered op CompactRowSetsOp(24c0ef0ca8be4bc0bafba4b5fddf6de9)
I1102 12:55:06.814237 31819 maintenance_manager.cc:177] Unregistered op FlushDeltaMemStoresOp(24c0ef0ca8be4bc0bafba4b5fddf6de9)
I1102 12:55:06.817756 31819 tablet_server.cc:123] TabletServer shut down complete. Bye!
I1102 12:55:06.817778 31819 tablet_server.cc:114] TabletServer shutting down...
I1102 12:55:06.817806 31819 tablet_server.cc:123] TabletServer shut down complete. Bye!
I1102 12:55:06.818635 31819 master.cc:124] Master@127.0.0.1:39289 shutting down...
I1102 12:55:06.830137 31819 tablet_peer.cc:231] Initiating TabletPeer shutdown for tablet: 11111111111111111111111111111111
I1102 12:55:06.830653 31819 tablet_peer.cc:231] Initiating TabletPeer shutdown for tablet: 00000000000000000000000000000000
I1102 12:55:06.831039 31819 master.cc:127] Master@127.0.0.1:39289 shutdown complete. [ OK ] ClientTest.TestBasicAlterOperations (388 ms) [ RUN ] ClientTest.TestDeleteTable
I1102 12:55:07.031414 31819 fs_manager.cc:130] Generated new instance metadata in path /tmp/kudutest-1000/client-test.ClientTest.TestDeleteTable.1414961696528764-31819/minicluster-data/master-0-root/instance: uuid: "f97c60a770804c7cb8960a63191f5ede" format_stamp: "Formatted at 2014-11-02 20:55:06 on qiwi"
I1102 12:55:07.031575 31819 fs_manager.cc:82] Opened local filesystem: /tmp/kudutest-1000/client-test.ClientTest.TestDeleteTable.1414961696528764-31819/minicluster-data/master-0-root uuid: "f97c60a770804c7cb8960a63191f5ede" format_stamp: "Formatted at 2014-11-02 20:55:06 on qiwi"
I1102 12:55:07.032559 31819 hybrid_clock.cc:119] HybridClock initialized. Resolution in nanos?: 1 Wait times tolerance adjustment: 1.0005 Current error: 496778
I1102 12:55:07.036339 31819 webserver.cc:108] Starting webserver on 0.0.0.0:0
I1102 12:55:07.036360 31819 webserver.cc:117] Document root disabled
I1102 12:55:07.036602 31819 webserver.cc:197] Webserver started. Bound to: 0.0.0.0:44706
I1102 12:55:07.038213 2300 tablet_bootstrap.cc:234] Tablet 11111111111111111111111111111111: Bootstrap starting.
I1102 12:55:07.040766 2300 tablet_bootstrap.cc:331] No previous blocks or log segments found for tablet: 11111111111111111111111111111111 creating new one.
I1102 12:55:07.041740 2300 tablet_bootstrap.cc:234] Tablet 11111111111111111111111111111111: No bootstrap required, opened a new log
I1102 12:55:07.043364 2302 tablet_peer.cc:213] Configuration changed for tablet: 11111111111111111111111111111111 in peer: f97c60a770804c7cb8960a63191f5ede Changed from: seqno: 0 local: true peers { permanent_uuid: "f97c60a770804c7cb8960a63191f5ede" role: LEADER } Changed to: seqno: 1 local: true peers { permanent_uuid: "f97c60a770804c7cb8960a63191f5ede" role: LEADER }
I1102 12:55:07.043424 2302 sys_tables.cc:217] SysTable state changed. New quorum config: seqno: 1 local: true peers { permanent_uuid: "f97c60a770804c7cb8960a63191f5ede" role: LEADER }
I1102 12:55:07.043853 2300 tablet_bootstrap.cc:234] Tablet 00000000000000000000000000000000: Bootstrap starting.
I1102 12:55:07.046118 2300 tablet_bootstrap.cc:331] No previous blocks or log segments found for tablet: 00000000000000000000000000000000 creating new one.
I1102 12:55:07.047082 2300 tablet_bootstrap.cc:234] Tablet 00000000000000000000000000000000: No bootstrap required, opened a new log
I1102 12:55:07.048228 2300 sys_tables.cc:281] SysTable tablet configured and running, proceeding with master startup.
I1102 12:55:07.048670 2306 tablet_peer.cc:213] Configuration changed for tablet: 00000000000000000000000000000000 in peer: f97c60a770804c7cb8960a63191f5ede Changed from: seqno: 0 local: true peers { permanent_uuid: "f97c60a770804c7cb8960a63191f5ede" role: LEADER } Changed to: seqno: 1 local: true peers { permanent_uuid: "f97c60a770804c7cb8960a63191f5ede" role: LEADER }
I1102 12:55:07.048724 2300 sys_tables.cc:281] SysTable tablet configured and running, proceeding with master startup.
I1102 12:55:07.048730 2306 sys_tables.cc:217] SysTable state changed. New quorum config: seqno: 1 local: true peers { permanent_uuid: "f97c60a770804c7cb8960a63191f5ede" role: LEADER }
I1102 12:55:07.061794 31819 fs_manager.cc:130] Generated new instance metadata in path /tmp/kudutest-1000/client-test.ClientTest.TestDeleteTable.1414961696528764-31819/minicluster-data/ts-0-root/instance: uuid: "3db90716f09f446e90f0d6030dd681fe" format_stamp: "Formatted at 2014-11-02 20:55:07 on qiwi"
I1102 12:55:07.061880 31819 fs_manager.cc:82] Opened local filesystem: /tmp/kudutest-1000/client-test.ClientTest.TestDeleteTable.1414961696528764-31819/minicluster-data/ts-0-root uuid: "3db90716f09f446e90f0d6030dd681fe" format_stamp: "Formatted at 2014-11-02 20:55:07 on qiwi"
I1102 12:55:07.062635 31819 hybrid_clock.cc:119] HybridClock initialized. Resolution in nanos?: 1 Wait times tolerance adjustment: 1.0005 Current error: 496778
I1102 12:55:07.066375 31819 webserver.cc:108] Starting webserver on 0.0.0.0:0
I1102 12:55:07.066391 31819 webserver.cc:117] Document root disabled
I1102 12:55:07.066611 31819 webserver.cc:197] Webserver started. Bound to: 0.0.0.0:60015
I1102 12:55:07.066736 31819 maintenance_manager.cc:118] MaintenanceManager: targeting memory size of 25.106701 GB
I1102 12:55:07.068171 2354 heartbeater.cc:227] Registering TS with master...
I1102 12:55:07.068222 2354 heartbeater.cc:233] Sending a full tablet report to master...
I1102 12:55:07.068498 2277 ts_manager.cc:66] Registered new tablet server { permanent_uuid: "3db90716f09f446e90f0d6030dd681fe" instance_seqno: 1414961707066118 } with Master
I1102 12:55:07.069010 31819 mini_cluster.cc:268] 1 TS(s) registered with Master after 0.00215476s
I1102 12:55:07.072510 2279 catalog_manager.cc:437] CreateTable from {real_user=alex, eff_user=} at 127.0.0.1:54262: name: "client-testtb" schema { columns { name: "key" type: UINT32 is_key: true is_nullable: false encoding: AUTO_ENCODING compression: DEFAULT_COMPRESSION } columns { name: "int_val" type: UINT32 is_key: false is_nullable: false encoding: AUTO_ENCODING compression: DEFAULT_COMPRESSION } columns { name: "string_val" type: STRING is_key: false is_nullable: true encoding: AUTO_ENCODING compression: DEFAULT_COMPRESSION } columns { name: "non_null_with_default" type: UINT32 is_key: false is_nullable: false read_default_value: "90\000\000" write_default_value: "90\000\000" encoding: AUTO_ENCODING compression: DEFAULT_COMPRESSION } } pre_split_keys: "\000\000\000\t" num_replicas: 1
I1102 12:55:07.079390 2329 tablet_service.cc:264] Processing CreateTablet for tablet 357655ed138344bc97817ef28216e3f4 (table=client-testtb [id=2acb097721dd4f38ae704e637f735a28]), range=["\x00\x00\x00\t", ""]
I1102 12:55:07.079426 2330 tablet_service.cc:264] Processing CreateTablet for tablet 6942f47466cb461f9e6a752baa030a9e (table=client-testtb [id=2acb097721dd4f38ae704e637f735a28]), range=["", "\x00\x00\x00\t"]
I1102 12:55:07.080507 2329 ts_tablet_manager.cc:460] Registered tablet 357655ed138344bc97817ef28216e3f4
I1102 12:55:07.080539 2330 ts_tablet_manager.cc:460] Registered tablet 6942f47466cb461f9e6a752baa030a9e
I1102 12:55:07.080792 2363 ts_tablet_manager.cc:325] Bootstrapping tablet: 357655ed138344bc97817ef28216e3f4
I1102 12:55:07.081017 2364 ts_tablet_manager.cc:325] Bootstrapping tablet: 6942f47466cb461f9e6a752baa030a9e
I1102 12:55:07.081370 2363 tablet_bootstrap.cc:234] Tablet 357655ed138344bc97817ef28216e3f4: Bootstrap starting.
I1102 12:55:07.081531 2364 tablet_bootstrap.cc:234] Tablet 6942f47466cb461f9e6a752baa030a9e: Bootstrap starting.
I1102 12:55:07.084096 2363 tablet_bootstrap.cc:331] No previous blocks or log segments found for tablet: 357655ed138344bc97817ef28216e3f4 creating new one.
I1102 12:55:07.084167 2364 tablet_bootstrap.cc:331] No previous blocks or log segments found for tablet: 6942f47466cb461f9e6a752baa030a9e creating new one.
I1102 12:55:07.085955 2363 tablet_bootstrap.cc:234] Tablet 357655ed138344bc97817ef28216e3f4: No bootstrap required, opened a new log
I1102 12:55:07.086012 2364 tablet_bootstrap.cc:234] Tablet 6942f47466cb461f9e6a752baa030a9e: No bootstrap required, opened a new log
I1102 12:55:07.086297 2363 ts_tablet_manager.cc:330] Time spent tablet 357655ed138344bc97817ef28216e3f4 bootstrap: real 0.005s user 0.003s sys 0.001s
I1102 12:55:07.086341 2364 ts_tablet_manager.cc:330] Time spent tablet 6942f47466cb461f9e6a752baa030a9e bootstrap: real 0.005s user 0.003s sys 0.001s
I1102 12:55:07.088193 2364 ts_tablet_manager.cc:350] Time spent starting tablet 6942f47466cb461f9e6a752baa030a9e: real 0.002s user 0.001s sys 0.001s
I1102 12:55:07.088260 2363 ts_tablet_manager.cc:350] Time spent starting tablet 357655ed138344bc97817ef28216e3f4: real 0.002s user 0.001s sys 0.001s
I1102 12:55:07.088997 2368 tablet_peer.cc:213] Configuration changed for tablet: 357655ed138344bc97817ef28216e3f4 in peer: 3db90716f09f446e90f0d6030dd681fe Changed from: seqno: -1 local: true peers { permanent_uuid: "3db90716f09f446e90f0d6030dd681fe" role: CANDIDATE last_known_addr { host: "127.0.0.1" port: 56013 } } Changed to: seqno: 0 local: true peers { permanent_uuid: "3db90716f09f446e90f0d6030dd681fe" role: LEADER last_known_addr { host: "127.0.0.1" port: 56013 } }
I1102 12:55:07.089006 2367 tablet_peer.cc:213] Configuration changed for tablet: 6942f47466cb461f9e6a752baa030a9e in peer: 3db90716f09f446e90f0d6030dd681fe Changed from: seqno: -1 local: true peers { permanent_uuid: "3db90716f09f446e90f0d6030dd681fe" role: CANDIDATE last_known_addr { host: "127.0.0.1" port: 56013 } } Changed to: seqno: 0 local: true peers { permanent_uuid: "3db90716f09f446e90f0d6030dd681fe" role: LEADER last_known_addr { host: "127.0.0.1" port: 56013 } }
I1102 12:55:07.090047 2276 catalog_manager.cc:1127] Tablet: 357655ed138344bc97817ef28216e3f4 reported quorum change. New quorum: seqno: 0 local: true peers { permanent_uuid: "3db90716f09f446e90f0d6030dd681fe" role: LEADER last_known_addr { host: "127.0.0.1" port: 56013 } }
I1102 12:55:07.091786 2276 catalog_manager.cc:1127] Tablet: 6942f47466cb461f9e6a752baa030a9e reported quorum change. New quorum: seqno: 0 local: true peers { permanent_uuid: "3db90716f09f446e90f0d6030dd681fe" role: LEADER last_known_addr { host: "127.0.0.1" port: 56013 } }
I1102 12:55:07.096834 2281 catalog_manager.cc:437] CreateTable from {real_user=alex, eff_user=} at 127.0.0.1:54262: name: "client-testtb2" schema { columns { name: "key" type: UINT32 is_key: true is_nullable: false encoding: AUTO_ENCODING compression: DEFAULT_COMPRESSION } columns { name: "int_val" type: UINT32 is_key: false is_nullable: false encoding: AUTO_ENCODING compression: DEFAULT_COMPRESSION } columns { name: "string_val" type: STRING is_key: false is_nullable: true encoding: AUTO_ENCODING compression: DEFAULT_COMPRESSION } columns { name: "non_null_with_default" type: UINT32 is_key: false is_nullable: false read_default_value: "90\000\000" write_default_value: "90\000\000" encoding: AUTO_ENCODING compression: DEFAULT_COMPRESSION } } num_replicas: 1
I1102 12:55:07.102747 2331 tablet_service.cc:264] Processing CreateTablet for tablet 0012db673db84162b7cbadc8d95cff48 (table=client-testtb2 [id=a1238334ebf4480e9685b361f36c003e]), range=["", ""]
I1102 12:55:07.104625 2331 ts_tablet_manager.cc:460] Registered tablet 0012db673db84162b7cbadc8d95cff48
I1102 12:55:07.104794 2364 ts_tablet_manager.cc:325] Bootstrapping tablet: 0012db673db84162b7cbadc8d95cff48
I1102 12:55:07.105618 2364 tablet_bootstrap.cc:234] Tablet 0012db673db84162b7cbadc8d95cff48: Bootstrap starting.
I1102 12:55:07.109917 2364 tablet_bootstrap.cc:331] No previous blocks or log segments found for tablet: 0012db673db84162b7cbadc8d95cff48 creating new one.
I1102 12:55:07.111726 2364 tablet_bootstrap.cc:234] Tablet 0012db673db84162b7cbadc8d95cff48: No bootstrap required, opened a new log
I1102 12:55:07.112166 2364 ts_tablet_manager.cc:330] Time spent tablet 0012db673db84162b7cbadc8d95cff48 bootstrap: real 0.007s user 0.005s sys 0.001s
I1102 12:55:07.114068 2364 ts_tablet_manager.cc:350] Time spent starting tablet 0012db673db84162b7cbadc8d95cff48: real 0.002s user 0.001s sys 0.000s
I1102 12:55:07.114636 2374 tablet_peer.cc:213] Configuration changed for tablet: 0012db673db84162b7cbadc8d95cff48 in peer: 3db90716f09f446e90f0d6030dd681fe Changed from: seqno: -1 local: true peers { permanent_uuid: "3db90716f09f446e90f0d6030dd681fe" role: CANDIDATE last_known_addr { host: "127.0.0.1" port: 56013 } } Changed to: seqno: 0 local: true peers { permanent_uuid: "3db90716f09f446e90f0d6030dd681fe" role: LEADER last_known_addr { host: "127.0.0.1" port: 56013 } }
I1102 12:55:07.115809 2278 catalog_manager.cc:1127] Tablet: 0012db673db84162b7cbadc8d95cff48 reported quorum change. New quorum: seqno: 0 local: true peers { permanent_uuid: "3db90716f09f446e90f0d6030dd681fe" role: LEADER last_known_addr { host: "127.0.0.1" port: 56013 } }
I1102 12:55:07.123427 2283 catalog_manager.cc:624] Servicing DeleteTable request from {real_user=alex, eff_user=} at 127.0.0.1:54262: table { table_name: "client-testtb" }
I1102 12:55:07.125471 2283 catalog_manager.cc:678] Successfully deleted table client-testtb [id=2acb097721dd4f38ae704e637f735a28] per request from {real_user=alex, eff_user=} at 127.0.0.1:54262
I1102 12:55:07.125797 2332 tablet_service.cc:305] Processing DeleteTablet for tablet 6942f47466cb461f9e6a752baa030a9e (Table being deleted) from {real_user=alex, eff_user=} at 127.0.0.1:35281
I1102 12:55:07.125874 2332 tablet_peer.cc:231] Initiating TabletPeer shutdown for tablet: 6942f47466cb461f9e6a752baa030a9e
I1102 12:55:07.125883 2333 tablet_service.cc:305] Processing DeleteTablet for tablet 357655ed138344bc97817ef28216e3f4 (Table being deleted) from {real_user=alex, eff_user=} at 127.0.0.1:35281
I1102 12:55:07.125913 2332 maintenance_manager.cc:177] Unregistered op FlushMRSOp(6942f47466cb461f9e6a752baa030a9e)
I1102 12:55:07.125931 2332 maintenance_manager.cc:177] Unregistered op CompactRowSetsOp(6942f47466cb461f9e6a752baa030a9e)
I1102 12:55:07.125942 2332 maintenance_manager.cc:177] Unregistered op FlushDeltaMemStoresOp(6942f47466cb461f9e6a752baa030a9e)
I1102 12:55:07.125952 2333 tablet_peer.cc:231] Initiating TabletPeer shutdown for tablet: 357655ed138344bc97817ef28216e3f4
I1102 12:55:07.125983 2333 maintenance_manager.cc:177] Unregistered op FlushMRSOp(357655ed138344bc97817ef28216e3f4)
I1102 12:55:07.126001 2333 maintenance_manager.cc:177] Unregistered op CompactRowSetsOp(357655ed138344bc97817ef28216e3f4)
I1102 12:55:07.126013 2333 maintenance_manager.cc:177] Unregistered op FlushDeltaMemStoresOp(357655ed138344bc97817ef28216e3f4)
I1102 12:55:07.127218 2273 catalog_manager.cc:1493] Tablet 6942f47466cb461f9e6a752baa030a9e (table client-testtb [id=2acb097721dd4f38ae704e637f735a28]) successfully deleted
I1102 12:55:07.127328 2273 catalog_manager.cc:1493] Tablet 357655ed138344bc97817ef28216e3f4 (table client-testtb [id=2acb097721dd4f38ae704e637f735a28]) successfully deleted
I1102 12:55:07.132153 31819 tablet_server.cc:114] TabletServer shutting down...
I1102 12:55:07.146618 31819 ts_tablet_manager.cc:402] Shutting down tablet manager...
I1102 12:55:07.146827 31819 maintenance_manager.cc:177] Unregistered op LogGCOp
I1102 12:55:07.146957 31819 tablet_peer.cc:231] Initiating TabletPeer shutdown for tablet: 0012db673db84162b7cbadc8d95cff48
I1102 12:55:07.147048 31819 maintenance_manager.cc:177] Unregistered op FlushMRSOp(0012db673db84162b7cbadc8d95cff48)
I1102 12:55:07.147105 31819 maintenance_manager.cc:177] Unregistered op CompactRowSetsOp(0012db673db84162b7cbadc8d95cff48)
I1102 12:55:07.147143 31819 maintenance_manager.cc:177] Unregistered op FlushDeltaMemStoresOp(0012db673db84162b7cbadc8d95cff48)
I1102 12:55:07.150946 31819 tablet_server.cc:123] TabletServer shut down complete. Bye!
I1102 12:55:07.150972 31819 tablet_server.cc:114] TabletServer shutting down...
I1102 12:55:07.151007 31819 tablet_server.cc:123] TabletServer shut down complete. Bye!
I1102 12:55:07.152261 31819 master.cc:124] Master@127.0.0.1:57201 shutting down...
I1102 12:55:07.165444 31819 tablet_peer.cc:231] Initiating TabletPeer shutdown for tablet: 11111111111111111111111111111111
I1102 12:55:07.166610 31819 tablet_peer.cc:231] Initiating TabletPeer shutdown for tablet: 00000000000000000000000000000000
I1102 12:55:07.167606 31819 master.cc:127] Master@127.0.0.1:57201 shutdown complete. [ OK ] ClientTest.TestDeleteTable (336 ms) [ RUN ] ClientTest.TestGetTableSchema
I1102 12:55:07.318616 31819 fs_manager.cc:130] Generated new instance metadata in path /tmp/kudutest-1000/client-test.ClientTest.TestGetTableSchema.1414961696528764-31819/minicluster-data/master-0-root/instance: uuid: "a22ef8bcd9a74af08eda44fb51d413ea" format_stamp: "Formatted at 2014-11-02 20:55:07 on qiwi"
I1102 12:55:07.318866 31819 fs_manager.cc:82] Opened local filesystem: /tmp/kudutest-1000/client-test.ClientTest.TestGetTableSchema.1414961696528764-31819/minicluster-data/master-0-root uuid: "a22ef8bcd9a74af08eda44fb51d413ea" format_stamp: "Formatted at 2014-11-02 20:55:07 on qiwi"
I1102 12:55:07.320579 31819 hybrid_clock.cc:119] HybridClock initialized. Resolution in nanos?: 1 Wait times tolerance adjustment: 1.0005 Current error: 496778
I1102 12:55:07.327395 31819 webserver.cc:108] Starting webserver on 0.0.0.0:0
I1102 12:55:07.327432 31819 webserver.cc:117] Document root disabled
I1102 12:55:07.327898 31819 webserver.cc:197] Webserver started. Bound to: 0.0.0.0:43820
I1102 12:55:07.330873 2402 tablet_bootstrap.cc:234] Tablet 11111111111111111111111111111111: Bootstrap starting.
I1102 12:55:07.334305 2402 tablet_bootstrap.cc:331] No previous blocks or log segments found for tablet: 11111111111111111111111111111111 creating new one.
I1102 12:55:07.335204 2402 tablet_bootstrap.cc:234] Tablet 11111111111111111111111111111111: No bootstrap required, opened a new log
I1102 12:55:07.336683 2404 tablet_peer.cc:213] Configuration changed for tablet: 11111111111111111111111111111111 in peer: a22ef8bcd9a74af08eda44fb51d413ea Changed from: seqno: 0 local: true peers { permanent_uuid: "a22ef8bcd9a74af08eda44fb51d413ea" role: LEADER } Changed to: seqno: 1 local: true peers { permanent_uuid: "a22ef8bcd9a74af08eda44fb51d413ea" role: LEADER }
I1102 12:55:07.336748 2404 sys_tables.cc:217] SysTable state changed. New quorum config: seqno: 1 local: true peers { permanent_uuid: "a22ef8bcd9a74af08eda44fb51d413ea" role: LEADER }
I1102 12:55:07.337334 2402 tablet_bootstrap.cc:234] Tablet 00000000000000000000000000000000: Bootstrap starting.
I1102 12:55:07.339457 2402 tablet_bootstrap.cc:331] No previous blocks or log segments found for tablet: 00000000000000000000000000000000 creating new one.
I1102 12:55:07.340328 2402 tablet_bootstrap.cc:234] Tablet 00000000000000000000000000000000: No bootstrap required, opened a new log
I1102 12:55:07.341450 2402 sys_tables.cc:281] SysTable tablet configured and running, proceeding with master startup.
I1102 12:55:07.341754 2408 tablet_peer.cc:213] Configuration changed for tablet: 00000000000000000000000000000000 in peer: a22ef8bcd9a74af08eda44fb51d413ea Changed from: seqno: 0 local: true peers { permanent_uuid: "a22ef8bcd9a74af08eda44fb51d413ea" role: LEADER } Changed to: seqno: 1 local: true peers { permanent_uuid: "a22ef8bcd9a74af08eda44fb51d413ea" role: LEADER }
I1102 12:55:07.341804 2402 sys_tables.cc:281] SysTable tablet configured and running, proceeding with master startup.
I1102 12:55:07.341809 2408 sys_tables.cc:217] SysTable state changed. New quorum config: seqno: 1 local: true peers { permanent_uuid: "a22ef8bcd9a74af08eda44fb51d413ea" role: LEADER }
I1102 12:55:07.353775 31819 fs_manager.cc:130] Generated new instance metadata in path /tmp/kudutest-1000/client-test.ClientTest.TestGetTableSchema.1414961696528764-31819/minicluster-data/ts-0-root/instance: uuid: "d2b66682c42c45f08a1945dd59f93aa9" format_stamp: "Formatted at 2014-11-02 20:55:07 on qiwi"
I1102 12:55:07.353870 31819 fs_manager.cc:82] Opened local filesystem: /tmp/kudutest-1000/client-test.ClientTest.TestGetTableSchema.1414961696528764-31819/minicluster-data/ts-0-root uuid: "d2b66682c42c45f08a1945dd59f93aa9" format_stamp: "Formatted at 2014-11-02 20:55:07 on qiwi"
I1102 12:55:07.354733 31819 hybrid_clock.cc:119] HybridClock initialized. Resolution in nanos?: 1 Wait times tolerance adjustment: 1.0005 Current error: 496778
I1102 12:55:07.359046 31819 webserver.cc:108] Starting webserver on 0.0.0.0:0
I1102 12:55:07.359063 31819 webserver.cc:117] Document root disabled
I1102 12:55:07.359295 31819 webserver.cc:197] Webserver started. Bound to: 0.0.0.0:37680
I1102 12:55:07.359424 31819 maintenance_manager.cc:118] MaintenanceManager: targeting memory size of 25.106701 GB
I1102 12:55:07.360939 2451 heartbeater.cc:227] Registering TS with master...
I1102 12:55:07.360993 2451 heartbeater.cc:233] Sending a full tablet report to master...
I1102 12:55:07.361363 2381 ts_manager.cc:66] Registered new tablet server { permanent_uuid: "d2b66682c42c45f08a1945dd59f93aa9" instance_seqno: 1414961707358776 } with Master
I1102 12:55:07.361702 31819 mini_cluster.cc:268] 1 TS(s) registered with Master after 0.00215822s
I1102 12:55:07.364760 2383 catalog_manager.cc:437] CreateTable from {real_user=alex, eff_user=} at 127.0.0.1:37493: name: "client-testtb" schema { columns { name: "key" type: UINT32 is_key: true is_nullable: false encoding: AUTO_ENCODING compression: DEFAULT_COMPRESSION } columns { name: "int_val" type: UINT32 is_key: false is_nullable: false encoding: AUTO_ENCODING compression: DEFAULT_COMPRESSION } columns { name: "string_val" type: STRING is_key: false is_nullable: true encoding: AUTO_ENCODING compression: DEFAULT_COMPRESSION } columns { name: "non_null_with_default" type: UINT32 is_key: false is_nullable: false read_default_value: "90\000\000" write_default_value: "90\000\000" encoding: AUTO_ENCODING compression: DEFAULT_COMPRESSION } } pre_split_keys: "\000\000\000\t" num_replicas: 1
I1102 12:55:07.371544 2429 tablet_service.cc:264] Processing CreateTablet for tablet d072dc1f66c34aef8a0af266f8519789 (table=client-testtb [id=54e257b1314d4f37b86f2be3f360af6e]), range=["", "\x00\x00\x00\t"]
I1102 12:55:07.371595 2430 tablet_service.cc:264] Processing CreateTablet for tablet 75b1e00265d64325adfa0b451ea11b07 (table=client-testtb [id=54e257b1314d4f37b86f2be3f360af6e]), range=["\x00\x00\x00\t", ""]
I1102 12:55:07.372728 2430 ts_tablet_manager.cc:460] Registered tablet 75b1e00265d64325adfa0b451ea11b07
I1102 12:55:07.372791 2429 ts_tablet_manager.cc:460] Registered tablet d072dc1f66c34aef8a0af266f8519789
I1102 12:55:07.373291 2460 ts_tablet_manager.cc:325] Bootstrapping tablet: 75b1e00265d64325adfa0b451ea11b07
I1102 12:55:07.373316 2461 ts_tablet_manager.cc:325] Bootstrapping tablet: d072dc1f66c34aef8a0af266f8519789
I1102 12:55:07.374022 2460 tablet_bootstrap.cc:234] Tablet 75b1e00265d64325adfa0b451ea11b07: Bootstrap starting.
I1102 12:55:07.374033 2461 tablet_bootstrap.cc:234] Tablet d072dc1f66c34aef8a0af266f8519789: Bootstrap starting.
I1102 12:55:07.377634 2460 tablet_bootstrap.cc:331] No previous blocks or log segments found for tablet: 75b1e00265d64325adfa0b451ea11b07 creating new one.
I1102 12:55:07.377677 2461 tablet_bootstrap.cc:331] No previous blocks or log segments found for tablet: d072dc1f66c34aef8a0af266f8519789 creating new one.
I1102 12:55:07.379698 2460 tablet_bootstrap.cc:234] Tablet 75b1e00265d64325adfa0b451ea11b07: No bootstrap required, opened a new log
I1102 12:55:07.379787 2461 tablet_bootstrap.cc:234] Tablet d072dc1f66c34aef8a0af266f8519789: No bootstrap required, opened a new log
I1102 12:55:07.380097 2460 ts_tablet_manager.cc:330] Time spent tablet 75b1e00265d64325adfa0b451ea11b07 bootstrap: real 0.007s user 0.005s sys 0.001s
I1102 12:55:07.380136 2461 ts_tablet_manager.cc:330] Time spent tablet d072dc1f66c34aef8a0af266f8519789 bootstrap: real 0.007s user 0.005s sys 0.001s
I1102 12:55:07.381790 2460 ts_tablet_manager.cc:350] Time spent starting tablet 75b1e00265d64325adfa0b451ea11b07: real 0.002s user 0.001s sys 0.000s
I1102 12:55:07.381868 2461 ts_tablet_manager.cc:350] Time spent starting tablet d072dc1f66c34aef8a0af266f8519789: real 0.002s user 0.001s sys 0.001s
I1102 12:55:07.382470 2465 tablet_peer.cc:213] Configuration changed for tablet: d072dc1f66c34aef8a0af266f8519789 in peer: d2b66682c42c45f08a1945dd59f93aa9 Changed from: seqno: -1 local: true peers { permanent_uuid: "d2b66682c42c45f08a1945dd59f93aa9" role: CANDIDATE last_known_addr { host: "127.0.0.1" port: 38423 } } Changed to: seqno: 0 local: true peers { permanent_uuid: "d2b66682c42c45f08a1945dd59f93aa9" role: LEADER last_known_addr { host: "127.0.0.1" port: 38423 } }
I1102 12:55:07.382469 2464 tablet_peer.cc:213] Configuration changed for tablet: 75b1e00265d64325adfa0b451ea11b07 in peer: d2b66682c42c45f08a1945dd59f93aa9 Changed from: seqno: -1 local: true peers { permanent_uuid: "d2b66682c42c45f08a1945dd59f93aa9" role: CANDIDATE last_known_addr { host: "127.0.0.1" port: 38423 } } Changed to: seqno: 0 local: true peers { permanent_uuid: "d2b66682c42c45f08a1945dd59f93aa9" role: LEADER last_known_addr { host: "127.0.0.1" port: 38423 } }
I1102 12:55:07.383193 2380 catalog_manager.cc:1127] Tablet: d072dc1f66c34aef8a0af266f8519789 reported quorum change. New quorum: seqno: 0 local: true peers { permanent_uuid: "d2b66682c42c45f08a1945dd59f93aa9" role: LEADER last_known_addr { host: "127.0.0.1" port: 38423 } }
I1102 12:55:07.384707 2380 catalog_manager.cc:1127] Tablet: 75b1e00265d64325adfa0b451ea11b07 reported quorum change. New quorum: seqno: 0 local: true peers { permanent_uuid: "d2b66682c42c45f08a1945dd59f93aa9" role: LEADER last_known_addr { host: "127.0.0.1" port: 38423 } }
I1102 12:55:07.389441 2385 catalog_manager.cc:437] CreateTable from {real_user=alex, eff_user=} at 127.0.0.1:37493: name: "client-testtb2" schema { columns { name: "key" type: UINT32 is_key: true is_nullable: false encoding: AUTO_ENCODING compression: DEFAULT_COMPRESSION } columns { name: "int_val" type: UINT32 is_key: false is_nullable: false encoding: AUTO_ENCODING compression: DEFAULT_COMPRESSION } columns { name: "string_val" type: STRING is_key: false is_nullable: true encoding: AUTO_ENCODING compression: DEFAULT_COMPRESSION } columns { name: "non_null_with_default" type: UINT32 is_key: false is_nullable: false read_default_value: "90\000\000" write_default_value: "90\000\000" encoding: AUTO_ENCODING compression: DEFAULT_COMPRESSION } } num_replicas: 1
I1102 12:55:07.394640 2431 tablet_service.cc:264] Processing CreateTablet for tablet e17c446c2dcc46ca8b30744f52939e23 (table=client-testtb2 [id=296a6858c05e405baada0ac6bf0183b6]), range=["", ""]
I1102 12:55:07.396726 2431 ts_tablet_manager.cc:460] Registered tablet e17c446c2dcc46ca8b30744f52939e23
I1102 12:55:07.396949 2460 ts_tablet_manager.cc:325] Bootstrapping tablet: e17c446c2dcc46ca8b30744f52939e23
I1102 12:55:07.398064 2460 tablet_bootstrap.cc:234] Tablet e17c446c2dcc46ca8b30744f52939e23: Bootstrap starting.
I1102 12:55:07.402592 2460 tablet_bootstrap.cc:331] No previous blocks or log segments found for tablet: e17c446c2dcc46ca8b30744f52939e23 creating new one.
I1102 12:55:07.403961 2460 tablet_bootstrap.cc:234] Tablet e17c446c2dcc46ca8b30744f52939e23: No bootstrap required, opened a new log
I1102 12:55:07.404292 2460 ts_tablet_manager.cc:330] Time spent tablet e17c446c2dcc46ca8b30744f52939e23 bootstrap: real 0.007s user 0.005s sys 0.001s
I1102 12:55:07.405725 2460 ts_tablet_manager.cc:350] Time spent starting tablet e17c446c2dcc46ca8b30744f52939e23: real 0.001s user 0.001s sys 0.000s
I1102 12:55:07.406162 2471 tablet_peer.cc:213] Configuration changed for tablet: e17c446c2dcc46ca8b30744f52939e23 in peer: d2b66682c42c45f08a1945dd59f93aa9 Changed from: seqno: -1 local: true peers { permanent_uuid: "d2b66682c42c45f08a1945dd59f93aa9" role: CANDIDATE last_known_addr { host: "127.0.0.1" port: 38423 } } Changed to: seqno: 0 local: true peers { permanent_uuid: "d2b66682c42c45f08a1945dd59f93aa9" role: LEADER last_known_addr { host: "127.0.0.1" port: 38423 } }
I1102 12:55:07.414114 2384 catalog_manager.cc:1127] Tablet: e17c446c2dcc46ca8b30744f52939e23 reported quorum change. New quorum: seqno: 0 local: true peers { permanent_uuid: "d2b66682c42c45f08a1945dd59f93aa9" role: LEADER last_known_addr { host: "127.0.0.1" port: 38423 } }
I1102 12:55:07.422281 31819 tablet_server.cc:114] TabletServer shutting down...
I1102 12:55:07.439688 31819 ts_tablet_manager.cc:402] Shutting down tablet manager...
I1102 12:55:07.439770 31819 maintenance_manager.cc:177] Unregistered op LogGCOp
I1102 12:55:07.439831 31819 tablet_peer.cc:231] Initiating TabletPeer shutdown for tablet: d072dc1f66c34aef8a0af266f8519789
I1102 12:55:07.439872 31819 maintenance_manager.cc:177] Unregistered op FlushMRSOp(d072dc1f66c34aef8a0af266f8519789)
I1102 12:55:07.439899 31819 maintenance_manager.cc:177] Unregistered op CompactRowSetsOp(d072dc1f66c34aef8a0af266f8519789)
I1102 12:55:07.439923 31819 maintenance_manager.cc:177] Unregistered op FlushDeltaMemStoresOp(d072dc1f66c34aef8a0af266f8519789)
I1102 12:55:07.440588 31819 tablet_peer.cc:231] Initiating TabletPeer shutdown for tablet: 75b1e00265d64325adfa0b451ea11b07
I1102 12:55:07.440613 31819 maintenance_manager.cc:177] Unregistered op FlushMRSOp(75b1e00265d64325adfa0b451ea11b07)
I1102 12:55:07.440625 31819 maintenance_manager.cc:177] Unregistered op CompactRowSetsOp(75b1e00265d64325adfa0b451ea11b07)
I1102 12:55:07.440635 31819 maintenance_manager.cc:177] Unregistered op FlushDeltaMemStoresOp(75b1e00265d64325adfa0b451ea11b07)
I1102 12:55:07.441176 31819 tablet_peer.cc:231] Initiating TabletPeer shutdown for tablet: e17c446c2dcc46ca8b30744f52939e23
I1102 12:55:07.441198 31819 maintenance_manager.cc:177] Unregistered op FlushMRSOp(e17c446c2dcc46ca8b30744f52939e23)
I1102 12:55:07.441210 31819 maintenance_manager.cc:177] Unregistered op CompactRowSetsOp(e17c446c2dcc46ca8b30744f52939e23)
I1102 12:55:07.441220 31819 maintenance_manager.cc:177] Unregistered op FlushDeltaMemStoresOp(e17c446c2dcc46ca8b30744f52939e23)
I1102 12:55:07.445402 31819 tablet_server.cc:123] TabletServer shut down complete. Bye!
I1102 12:55:07.445422 31819 tablet_server.cc:114] TabletServer shutting down...
I1102 12:55:07.445452 31819 tablet_server.cc:123] TabletServer shut down complete. Bye!
I1102 12:55:07.446635 31819 master.cc:124] Master@127.0.0.1:49241 shutting down...
I1102 12:55:07.461835 31819 tablet_peer.cc:231] Initiating TabletPeer shutdown for tablet: 11111111111111111111111111111111
I1102 12:55:07.462999 31819 tablet_peer.cc:231] Initiating TabletPeer shutdown for tablet: 00000000000000000000000000000000
I1102 12:55:07.463968 31819 master.cc:127] Master@127.0.0.1:49241 shutdown complete. [ OK ] ClientTest.TestGetTableSchema (296 ms) [ RUN ] ClientTest.TestStaleLocations
I1102 12:55:07.615345 31819 fs_manager.cc:130] Generated new instance metadata in path /tmp/kudutest-1000/client-test.ClientTest.TestStaleLocations.1414961696528764-31819/minicluster-data/master-0-root/instance: uuid: "0717a0d0c74f4a80b28209f66e3ca654" format_stamp: "Formatted at 2014-11-02 20:55:07 on qiwi"
I1102 12:55:07.615770 31819 fs_manager.cc:82] Opened local filesystem: /tmp/kudutest-1000/client-test.ClientTest.TestStaleLocations.1414961696528764-31819/minicluster-data/master-0-root uuid: "0717a0d0c74f4a80b28209f66e3ca654" format_stamp: "Formatted at 2014-11-02 20:55:07 on qiwi"
I1102 12:55:07.618226 31819 hybrid_clock.cc:119] HybridClock initialized. Resolution in nanos?: 1 Wait times tolerance adjustment: 1.0005 Current error: 496778
I1102 12:55:07.627814 31819 webserver.cc:108] Starting webserver on 0.0.0.0:0
I1102 12:55:07.627872 31819 webserver.cc:117] Document root disabled
I1102 12:55:07.628619 31819 webserver.cc:197] Webserver started. Bound to: 0.0.0.0:50716
I1102 12:55:07.630763 2500 tablet_bootstrap.cc:234] Tablet 11111111111111111111111111111111: Bootstrap starting.
I1102 12:55:07.634026 2500 tablet_bootstrap.cc:331] No previous blocks or log segments found for tablet: 11111111111111111111111111111111 creating new one.
I1102 12:55:07.635195 2500 tablet_bootstrap.cc:234] Tablet 11111111111111111111111111111111: No bootstrap required, opened a new log
