I0710 16:45:06.360414 24962 ts_tablet_manager.cc:382] Registered tablet d0b23097e6e54de990bb766201f1cb66
I0710 16:45:06.360450 24962 ts_tablet_manager.cc:277] Bootstrapping tablet: d0b23097e6e54de990bb766201f1cb66
I0710 16:45:06.360486 24961 ts_tablet_manager.cc:382] Registered tablet 94bd003f3ed3424a833ccdd78324c6b0
I0710 16:45:06.360509 24961 ts_tablet_manager.cc:277] Bootstrapping tablet: 94bd003f3ed3424a833ccdd78324c6b0
I0710 16:45:06.361080 24961 tablet_bootstrap.cc:231] Tablet 94bd003f3ed3424a833ccdd78324c6b0: Bootstrap starting.
I0710 16:45:06.361207 24962 tablet_bootstrap.cc:231] Tablet d0b23097e6e54de990bb766201f1cb66: Bootstrap starting.
I0710 16:45:06.365605 24961 tablet_bootstrap.cc:312] No previous blocks or log segments found for tablet: 94bd003f3ed3424a833ccdd78324c6b0 creating new one.
I0710 16:45:06.366965 24962 tablet_bootstrap.cc:312] No previous blocks or log segments found for tablet: d0b23097e6e54de990bb766201f1cb66 creating new one.
I0710 16:45:06.368947 24961 tablet_bootstrap.cc:231] Tablet 94bd003f3ed3424a833ccdd78324c6b0: No bootstrap required, opened a new log
I0710 16:45:06.369194 24961 ts_tablet_manager.cc:282] Time spent tablet 94bd003f3ed3424a833ccdd78324c6b0 bootstrap: real 0.009s user 0.003s sys 0.003s
I0710 16:45:06.373697 24962 tablet_bootstrap.cc:231] Tablet d0b23097e6e54de990bb766201f1cb66: No bootstrap required, opened a new log
I0710 16:45:06.373962 24961 ts_tablet_manager.cc:302] Time spent starting tablet 94bd003f3ed3424a833ccdd78324c6b0: real 0.005s user 0.001s sys 0.000s
I0710 16:45:06.374011 24962 ts_tablet_manager.cc:282] Time spent tablet d0b23097e6e54de990bb766201f1cb66 bootstrap: real 0.013s user 0.002s sys 0.004s
I0710 16:45:06.376554 24962 ts_tablet_manager.cc:302] Time spent starting tablet d0b23097e6e54de990bb766201f1cb66: real 0.002s user 0.000s sys 0.001s
I0710 16:45:06.392659 24947 catalog_manager.cc:383] CreateTable from {real_user=jenkins, eff_user=} at 127.0.0.1:35395: name: "client-testtb2" schema { columns { name: "key" type: UINT32 is_key: true is_nullable: false encoding: AUTO_ENCODING compression: DEFAULT_COMPRESSION } columns { name: "int_val" type: UINT32 is_key: false is_nullable: false encoding: AUTO_ENCODING compression: DEFAULT_COMPRESSION } columns { name: "string_val" type: STRING is_key: false is_nullable: true encoding: AUTO_ENCODING compression: DEFAULT_COMPRESSION } columns { name: "non_null_with_default" type: UINT32 is_key: false is_nullable: false read_default_value: "90\000\000" write_default_value: "90\000\000" encoding: AUTO_ENCODING compression: DEFAULT_COMPRESSION } }
I0710 16:45:06.394947 24963 tablet_service.cc:239] Processing CreateTablet for tablet 78594644ac30448d84ea346c1ed9c35a (table=client-testtb2 [id=9232c9c173b24dc593fdbffd30f4b72c]), range=["", ""]
I0710 16:45:06.396534 24963 ts_tablet_manager.cc:382] Registered tablet 78594644ac30448d84ea346c1ed9c35a
I0710 16:45:06.396571 24963 ts_tablet_manager.cc:277] Bootstrapping tablet: 78594644ac30448d84ea346c1ed9c35a
I0710 16:45:06.397124 24963 tablet_bootstrap.cc:231] Tablet 78594644ac30448d84ea346c1ed9c35a: Bootstrap starting.
I0710 16:45:06.401387 24963 tablet_bootstrap.cc:312] No previous blocks or log segments found for tablet: 78594644ac30448d84ea346c1ed9c35a creating new one.
I0710 16:45:06.404451 24963 tablet_bootstrap.cc:231] Tablet 78594644ac30448d84ea346c1ed9c35a: No bootstrap required, opened a new log
I0710 16:45:06.404683 24963 ts_tablet_manager.cc:282] Time spent tablet 78594644ac30448d84ea346c1ed9c35a bootstrap: real 0.008s user 0.004s sys 0.002s
I0710 16:45:06.406477 24963 ts_tablet_manager.cc:302] Time spent starting tablet 78594644ac30448d84ea346c1ed9c35a: real 0.002s user 0.001s sys 0.000s
I0710 16:45:06.413869 24941 catalog_manager.cc:383] CreateTable from {real_user=jenkins, eff_user=} at 127.0.0.1:35395: name: "TestScanMultiTablet" schema { columns { name: "key" type: UINT32 is_key: true is_nullable: false encoding: AUTO_ENCODING compression: DEFAULT_COMPRESSION } columns { name: "int_val" type: UINT32 is_key: false is_nullable: false encoding: AUTO_ENCODING compression: DEFAULT_COMPRESSION } columns { name: "string_val" type: STRING is_key: false is_nullable: true encoding: AUTO_ENCODING compression: DEFAULT_COMPRESSION } columns { name: "non_null_with_default" type: UINT32 is_key: false is_nullable: false read_default_value: "90\000\000" write_default_value: "90\000\000" encoding: AUTO_ENCODING compression: DEFAULT_COMPRESSION } } pre_split_keys: "\000\000\000\n" pre_split_keys: "\000\000\000\024" pre_split_keys: "\000\000\000\036" pre_split_keys: "\000\000\000("
I0710 16:45:06.416491 24964 tablet_service.cc:239] Processing CreateTablet for tablet 2ae3e0a79df540fda6d79af07ad4bd60 (table=TestScanMultiTablet [id=904c59a83d584d9abdce8fd78b41dc1a]), range=["\x00\x00\x00\x1e", "\x00\x00\x00("]
I0710 16:45:06.416586 24965 tablet_service.cc:239] Processing CreateTablet for tablet 5dfccde2e64540838c20da5a88aed121 (table=TestScanMultiTablet [id=904c59a83d584d9abdce8fd78b41dc1a]), range=["\x00\x00\x00\n", "\x00\x00\x00\x14"]
I0710 16:45:06.416767 24966 tablet_service.cc:239] Processing CreateTablet for tablet cfa0476e04ad40eb94a2356e9575844f (table=TestScanMultiTablet [id=904c59a83d584d9abdce8fd78b41dc1a]), range=["\x00\x00\x00(", ""]
I0710 16:45:06.416959 24968 tablet_service.cc:239] Processing CreateTablet for tablet bcbb671638cd46f286c1ea2ea0b3ca7d (table=TestScanMultiTablet [id=904c59a83d584d9abdce8fd78b41dc1a]), range=["\x00\x00\x00\x14", "\x00\x00\x00\x1e"]
I0710 16:45:06.417021 24967 tablet_service.cc:239] Processing CreateTablet for tablet bbdce7b7e3c5423085412ca48b33abf4 (table=TestScanMultiTablet [id=904c59a83d584d9abdce8fd78b41dc1a]), range=["", "\x00\x00\x00\n"]
I0710 16:45:06.419016 24965 ts_tablet_manager.cc:382] Registered tablet 5dfccde2e64540838c20da5a88aed121
I0710 16:45:06.419124 24965 ts_tablet_manager.cc:277] Bootstrapping tablet: 5dfccde2e64540838c20da5a88aed121
I0710 16:45:06.419142 24964 ts_tablet_manager.cc:382] Registered tablet 2ae3e0a79df540fda6d79af07ad4bd60
I0710 16:45:06.419270 24964 ts_tablet_manager.cc:277] Bootstrapping tablet: 2ae3e0a79df540fda6d79af07ad4bd60
I0710 16:45:06.419277 24968 ts_tablet_manager.cc:382] Registered tablet bcbb671638cd46f286c1ea2ea0b3ca7d
I0710 16:45:06.419435 24968 ts_tablet_manager.cc:277] Bootstrapping tablet: bcbb671638cd46f286c1ea2ea0b3ca7d
I0710 16:45:06.419873 24965 tablet_bootstrap.cc:231] Tablet 5dfccde2e64540838c20da5a88aed121: Bootstrap starting.
I0710 16:45:06.420395 24964 tablet_bootstrap.cc:231] Tablet 2ae3e0a79df540fda6d79af07ad4bd60: Bootstrap starting.
I0710 16:45:06.422266 24968 tablet_bootstrap.cc:231] Tablet bcbb671638cd46f286c1ea2ea0b3ca7d: Bootstrap starting.
I0710 16:45:06.423653 24966 ts_tablet_manager.cc:382] Registered tablet cfa0476e04ad40eb94a2356e9575844f
I0710 16:45:06.423688 24966 ts_tablet_manager.cc:277] Bootstrapping tablet: cfa0476e04ad40eb94a2356e9575844f
I0710 16:45:06.423845 24967 ts_tablet_manager.cc:382] Registered tablet bbdce7b7e3c5423085412ca48b33abf4
I0710 16:45:06.423872 24967 ts_tablet_manager.cc:277] Bootstrapping tablet: bbdce7b7e3c5423085412ca48b33abf4
I0710 16:45:06.424442 24967 tablet_bootstrap.cc:231] Tablet bbdce7b7e3c5423085412ca48b33abf4: Bootstrap starting.
I0710 16:45:06.424548 24966 tablet_bootstrap.cc:231] Tablet cfa0476e04ad40eb94a2356e9575844f: Bootstrap starting.
I0710 16:45:06.427189 24965 tablet_bootstrap.cc:312] No previous blocks or log segments found for tablet: 5dfccde2e64540838c20da5a88aed121 creating new one.
I0710 16:45:06.428109 24968 tablet_bootstrap.cc:312] No previous blocks or log segments found for tablet: bcbb671638cd46f286c1ea2ea0b3ca7d creating new one.
I0710 16:45:06.428208 24967 tablet_bootstrap.cc:312] No previous blocks or log segments found for tablet: bbdce7b7e3c5423085412ca48b33abf4 creating new one.
I0710 16:45:06.428738 24964 tablet_bootstrap.cc:312] No previous blocks or log segments found for tablet: 2ae3e0a79df540fda6d79af07ad4bd60 creating new one.
I0710 16:45:06.430852 24966 tablet_bootstrap.cc:312] No previous blocks or log segments found for tablet: cfa0476e04ad40eb94a2356e9575844f creating new one.
I0710 16:45:06.435837 24967 tablet_bootstrap.cc:231] Tablet bbdce7b7e3c5423085412ca48b33abf4: No bootstrap required, opened a new log
I0710 16:45:06.436082 24968 tablet_bootstrap.cc:231] Tablet bcbb671638cd46f286c1ea2ea0b3ca7d: No bootstrap required, opened a new log
I0710 16:45:06.436115 24967 ts_tablet_manager.cc:282] Time spent tablet bbdce7b7e3c5423085412ca48b33abf4 bootstrap: real 0.012s user 0.003s sys 0.002s
I0710 16:45:06.436535 24968 ts_tablet_manager.cc:282] Time spent tablet bcbb671638cd46f286c1ea2ea0b3ca7d bootstrap: real 0.017s user 0.006s sys 0.002s
I0710 16:45:06.437650 24965 tablet_bootstrap.cc:231] Tablet 5dfccde2e64540838c20da5a88aed121: No bootstrap required, opened a new log
I0710 16:45:06.438153 24965 ts_tablet_manager.cc:282] Time spent tablet 5dfccde2e64540838c20da5a88aed121 bootstrap: real 0.019s user 0.003s sys 0.004s
I0710 16:45:06.439867 24964 tablet_bootstrap.cc:231] Tablet 2ae3e0a79df540fda6d79af07ad4bd60: No bootstrap required, opened a new log
I0710 16:45:06.440256 24964 ts_tablet_manager.cc:282] Time spent tablet 2ae3e0a79df540fda6d79af07ad4bd60 bootstrap: real 0.021s user 0.005s sys 0.002s
I0710 16:45:06.440436 24967 ts_tablet_manager.cc:302] Time spent starting tablet bbdce7b7e3c5423085412ca48b33abf4: real 0.004s user 0.001s sys 0.001s
I0710 16:45:06.443270 24968 ts_tablet_manager.cc:302] Time spent starting tablet bcbb671638cd46f286c1ea2ea0b3ca7d: real 0.007s user 0.000s sys 0.001s
I0710 16:45:06.445633 24965 ts_tablet_manager.cc:302] Time spent starting tablet 5dfccde2e64540838c20da5a88aed121: real 0.007s user 0.000s sys 0.001s
I0710 16:45:06.447468 24964 ts_tablet_manager.cc:302] Time spent starting tablet 2ae3e0a79df540fda6d79af07ad4bd60: real 0.007s user 0.001s sys 0.000s
I0710 16:45:06.447643 24966 tablet_bootstrap.cc:231] Tablet cfa0476e04ad40eb94a2356e9575844f: No bootstrap required, opened a new log
I0710 16:45:06.448011 24966 ts_tablet_manager.cc:282] Time spent tablet cfa0476e04ad40eb94a2356e9575844f bootstrap: real 0.024s user 0.005s sys 0.003s
I0710 16:45:06.451913 24966 ts_tablet_manager.cc:302] Time spent starting tablet cfa0476e04ad40eb94a2356e9575844f: real 0.004s user 0.001s sys 0.000s
I0710 16:45:06.570555 23506 tablet_server.cc:100] TabletServer shutting down...
I0710 16:45:06.586104 23506 ts_tablet_manager.cc:337] Shutting down tablet manager...
I0710 16:45:06.586189 23506 maintenance_manager.cc:169] Unregistered op FlushRowSetsOp(78594644ac30448d84ea346c1ed9c35a)
I0710 16:45:06.586218 23506 maintenance_manager.cc:169] Unregistered op CompactRowSetsOp(78594644ac30448d84ea346c1ed9c35a)
I0710 16:45:06.586256 23506 maintenance_manager.cc:169] Unregistered op FlushDeltaMemStoresOp(78594644ac30448d84ea346c1ed9c35a)
I0710 16:45:06.587947 23506 maintenance_manager.cc:169] Unregistered op FlushRowSetsOp(2ae3e0a79df540fda6d79af07ad4bd60)
I0710 16:45:06.588007 23506 maintenance_manager.cc:169] Unregistered op CompactRowSetsOp(2ae3e0a79df540fda6d79af07ad4bd60)
I0710 16:45:06.588029 23506 maintenance_manager.cc:169] Unregistered op FlushDeltaMemStoresOp(2ae3e0a79df540fda6d79af07ad4bd60)
I0710 16:45:06.590021 23506 maintenance_manager.cc:169] Unregistered op FlushRowSetsOp(5dfccde2e64540838c20da5a88aed121)
I0710 16:45:06.590059 23506 maintenance_manager.cc:169] Unregistered op CompactRowSetsOp(5dfccde2e64540838c20da5a88aed121)
I0710 16:45:06.590116 23506 maintenance_manager.cc:169] Unregistered op FlushDeltaMemStoresOp(5dfccde2e64540838c20da5a88aed121)
I0710 16:45:06.592926 23506 maintenance_manager.cc:169] Unregistered op FlushRowSetsOp(cfa0476e04ad40eb94a2356e9575844f)
I0710 16:45:06.593008 23506 maintenance_manager.cc:169] Unregistered op CompactRowSetsOp(cfa0476e04ad40eb94a2356e9575844f)
I0710 16:45:06.593042 23506 maintenance_manager.cc:169] Unregistered op FlushDeltaMemStoresOp(cfa0476e04ad40eb94a2356e9575844f)
I0710 16:45:06.595399 23506 maintenance_manager.cc:169] Unregistered op FlushRowSetsOp(94bd003f3ed3424a833ccdd78324c6b0)
I0710 16:45:06.595432 23506 maintenance_manager.cc:169] Unregistered op CompactRowSetsOp(94bd003f3ed3424a833ccdd78324c6b0)
I0710 16:45:06.595470 23506 maintenance_manager.cc:169] Unregistered op FlushDeltaMemStoresOp(94bd003f3ed3424a833ccdd78324c6b0)
I0710 16:45:06.596509 23506 maintenance_manager.cc:169] Unregistered op FlushRowSetsOp(bcbb671638cd46f286c1ea2ea0b3ca7d)
I0710 16:45:06.596575 23506 maintenance_manager.cc:169] Unregistered op CompactRowSetsOp(bcbb671638cd46f286c1ea2ea0b3ca7d)
I0710 16:45:06.596608 23506 maintenance_manager.cc:169] Unregistered op FlushDeltaMemStoresOp(bcbb671638cd46f286c1ea2ea0b3ca7d)
I0710 16:45:06.599076 23506 maintenance_manager.cc:169] Unregistered op FlushRowSetsOp(d0b23097e6e54de990bb766201f1cb66)
I0710 16:45:06.599133 23506 maintenance_manager.cc:169] Unregistered op CompactRowSetsOp(d0b23097e6e54de990bb766201f1cb66)
I0710 16:45:06.599226 23506 maintenance_manager.cc:169] Unregistered op FlushDeltaMemStoresOp(d0b23097e6e54de990bb766201f1cb66)
I0710 16:45:06.600605 23506 maintenance_manager.cc:169] Unregistered op FlushRowSetsOp(bbdce7b7e3c5423085412ca48b33abf4)
I0710 16:45:06.600692 23506 maintenance_manager.cc:169] Unregistered op CompactRowSetsOp(bbdce7b7e3c5423085412ca48b33abf4)
I0710 16:45:06.600746 23506 maintenance_manager.cc:169] Unregistered op FlushDeltaMemStoresOp(bbdce7b7e3c5423085412ca48b33abf4)
I0710 16:45:06.619770 23506 tablet_server.cc:109] TabletServer shut down complete. Bye!
I0710 16:45:06.619824 23506 tablet_server.cc:100] TabletServer shutting down...
W0710 16:45:06.619894 23506 rpc_server.cc:107] Unable to unregister service kudu.tserver.TabletServerService: Service unavailable: Service is not registered
I0710 16:45:06.619952 23506 ts_tablet_manager.cc:337] Shutting down tablet manager...
I0710 16:45:06.620028 23506 tablet_server.cc:109] TabletServer shut down complete. Bye!
W0710 16:45:06.620636 23506 rpc_server.cc:107] Unable to unregister service kudu.tserver.TabletServerService: Service unavailable: Service is not registered
W0710 16:45:06.620751 23506 rpc_server.cc:107] Unable to unregister service kudu.tserver.TabletServerService: Service unavailable: Service is not registered
I0710 16:45:06.622303 23506 master.cc:74] Master@127.0.0.1:57495 shutting down...
I0710 16:45:06.632556 23506 master.cc:77] Master@127.0.0.1:57495 shutdown complete.
W0710 16:45:06.636129 23506 rpc_server.cc:107] Unable to unregister service kudu.master.MasterService: Service unavailable: Service is not registered
W0710 16:45:06.636235 23506 rpc_server.cc:107] Unable to unregister service kudu.master.MasterService: Service unavailable: Service is not registered [ OK ] ClientTest.TestScanMultiTablet (360 ms) [ RUN ] ClientTest.TestScanEmptyTable
I0710 16:45:06.657968 23506 fsmanager.cc:108] Generated new instance metadata in path /data1/test-tmp/ClientTest.TestScanEmptyTable.1405035906651547-23506/master-root/instance: uuid: "79a327be4b50442b8921a2730b96afa0" format_stamp: "Formatted at 2014-07-10 23:45:06 on boost-static-burst-slave-1e2.vpc.cloudera.com"
I0710 16:45:06.658190 23506 fsmanager.cc:68] Opened local filesystem: /data1/test-tmp/ClientTest.TestScanEmptyTable.1405035906651547-23506/master-root uuid: "79a327be4b50442b8921a2730b96afa0" format_stamp: "Formatted at 2014-07-10 23:45:06 on boost-static-burst-slave-1e2.vpc.cloudera.com"
I0710 16:45:06.663094 23506 hybrid_clock.cc:118] HybridClock initialized. Resolution in nanos?: 1 Wait times tolerance adjustment: 1.0005 Current error: 105854
I0710 16:45:06.664865 23506 tablet_bootstrap.cc:231] Tablet 11111111111111111111111111111111: Bootstrap starting.
I0710 16:45:06.669868 23506 tablet_bootstrap.cc:312] No previous blocks or log segments found for tablet: 11111111111111111111111111111111 creating new one.
I0710 16:45:06.674160 23506 tablet_bootstrap.cc:231] Tablet 11111111111111111111111111111111: No bootstrap required, opened a new log
I0710 16:45:06.680132 23506 tablet_bootstrap.cc:231] Tablet 00000000000000000000000000000000: Bootstrap starting.
I0710 16:45:06.685176 23506 tablet_bootstrap.cc:312] No previous blocks or log segments found for tablet: 00000000000000000000000000000000 creating new one.
I0710 16:45:06.689043 23506 tablet_bootstrap.cc:231] Tablet 00000000000000000000000000000000: No bootstrap required, opened a new log
I0710 16:45:06.712896 23506 webserver.cc:105] Starting webserver on 0.0.0.0:0
I0710 16:45:06.712929 23506 webserver.cc:114] Document root disabled
I0710 16:45:06.713278 23506 webserver.cc:194] Webserver started. Bound to: 0.0.0.0:48173
I0710 16:45:06.715873 23506 fsmanager.cc:108] Generated new instance metadata in path /data1/test-tmp/ClientTest.TestScanEmptyTable.1405035906651547-23506/ts-0-root/instance: uuid: "0e3cf04e0f454689b475ea2ac677a058" format_stamp: "Formatted at 2014-07-10 23:45:06 on boost-static-burst-slave-1e2.vpc.cloudera.com"
I0710 16:45:06.742885 23506 fsmanager.cc:68] Opened local filesystem: /data1/test-tmp/ClientTest.TestScanEmptyTable.1405035906651547-23506/ts-0-root uuid: "0e3cf04e0f454689b475ea2ac677a058" format_stamp: "Formatted at 2014-07-10 23:45:06 on boost-static-burst-slave-1e2.vpc.cloudera.com"
I0710 16:45:06.750048 23506 hybrid_clock.cc:118] HybridClock initialized. Resolution in nanos?: 1 Wait times tolerance adjustment: 1.0005 Current error: 105854
I0710 16:45:06.772102 23506 webserver.cc:105] Starting webserver on 0.0.0.0:0
I0710 16:45:06.772143 23506 webserver.cc:114] Document root disabled
I0710 16:45:06.772521 23506 webserver.cc:194] Webserver started. Bound to: 0.0.0.0:36810
I0710 16:45:06.773705 23506 maintenance_manager.cc:100] MaintenanceManager: targeting memory size of 23.515860 GB
I0710 16:45:06.778946 25194 heartbeater.cc:226] Registering TS with master...
I0710 16:45:06.779023 25194 heartbeater.cc:232] Sending a full tablet report to master...
I0710 16:45:06.779417 25144 ts_manager.cc:65] Registered entirely new tablet server: permanent_uuid: "0e3cf04e0f454689b475ea2ac677a058" instance_seqno: 1405035906742943
I0710 16:45:06.779636 23506 mini_cluster.cc:165] 1 TS(s) registered with Master after 0.00464958s
I0710 16:45:06.789604 25146 catalog_manager.cc:383] CreateTable from {real_user=jenkins, eff_user=} at 127.0.0.1:40290: name: "client-testtb" schema { columns { name: "key" type: UINT32 is_key: true is_nullable: false encoding: AUTO_ENCODING compression: DEFAULT_COMPRESSION } columns { name: "int_val" type: UINT32 is_key: false is_nullable: false encoding: AUTO_ENCODING compression: DEFAULT_COMPRESSION } columns { name: "string_val" type: STRING is_key: false is_nullable: true encoding: AUTO_ENCODING compression: DEFAULT_COMPRESSION } columns { name: "non_null_with_default" type: UINT32 is_key: false is_nullable: false read_default_value: "90\000\000" write_default_value: "90\000\000" encoding: AUTO_ENCODING compression: DEFAULT_COMPRESSION } } pre_split_keys: "\000\000\000\t"
I0710 16:45:06.801148 25182 tablet_service.cc:239] Processing CreateTablet for tablet c19f8c9a604141f7b578966a7a462a72 (table=client-testtb [id=e77b1059718d4d0dbe2fdef7922458a8]), range=["", "\x00\x00\x00\t"]
I0710 16:45:06.801252 25183 tablet_service.cc:239] Processing CreateTablet for tablet 8b688e904a6e46e58a27025bb96a5b70 (table=client-testtb [id=e77b1059718d4d0dbe2fdef7922458a8]), range=["\x00\x00\x00\t", ""]
I0710 16:45:06.805295 25183 ts_tablet_manager.cc:382] Registered tablet 8b688e904a6e46e58a27025bb96a5b70
I0710 16:45:06.805352 25182 ts_tablet_manager.cc:382] Registered tablet c19f8c9a604141f7b578966a7a462a72
I0710 16:45:06.805430 25182 ts_tablet_manager.cc:277] Bootstrapping tablet: c19f8c9a604141f7b578966a7a462a72
I0710 16:45:06.806164 25182 tablet_bootstrap.cc:231] Tablet c19f8c9a604141f7b578966a7a462a72: Bootstrap starting.
I0710 16:45:06.805356 25183 ts_tablet_manager.cc:277] Bootstrapping tablet: 8b688e904a6e46e58a27025bb96a5b70
I0710 16:45:06.809128 25183 tablet_bootstrap.cc:231] Tablet 8b688e904a6e46e58a27025bb96a5b70: Bootstrap starting.
I0710 16:45:06.816407 25182 tablet_bootstrap.cc:312] No previous blocks or log segments found for tablet: c19f8c9a604141f7b578966a7a462a72 creating new one.
I0710 16:45:06.818156 25183 tablet_bootstrap.cc:312] No previous blocks or log segments found for tablet: 8b688e904a6e46e58a27025bb96a5b70 creating new one.
I0710 16:45:06.822268 25183 tablet_bootstrap.cc:231] Tablet 8b688e904a6e46e58a27025bb96a5b70: No bootstrap required, opened a new log
I0710 16:45:06.822401 25182 tablet_bootstrap.cc:231] Tablet c19f8c9a604141f7b578966a7a462a72: No bootstrap required, opened a new log
I0710 16:45:06.822667 25183 ts_tablet_manager.cc:282] Time spent tablet 8b688e904a6e46e58a27025bb96a5b70 bootstrap: real 0.014s user 0.002s sys 0.005s
I0710 16:45:06.822831 25182 ts_tablet_manager.cc:282] Time spent tablet c19f8c9a604141f7b578966a7a462a72 bootstrap: real 0.017s user 0.006s sys 0.001s
I0710 16:45:06.826473 25182 ts_tablet_manager.cc:302] Time spent starting tablet c19f8c9a604141f7b578966a7a462a72: real 0.004s user 0.001s sys 0.001s
I0710 16:45:06.827431 25183 ts_tablet_manager.cc:302] Time spent starting tablet 8b688e904a6e46e58a27025bb96a5b70: real 0.005s user 0.001s sys 0.001s
I0710 16:45:06.838997 25156 catalog_manager.cc:383] CreateTable from {real_user=jenkins, eff_user=} at 127.0.0.1:40290: name: "client-testtb2" schema { columns { name: "key" type: UINT32 is_key: true is_nullable: false encoding: AUTO_ENCODING compression: DEFAULT_COMPRESSION } columns { name: "int_val" type: UINT32 is_key: false is_nullable: false encoding: AUTO_ENCODING compression: DEFAULT_COMPRESSION } columns { name: "string_val" type: STRING is_key: false is_nullable: true encoding: AUTO_ENCODING compression: DEFAULT_COMPRESSION } columns { name: "non_null_with_default" type: UINT32 is_key: false is_nullable: false read_default_value: "90\000\000" write_default_value: "90\000\000" encoding: AUTO_ENCODING compression: DEFAULT_COMPRESSION } }
I0710 16:45:06.842717 25184 tablet_service.cc:239] Processing CreateTablet for tablet 1a43f6350dc4418f80dd49bd2834f9df (table=client-testtb2 [id=816e162085884b749f62524844d588d9]), range=["", ""]
I0710 16:45:06.845026 25184 ts_tablet_manager.cc:382] Registered tablet 1a43f6350dc4418f80dd49bd2834f9df
I0710 16:45:06.845077 25184 ts_tablet_manager.cc:277] Bootstrapping tablet: 1a43f6350dc4418f80dd49bd2834f9df
I0710 16:45:06.845762 25184 tablet_bootstrap.cc:231] Tablet 1a43f6350dc4418f80dd49bd2834f9df: Bootstrap starting.
I0710 16:45:06.850971 25184 tablet_bootstrap.cc:312] No previous blocks or log segments found for tablet: 1a43f6350dc4418f80dd49bd2834f9df creating new one.
I0710 16:45:06.855074 25184 tablet_bootstrap.cc:231] Tablet 1a43f6350dc4418f80dd49bd2834f9df: No bootstrap required, opened a new log
I0710 16:45:06.855476 25184 ts_tablet_manager.cc:282] Time spent tablet 1a43f6350dc4418f80dd49bd2834f9df bootstrap: real 0.010s user 0.002s sys 0.005s
I0710 16:45:06.858978 25184 ts_tablet_manager.cc:302] Time spent starting tablet 1a43f6350dc4418f80dd49bd2834f9df: real 0.003s user 0.001s sys 0.001s
I0710 16:45:06.874815 23506 tablet_server.cc:100] TabletServer shutting down...
I0710 16:45:06.891119 23506 ts_tablet_manager.cc:337] Shutting down tablet manager...
I0710 16:45:06.891226 23506 maintenance_manager.cc:169] Unregistered op FlushRowSetsOp(1a43f6350dc4418f80dd49bd2834f9df)
I0710 16:45:06.891262 23506 maintenance_manager.cc:169] Unregistered op CompactRowSetsOp(1a43f6350dc4418f80dd49bd2834f9df)
I0710 16:45:06.891329 23506 maintenance_manager.cc:169] Unregistered op FlushDeltaMemStoresOp(1a43f6350dc4418f80dd49bd2834f9df)
I0710 16:45:06.892747 23506 maintenance_manager.cc:169] Unregistered op FlushRowSetsOp(c19f8c9a604141f7b578966a7a462a72)
I0710 16:45:06.892814 23506 maintenance_manager.cc:169] Unregistered op CompactRowSetsOp(c19f8c9a604141f7b578966a7a462a72)
I0710 16:45:06.892846 23506 maintenance_manager.cc:169] Unregistered op FlushDeltaMemStoresOp(c19f8c9a604141f7b578966a7a462a72)
I0710 16:45:06.894491 23506 maintenance_manager.cc:169] Unregistered op FlushRowSetsOp(8b688e904a6e46e58a27025bb96a5b70)
I0710 16:45:06.894526 23506 maintenance_manager.cc:169] Unregistered op CompactRowSetsOp(8b688e904a6e46e58a27025bb96a5b70)
I0710 16:45:06.894577 23506 maintenance_manager.cc:169] Unregistered op FlushDeltaMemStoresOp(8b688e904a6e46e58a27025bb96a5b70)
I0710 16:45:06.901862 23506 tablet_server.cc:109] TabletServer shut down complete. Bye!
I0710 16:45:06.901962 23506 tablet_server.cc:100] TabletServer shutting down...
W0710 16:45:06.902025 23506 rpc_server.cc:107] Unable to unregister service kudu.tserver.TabletServerService: Service unavailable: Service is not registered
I0710 16:45:06.902147 23506 ts_tablet_manager.cc:337] Shutting down tablet manager...
I0710 16:45:06.902210 23506 tablet_server.cc:109] TabletServer shut down complete. Bye!
W0710 16:45:06.902806 23506 rpc_server.cc:107] Unable to unregister service kudu.tserver.TabletServerService: Service unavailable: Service is not registered
W0710 16:45:06.902914 23506 rpc_server.cc:107] Unable to unregister service kudu.tserver.TabletServerService: Service unavailable: Service is not registered
I0710 16:45:06.904654 23506 master.cc:74] Master@127.0.0.1:56113 shutting down...
I0710 16:45:06.914618 23506 master.cc:77] Master@127.0.0.1:56113 shutdown complete.
W0710 16:45:06.920979 23506 rpc_server.cc:107] Unable to unregister service kudu.master.MasterService: Service unavailable: Service is not registered
W0710 16:45:06.921092 23506 rpc_server.cc:107] Unable to unregister service kudu.master.MasterService: Service unavailable: Service is not registered [ OK ] ClientTest.TestScanEmptyTable (280 ms) [ RUN ] ClientTest.TestScanEmptyProjection
I0710 16:45:06.939249 23506 fsmanager.cc:108] Generated new instance metadata in path /data1/test-tmp/ClientTest.TestScanEmptyProjection.1405035906932020-23506/master-root/instance: uuid: "a33bc71d91194df5b1ae8aa3bad6086b" format_stamp: "Formatted at 2014-07-10 23:45:06 on boost-static-burst-slave-1e2.vpc.cloudera.com"
I0710 16:45:06.939424 23506 fsmanager.cc:68] Opened local filesystem: /data1/test-tmp/ClientTest.TestScanEmptyProjection.1405035906932020-23506/master-root uuid: "a33bc71d91194df5b1ae8aa3bad6086b" format_stamp: "Formatted at 2014-07-10 23:45:06 on boost-static-burst-slave-1e2.vpc.cloudera.com"
I0710 16:45:06.945422 23506 hybrid_clock.cc:118] HybridClock initialized. Resolution in nanos?: 1 Wait times tolerance adjustment: 1.0005 Current error: 105854
I0710 16:45:06.948647 23506 tablet_bootstrap.cc:231] Tablet 11111111111111111111111111111111: Bootstrap starting.
I0710 16:45:06.955889 23506 tablet_bootstrap.cc:312] No previous blocks or log segments found for tablet: 11111111111111111111111111111111 creating new one.
I0710 16:45:06.960059 23506 tablet_bootstrap.cc:231] Tablet 11111111111111111111111111111111: No bootstrap required, opened a new log
I0710 16:45:06.963831 23506 tablet_bootstrap.cc:231] Tablet 00000000000000000000000000000000: Bootstrap starting.
I0710 16:45:06.969770 23506 tablet_bootstrap.cc:312] No previous blocks or log segments found for tablet: 00000000000000000000000000000000 creating new one.
I0710 16:45:06.973285 23506 tablet_bootstrap.cc:231] Tablet 00000000000000000000000000000000: No bootstrap required, opened a new log
I0710 16:45:06.990952 23506 webserver.cc:105] Starting webserver on 0.0.0.0:0
I0710 16:45:06.991008 23506 webserver.cc:114] Document root disabled
I0710 16:45:06.991312 23506 webserver.cc:194] Webserver started. Bound to: 0.0.0.0:37123
I0710 16:45:06.994045 23506 fsmanager.cc:108] Generated new instance metadata in path /data1/test-tmp/ClientTest.TestScanEmptyProjection.1405035906932020-23506/ts-0-root/instance: uuid: "87602aa4e3794c48899230d2868e29b9" format_stamp: "Formatted at 2014-07-10 23:45:06 on boost-static-burst-slave-1e2.vpc.cloudera.com"
I0710 16:45:07.002254 23506 fsmanager.cc:68] Opened local filesystem: /data1/test-tmp/ClientTest.TestScanEmptyProjection.1405035906932020-23506/ts-0-root uuid: "87602aa4e3794c48899230d2868e29b9" format_stamp: "Formatted at 2014-07-10 23:45:06 on boost-static-burst-slave-1e2.vpc.cloudera.com"
I0710 16:45:07.007818 23506 hybrid_clock.cc:118] HybridClock initialized. Resolution in nanos?: 1 Wait times tolerance adjustment: 1.0005 Current error: 106354
I0710 16:45:07.020119 23506 webserver.cc:105] Starting webserver on 0.0.0.0:0
I0710 16:45:07.020225 23506 webserver.cc:114] Document root disabled
I0710 16:45:07.020571 23506 webserver.cc:194] Webserver started. Bound to: 0.0.0.0:53221
I0710 16:45:07.022076 23506 maintenance_manager.cc:100] MaintenanceManager: targeting memory size of 23.515860 GB
I0710 16:45:07.027757 25289 heartbeater.cc:226] Registering TS with master...
I0710 16:45:07.028028 25289 heartbeater.cc:232] Sending a full tablet report to master...
I0710 16:45:07.028769 25253 ts_manager.cc:65] Registered entirely new tablet server: permanent_uuid: "87602aa4e3794c48899230d2868e29b9" instance_seqno: 1405035907002327
I0710 16:45:07.029794 23506 mini_cluster.cc:165] 1 TS(s) registered with Master after 0.00572677s
I0710 16:45:07.040621 25255 catalog_manager.cc:383] CreateTable from {real_user=jenkins, eff_user=} at 127.0.0.1:33603: name: "client-testtb" schema { columns { name: "key" type: UINT32 is_key: true is_nullable: false encoding: AUTO_ENCODING compression: DEFAULT_COMPRESSION } columns { name: "int_val" type: UINT32 is_key: false is_nullable: false encoding: AUTO_ENCODING compression: DEFAULT_COMPRESSION } columns { name: "string_val" type: STRING is_key: false is_nullable: true encoding: AUTO_ENCODING compression: DEFAULT_COMPRESSION } columns { name: "non_null_with_default" type: UINT32 is_key: false is_nullable: false read_default_value: "90\000\000" write_default_value: "90\000\000" encoding: AUTO_ENCODING compression: DEFAULT_COMPRESSION } } pre_split_keys: "\000\000\000\t"
I0710 16:45:07.052300 25276 tablet_service.cc:239] Processing CreateTablet for tablet cf4a3b5c14f84181bf1016aac18dcc03 (table=client-testtb [id=162a4be83a484327bb27a2efc6918bd9]), range=["", "\x00\x00\x00\t"]
I0710 16:45:07.052301 25277 tablet_service.cc:239] Processing CreateTablet for tablet 6f2aac13c36f4b22a1dea37a316a05aa (table=client-testtb [id=162a4be83a484327bb27a2efc6918bd9]), range=["\x00\x00\x00\t", ""]
I0710 16:45:07.054581 25277 ts_tablet_manager.cc:382] Registered tablet 6f2aac13c36f4b22a1dea37a316a05aa
I0710 16:45:07.054641 25277 ts_tablet_manager.cc:277] Bootstrapping tablet: 6f2aac13c36f4b22a1dea37a316a05aa
I0710 16:45:07.055423 25277 tablet_bootstrap.cc:231] Tablet 6f2aac13c36f4b22a1dea37a316a05aa: Bootstrap starting.
I0710 16:45:07.059551 25276 ts_tablet_manager.cc:382] Registered tablet cf4a3b5c14f84181bf1016aac18dcc03
I0710 16:45:07.059618 25276 ts_tablet_manager.cc:277] Bootstrapping tablet: cf4a3b5c14f84181bf1016aac18dcc03
I0710 16:45:07.060405 25276 tablet_bootstrap.cc:231] Tablet cf4a3b5c14f84181bf1016aac18dcc03: Bootstrap starting.
I0710 16:45:07.061450 25277 tablet_bootstrap.cc:312] No previous blocks or log segments found for tablet: 6f2aac13c36f4b22a1dea37a316a05aa creating new one.
I0710 16:45:07.066508 25277 tablet_bootstrap.cc:231] Tablet 6f2aac13c36f4b22a1dea37a316a05aa: No bootstrap required, opened a new log
I0710 16:45:07.066902 25277 ts_tablet_manager.cc:282] Time spent tablet 6f2aac13c36f4b22a1dea37a316a05aa bootstrap: real 0.012s user 0.004s sys 0.002s
I0710 16:45:07.069272 25276 tablet_bootstrap.cc:312] No previous blocks or log segments found for tablet: cf4a3b5c14f84181bf1016aac18dcc03 creating new one.
I0710 16:45:07.069861 25277 ts_tablet_manager.cc:302] Time spent starting tablet 6f2aac13c36f4b22a1dea37a316a05aa: real 0.003s user 0.002s sys 0.000s
I0710 16:45:07.073546 25276 tablet_bootstrap.cc:231] Tablet cf4a3b5c14f84181bf1016aac18dcc03: No bootstrap required, opened a new log
I0710 16:45:07.074182 25276 ts_tablet_manager.cc:282] Time spent tablet cf4a3b5c14f84181bf1016aac18dcc03 bootstrap: real 0.014s user 0.004s sys 0.003s
I0710 16:45:07.077884 25276 ts_tablet_manager.cc:302] Time spent starting tablet cf4a3b5c14f84181bf1016aac18dcc03: real 0.004s user 0.002s sys 0.000s
I0710 16:45:07.089463 25261 catalog_manager.cc:383] CreateTable from {real_user=jenkins, eff_user=} at 127.0.0.1:33603: name: "client-testtb2" schema { columns { name: "key" type: UINT32 is_key: true is_nullable: false encoding: AUTO_ENCODING compression: DEFAULT_COMPRESSION } columns { name: "int_val" type: UINT32 is_key: false is_nullable: false encoding: AUTO_ENCODING compression: DEFAULT_COMPRESSION } columns { name: "string_val" type: STRING is_key: false is_nullable: true encoding: AUTO_ENCODING compression: DEFAULT_COMPRESSION } columns { name: "non_null_with_default" type: UINT32 is_key: false is_nullable: false read_default_value: "90\000\000" write_default_value: "90\000\000" encoding: AUTO_ENCODING compression: DEFAULT_COMPRESSION } }
I0710 16:45:07.092628 25278 tablet_service.cc:239] Processing CreateTablet for tablet bf55bc26ab114800bbe4d51c36a328dd (table=client-testtb2 [id=9f2e3b558b564c4194e859d9693c4a77]), range=["", ""]
I0710 16:45:07.094933 25278 ts_tablet_manager.cc:382] Registered tablet bf55bc26ab114800bbe4d51c36a328dd
I0710 16:45:07.094977 25278 ts_tablet_manager.cc:277] Bootstrapping tablet: bf55bc26ab114800bbe4d51c36a328dd
I0710 16:45:07.095717 25278 tablet_bootstrap.cc:231] Tablet bf55bc26ab114800bbe4d51c36a328dd: Bootstrap starting.
I0710 16:45:07.102015 25278 tablet_bootstrap.cc:312] No previous blocks or log segments found for tablet: bf55bc26ab114800bbe4d51c36a328dd creating new one.
I0710 16:45:07.105914 25278 tablet_bootstrap.cc:231] Tablet bf55bc26ab114800bbe4d51c36a328dd: No bootstrap required, opened a new log
I0710 16:45:07.106405 25278 ts_tablet_manager.cc:282] Time spent tablet bf55bc26ab114800bbe4d51c36a328dd bootstrap: real 0.011s user 0.006s sys 0.001s
I0710 16:45:07.110564 25278 ts_tablet_manager.cc:302] Time spent starting tablet bf55bc26ab114800bbe4d51c36a328dd: real 0.004s user 0.000s sys 0.001s
I0710 16:45:07.323425 23506 client-test.cc:630] Time spent Scanning with no projected columns: real 0.042s user 0.000s sys 0.001s
I0710 16:45:07.323539 23506 tablet_server.cc:100] TabletServer shutting down...
I0710 16:45:07.339718 23506 ts_tablet_manager.cc:337] Shutting down tablet manager...
I0710 16:45:07.339799 23506 maintenance_manager.cc:169] Unregistered op FlushRowSetsOp(cf4a3b5c14f84181bf1016aac18dcc03)
I0710 16:45:07.339869 23506 maintenance_manager.cc:169] Unregistered op CompactRowSetsOp(cf4a3b5c14f84181bf1016aac18dcc03)
I0710 16:45:07.351769 23506 maintenance_manager.cc:169] Unregistered op FlushDeltaMemStoresOp(cf4a3b5c14f84181bf1016aac18dcc03)
I0710 16:45:07.354408 23506 maintenance_manager.cc:169] Unregistered op FlushRowSetsOp(6f2aac13c36f4b22a1dea37a316a05aa)
I0710 16:45:07.354460 23506 maintenance_manager.cc:169] Unregistered op CompactRowSetsOp(6f2aac13c36f4b22a1dea37a316a05aa)
I0710 16:45:07.354508 23506 maintenance_manager.cc:169] Unregistered op FlushDeltaMemStoresOp(6f2aac13c36f4b22a1dea37a316a05aa)
I0710 16:45:07.356884 23506 maintenance_manager.cc:169] Unregistered op FlushRowSetsOp(bf55bc26ab114800bbe4d51c36a328dd)
I0710 16:45:07.356937 23506 maintenance_manager.cc:169] Unregistered op CompactRowSetsOp(bf55bc26ab114800bbe4d51c36a328dd)
I0710 16:45:07.356983 23506 maintenance_manager.cc:169] Unregistered op FlushDeltaMemStoresOp(bf55bc26ab114800bbe4d51c36a328dd)
I0710 16:45:07.364977 23506 tablet_server.cc:109] TabletServer shut down complete. Bye!
I0710 16:45:07.365176 23506 tablet_server.cc:100] TabletServer shutting down...
W0710 16:45:07.365221 23506 rpc_server.cc:107] Unable to unregister service kudu.tserver.TabletServerService: Service unavailable: Service is not registered
I0710 16:45:07.365283 23506 ts_tablet_manager.cc:337] Shutting down tablet manager...
I0710 16:45:07.365329 23506 tablet_server.cc:109] TabletServer shut down complete. Bye!
W0710 16:45:07.365890 23506 rpc_server.cc:107] Unable to unregister service kudu.tserver.TabletServerService: Service unavailable: Service is not registered
W0710 16:45:07.366456 23506 rpc_server.cc:107] Unable to unregister service kudu.tserver.TabletServerService: Service unavailable: Service is not registered
I0710 16:45:07.368677 23506 master.cc:74] Master@127.0.0.1:38316 shutting down...
I0710 16:45:07.376267 23506 master.cc:77] Master@127.0.0.1:38316 shutdown complete.
W0710 16:45:07.382063 23506 rpc_server.cc:107] Unable to unregister service kudu.master.MasterService: Service unavailable: Service is not registered
W0710 16:45:07.382158 23506 rpc_server.cc:107] Unable to unregister service kudu.master.MasterService: Service unavailable: Service is not registered [ OK ] ClientTest.TestScanEmptyProjection (460 ms) [ RUN ] ClientTest.TestScanPredicateKeyColNotProjected
I0710 16:45:07.398210 23506 fsmanager.cc:108] Generated new instance metadata in path /data1/test-tmp/ClientTest.TestScanPredicateKeyColNotProjected.1405035907391254-23506/master-root/instance: uuid: "eddba2563bbf4836a2d7f66821d8d563" format_stamp: "Formatted at 2014-07-10 23:45:07 on boost-static-burst-slave-1e2.vpc.cloudera.com"
I0710 16:45:07.398367 23506 fsmanager.cc:68] Opened local filesystem: /data1/test-tmp/ClientTest.TestScanPredicateKeyColNotProjected.1405035907391254-23506/master-root uuid: "eddba2563bbf4836a2d7f66821d8d563" format_stamp: "Formatted at 2014-07-10 23:45:07 on boost-static-burst-slave-1e2.vpc.cloudera.com"
I0710 16:45:07.402529 23506 hybrid_clock.cc:118] HybridClock initialized. Resolution in nanos?: 1 Wait times tolerance adjustment: 1.0005 Current error: 106354
I0710 16:45:07.404208 23506 tablet_bootstrap.cc:231] Tablet 11111111111111111111111111111111: Bootstrap starting.
I0710 16:45:07.408627 23506 tablet_bootstrap.cc:312] No previous blocks or log segments found for tablet: 11111111111111111111111111111111 creating new one.
I0710 16:45:07.412356 23506 tablet_bootstrap.cc:231] Tablet 11111111111111111111111111111111: No bootstrap required, opened a new log
I0710 16:45:07.417978 23506 tablet_bootstrap.cc:231] Tablet 00000000000000000000000000000000: Bootstrap starting.
I0710 16:45:07.422631 23506 tablet_bootstrap.cc:312] No previous blocks or log segments found for tablet: 00000000000000000000000000000000 creating new one.
I0710 16:45:07.425988 23506 tablet_bootstrap.cc:231] Tablet 00000000000000000000000000000000: No bootstrap required, opened a new log
I0710 16:45:07.442170 23506 webserver.cc:105] Starting webserver on 0.0.0.0:0
I0710 16:45:07.442199 23506 webserver.cc:114] Document root disabled
I0710 16:45:07.442507 23506 webserver.cc:194] Webserver started. Bound to: 0.0.0.0:51133
I0710 16:45:07.445267 23506 fsmanager.cc:108] Generated new instance metadata in path /data1/test-tmp/ClientTest.TestScanPredicateKeyColNotProjected.1405035907391254-23506/ts-0-root/instance: uuid: "666cfdb742314896b04c434faf229f35" format_stamp: "Formatted at 2014-07-10 23:45:07 on boost-static-burst-slave-1e2.vpc.cloudera.com"
I0710 16:45:07.452534 23506 fsmanager.cc:68] Opened local filesystem: /data1/test-tmp/ClientTest.TestScanPredicateKeyColNotProjected.1405035907391254-23506/ts-0-root uuid: "666cfdb742314896b04c434faf229f35" format_stamp: "Formatted at 2014-07-10 23:45:07 on boost-static-burst-slave-1e2.vpc.cloudera.com"
I0710 16:45:07.455852 23506 hybrid_clock.cc:118] HybridClock initialized. Resolution in nanos?: 1 Wait times tolerance adjustment: 1.0005 Current error: 106354
I0710 16:45:07.467687 23506 webserver.cc:105] Starting webserver on 0.0.0.0:0
I0710 16:45:07.467710 23506 webserver.cc:114] Document root disabled
I0710 16:45:07.467959 23506 webserver.cc:194] Webserver started. Bound to: 0.0.0.0:36525
I0710 16:45:07.469933 23506 maintenance_manager.cc:100] MaintenanceManager: targeting memory size of 23.515860 GB
I0710 16:45:07.474375 25519 heartbeater.cc:226] Registering TS with master...
I0710 16:45:07.474467 25519 heartbeater.cc:232] Sending a full tablet report to master...
I0710 16:45:07.474812 25472 ts_manager.cc:65] Registered entirely new tablet server: permanent_uuid: "666cfdb742314896b04c434faf229f35" instance_seqno: 1405035907452573
I0710 16:45:07.475538 23506 mini_cluster.cc:165] 1 TS(s) registered with Master after 0.00452024s
I0710 16:45:07.482362 25474 catalog_manager.cc:383] CreateTable from {real_user=jenkins, eff_user=} at 127.0.0.1:41129: name: "client-testtb" schema { columns { name: "key" type: UINT32 is_key: true is_nullable: false encoding: AUTO_ENCODING compression: DEFAULT_COMPRESSION } columns { name: "int_val" type: UINT32 is_key: false is_nullable: false encoding: AUTO_ENCODING compression: DEFAULT_COMPRESSION } columns { name: "string_val" type: STRING is_key: false is_nullable: true encoding: AUTO_ENCODING compression: DEFAULT_COMPRESSION } columns { name: "non_null_with_default" type: UINT32 is_key: false is_nullable: false read_default_value: "90\000\000" write_default_value: "90\000\000" encoding: AUTO_ENCODING compression: DEFAULT_COMPRESSION } } pre_split_keys: "\000\000\000\t"
I0710 16:45:07.494390 25503 tablet_service.cc:239] Processing CreateTablet for tablet 29c713328eb34e96af482a8864dad293 (table=client-testtb [id=ccdd826bda6c4b5691756fd440f29e90]), range=["", "\x00\x00\x00\t"]
I0710 16:45:07.495323 25502 tablet_service.cc:239] Processing CreateTablet for tablet d380d891face45bfb48cefe36083b105 (table=client-testtb [id=ccdd826bda6c4b5691756fd440f29e90]), range=["\x00\x00\x00\t", ""]
I0710 16:45:07.497228 25503 ts_tablet_manager.cc:382] Registered tablet 29c713328eb34e96af482a8864dad293
I0710 16:45:07.497262 25503 ts_tablet_manager.cc:277] Bootstrapping tablet: 29c713328eb34e96af482a8864dad293
I0710 16:45:07.498067 25503 tablet_bootstrap.cc:231] Tablet 29c713328eb34e96af482a8864dad293: Bootstrap starting.
I0710 16:45:07.500690 25502 ts_tablet_manager.cc:382] Registered tablet d380d891face45bfb48cefe36083b105
I0710 16:45:07.500735 25502 ts_tablet_manager.cc:277] Bootstrapping tablet: d380d891face45bfb48cefe36083b105
I0710 16:45:07.501507 25502 tablet_bootstrap.cc:231] Tablet d380d891face45bfb48cefe36083b105: Bootstrap starting.
I0710 16:45:07.504577 25503 tablet_bootstrap.cc:312] No previous blocks or log segments found for tablet: 29c713328eb34e96af482a8864dad293 creating new one.
I0710 16:45:07.506381 25502 tablet_bootstrap.cc:312] No previous blocks or log segments found for tablet: d380d891face45bfb48cefe36083b105 creating new one.
I0710 16:45:07.508602 25503 tablet_bootstrap.cc:231] Tablet 29c713328eb34e96af482a8864dad293: No bootstrap required, opened a new log
I0710 16:45:07.508872 25503 ts_tablet_manager.cc:282] Time spent tablet 29c713328eb34e96af482a8864dad293 bootstrap: real 0.012s user 0.005s sys 0.001s
I0710 16:45:07.510700 25502 tablet_bootstrap.cc:231] Tablet d380d891face45bfb48cefe36083b105: No bootstrap required, opened a new log
I0710 16:45:07.510949 25502 ts_tablet_manager.cc:282] Time spent tablet d380d891face45bfb48cefe36083b105 bootstrap: real 0.010s user 0.004s sys 0.002s
I0710 16:45:07.512514 25503 ts_tablet_manager.cc:302] Time spent starting tablet 29c713328eb34e96af482a8864dad293: real 0.004s user 0.001s sys 0.001s
I0710 16:45:07.513821 25502 ts_tablet_manager.cc:302] Time spent starting tablet d380d891face45bfb48cefe36083b105: real 0.003s user 0.000s sys 0.001s
I0710 16:45:07.527029 25478 catalog_manager.cc:383] CreateTable from {real_user=jenkins, eff_user=} at 127.0.0.1:41129: name: "client-testtb2" schema { columns { name: "key" type: UINT32 is_key: true is_nullable: false encoding: AUTO_ENCODING compression: DEFAULT_COMPRESSION } columns { name: "int_val" type: UINT32 is_key: false is_nullable: false encoding: AUTO_ENCODING compression: DEFAULT_COMPRESSION } columns { name: "string_val" type: STRING is_key: false is_nullable: true encoding: AUTO_ENCODING compression: DEFAULT_COMPRESSION } columns { name: "non_null_with_default" type: UINT32 is_key: false is_nullable: false read_default_value: "90\000\000" write_default_value: "90\000\000" encoding: AUTO_ENCODING compression: DEFAULT_COMPRESSION } }
I0710 16:45:07.532111 25505 tablet_service.cc:239] Processing CreateTablet for tablet adb64e019c2249209233e0bc8a2c8037 (table=client-testtb2 [id=ade34a9938a04aac832add0e7846b97a]), range=["", ""]
I0710 16:45:07.535477 25505 ts_tablet_manager.cc:382] Registered tablet adb64e019c2249209233e0bc8a2c8037
I0710 16:45:07.535511 25505 ts_tablet_manager.cc:277] Bootstrapping tablet: adb64e019c2249209233e0bc8a2c8037
I0710 16:45:07.536263 25505 tablet_bootstrap.cc:231] Tablet adb64e019c2249209233e0bc8a2c8037: Bootstrap starting.
I0710 16:45:07.541210 25505 tablet_bootstrap.cc:312] No previous blocks or log segments found for tablet: adb64e019c2249209233e0bc8a2c8037 creating new one.
I0710 16:45:07.546149 25505 tablet_bootstrap.cc:231] Tablet adb64e019c2249209233e0bc8a2c8037: No bootstrap required, opened a new log
I0710 16:45:07.546632 25505 ts_tablet_manager.cc:282] Time spent tablet adb64e019c2249209233e0bc8a2c8037 bootstrap: real 0.011s user 0.002s sys 0.004s
I0710 16:45:07.550060 25505 ts_tablet_manager.cc:302] Time spent starting tablet adb64e019c2249209233e0bc8a2c8037: real 0.003s user 0.001s sys 0.000s
I0710 16:45:07.712620 23506 client-test.cc:662] Time spent Scanning with predicate columns not projected: real 0.007s user 0.001s sys 0.000s
I0710 16:45:07.712731 23506 tablet_server.cc:100] TabletServer shutting down...
I0710 16:45:07.731757 23506 ts_tablet_manager.cc:337] Shutting down tablet manager...
I0710 16:45:07.731852 23506 maintenance_manager.cc:169] Unregistered op FlushRowSetsOp(adb64e019c2249209233e0bc8a2c8037)
I0710 16:45:07.731890 23506 maintenance_manager.cc:169] Unregistered op CompactRowSetsOp(adb64e019c2249209233e0bc8a2c8037)
I0710 16:45:07.731915 23506 maintenance_manager.cc:169] Unregistered op FlushDeltaMemStoresOp(adb64e019c2249209233e0bc8a2c8037)
I0710 16:45:07.733000 23506 maintenance_manager.cc:169] Unregistered op FlushRowSetsOp(29c713328eb34e96af482a8864dad293)
I0710 16:45:07.733033 23506 maintenance_manager.cc:169] Unregistered op CompactRowSetsOp(29c713328eb34e96af482a8864dad293)
I0710 16:45:07.733057 23506 maintenance_manager.cc:169] Unregistered op FlushDeltaMemStoresOp(29c713328eb34e96af482a8864dad293)
I0710 16:45:07.735402 23506 maintenance_manager.cc:169] Unregistered op FlushRowSetsOp(d380d891face45bfb48cefe36083b105)
I0710 16:45:07.735430 23506 maintenance_manager.cc:169] Unregistered op CompactRowSetsOp(d380d891face45bfb48cefe36083b105)
I0710 16:45:07.735447 23506 maintenance_manager.cc:169] Unregistered op FlushDeltaMemStoresOp(d380d891face45bfb48cefe36083b105)
I0710 16:45:07.751958 23506 tablet_server.cc:109] TabletServer shut down complete. Bye!
I0710 16:45:07.752020 23506 tablet_server.cc:100] TabletServer shutting down...
W0710 16:45:07.752074 23506 rpc_server.cc:107] Unable to unregister service kudu.tserver.TabletServerService: Service unavailable: Service is not registered
I0710 16:45:07.752137 23506 ts_tablet_manager.cc:337] Shutting down tablet manager...
I0710 16:45:07.752197 23506 tablet_server.cc:109] TabletServer shut down complete. Bye!
W0710 16:45:07.752804 23506 rpc_server.cc:107] Unable to unregister service kudu.tserver.TabletServerService: Service unavailable: Service is not registered
W0710 16:45:07.752917 23506 rpc_server.cc:107] Unable to unregister service kudu.tserver.TabletServerService: Service unavailable: Service is not registered
I0710 16:45:07.755880 23506 master.cc:74] Master@127.0.0.1:54871 shutting down...
I0710 16:45:07.767243 23506 master.cc:77] Master@127.0.0.1:54871 shutdown complete.
W0710 16:45:07.772572 23506 rpc_server.cc:107] Unable to unregister service kudu.master.MasterService: Service unavailable: Service is not registered
W0710 16:45:07.772766 23506 rpc_server.cc:107] Unable to unregister service kudu.master.MasterService: Service unavailable: Service is not registered [ OK ] ClientTest.TestScanPredicateKeyColNotProjected (393 ms) [ RUN ] ClientTest.TestScanPredicateNonKeyColNotProjected
I0710 16:45:07.795089 23506 fsmanager.cc:108] Generated new instance metadata in path /data1/test-tmp/ClientTest.TestScanPredicateNonKeyColNotProjected.1405035907785749-23506/master-root/instance: uuid: "b3667e2e5e0c4735a96c03bf65167827" format_stamp: "Formatted at 2014-07-10 23:45:07 on boost-static-burst-slave-1e2.vpc.cloudera.com"
I0710 16:45:07.795249 23506 fsmanager.cc:68] Opened local filesystem: /data1/test-tmp/ClientTest.TestScanPredicateNonKeyColNotProjected.1405035907785749-23506/master-root uuid: "b3667e2e5e0c4735a96c03bf65167827" format_stamp: "Formatted at 2014-07-10 23:45:07 on boost-static-burst-slave-1e2.vpc.cloudera.com"
I0710 16:45:07.800968 23506 hybrid_clock.cc:118] HybridClock initialized. Resolution in nanos?: 1 Wait times tolerance adjustment: 1.0005 Current error: 106354
I0710 16:45:07.802892 23506 tablet_bootstrap.cc:231] Tablet 11111111111111111111111111111111: Bootstrap starting.
I0710 16:45:07.806874 23506 tablet_bootstrap.cc:312] No previous blocks or log segments found for tablet: 11111111111111111111111111111111 creating new one.
I0710 16:45:07.810626 23506 tablet_bootstrap.cc:231] Tablet 11111111111111111111111111111111: No bootstrap required, opened a new log
I0710 16:45:07.815485 23506 tablet_bootstrap.cc:231] Tablet 00000000000000000000000000000000: Bootstrap starting.
I0710 16:45:07.819844 23506 tablet_bootstrap.cc:312] No previous blocks or log segments found for tablet: 00000000000000000000000000000000 creating new one.
I0710 16:45:07.824410 23506 tablet_bootstrap.cc:231] Tablet 00000000000000000000000000000000: No bootstrap required, opened a new log
I0710 16:45:07.835608 23506 webserver.cc:105] Starting webserver on 0.0.0.0:0
I0710 16:45:07.835631 23506 webserver.cc:114] Document root disabled
I0710 16:45:07.835944 23506 webserver.cc:194] Webserver started. Bound to: 0.0.0.0:42798
