I0710 16:45:10.324425 23506 fsmanager.cc:68] Opened local filesystem: /data1/test-tmp/ClientTest.TestMutateNonexistentRow.1405035910267673-23506/ts-0-root uuid: "0bcdd5c865124380b8c36c058e35f400" format_stamp: "Formatted at 2014-07-10 23:45:10 on boost-static-burst-slave-1e2.vpc.cloudera.com"
I0710 16:45:10.328289 23506 hybrid_clock.cc:118] HybridClock initialized. Resolution in nanos?: 1 Wait times tolerance adjustment: 1.0005 Current error: 107854
I0710 16:45:10.342062 23506 webserver.cc:105] Starting webserver on 0.0.0.0:0
I0710 16:45:10.342103 23506 webserver.cc:114] Document root disabled
I0710 16:45:10.342538 23506 webserver.cc:194] Webserver started. Bound to: 0.0.0.0:44176
I0710 16:45:10.343482 23506 maintenance_manager.cc:100] MaintenanceManager: targeting memory size of 23.515860 GB
I0710 16:45:10.352073 27625 heartbeater.cc:226] Registering TS with master...
I0710 16:45:10.352140 27625 heartbeater.cc:232] Sending a full tablet report to master...
I0710 16:45:10.352540 27539 ts_manager.cc:65] Registered entirely new tablet server: permanent_uuid: "0bcdd5c865124380b8c36c058e35f400" instance_seqno: 1405035910324483
I0710 16:45:10.352757 23506 mini_cluster.cc:165] 1 TS(s) registered with Master after 0.00390414s
I0710 16:45:10.360352 27540 catalog_manager.cc:383] CreateTable from {real_user=jenkins, eff_user=} at 127.0.0.1:36418: name: "client-testtb" schema { columns { name: "key" type: UINT32 is_key: true is_nullable: false encoding: AUTO_ENCODING compression: DEFAULT_COMPRESSION } columns { name: "int_val" type: UINT32 is_key: false is_nullable: false encoding: AUTO_ENCODING compression: DEFAULT_COMPRESSION } columns { name: "string_val" type: STRING is_key: false is_nullable: true encoding: AUTO_ENCODING compression: DEFAULT_COMPRESSION } columns { name: "non_null_with_default" type: UINT32 is_key: false is_nullable: false read_default_value: "90\000\000" write_default_value: "90\000\000" encoding: AUTO_ENCODING compression: DEFAULT_COMPRESSION } } pre_split_keys: "\000\000\000\t"
I0710 16:45:10.371291 27599 tablet_service.cc:239] Processing CreateTablet for tablet ebcc09d55bc34dc78528c612d4431177 (table=client-testtb [id=71b1b7724cd74bf9a9a38aa860950d7d]), range=["\x00\x00\x00\t", ""]
I0710 16:45:10.371429 27600 tablet_service.cc:239] Processing CreateTablet for tablet 33deaec0e2b2443f91c77734715333b0 (table=client-testtb [id=71b1b7724cd74bf9a9a38aa860950d7d]), range=["", "\x00\x00\x00\t"]
I0710 16:45:10.373354 27599 ts_tablet_manager.cc:382] Registered tablet ebcc09d55bc34dc78528c612d4431177
I0710 16:45:10.373428 27599 ts_tablet_manager.cc:277] Bootstrapping tablet: ebcc09d55bc34dc78528c612d4431177
I0710 16:45:10.374128 27599 tablet_bootstrap.cc:231] Tablet ebcc09d55bc34dc78528c612d4431177: Bootstrap starting.
I0710 16:45:10.378407 27599 tablet_bootstrap.cc:312] No previous blocks or log segments found for tablet: ebcc09d55bc34dc78528c612d4431177 creating new one.
I0710 16:45:10.379019 27600 ts_tablet_manager.cc:382] Registered tablet 33deaec0e2b2443f91c77734715333b0
I0710 16:45:10.379075 27600 ts_tablet_manager.cc:277] Bootstrapping tablet: 33deaec0e2b2443f91c77734715333b0
I0710 16:45:10.379801 27600 tablet_bootstrap.cc:231] Tablet 33deaec0e2b2443f91c77734715333b0: Bootstrap starting.
I0710 16:45:10.384090 27600 tablet_bootstrap.cc:312] No previous blocks or log segments found for tablet: 33deaec0e2b2443f91c77734715333b0 creating new one.
I0710 16:45:10.385632 27599 tablet_bootstrap.cc:231] Tablet ebcc09d55bc34dc78528c612d4431177: No bootstrap required, opened a new log
I0710 16:45:10.385987 27599 ts_tablet_manager.cc:282] Time spent tablet ebcc09d55bc34dc78528c612d4431177 bootstrap: real 0.012s user 0.007s sys 0.000s
I0710 16:45:10.388525 27600 tablet_bootstrap.cc:231] Tablet 33deaec0e2b2443f91c77734715333b0: No bootstrap required, opened a new log
I0710 16:45:10.389030 27600 ts_tablet_manager.cc:282] Time spent tablet 33deaec0e2b2443f91c77734715333b0 bootstrap: real 0.010s user 0.003s sys 0.003s
I0710 16:45:10.389237 27599 ts_tablet_manager.cc:302] Time spent starting tablet ebcc09d55bc34dc78528c612d4431177: real 0.003s user 0.001s sys 0.000s
I0710 16:45:10.394892 27600 ts_tablet_manager.cc:302] Time spent starting tablet 33deaec0e2b2443f91c77734715333b0: real 0.005s user 0.001s sys 0.000s
I0710 16:45:10.402606 27549 catalog_manager.cc:383] CreateTable from {real_user=jenkins, eff_user=} at 127.0.0.1:36418: name: "client-testtb2" schema { columns { name: "key" type: UINT32 is_key: true is_nullable: false encoding: AUTO_ENCODING compression: DEFAULT_COMPRESSION } columns { name: "int_val" type: UINT32 is_key: false is_nullable: false encoding: AUTO_ENCODING compression: DEFAULT_COMPRESSION } columns { name: "string_val" type: STRING is_key: false is_nullable: true encoding: AUTO_ENCODING compression: DEFAULT_COMPRESSION } columns { name: "non_null_with_default" type: UINT32 is_key: false is_nullable: false read_default_value: "90\000\000" write_default_value: "90\000\000" encoding: AUTO_ENCODING compression: DEFAULT_COMPRESSION } }
I0710 16:45:10.407328 27601 tablet_service.cc:239] Processing CreateTablet for tablet 5a0501526ff5495fb7d926e04c424a60 (table=client-testtb2 [id=e0a7b943af844c99951d34713554738d]), range=["", ""]
I0710 16:45:10.409426 27601 ts_tablet_manager.cc:382] Registered tablet 5a0501526ff5495fb7d926e04c424a60
I0710 16:45:10.409476 27601 ts_tablet_manager.cc:277] Bootstrapping tablet: 5a0501526ff5495fb7d926e04c424a60
I0710 16:45:10.409991 27601 tablet_bootstrap.cc:231] Tablet 5a0501526ff5495fb7d926e04c424a60: Bootstrap starting.
I0710 16:45:10.414223 27601 tablet_bootstrap.cc:312] No previous blocks or log segments found for tablet: 5a0501526ff5495fb7d926e04c424a60 creating new one.
I0710 16:45:10.419194 27601 tablet_bootstrap.cc:231] Tablet 5a0501526ff5495fb7d926e04c424a60: No bootstrap required, opened a new log
I0710 16:45:10.419631 27601 ts_tablet_manager.cc:282] Time spent tablet 5a0501526ff5495fb7d926e04c424a60 bootstrap: real 0.010s user 0.004s sys 0.002s
I0710 16:45:10.422479 27601 ts_tablet_manager.cc:302] Time spent starting tablet 5a0501526ff5495fb7d926e04c424a60: real 0.003s user 0.000s sys 0.002s
W0710 16:45:10.438457 27640 reactor.cc:198] Client call Write has no timeout set for connection id: {remote=127.0.0.1:51623, service_name=kudu.tserver.TabletServerService, user_credentials={real_user=jenkins, eff_user=}}
W0710 16:45:10.444849 27764 write_transaction.cc:190] Some row writes failed.: Not found: key not found
W0710 16:45:10.448220 27640 reactor.cc:198] Client call Write has no timeout set for connection id: {remote=127.0.0.1:51623, service_name=kudu.tserver.TabletServerService, user_credentials={real_user=jenkins, eff_user=}}
W0710 16:45:10.450353 27764 write_transaction.cc:190] Some row writes failed.: Not found: key not found
I0710 16:45:10.453564 23506 tablet_server.cc:100] TabletServer shutting down...
I0710 16:45:10.470358 23506 ts_tablet_manager.cc:337] Shutting down tablet manager...
I0710 16:45:10.470448 23506 maintenance_manager.cc:169] Unregistered op FlushRowSetsOp(ebcc09d55bc34dc78528c612d4431177)
I0710 16:45:10.470477 23506 maintenance_manager.cc:169] Unregistered op CompactRowSetsOp(ebcc09d55bc34dc78528c612d4431177)
I0710 16:45:10.470518 23506 maintenance_manager.cc:169] Unregistered op FlushDeltaMemStoresOp(ebcc09d55bc34dc78528c612d4431177)
I0710 16:45:10.471794 23506 maintenance_manager.cc:169] Unregistered op FlushRowSetsOp(33deaec0e2b2443f91c77734715333b0)
I0710 16:45:10.471843 23506 maintenance_manager.cc:169] Unregistered op CompactRowSetsOp(33deaec0e2b2443f91c77734715333b0)
I0710 16:45:10.471861 23506 maintenance_manager.cc:169] Unregistered op FlushDeltaMemStoresOp(33deaec0e2b2443f91c77734715333b0)
I0710 16:45:10.474105 23506 maintenance_manager.cc:169] Unregistered op FlushRowSetsOp(5a0501526ff5495fb7d926e04c424a60)
I0710 16:45:10.474143 23506 maintenance_manager.cc:169] Unregistered op CompactRowSetsOp(5a0501526ff5495fb7d926e04c424a60)
I0710 16:45:10.474203 23506 maintenance_manager.cc:169] Unregistered op FlushDeltaMemStoresOp(5a0501526ff5495fb7d926e04c424a60)
I0710 16:45:10.494667 23506 tablet_server.cc:109] TabletServer shut down complete. Bye!
I0710 16:45:10.494729 23506 tablet_server.cc:100] TabletServer shutting down...
W0710 16:45:10.494788 23506 rpc_server.cc:107] Unable to unregister service kudu.tserver.TabletServerService: Service unavailable: Service is not registered
I0710 16:45:10.494858 23506 ts_tablet_manager.cc:337] Shutting down tablet manager...
I0710 16:45:10.494920 23506 tablet_server.cc:109] TabletServer shut down complete. Bye!
W0710 16:45:10.495525 23506 rpc_server.cc:107] Unable to unregister service kudu.tserver.TabletServerService: Service unavailable: Service is not registered
W0710 16:45:10.495633 23506 rpc_server.cc:107] Unable to unregister service kudu.tserver.TabletServerService: Service unavailable: Service is not registered
I0710 16:45:10.497087 23506 master.cc:74] Master@127.0.0.1:57387 shutting down...
I0710 16:45:10.506469 23506 master.cc:77] Master@127.0.0.1:57387 shutdown complete.
W0710 16:45:10.510501 23506 rpc_server.cc:107] Unable to unregister service kudu.master.MasterService: Service unavailable: Service is not registered
W0710 16:45:10.511587 23506 rpc_server.cc:107] Unable to unregister service kudu.master.MasterService: Service unavailable: Service is not registered [ OK ] ClientTest.TestMutateNonexistentRow (251 ms) [ RUN ] ClientTest.TestWriteWithBadColumn
I0710 16:45:10.525988 23506 fsmanager.cc:108] Generated new instance metadata in path /data1/test-tmp/ClientTest.TestWriteWithBadColumn.1405035910519344-23506/master-root/instance: uuid: "42c38f5237f148d78414b1f15fd22638" format_stamp: "Formatted at 2014-07-10 23:45:10 on boost-static-burst-slave-1e2.vpc.cloudera.com"
I0710 16:45:10.526654 23506 fsmanager.cc:68] Opened local filesystem: /data1/test-tmp/ClientTest.TestWriteWithBadColumn.1405035910519344-23506/master-root uuid: "42c38f5237f148d78414b1f15fd22638" format_stamp: "Formatted at 2014-07-10 23:45:10 on boost-static-burst-slave-1e2.vpc.cloudera.com"
I0710 16:45:10.529953 23506 hybrid_clock.cc:118] HybridClock initialized. Resolution in nanos?: 1 Wait times tolerance adjustment: 1.0005 Current error: 107854
I0710 16:45:10.531749 23506 tablet_bootstrap.cc:231] Tablet 11111111111111111111111111111111: Bootstrap starting.
I0710 16:45:10.536319 23506 tablet_bootstrap.cc:312] No previous blocks or log segments found for tablet: 11111111111111111111111111111111 creating new one.
I0710 16:45:10.539047 23506 tablet_bootstrap.cc:231] Tablet 11111111111111111111111111111111: No bootstrap required, opened a new log
I0710 16:45:10.542798 23506 tablet_bootstrap.cc:231] Tablet 00000000000000000000000000000000: Bootstrap starting.
I0710 16:45:10.546903 23506 tablet_bootstrap.cc:312] No previous blocks or log segments found for tablet: 00000000000000000000000000000000 creating new one.
I0710 16:45:10.549785 23506 tablet_bootstrap.cc:231] Tablet 00000000000000000000000000000000: No bootstrap required, opened a new log
I0710 16:45:10.564086 23506 webserver.cc:105] Starting webserver on 0.0.0.0:0
I0710 16:45:10.564126 23506 webserver.cc:114] Document root disabled
I0710 16:45:10.564414 23506 webserver.cc:194] Webserver started. Bound to: 0.0.0.0:47078
I0710 16:45:10.566998 23506 fsmanager.cc:108] Generated new instance metadata in path /data1/test-tmp/ClientTest.TestWriteWithBadColumn.1405035910519344-23506/ts-0-root/instance: uuid: "2fc1e9bf0dee49b69cb9ffacd0e2fe0e" format_stamp: "Formatted at 2014-07-10 23:45:10 on boost-static-burst-slave-1e2.vpc.cloudera.com"
I0710 16:45:10.575630 23506 fsmanager.cc:68] Opened local filesystem: /data1/test-tmp/ClientTest.TestWriteWithBadColumn.1405035910519344-23506/ts-0-root uuid: "2fc1e9bf0dee49b69cb9ffacd0e2fe0e" format_stamp: "Formatted at 2014-07-10 23:45:10 on boost-static-burst-slave-1e2.vpc.cloudera.com"
I0710 16:45:10.579689 23506 hybrid_clock.cc:118] HybridClock initialized. Resolution in nanos?: 1 Wait times tolerance adjustment: 1.0005 Current error: 107854
I0710 16:45:10.590037 23506 webserver.cc:105] Starting webserver on 0.0.0.0:0
I0710 16:45:10.590059 23506 webserver.cc:114] Document root disabled
I0710 16:45:10.590335 23506 webserver.cc:194] Webserver started. Bound to: 0.0.0.0:53969
I0710 16:45:10.591527 23506 maintenance_manager.cc:100] MaintenanceManager: targeting memory size of 23.515860 GB
I0710 16:45:10.594866 27851 heartbeater.cc:226] Registering TS with master...
I0710 16:45:10.594907 27851 heartbeater.cc:232] Sending a full tablet report to master...
I0710 16:45:10.595170 27818 ts_manager.cc:65] Registered entirely new tablet server: permanent_uuid: "2fc1e9bf0dee49b69cb9ffacd0e2fe0e" instance_seqno: 1405035910575664
I0710 16:45:10.595374 23506 mini_cluster.cc:165] 1 TS(s) registered with Master after 0.00229088s
I0710 16:45:10.604755 27820 catalog_manager.cc:383] CreateTable from {real_user=jenkins, eff_user=} at 127.0.0.1:43291: name: "client-testtb" schema { columns { name: "key" type: UINT32 is_key: true is_nullable: false encoding: AUTO_ENCODING compression: DEFAULT_COMPRESSION } columns { name: "int_val" type: UINT32 is_key: false is_nullable: false encoding: AUTO_ENCODING compression: DEFAULT_COMPRESSION } columns { name: "string_val" type: STRING is_key: false is_nullable: true encoding: AUTO_ENCODING compression: DEFAULT_COMPRESSION } columns { name: "non_null_with_default" type: UINT32 is_key: false is_nullable: false read_default_value: "90\000\000" write_default_value: "90\000\000" encoding: AUTO_ENCODING compression: DEFAULT_COMPRESSION } } pre_split_keys: "\000\000\000\t"
I0710 16:45:10.616952 27840 tablet_service.cc:239] Processing CreateTablet for tablet f3deaa8f0f384060921b1e82bdc24ba4 (table=client-testtb [id=1da0e194b2834a25b78734f76fb69c31]), range=["", "\x00\x00\x00\t"]
I0710 16:45:10.616967 27839 tablet_service.cc:239] Processing CreateTablet for tablet 58ca396c3dda49fdb63c24a749afb643 (table=client-testtb [id=1da0e194b2834a25b78734f76fb69c31]), range=["\x00\x00\x00\t", ""]
I0710 16:45:10.619413 27840 ts_tablet_manager.cc:382] Registered tablet f3deaa8f0f384060921b1e82bdc24ba4
I0710 16:45:10.619437 27840 ts_tablet_manager.cc:277] Bootstrapping tablet: f3deaa8f0f384060921b1e82bdc24ba4
I0710 16:45:10.619912 27840 tablet_bootstrap.cc:231] Tablet f3deaa8f0f384060921b1e82bdc24ba4: Bootstrap starting.
I0710 16:45:10.621690 27839 ts_tablet_manager.cc:382] Registered tablet 58ca396c3dda49fdb63c24a749afb643
I0710 16:45:10.621723 27839 ts_tablet_manager.cc:277] Bootstrapping tablet: 58ca396c3dda49fdb63c24a749afb643
I0710 16:45:10.622426 27839 tablet_bootstrap.cc:231] Tablet 58ca396c3dda49fdb63c24a749afb643: Bootstrap starting.
I0710 16:45:10.625735 27840 tablet_bootstrap.cc:312] No previous blocks or log segments found for tablet: f3deaa8f0f384060921b1e82bdc24ba4 creating new one.
I0710 16:45:10.626719 27839 tablet_bootstrap.cc:312] No previous blocks or log segments found for tablet: 58ca396c3dda49fdb63c24a749afb643 creating new one.
I0710 16:45:10.630252 27840 tablet_bootstrap.cc:231] Tablet f3deaa8f0f384060921b1e82bdc24ba4: No bootstrap required, opened a new log
I0710 16:45:10.630509 27840 ts_tablet_manager.cc:282] Time spent tablet f3deaa8f0f384060921b1e82bdc24ba4 bootstrap: real 0.011s user 0.003s sys 0.003s
I0710 16:45:10.630720 27839 tablet_bootstrap.cc:231] Tablet 58ca396c3dda49fdb63c24a749afb643: No bootstrap required, opened a new log
I0710 16:45:10.631047 27839 ts_tablet_manager.cc:282] Time spent tablet 58ca396c3dda49fdb63c24a749afb643 bootstrap: real 0.009s user 0.003s sys 0.003s
I0710 16:45:10.634163 27840 ts_tablet_manager.cc:302] Time spent starting tablet f3deaa8f0f384060921b1e82bdc24ba4: real 0.004s user 0.001s sys 0.000s
I0710 16:45:10.634258 27839 ts_tablet_manager.cc:302] Time spent starting tablet 58ca396c3dda49fdb63c24a749afb643: real 0.003s user 0.001s sys 0.000s
I0710 16:45:10.646798 27824 catalog_manager.cc:383] CreateTable from {real_user=jenkins, eff_user=} at 127.0.0.1:43291: name: "client-testtb2" schema { columns { name: "key" type: UINT32 is_key: true is_nullable: false encoding: AUTO_ENCODING compression: DEFAULT_COMPRESSION } columns { name: "int_val" type: UINT32 is_key: false is_nullable: false encoding: AUTO_ENCODING compression: DEFAULT_COMPRESSION } columns { name: "string_val" type: STRING is_key: false is_nullable: true encoding: AUTO_ENCODING compression: DEFAULT_COMPRESSION } columns { name: "non_null_with_default" type: UINT32 is_key: false is_nullable: false read_default_value: "90\000\000" write_default_value: "90\000\000" encoding: AUTO_ENCODING compression: DEFAULT_COMPRESSION } }
I0710 16:45:10.650591 27841 tablet_service.cc:239] Processing CreateTablet for tablet 6b1d5fa1289044a8b04bcf70ca8be805 (table=client-testtb2 [id=53f06d374fa34315a905ecd6621f8538]), range=["", ""]
I0710 16:45:10.652467 27841 ts_tablet_manager.cc:382] Registered tablet 6b1d5fa1289044a8b04bcf70ca8be805
I0710 16:45:10.652500 27841 ts_tablet_manager.cc:277] Bootstrapping tablet: 6b1d5fa1289044a8b04bcf70ca8be805
I0710 16:45:10.653240 27841 tablet_bootstrap.cc:231] Tablet 6b1d5fa1289044a8b04bcf70ca8be805: Bootstrap starting.
I0710 16:45:10.656842 27841 tablet_bootstrap.cc:312] No previous blocks or log segments found for tablet: 6b1d5fa1289044a8b04bcf70ca8be805 creating new one.
I0710 16:45:10.660904 27841 tablet_bootstrap.cc:231] Tablet 6b1d5fa1289044a8b04bcf70ca8be805: No bootstrap required, opened a new log
I0710 16:45:10.661178 27841 ts_tablet_manager.cc:282] Time spent tablet 6b1d5fa1289044a8b04bcf70ca8be805 bootstrap: real 0.009s user 0.004s sys 0.002s
I0710 16:45:10.666335 27841 ts_tablet_manager.cc:302] Time spent starting tablet 6b1d5fa1289044a8b04bcf70ca8be805: real 0.005s user 0.001s sys 0.000s
I0710 16:45:10.684433 23506 tablet_server.cc:100] TabletServer shutting down...
I0710 16:45:10.700438 23506 ts_tablet_manager.cc:337] Shutting down tablet manager...
I0710 16:45:10.700494 23506 maintenance_manager.cc:169] Unregistered op FlushRowSetsOp(6b1d5fa1289044a8b04bcf70ca8be805)
I0710 16:45:10.700520 23506 maintenance_manager.cc:169] Unregistered op CompactRowSetsOp(6b1d5fa1289044a8b04bcf70ca8be805)
I0710 16:45:10.700547 23506 maintenance_manager.cc:169] Unregistered op FlushDeltaMemStoresOp(6b1d5fa1289044a8b04bcf70ca8be805)
I0710 16:45:10.702013 23506 maintenance_manager.cc:169] Unregistered op FlushRowSetsOp(f3deaa8f0f384060921b1e82bdc24ba4)
I0710 16:45:10.702046 23506 maintenance_manager.cc:169] Unregistered op CompactRowSetsOp(f3deaa8f0f384060921b1e82bdc24ba4)
I0710 16:45:10.702069 23506 maintenance_manager.cc:169] Unregistered op FlushDeltaMemStoresOp(f3deaa8f0f384060921b1e82bdc24ba4)
I0710 16:45:10.703879 23506 maintenance_manager.cc:169] Unregistered op FlushRowSetsOp(58ca396c3dda49fdb63c24a749afb643)
I0710 16:45:10.703909 23506 maintenance_manager.cc:169] Unregistered op CompactRowSetsOp(58ca396c3dda49fdb63c24a749afb643)
I0710 16:45:10.703932 23506 maintenance_manager.cc:169] Unregistered op FlushDeltaMemStoresOp(58ca396c3dda49fdb63c24a749afb643)
I0710 16:45:10.710542 23506 tablet_server.cc:109] TabletServer shut down complete. Bye!
I0710 16:45:10.711478 23506 tablet_server.cc:100] TabletServer shutting down...
W0710 16:45:10.711534 23506 rpc_server.cc:107] Unable to unregister service kudu.tserver.TabletServerService: Service unavailable: Service is not registered
I0710 16:45:10.711581 23506 ts_tablet_manager.cc:337] Shutting down tablet manager...
I0710 16:45:10.711621 23506 tablet_server.cc:109] TabletServer shut down complete. Bye!
W0710 16:45:10.712178 23506 rpc_server.cc:107] Unable to unregister service kudu.tserver.TabletServerService: Service unavailable: Service is not registered
W0710 16:45:10.712287 23506 rpc_server.cc:107] Unable to unregister service kudu.tserver.TabletServerService: Service unavailable: Service is not registered
I0710 16:45:10.714143 23506 master.cc:74] Master@127.0.0.1:46571 shutting down...
I0710 16:45:10.721777 23506 master.cc:77] Master@127.0.0.1:46571 shutdown complete.
W0710 16:45:10.725718 23506 rpc_server.cc:107] Unable to unregister service kudu.master.MasterService: Service unavailable: Service is not registered
W0710 16:45:10.725816 23506 rpc_server.cc:107] Unable to unregister service kudu.master.MasterService: Service unavailable: Service is not registered [ OK ] ClientTest.TestWriteWithBadColumn (213 ms) [ RUN ] ClientTest.TestWriteWithBadSchema
I0710 16:45:10.738818 23506 fsmanager.cc:108] Generated new instance metadata in path /data1/test-tmp/ClientTest.TestWriteWithBadSchema.1405035910733067-23506/master-root/instance: uuid: "5224004bb0c94538a76b68e2f54e8b70" format_stamp: "Formatted at 2014-07-10 23:45:10 on boost-static-burst-slave-1e2.vpc.cloudera.com"
I0710 16:45:10.738952 23506 fsmanager.cc:68] Opened local filesystem: /data1/test-tmp/ClientTest.TestWriteWithBadSchema.1405035910733067-23506/master-root uuid: "5224004bb0c94538a76b68e2f54e8b70" format_stamp: "Formatted at 2014-07-10 23:45:10 on boost-static-burst-slave-1e2.vpc.cloudera.com"
I0710 16:45:10.743806 23506 hybrid_clock.cc:118] HybridClock initialized. Resolution in nanos?: 1 Wait times tolerance adjustment: 1.0005 Current error: 107854
I0710 16:45:10.745328 23506 tablet_bootstrap.cc:231] Tablet 11111111111111111111111111111111: Bootstrap starting.
I0710 16:45:10.751149 23506 tablet_bootstrap.cc:312] No previous blocks or log segments found for tablet: 11111111111111111111111111111111 creating new one.
I0710 16:45:10.754480 23506 tablet_bootstrap.cc:231] Tablet 11111111111111111111111111111111: No bootstrap required, opened a new log
I0710 16:45:10.761092 23506 tablet_bootstrap.cc:231] Tablet 00000000000000000000000000000000: Bootstrap starting.
I0710 16:45:10.767187 23506 tablet_bootstrap.cc:312] No previous blocks or log segments found for tablet: 00000000000000000000000000000000 creating new one.
I0710 16:45:10.770345 23506 tablet_bootstrap.cc:231] Tablet 00000000000000000000000000000000: No bootstrap required, opened a new log
I0710 16:45:10.800679 23506 webserver.cc:105] Starting webserver on 0.0.0.0:0
I0710 16:45:10.800731 23506 webserver.cc:114] Document root disabled
I0710 16:45:10.801030 23506 webserver.cc:194] Webserver started. Bound to: 0.0.0.0:60019
I0710 16:45:10.804904 23506 fsmanager.cc:108] Generated new instance metadata in path /data1/test-tmp/ClientTest.TestWriteWithBadSchema.1405035910733067-23506/ts-0-root/instance: uuid: "4315dc5acc50474290748534a28a1edd" format_stamp: "Formatted at 2014-07-10 23:45:10 on boost-static-burst-slave-1e2.vpc.cloudera.com"
I0710 16:45:10.813122 23506 fsmanager.cc:68] Opened local filesystem: /data1/test-tmp/ClientTest.TestWriteWithBadSchema.1405035910733067-23506/ts-0-root uuid: "4315dc5acc50474290748534a28a1edd" format_stamp: "Formatted at 2014-07-10 23:45:10 on boost-static-burst-slave-1e2.vpc.cloudera.com"
I0710 16:45:10.817066 23506 hybrid_clock.cc:118] HybridClock initialized. Resolution in nanos?: 1 Wait times tolerance adjustment: 1.0005 Current error: 107854
I0710 16:45:10.828424 23506 webserver.cc:105] Starting webserver on 0.0.0.0:0
I0710 16:45:10.828475 23506 webserver.cc:114] Document root disabled
I0710 16:45:10.828837 23506 webserver.cc:194] Webserver started. Bound to: 0.0.0.0:46717
I0710 16:45:10.830062 23506 maintenance_manager.cc:100] MaintenanceManager: targeting memory size of 23.515860 GB
I0710 16:45:10.836711 27920 heartbeater.cc:226] Registering TS with master...
I0710 16:45:10.836786 27920 heartbeater.cc:232] Sending a full tablet report to master...
I0710 16:45:10.837250 27888 ts_manager.cc:65] Registered entirely new tablet server: permanent_uuid: "4315dc5acc50474290748534a28a1edd" instance_seqno: 1405035910813192
I0710 16:45:10.838798 23506 mini_cluster.cc:165] 1 TS(s) registered with Master after 0.00733827s
I0710 16:45:10.847179 27889 catalog_manager.cc:383] CreateTable from {real_user=jenkins, eff_user=} at 127.0.0.1:47314: name: "client-testtb" schema { columns { name: "key" type: UINT32 is_key: true is_nullable: false encoding: AUTO_ENCODING compression: DEFAULT_COMPRESSION } columns { name: "int_val" type: UINT32 is_key: false is_nullable: false encoding: AUTO_ENCODING compression: DEFAULT_COMPRESSION } columns { name: "string_val" type: STRING is_key: false is_nullable: true encoding: AUTO_ENCODING compression: DEFAULT_COMPRESSION } columns { name: "non_null_with_default" type: UINT32 is_key: false is_nullable: false read_default_value: "90\000\000" write_default_value: "90\000\000" encoding: AUTO_ENCODING compression: DEFAULT_COMPRESSION } } pre_split_keys: "\000\000\000\t"
I0710 16:45:10.861035 27909 tablet_service.cc:239] Processing CreateTablet for tablet d67b1773f3294fe78ac482af56f4f216 (table=client-testtb [id=10103a6bd7fa4902aae2cc7717fe9f06]), range=["\x00\x00\x00\t", ""]
I0710 16:45:10.861028 27908 tablet_service.cc:239] Processing CreateTablet for tablet bd1d263102eb4cc99f46d5341da610f5 (table=client-testtb [id=10103a6bd7fa4902aae2cc7717fe9f06]), range=["", "\x00\x00\x00\t"]
I0710 16:45:10.863077 27909 ts_tablet_manager.cc:382] Registered tablet d67b1773f3294fe78ac482af56f4f216
I0710 16:45:10.863111 27909 ts_tablet_manager.cc:277] Bootstrapping tablet: d67b1773f3294fe78ac482af56f4f216
I0710 16:45:10.863121 27908 ts_tablet_manager.cc:382] Registered tablet bd1d263102eb4cc99f46d5341da610f5
I0710 16:45:10.863169 27908 ts_tablet_manager.cc:277] Bootstrapping tablet: bd1d263102eb4cc99f46d5341da610f5
I0710 16:45:10.863956 27908 tablet_bootstrap.cc:231] Tablet bd1d263102eb4cc99f46d5341da610f5: Bootstrap starting.
I0710 16:45:10.865074 27909 tablet_bootstrap.cc:231] Tablet d67b1773f3294fe78ac482af56f4f216: Bootstrap starting.
I0710 16:45:10.869076 27908 tablet_bootstrap.cc:312] No previous blocks or log segments found for tablet: bd1d263102eb4cc99f46d5341da610f5 creating new one.
I0710 16:45:10.869387 27909 tablet_bootstrap.cc:312] No previous blocks or log segments found for tablet: d67b1773f3294fe78ac482af56f4f216 creating new one.
I0710 16:45:10.871601 27909 tablet_bootstrap.cc:231] Tablet d67b1773f3294fe78ac482af56f4f216: No bootstrap required, opened a new log
I0710 16:45:10.871822 27909 ts_tablet_manager.cc:282] Time spent tablet d67b1773f3294fe78ac482af56f4f216 bootstrap: real 0.009s user 0.002s sys 0.004s
I0710 16:45:10.873296 27908 tablet_bootstrap.cc:231] Tablet bd1d263102eb4cc99f46d5341da610f5: No bootstrap required, opened a new log
I0710 16:45:10.873658 27908 ts_tablet_manager.cc:282] Time spent tablet bd1d263102eb4cc99f46d5341da610f5 bootstrap: real 0.010s user 0.004s sys 0.002s
I0710 16:45:10.874347 27909 ts_tablet_manager.cc:302] Time spent starting tablet d67b1773f3294fe78ac482af56f4f216: real 0.002s user 0.000s sys 0.001s
I0710 16:45:10.876068 27908 ts_tablet_manager.cc:302] Time spent starting tablet bd1d263102eb4cc99f46d5341da610f5: real 0.002s user 0.000s sys 0.002s
I0710 16:45:10.885167 27892 catalog_manager.cc:383] CreateTable from {real_user=jenkins, eff_user=} at 127.0.0.1:47314: name: "client-testtb2" schema { columns { name: "key" type: UINT32 is_key: true is_nullable: false encoding: AUTO_ENCODING compression: DEFAULT_COMPRESSION } columns { name: "int_val" type: UINT32 is_key: false is_nullable: false encoding: AUTO_ENCODING compression: DEFAULT_COMPRESSION } columns { name: "string_val" type: STRING is_key: false is_nullable: true encoding: AUTO_ENCODING compression: DEFAULT_COMPRESSION } columns { name: "non_null_with_default" type: UINT32 is_key: false is_nullable: false read_default_value: "90\000\000" write_default_value: "90\000\000" encoding: AUTO_ENCODING compression: DEFAULT_COMPRESSION } }
I0710 16:45:10.887751 27910 tablet_service.cc:239] Processing CreateTablet for tablet fa17de37c6ca45eabd9b0129724e93d2 (table=client-testtb2 [id=b351818c74204e24a39ed7b3d77b4b03]), range=["", ""]
I0710 16:45:10.890229 27910 ts_tablet_manager.cc:382] Registered tablet fa17de37c6ca45eabd9b0129724e93d2
I0710 16:45:10.890262 27910 ts_tablet_manager.cc:277] Bootstrapping tablet: fa17de37c6ca45eabd9b0129724e93d2
I0710 16:45:10.890962 27910 tablet_bootstrap.cc:231] Tablet fa17de37c6ca45eabd9b0129724e93d2: Bootstrap starting.
I0710 16:45:10.893868 27910 tablet_bootstrap.cc:312] No previous blocks or log segments found for tablet: fa17de37c6ca45eabd9b0129724e93d2 creating new one.
I0710 16:45:10.897603 27910 tablet_bootstrap.cc:231] Tablet fa17de37c6ca45eabd9b0129724e93d2: No bootstrap required, opened a new log
I0710 16:45:10.897835 27910 ts_tablet_manager.cc:282] Time spent tablet fa17de37c6ca45eabd9b0129724e93d2 bootstrap: real 0.008s user 0.004s sys 0.001s
I0710 16:45:10.900300 27910 ts_tablet_manager.cc:302] Time spent starting tablet fa17de37c6ca45eabd9b0129724e93d2: real 0.002s user 0.001s sys 0.000s
I0710 16:45:10.912195 27888 catalog_manager.cc:703] Servicing AlterTable request from {real_user=jenkins, eff_user=} at 127.0.0.1:47314: table { table_name: "client-testtb" } alter_schema_steps { type: DROP_COLUMN drop_column { name: "int_val" } }
I0710 16:45:10.917810 27948 tablet.cc:649] Alter schema from Schema [0:key[uint32 NOT NULL], 1:int_val[uint32 NOT NULL], 2:string_val[string NULLABLE], 3:non_null_with_default[uint32 NOT NULL]] version 0 to Schema [0:key[uint32 NOT NULL], 2:string_val[string NULLABLE], 3:non_null_with_default[uint32 NOT NULL]] version 1
I0710 16:45:10.918089 27947 tablet.cc:649] Alter schema from Schema [0:key[uint32 NOT NULL], 1:int_val[uint32 NOT NULL], 2:string_val[string NULLABLE], 3:non_null_with_default[uint32 NOT NULL]] version 0 to Schema [0:key[uint32 NOT NULL], 2:string_val[string NULLABLE], 3:non_null_with_default[uint32 NOT NULL]] version 1
I0710 16:45:10.922927 27947 tablet.cc:601] Flush: entering stage 1 (old memrowset already frozen for inserts)
I0710 16:45:10.922991 27947 compaction.cc:548] Selected 1 rowsets to compact:
I0710 16:45:10.923138 27948 tablet.cc:601] Flush: entering stage 1 (old memrowset already frozen for inserts)
I0710 16:45:10.923151 27947 compaction.cc:551] memrowset(0 bytes)
I0710 16:45:10.923317 27947 tablet.cc:603] Memstore in-memory size: 1572864 bytes
I0710 16:45:10.923486 27948 compaction.cc:548] Selected 1 rowsets to compact:
I0710 16:45:10.923529 27948 compaction.cc:551] memrowset(0 bytes)
I0710 16:45:10.923562 27948 tablet.cc:603] Memstore in-memory size: 1572864 bytes
I0710 16:45:10.923599 27948 tablet.cc:971] Flush: entering phase 1 (flushing snapshot)
I0710 16:45:10.923388 27947 tablet.cc:971] Flush: entering phase 1 (flushing snapshot)
I0710 16:45:10.924581 27948 multi_column_writer.cc:65] Opened CFile writer for column key[uint32 NOT NULL]
I0710 16:45:10.924739 27947 multi_column_writer.cc:65] Opened CFile writer for column key[uint32 NOT NULL]
I0710 16:45:10.925194 27947 multi_column_writer.cc:65] Opened CFile writer for column string_val[string NULLABLE]
I0710 16:45:10.925482 27948 multi_column_writer.cc:65] Opened CFile writer for column string_val[string NULLABLE]
I0710 16:45:10.925639 27947 multi_column_writer.cc:65] Opened CFile writer for column non_null_with_default[uint32 NOT NULL]
I0710 16:45:10.925793 27948 multi_column_writer.cc:65] Opened CFile writer for column non_null_with_default[uint32 NOT NULL]
I0710 16:45:10.930235 27947 tablet.cc:1001] Flush resulted in no output rows (all input rows were GCed!) Removing all input rowsets.
I0710 16:45:10.931109 27948 tablet.cc:1001] Flush resulted in no output rows (all input rows were GCed!) Removing all input rowsets.
I0710 16:45:10.940407 27949 catalog_manager.cc:1577] client-testtb [id=10103a6bd7fa4902aae2cc7717fe9f06] - Alter table completed version=1
W0710 16:45:10.948053 27926 reactor.cc:198] Client call Write has no timeout set for connection id: {remote=127.0.0.1:46975, service_name=kudu.tserver.TabletServerService, user_credentials={real_user=jenkins, eff_user=}}
I0710 16:45:10.950706 23506 tablet_server.cc:100] TabletServer shutting down...
I0710 16:45:10.967932 23506 ts_tablet_manager.cc:337] Shutting down tablet manager...
I0710 16:45:10.968031 23506 maintenance_manager.cc:169] Unregistered op FlushRowSetsOp(fa17de37c6ca45eabd9b0129724e93d2)
I0710 16:45:10.968061 23506 maintenance_manager.cc:169] Unregistered op CompactRowSetsOp(fa17de37c6ca45eabd9b0129724e93d2)
I0710 16:45:10.968106 23506 maintenance_manager.cc:169] Unregistered op FlushDeltaMemStoresOp(fa17de37c6ca45eabd9b0129724e93d2)
I0710 16:45:10.969077 23506 maintenance_manager.cc:169] Unregistered op FlushRowSetsOp(bd1d263102eb4cc99f46d5341da610f5)
I0710 16:45:10.969127 23506 maintenance_manager.cc:169] Unregistered op CompactRowSetsOp(bd1d263102eb4cc99f46d5341da610f5)
I0710 16:45:10.969151 23506 maintenance_manager.cc:169] Unregistered op FlushDeltaMemStoresOp(bd1d263102eb4cc99f46d5341da610f5)
I0710 16:45:10.970648 23506 maintenance_manager.cc:169] Unregistered op FlushRowSetsOp(d67b1773f3294fe78ac482af56f4f216)
I0710 16:45:10.970686 23506 maintenance_manager.cc:169] Unregistered op CompactRowSetsOp(d67b1773f3294fe78ac482af56f4f216)
I0710 16:45:10.970751 23506 maintenance_manager.cc:169] Unregistered op FlushDeltaMemStoresOp(d67b1773f3294fe78ac482af56f4f216)
I0710 16:45:10.978628 23506 tablet_server.cc:109] TabletServer shut down complete. Bye!
I0710 16:45:10.978731 23506 tablet_server.cc:100] TabletServer shutting down...
W0710 16:45:10.978797 23506 rpc_server.cc:107] Unable to unregister service kudu.tserver.TabletServerService: Service unavailable: Service is not registered
I0710 16:45:10.978899 23506 ts_tablet_manager.cc:337] Shutting down tablet manager...
I0710 16:45:10.978978 23506 tablet_server.cc:109] TabletServer shut down complete. Bye!
W0710 16:45:10.979629 23506 rpc_server.cc:107] Unable to unregister service kudu.tserver.TabletServerService: Service unavailable: Service is not registered
W0710 16:45:10.979743 23506 rpc_server.cc:107] Unable to unregister service kudu.tserver.TabletServerService: Service unavailable: Service is not registered
I0710 16:45:10.981195 23506 master.cc:74] Master@127.0.0.1:34576 shutting down...
I0710 16:45:10.988734 23506 master.cc:77] Master@127.0.0.1:34576 shutdown complete.
W0710 16:45:10.992882 23506 rpc_server.cc:107] Unable to unregister service kudu.master.MasterService: Service unavailable: Service is not registered
W0710 16:45:10.993001 23506 rpc_server.cc:107] Unable to unregister service kudu.master.MasterService: Service unavailable: Service is not registered [ OK ] ClientTest.TestWriteWithBadSchema (271 ms) [ RUN ] ClientTest.TestBasicAlterOperations
I0710 16:45:11.009488 23506 fsmanager.cc:108] Generated new instance metadata in path /data1/test-tmp/ClientTest.TestBasicAlterOperations.1405035911004676-23506/master-root/instance: uuid: "6d9c3a730e55405bb6e73854710e3132" format_stamp: "Formatted at 2014-07-10 23:45:11 on boost-static-burst-slave-1e2.vpc.cloudera.com"
I0710 16:45:11.009611 23506 fsmanager.cc:68] Opened local filesystem: /data1/test-tmp/ClientTest.TestBasicAlterOperations.1405035911004676-23506/master-root uuid: "6d9c3a730e55405bb6e73854710e3132" format_stamp: "Formatted at 2014-07-10 23:45:11 on boost-static-burst-slave-1e2.vpc.cloudera.com"
I0710 16:45:11.013433 23506 hybrid_clock.cc:118] HybridClock initialized. Resolution in nanos?: 1 Wait times tolerance adjustment: 1.0005 Current error: 108354
I0710 16:45:11.015200 23506 tablet_bootstrap.cc:231] Tablet 11111111111111111111111111111111: Bootstrap starting.
I0710 16:45:11.018550 23506 tablet_bootstrap.cc:312] No previous blocks or log segments found for tablet: 11111111111111111111111111111111 creating new one.
I0710 16:45:11.020982 23506 tablet_bootstrap.cc:231] Tablet 11111111111111111111111111111111: No bootstrap required, opened a new log
I0710 16:45:11.024642 23506 tablet_bootstrap.cc:231] Tablet 00000000000000000000000000000000: Bootstrap starting.
I0710 16:45:11.027781 23506 tablet_bootstrap.cc:312] No previous blocks or log segments found for tablet: 00000000000000000000000000000000 creating new one.
I0710 16:45:11.030928 23506 tablet_bootstrap.cc:231] Tablet 00000000000000000000000000000000: No bootstrap required, opened a new log
I0710 16:45:11.048246 23506 webserver.cc:105] Starting webserver on 0.0.0.0:0
I0710 16:45:11.048323 23506 webserver.cc:114] Document root disabled
I0710 16:45:11.048697 23506 webserver.cc:194] Webserver started. Bound to: 0.0.0.0:41680
I0710 16:45:11.052028 23506 fsmanager.cc:108] Generated new instance metadata in path /data1/test-tmp/ClientTest.TestBasicAlterOperations.1405035911004676-23506/ts-0-root/instance: uuid: "4d17e3bc74c449a8a03f81859b7c6624" format_stamp: "Formatted at 2014-07-10 23:45:11 on boost-static-burst-slave-1e2.vpc.cloudera.com"
I0710 16:45:11.061413 23506 fsmanager.cc:68] Opened local filesystem: /data1/test-tmp/ClientTest.TestBasicAlterOperations.1405035911004676-23506/ts-0-root uuid: "4d17e3bc74c449a8a03f81859b7c6624" format_stamp: "Formatted at 2014-07-10 23:45:11 on boost-static-burst-slave-1e2.vpc.cloudera.com"
I0710 16:45:11.066855 23506 hybrid_clock.cc:118] HybridClock initialized. Resolution in nanos?: 1 Wait times tolerance adjustment: 1.0005 Current error: 108354
I0710 16:45:11.079396 23506 webserver.cc:105] Starting webserver on 0.0.0.0:0
I0710 16:45:11.079462 23506 webserver.cc:114] Document root disabled
I0710 16:45:11.079816 23506 webserver.cc:194] Webserver started. Bound to: 0.0.0.0:39667
I0710 16:45:11.080871 23506 maintenance_manager.cc:100] MaintenanceManager: targeting memory size of 23.515860 GB
I0710 16:45:11.085031 27998 heartbeater.cc:226] Registering TS with master...
I0710 16:45:11.085103 27998 heartbeater.cc:232] Sending a full tablet report to master...
I0710 16:45:11.085402 27964 ts_manager.cc:65] Registered entirely new tablet server: permanent_uuid: "4d17e3bc74c449a8a03f81859b7c6624" instance_seqno: 1405035911061465
I0710 16:45:11.086124 23506 mini_cluster.cc:165] 1 TS(s) registered with Master after 0.00469609s
I0710 16:45:11.094872 27965 catalog_manager.cc:383] CreateTable from {real_user=jenkins, eff_user=} at 127.0.0.1:44449: name: "client-testtb" schema { columns { name: "key" type: UINT32 is_key: true is_nullable: false encoding: AUTO_ENCODING compression: DEFAULT_COMPRESSION } columns { name: "int_val" type: UINT32 is_key: false is_nullable: false encoding: AUTO_ENCODING compression: DEFAULT_COMPRESSION } columns { name: "string_val" type: STRING is_key: false is_nullable: true encoding: AUTO_ENCODING compression: DEFAULT_COMPRESSION } columns { name: "non_null_with_default" type: UINT32 is_key: false is_nullable: false read_default_value: "90\000\000" write_default_value: "90\000\000" encoding: AUTO_ENCODING compression: DEFAULT_COMPRESSION } } pre_split_keys: "\000\000\000\t"
I0710 16:45:11.104758 27986 tablet_service.cc:239] Processing CreateTablet for tablet 251e498170624379b0e2b93b984c67b6 (table=client-testtb [id=50675f07cc664f9a8fba26e09dfdcf11]), range=["", "\x00\x00\x00\t"]
I0710 16:45:11.105041 27987 tablet_service.cc:239] Processing CreateTablet for tablet 7a6c7759cb2f433b9862a060acfc6e03 (table=client-testtb [id=50675f07cc664f9a8fba26e09dfdcf11]), range=["\x00\x00\x00\t", ""]
I0710 16:45:11.106829 27987 ts_tablet_manager.cc:382] Registered tablet 7a6c7759cb2f433b9862a060acfc6e03
I0710 16:45:11.106859 27987 ts_tablet_manager.cc:277] Bootstrapping tablet: 7a6c7759cb2f433b9862a060acfc6e03
I0710 16:45:11.107537 27987 tablet_bootstrap.cc:231] Tablet 7a6c7759cb2f433b9862a060acfc6e03: Bootstrap starting.
I0710 16:45:11.108324 27986 ts_tablet_manager.cc:382] Registered tablet 251e498170624379b0e2b93b984c67b6
I0710 16:45:11.108412 27986 ts_tablet_manager.cc:277] Bootstrapping tablet: 251e498170624379b0e2b93b984c67b6
I0710 16:45:11.109204 27986 tablet_bootstrap.cc:231] Tablet 251e498170624379b0e2b93b984c67b6: Bootstrap starting.
I0710 16:45:11.111464 27987 tablet_bootstrap.cc:312] No previous blocks or log segments found for tablet: 7a6c7759cb2f433b9862a060acfc6e03 creating new one.
I0710 16:45:11.113122 27986 tablet_bootstrap.cc:312] No previous blocks or log segments found for tablet: 251e498170624379b0e2b93b984c67b6 creating new one.
I0710 16:45:11.115269 27987 tablet_bootstrap.cc:231] Tablet 7a6c7759cb2f433b9862a060acfc6e03: No bootstrap required, opened a new log
I0710 16:45:11.115646 27987 ts_tablet_manager.cc:282] Time spent tablet 7a6c7759cb2f433b9862a060acfc6e03 bootstrap: real 0.009s user 0.004s sys 0.002s
I0710 16:45:11.116497 27986 tablet_bootstrap.cc:231] Tablet 251e498170624379b0e2b93b984c67b6: No bootstrap required, opened a new log
I0710 16:45:11.116719 27986 ts_tablet_manager.cc:282] Time spent tablet 251e498170624379b0e2b93b984c67b6 bootstrap: real 0.008s user 0.002s sys 0.004s
I0710 16:45:11.123306 27986 ts_tablet_manager.cc:302] Time spent starting tablet 251e498170624379b0e2b93b984c67b6: real 0.007s user 0.001s sys 0.001s
I0710 16:45:11.123905 27987 ts_tablet_manager.cc:302] Time spent starting tablet 7a6c7759cb2f433b9862a060acfc6e03: real 0.008s user 0.000s sys 0.001s
I0710 16:45:11.142200 27970 catalog_manager.cc:383] CreateTable from {real_user=jenkins, eff_user=} at 127.0.0.1:44449: name: "client-testtb2" schema { columns { name: "key" type: UINT32 is_key: true is_nullable: false encoding: AUTO_ENCODING compression: DEFAULT_COMPRESSION } columns { name: "int_val" type: UINT32 is_key: false is_nullable: false encoding: AUTO_ENCODING compression: DEFAULT_COMPRESSION } columns { name: "string_val" type: STRING is_key: false is_nullable: true encoding: AUTO_ENCODING compression: DEFAULT_COMPRESSION } columns { name: "non_null_with_default" type: UINT32 is_key: false is_nullable: false read_default_value: "90\000\000" write_default_value: "90\000\000" encoding: AUTO_ENCODING compression: DEFAULT_COMPRESSION } }
I0710 16:45:11.145910 27988 tablet_service.cc:239] Processing CreateTablet for tablet e67bc5c8a42d45d68ef7cda0d7d19708 (table=client-testtb2 [id=b14d81e23a40485980feea03ed487be9]), range=["", ""]
I0710 16:45:11.148247 27988 ts_tablet_manager.cc:382] Registered tablet e67bc5c8a42d45d68ef7cda0d7d19708
I0710 16:45:11.148282 27988 ts_tablet_manager.cc:277] Bootstrapping tablet: e67bc5c8a42d45d68ef7cda0d7d19708
I0710 16:45:11.148769 27988 tablet_bootstrap.cc:231] Tablet e67bc5c8a42d45d68ef7cda0d7d19708: Bootstrap starting.
I0710 16:45:11.152786 27988 tablet_bootstrap.cc:312] No previous blocks or log segments found for tablet: e67bc5c8a42d45d68ef7cda0d7d19708 creating new one.
I0710 16:45:11.155208 27988 tablet_bootstrap.cc:231] Tablet e67bc5c8a42d45d68ef7cda0d7d19708: No bootstrap required, opened a new log
I0710 16:45:11.155482 27988 ts_tablet_manager.cc:282] Time spent tablet e67bc5c8a42d45d68ef7cda0d7d19708 bootstrap: real 0.007s user 0.003s sys 0.003s
I0710 16:45:11.160101 27988 ts_tablet_manager.cc:302] Time spent starting tablet e67bc5c8a42d45d68ef7cda0d7d19708: real 0.005s user 0.001s sys 0.000s
I0710 16:45:11.166849 27964 catalog_manager.cc:703] Servicing AlterTable request from {real_user=jenkins, eff_user=} at 127.0.0.1:44449: table { table_name: "client-testtb2" } alter_schema_steps { type: DROP_COLUMN drop_column { name: "key" } }
I0710 16:45:11.167498 27966 catalog_manager.cc:703] Servicing AlterTable request from {real_user=jenkins, eff_user=} at 127.0.0.1:44449: table { table_name: "client-testtb2" } alter_schema_steps { type: RENAME_COLUMN rename_column { old_name: "key" new_name: "key2" } }
I0710 16:45:11.168126 27965 catalog_manager.cc:703] Servicing AlterTable request from {real_user=jenkins, eff_user=} at 127.0.0.1:44449: table { table_name: "client-testtb2" } alter_schema_steps { type: RENAME_COLUMN rename_column { old_name: "int_val" new_name: "string_val" } }
I0710 16:45:11.169028 27968 catalog_manager.cc:703] Servicing AlterTable request from {real_user=jenkins, eff_user=} at 127.0.0.1:44449: table { table_name: "client-testtb2" } alter_schema_steps { type: DROP_COLUMN drop_column { name: "int_val" } } alter_schema_steps { type: ADD_COLUMN add_column { schema { name: "new_col" type: UINT32 is_nullable: true encoding: AUTO_ENCODING compression: DEFAULT_COMPRESSION } } }
I0710 16:45:11.173768 28040 tablet.cc:649] Alter schema from Schema [0:key[uint32 NOT NULL], 1:int_val[uint32 NOT NULL], 2:string_val[string NULLABLE], 3:non_null_with_default[uint32 NOT NULL]] version 0 to Schema [0:key[uint32 NOT NULL], 2:string_val[string NULLABLE], 3:non_null_with_default[uint32 NOT NULL], 4:new_col[uint32 NULLABLE]] version 1
I0710 16:45:11.175555 28042 tablet.cc:644] Already running schema version 1 got alter request for version 1
I0710 16:45:11.178764 28040 tablet.cc:601] Flush: entering stage 1 (old memrowset already frozen for inserts)
I0710 16:45:11.178858 28040 compaction.cc:548] Selected 1 rowsets to compact:
I0710 16:45:11.178865 28044 catalog_manager.cc:1577] client-testtb2 [id=b14d81e23a40485980feea03ed487be9] - Alter table completed version=1
I0710 16:45:11.178953 28040 compaction.cc:551] memrowset(0 bytes)
I0710 16:45:11.179015 28040 tablet.cc:603] Memstore in-memory size: 1572864 bytes
I0710 16:45:11.179105 28040 tablet.cc:971] Flush: entering phase 1 (flushing snapshot)
I0710 16:45:11.179791 28040 multi_column_writer.cc:65] Opened CFile writer for column key[uint32 NOT NULL]
I0710 16:45:11.180243 28040 multi_column_writer.cc:65] Opened CFile writer for column string_val[string NULLABLE]
I0710 16:45:11.180676 28040 multi_column_writer.cc:65] Opened CFile writer for column non_null_with_default[uint32 NOT NULL]
I0710 16:45:11.181133 28040 multi_column_writer.cc:65] Opened CFile writer for column new_col[uint32 NULLABLE]
I0710 16:45:11.181129 27964 catalog_manager.cc:703] Servicing AlterTable request from {real_user=jenkins, eff_user=} at 127.0.0.1:44449: table { table_name: "client-testtb2" } alter_schema_steps { type: ADD_COLUMN add_column { schema { name: "new_string_val" type: STRING is_nullable: true encoding: GROUP_VARINT compression: DEFAULT_COMPRESSION } } }
I0710 16:45:11.181754 27966 catalog_manager.cc:703] Servicing AlterTable request from {real_user=jenkins, eff_user=} at 127.0.0.1:44449: table { table_name: "client-testtb2" } alter_schema_steps { type: ADD_COLUMN add_column { schema { name: "new_string_val" type: STRING is_nullable: true encoding: PREFIX_ENCODING compression: DEFAULT_COMPRESSION } } }
I0710 16:45:11.185235 28042 tablet.cc:649] Alter schema from Schema [0:key[uint32 NOT NULL], 2:string_val[string NULLABLE], 3:non_null_with_default[uint32 NOT NULL], 4:new_col[uint32 NULLABLE]] version 1 to Schema [0:key[uint32 NOT NULL], 2:string_val[string NULLABLE], 3:non_null_with_default[uint32 NOT NULL], 4:new_col[uint32 NULLABLE], 5:new_string_val[string NULLABLE]] version 2
I0710 16:45:11.185729 28040 tablet.cc:1001] Flush resulted in no output rows (all input rows were GCed!) Removing all input rowsets.
W0710 16:45:11.185559 28042 transaction_driver.cc:320] Commit failed in transaction: AlterSchemaTransaction [state=AlterSchemaTransactionState [timestamp=5755027092212408320, schema=Schema [0:key[uint32 NOT NULL], 2:string_val[string NULLABLE], 3:non_null_with_default[uint32 NOT NULL], 4:new_col[uint32 NULLABLE], 5:new_string_val[string NULLABLE]], request=tablet_id: "e67bc5c8a42d45d68ef7cda0d7d19708" schema { columns { id: 0 name: "key" type: UINT32 is_key: true is_nullable: false encoding: AUTO_ENCODING compression: DEFAULT_COMPRESSION } columns { id: 2 name: "string_val" type: STRING is_key: false is_nullable: true encoding: AUTO_ENCODING compression: DEFAULT_COMPRESSION } columns { id: 3 name: "non_null_with_default" type: UINT32 is_key: false is_nullable: false read_default_value: "90\000\000" write_default_value: "90\000\000" encoding: AUTO_ENCODING compression: DEFAULT_COMPRESSION } columns { id: 4 name: "new_col" type: UINT32 is_key: false is_nullable: true encoding: AUTO_ENCODING compression: DEFAULT_COMPRESSION } columns { id: 5 name: "new_string_val" type: STRING is_key: false is_nullable: true encoding: PREFIX_ENCODING compression: DEFAULT_COMPRESSION } } schema_version: 2 new_table_name: "client-testtb2"]] with Status: Not implemented: AlterSchema not supported by MemRowSet /var/lib/jenkins/workspace/kudu-gerrit/BUILD_TYPE/ASAN/label/kudu-gerrit-slaves/src/consensus/local_consensus.cc:184:3: runtime error: member call on null pointer of type 'kudu::FutureCallback'