I0710 16:45:07.839555 23506 fsmanager.cc:108] Generated new instance metadata in path /data1/test-tmp/ClientTest.TestScanPredicateNonKeyColNotProjected.1405035907785749-23506/ts-0-root/instance: uuid: "96e43dbf938747d99c306f2ee9a4325f" format_stamp: "Formatted at 2014-07-10 23:45:07 on boost-static-burst-slave-1e2.vpc.cloudera.com"
I0710 16:45:07.849436 23506 fsmanager.cc:68] Opened local filesystem: /data1/test-tmp/ClientTest.TestScanPredicateNonKeyColNotProjected.1405035907785749-23506/ts-0-root uuid: "96e43dbf938747d99c306f2ee9a4325f" format_stamp: "Formatted at 2014-07-10 23:45:07 on boost-static-burst-slave-1e2.vpc.cloudera.com"
I0710 16:45:07.852991 23506 hybrid_clock.cc:118] HybridClock initialized. Resolution in nanos?: 1 Wait times tolerance adjustment: 1.0005 Current error: 106354
I0710 16:45:07.863662 23506 webserver.cc:105] Starting webserver on 0.0.0.0:0
I0710 16:45:07.863740 23506 webserver.cc:114] Document root disabled
I0710 16:45:07.864107 23506 webserver.cc:194] Webserver started. Bound to: 0.0.0.0:51109
I0710 16:45:07.864884 23506 maintenance_manager.cc:100] MaintenanceManager: targeting memory size of 23.515860 GB
I0710 16:45:07.871397 25864 heartbeater.cc:226] Registering TS with master...
I0710 16:45:07.871456 25864 heartbeater.cc:232] Sending a full tablet report to master...
I0710 16:45:07.872570 25803 ts_manager.cc:65] Registered entirely new tablet server: permanent_uuid: "96e43dbf938747d99c306f2ee9a4325f" instance_seqno: 1405035907849511
I0710 16:45:07.873376 23506 mini_cluster.cc:165] 1 TS(s) registered with Master after 0.00434703s
I0710 16:45:07.880018 25804 catalog_manager.cc:383] CreateTable from {real_user=jenkins, eff_user=} at 127.0.0.1:42355: name: "client-testtb" schema { columns { name: "key" type: UINT32 is_key: true is_nullable: false encoding: AUTO_ENCODING compression: DEFAULT_COMPRESSION } columns { name: "int_val" type: UINT32 is_key: false is_nullable: false encoding: AUTO_ENCODING compression: DEFAULT_COMPRESSION } columns { name: "string_val" type: STRING is_key: false is_nullable: true encoding: AUTO_ENCODING compression: DEFAULT_COMPRESSION } columns { name: "non_null_with_default" type: UINT32 is_key: false is_nullable: false read_default_value: "90\000\000" write_default_value: "90\000\000" encoding: AUTO_ENCODING compression: DEFAULT_COMPRESSION } } pre_split_keys: "\000\000\000\t"
I0710 16:45:07.887081 25837 tablet_service.cc:239] Processing CreateTablet for tablet 03c4139913c748c9be3502d0f3dbd823 (table=client-testtb [id=9fcff4e49fe9441da4b17e2abd7fbaa0]), range=["", "\x00\x00\x00\t"]
I0710 16:45:07.887650 25838 tablet_service.cc:239] Processing CreateTablet for tablet 96faa23df8674d75b668bf990d2b8f0d (table=client-testtb [id=9fcff4e49fe9441da4b17e2abd7fbaa0]), range=["\x00\x00\x00\t", ""]
I0710 16:45:07.888825 25837 ts_tablet_manager.cc:382] Registered tablet 03c4139913c748c9be3502d0f3dbd823
I0710 16:45:07.888857 25837 ts_tablet_manager.cc:277] Bootstrapping tablet: 03c4139913c748c9be3502d0f3dbd823
I0710 16:45:07.889472 25837 tablet_bootstrap.cc:231] Tablet 03c4139913c748c9be3502d0f3dbd823: Bootstrap starting.
I0710 16:45:07.892485 25838 ts_tablet_manager.cc:382] Registered tablet 96faa23df8674d75b668bf990d2b8f0d
I0710 16:45:07.892510 25838 ts_tablet_manager.cc:277] Bootstrapping tablet: 96faa23df8674d75b668bf990d2b8f0d
I0710 16:45:07.893118 25837 tablet_bootstrap.cc:312] No previous blocks or log segments found for tablet: 03c4139913c748c9be3502d0f3dbd823 creating new one.
I0710 16:45:07.893216 25838 tablet_bootstrap.cc:231] Tablet 96faa23df8674d75b668bf990d2b8f0d: Bootstrap starting.
I0710 16:45:07.897837 25838 tablet_bootstrap.cc:312] No previous blocks or log segments found for tablet: 96faa23df8674d75b668bf990d2b8f0d creating new one.
I0710 16:45:07.899196 25837 tablet_bootstrap.cc:231] Tablet 03c4139913c748c9be3502d0f3dbd823: No bootstrap required, opened a new log
I0710 16:45:07.899579 25837 ts_tablet_manager.cc:282] Time spent tablet 03c4139913c748c9be3502d0f3dbd823 bootstrap: real 0.011s user 0.002s sys 0.003s
I0710 16:45:07.900634 25838 tablet_bootstrap.cc:231] Tablet 96faa23df8674d75b668bf990d2b8f0d: No bootstrap required, opened a new log
I0710 16:45:07.900988 25838 ts_tablet_manager.cc:282] Time spent tablet 96faa23df8674d75b668bf990d2b8f0d bootstrap: real 0.008s user 0.004s sys 0.002s
I0710 16:45:07.902050 25837 ts_tablet_manager.cc:302] Time spent starting tablet 03c4139913c748c9be3502d0f3dbd823: real 0.002s user 0.001s sys 0.000s
I0710 16:45:07.903260 25838 ts_tablet_manager.cc:302] Time spent starting tablet 96faa23df8674d75b668bf990d2b8f0d: real 0.002s user 0.000s sys 0.001s
I0710 16:45:07.910980 25806 catalog_manager.cc:383] CreateTable from {real_user=jenkins, eff_user=} at 127.0.0.1:42355: name: "client-testtb2" schema { columns { name: "key" type: UINT32 is_key: true is_nullable: false encoding: AUTO_ENCODING compression: DEFAULT_COMPRESSION } columns { name: "int_val" type: UINT32 is_key: false is_nullable: false encoding: AUTO_ENCODING compression: DEFAULT_COMPRESSION } columns { name: "string_val" type: STRING is_key: false is_nullable: true encoding: AUTO_ENCODING compression: DEFAULT_COMPRESSION } columns { name: "non_null_with_default" type: UINT32 is_key: false is_nullable: false read_default_value: "90\000\000" write_default_value: "90\000\000" encoding: AUTO_ENCODING compression: DEFAULT_COMPRESSION } }
I0710 16:45:07.913519 25841 tablet_service.cc:239] Processing CreateTablet for tablet 9ba82913c86547219f21c6429255902d (table=client-testtb2 [id=b46b7204a413478681d56b18c356d255]), range=["", ""]
I0710 16:45:07.915655 25841 ts_tablet_manager.cc:382] Registered tablet 9ba82913c86547219f21c6429255902d
I0710 16:45:07.915704 25841 ts_tablet_manager.cc:277] Bootstrapping tablet: 9ba82913c86547219f21c6429255902d
I0710 16:45:07.916528 25841 tablet_bootstrap.cc:231] Tablet 9ba82913c86547219f21c6429255902d: Bootstrap starting.
I0710 16:45:07.920264 25841 tablet_bootstrap.cc:312] No previous blocks or log segments found for tablet: 9ba82913c86547219f21c6429255902d creating new one.
I0710 16:45:07.926290 25841 tablet_bootstrap.cc:231] Tablet 9ba82913c86547219f21c6429255902d: No bootstrap required, opened a new log
I0710 16:45:07.926525 25841 ts_tablet_manager.cc:282] Time spent tablet 9ba82913c86547219f21c6429255902d bootstrap: real 0.011s user 0.004s sys 0.002s
I0710 16:45:07.933130 25841 ts_tablet_manager.cc:302] Time spent starting tablet 9ba82913c86547219f21c6429255902d: real 0.007s user 0.001s sys 0.000s
I0710 16:45:08.076449 23506 client-test.cc:701] Time spent Scanning with predicate columns not projected: real 0.018s user 0.000s sys 0.000s
I0710 16:45:08.076537 23506 tablet_server.cc:100] TabletServer shutting down...
I0710 16:45:08.091337 23506 ts_tablet_manager.cc:337] Shutting down tablet manager...
I0710 16:45:08.091389 23506 maintenance_manager.cc:169] Unregistered op FlushRowSetsOp(03c4139913c748c9be3502d0f3dbd823)
I0710 16:45:08.091415 23506 maintenance_manager.cc:169] Unregistered op CompactRowSetsOp(03c4139913c748c9be3502d0f3dbd823)
I0710 16:45:08.091429 23506 maintenance_manager.cc:169] Unregistered op FlushDeltaMemStoresOp(03c4139913c748c9be3502d0f3dbd823)
I0710 16:45:08.093024 23506 maintenance_manager.cc:169] Unregistered op FlushRowSetsOp(96faa23df8674d75b668bf990d2b8f0d)
I0710 16:45:08.093045 23506 maintenance_manager.cc:169] Unregistered op CompactRowSetsOp(96faa23df8674d75b668bf990d2b8f0d)
I0710 16:45:08.093057 23506 maintenance_manager.cc:169] Unregistered op FlushDeltaMemStoresOp(96faa23df8674d75b668bf990d2b8f0d)
I0710 16:45:08.095154 23506 maintenance_manager.cc:169] Unregistered op FlushRowSetsOp(9ba82913c86547219f21c6429255902d)
I0710 16:45:08.095195 23506 maintenance_manager.cc:169] Unregistered op CompactRowSetsOp(9ba82913c86547219f21c6429255902d)
I0710 16:45:08.095228 23506 maintenance_manager.cc:169] Unregistered op FlushDeltaMemStoresOp(9ba82913c86547219f21c6429255902d)
I0710 16:45:08.117610 23506 tablet_server.cc:109] TabletServer shut down complete. Bye!
I0710 16:45:08.117674 23506 tablet_server.cc:100] TabletServer shutting down...
W0710 16:45:08.117718 23506 rpc_server.cc:107] Unable to unregister service kudu.tserver.TabletServerService: Service unavailable: Service is not registered
I0710 16:45:08.117779 23506 ts_tablet_manager.cc:337] Shutting down tablet manager...
I0710 16:45:08.117838 23506 tablet_server.cc:109] TabletServer shut down complete. Bye!
W0710 16:45:08.118587 23506 rpc_server.cc:107] Unable to unregister service kudu.tserver.TabletServerService: Service unavailable: Service is not registered
W0710 16:45:08.119349 23506 rpc_server.cc:107] Unable to unregister service kudu.tserver.TabletServerService: Service unavailable: Service is not registered
I0710 16:45:08.120722 23506 master.cc:74] Master@127.0.0.1:57056 shutting down...
I0710 16:45:08.128743 23506 master.cc:77] Master@127.0.0.1:57056 shutdown complete.
W0710 16:45:08.131755 23506 rpc_server.cc:107] Unable to unregister service kudu.master.MasterService: Service unavailable: Service is not registered
W0710 16:45:08.131873 23506 rpc_server.cc:107] Unable to unregister service kudu.master.MasterService: Service unavailable: Service is not registered [ OK ] ClientTest.TestScanPredicateNonKeyColNotProjected (354 ms) [ RUN ] ClientTest.TestCloseScanner
I0710 16:45:08.144753 23506 fsmanager.cc:108] Generated new instance metadata in path /data1/test-tmp/ClientTest.TestCloseScanner.1405035908139572-23506/master-root/instance: uuid: "c96c0dc7fe3c4bdb9a9bf9f3441247df" format_stamp: "Formatted at 2014-07-10 23:45:08 on boost-static-burst-slave-1e2.vpc.cloudera.com"
I0710 16:45:08.144914 23506 fsmanager.cc:68] Opened local filesystem: /data1/test-tmp/ClientTest.TestCloseScanner.1405035908139572-23506/master-root uuid: "c96c0dc7fe3c4bdb9a9bf9f3441247df" format_stamp: "Formatted at 2014-07-10 23:45:08 on boost-static-burst-slave-1e2.vpc.cloudera.com"
I0710 16:45:08.151144 23506 hybrid_clock.cc:118] HybridClock initialized. Resolution in nanos?: 1 Wait times tolerance adjustment: 1.0005 Current error: 106854
I0710 16:45:08.153107 23506 tablet_bootstrap.cc:231] Tablet 11111111111111111111111111111111: Bootstrap starting.
I0710 16:45:08.157691 23506 tablet_bootstrap.cc:312] No previous blocks or log segments found for tablet: 11111111111111111111111111111111 creating new one.
I0710 16:45:08.160473 23506 tablet_bootstrap.cc:231] Tablet 11111111111111111111111111111111: No bootstrap required, opened a new log
I0710 16:45:08.164984 23506 tablet_bootstrap.cc:231] Tablet 00000000000000000000000000000000: Bootstrap starting.
I0710 16:45:08.169646 23506 tablet_bootstrap.cc:312] No previous blocks or log segments found for tablet: 00000000000000000000000000000000 creating new one.
I0710 16:45:08.171931 23506 tablet_bootstrap.cc:231] Tablet 00000000000000000000000000000000: No bootstrap required, opened a new log
I0710 16:45:08.184103 23506 webserver.cc:105] Starting webserver on 0.0.0.0:0
I0710 16:45:08.184140 23506 webserver.cc:114] Document root disabled
I0710 16:45:08.184489 23506 webserver.cc:194] Webserver started. Bound to: 0.0.0.0:57478
I0710 16:45:08.187867 23506 fsmanager.cc:108] Generated new instance metadata in path /data1/test-tmp/ClientTest.TestCloseScanner.1405035908139572-23506/ts-0-root/instance: uuid: "1d017cfc099845d98da626e3c4a4da34" format_stamp: "Formatted at 2014-07-10 23:45:08 on boost-static-burst-slave-1e2.vpc.cloudera.com"
I0710 16:45:08.196017 23506 fsmanager.cc:68] Opened local filesystem: /data1/test-tmp/ClientTest.TestCloseScanner.1405035908139572-23506/ts-0-root uuid: "1d017cfc099845d98da626e3c4a4da34" format_stamp: "Formatted at 2014-07-10 23:45:08 on boost-static-burst-slave-1e2.vpc.cloudera.com"
I0710 16:45:08.198923 23506 hybrid_clock.cc:118] HybridClock initialized. Resolution in nanos?: 1 Wait times tolerance adjustment: 1.0005 Current error: 106854
I0710 16:45:08.207563 23506 webserver.cc:105] Starting webserver on 0.0.0.0:0
I0710 16:45:08.207617 23506 webserver.cc:114] Document root disabled
I0710 16:45:08.207973 23506 webserver.cc:194] Webserver started. Bound to: 0.0.0.0:40513
I0710 16:45:08.208750 23506 maintenance_manager.cc:100] MaintenanceManager: targeting memory size of 23.515860 GB
I0710 16:45:08.211097 26109 heartbeater.cc:226] Registering TS with master...
I0710 16:45:08.211160 26109 heartbeater.cc:232] Sending a full tablet report to master...
I0710 16:45:08.211468 26066 ts_manager.cc:65] Registered entirely new tablet server: permanent_uuid: "1d017cfc099845d98da626e3c4a4da34" instance_seqno: 1405035908196068
I0710 16:45:08.212052 23506 mini_cluster.cc:165] 1 TS(s) registered with Master after 0.00228419s
I0710 16:45:08.216791 26067 catalog_manager.cc:383] CreateTable from {real_user=jenkins, eff_user=} at 127.0.0.1:44277: name: "client-testtb" schema { columns { name: "key" type: UINT32 is_key: true is_nullable: false encoding: AUTO_ENCODING compression: DEFAULT_COMPRESSION } columns { name: "int_val" type: UINT32 is_key: false is_nullable: false encoding: AUTO_ENCODING compression: DEFAULT_COMPRESSION } columns { name: "string_val" type: STRING is_key: false is_nullable: true encoding: AUTO_ENCODING compression: DEFAULT_COMPRESSION } columns { name: "non_null_with_default" type: UINT32 is_key: false is_nullable: false read_default_value: "90\000\000" write_default_value: "90\000\000" encoding: AUTO_ENCODING compression: DEFAULT_COMPRESSION } } pre_split_keys: "\000\000\000\t"
I0710 16:45:08.225070 26097 tablet_service.cc:239] Processing CreateTablet for tablet a0fa2acda6fc4cfebe74c382ba477c5b (table=client-testtb [id=763c110a9af049ef9b79cd0ea3141f58]), range=["", "\x00\x00\x00\t"]
I0710 16:45:08.225205 26098 tablet_service.cc:239] Processing CreateTablet for tablet eb2dfbcd0fe142498baace22167df019 (table=client-testtb [id=763c110a9af049ef9b79cd0ea3141f58]), range=["\x00\x00\x00\t", ""]
I0710 16:45:08.228622 26098 ts_tablet_manager.cc:382] Registered tablet eb2dfbcd0fe142498baace22167df019
I0710 16:45:08.228667 26097 ts_tablet_manager.cc:382] Registered tablet a0fa2acda6fc4cfebe74c382ba477c5b
I0710 16:45:08.228698 26097 ts_tablet_manager.cc:277] Bootstrapping tablet: a0fa2acda6fc4cfebe74c382ba477c5b
I0710 16:45:08.228699 26098 ts_tablet_manager.cc:277] Bootstrapping tablet: eb2dfbcd0fe142498baace22167df019
I0710 16:45:08.229290 26097 tablet_bootstrap.cc:231] Tablet a0fa2acda6fc4cfebe74c382ba477c5b: Bootstrap starting.
I0710 16:45:08.229473 26098 tablet_bootstrap.cc:231] Tablet eb2dfbcd0fe142498baace22167df019: Bootstrap starting.
I0710 16:45:08.233036 26097 tablet_bootstrap.cc:312] No previous blocks or log segments found for tablet: a0fa2acda6fc4cfebe74c382ba477c5b creating new one.
I0710 16:45:08.234606 26098 tablet_bootstrap.cc:312] No previous blocks or log segments found for tablet: eb2dfbcd0fe142498baace22167df019 creating new one.
I0710 16:45:08.235386 26097 tablet_bootstrap.cc:231] Tablet a0fa2acda6fc4cfebe74c382ba477c5b: No bootstrap required, opened a new log
I0710 16:45:08.235736 26097 ts_tablet_manager.cc:282] Time spent tablet a0fa2acda6fc4cfebe74c382ba477c5b bootstrap: real 0.007s user 0.004s sys 0.002s
I0710 16:45:08.237118 26098 tablet_bootstrap.cc:231] Tablet eb2dfbcd0fe142498baace22167df019: No bootstrap required, opened a new log
I0710 16:45:08.237494 26098 ts_tablet_manager.cc:282] Time spent tablet eb2dfbcd0fe142498baace22167df019 bootstrap: real 0.009s user 0.002s sys 0.005s
I0710 16:45:08.238039 26097 ts_tablet_manager.cc:302] Time spent starting tablet a0fa2acda6fc4cfebe74c382ba477c5b: real 0.002s user 0.001s sys 0.000s
I0710 16:45:08.239925 26098 ts_tablet_manager.cc:302] Time spent starting tablet eb2dfbcd0fe142498baace22167df019: real 0.002s user 0.001s sys 0.001s
I0710 16:45:08.246886 26069 catalog_manager.cc:383] CreateTable from {real_user=jenkins, eff_user=} at 127.0.0.1:44277: name: "client-testtb2" schema { columns { name: "key" type: UINT32 is_key: true is_nullable: false encoding: AUTO_ENCODING compression: DEFAULT_COMPRESSION } columns { name: "int_val" type: UINT32 is_key: false is_nullable: false encoding: AUTO_ENCODING compression: DEFAULT_COMPRESSION } columns { name: "string_val" type: STRING is_key: false is_nullable: true encoding: AUTO_ENCODING compression: DEFAULT_COMPRESSION } columns { name: "non_null_with_default" type: UINT32 is_key: false is_nullable: false read_default_value: "90\000\000" write_default_value: "90\000\000" encoding: AUTO_ENCODING compression: DEFAULT_COMPRESSION } }
I0710 16:45:08.249013 26099 tablet_service.cc:239] Processing CreateTablet for tablet 0e9d8cf3e0fb4fd085e399081caf14d2 (table=client-testtb2 [id=fe3239107d7c48b684689003956a3f9c]), range=["", ""]
I0710 16:45:08.250397 26099 ts_tablet_manager.cc:382] Registered tablet 0e9d8cf3e0fb4fd085e399081caf14d2
I0710 16:45:08.250422 26099 ts_tablet_manager.cc:277] Bootstrapping tablet: 0e9d8cf3e0fb4fd085e399081caf14d2
I0710 16:45:08.250993 26099 tablet_bootstrap.cc:231] Tablet 0e9d8cf3e0fb4fd085e399081caf14d2: Bootstrap starting.
I0710 16:45:08.254753 26099 tablet_bootstrap.cc:312] No previous blocks or log segments found for tablet: 0e9d8cf3e0fb4fd085e399081caf14d2 creating new one.
I0710 16:45:08.257192 26099 tablet_bootstrap.cc:231] Tablet 0e9d8cf3e0fb4fd085e399081caf14d2: No bootstrap required, opened a new log
I0710 16:45:08.257450 26099 ts_tablet_manager.cc:282] Time spent tablet 0e9d8cf3e0fb4fd085e399081caf14d2 bootstrap: real 0.007s user 0.002s sys 0.003s
I0710 16:45:08.259294 26099 ts_tablet_manager.cc:302] Time spent starting tablet 0e9d8cf3e0fb4fd085e399081caf14d2: real 0.002s user 0.001s sys 0.000s
I0710 16:45:08.281550 23506 client-test.cc:728] Successfully saw scanner close on iteration 0
I0710 16:45:08.284677 23506 client-test.cc:728] Successfully saw scanner close on iteration 1
I0710 16:45:08.287766 23506 client-test.cc:728] Successfully saw scanner close on iteration 1
I0710 16:45:08.287821 23506 tablet_server.cc:100] TabletServer shutting down...
I0710 16:45:08.303095 23506 ts_tablet_manager.cc:337] Shutting down tablet manager...
I0710 16:45:08.303187 23506 maintenance_manager.cc:169] Unregistered op FlushRowSetsOp(a0fa2acda6fc4cfebe74c382ba477c5b)
I0710 16:45:08.303212 23506 maintenance_manager.cc:169] Unregistered op CompactRowSetsOp(a0fa2acda6fc4cfebe74c382ba477c5b)
I0710 16:45:08.303251 23506 maintenance_manager.cc:169] Unregistered op FlushDeltaMemStoresOp(a0fa2acda6fc4cfebe74c382ba477c5b)
I0710 16:45:08.304476 23506 maintenance_manager.cc:169] Unregistered op FlushRowSetsOp(eb2dfbcd0fe142498baace22167df019)
I0710 16:45:08.304520 23506 maintenance_manager.cc:169] Unregistered op CompactRowSetsOp(eb2dfbcd0fe142498baace22167df019)
I0710 16:45:08.304538 23506 maintenance_manager.cc:169] Unregistered op FlushDeltaMemStoresOp(eb2dfbcd0fe142498baace22167df019)
I0710 16:45:08.306639 23506 maintenance_manager.cc:169] Unregistered op FlushRowSetsOp(0e9d8cf3e0fb4fd085e399081caf14d2)
I0710 16:45:08.306665 23506 maintenance_manager.cc:169] Unregistered op CompactRowSetsOp(0e9d8cf3e0fb4fd085e399081caf14d2)
I0710 16:45:08.306707 23506 maintenance_manager.cc:169] Unregistered op FlushDeltaMemStoresOp(0e9d8cf3e0fb4fd085e399081caf14d2)
I0710 16:45:08.311282 23506 tablet_server.cc:109] TabletServer shut down complete. Bye!
I0710 16:45:08.311357 23506 tablet_server.cc:100] TabletServer shutting down...
W0710 16:45:08.311403 23506 rpc_server.cc:107] Unable to unregister service kudu.tserver.TabletServerService: Service unavailable: Service is not registered
I0710 16:45:08.311478 23506 ts_tablet_manager.cc:337] Shutting down tablet manager...
I0710 16:45:08.311525 23506 tablet_server.cc:109] TabletServer shut down complete. Bye!
W0710 16:45:08.312165 23506 rpc_server.cc:107] Unable to unregister service kudu.tserver.TabletServerService: Service unavailable: Service is not registered
W0710 16:45:08.312247 23506 rpc_server.cc:107] Unable to unregister service kudu.tserver.TabletServerService: Service unavailable: Service is not registered
I0710 16:45:08.313490 23506 master.cc:74] Master@127.0.0.1:55941 shutting down...
I0710 16:45:08.321635 23506 master.cc:77] Master@127.0.0.1:55941 shutdown complete.
W0710 16:45:08.324208 23506 rpc_server.cc:107] Unable to unregister service kudu.master.MasterService: Service unavailable: Service is not registered
W0710 16:45:08.324281 23506 rpc_server.cc:107] Unable to unregister service kudu.master.MasterService: Service unavailable: Service is not registered [ OK ] ClientTest.TestCloseScanner (190 ms) [ RUN ] ClientTest.TestInsertSingleRowManualBatch
I0710 16:45:08.335350 23506 fsmanager.cc:108] Generated new instance metadata in path /data1/test-tmp/ClientTest.TestInsertSingleRowManualBatch.1405035908329644-23506/master-root/instance: uuid: "5ad1825974ff4034a18d1a791f55dd55" format_stamp: "Formatted at 2014-07-10 23:45:08 on boost-static-burst-slave-1e2.vpc.cloudera.com"
I0710 16:45:08.335492 23506 fsmanager.cc:68] Opened local filesystem: /data1/test-tmp/ClientTest.TestInsertSingleRowManualBatch.1405035908329644-23506/master-root uuid: "5ad1825974ff4034a18d1a791f55dd55" format_stamp: "Formatted at 2014-07-10 23:45:08 on boost-static-burst-slave-1e2.vpc.cloudera.com"
I0710 16:45:08.338763 23506 hybrid_clock.cc:118] HybridClock initialized. Resolution in nanos?: 1 Wait times tolerance adjustment: 1.0005 Current error: 106854
I0710 16:45:08.340634 23506 tablet_bootstrap.cc:231] Tablet 11111111111111111111111111111111: Bootstrap starting.
I0710 16:45:08.345173 23506 tablet_bootstrap.cc:312] No previous blocks or log segments found for tablet: 11111111111111111111111111111111 creating new one.
I0710 16:45:08.347558 23506 tablet_bootstrap.cc:231] Tablet 11111111111111111111111111111111: No bootstrap required, opened a new log
I0710 16:45:08.351479 23506 tablet_bootstrap.cc:231] Tablet 00000000000000000000000000000000: Bootstrap starting.
I0710 16:45:08.356014 23506 tablet_bootstrap.cc:312] No previous blocks or log segments found for tablet: 00000000000000000000000000000000 creating new one.
I0710 16:45:08.358106 23506 tablet_bootstrap.cc:231] Tablet 00000000000000000000000000000000: No bootstrap required, opened a new log
I0710 16:45:08.378326 23506 webserver.cc:105] Starting webserver on 0.0.0.0:0
I0710 16:45:08.378376 23506 webserver.cc:114] Document root disabled
I0710 16:45:08.378659 23506 webserver.cc:194] Webserver started. Bound to: 0.0.0.0:44022
I0710 16:45:08.380866 23506 fsmanager.cc:108] Generated new instance metadata in path /data1/test-tmp/ClientTest.TestInsertSingleRowManualBatch.1405035908329644-23506/ts-0-root/instance: uuid: "4f73eb5f38b34e58bffa11aee1ff1501" format_stamp: "Formatted at 2014-07-10 23:45:08 on boost-static-burst-slave-1e2.vpc.cloudera.com"
I0710 16:45:08.386829 23506 fsmanager.cc:68] Opened local filesystem: /data1/test-tmp/ClientTest.TestInsertSingleRowManualBatch.1405035908329644-23506/ts-0-root uuid: "4f73eb5f38b34e58bffa11aee1ff1501" format_stamp: "Formatted at 2014-07-10 23:45:08 on boost-static-burst-slave-1e2.vpc.cloudera.com"
I0710 16:45:08.389441 23506 hybrid_clock.cc:118] HybridClock initialized. Resolution in nanos?: 1 Wait times tolerance adjustment: 1.0005 Current error: 106854
I0710 16:45:08.397318 23506 webserver.cc:105] Starting webserver on 0.0.0.0:0
I0710 16:45:08.397338 23506 webserver.cc:114] Document root disabled
I0710 16:45:08.397590 23506 webserver.cc:194] Webserver started. Bound to: 0.0.0.0:58683
I0710 16:45:08.398205 23506 maintenance_manager.cc:100] MaintenanceManager: targeting memory size of 23.515860 GB
I0710 16:45:08.400732 26200 heartbeater.cc:226] Registering TS with master...
I0710 16:45:08.400817 26200 heartbeater.cc:232] Sending a full tablet report to master...
I0710 16:45:08.401160 26163 ts_manager.cc:65] Registered entirely new tablet server: permanent_uuid: "4f73eb5f38b34e58bffa11aee1ff1501" instance_seqno: 1405035908386882
I0710 16:45:08.401252 23506 mini_cluster.cc:165] 1 TS(s) registered with Master after 0.00235771s
I0710 16:45:08.406689 26164 catalog_manager.cc:383] CreateTable from {real_user=jenkins, eff_user=} at 127.0.0.1:60179: name: "client-testtb" schema { columns { name: "key" type: UINT32 is_key: true is_nullable: false encoding: AUTO_ENCODING compression: DEFAULT_COMPRESSION } columns { name: "int_val" type: UINT32 is_key: false is_nullable: false encoding: AUTO_ENCODING compression: DEFAULT_COMPRESSION } columns { name: "string_val" type: STRING is_key: false is_nullable: true encoding: AUTO_ENCODING compression: DEFAULT_COMPRESSION } columns { name: "non_null_with_default" type: UINT32 is_key: false is_nullable: false read_default_value: "90\000\000" write_default_value: "90\000\000" encoding: AUTO_ENCODING compression: DEFAULT_COMPRESSION } } pre_split_keys: "\000\000\000\t"
I0710 16:45:08.413292 26186 tablet_service.cc:239] Processing CreateTablet for tablet a36374882b254b02b848630655c73a8b (table=client-testtb [id=167f81f6f3b24e49a910769636338a74]), range=["", "\x00\x00\x00\t"]
I0710 16:45:08.413349 26187 tablet_service.cc:239] Processing CreateTablet for tablet 6445f520df77453b9b74c8a66d9a2765 (table=client-testtb [id=167f81f6f3b24e49a910769636338a74]), range=["\x00\x00\x00\t", ""]
I0710 16:45:08.415205 26187 ts_tablet_manager.cc:382] Registered tablet 6445f520df77453b9b74c8a66d9a2765
I0710 16:45:08.415236 26187 ts_tablet_manager.cc:277] Bootstrapping tablet: 6445f520df77453b9b74c8a66d9a2765
I0710 16:45:08.415745 26187 tablet_bootstrap.cc:231] Tablet 6445f520df77453b9b74c8a66d9a2765: Bootstrap starting.
I0710 16:45:08.416240 26186 ts_tablet_manager.cc:382] Registered tablet a36374882b254b02b848630655c73a8b
I0710 16:45:08.416265 26186 ts_tablet_manager.cc:277] Bootstrapping tablet: a36374882b254b02b848630655c73a8b
I0710 16:45:08.416771 26186 tablet_bootstrap.cc:231] Tablet a36374882b254b02b848630655c73a8b: Bootstrap starting.
I0710 16:45:08.420433 26187 tablet_bootstrap.cc:312] No previous blocks or log segments found for tablet: 6445f520df77453b9b74c8a66d9a2765 creating new one.
I0710 16:45:08.421320 26186 tablet_bootstrap.cc:312] No previous blocks or log segments found for tablet: a36374882b254b02b848630655c73a8b creating new one.
I0710 16:45:08.423276 26187 tablet_bootstrap.cc:231] Tablet 6445f520df77453b9b74c8a66d9a2765: No bootstrap required, opened a new log
I0710 16:45:08.423540 26187 ts_tablet_manager.cc:282] Time spent tablet 6445f520df77453b9b74c8a66d9a2765 bootstrap: real 0.008s user 0.003s sys 0.002s
I0710 16:45:08.423662 26186 tablet_bootstrap.cc:231] Tablet a36374882b254b02b848630655c73a8b: No bootstrap required, opened a new log
I0710 16:45:08.424023 26186 ts_tablet_manager.cc:282] Time spent tablet a36374882b254b02b848630655c73a8b bootstrap: real 0.008s user 0.004s sys 0.002s
I0710 16:45:08.425750 26187 ts_tablet_manager.cc:302] Time spent starting tablet 6445f520df77453b9b74c8a66d9a2765: real 0.002s user 0.000s sys 0.001s
I0710 16:45:08.426913 26186 ts_tablet_manager.cc:302] Time spent starting tablet a36374882b254b02b848630655c73a8b: real 0.003s user 0.002s sys 0.000s
I0710 16:45:08.436831 26166 catalog_manager.cc:383] CreateTable from {real_user=jenkins, eff_user=} at 127.0.0.1:60179: name: "client-testtb2" schema { columns { name: "key" type: UINT32 is_key: true is_nullable: false encoding: AUTO_ENCODING compression: DEFAULT_COMPRESSION } columns { name: "int_val" type: UINT32 is_key: false is_nullable: false encoding: AUTO_ENCODING compression: DEFAULT_COMPRESSION } columns { name: "string_val" type: STRING is_key: false is_nullable: true encoding: AUTO_ENCODING compression: DEFAULT_COMPRESSION } columns { name: "non_null_with_default" type: UINT32 is_key: false is_nullable: false read_default_value: "90\000\000" write_default_value: "90\000\000" encoding: AUTO_ENCODING compression: DEFAULT_COMPRESSION } }
I0710 16:45:08.439211 26188 tablet_service.cc:239] Processing CreateTablet for tablet 68ee8679f68f408888b47cb58102b961 (table=client-testtb2 [id=9612898115d44d7c9b28d15f2bcb9ac4]), range=["", ""]
I0710 16:45:08.440706 26188 ts_tablet_manager.cc:382] Registered tablet 68ee8679f68f408888b47cb58102b961
I0710 16:45:08.440742 26188 ts_tablet_manager.cc:277] Bootstrapping tablet: 68ee8679f68f408888b47cb58102b961
I0710 16:45:08.441490 26188 tablet_bootstrap.cc:231] Tablet 68ee8679f68f408888b47cb58102b961: Bootstrap starting.
I0710 16:45:08.445269 26188 tablet_bootstrap.cc:312] No previous blocks or log segments found for tablet: 68ee8679f68f408888b47cb58102b961 creating new one.
I0710 16:45:08.447890 26188 tablet_bootstrap.cc:231] Tablet 68ee8679f68f408888b47cb58102b961: No bootstrap required, opened a new log
I0710 16:45:08.448681 26188 ts_tablet_manager.cc:282] Time spent tablet 68ee8679f68f408888b47cb58102b961 bootstrap: real 0.008s user 0.002s sys 0.003s
I0710 16:45:08.450775 26188 ts_tablet_manager.cc:302] Time spent starting tablet 68ee8679f68f408888b47cb58102b961: real 0.002s user 0.000s sys 0.001s
W0710 16:45:08.460813 26206 reactor.cc:198] Client call Write has no timeout set for connection id: {remote=127.0.0.1:39222, service_name=kudu.tserver.TabletServerService, user_credentials={real_user=jenkins, eff_user=}}
I0710 16:45:08.464010 23506 tablet_server.cc:100] TabletServer shutting down...
I0710 16:45:08.479076 23506 ts_tablet_manager.cc:337] Shutting down tablet manager...
I0710 16:45:08.479146 23506 maintenance_manager.cc:169] Unregistered op FlushRowSetsOp(a36374882b254b02b848630655c73a8b)
I0710 16:45:08.479207 23506 maintenance_manager.cc:169] Unregistered op CompactRowSetsOp(a36374882b254b02b848630655c73a8b)
I0710 16:45:08.479233 23506 maintenance_manager.cc:169] Unregistered op FlushDeltaMemStoresOp(a36374882b254b02b848630655c73a8b)
I0710 16:45:08.480604 23506 maintenance_manager.cc:169] Unregistered op FlushRowSetsOp(6445f520df77453b9b74c8a66d9a2765)
I0710 16:45:08.480638 23506 maintenance_manager.cc:169] Unregistered op CompactRowSetsOp(6445f520df77453b9b74c8a66d9a2765)
I0710 16:45:08.480695 23506 maintenance_manager.cc:169] Unregistered op FlushDeltaMemStoresOp(6445f520df77453b9b74c8a66d9a2765)
I0710 16:45:08.482434 23506 maintenance_manager.cc:169] Unregistered op FlushRowSetsOp(68ee8679f68f408888b47cb58102b961)
I0710 16:45:08.482498 23506 maintenance_manager.cc:169] Unregistered op CompactRowSetsOp(68ee8679f68f408888b47cb58102b961)
I0710 16:45:08.482527 23506 maintenance_manager.cc:169] Unregistered op FlushDeltaMemStoresOp(68ee8679f68f408888b47cb58102b961)
I0710 16:45:08.488766 23506 tablet_server.cc:109] TabletServer shut down complete. Bye!
I0710 16:45:08.488816 23506 tablet_server.cc:100] TabletServer shutting down...
W0710 16:45:08.488901 23506 rpc_server.cc:107] Unable to unregister service kudu.tserver.TabletServerService: Service unavailable: Service is not registered
I0710 16:45:08.488952 23506 ts_tablet_manager.cc:337] Shutting down tablet manager...
I0710 16:45:08.489019 23506 tablet_server.cc:109] TabletServer shut down complete. Bye!
W0710 16:45:08.489567 23506 rpc_server.cc:107] Unable to unregister service kudu.tserver.TabletServerService: Service unavailable: Service is not registered
W0710 16:45:08.489711 23506 rpc_server.cc:107] Unable to unregister service kudu.tserver.TabletServerService: Service unavailable: Service is not registered
I0710 16:45:08.491088 23506 master.cc:74] Master@127.0.0.1:58226 shutting down...
I0710 16:45:08.499050 23506 master.cc:77] Master@127.0.0.1:58226 shutdown complete.
W0710 16:45:08.502259 23506 rpc_server.cc:107] Unable to unregister service kudu.master.MasterService: Service unavailable: Service is not registered
W0710 16:45:08.502368 23506 rpc_server.cc:107] Unable to unregister service kudu.master.MasterService: Service unavailable: Service is not registered [ OK ] ClientTest.TestInsertSingleRowManualBatch (180 ms) [ RUN ] ClientTest.TestAsyncFlushResponseAfterSessionDropped
I0710 16:45:08.513949 23506 fsmanager.cc:108] Generated new instance metadata in path /data1/test-tmp/ClientTest.TestAsyncFlushResponseAfterSessionDropped.1405035908509840-23506/master-root/instance: uuid: "9aa5f91327a347b294ab34123c3ef3bf" format_stamp: "Formatted at 2014-07-10 23:45:08 on boost-static-burst-slave-1e2.vpc.cloudera.com"
I0710 16:45:08.514103 23506 fsmanager.cc:68] Opened local filesystem: /data1/test-tmp/ClientTest.TestAsyncFlushResponseAfterSessionDropped.1405035908509840-23506/master-root uuid: "9aa5f91327a347b294ab34123c3ef3bf" format_stamp: "Formatted at 2014-07-10 23:45:08 on boost-static-burst-slave-1e2.vpc.cloudera.com"
I0710 16:45:08.516705 23506 hybrid_clock.cc:118] HybridClock initialized. Resolution in nanos?: 1 Wait times tolerance adjustment: 1.0005 Current error: 106854
I0710 16:45:08.518034 23506 tablet_bootstrap.cc:231] Tablet 11111111111111111111111111111111: Bootstrap starting.
I0710 16:45:08.521569 23506 tablet_bootstrap.cc:312] No previous blocks or log segments found for tablet: 11111111111111111111111111111111 creating new one.
I0710 16:45:08.523596 23506 tablet_bootstrap.cc:231] Tablet 11111111111111111111111111111111: No bootstrap required, opened a new log
I0710 16:45:08.528230 23506 tablet_bootstrap.cc:231] Tablet 00000000000000000000000000000000: Bootstrap starting.
I0710 16:45:08.532933 23506 tablet_bootstrap.cc:312] No previous blocks or log segments found for tablet: 00000000000000000000000000000000 creating new one.
I0710 16:45:08.535063 23506 tablet_bootstrap.cc:231] Tablet 00000000000000000000000000000000: No bootstrap required, opened a new log
I0710 16:45:08.548562 23506 webserver.cc:105] Starting webserver on 0.0.0.0:0
I0710 16:45:08.548607 23506 webserver.cc:114] Document root disabled
I0710 16:45:08.548917 23506 webserver.cc:194] Webserver started. Bound to: 0.0.0.0:39197
I0710 16:45:08.551105 23506 fsmanager.cc:108] Generated new instance metadata in path /data1/test-tmp/ClientTest.TestAsyncFlushResponseAfterSessionDropped.1405035908509840-23506/ts-0-root/instance: uuid: "1c50b416b3654522a12b5111eb21ce5d" format_stamp: "Formatted at 2014-07-10 23:45:08 on boost-static-burst-slave-1e2.vpc.cloudera.com"
I0710 16:45:08.557131 23506 fsmanager.cc:68] Opened local filesystem: /data1/test-tmp/ClientTest.TestAsyncFlushResponseAfterSessionDropped.1405035908509840-23506/ts-0-root uuid: "1c50b416b3654522a12b5111eb21ce5d" format_stamp: "Formatted at 2014-07-10 23:45:08 on boost-static-burst-slave-1e2.vpc.cloudera.com"
I0710 16:45:08.559754 23506 hybrid_clock.cc:118] HybridClock initialized. Resolution in nanos?: 1 Wait times tolerance adjustment: 1.0005 Current error: 106854
I0710 16:45:08.568022 23506 webserver.cc:105] Starting webserver on 0.0.0.0:0
I0710 16:45:08.568065 23506 webserver.cc:114] Document root disabled
I0710 16:45:08.568382 23506 webserver.cc:194] Webserver started. Bound to: 0.0.0.0:60956
I0710 16:45:08.569047 23506 maintenance_manager.cc:100] MaintenanceManager: targeting memory size of 23.515860 GB
I0710 16:45:08.571387 26347 heartbeater.cc:226] Registering TS with master...
I0710 16:45:08.571454 26347 heartbeater.cc:232] Sending a full tablet report to master...
I0710 16:45:08.571733 26313 ts_manager.cc:65] Registered entirely new tablet server: permanent_uuid: "1c50b416b3654522a12b5111eb21ce5d" instance_seqno: 1405035908557182
I0710 16:45:08.571990 23506 mini_cluster.cc:165] 1 TS(s) registered with Master after 0.00228242s
I0710 16:45:08.577307 26314 catalog_manager.cc:383] CreateTable from {real_user=jenkins, eff_user=} at 127.0.0.1:38687: name: "client-testtb" schema { columns { name: "key" type: UINT32 is_key: true is_nullable: false encoding: AUTO_ENCODING compression: DEFAULT_COMPRESSION } columns { name: "int_val" type: UINT32 is_key: false is_nullable: false encoding: AUTO_ENCODING compression: DEFAULT_COMPRESSION } columns { name: "string_val" type: STRING is_key: false is_nullable: true encoding: AUTO_ENCODING compression: DEFAULT_COMPRESSION } columns { name: "non_null_with_default" type: UINT32 is_key: false is_nullable: false read_default_value: "90\000\000" write_default_value: "90\000\000" encoding: AUTO_ENCODING compression: DEFAULT_COMPRESSION } } pre_split_keys: "\000\000\000\t"
I0710 16:45:08.586084 26335 tablet_service.cc:239] Processing CreateTablet for tablet 78850dc86d3c411c84a426be806cb7dd (table=client-testtb [id=f08336fffc8b4cf7a3af04ac55eb6178]), range=["\x00\x00\x00\t", ""]
I0710 16:45:08.586408 26336 tablet_service.cc:239] Processing CreateTablet for tablet c5577e627bfc4c1d8042ff9a40b51567 (table=client-testtb [id=f08336fffc8b4cf7a3af04ac55eb6178]), range=["", "\x00\x00\x00\t"]
I0710 16:45:08.587620 26335 ts_tablet_manager.cc:382] Registered tablet 78850dc86d3c411c84a426be806cb7dd
I0710 16:45:08.587668 26335 ts_tablet_manager.cc:277] Bootstrapping tablet: 78850dc86d3c411c84a426be806cb7dd
I0710 16:45:08.587805 26336 ts_tablet_manager.cc:382] Registered tablet c5577e627bfc4c1d8042ff9a40b51567
I0710 16:45:08.587856 26336 ts_tablet_manager.cc:277] Bootstrapping tablet: c5577e627bfc4c1d8042ff9a40b51567
I0710 16:45:08.588220 26335 tablet_bootstrap.cc:231] Tablet 78850dc86d3c411c84a426be806cb7dd: Bootstrap starting.
I0710 16:45:08.588420 26336 tablet_bootstrap.cc:231] Tablet c5577e627bfc4c1d8042ff9a40b51567: Bootstrap starting.
I0710 16:45:08.591732 26335 tablet_bootstrap.cc:312] No previous blocks or log segments found for tablet: 78850dc86d3c411c84a426be806cb7dd creating new one.
I0710 16:45:08.592666 26336 tablet_bootstrap.cc:312] No previous blocks or log segments found for tablet: c5577e627bfc4c1d8042ff9a40b51567 creating new one.
I0710 16:45:08.594118 26335 tablet_bootstrap.cc:231] Tablet 78850dc86d3c411c84a426be806cb7dd: No bootstrap required, opened a new log
I0710 16:45:08.594549 26335 ts_tablet_manager.cc:282] Time spent tablet 78850dc86d3c411c84a426be806cb7dd bootstrap: real 0.007s user 0.004s sys 0.001s
I0710 16:45:08.595111 26336 tablet_bootstrap.cc:231] Tablet c5577e627bfc4c1d8042ff9a40b51567: No bootstrap required, opened a new log
I0710 16:45:08.595412 26336 ts_tablet_manager.cc:282] Time spent tablet c5577e627bfc4c1d8042ff9a40b51567 bootstrap: real 0.007s user 0.003s sys 0.002s
I0710 16:45:08.597206 26335 ts_tablet_manager.cc:302] Time spent starting tablet 78850dc86d3c411c84a426be806cb7dd: real 0.003s user 0.001s sys 0.000s
I0710 16:45:08.597265 26336 ts_tablet_manager.cc:302] Time spent starting tablet c5577e627bfc4c1d8042ff9a40b51567: real 0.002s user 0.000s sys 0.001s
I0710 16:45:08.608320 26318 catalog_manager.cc:383] CreateTable from {real_user=jenkins, eff_user=} at 127.0.0.1:38687: name: "client-testtb2" schema { columns { name: "key" type: UINT32 is_key: true is_nullable: false encoding: AUTO_ENCODING compression: DEFAULT_COMPRESSION } columns { name: "int_val" type: UINT32 is_key: false is_nullable: false encoding: AUTO_ENCODING compression: DEFAULT_COMPRESSION } columns { name: "string_val" type: STRING is_key: false is_nullable: true encoding: AUTO_ENCODING compression: DEFAULT_COMPRESSION } columns { name: "non_null_with_default" type: UINT32 is_key: false is_nullable: false read_default_value: "90\000\000" write_default_value: "90\000\000" encoding: AUTO_ENCODING compression: DEFAULT_COMPRESSION } }
I0710 16:45:08.611264 26337 tablet_service.cc:239] Processing CreateTablet for tablet c948ffcf0dc34e8aa5df4f26f10af725 (table=client-testtb2 [id=9749e62f86084ecea7aeabfcadc9238f]), range=["", ""]
I0710 16:45:08.612874 26337 ts_tablet_manager.cc:382] Registered tablet c948ffcf0dc34e8aa5df4f26f10af725
I0710 16:45:08.612928 26337 ts_tablet_manager.cc:277] Bootstrapping tablet: c948ffcf0dc34e8aa5df4f26f10af725
I0710 16:45:08.613432 26337 tablet_bootstrap.cc:231] Tablet c948ffcf0dc34e8aa5df4f26f10af725: Bootstrap starting.
I0710 16:45:08.617436 26337 tablet_bootstrap.cc:312] No previous blocks or log segments found for tablet: c948ffcf0dc34e8aa5df4f26f10af725 creating new one.
I0710 16:45:08.619880 26337 tablet_bootstrap.cc:231] Tablet c948ffcf0dc34e8aa5df4f26f10af725: No bootstrap required, opened a new log
I0710 16:45:08.620298 26337 ts_tablet_manager.cc:282] Time spent tablet c948ffcf0dc34e8aa5df4f26f10af725 bootstrap: real 0.007s user 0.005s sys 0.001s
I0710 16:45:08.622479 26337 ts_tablet_manager.cc:302] Time spent starting tablet c948ffcf0dc34e8aa5df4f26f10af725: real 0.002s user 0.000s sys 0.001s
W0710 16:45:08.630276 26351 reactor.cc:198] Client call Write has no timeout set for connection id: {remote=127.0.0.1:49625, service_name=kudu.tserver.TabletServerService, user_credentials={real_user=jenkins, eff_user=}}
W0710 16:45:08.635316 26351 reactor.cc:198] Client call Write has no timeout set for connection id: {remote=127.0.0.1:49625, service_name=kudu.tserver.TabletServerService, user_credentials={real_user=jenkins, eff_user=}}
W0710 16:45:08.635848 26374 write_transaction.cc:190] Some row writes failed.: Already present: entry already present in memrowset
I0710 16:45:08.636324 23506 tablet_server.cc:100] TabletServer shutting down...
I0710 16:45:08.650676 23506 ts_tablet_manager.cc:337] Shutting down tablet manager...
I0710 16:45:08.650727 23506 maintenance_manager.cc:169] Unregistered op FlushRowSetsOp(78850dc86d3c411c84a426be806cb7dd)
I0710 16:45:08.650770 23506 maintenance_manager.cc:169] Unregistered op CompactRowSetsOp(78850dc86d3c411c84a426be806cb7dd)
I0710 16:45:08.650790 23506 maintenance_manager.cc:169] Unregistered op FlushDeltaMemStoresOp(78850dc86d3c411c84a426be806cb7dd)
I0710 16:45:08.651942 23506 maintenance_manager.cc:169] Unregistered op FlushRowSetsOp(c948ffcf0dc34e8aa5df4f26f10af725)
I0710 16:45:08.651978 23506 maintenance_manager.cc:169] Unregistered op CompactRowSetsOp(c948ffcf0dc34e8aa5df4f26f10af725)
I0710 16:45:08.652050 23506 maintenance_manager.cc:169] Unregistered op FlushDeltaMemStoresOp(c948ffcf0dc34e8aa5df4f26f10af725)
I0710 16:45:08.652884 23506 maintenance_manager.cc:169] Unregistered op FlushRowSetsOp(c5577e627bfc4c1d8042ff9a40b51567)
I0710 16:45:08.652932 23506 maintenance_manager.cc:169] Unregistered op CompactRowSetsOp(c5577e627bfc4c1d8042ff9a40b51567)
I0710 16:45:08.652951 23506 maintenance_manager.cc:169] Unregistered op FlushDeltaMemStoresOp(c5577e627bfc4c1d8042ff9a40b51567)
I0710 16:45:08.658133 23506 tablet_server.cc:109] TabletServer shut down complete. Bye!
I0710 16:45:08.658176 23506 tablet_server.cc:100] TabletServer shutting down...
W0710 16:45:08.658238 23506 rpc_server.cc:107] Unable to unregister service kudu.tserver.TabletServerService: Service unavailable: Service is not registered
I0710 16:45:08.658285 23506 ts_tablet_manager.cc:337] Shutting down tablet manager...
I0710 16:45:08.658357 23506 tablet_server.cc:109] TabletServer shut down complete. Bye!
W0710 16:45:08.658938 23506 rpc_server.cc:107] Unable to unregister service kudu.tserver.TabletServerService: Service unavailable: Service is not registered
W0710 16:45:08.659039 23506 rpc_server.cc:107] Unable to unregister service kudu.tserver.TabletServerService: Service unavailable: Service is not registered
I0710 16:45:08.659499 23506 master.cc:74] Master@127.0.0.1:48002 shutting down...
I0710 16:45:08.667492 23506 master.cc:77] Master@127.0.0.1:48002 shutdown complete.
W0710 16:45:08.678453 23506 rpc_server.cc:107] Unable to unregister service kudu.master.MasterService: Service unavailable: Service is not registered
W0710 16:45:08.678539 23506 rpc_server.cc:107] Unable to unregister service kudu.master.MasterService: Service unavailable: Service is not registered [ OK ] ClientTest.TestAsyncFlushResponseAfterSessionDropped (174 ms) [ RUN ] ClientTest.TestMultipleMultiRowManualBatches
I0710 16:45:08.687435 23506 fsmanager.cc:108] Generated new instance metadata in path /data1/test-tmp/ClientTest.TestMultipleMultiRowManualBatches.1405035908683583-23506/master-root/instance: uuid: "c6a21ce631724348aee2c477340f761a" format_stamp: "Formatted at 2014-07-10 23:45:08 on boost-static-burst-slave-1e2.vpc.cloudera.com"
I0710 16:45:08.687540 23506 fsmanager.cc:68] Opened local filesystem: /data1/test-tmp/ClientTest.TestMultipleMultiRowManualBatches.1405035908683583-23506/master-root uuid: "c6a21ce631724348aee2c477340f761a" format_stamp: "Formatted at 2014-07-10 23:45:08 on boost-static-burst-slave-1e2.vpc.cloudera.com"
I0710 16:45:08.689992 23506 hybrid_clock.cc:118] HybridClock initialized. Resolution in nanos?: 1 Wait times tolerance adjustment: 1.0005 Current error: 106854
I0710 16:45:08.691371 23506 tablet_bootstrap.cc:231] Tablet 11111111111111111111111111111111: Bootstrap starting.
I0710 16:45:08.694406 23506 tablet_bootstrap.cc:312] No previous blocks or log segments found for tablet: 11111111111111111111111111111111 creating new one.
I0710 16:45:08.696125 23506 tablet_bootstrap.cc:231] Tablet 11111111111111111111111111111111: No bootstrap required, opened a new log
I0710 16:45:08.699146 23506 tablet_bootstrap.cc:231] Tablet 00000000000000000000000000000000: Bootstrap starting.
I0710 16:45:08.702396 23506 tablet_bootstrap.cc:312] No previous blocks or log segments found for tablet: 00000000000000000000000000000000 creating new one.
I0710 16:45:08.704287 23506 tablet_bootstrap.cc:231] Tablet 00000000000000000000000000000000: No bootstrap required, opened a new log
I0710 16:45:08.716369 23506 webserver.cc:105] Starting webserver on 0.0.0.0:0
I0710 16:45:08.716411 23506 webserver.cc:114] Document root disabled
I0710 16:45:08.716780 23506 webserver.cc:194] Webserver started. Bound to: 0.0.0.0:38284
I0710 16:45:08.719722 23506 fsmanager.cc:108] Generated new instance metadata in path /data1/test-tmp/ClientTest.TestMultipleMultiRowManualBatches.1405035908683583-23506/ts-0-root/instance: uuid: "0f09fe8f6a7b4325a34e004908c193e7" format_stamp: "Formatted at 2014-07-10 23:45:08 on boost-static-burst-slave-1e2.vpc.cloudera.com"
I0710 16:45:08.726972 23506 fsmanager.cc:68] Opened local filesystem: /data1/test-tmp/ClientTest.TestMultipleMultiRowManualBatches.1405035908683583-23506/ts-0-root uuid: "0f09fe8f6a7b4325a34e004908c193e7" format_stamp: "Formatted at 2014-07-10 23:45:08 on boost-static-burst-slave-1e2.vpc.cloudera.com"
I0710 16:45:08.732486 23506 hybrid_clock.cc:118] HybridClock initialized. Resolution in nanos?: 1 Wait times tolerance adjustment: 1.0005 Current error: 106854
I0710 16:45:08.741701 23506 webserver.cc:105] Starting webserver on 0.0.0.0:0
I0710 16:45:08.741731 23506 webserver.cc:114] Document root disabled
I0710 16:45:08.742148 23506 webserver.cc:194] Webserver started. Bound to: 0.0.0.0:51318
I0710 16:45:08.743386 23506 maintenance_manager.cc:100] MaintenanceManager: targeting memory size of 23.515860 GB
I0710 16:45:08.746405 26465 heartbeater.cc:226] Registering TS with master...
I0710 16:45:08.746467 26465 heartbeater.cc:232] Sending a full tablet report to master...
I0710 16:45:08.746804 26401 ts_manager.cc:65] Registered entirely new tablet server: permanent_uuid: "0f09fe8f6a7b4325a34e004908c193e7" instance_seqno: 1405035908727008
I0710 16:45:08.747381 23506 mini_cluster.cc:165] 1 TS(s) registered with Master after 0.00327102s
I0710 16:45:08.754117 26403 catalog_manager.cc:383] CreateTable from {real_user=jenkins, eff_user=} at 127.0.0.1:53601: name: "client-testtb" schema { columns { name: "key" type: UINT32 is_key: true is_nullable: false encoding: AUTO_ENCODING compression: DEFAULT_COMPRESSION } columns { name: "int_val" type: UINT32 is_key: false is_nullable: false encoding: AUTO_ENCODING compression: DEFAULT_COMPRESSION } columns { name: "string_val" type: STRING is_key: false is_nullable: true encoding: AUTO_ENCODING compression: DEFAULT_COMPRESSION } columns { name: "non_null_with_default" type: UINT32 is_key: false is_nullable: false read_default_value: "90\000\000" write_default_value: "90\000\000" encoding: AUTO_ENCODING compression: DEFAULT_COMPRESSION } } pre_split_keys: "\000\000\000\t"
I0710 16:45:08.770254 26447 tablet_service.cc:239] Processing CreateTablet for tablet 705b1410793e41bebca4e03ca96d637e (table=client-testtb [id=16390c000c8d444895f0c9f1ad97db09]), range=["", "\x00\x00\x00\t"]
I0710 16:45:08.770285 26449 tablet_service.cc:239] Processing CreateTablet for tablet 4f4f7aef148044b7af0ac68ac4b0204b (table=client-testtb [id=16390c000c8d444895f0c9f1ad97db09]), range=["\x00\x00\x00\t", ""]
I0710 16:45:08.772171 26449 ts_tablet_manager.cc:382] Registered tablet 4f4f7aef148044b7af0ac68ac4b0204b
I0710 16:45:08.772207 26449 ts_tablet_manager.cc:277] Bootstrapping tablet: 4f4f7aef148044b7af0ac68ac4b0204b
I0710 16:45:08.772955 26449 tablet_bootstrap.cc:231] Tablet 4f4f7aef148044b7af0ac68ac4b0204b: Bootstrap starting.
I0710 16:45:08.774638 26447 ts_tablet_manager.cc:382] Registered tablet 705b1410793e41bebca4e03ca96d637e
I0710 16:45:08.774669 26447 ts_tablet_manager.cc:277] Bootstrapping tablet: 705b1410793e41bebca4e03ca96d637e
I0710 16:45:08.776332 26447 tablet_bootstrap.cc:231] Tablet 705b1410793e41bebca4e03ca96d637e: Bootstrap starting.
I0710 16:45:08.778796 26449 tablet_bootstrap.cc:312] No previous blocks or log segments found for tablet: 4f4f7aef148044b7af0ac68ac4b0204b creating new one.
I0710 16:45:08.782506 26447 tablet_bootstrap.cc:312] No previous blocks or log segments found for tablet: 705b1410793e41bebca4e03ca96d637e creating new one.
I0710 16:45:08.782791 26449 tablet_bootstrap.cc:231] Tablet 4f4f7aef148044b7af0ac68ac4b0204b: No bootstrap required, opened a new log
I0710 16:45:08.783072 26449 ts_tablet_manager.cc:282] Time spent tablet 4f4f7aef148044b7af0ac68ac4b0204b bootstrap: real 0.011s user 0.005s sys 0.002s
I0710 16:45:08.785192 26449 ts_tablet_manager.cc:302] Time spent starting tablet 4f4f7aef148044b7af0ac68ac4b0204b: real 0.002s user 0.000s sys 0.001s
I0710 16:45:08.785253 26447 tablet_bootstrap.cc:231] Tablet 705b1410793e41bebca4e03ca96d637e: No bootstrap required, opened a new log
I0710 16:45:08.785501 26447 ts_tablet_manager.cc:282] Time spent tablet 705b1410793e41bebca4e03ca96d637e bootstrap: real 0.011s user 0.004s sys 0.002s
I0710 16:45:08.787767 26447 ts_tablet_manager.cc:302] Time spent starting tablet 705b1410793e41bebca4e03ca96d637e: real 0.002s user 0.001s sys 0.001s
